Jun 17 17:17:44.388932 np0000181245 devstack@n-api.service[104382]: INFO nova.api.openstack.requestlog [None req-c23a7d36-7e0f-4663-977d-a2be79c5984f demo demo] 199.19.213.124 "GET /compute/v2.1/flavors/detail?is_public=None" status: 200 len: 5262 microversion: 2.61 time: 0.038746
Jun 17 17:17:44.389351 np0000181245 devstack@n-api.service[104382]: [pid: 104382|app: 0|req: 16/63] 199.19.213.124 () {68 vars in 1424 bytes} [Wed Jun 17 17:17:44 2026] GET /compute/v2.1/flavors/detail?is_public=None => generated 5262 bytes in 40 msecs (HTTP/1.1 200) 9 headers in 360 bytes (1 switches on core 0)
Jun 17 17:17:44.448734 np0000181245 devstack@n-api.service[104385]: DEBUG nova.api.openstack.wsgi [None req-0ecc8914-f088-47a8-9a40-70542b6c9053 demo demo] Calling method '>' {{(pid=104385) _process_stack /opt/stack/nova/nova/api/openstack/wsgi.py:551}}
Jun 17 17:17:44.476334 np0000181245 devstack@n-api.service[104385]: INFO nova.api.openstack.requestlog [None req-0ecc8914-f088-47a8-9a40-70542b6c9053 demo demo] 199.19.213.124 "GET /compute/v2.1/flavors/detail?is_public=None" status: 200 len: 5262 microversion: 2.61 time: 0.030186
Jun 17 17:17:44.476626 np0000181245 devstack@n-api.service[104385]: [pid: 104385|app: 0|req: 16/64] 199.19.213.124 () {68 vars in 1424 bytes} [Wed Jun 17 17:17:44 2026] GET /compute/v2.1/flavors/detail?is_public=None => generated 5262 bytes in 31 msecs (HTTP/1.1 200) 9 headers in 360 bytes (1 switches on core 0)
Jun 17 17:17:44.787971 np0000181245 devstack@n-api.service[104384]: DEBUG nova.api.openstack.wsgi [None req-d26c3f12-87ff-410f-8517-ba4ac21282f8 admin admin] Calling method '>' {{(pid=104384) _process_stack /opt/stack/nova/nova/api/openstack/wsgi.py:551}}
Jun 17 17:17:44.793972 np0000181245 devstack@n-api.service[104384]: INFO nova.api.openstack.requestlog [None req-d26c3f12-87ff-410f-8517-ba4ac21282f8 admin admin] 199.19.213.124 "GET /compute/v2.1" status: 200 len: 393 microversion: 2.1 time: 0.006495
Jun 17 17:17:44.794424 np0000181245 devstack@n-api.service[104384]: [pid: 104384|app: 0|req: 16/65] 199.19.213.124 () {62 vars in 1063 bytes} [Wed Jun 17 17:17:44 2026] GET /compute/v2.1 => generated 393 bytes in 7 msecs (HTTP/1.1 200) 9 headers in 357 bytes (1 switches on core 0)
Jun 17 17:17:44.834206 np0000181245 devstack@n-api.service[104383]: DEBUG nova.api.openstack.wsgi [None req-c01c8686-1f0d-4425-987c-c72a82fd1aea admin admin] Calling method '>' {{(pid=104383) _process_stack /opt/stack/nova/nova/api/openstack/wsgi.py:551}}
Jun 17 17:17:44.839907 np0000181245 devstack@n-api.service[104383]: INFO nova.api.openstack.requestlog [None req-c01c8686-1f0d-4425-987c-c72a82fd1aea admin admin] 199.19.213.124 "GET /compute/v2.1/" status: 200 len: 393 microversion: 2.1 time: 0.006079
Jun 17 17:17:44.840373 np0000181245 devstack@n-api.service[104383]: [pid: 104383|app: 0|req: 18/66] 199.19.213.124 () {62 vars in 1066 bytes} [Wed Jun 17 17:17:44 2026] GET /compute/v2.1/ => generated 393 bytes in 7 msecs (HTTP/1.1 200) 9 headers in 357 bytes (1 switches on core 0)
Jun 17 17:17:44.880055 np0000181245 devstack@n-api.service[104382]: DEBUG nova.api.openstack.wsgi [None req-5546858c-b289-4870-a433-40605e0eb0fc demo demo] Calling method '>' {{(pid=104382) _process_stack /opt/stack/nova/nova/api/openstack/wsgi.py:551}}
Jun 17 17:17:44.903478 np0000181245 devstack@n-api.service[104382]: INFO nova.api.openstack.requestlog [None req-5546858c-b289-4870-a433-40605e0eb0fc demo demo] 199.19.213.124 "GET /compute/v2.1/flavors/detail?is_public=None" status: 200 len: 5262 microversion: 2.61 time: 0.025751
Jun 17 17:17:44.903724 np0000181245 devstack@n-api.service[104382]: [pid: 104382|app: 0|req: 17/67] 199.19.213.124 () {68 vars in 1424 bytes} [Wed Jun 17 17:17:44 2026] GET /compute/v2.1/flavors/detail?is_public=None => generated 5262 bytes in 26 msecs (HTTP/1.1 200) 9 headers in 360 bytes (1 switches on core 0)
Jun 17 17:17:44.955465 np0000181245 devstack@n-api.service[104385]: DEBUG nova.api.openstack.wsgi [None req-559f9353-51f5-4a93-b59b-8db67e730223 demo demo] Calling method '>' {{(pid=104385) _process_stack /opt/stack/nova/nova/api/openstack/wsgi.py:551}}
Jun 17 17:17:44.985178 np0000181245 devstack@n-api.service[104385]: INFO nova.api.openstack.requestlog [None req-559f9353-51f5-4a93-b59b-8db67e730223 demo demo] 199.19.213.124 "GET /compute/v2.1/flavors/detail?is_public=None" status: 200 len: 5262 microversion: 2.61 time: 0.033196
Jun 17 17:17:44.985491 np0000181245 devstack@n-api.service[104385]: [pid: 104385|app: 0|req: 17/68] 199.19.213.124 () {68 vars in 1424 bytes} [Wed Jun 17 17:17:44 2026] GET /compute/v2.1/flavors/detail?is_public=None => generated 5262 bytes in 34 msecs (HTTP/1.1 200) 9 headers in 360 bytes (1 switches on core 0)
Jun 17 17:17:49.395752 np0000181245 devstack@n-api.service[104384]: DEBUG nova.api.openstack.wsgi [None req-d26c3f12-87ff-410f-8517-ba4ac21282f8 admin admin] Calling method '>' {{(pid=104384) _process_stack /opt/stack/nova/nova/api/openstack/wsgi.py:551}}
Jun 17 17:17:49.401847 np0000181245 devstack@n-api.service[104384]: INFO nova.api.openstack.requestlog [None req-d26c3f12-87ff-410f-8517-ba4ac21282f8 admin admin] 199.19.213.124 "GET /compute/v2.1" status: 200 len: 393 microversion: 2.1 time: 0.006797
Jun 17 17:17:49.402097 np0000181245 devstack@n-api.service[104384]: [pid: 104384|app: 0|req: 17/69] 199.19.213.124 () {62 vars in 1063 bytes} [Wed Jun 17 17:17:49 2026] GET /compute/v2.1 => generated 393 bytes in 7 msecs (HTTP/1.1 200) 9 headers in 357 bytes (1 switches on core 0)
Jun 17 17:17:49.437541 np0000181245 devstack@n-api.service[104383]: DEBUG nova.api.openstack.wsgi [None req-c01c8686-1f0d-4425-987c-c72a82fd1aea admin admin] Calling method '>' {{(pid=104383) _process_stack /opt/stack/nova/nova/api/openstack/wsgi.py:551}}
Jun 17 17:17:49.444404 np0000181245 devstack@n-api.service[104383]: INFO nova.api.openstack.requestlog [None req-c01c8686-1f0d-4425-987c-c72a82fd1aea admin admin] 199.19.213.124 "GET /compute/v2.1/" status: 200 len: 393 microversion: 2.1 time: 0.007203
Jun 17 17:17:49.444820 np0000181245 devstack@n-api.service[104383]: [pid: 104383|app: 0|req: 19/70] 199.19.213.124 () {62 vars in 1066 bytes} [Wed Jun 17 17:17:49 2026] GET /compute/v2.1/ => generated 393 bytes in 8 msecs (HTTP/1.1 200) 9 headers in 357 bytes (1 switches on core 0)
Jun 17 17:17:49.484065 np0000181245 devstack@n-api.service[104382]: DEBUG nova.api.openstack.wsgi [None req-233ff1b9-132f-4046-b348-f9df93092dee demo demo] Calling method '>' {{(pid=104382) _process_stack /opt/stack/nova/nova/api/openstack/wsgi.py:551}}
Jun 17 17:17:49.506212 np0000181245 devstack@n-api.service[104382]: INFO nova.api.openstack.requestlog [None req-233ff1b9-132f-4046-b348-f9df93092dee demo demo] 199.19.213.124 "GET /compute/v2.1/flavors/detail?is_public=None" status: 200 len: 5262 microversion: 2.61 time: 0.024385
Jun 17 17:17:49.506426 np0000181245 devstack@n-api.service[104382]: [pid: 104382|app: 0|req: 18/71] 199.19.213.124 () {68 vars in 1424 bytes} [Wed Jun 17 17:17:49 2026] GET /compute/v2.1/flavors/detail?is_public=None => generated 5262 bytes in 25 msecs (HTTP/1.1 200) 9 headers in 360 bytes (1 switches on core 0)
Jun 17 17:17:49.553259 np0000181245 devstack@n-api.service[104385]: DEBUG nova.api.openstack.wsgi [None req-6a651f2a-53d6-45f1-bc11-41b008232c6d demo demo] Calling method '>' {{(pid=104385) _process_stack /opt/stack/nova/nova/api/openstack/wsgi.py:551}}
Jun 17 17:17:49.576750 np0000181245 devstack@n-api.service[104385]: INFO nova.api.openstack.requestlog [None req-6a651f2a-53d6-45f1-bc11-41b008232c6d demo demo] 199.19.213.124 "GET /compute/v2.1/flavors/detail?is_public=None" status: 200 len: 5262 microversion: 2.61 time: 0.027336
Jun 17 17:17:49.577006 np0000181245 devstack@n-api.service[104385]: [pid: 104385|app: 0|req: 18/72] 199.19.213.124 () {68 vars in 1424 bytes} [Wed Jun 17 17:17:49 2026] GET /compute/v2.1/flavors/detail?is_public=None => generated 5262 bytes in 28 msecs (HTTP/1.1 200) 9 headers in 360 bytes (1 switches on core 0)
Jun 17 17:17:49.724731 np0000181245 devstack@n-api.service[104384]: DEBUG nova.api.openstack.wsgi [None req-d26c3f12-87ff-410f-8517-ba4ac21282f8 admin admin] Calling method '>' {{(pid=104384) _process_stack /opt/stack/nova/nova/api/openstack/wsgi.py:551}}
Jun 17 17:17:49.729759 np0000181245 devstack@n-api.service[104384]: INFO nova.api.openstack.requestlog [None req-d26c3f12-87ff-410f-8517-ba4ac21282f8 admin admin] 199.19.213.124 "GET /compute/v2.1" status: 200 len: 393 microversion: 2.1 time: 0.005564
Jun 17 17:17:49.730024 np0000181245 devstack@n-api.service[104384]: [pid: 104384|app: 0|req: 18/73] 199.19.213.124 () {62 vars in 1063 bytes} [Wed Jun 17 17:17:49 2026] GET /compute/v2.1 => generated 393 bytes in 6 msecs (HTTP/1.1 200) 9 headers in 357 bytes (1 switches on core 0)
Jun 17 17:17:49.765449 np0000181245 devstack@n-api.service[104383]: DEBUG nova.api.openstack.wsgi [None req-c01c8686-1f0d-4425-987c-c72a82fd1aea admin admin] Calling method '>' {{(pid=104383) _process_stack /opt/stack/nova/nova/api/openstack/wsgi.py:551}}
Jun 17 17:17:49.769044 np0000181245 devstack@n-api.service[104383]: INFO nova.api.openstack.requestlog [None req-c01c8686-1f0d-4425-987c-c72a82fd1aea admin admin] 199.19.213.124 "GET /compute/v2.1/" status: 200 len: 393 microversion: 2.1 time: 0.004129
Jun 17 17:17:49.769322 np0000181245 devstack@n-api.service[104383]: [pid: 104383|app: 0|req: 20/74] 199.19.213.124 () {62 vars in 1066 bytes} [Wed Jun 17 17:17:49 2026] GET /compute/v2.1/ => generated 393 bytes in 5 msecs (HTTP/1.1 200) 9 headers in 357 bytes (1 switches on core 0)
Jun 17 17:17:49.805623 np0000181245 devstack@n-api.service[104382]: DEBUG nova.api.openstack.wsgi [None req-9fcedede-dd59-4578-a01d-8e6349cf4293 demo demo] Calling method '>' {{(pid=104382) _process_stack /opt/stack/nova/nova/api/openstack/wsgi.py:551}}
Jun 17 17:17:49.826574 np0000181245 devstack@n-api.service[104382]: INFO nova.api.openstack.requestlog [None req-9fcedede-dd59-4578-a01d-8e6349cf4293 demo demo] 199.19.213.124 "GET /compute/v2.1/flavors/detail?is_public=None" status: 200 len: 5262 microversion: 2.61 time: 0.023143
Jun 17 17:17:49.826808 np0000181245 devstack@n-api.service[104382]: [pid: 104382|app: 0|req: 19/75] 199.19.213.124 () {68 vars in 1424 bytes} [Wed Jun 17 17:17:49 2026] GET /compute/v2.1/flavors/detail?is_public=None => generated 5262 bytes in 23 msecs (HTTP/1.1 200) 9 headers in 360 bytes (1 switches on core 0)
Jun 17 17:17:49.874846 np0000181245 devstack@n-api.service[104385]: DEBUG nova.api.openstack.wsgi [None req-29ae8db2-95d8-4398-b857-21a4d66b9121 demo demo] Calling method '>' {{(pid=104385) _process_stack /opt/stack/nova/nova/api/openstack/wsgi.py:551}}
Jun 17 17:17:49.894447 np0000181245 devstack@n-api.service[104385]: INFO nova.api.openstack.requestlog [None req-29ae8db2-95d8-4398-b857-21a4d66b9121 demo demo] 199.19.213.124 "GET /compute/v2.1/flavors/detail?is_public=None" status: 200 len: 5262 microversion: 2.61 time: 0.023818
Jun 17 17:17:49.894695 np0000181245 devstack@n-api.service[104385]: [pid: 104385|app: 0|req: 19/76] 199.19.213.124 () {68 vars in 1424 bytes} [Wed Jun 17 17:17:49 2026] GET /compute/v2.1/flavors/detail?is_public=None => generated 5262 bytes in 24 msecs (HTTP/1.1 200) 9 headers in 360 bytes (1 switches on core 0)
Jun 17 17:17:53.664476 np0000181245 devstack@n-api.service[104384]: DEBUG nova.api.openstack.wsgi [None req-d26c3f12-87ff-410f-8517-ba4ac21282f8 admin admin] Calling method '>' {{(pid=104384) _process_stack /opt/stack/nova/nova/api/openstack/wsgi.py:551}}
Jun 17 17:17:53.669146 np0000181245 devstack@n-api.service[104384]: INFO nova.api.openstack.requestlog [None req-d26c3f12-87ff-410f-8517-ba4ac21282f8 admin admin] 199.19.213.124 "GET /compute/v2.1" status: 200 len: 393 microversion: 2.1 time: 0.005229
Jun 17 17:17:53.669501 np0000181245 devstack@n-api.service[104384]: [pid: 104384|app: 0|req: 19/77] 199.19.213.124 () {62 vars in 1074 bytes} [Wed Jun 17 17:17:53 2026] GET /compute/v2.1 => generated 393 bytes in 6 msecs (HTTP/1.1 200) 9 headers in 357 bytes (1 switches on core 0)
Jun 17 17:17:53.707936 np0000181245 devstack@n-api.service[104383]: DEBUG nova.api.openstack.wsgi [None req-c01c8686-1f0d-4425-987c-c72a82fd1aea admin admin] Calling method '>' {{(pid=104383) _process_stack /opt/stack/nova/nova/api/openstack/wsgi.py:551}}
Jun 17 17:17:53.710582 np0000181245 devstack@n-api.service[104383]: INFO nova.api.openstack.requestlog [None req-c01c8686-1f0d-4425-987c-c72a82fd1aea admin admin] 199.19.213.124 "GET /compute/v2.1/" status: 200 len: 393 microversion: 2.1 time: 0.002888
Jun 17 17:17:53.711116 np0000181245 devstack@n-api.service[104383]: [pid: 104383|app: 0|req: 21/78] 199.19.213.124 () {62 vars in 1077 bytes} [Wed Jun 17 17:17:53 2026] GET /compute/v2.1/ => generated 393 bytes in 3 msecs (HTTP/1.1 200) 9 headers in 357 bytes (1 switches on core 0)
Jun 17 17:17:53.748267 np0000181245 devstack@n-api.service[104382]: DEBUG nova.api.openstack.wsgi [None req-6a0893e5-bfde-47ca-b7fb-e8f1b4be801b demo demo] Calling method '>' {{(pid=104382) _process_stack /opt/stack/nova/nova/api/openstack/wsgi.py:551}}
Jun 17 17:17:53.788322 np0000181245 devstack@n-api.service[104382]: INFO nova.api.openstack.requestlog [None req-6a0893e5-bfde-47ca-b7fb-e8f1b4be801b demo demo] 199.19.213.124 "GET /compute/v2.1/os-server-groups" status: 200 len: 21 microversion: 2.64 time: 0.046486
Jun 17 17:17:53.788560 np0000181245 devstack@n-api.service[104382]: [pid: 104382|app: 0|req: 20/79] 199.19.213.124 () {68 vars in 1412 bytes} [Wed Jun 17 17:17:53 2026] GET /compute/v2.1/os-server-groups => generated 21 bytes in 47 msecs (HTTP/1.1 200) 9 headers in 358 bytes (1 switches on core 0)
Jun 17 17:17:53.834127 np0000181245 devstack@n-api.service[104385]: DEBUG nova.api.openstack.wsgi [None req-29ae8db2-95d8-4398-b857-21a4d66b9121 demo demo] Calling method '>' {{(pid=104385) _process_stack /opt/stack/nova/nova/api/openstack/wsgi.py:551}}
Jun 17 17:17:53.841000 np0000181245 devstack@n-api.service[104385]: INFO nova.api.openstack.requestlog [None req-29ae8db2-95d8-4398-b857-21a4d66b9121 demo demo] 199.19.213.124 "GET /compute/v2.1" status: 200 len: 393 microversion: 2.1 time: 0.007081
Jun 17 17:17:53.841223 np0000181245 devstack@n-api.service[104385]: [pid: 104385|app: 0|req: 20/80] 199.19.213.124 () {62 vars in 1074 bytes} [Wed Jun 17 17:17:53 2026] GET /compute/v2.1 => generated 393 bytes in 7 msecs (HTTP/1.1 200) 9 headers in 357 bytes (1 switches on core 0)
Jun 17 17:17:53.883882 np0000181245 devstack@n-api.service[104384]: DEBUG nova.api.openstack.wsgi [None req-d26c3f12-87ff-410f-8517-ba4ac21282f8 admin admin] Calling method '>' {{(pid=104384) _process_stack /opt/stack/nova/nova/api/openstack/wsgi.py:551}}
Jun 17 17:17:53.889364 np0000181245 devstack@n-api.service[104384]: INFO nova.api.openstack.requestlog [None req-d26c3f12-87ff-410f-8517-ba4ac21282f8 admin admin] 199.19.213.124 "GET /compute/v2.1/" status: 200 len: 393 microversion: 2.1 time: 0.005970
Jun 17 17:17:53.889612 np0000181245 devstack@n-api.service[104384]: [pid: 104384|app: 0|req: 20/81] 199.19.213.124 () {62 vars in 1077 bytes} [Wed Jun 17 17:17:53 2026] GET /compute/v2.1/ => generated 393 bytes in 6 msecs (HTTP/1.1 200) 9 headers in 357 bytes (1 switches on core 0)
Jun 17 17:17:53.926612 np0000181245 devstack@n-api.service[104383]: DEBUG nova.api.openstack.wsgi [None req-19d0cdf7-6f0c-4b3d-bafd-89dcfcaa258a demo demo] Action: 'create', calling method: >, body: {"server_group": {"name": "kube-wzyix", "policy": "soft-anti-affinity"}} {{(pid=104383) _process_stack /opt/stack/nova/nova/api/openstack/wsgi.py:549}}
Jun 17 17:17:53.950089 np0000181245 devstack@n-api.service[104383]: DEBUG nova.quota [None req-19d0cdf7-6f0c-4b3d-bafd-89dcfcaa258a demo demo] Getting quotas for project e7da8078d8aa43e59dd6ca3cf2b07cc9. Resources: {'server_groups'} {{(pid=104383) _get_quotas /opt/stack/nova/nova/quota.py:392}}
Jun 17 17:17:53.953546 np0000181245 devstack@n-api.service[104383]: DEBUG nova.quota [None req-19d0cdf7-6f0c-4b3d-bafd-89dcfcaa258a demo demo] Getting quotas for user 6a3fe62afaf44fada728391d0899d715 and project e7da8078d8aa43e59dd6ca3cf2b07cc9. Resources: {'server_groups'} {{(pid=104383) _get_quotas /opt/stack/nova/nova/quota.py:382}}
Jun 17 17:17:54.012509 np0000181245 devstack@n-api.service[104383]: DEBUG nova.quota [None req-19d0cdf7-6f0c-4b3d-bafd-89dcfcaa258a demo demo] Getting quotas for project e7da8078d8aa43e59dd6ca3cf2b07cc9. Resources: {'server_groups'} {{(pid=104383) _get_quotas /opt/stack/nova/nova/quota.py:392}}
Jun 17 17:17:54.014807 np0000181245 devstack@n-api.service[104383]: DEBUG nova.quota [None req-19d0cdf7-6f0c-4b3d-bafd-89dcfcaa258a demo demo] Getting quotas for user 6a3fe62afaf44fada728391d0899d715 and project e7da8078d8aa43e59dd6ca3cf2b07cc9. Resources: {'server_groups'} {{(pid=104383) _get_quotas /opt/stack/nova/nova/quota.py:382}}
Jun 17 17:17:54.023318 np0000181245 devstack@n-api.service[104383]: INFO nova.api.openstack.requestlog [None req-19d0cdf7-6f0c-4b3d-bafd-89dcfcaa258a demo demo] 199.19.213.124 "POST /compute/v2.1/os-server-groups" status: 200 len: 243 microversion: 2.64 time: 0.099509
Jun 17 17:17:54.023616 np0000181245 devstack@n-api.service[104383]: [pid: 104383|app: 0|req: 22/82] 199.19.213.124 () {72 vars in 1452 bytes} [Wed Jun 17 17:17:53 2026] POST /compute/v2.1/os-server-groups => generated 243 bytes in 100 msecs (HTTP/1.1 200) 9 headers in 359 bytes (1 switches on core 0)
Jun 17 17:17:54.071539 np0000181245 devstack@n-api.service[104382]: DEBUG nova.api.openstack.wsgi [None req-6a0893e5-bfde-47ca-b7fb-e8f1b4be801b demo demo] Calling method '>' {{(pid=104382) _process_stack /opt/stack/nova/nova/api/openstack/wsgi.py:551}}
Jun 17 17:17:54.077520 np0000181245 devstack@n-api.service[104382]: INFO nova.api.openstack.requestlog [None req-6a0893e5-bfde-47ca-b7fb-e8f1b4be801b demo demo] 199.19.213.124 "GET /compute/v2.1" status: 200 len: 393 microversion: 2.1 time: 0.006486
Jun 17 17:17:54.077689 np0000181245 devstack@n-api.service[104382]: [pid: 104382|app: 0|req: 21/83] 199.19.213.124 () {62 vars in 1074 bytes} [Wed Jun 17 17:17:54 2026] GET /compute/v2.1 => generated 393 bytes in 7 msecs (HTTP/1.1 200) 9 headers in 357 bytes (1 switches on core 0)
Jun 17 17:17:54.123899 np0000181245 devstack@n-api.service[104385]: DEBUG nova.api.openstack.wsgi [None req-29ae8db2-95d8-4398-b857-21a4d66b9121 demo demo] Calling method '>' {{(pid=104385) _process_stack /opt/stack/nova/nova/api/openstack/wsgi.py:551}}
Jun 17 17:17:54.129567 np0000181245 devstack@n-api.service[104385]: INFO nova.api.openstack.requestlog [None req-29ae8db2-95d8-4398-b857-21a4d66b9121 demo demo] 199.19.213.124 "GET /compute/v2.1/" status: 200 len: 393 microversion: 2.1 time: 0.005986
Jun 17 17:17:54.129845 np0000181245 devstack@n-api.service[104385]: [pid: 104385|app: 0|req: 21/84] 199.19.213.124 () {62 vars in 1077 bytes} [Wed Jun 17 17:17:54 2026] GET /compute/v2.1/ => generated 393 bytes in 7 msecs (HTTP/1.1 200) 9 headers in 357 bytes (1 switches on core 0)
Jun 17 17:17:54.173315 np0000181245 devstack@n-api.service[104384]: DEBUG nova.api.openstack.wsgi [None req-f8b1ae09-5c86-4b40-baa1-b86a6ccd88a3 demo demo] Calling method '>' {{(pid=104384) _process_stack /opt/stack/nova/nova/api/openstack/wsgi.py:551}}
Jun 17 17:17:54.196612 np0000181245 devstack@n-api.service[104384]: INFO nova.api.openstack.requestlog [None req-f8b1ae09-5c86-4b40-baa1-b86a6ccd88a3 demo demo] 199.19.213.124 "GET /compute/v2.1/os-server-groups" status: 200 len: 246 microversion: 2.64 time: 0.028631
Jun 17 17:17:54.196864 np0000181245 devstack@n-api.service[104384]: [pid: 104384|app: 0|req: 21/85] 199.19.213.124 () {68 vars in 1412 bytes} [Wed Jun 17 17:17:54 2026] GET /compute/v2.1/os-server-groups => generated 246 bytes in 29 msecs (HTTP/1.1 200) 9 headers in 359 bytes (1 switches on core 0)
Jun 17 17:17:54.239699 np0000181245 devstack@n-api.service[104383]: DEBUG nova.api.openstack.wsgi [None req-19d0cdf7-6f0c-4b3d-bafd-89dcfcaa258a demo demo] Calling method '>' {{(pid=104383) _process_stack /opt/stack/nova/nova/api/openstack/wsgi.py:551}}
Jun 17 17:17:54.242512 np0000181245 devstack@n-api.service[104383]: INFO nova.api.openstack.requestlog [None req-19d0cdf7-6f0c-4b3d-bafd-89dcfcaa258a demo demo] 199.19.213.124 "GET /compute/v2.1" status: 200 len: 393 microversion: 2.1 time: 0.003025
Jun 17 17:17:54.242643 np0000181245 devstack@n-api.service[104383]: [pid: 104383|app: 0|req: 23/86] 199.19.213.124 () {62 vars in 1074 bytes} [Wed Jun 17 17:17:54 2026] GET /compute/v2.1 => generated 393 bytes in 3 msecs (HTTP/1.1 200) 9 headers in 357 bytes (1 switches on core 0)
Jun 17 17:17:54.278715 np0000181245 devstack@n-api.service[104382]: DEBUG nova.api.openstack.wsgi [None req-6a0893e5-bfde-47ca-b7fb-e8f1b4be801b demo demo] Calling method '>' {{(pid=104382) _process_stack /opt/stack/nova/nova/api/openstack/wsgi.py:551}}
Jun 17 17:17:54.284226 np0000181245 devstack@n-api.service[104382]: INFO nova.api.openstack.requestlog [None req-6a0893e5-bfde-47ca-b7fb-e8f1b4be801b demo demo] 199.19.213.124 "GET /compute/v2.1/" status: 200 len: 393 microversion: 2.1 time: 0.006021
Jun 17 17:17:54.284531 np0000181245 devstack@n-api.service[104382]: [pid: 104382|app: 0|req: 22/87] 199.19.213.124 () {62 vars in 1077 bytes} [Wed Jun 17 17:17:54 2026] GET /compute/v2.1/ => generated 393 bytes in 7 msecs (HTTP/1.1 200) 9 headers in 357 bytes (2 switches on core 0)
Jun 17 17:17:54.326775 np0000181245 devstack@n-api.service[104385]: DEBUG nova.api.openstack.wsgi [None req-829ea456-822c-432c-8c9c-66f4d10d4103 demo demo] Action: 'create', calling method: >, body: {"server_group": {"name": "kube-wzyix-default-worker", "policy": "soft-anti-affinity"}} {{(pid=104385) _process_stack /opt/stack/nova/nova/api/openstack/wsgi.py:549}}
Jun 17 17:17:54.354538 np0000181245 devstack@n-api.service[104385]: DEBUG nova.quota [None req-829ea456-822c-432c-8c9c-66f4d10d4103 demo demo] Getting quotas for project e7da8078d8aa43e59dd6ca3cf2b07cc9. Resources: {'server_groups'} {{(pid=104385) _get_quotas /opt/stack/nova/nova/quota.py:392}}
Jun 17 17:17:54.357531 np0000181245 devstack@n-api.service[104385]: DEBUG nova.quota [None req-829ea456-822c-432c-8c9c-66f4d10d4103 demo demo] Getting quotas for user 6a3fe62afaf44fada728391d0899d715 and project e7da8078d8aa43e59dd6ca3cf2b07cc9. Resources: {'server_groups'} {{(pid=104385) _get_quotas /opt/stack/nova/nova/quota.py:382}}
Jun 17 17:17:54.410939 np0000181245 devstack@n-api.service[104385]: DEBUG nova.quota [None req-829ea456-822c-432c-8c9c-66f4d10d4103 demo demo] Getting quotas for project e7da8078d8aa43e59dd6ca3cf2b07cc9. Resources: {'server_groups'} {{(pid=104385) _get_quotas /opt/stack/nova/nova/quota.py:392}}
Jun 17 17:17:54.412773 np0000181245 devstack@n-api.service[104385]: DEBUG nova.quota [None req-829ea456-822c-432c-8c9c-66f4d10d4103 demo demo] Getting quotas for user 6a3fe62afaf44fada728391d0899d715 and project e7da8078d8aa43e59dd6ca3cf2b07cc9. Resources: {'server_groups'} {{(pid=104385) _get_quotas /opt/stack/nova/nova/quota.py:382}}
Jun 17 17:17:54.420668 np0000181245 devstack@n-api.service[104385]: INFO nova.api.openstack.requestlog [None req-829ea456-822c-432c-8c9c-66f4d10d4103 demo demo] 199.19.213.124 "POST /compute/v2.1/os-server-groups" status: 200 len: 258 microversion: 2.64 time: 0.097881
Jun 17 17:17:54.420946 np0000181245 devstack@n-api.service[104385]: [pid: 104385|app: 0|req: 22/88] 199.19.213.124 () {72 vars in 1452 bytes} [Wed Jun 17 17:17:54 2026] POST /compute/v2.1/os-server-groups => generated 258 bytes in 99 msecs (HTTP/1.1 200) 9 headers in 359 bytes (1 switches on core 0)
Jun 17 17:17:57.331500 np0000181245 devstack@n-api.service[104384]: DEBUG nova.api.openstack.wsgi [None req-f8b1ae09-5c86-4b40-baa1-b86a6ccd88a3 demo demo] Calling method '>' {{(pid=104384) _process_stack /opt/stack/nova/nova/api/openstack/wsgi.py:551}}
Jun 17 17:17:57.337425 np0000181245 devstack@n-api.service[104384]: INFO nova.api.openstack.requestlog [None req-f8b1ae09-5c86-4b40-baa1-b86a6ccd88a3 demo demo] 199.19.213.124 "GET /compute/v2.1" status: 200 len: 393 microversion: 2.1 time: 0.006383
Jun 17 17:17:57.337815 np0000181245 devstack@n-api.service[104384]: [pid: 104384|app: 0|req: 22/89] 199.19.213.124 () {62 vars in 1074 bytes} [Wed Jun 17 17:17:57 2026] GET /compute/v2.1 => generated 393 bytes in 7 msecs (HTTP/1.1 200) 9 headers in 357 bytes (1 switches on core 0)
Jun 17 17:17:57.369852 np0000181245 devstack@n-api.service[104383]: DEBUG nova.api.openstack.wsgi [None req-19d0cdf7-6f0c-4b3d-bafd-89dcfcaa258a demo demo] Calling method '>' {{(pid=104383) _process_stack /opt/stack/nova/nova/api/openstack/wsgi.py:551}}
Jun 17 17:17:57.372715 np0000181245 devstack@n-api.service[104383]: INFO nova.api.openstack.requestlog [None req-19d0cdf7-6f0c-4b3d-bafd-89dcfcaa258a demo demo] 199.19.213.124 "GET /compute/v2.1/" status: 200 len: 393 microversion: 2.1 time: 0.003108
Jun 17 17:17:57.372996 np0000181245 devstack@n-api.service[104383]: [pid: 104383|app: 0|req: 24/90] 199.19.213.124 () {62 vars in 1077 bytes} [Wed Jun 17 17:17:57 2026] GET /compute/v2.1/ => generated 393 bytes in 3 msecs (HTTP/1.1 200) 9 headers in 357 bytes (1 switches on core 0)
Jun 17 17:17:57.406930 np0000181245 devstack@n-api.service[104382]: DEBUG nova.api.openstack.wsgi [None req-268b0804-cf95-4148-b2f6-cbfdb1366808 demo demo] Calling method '>' {{(pid=104382) _process_stack /opt/stack/nova/nova/api/openstack/wsgi.py:551}}
Jun 17 17:17:57.429147 np0000181245 devstack@n-api.service[104382]: INFO nova.api.openstack.requestlog [None req-268b0804-cf95-4148-b2f6-cbfdb1366808 demo demo] 199.19.213.124 "GET /compute/v2.1/flavors/detail?is_public=None" status: 200 len: 5262 microversion: 2.61 time: 0.026049
Jun 17 17:17:57.429525 np0000181245 devstack@n-api.service[104382]: [pid: 104382|app: 0|req: 23/91] 199.19.213.124 () {68 vars in 1435 bytes} [Wed Jun 17 17:17:57 2026] GET /compute/v2.1/flavors/detail?is_public=None => generated 5262 bytes in 27 msecs (HTTP/1.1 200) 9 headers in 360 bytes (1 switches on core 0)
Jun 17 17:17:57.478869 np0000181245 devstack@n-api.service[104385]: DEBUG nova.api.openstack.wsgi [None req-d548b11a-ab9b-48fd-973b-f5d2531135f7 demo demo] Calling method '>' {{(pid=104385) _process_stack /opt/stack/nova/nova/api/openstack/wsgi.py:551}}
Jun 17 17:17:57.500464 np0000181245 devstack@n-api.service[104385]: INFO nova.api.openstack.requestlog [None req-d548b11a-ab9b-48fd-973b-f5d2531135f7 demo demo] 199.19.213.124 "GET /compute/v2.1/flavors/detail?is_public=None" status: 200 len: 5262 microversion: 2.61 time: 0.025022
Jun 17 17:17:57.500895 np0000181245 devstack@n-api.service[104385]: [pid: 104385|app: 0|req: 23/92] 199.19.213.124 () {68 vars in 1435 bytes} [Wed Jun 17 17:17:57 2026] GET /compute/v2.1/flavors/detail?is_public=None => generated 5262 bytes in 26 msecs (HTTP/1.1 200) 9 headers in 360 bytes (1 switches on core 0)
Jun 17 17:17:57.653450 np0000181245 devstack@n-api.service[104384]: DEBUG nova.api.openstack.wsgi [None req-f8b1ae09-5c86-4b40-baa1-b86a6ccd88a3 demo demo] Calling method '>' {{(pid=104384) _process_stack /opt/stack/nova/nova/api/openstack/wsgi.py:551}}
Jun 17 17:17:57.657831 np0000181245 devstack@n-api.service[104384]: INFO nova.api.openstack.requestlog [None req-f8b1ae09-5c86-4b40-baa1-b86a6ccd88a3 demo demo] 199.19.213.124 "GET /compute/v2.1" status: 200 len: 393 microversion: 2.1 time: 0.004503
Jun 17 17:17:57.657995 np0000181245 devstack@n-api.service[104384]: [pid: 104384|app: 0|req: 23/93] 199.19.213.124 () {62 vars in 1074 bytes} [Wed Jun 17 17:17:57 2026] GET /compute/v2.1 => generated 393 bytes in 5 msecs (HTTP/1.1 200) 9 headers in 357 bytes (1 switches on core 0)
Jun 17 17:17:57.692819 np0000181245 devstack@n-api.service[104383]: DEBUG nova.api.openstack.wsgi [None req-19d0cdf7-6f0c-4b3d-bafd-89dcfcaa258a demo demo] Calling method '>' {{(pid=104383) _process_stack /opt/stack/nova/nova/api/openstack/wsgi.py:551}}
Jun 17 17:17:57.696885 np0000181245 devstack@n-api.service[104383]: INFO nova.api.openstack.requestlog [None req-19d0cdf7-6f0c-4b3d-bafd-89dcfcaa258a demo demo] 199.19.213.124 "GET /compute/v2.1/" status: 200 len: 393 microversion: 2.1 time: 0.004203
Jun 17 17:17:57.697223 np0000181245 devstack@n-api.service[104383]: [pid: 104383|app: 0|req: 25/94] 199.19.213.124 () {62 vars in 1077 bytes} [Wed Jun 17 17:17:57 2026] GET /compute/v2.1/ => generated 393 bytes in 5 msecs (HTTP/1.1 200) 9 headers in 357 bytes (1 switches on core 0)
Jun 17 17:17:57.735542 np0000181245 devstack@n-api.service[104382]: DEBUG nova.api.openstack.wsgi [None req-306ca170-4a59-450b-a62e-dec0929acaa8 demo demo] Calling method '>' {{(pid=104382) _process_stack /opt/stack/nova/nova/api/openstack/wsgi.py:551}}
Jun 17 17:17:57.756517 np0000181245 devstack@n-api.service[104382]: INFO nova.api.openstack.requestlog [None req-306ca170-4a59-450b-a62e-dec0929acaa8 demo demo] 199.19.213.124 "GET /compute/v2.1/flavors/detail?is_public=None" status: 200 len: 5262 microversion: 2.61 time: 0.024404
Jun 17 17:17:57.756849 np0000181245 devstack@n-api.service[104382]: [pid: 104382|app: 0|req: 24/95] 199.19.213.124 () {68 vars in 1435 bytes} [Wed Jun 17 17:17:57 2026] GET /compute/v2.1/flavors/detail?is_public=None => generated 5262 bytes in 25 msecs (HTTP/1.1 200) 9 headers in 360 bytes (1 switches on core 0)
Jun 17 17:18:04.018597 np0000181245 devstack@n-api.service[104383]: DEBUG dbcounter [-] [104383] Writing DB stats nova_cell0:SELECT=4 {{(pid=104383) stat_writer /opt/stack/data/venv/lib/python3.12/site-packages/dbcounter.py:115}}
Jun 17 17:18:04.020630 np0000181245 devstack@n-api.service[104383]: DEBUG dbcounter [-] [104383] Writing DB stats nova_api:SELECT=14,nova_api:INSERT=2 {{(pid=104383) stat_writer /opt/stack/data/venv/lib/python3.12/site-packages/dbcounter.py:115}}
Jun 17 17:18:04.193573 np0000181245 devstack@n-api.service[104384]: DEBUG dbcounter [-] [104384] Writing DB stats nova_api:SELECT=2 {{(pid=104384) stat_writer /opt/stack/data/venv/lib/python3.12/site-packages/dbcounter.py:115}}
Jun 17 17:18:04.416480 np0000181245 devstack@n-api.service[104385]: DEBUG dbcounter [-] [104385] Writing DB stats nova_cell0:SELECT=4 {{(pid=104385) stat_writer /opt/stack/data/venv/lib/python3.12/site-packages/dbcounter.py:115}}
Jun 17 17:18:07.484591 np0000181245 devstack@n-api.service[104385]: DEBUG dbcounter [-] [104385] Writing DB stats nova_api:SELECT=19,nova_api:INSERT=2 {{(pid=104385) stat_writer /opt/stack/data/venv/lib/python3.12/site-packages/dbcounter.py:115}}
Jun 17 17:18:07.742037 np0000181245 devstack@n-api.service[104382]: DEBUG dbcounter [-] [104382] Writing DB stats nova_api:SELECT=8 {{(pid=104382) stat_writer /opt/stack/data/venv/lib/python3.12/site-packages/dbcounter.py:115}}
Jun 17 17:18:21.799747 np0000181245 devstack@n-api.service[104385]: DEBUG nova.api.openstack.wsgi [None req-d548b11a-ab9b-48fd-973b-f5d2531135f7 demo demo] Calling method '>' {{(pid=104385) _process_stack /opt/stack/nova/nova/api/openstack/wsgi.py:551}}
Jun 17 17:18:21.803264 np0000181245 devstack@n-api.service[104385]: INFO nova.api.openstack.requestlog [None req-d548b11a-ab9b-48fd-973b-f5d2531135f7 demo demo] 172.18.0.2 "GET /compute/v2.1/" status: 200 len: 393 microversion: 2.1 time: 0.003904
Jun 17 17:18:21.803502 np0000181245 devstack@n-api.service[104385]: [pid: 104385|app: 0|req: 24/96] 199.19.213.124 () {64 vars in 1272 bytes} [Wed Jun 17 17:18:21 2026] GET /compute/v2.1/ => generated 393 bytes in 4 msecs (HTTP/1.1 200) 9 headers in 357 bytes (1 switches on core 0)
Jun 17 17:18:21.813748 np0000181245 devstack@n-api.service[104384]: DEBUG nova.api.openstack.wsgi [None req-c7efc75f-5a1b-416e-8810-23deb955e690 demo demo] Calling method '>' {{(pid=104384) _process_stack /opt/stack/nova/nova/api/openstack/wsgi.py:551}}
Jun 17 17:18:21.816709 np0000181245 devstack@n-api.service[104384]: DEBUG oslo_concurrency.lockutils [None req-c7efc75f-5a1b-416e-8810-23deb955e690 demo demo] Acquiring lock "00000000-0000-0000-0000-000000000000" by "nova.context.set_target_cell..get_or_set_cached_cell_and_set_connections" {{(pid=104384) inner /opt/stack/data/venv/lib/python3.12/site-packages/oslo_concurrency/lockutils.py:511}}
Jun 17 17:18:21.816999 np0000181245 devstack@n-api.service[104384]: DEBUG oslo_concurrency.lockutils [None req-c7efc75f-5a1b-416e-8810-23deb955e690 demo demo] Lock "00000000-0000-0000-0000-000000000000" acquired by "nova.context.set_target_cell..get_or_set_cached_cell_and_set_connections" :: waited 0.000s {{(pid=104384) inner /opt/stack/data/venv/lib/python3.12/site-packages/oslo_concurrency/lockutils.py:524}}
Jun 17 17:18:21.817265 np0000181245 devstack@n-api.service[104384]: DEBUG oslo_concurrency.lockutils [None req-c7efc75f-5a1b-416e-8810-23deb955e690 demo demo] Lock "00000000-0000-0000-0000-000000000000" "released" by "nova.context.set_target_cell..get_or_set_cached_cell_and_set_connections" :: held 0.000s {{(pid=104384) inner /opt/stack/data/venv/lib/python3.12/site-packages/oslo_concurrency/lockutils.py:543}}
Jun 17 17:18:21.818530 np0000181245 devstack@n-api.service[104384]: DEBUG oslo_concurrency.lockutils [None req-c7efc75f-5a1b-416e-8810-23deb955e690 demo demo] Acquiring lock "b3276391-9a71-4664-9a86-307c70adc5ed" by "nova.context.set_target_cell..get_or_set_cached_cell_and_set_connections" {{(pid=104384) inner /opt/stack/data/venv/lib/python3.12/site-packages/oslo_concurrency/lockutils.py:511}}
Jun 17 17:18:21.818781 np0000181245 devstack@n-api.service[104384]: DEBUG oslo_concurrency.lockutils [None req-c7efc75f-5a1b-416e-8810-23deb955e690 demo demo] Lock "b3276391-9a71-4664-9a86-307c70adc5ed" acquired by "nova.context.set_target_cell..get_or_set_cached_cell_and_set_connections" :: waited 0.000s {{(pid=104384) inner /opt/stack/data/venv/lib/python3.12/site-packages/oslo_concurrency/lockutils.py:524}}
Jun 17 17:18:21.819025 np0000181245 devstack@n-api.service[104384]: DEBUG oslo_concurrency.lockutils [None req-c7efc75f-5a1b-416e-8810-23deb955e690 demo demo] Lock "b3276391-9a71-4664-9a86-307c70adc5ed" "released" by "nova.context.set_target_cell..get_or_set_cached_cell_and_set_connections" :: held 0.000s {{(pid=104384) inner /opt/stack/data/venv/lib/python3.12/site-packages/oslo_concurrency/lockutils.py:543}}
Jun 17 17:18:21.896232 np0000181245 devstack@n-api.service[104384]: INFO nova.api.openstack.requestlog [None req-c7efc75f-5a1b-416e-8810-23deb955e690 demo demo] 172.18.0.2 "GET /compute/v2.1/os-availability-zone" status: 200 len: 97 microversion: 2.38 time: 0.085228
Jun 17 17:18:21.896989 np0000181245 devstack@n-api.service[104384]: [pid: 104384|app: 0|req: 24/97] 199.19.213.124 () {68 vars in 1415 bytes} [Wed Jun 17 17:18:21 2026] GET /compute/v2.1/os-availability-zone => generated 97 bytes in 87 msecs (HTTP/1.1 200) 9 headers in 358 bytes (1 switches on core 0)
Jun 17 17:18:23.077771 np0000181245 devstack@n-api.service[104383]: DEBUG nova.api.openstack.wsgi [None req-19d0cdf7-6f0c-4b3d-bafd-89dcfcaa258a demo demo] Calling method '>' {{(pid=104383) _process_stack /opt/stack/nova/nova/api/openstack/wsgi.py:551}}
Jun 17 17:18:23.080983 np0000181245 devstack@n-api.service[104383]: INFO nova.api.openstack.requestlog [None req-19d0cdf7-6f0c-4b3d-bafd-89dcfcaa258a demo demo] 172.18.0.2 "GET /compute/v2.1/" status: 200 len: 393 microversion: 2.1 time: 0.003712
Jun 17 17:18:23.081200 np0000181245 devstack@n-api.service[104383]: [pid: 104383|app: 0|req: 26/98] 199.19.213.124 () {64 vars in 1272 bytes} [Wed Jun 17 17:18:23 2026] GET /compute/v2.1/ => generated 393 bytes in 4 msecs (HTTP/1.1 200) 9 headers in 357 bytes (1 switches on core 0)
Jun 17 17:18:23.092104 np0000181245 devstack@n-api.service[104382]: DEBUG nova.api.openstack.wsgi [None req-46b192b3-ec80-4464-a605-4d16b7d12316 demo demo] Calling method '>' {{(pid=104382) _process_stack /opt/stack/nova/nova/api/openstack/wsgi.py:551}}
Jun 17 17:18:23.095410 np0000181245 devstack@n-api.service[104382]: DEBUG oslo_concurrency.lockutils [None req-46b192b3-ec80-4464-a605-4d16b7d12316 demo demo] Acquiring lock "00000000-0000-0000-0000-000000000000" by "nova.context.set_target_cell..get_or_set_cached_cell_and_set_connections" {{(pid=104382) inner /opt/stack/data/venv/lib/python3.12/site-packages/oslo_concurrency/lockutils.py:511}}
Jun 17 17:18:23.095831 np0000181245 devstack@n-api.service[104382]: DEBUG oslo_concurrency.lockutils [None req-46b192b3-ec80-4464-a605-4d16b7d12316 demo demo] Lock "00000000-0000-0000-0000-000000000000" acquired by "nova.context.set_target_cell..get_or_set_cached_cell_and_set_connections" :: waited 0.000s {{(pid=104382) inner /opt/stack/data/venv/lib/python3.12/site-packages/oslo_concurrency/lockutils.py:524}}
Jun 17 17:18:23.096081 np0000181245 devstack@n-api.service[104382]: DEBUG oslo_concurrency.lockutils [None req-46b192b3-ec80-4464-a605-4d16b7d12316 demo demo] Lock "00000000-0000-0000-0000-000000000000" "released" by "nova.context.set_target_cell..get_or_set_cached_cell_and_set_connections" :: held 0.000s {{(pid=104382) inner /opt/stack/data/venv/lib/python3.12/site-packages/oslo_concurrency/lockutils.py:543}}
Jun 17 17:18:23.097917 np0000181245 devstack@n-api.service[104382]: DEBUG oslo_concurrency.lockutils [None req-46b192b3-ec80-4464-a605-4d16b7d12316 demo demo] Acquiring lock "b3276391-9a71-4664-9a86-307c70adc5ed" by "nova.context.set_target_cell..get_or_set_cached_cell_and_set_connections" {{(pid=104382) inner /opt/stack/data/venv/lib/python3.12/site-packages/oslo_concurrency/lockutils.py:511}}
Jun 17 17:18:23.098128 np0000181245 devstack@n-api.service[104382]: DEBUG oslo_concurrency.lockutils [None req-46b192b3-ec80-4464-a605-4d16b7d12316 demo demo] Lock "b3276391-9a71-4664-9a86-307c70adc5ed" acquired by "nova.context.set_target_cell..get_or_set_cached_cell_and_set_connections" :: waited 0.001s {{(pid=104382) inner /opt/stack/data/venv/lib/python3.12/site-packages/oslo_concurrency/lockutils.py:524}}
Jun 17 17:18:23.098332 np0000181245 devstack@n-api.service[104382]: DEBUG oslo_concurrency.lockutils [None req-46b192b3-ec80-4464-a605-4d16b7d12316 demo demo] Lock "b3276391-9a71-4664-9a86-307c70adc5ed" "released" by "nova.context.set_target_cell..get_or_set_cached_cell_and_set_connections" :: held 0.000s {{(pid=104382) inner /opt/stack/data/venv/lib/python3.12/site-packages/oslo_concurrency/lockutils.py:543}}
Jun 17 17:18:23.170555 np0000181245 devstack@n-api.service[104382]: INFO nova.api.openstack.requestlog [None req-46b192b3-ec80-4464-a605-4d16b7d12316 demo demo] 172.18.0.2 "GET /compute/v2.1/os-availability-zone" status: 200 len: 97 microversion: 2.38 time: 0.082801
Jun 17 17:18:23.171339 np0000181245 devstack@n-api.service[104382]: [pid: 104382|app: 0|req: 25/99] 199.19.213.124 () {68 vars in 1415 bytes} [Wed Jun 17 17:18:23 2026] GET /compute/v2.1/os-availability-zone => generated 97 bytes in 85 msecs (HTTP/1.1 200) 9 headers in 358 bytes (1 switches on core 0)
Jun 17 17:18:29.251836 np0000181245 devstack@n-api.service[104385]: DEBUG nova.api.openstack.wsgi [None req-d548b11a-ab9b-48fd-973b-f5d2531135f7 demo demo] Calling method '>' {{(pid=104385) _process_stack /opt/stack/nova/nova/api/openstack/wsgi.py:551}}
Jun 17 17:18:29.257022 np0000181245 devstack@n-api.service[104385]: INFO nova.api.openstack.requestlog [None req-d548b11a-ab9b-48fd-973b-f5d2531135f7 demo demo] 172.18.0.2 "GET /compute/v2.1/" status: 200 len: 393 microversion: 2.1 time: 0.005737
Jun 17 17:18:29.259355 np0000181245 devstack@n-api.service[104385]: [pid: 104385|app: 0|req: 25/100] 199.19.213.124 () {64 vars in 1272 bytes} [Wed Jun 17 17:18:29 2026] GET /compute/v2.1/ => generated 393 bytes in 7 msecs (HTTP/1.1 200) 9 headers in 357 bytes (1 switches on core 0)
Jun 17 17:18:29.268649 np0000181245 devstack@n-api.service[104384]: DEBUG nova.api.openstack.wsgi [None req-71c435ea-4aa5-4f9a-91a3-05e6d6ff3da3 demo demo] Calling method '>' {{(pid=104384) _process_stack /opt/stack/nova/nova/api/openstack/wsgi.py:551}}
Jun 17 17:18:29.303928 np0000181245 devstack@n-api.service[104384]: INFO nova.api.openstack.requestlog [None req-71c435ea-4aa5-4f9a-91a3-05e6d6ff3da3 demo demo] 172.18.0.2 "GET /compute/v2.1/flavors/detail" status: 200 len: 4022 microversion: 2.38 time: 0.039429
Jun 17 17:18:29.304368 np0000181245 devstack@n-api.service[104384]: [pid: 104384|app: 0|req: 25/101] 199.19.213.124 () {68 vars in 1397 bytes} [Wed Jun 17 17:18:29 2026] GET /compute/v2.1/flavors/detail => generated 4022 bytes in 40 msecs (HTTP/1.1 200) 9 headers in 360 bytes (1 switches on core 0)
Jun 17 17:18:30.270333 np0000181245 devstack@n-api.service[104383]: DEBUG nova.api.openstack.wsgi [None req-19d0cdf7-6f0c-4b3d-bafd-89dcfcaa258a demo demo] Calling method '>' {{(pid=104383) _process_stack /opt/stack/nova/nova/api/openstack/wsgi.py:551}}
Jun 17 17:18:30.275900 np0000181245 devstack@n-api.service[104383]: INFO nova.api.openstack.requestlog [None req-19d0cdf7-6f0c-4b3d-bafd-89dcfcaa258a demo demo] 172.18.0.2 "GET /compute/v2.1/" status: 200 len: 393 microversion: 2.1 time: 0.005944
Jun 17 17:18:30.276225 np0000181245 devstack@n-api.service[104383]: [pid: 104383|app: 0|req: 27/102] 199.19.213.124 () {64 vars in 1272 bytes} [Wed Jun 17 17:18:30 2026] GET /compute/v2.1/ => generated 393 bytes in 7 msecs (HTTP/1.1 200) 9 headers in 357 bytes (1 switches on core 0)
Jun 17 17:18:30.285420 np0000181245 devstack@n-api.service[104382]: DEBUG nova.api.openstack.wsgi [None req-db761956-4a9b-4a92-be3e-58a47a29bd96 demo demo] Calling method '>' {{(pid=104382) _process_stack /opt/stack/nova/nova/api/openstack/wsgi.py:551}}
Jun 17 17:18:30.291836 np0000181245 devstack@n-api.service[104382]: DEBUG nova.policy [None req-db761956-4a9b-4a92-be3e-58a47a29bd96 demo demo] Policy check for os_compute_api:servers:allow_all_filters failed with credentials {'is_admin': False, 'user_id': '6a3fe62afaf44fada728391d0899d715', 'user_domain_id': 'default', 'system_scope': None, 'domain_id': None, 'project_id': 'e7da8078d8aa43e59dd6ca3cf2b07cc9', 'project_domain_id': 'default', 'roles': ['member', 'reader', 'anotherrole', 'load-balancer_member'], 'is_admin_project': True, 'service_user_id': None, 'service_user_domain_id': None, 'service_project_id': None, 'service_project_domain_id': None, 'service_roles': []} {{(pid=104382) authorize /opt/stack/nova/nova/policy.py:192}}
Jun 17 17:18:30.292224 np0000181245 devstack@n-api.service[104382]: DEBUG nova.compute.api [None req-db761956-4a9b-4a92-be3e-58a47a29bd96 demo demo] Searching by: {'name': '^kube-wzyix-m5n2p-jcflw$', 'deleted': False, 'project_id': 'e7da8078d8aa43e59dd6ca3cf2b07cc9'} {{(pid=104382) get_all /opt/stack/nova/nova/compute/api.py:3111}}
Jun 17 17:18:30.297760 np0000181245 devstack@n-api.service[104382]: DEBUG oslo_concurrency.lockutils [None req-db761956-4a9b-4a92-be3e-58a47a29bd96 demo demo] Acquiring lock "00000000-0000-0000-0000-000000000000" by "nova.context.set_target_cell..get_or_set_cached_cell_and_set_connections" {{(pid=104382) inner /opt/stack/data/venv/lib/python3.12/site-packages/oslo_concurrency/lockutils.py:511}}
Jun 17 17:18:30.301813 np0000181245 devstack@n-api.service[104382]: DEBUG oslo_concurrency.lockutils [None req-db761956-4a9b-4a92-be3e-58a47a29bd96 demo demo] Lock "00000000-0000-0000-0000-000000000000" acquired by "nova.context.set_target_cell..get_or_set_cached_cell_and_set_connections" :: waited 0.000s {{(pid=104382) inner /opt/stack/data/venv/lib/python3.12/site-packages/oslo_concurrency/lockutils.py:524}}
Jun 17 17:18:30.301813 np0000181245 devstack@n-api.service[104382]: DEBUG oslo_concurrency.lockutils [None req-db761956-4a9b-4a92-be3e-58a47a29bd96 demo demo] Lock "00000000-0000-0000-0000-000000000000" "released" by "nova.context.set_target_cell..get_or_set_cached_cell_and_set_connections" :: held 0.000s {{(pid=104382) inner /opt/stack/data/venv/lib/python3.12/site-packages/oslo_concurrency/lockutils.py:543}}
Jun 17 17:18:30.301813 np0000181245 devstack@n-api.service[104382]: DEBUG oslo_concurrency.lockutils [None req-db761956-4a9b-4a92-be3e-58a47a29bd96 demo demo] Acquiring lock "b3276391-9a71-4664-9a86-307c70adc5ed" by "nova.context.set_target_cell..get_or_set_cached_cell_and_set_connections" {{(pid=104382) inner /opt/stack/data/venv/lib/python3.12/site-packages/oslo_concurrency/lockutils.py:511}}
Jun 17 17:18:30.301813 np0000181245 devstack@n-api.service[104382]: DEBUG oslo_concurrency.lockutils [None req-db761956-4a9b-4a92-be3e-58a47a29bd96 demo demo] Lock "b3276391-9a71-4664-9a86-307c70adc5ed" acquired by "nova.context.set_target_cell..get_or_set_cached_cell_and_set_connections" :: waited 0.000s {{(pid=104382) inner /opt/stack/data/venv/lib/python3.12/site-packages/oslo_concurrency/lockutils.py:524}}
Jun 17 17:18:30.301813 np0000181245 devstack@n-api.service[104382]: DEBUG oslo_concurrency.lockutils [None req-db761956-4a9b-4a92-be3e-58a47a29bd96 demo demo] Lock "b3276391-9a71-4664-9a86-307c70adc5ed" "released" by "nova.context.set_target_cell..get_or_set_cached_cell_and_set_connections" :: held 0.000s {{(pid=104382) inner /opt/stack/data/venv/lib/python3.12/site-packages/oslo_concurrency/lockutils.py:543}}
Jun 17 17:18:30.455994 np0000181245 devstack@n-api.service[104382]: DEBUG oslo_concurrency.lockutils [None req-db761956-4a9b-4a92-be3e-58a47a29bd96 demo demo] Acquiring lock "00000000-0000-0000-0000-000000000000" by "nova.context.set_target_cell..get_or_set_cached_cell_and_set_connections" {{(pid=104382) inner /opt/stack/data/venv/lib/python3.12/site-packages/oslo_concurrency/lockutils.py:511}}
Jun 17 17:18:30.456457 np0000181245 devstack@n-api.service[104382]: DEBUG oslo_concurrency.lockutils [None req-db761956-4a9b-4a92-be3e-58a47a29bd96 demo demo] Lock "00000000-0000-0000-0000-000000000000" acquired by "nova.context.set_target_cell..get_or_set_cached_cell_and_set_connections" :: waited 0.001s {{(pid=104382) inner /opt/stack/data/venv/lib/python3.12/site-packages/oslo_concurrency/lockutils.py:524}}
Jun 17 17:18:30.456854 np0000181245 devstack@n-api.service[104382]: DEBUG oslo_concurrency.lockutils [None req-db761956-4a9b-4a92-be3e-58a47a29bd96 demo demo] Lock "00000000-0000-0000-0000-000000000000" "released" by "nova.context.set_target_cell..get_or_set_cached_cell_and_set_connections" :: held 0.000s {{(pid=104382) inner /opt/stack/data/venv/lib/python3.12/site-packages/oslo_concurrency/lockutils.py:543}}
Jun 17 17:18:30.457510 np0000181245 devstack@n-api.service[104382]: DEBUG oslo_concurrency.lockutils [None req-db761956-4a9b-4a92-be3e-58a47a29bd96 demo demo] Acquiring lock "b3276391-9a71-4664-9a86-307c70adc5ed" by "nova.context.set_target_cell..get_or_set_cached_cell_and_set_connections" {{(pid=104382) inner /opt/stack/data/venv/lib/python3.12/site-packages/oslo_concurrency/lockutils.py:511}}
Jun 17 17:18:30.457934 np0000181245 devstack@n-api.service[104382]: DEBUG oslo_concurrency.lockutils [None req-db761956-4a9b-4a92-be3e-58a47a29bd96 demo demo] Lock "b3276391-9a71-4664-9a86-307c70adc5ed" acquired by "nova.context.set_target_cell..get_or_set_cached_cell_and_set_connections" :: waited 0.000s {{(pid=104382) inner /opt/stack/data/venv/lib/python3.12/site-packages/oslo_concurrency/lockutils.py:524}}
Jun 17 17:18:30.458369 np0000181245 devstack@n-api.service[104382]: DEBUG oslo_concurrency.lockutils [None req-db761956-4a9b-4a92-be3e-58a47a29bd96 demo demo] Lock "b3276391-9a71-4664-9a86-307c70adc5ed" "released" by "nova.context.set_target_cell..get_or_set_cached_cell_and_set_connections" :: held 0.000s {{(pid=104382) inner /opt/stack/data/venv/lib/python3.12/site-packages/oslo_concurrency/lockutils.py:543}}
Jun 17 17:18:30.460893 np0000181245 devstack@n-api.service[104382]: DEBUG nova.policy [None req-db761956-4a9b-4a92-be3e-58a47a29bd96 demo demo] Policy check for os_compute_api:os-extended-server-attributes failed with credentials {'is_admin': False, 'user_id': '6a3fe62afaf44fada728391d0899d715', 'user_domain_id': 'default', 'system_scope': None, 'domain_id': None, 'project_id': 'e7da8078d8aa43e59dd6ca3cf2b07cc9', 'project_domain_id': 'default', 'roles': ['member', 'reader', 'anotherrole', 'load-balancer_member'], 'is_admin_project': True, 'service_user_id': None, 'service_user_domain_id': None, 'service_project_id': None, 'service_project_domain_id': None, 'service_roles': []} {{(pid=104382) authorize /opt/stack/nova/nova/policy.py:192}}
Jun 17 17:18:30.464657 np0000181245 devstack@n-api.service[104382]: DEBUG nova.policy [None req-db761956-4a9b-4a92-be3e-58a47a29bd96 demo demo] Policy check for os_compute_api:servers:show:host_status failed with credentials {'is_admin': False, 'user_id': '6a3fe62afaf44fada728391d0899d715', 'user_domain_id': 'default', 'system_scope': None, 'domain_id': None, 'project_id': 'e7da8078d8aa43e59dd6ca3cf2b07cc9', 'project_domain_id': 'default', 'roles': ['member', 'reader', 'anotherrole', 'load-balancer_member'], 'is_admin_project': True, 'service_user_id': None, 'service_user_domain_id': None, 'service_project_id': None, 'service_project_domain_id': None, 'service_roles': []} {{(pid=104382) authorize /opt/stack/nova/nova/policy.py:192}}
Jun 17 17:18:30.465422 np0000181245 devstack@n-api.service[104382]: DEBUG nova.policy [None req-db761956-4a9b-4a92-be3e-58a47a29bd96 demo demo] Policy check for os_compute_api:servers:show:host_status:unknown-only failed with credentials {'is_admin': False, 'user_id': '6a3fe62afaf44fada728391d0899d715', 'user_domain_id': 'default', 'system_scope': None, 'domain_id': None, 'project_id': 'e7da8078d8aa43e59dd6ca3cf2b07cc9', 'project_domain_id': 'default', 'roles': ['member', 'reader', 'anotherrole', 'load-balancer_member'], 'is_admin_project': True, 'service_user_id': None, 'service_user_domain_id': None, 'service_project_id': None, 'service_project_domain_id': None, 'service_roles': []} {{(pid=104382) authorize /opt/stack/nova/nova/policy.py:192}}
