2026-06-25 23:35:08.652 8 INFO placement.requestlog [req-5af0678d-45c8-497c-b158-da8cdae0fdf8 req-543380c6-25de-41ae-9396-b534fbdb12ad 07c3d11fc4f748d8ad557aa198a1383a e0d33f646a224b98add6c44e0193ce23 - - adfe933bf40d4b07a657717bc2862d2d adfe933bf40d4b07a657717bc2862d2d] 10.0.0.42 "GET /allocation_candidates?limit=1000&resources=DISK_GB%3A1%2CMEMORY_MB%3A512%2CVCPU%3A1&root_required=%21COMPUTE_STATUS_DISABLED" status: 200 len: 2150 microversion: 1.36 [pid: 8|app: 0|req: 518/1029] 10.0.0.42 () {34 vars in 1011 bytes} [Thu Jun 25 23:35:08 2026] GET /allocation_candidates?limit=1000&resources=DISK_GB%3A1%2CMEMORY_MB%3A512%2CVCPU%3A1&root_required=%21COMPUTE_STATUS_DISABLED => generated 2150 bytes in 73 msecs (HTTP/1.1 200) 8 headers in 297 bytes (1 switches on core 0)
2026-06-25 23:35:08.700 7 INFO placement.requestlog [req-5af0678d-45c8-497c-b158-da8cdae0fdf8 req-f722562c-869a-44fd-9814-8ba8a9fe927e 07c3d11fc4f748d8ad557aa198a1383a e0d33f646a224b98add6c44e0193ce23 - - adfe933bf40d4b07a657717bc2862d2d adfe933bf40d4b07a657717bc2862d2d] 10.0.0.42 "GET /allocations/1705589d-1961-4de5-a9f4-d899a5edea0e" status: 200 len: 19 microversion: 1.28 [pid: 7|app: 0|req: 512/1030] 10.0.0.42 () {34 vars in 860 bytes} [Thu Jun 25 23:35:08 2026] GET /allocations/1705589d-1961-4de5-a9f4-d899a5edea0e => generated 19 bytes in 19 msecs (HTTP/1.1 200) 8 headers in 295 bytes (1 switches on core 0)
2026-06-25 23:35:08.797 8 INFO placement.requestlog [req-5af0678d-45c8-497c-b158-da8cdae0fdf8 req-95c521e3-674f-4fa8-a439-4c2ad5d26b42 07c3d11fc4f748d8ad557aa198a1383a e0d33f646a224b98add6c44e0193ce23 - - adfe933bf40d4b07a657717bc2862d2d adfe933bf40d4b07a657717bc2862d2d] 10.0.0.42 "PUT /allocations/1705589d-1961-4de5-a9f4-d899a5edea0e" status: 204 len: 0 microversion: 1.36 [pid: 8|app: 0|req: 519/1031] 10.0.0.42 () {38 vars in 913 bytes} [Thu Jun 25 23:35:08 2026] PUT /allocations/1705589d-1961-4de5-a9f4-d899a5edea0e => generated 0 bytes in 82 msecs (HTTP/1.1 204) 5 headers in 199 bytes (1 switches on core 0)
2026-06-25 23:35:09.177 7 INFO placement.requestlog [req-5af0678d-45c8-497c-b158-da8cdae0fdf8 req-a8be6c08-0833-4b92-90e9-2f27d20c5216 07c3d11fc4f748d8ad557aa198a1383a e0d33f646a224b98add6c44e0193ce23 - - adfe933bf40d4b07a657717bc2862d2d adfe933bf40d4b07a657717bc2862d2d] 199.19.213.181 "GET /allocations/1705589d-1961-4de5-a9f4-d899a5edea0e" status: 200 len: 258 microversion: 1.28 [pid: 7|app: 0|req: 513/1032] 199.19.213.181 () {34 vars in 863 bytes} [Thu Jun 25 23:35:09 2026] GET /allocations/1705589d-1961-4de5-a9f4-d899a5edea0e => generated 258 bytes in 19 msecs (HTTP/1.1 200) 8 headers in 296 bytes (1 switches on core 0)
2026-06-25 23:35:09.354 8 INFO placement.requestlog [req-5af0678d-45c8-497c-b158-da8cdae0fdf8 req-05a807db-5637-4bc0-aedf-926418884821 07c3d11fc4f748d8ad557aa198a1383a e0d33f646a224b98add6c44e0193ce23 - - adfe933bf40d4b07a657717bc2862d2d adfe933bf40d4b07a657717bc2862d2d] 199.19.213.181 "GET /resource_providers/81d12d5f-ba55-48e1-9d46-fcdc3597b4f7/allocations" status: 200 len: 453 microversion: 1.0 [pid: 8|app: 0|req: 520/1033] 199.19.213.181 () {32 vars in 857 bytes} [Thu Jun 25 23:35:09 2026] GET /resource_providers/81d12d5f-ba55-48e1-9d46-fcdc3597b4f7/allocations => generated 453 bytes in 22 msecs (HTTP/1.1 200) 6 headers in 224 bytes (1 switches on core 0)
2026-06-25 23:35:09.381 7 INFO placement.requestlog [req-5af0678d-45c8-497c-b158-da8cdae0fdf8 req-69f13f33-ee5e-4676-a689-574656a6c958 07c3d11fc4f748d8ad557aa198a1383a e0d33f646a224b98add6c44e0193ce23 - - adfe933bf40d4b07a657717bc2862d2d adfe933bf40d4b07a657717bc2862d2d] 199.19.213.181 "GET /allocations/09683973-e193-492b-b9f2-b51f625a0df5" status: 200 len: 258 microversion: 1.28 [pid: 7|app: 0|req: 514/1034] 199.19.213.181 () {34 vars in 863 bytes} [Thu Jun 25 23:35:09 2026] GET /allocations/09683973-e193-492b-b9f2-b51f625a0df5 => generated 258 bytes in 18 msecs (HTTP/1.1 200) 8 headers in 296 bytes (1 switches on core 0)
2026-06-25 23:35:09.413 8 INFO placement.requestlog [req-5af0678d-45c8-497c-b158-da8cdae0fdf8 req-ffb169a1-c360-492a-b3c9-2a176651f22d 07c3d11fc4f748d8ad557aa198a1383a e0d33f646a224b98add6c44e0193ce23 - - adfe933bf40d4b07a657717bc2862d2d adfe933bf40d4b07a657717bc2862d2d] 199.19.213.181 "GET /allocations/1705589d-1961-4de5-a9f4-d899a5edea0e" status: 200 len: 258 microversion: 1.28 [pid: 8|app: 0|req: 521/1035] 199.19.213.181 () {34 vars in 863 bytes} [Thu Jun 25 23:35:09 2026] GET /allocations/1705589d-1961-4de5-a9f4-d899a5edea0e => generated 258 bytes in 15 msecs (HTTP/1.1 200) 8 headers in 296 bytes (1 switches on core 0)
2026-06-25 23:35:09.474 7 INFO placement.requestlog [req-5af0678d-45c8-497c-b158-da8cdae0fdf8 req-c7286658-c9d8-42c8-affb-2012c7a0ade7 07c3d11fc4f748d8ad557aa198a1383a e0d33f646a224b98add6c44e0193ce23 - - adfe933bf40d4b07a657717bc2862d2d adfe933bf40d4b07a657717bc2862d2d] 199.19.213.181 "GET /allocations/cb5f6235-2495-4cd8-8dd9-5c5d28f1f290" status: 200 len: 258 microversion: 1.28 [pid: 7|app: 0|req: 515/1036] 199.19.213.181 () {34 vars in 863 bytes} [Thu Jun 25 23:35:09 2026] GET /allocations/cb5f6235-2495-4cd8-8dd9-5c5d28f1f290 => generated 258 bytes in 25 msecs (HTTP/1.1 200) 8 headers in 296 bytes (1 switches on core 0)
2026-06-25 23:35:09.497 8 INFO placement.requestlog [req-5af0678d-45c8-497c-b158-da8cdae0fdf8 req-a365514b-5d98-4d8b-8a37-0cbad740e4b4 07c3d11fc4f748d8ad557aa198a1383a e0d33f646a224b98add6c44e0193ce23 - - adfe933bf40d4b07a657717bc2862d2d adfe933bf40d4b07a657717bc2862d2d] 199.19.213.181 "GET /allocations/3fcbf4f3-d174-4883-b962-ab0825429fa4" status: 200 len: 258 microversion: 1.28 [pid: 8|app: 0|req: 522/1037] 199.19.213.181 () {34 vars in 863 bytes} [Thu Jun 25 23:35:09 2026] GET /allocations/3fcbf4f3-d174-4883-b962-ab0825429fa4 => generated 258 bytes in 13 msecs (HTTP/1.1 200) 8 headers in 296 bytes (1 switches on core 0)
2026-06-25 23:35:11.639 8 INFO placement.requestlog [None req-5a0fc549-b939-4ffa-b7e2-3d4aa1a353f2 - - - - - -] 10.0.0.114 "GET /" status: 200 len: 136 microversion: 1.0
2026-06-25 23:35:11.652 7 INFO placement.requestlog [None req-ab5a3c74-f481-4766-8b61-70029bd87e48 - - - - - -] 10.0.0.114 "GET /" status: 200 len: 136 microversion: 1.0
2026-06-25 23:35:19.076 8 INFO placement.requestlog [req-36284acb-28c3-43f4-bb51-3793f9abc09e req-8e25e490-87a7-43f3-8bf1-451a2e6daf7b 07c3d11fc4f748d8ad557aa198a1383a e0d33f646a224b98add6c44e0193ce23 - - adfe933bf40d4b07a657717bc2862d2d adfe933bf40d4b07a657717bc2862d2d] 199.19.213.181 "GET /resource_providers/81d12d5f-ba55-48e1-9d46-fcdc3597b4f7/allocations" status: 200 len: 453 microversion: 1.0 [pid: 8|app: 0|req: 524/1040] 199.19.213.181 () {32 vars in 857 bytes} [Thu Jun 25 23:35:19 2026] GET /resource_providers/81d12d5f-ba55-48e1-9d46-fcdc3597b4f7/allocations => generated 453 bytes in 20 msecs (HTTP/1.1 200) 6 headers in 224 bytes (1 switches on core 0)
2026-06-25 23:35:19.097 7 INFO placement.requestlog [req-36284acb-28c3-43f4-bb51-3793f9abc09e req-bc6affbd-df0b-4922-9ea9-0719c7c3a148 07c3d11fc4f748d8ad557aa198a1383a e0d33f646a224b98add6c44e0193ce23 - - adfe933bf40d4b07a657717bc2862d2d adfe933bf40d4b07a657717bc2862d2d] 199.19.213.181 "GET /allocations/09683973-e193-492b-b9f2-b51f625a0df5" status: 200 len: 258 microversion: 1.28 [pid: 7|app: 0|req: 517/1041] 199.19.213.181 () {34 vars in 863 bytes} [Thu Jun 25 23:35:19 2026] GET /allocations/09683973-e193-492b-b9f2-b51f625a0df5 => generated 258 bytes in 17 msecs (HTTP/1.1 200) 8 headers in 296 bytes (1 switches on core 0)
2026-06-25 23:35:19.145 8 INFO placement.requestlog [req-36284acb-28c3-43f4-bb51-3793f9abc09e req-82cc3036-3a0b-4217-9499-b9b81ad93696 07c3d11fc4f748d8ad557aa198a1383a e0d33f646a224b98add6c44e0193ce23 - - adfe933bf40d4b07a657717bc2862d2d adfe933bf40d4b07a657717bc2862d2d] 199.19.213.181 "GET /allocations/1705589d-1961-4de5-a9f4-d899a5edea0e" status: 200 len: 258 microversion: 1.28 [pid: 8|app: 0|req: 525/1042] 199.19.213.181 () {34 vars in 863 bytes} [Thu Jun 25 23:35:19 2026] GET /allocations/1705589d-1961-4de5-a9f4-d899a5edea0e => generated 258 bytes in 42 msecs (HTTP/1.1 200) 8 headers in 296 bytes (1 switches on core 0)
2026-06-25 23:35:19.185 7 INFO placement.requestlog [req-36284acb-28c3-43f4-bb51-3793f9abc09e req-16dc5e13-7fb1-44b6-a371-5bddc22ccdf6 07c3d11fc4f748d8ad557aa198a1383a e0d33f646a224b98add6c44e0193ce23 - - adfe933bf40d4b07a657717bc2862d2d adfe933bf40d4b07a657717bc2862d2d] 199.19.213.181 "GET /allocations/cb5f6235-2495-4cd8-8dd9-5c5d28f1f290" status: 200 len: 258 microversion: 1.28 [pid: 7|app: 0|req: 518/1043] 199.19.213.181 () {34 vars in 863 bytes} [Thu Jun 25 23:35:19 2026] GET /allocations/cb5f6235-2495-4cd8-8dd9-5c5d28f1f290 => generated 258 bytes in 32 msecs (HTTP/1.1 200) 8 headers in 296 bytes (1 switches on core 0)
2026-06-25 23:35:19.221 8 INFO placement.requestlog [req-36284acb-28c3-43f4-bb51-3793f9abc09e req-d4ed37e7-5b28-4637-bc48-526783f49bbd 07c3d11fc4f748d8ad557aa198a1383a e0d33f646a224b98add6c44e0193ce23 - - adfe933bf40d4b07a657717bc2862d2d adfe933bf40d4b07a657717bc2862d2d] 199.19.213.181 "GET /allocations/3fcbf4f3-d174-4883-b962-ab0825429fa4" status: 200 len: 258 microversion: 1.28 [pid: 8|app: 0|req: 526/1044] 199.19.213.181 () {34 vars in 863 bytes} [Thu Jun 25 23:35:19 2026] GET /allocations/3fcbf4f3-d174-4883-b962-ab0825429fa4 => generated 258 bytes in 28 msecs (HTTP/1.1 200) 8 headers in 296 bytes (1 switches on core 0)
2026-06-25 23:35:19.291 7 INFO placement.requestlog [req-36284acb-28c3-43f4-bb51-3793f9abc09e req-5f1f01ed-b97a-4847-a230-a0e59b23b01e 07c3d11fc4f748d8ad557aa198a1383a e0d33f646a224b98add6c44e0193ce23 - - adfe933bf40d4b07a657717bc2862d2d adfe933bf40d4b07a657717bc2862d2d] 199.19.213.181 "DELETE /allocations/09683973-e193-492b-b9f2-b51f625a0df5" status: 204 len: 0 microversion: 1.0 [pid: 7|app: 0|req: 519/1045] 199.19.213.181 () {34 vars in 841 bytes} [Thu Jun 25 23:35:19 2026] DELETE /allocations/09683973-e193-492b-b9f2-b51f625a0df5 => generated 0 bytes in 29 msecs (HTTP/1.1 204) 5 headers in 198 bytes (1 switches on core 0)
2026-06-25 23:35:21.638 7 INFO placement.requestlog [None req-6cf4a4be-936b-4e9a-8cbf-81a453634014 - - - - - -] 10.0.0.114 "GET /" status: 200 len: 136 microversion: 1.0
2026-06-25 23:35:21.639 8 INFO placement.requestlog [None req-a68e93c0-beff-4006-a9d9-26203210470e - - - - - -] 10.0.0.114 "GET /" status: 200 len: 136 microversion: 1.0
2026-06-25 23:35:22.331 7 INFO placement.requestlog [req-f57c84c2-3baf-447e-abe7-e793a7d09596 req-9846441d-9c06-4363-b8bc-92b3dd979edc 07c3d11fc4f748d8ad557aa198a1383a e0d33f646a224b98add6c44e0193ce23 - - adfe933bf40d4b07a657717bc2862d2d adfe933bf40d4b07a657717bc2862d2d] 10.0.0.42 "GET /allocation_candidates?limit=1000&resources=DISK_GB%3A1%2CMEMORY_MB%3A512%2CVCPU%3A1&root_required=%21COMPUTE_STATUS_DISABLED" status: 200 len: 2150 microversion: 1.36 [pid: 7|app: 0|req: 521/1048] 10.0.0.42 () {34 vars in 1011 bytes} [Thu Jun 25 23:35:22 2026] GET /allocation_candidates?limit=1000&resources=DISK_GB%3A1%2CMEMORY_MB%3A512%2CVCPU%3A1&root_required=%21COMPUTE_STATUS_DISABLED => generated 2150 bytes in 53 msecs (HTTP/1.1 200) 8 headers in 297 bytes (1 switches on core 0)
2026-06-25 23:35:22.376 8 INFO placement.requestlog [req-f57c84c2-3baf-447e-abe7-e793a7d09596 req-aa557080-ebc9-421c-91d1-4688dc297a28 07c3d11fc4f748d8ad557aa198a1383a e0d33f646a224b98add6c44e0193ce23 - - adfe933bf40d4b07a657717bc2862d2d adfe933bf40d4b07a657717bc2862d2d] 10.0.0.42 "GET /allocations/954c34b3-e0d5-4e70-a10f-4aa9eaa90c39" status: 200 len: 19 microversion: 1.28 [pid: 8|app: 0|req: 528/1049] 10.0.0.42 () {34 vars in 860 bytes} [Thu Jun 25 23:35:22 2026] GET /allocations/954c34b3-e0d5-4e70-a10f-4aa9eaa90c39 => generated 19 bytes in 11 msecs (HTTP/1.1 200) 8 headers in 295 bytes (1 switches on core 0)
2026-06-25 23:35:22.440 7 INFO placement.requestlog [req-f57c84c2-3baf-447e-abe7-e793a7d09596 req-6e70c22c-5488-423f-ae26-88dade98a266 07c3d11fc4f748d8ad557aa198a1383a e0d33f646a224b98add6c44e0193ce23 - - adfe933bf40d4b07a657717bc2862d2d adfe933bf40d4b07a657717bc2862d2d] 10.0.0.42 "PUT /allocations/954c34b3-e0d5-4e70-a10f-4aa9eaa90c39" status: 204 len: 0 microversion: 1.36 [pid: 7|app: 0|req: 522/1050] 10.0.0.42 () {38 vars in 913 bytes} [Thu Jun 25 23:35:22 2026] PUT /allocations/954c34b3-e0d5-4e70-a10f-4aa9eaa90c39 => generated 0 bytes in 56 msecs (HTTP/1.1 204) 5 headers in 199 bytes (1 switches on core 0)
2026-06-25 23:35:22.765 8 INFO placement.requestlog [req-f57c84c2-3baf-447e-abe7-e793a7d09596 req-f34147c2-43ee-42f1-b869-9fb2a3c9cedf 07c3d11fc4f748d8ad557aa198a1383a e0d33f646a224b98add6c44e0193ce23 - - adfe933bf40d4b07a657717bc2862d2d adfe933bf40d4b07a657717bc2862d2d] 199.19.213.181 "GET /allocations/954c34b3-e0d5-4e70-a10f-4aa9eaa90c39" status: 200 len: 258 microversion: 1.28 [pid: 8|app: 0|req: 529/1051] 199.19.213.181 () {34 vars in 863 bytes} [Thu Jun 25 23:35:22 2026] GET /allocations/954c34b3-e0d5-4e70-a10f-4aa9eaa90c39 => generated 258 bytes in 22 msecs (HTTP/1.1 200) 8 headers in 296 bytes (1 switches on core 0)
2026-06-25 23:35:22.933 7 INFO placement.requestlog [req-f57c84c2-3baf-447e-abe7-e793a7d09596 req-3fd10e78-525a-4b6f-8f14-c42d07e8e928 07c3d11fc4f748d8ad557aa198a1383a e0d33f646a224b98add6c44e0193ce23 - - adfe933bf40d4b07a657717bc2862d2d adfe933bf40d4b07a657717bc2862d2d] 199.19.213.181 "GET /resource_providers/81d12d5f-ba55-48e1-9d46-fcdc3597b4f7/allocations" status: 200 len: 453 microversion: 1.0 [pid: 7|app: 0|req: 523/1052] 199.19.213.181 () {32 vars in 857 bytes} [Thu Jun 25 23:35:22 2026] GET /resource_providers/81d12d5f-ba55-48e1-9d46-fcdc3597b4f7/allocations => generated 453 bytes in 29 msecs (HTTP/1.1 200) 6 headers in 224 bytes (1 switches on core 0)
2026-06-25 23:35:22.959 8 INFO placement.requestlog [req-f57c84c2-3baf-447e-abe7-e793a7d09596 req-5ceb1305-c8ec-4de9-845f-4aa233bdbbea 07c3d11fc4f748d8ad557aa198a1383a e0d33f646a224b98add6c44e0193ce23 - - adfe933bf40d4b07a657717bc2862d2d adfe933bf40d4b07a657717bc2862d2d] 199.19.213.181 "GET /allocations/954c34b3-e0d5-4e70-a10f-4aa9eaa90c39" status: 200 len: 258 microversion: 1.28 [pid: 8|app: 0|req: 530/1053] 199.19.213.181 () {34 vars in 863 bytes} [Thu Jun 25 23:35:22 2026] GET /allocations/954c34b3-e0d5-4e70-a10f-4aa9eaa90c39 => generated 258 bytes in 18 msecs (HTTP/1.1 200) 8 headers in 296 bytes (1 switches on core 0)
2026-06-25 23:35:22.983 7 INFO placement.requestlog [req-f57c84c2-3baf-447e-abe7-e793a7d09596 req-c01c1493-a366-4e83-b3df-8e2fde562adb 07c3d11fc4f748d8ad557aa198a1383a e0d33f646a224b98add6c44e0193ce23 - - adfe933bf40d4b07a657717bc2862d2d adfe933bf40d4b07a657717bc2862d2d] 199.19.213.181 "GET /allocations/1705589d-1961-4de5-a9f4-d899a5edea0e" status: 200 len: 258 microversion: 1.28 [pid: 7|app: 0|req: 524/1054] 199.19.213.181 () {34 vars in 863 bytes} [Thu Jun 25 23:35:22 2026] GET /allocations/1705589d-1961-4de5-a9f4-d899a5edea0e => generated 258 bytes in 17 msecs (HTTP/1.1 200) 8 headers in 296 bytes (1 switches on core 0)
2026-06-25 23:35:23.018 8 INFO placement.requestlog [req-f57c84c2-3baf-447e-abe7-e793a7d09596 req-44fdb5c8-5074-44cb-98a2-a820dd6a98c5 07c3d11fc4f748d8ad557aa198a1383a e0d33f646a224b98add6c44e0193ce23 - - adfe933bf40d4b07a657717bc2862d2d adfe933bf40d4b07a657717bc2862d2d] 199.19.213.181 "GET /allocations/cb5f6235-2495-4cd8-8dd9-5c5d28f1f290" status: 200 len: 258 microversion: 1.28 [pid: 8|app: 0|req: 531/1055] 199.19.213.181 () {34 vars in 863 bytes} [Thu Jun 25 23:35:22 2026] GET /allocations/cb5f6235-2495-4cd8-8dd9-5c5d28f1f290 => generated 258 bytes in 28 msecs (HTTP/1.1 200) 8 headers in 296 bytes (1 switches on core 0)
2026-06-25 23:35:23.041 7 INFO placement.requestlog [req-f57c84c2-3baf-447e-abe7-e793a7d09596 req-2051f72f-a160-4b7e-911a-6084ce1aa1f5 07c3d11fc4f748d8ad557aa198a1383a e0d33f646a224b98add6c44e0193ce23 - - adfe933bf40d4b07a657717bc2862d2d adfe933bf40d4b07a657717bc2862d2d] 199.19.213.181 "GET /allocations/3fcbf4f3-d174-4883-b962-ab0825429fa4" status: 200 len: 258 microversion: 1.28 [pid: 7|app: 0|req: 525/1056] 199.19.213.181 () {34 vars in 863 bytes} [Thu Jun 25 23:35:23 2026] GET /allocations/3fcbf4f3-d174-4883-b962-ab0825429fa4 => generated 258 bytes in 14 msecs (HTTP/1.1 200) 8 headers in 296 bytes (1 switches on core 0)
2026-06-25 23:35:23.938 7 INFO placement.requestlog [None req-8d18dc81-bd1f-454b-a91a-f2766b8c4bde cde600f9814c4feeb1dcce8a6356b069 e0d33f646a224b98add6c44e0193ce23 - - adfe933bf40d4b07a657717bc2862d2d adfe933bf40d4b07a657717bc2862d2d] 10.0.0.120 "GET /resource_providers/6dba29d6-33c6-4490-b917-6c72d00cfa5e/aggregates" status: 404 len: 235 microversion: 1.1 [pid: 7|app: 0|req: 526/1057] 10.0.0.120 () {32 vars in 816 bytes} [Thu Jun 25 23:35:23 2026] GET /resource_providers/6dba29d6-33c6-4490-b917-6c72d00cfa5e/aggregates => generated 235 bytes in 14 msecs (HTTP/1.1 404) 5 headers in 202 bytes (1 switches on core 0)
2026-06-25 23:35:23.942 8 INFO placement.requestlog [None req-7b048d2c-82f4-424e-aa1d-babc09fd98dd cde600f9814c4feeb1dcce8a6356b069 e0d33f646a224b98add6c44e0193ce23 - - adfe933bf40d4b07a657717bc2862d2d adfe933bf40d4b07a657717bc2862d2d] 10.0.0.120 "GET /resource_providers/6dba29d6-33c6-4490-b917-6c72d00cfa5e/aggregates" status: 404 len: 235 microversion: 1.1 [pid: 8|app: 0|req: 532/1058] 10.0.0.120 () {32 vars in 816 bytes} [Thu Jun 25 23:35:23 2026] GET /resource_providers/6dba29d6-33c6-4490-b917-6c72d00cfa5e/aggregates => generated 235 bytes in 18 msecs (HTTP/1.1 404) 5 headers in 202 bytes (1 switches on core 0)
2026-06-25 23:35:23.987 7 INFO placement.requestlog [None req-48f968b0-ce51-424c-9758-2622a6db05da cde600f9814c4feeb1dcce8a6356b069 e0d33f646a224b98add6c44e0193ce23 - - adfe933bf40d4b07a657717bc2862d2d adfe933bf40d4b07a657717bc2862d2d] 10.0.0.120 "DELETE /resource_providers/6dba29d6-33c6-4490-b917-6c72d00cfa5e" status: 404 len: 246 microversion: 1.1 [pid: 7|app: 0|req: 527/1059] 10.0.0.120 () {34 vars in 816 bytes} [Thu Jun 25 23:35:23 2026] DELETE /resource_providers/6dba29d6-33c6-4490-b917-6c72d00cfa5e => generated 246 bytes in 11 msecs (HTTP/1.1 404) 6 headers in 231 bytes (1 switches on core 0)
2026-06-25 23:35:23.996 8 INFO placement.requestlog [None req-4e3d5e98-7ba3-4581-9e1e-4131e849f860 cde600f9814c4feeb1dcce8a6356b069 e0d33f646a224b98add6c44e0193ce23 - - adfe933bf40d4b07a657717bc2862d2d adfe933bf40d4b07a657717bc2862d2d] 10.0.0.120 "DELETE /resource_providers/6dba29d6-33c6-4490-b917-6c72d00cfa5e" status: 404 len: 246 microversion: 1.1 [pid: 8|app: 0|req: 533/1060] 10.0.0.120 () {34 vars in 816 bytes} [Thu Jun 25 23:35:23 2026] DELETE /resource_providers/6dba29d6-33c6-4490-b917-6c72d00cfa5e => generated 246 bytes in 19 msecs (HTTP/1.1 404) 6 headers in 231 bytes (1 switches on core 0)
2026-06-25 23:35:24.819 8 INFO placement.requestlog [None req-e543bc82-c34a-43a2-8c47-69b97f714db7 cde600f9814c4feeb1dcce8a6356b069 e0d33f646a224b98add6c44e0193ce23 - - adfe933bf40d4b07a657717bc2862d2d adfe933bf40d4b07a657717bc2862d2d] 10.0.0.120 "GET /resource_providers/ec2d1986-75ce-4e5c-8cb1-614d89fdd879/aggregates" status: 404 len: 235 microversion: 1.1 [pid: 8|app: 0|req: 534/1061] 10.0.0.120 () {32 vars in 816 bytes} [Thu Jun 25 23:35:24 2026] GET /resource_providers/ec2d1986-75ce-4e5c-8cb1-614d89fdd879/aggregates => generated 235 bytes in 14 msecs (HTTP/1.1 404) 5 headers in 202 bytes (1 switches on core 0)
2026-06-25 23:35:24.822 7 INFO placement.requestlog [None req-1d8032d7-ecab-48dd-a38f-51ac57a2f221 cde600f9814c4feeb1dcce8a6356b069 e0d33f646a224b98add6c44e0193ce23 - - adfe933bf40d4b07a657717bc2862d2d adfe933bf40d4b07a657717bc2862d2d] 10.0.0.120 "GET /resource_providers/ec2d1986-75ce-4e5c-8cb1-614d89fdd879/aggregates" status: 404 len: 235 microversion: 1.1 [pid: 7|app: 0|req: 528/1062] 10.0.0.120 () {32 vars in 816 bytes} [Thu Jun 25 23:35:24 2026] GET /resource_providers/ec2d1986-75ce-4e5c-8cb1-614d89fdd879/aggregates => generated 235 bytes in 17 msecs (HTTP/1.1 404) 5 headers in 202 bytes (1 switches on core 0)
2026-06-25 23:35:24.850 8 INFO placement.requestlog [None req-d62cec4f-e45e-45c4-a615-3f7cf7e0c7d3 cde600f9814c4feeb1dcce8a6356b069 e0d33f646a224b98add6c44e0193ce23 - - adfe933bf40d4b07a657717bc2862d2d adfe933bf40d4b07a657717bc2862d2d] 10.0.0.120 "DELETE /resource_providers/ec2d1986-75ce-4e5c-8cb1-614d89fdd879" status: 404 len: 246 microversion: 1.1 [pid: 8|app: 0|req: 535/1063] 10.0.0.120 () {34 vars in 816 bytes} [Thu Jun 25 23:35:24 2026] DELETE /resource_providers/ec2d1986-75ce-4e5c-8cb1-614d89fdd879 => generated 246 bytes in 9 msecs (HTTP/1.1 404) 6 headers in 231 bytes (1 switches on core 0)
2026-06-25 23:35:24.859 7 INFO placement.requestlog [None req-df17ad22-c9b3-45bf-8c1e-61b66c6890cd cde600f9814c4feeb1dcce8a6356b069 e0d33f646a224b98add6c44e0193ce23 - - adfe933bf40d4b07a657717bc2862d2d adfe933bf40d4b07a657717bc2862d2d] 10.0.0.120 "DELETE /resource_providers/ec2d1986-75ce-4e5c-8cb1-614d89fdd879" status: 404 len: 246 microversion: 1.1 [pid: 7|app: 0|req: 529/1064] 10.0.0.120 () {34 vars in 816 bytes} [Thu Jun 25 23:35:24 2026] DELETE /resource_providers/ec2d1986-75ce-4e5c-8cb1-614d89fdd879 => generated 246 bytes in 16 msecs (HTTP/1.1 404) 6 headers in 231 bytes (1 switches on core 0)
2026-06-25 23:35:27.351 8 INFO placement.requestlog [None req-5e8778e4-c45c-4d96-8cdd-6369fc625495 cde600f9814c4feeb1dcce8a6356b069 e0d33f646a224b98add6c44e0193ce23 - - adfe933bf40d4b07a657717bc2862d2d adfe933bf40d4b07a657717bc2862d2d] 10.0.0.120 "GET /resource_providers/8656ff96-5a18-437b-a675-fd280d19b15e/aggregates" status: 404 len: 235 microversion: 1.1 [pid: 8|app: 0|req: 536/1065] 10.0.0.120 () {32 vars in 816 bytes} [Thu Jun 25 23:35:27 2026] GET /resource_providers/8656ff96-5a18-437b-a675-fd280d19b15e/aggregates => generated 235 bytes in 14 msecs (HTTP/1.1 404) 5 headers in 202 bytes (1 switches on core 0)
2026-06-25 23:35:27.353 7 INFO placement.requestlog [None req-2f172ac6-e7d0-48b9-86f7-daa07d5d3857 cde600f9814c4feeb1dcce8a6356b069 e0d33f646a224b98add6c44e0193ce23 - - adfe933bf40d4b07a657717bc2862d2d adfe933bf40d4b07a657717bc2862d2d] 10.0.0.120 "GET /resource_providers/8656ff96-5a18-437b-a675-fd280d19b15e/aggregates" status: 404 len: 235 microversion: 1.1 [pid: 7|app: 0|req: 530/1066] 10.0.0.120 () {32 vars in 816 bytes} [Thu Jun 25 23:35:27 2026] GET /resource_providers/8656ff96-5a18-437b-a675-fd280d19b15e/aggregates => generated 235 bytes in 16 msecs (HTTP/1.1 404) 5 headers in 202 bytes (1 switches on core 0)
2026-06-25 23:35:27.384 7 INFO placement.requestlog [None req-8992327d-4a9a-4624-8fb4-15c00a68c819 cde600f9814c4feeb1dcce8a6356b069 e0d33f646a224b98add6c44e0193ce23 - - adfe933bf40d4b07a657717bc2862d2d adfe933bf40d4b07a657717bc2862d2d] 10.0.0.120 "DELETE /resource_providers/8656ff96-5a18-437b-a675-fd280d19b15e" status: 404 len: 246 microversion: 1.1
2026-06-25 23:35:27.384 8 INFO placement.requestlog [None req-ad32cd56-652a-4804-b7e5-c096c3df693d cde600f9814c4feeb1dcce8a6356b069 e0d33f646a224b98add6c44e0193ce23 - - adfe933bf40d4b07a657717bc2862d2d adfe933bf40d4b07a657717bc2862d2d] 10.0.0.120 "DELETE /resource_providers/8656ff96-5a18-437b-a675-fd280d19b15e" status: 404 len: 246 microversion: 1.1 [pid: 8|app: 0|req: 537/1068] 10.0.0.120 () {34 vars in 816 bytes} [Thu Jun 25 23:35:27 2026] DELETE /resource_providers/8656ff96-5a18-437b-a675-fd280d19b15e => generated 246 bytes in 14 msecs (HTTP/1.1 404) 6 headers in 231 bytes (1 switches on core 0) [pid: 7|app: 0|req: 531/1068] 10.0.0.120 () {34 vars in 816 bytes} [Thu Jun 25 23:35:27 2026] DELETE /resource_providers/8656ff96-5a18-437b-a675-fd280d19b15e => generated 246 bytes in 14 msecs (HTTP/1.1 404) 6 headers in 231 bytes (1 switches on core 0)
2026-06-25 23:35:28.830 8 INFO placement.requestlog [req-ddda6fc5-8089-4801-be8e-31eb43832729 req-efe18b88-e6b5-4b74-94aa-3cc47f4f5127 07c3d11fc4f748d8ad557aa198a1383a e0d33f646a224b98add6c44e0193ce23 - - adfe933bf40d4b07a657717bc2862d2d adfe933bf40d4b07a657717bc2862d2d] 199.19.213.181 "GET /resource_providers/81d12d5f-ba55-48e1-9d46-fcdc3597b4f7/allocations" status: 200 len: 453 microversion: 1.0 [pid: 8|app: 0|req: 538/1069] 199.19.213.181 () {32 vars in 857 bytes} [Thu Jun 25 23:35:28 2026] GET /resource_providers/81d12d5f-ba55-48e1-9d46-fcdc3597b4f7/allocations => generated 453 bytes in 46 msecs (HTTP/1.1 200) 6 headers in 224 bytes (1 switches on core 0)
2026-06-25 23:35:28.880 7 INFO placement.requestlog [req-ddda6fc5-8089-4801-be8e-31eb43832729 req-9362a3d3-99ab-4b07-8456-98c68f4396ac 07c3d11fc4f748d8ad557aa198a1383a e0d33f646a224b98add6c44e0193ce23 - - adfe933bf40d4b07a657717bc2862d2d adfe933bf40d4b07a657717bc2862d2d] 199.19.213.181 "GET /allocations/954c34b3-e0d5-4e70-a10f-4aa9eaa90c39" status: 200 len: 258 microversion: 1.28 [pid: 7|app: 0|req: 532/1070] 199.19.213.181 () {34 vars in 863 bytes} [Thu Jun 25 23:35:28 2026] GET /allocations/954c34b3-e0d5-4e70-a10f-4aa9eaa90c39 => generated 258 bytes in 37 msecs (HTTP/1.1 200) 8 headers in 296 bytes (1 switches on core 0)
2026-06-25 23:35:28.923 8 INFO placement.requestlog [req-ddda6fc5-8089-4801-be8e-31eb43832729 req-91cadcdb-01b5-4811-85ec-24c42617ef08 07c3d11fc4f748d8ad557aa198a1383a e0d33f646a224b98add6c44e0193ce23 - - adfe933bf40d4b07a657717bc2862d2d adfe933bf40d4b07a657717bc2862d2d] 199.19.213.181 "GET /allocations/1705589d-1961-4de5-a9f4-d899a5edea0e" status: 200 len: 258 microversion: 1.28 [pid: 8|app: 0|req: 539/1071] 199.19.213.181 () {34 vars in 863 bytes} [Thu Jun 25 23:35:28 2026] GET /allocations/1705589d-1961-4de5-a9f4-d899a5edea0e => generated 258 bytes in 30 msecs (HTTP/1.1 200) 8 headers in 296 bytes (1 switches on core 0)
2026-06-25 23:35:28.952 7 INFO placement.requestlog [req-ddda6fc5-8089-4801-be8e-31eb43832729 req-ddfe579d-9600-4201-adde-5c625a26b5c2 07c3d11fc4f748d8ad557aa198a1383a e0d33f646a224b98add6c44e0193ce23 - - adfe933bf40d4b07a657717bc2862d2d adfe933bf40d4b07a657717bc2862d2d] 199.19.213.181 "GET /allocations/cb5f6235-2495-4cd8-8dd9-5c5d28f1f290" status: 200 len: 258 microversion: 1.28 [pid: 7|app: 0|req: 533/1072] 199.19.213.181 () {34 vars in 863 bytes} [Thu Jun 25 23:35:28 2026] GET /allocations/cb5f6235-2495-4cd8-8dd9-5c5d28f1f290 => generated 258 bytes in 21 msecs (HTTP/1.1 200) 8 headers in 296 bytes (1 switches on core 0)
2026-06-25 23:35:28.973 8 INFO placement.requestlog [req-ddda6fc5-8089-4801-be8e-31eb43832729 req-9f95d969-aca3-4769-a7f2-1111b3b1e619 07c3d11fc4f748d8ad557aa198a1383a e0d33f646a224b98add6c44e0193ce23 - - adfe933bf40d4b07a657717bc2862d2d adfe933bf40d4b07a657717bc2862d2d] 199.19.213.181 "GET /allocations/3fcbf4f3-d174-4883-b962-ab0825429fa4" status: 200 len: 258 microversion: 1.28 [pid: 8|app: 0|req: 540/1073] 199.19.213.181 () {34 vars in 863 bytes} [Thu Jun 25 23:35:28 2026] GET /allocations/3fcbf4f3-d174-4883-b962-ab0825429fa4 => generated 258 bytes in 12 msecs (HTTP/1.1 200) 8 headers in 296 bytes (1 switches on core 0)
2026-06-25 23:35:29.051 7 INFO placement.requestlog [req-ddda6fc5-8089-4801-be8e-31eb43832729 req-c6015ddf-b195-4775-a8bb-0e5d67140013 07c3d11fc4f748d8ad557aa198a1383a e0d33f646a224b98add6c44e0193ce23 - - adfe933bf40d4b07a657717bc2862d2d adfe933bf40d4b07a657717bc2862d2d] 199.19.213.181 "DELETE /allocations/cb5f6235-2495-4cd8-8dd9-5c5d28f1f290" status: 204 len: 0 microversion: 1.0 [pid: 7|app: 0|req: 534/1074] 199.19.213.181 () {34 vars in 841 bytes} [Thu Jun 25 23:35:29 2026] DELETE /allocations/cb5f6235-2495-4cd8-8dd9-5c5d28f1f290 => generated 0 bytes in 28 msecs (HTTP/1.1 204) 5 headers in 198 bytes (1 switches on core 0)
2026-06-25 23:35:29.522 8 INFO placement.requestlog [None req-c6b24427-cc7e-465d-b0fc-211902202a2e cde600f9814c4feeb1dcce8a6356b069 e0d33f646a224b98add6c44e0193ce23 - - adfe933bf40d4b07a657717bc2862d2d adfe933bf40d4b07a657717bc2862d2d] 10.0.0.120 "GET /resource_providers/b0f2c836-5c3d-4c34-9d76-62e942933348/aggregates" status: 404 len: 235 microversion: 1.1 [pid: 8|app: 0|req: 541/1075] 10.0.0.120 () {32 vars in 816 bytes} [Thu Jun 25 23:35:29 2026] GET /resource_providers/b0f2c836-5c3d-4c34-9d76-62e942933348/aggregates => generated 235 bytes in 13 msecs (HTTP/1.1 404) 5 headers in 202 bytes (1 switches on core 0)
2026-06-25 23:35:29.530 7 INFO placement.requestlog [None req-90ede16a-b963-46cb-b2f3-0717e4ffb638 cde600f9814c4feeb1dcce8a6356b069 e0d33f646a224b98add6c44e0193ce23 - - adfe933bf40d4b07a657717bc2862d2d adfe933bf40d4b07a657717bc2862d2d] 10.0.0.120 "GET /resource_providers/b0f2c836-5c3d-4c34-9d76-62e942933348/aggregates" status: 404 len: 235 microversion: 1.1 [pid: 7|app: 0|req: 535/1076] 10.0.0.120 () {32 vars in 816 bytes} [Thu Jun 25 23:35:29 2026] GET /resource_providers/b0f2c836-5c3d-4c34-9d76-62e942933348/aggregates => generated 235 bytes in 12 msecs (HTTP/1.1 404) 5 headers in 202 bytes (1 switches on core 0)
2026-06-25 23:35:29.541 8 INFO placement.requestlog [None req-739f19df-ac4f-4c6a-afd8-c4805dfb8354 cde600f9814c4feeb1dcce8a6356b069 e0d33f646a224b98add6c44e0193ce23 - - adfe933bf40d4b07a657717bc2862d2d adfe933bf40d4b07a657717bc2862d2d] 10.0.0.120 "DELETE /resource_providers/b0f2c836-5c3d-4c34-9d76-62e942933348" status: 404 len: 246 microversion: 1.1 [pid: 8|app: 0|req: 542/1077] 10.0.0.120 () {34 vars in 816 bytes} [Thu Jun 25 23:35:29 2026] DELETE /resource_providers/b0f2c836-5c3d-4c34-9d76-62e942933348 => generated 246 bytes in 9 msecs (HTTP/1.1 404) 6 headers in 231 bytes (1 switches on core 0)
2026-06-25 23:35:29.551 7 INFO placement.requestlog [None req-7b0ac5a8-bcc5-4d67-95fb-c58db4ff0e75 cde600f9814c4feeb1dcce8a6356b069 e0d33f646a224b98add6c44e0193ce23 - - adfe933bf40d4b07a657717bc2862d2d adfe933bf40d4b07a657717bc2862d2d] 10.0.0.120 "DELETE /resource_providers/b0f2c836-5c3d-4c34-9d76-62e942933348" status: 404 len: 246 microversion: 1.1 [pid: 7|app: 0|req: 536/1078] 10.0.0.120 () {34 vars in 816 bytes} [Thu Jun 25 23:35:29 2026] DELETE /resource_providers/b0f2c836-5c3d-4c34-9d76-62e942933348 => generated 246 bytes in 9 msecs (HTTP/1.1 404) 6 headers in 231 bytes (1 switches on core 0)
2026-06-25 23:35:30.214 8 INFO placement.requestlog [req-12e74eaf-4ee1-46d8-ab20-47e694bbbce0 req-95abd0ec-6e96-4840-a178-0be86f2d44e8 07c3d11fc4f748d8ad557aa198a1383a e0d33f646a224b98add6c44e0193ce23 - - adfe933bf40d4b07a657717bc2862d2d adfe933bf40d4b07a657717bc2862d2d] 199.19.213.181 "GET /resource_providers/81d12d5f-ba55-48e1-9d46-fcdc3597b4f7/allocations" status: 200 len: 353 microversion: 1.0 [pid: 8|app: 0|req: 543/1079] 199.19.213.181 () {32 vars in 857 bytes} [Thu Jun 25 23:35:30 2026] GET /resource_providers/81d12d5f-ba55-48e1-9d46-fcdc3597b4f7/allocations => generated 353 bytes in 25 msecs (HTTP/1.1 200) 6 headers in 224 bytes (1 switches on core 0)
2026-06-25 23:35:30.275 7 INFO placement.requestlog [req-12e74eaf-4ee1-46d8-ab20-47e694bbbce0 req-c4acf43c-54fc-49cb-b840-c99ae484614a 07c3d11fc4f748d8ad557aa198a1383a e0d33f646a224b98add6c44e0193ce23 - - adfe933bf40d4b07a657717bc2862d2d adfe933bf40d4b07a657717bc2862d2d] 199.19.213.181 "GET /resource_providers/81d12d5f-ba55-48e1-9d46-fcdc3597b4f7/allocations" status: 200 len: 353 microversion: 1.0 [pid: 7|app: 0|req: 537/1080] 199.19.213.181 () {32 vars in 857 bytes} [Thu Jun 25 23:35:30 2026] GET /resource_providers/81d12d5f-ba55-48e1-9d46-fcdc3597b4f7/allocations => generated 353 bytes in 21 msecs (HTTP/1.1 200) 6 headers in 224 bytes (1 switches on core 0)
2026-06-25 23:35:30.302 8 INFO placement.requestlog [req-12e74eaf-4ee1-46d8-ab20-47e694bbbce0 req-85f9cf80-6a53-4985-b007-659c11f69e8a 07c3d11fc4f748d8ad557aa198a1383a e0d33f646a224b98add6c44e0193ce23 - - adfe933bf40d4b07a657717bc2862d2d adfe933bf40d4b07a657717bc2862d2d] 199.19.213.181 "GET /allocations/954c34b3-e0d5-4e70-a10f-4aa9eaa90c39" status: 200 len: 258 microversion: 1.28 [pid: 8|app: 0|req: 544/1081] 199.19.213.181 () {34 vars in 863 bytes} [Thu Jun 25 23:35:30 2026] GET /allocations/954c34b3-e0d5-4e70-a10f-4aa9eaa90c39 => generated 258 bytes in 16 msecs (HTTP/1.1 200) 8 headers in 296 bytes (1 switches on core 0)
2026-06-25 23:35:30.370 7 INFO placement.requestlog [req-12e74eaf-4ee1-46d8-ab20-47e694bbbce0 req-5d68fced-5e28-49d1-8db1-392cbe4d6338 07c3d11fc4f748d8ad557aa198a1383a e0d33f646a224b98add6c44e0193ce23 - - adfe933bf40d4b07a657717bc2862d2d adfe933bf40d4b07a657717bc2862d2d] 199.19.213.181 "GET /allocations/1705589d-1961-4de5-a9f4-d899a5edea0e" status: 200 len: 258 microversion: 1.28 [pid: 7|app: 0|req: 538/1082] 199.19.213.181 () {34 vars in 863 bytes} [Thu Jun 25 23:35:30 2026] GET /allocations/1705589d-1961-4de5-a9f4-d899a5edea0e => generated 258 bytes in 52 msecs (HTTP/1.1 200) 8 headers in 296 bytes (1 switches on core 0)
2026-06-25 23:35:30.396 8 INFO placement.requestlog [req-12e74eaf-4ee1-46d8-ab20-47e694bbbce0 req-499abfe2-c6f5-44e5-a772-4ad3c5e03411 07c3d11fc4f748d8ad557aa198a1383a e0d33f646a224b98add6c44e0193ce23 - - adfe933bf40d4b07a657717bc2862d2d adfe933bf40d4b07a657717bc2862d2d] 199.19.213.181 "GET /allocations/3fcbf4f3-d174-4883-b962-ab0825429fa4" status: 200 len: 258 microversion: 1.28 [pid: 8|app: 0|req: 545/1083] 199.19.213.181 () {34 vars in 863 bytes} [Thu Jun 25 23:35:30 2026] GET /allocations/3fcbf4f3-d174-4883-b962-ab0825429fa4 => generated 258 bytes in 17 msecs (HTTP/1.1 200) 8 headers in 296 bytes (1 switches on core 0)
2026-06-25 23:35:31.470 7 INFO placement.requestlog [req-85f124da-6cf7-4610-877c-ec46620211ca req-ca863615-b0ea-45df-88e9-0cf4cfbeb6d0 07c3d11fc4f748d8ad557aa198a1383a e0d33f646a224b98add6c44e0193ce23 - - adfe933bf40d4b07a657717bc2862d2d adfe933bf40d4b07a657717bc2862d2d] 199.19.213.181 "GET /resource_providers/81d12d5f-ba55-48e1-9d46-fcdc3597b4f7/allocations" status: 200 len: 353 microversion: 1.0 [pid: 7|app: 0|req: 539/1084] 199.19.213.181 () {32 vars in 857 bytes} [Thu Jun 25 23:35:31 2026] GET /resource_providers/81d12d5f-ba55-48e1-9d46-fcdc3597b4f7/allocations => generated 353 bytes in 20 msecs (HTTP/1.1 200) 6 headers in 224 bytes (1 switches on core 0)
2026-06-25 23:35:31.490 8 INFO placement.requestlog [req-85f124da-6cf7-4610-877c-ec46620211ca req-d25eda88-fc7c-4b3e-b60c-e8ed8e169f6b 07c3d11fc4f748d8ad557aa198a1383a e0d33f646a224b98add6c44e0193ce23 - - adfe933bf40d4b07a657717bc2862d2d adfe933bf40d4b07a657717bc2862d2d] 199.19.213.181 "GET /allocations/954c34b3-e0d5-4e70-a10f-4aa9eaa90c39" status: 200 len: 258 microversion: 1.28 [pid: 8|app: 0|req: 546/1085] 199.19.213.181 () {34 vars in 863 bytes} [Thu Jun 25 23:35:31 2026] GET /allocations/954c34b3-e0d5-4e70-a10f-4aa9eaa90c39 => generated 258 bytes in 13 msecs (HTTP/1.1 200) 8 headers in 296 bytes (1 switches on core 0)
2026-06-25 23:35:31.510 7 INFO placement.requestlog [req-85f124da-6cf7-4610-877c-ec46620211ca req-b687355b-f4f2-4d35-a93b-67e4437d3c81 07c3d11fc4f748d8ad557aa198a1383a e0d33f646a224b98add6c44e0193ce23 - - adfe933bf40d4b07a657717bc2862d2d adfe933bf40d4b07a657717bc2862d2d] 199.19.213.181 "GET /allocations/1705589d-1961-4de5-a9f4-d899a5edea0e" status: 200 len: 258 microversion: 1.28 [pid: 7|app: 0|req: 540/1086] 199.19.213.181 () {34 vars in 863 bytes} [Thu Jun 25 23:35:31 2026] GET /allocations/1705589d-1961-4de5-a9f4-d899a5edea0e => generated 258 bytes in 13 msecs (HTTP/1.1 200) 8 headers in 296 bytes (1 switches on core 0)
2026-06-25 23:35:31.546 8 INFO placement.requestlog [req-85f124da-6cf7-4610-877c-ec46620211ca req-8e4a85ec-f9c6-4653-bd18-c92774d87423 07c3d11fc4f748d8ad557aa198a1383a e0d33f646a224b98add6c44e0193ce23 - - adfe933bf40d4b07a657717bc2862d2d adfe933bf40d4b07a657717bc2862d2d] 199.19.213.181 "GET /allocations/3fcbf4f3-d174-4883-b962-ab0825429fa4" status: 200 len: 258 microversion: 1.28 [pid: 8|app: 0|req: 547/1087] 199.19.213.181 () {34 vars in 863 bytes} [Thu Jun 25 23:35:31 2026] GET /allocations/3fcbf4f3-d174-4883-b962-ab0825429fa4 => generated 258 bytes in 30 msecs (HTTP/1.1 200) 8 headers in 296 bytes (1 switches on core 0)
2026-06-25 23:35:31.634 7 INFO placement.requestlog [req-85f124da-6cf7-4610-877c-ec46620211ca req-8d9b2ae8-142d-475a-876f-f0efdeb7e6bf 07c3d11fc4f748d8ad557aa198a1383a e0d33f646a224b98add6c44e0193ce23 - - adfe933bf40d4b07a657717bc2862d2d adfe933bf40d4b07a657717bc2862d2d] 199.19.213.181 "DELETE /allocations/3fcbf4f3-d174-4883-b962-ab0825429fa4" status: 204 len: 0 microversion: 1.0 [pid: 7|app: 0|req: 541/1088] 199.19.213.181 () {34 vars in 841 bytes} [Thu Jun 25 23:35:31 2026] DELETE /allocations/3fcbf4f3-d174-4883-b962-ab0825429fa4 => generated 0 bytes in 44 msecs (HTTP/1.1 204) 5 headers in 198 bytes (1 switches on core 0)
2026-06-25 23:35:31.638 7 INFO placement.requestlog [None req-67ab3f5a-986d-4af5-af50-ae02de8fbc1e - - - - - -] 10.0.0.114 "GET /" status: 200 len: 136 microversion: 1.0
2026-06-25 23:35:31.638 8 INFO placement.requestlog [None req-abc58ba2-9417-4473-9518-e9703655469a - - - - - -] 10.0.0.114 "GET /" status: 200 len: 136 microversion: 1.0
2026-06-25 23:35:35.576 7 INFO placement.requestlog [None req-893e2ecb-6cea-44d7-a240-db4677a95251 cde600f9814c4feeb1dcce8a6356b069 e0d33f646a224b98add6c44e0193ce23 - - adfe933bf40d4b07a657717bc2862d2d adfe933bf40d4b07a657717bc2862d2d] 10.0.0.120 "GET /resource_providers/4b99495b-050f-409a-971a-a88ecbe56e69/aggregates" status: 404 len: 235 microversion: 1.1 [pid: 7|app: 0|req: 543/1091] 10.0.0.120 () {32 vars in 816 bytes} [Thu Jun 25 23:35:35 2026] GET /resource_providers/4b99495b-050f-409a-971a-a88ecbe56e69/aggregates => generated 235 bytes in 14 msecs (HTTP/1.1 404) 5 headers in 202 bytes (1 switches on core 0)
2026-06-25 23:35:35.585 8 INFO placement.requestlog [None req-5fc9de39-4a49-4238-bd50-d79004112f88 cde600f9814c4feeb1dcce8a6356b069 e0d33f646a224b98add6c44e0193ce23 - - adfe933bf40d4b07a657717bc2862d2d adfe933bf40d4b07a657717bc2862d2d] 10.0.0.120 "GET /resource_providers/4b99495b-050f-409a-971a-a88ecbe56e69/aggregates" status: 404 len: 235 microversion: 1.1 [pid: 8|app: 0|req: 549/1092] 10.0.0.120 () {32 vars in 816 bytes} [Thu Jun 25 23:35:35 2026] GET /resource_providers/4b99495b-050f-409a-971a-a88ecbe56e69/aggregates => generated 235 bytes in 14 msecs (HTTP/1.1 404) 5 headers in 202 bytes (1 switches on core 0)
2026-06-25 23:35:35.612 7 INFO placement.requestlog [None req-6d694f6a-8b9d-484f-acbc-56fcb5537329 cde600f9814c4feeb1dcce8a6356b069 e0d33f646a224b98add6c44e0193ce23 - - adfe933bf40d4b07a657717bc2862d2d adfe933bf40d4b07a657717bc2862d2d] 10.0.0.120 "DELETE /resource_providers/4b99495b-050f-409a-971a-a88ecbe56e69" status: 404 len: 246 microversion: 1.1 [pid: 7|app: 0|req: 544/1093] 10.0.0.120 () {34 vars in 816 bytes} [Thu Jun 25 23:35:35 2026] DELETE /resource_providers/4b99495b-050f-409a-971a-a88ecbe56e69 => generated 246 bytes in 16 msecs (HTTP/1.1 404) 6 headers in 231 bytes (1 switches on core 0)
2026-06-25 23:35:35.637 8 INFO placement.requestlog [None req-43ddc79a-b583-49d5-b94b-91317d9b6d25 cde600f9814c4feeb1dcce8a6356b069 e0d33f646a224b98add6c44e0193ce23 - - adfe933bf40d4b07a657717bc2862d2d adfe933bf40d4b07a657717bc2862d2d] 10.0.0.120 "DELETE /resource_providers/4b99495b-050f-409a-971a-a88ecbe56e69" status: 404 len: 246 microversion: 1.1 [pid: 8|app: 0|req: 550/1094] 10.0.0.120 () {34 vars in 816 bytes} [Thu Jun 25 23:35:35 2026] DELETE /resource_providers/4b99495b-050f-409a-971a-a88ecbe56e69 => generated 246 bytes in 27 msecs (HTTP/1.1 404) 6 headers in 231 bytes (1 switches on core 0)
2026-06-25 23:35:36.253 8 INFO placement.requestlog [None req-1abcb4a2-a7ec-48c6-90dc-9c198690ea89 cde600f9814c4feeb1dcce8a6356b069 e0d33f646a224b98add6c44e0193ce23 - - adfe933bf40d4b07a657717bc2862d2d adfe933bf40d4b07a657717bc2862d2d] 10.0.0.120 "GET /resource_providers/cee68d98-8761-458d-bde3-ddb51e289322/aggregates" status: 404 len: 235 microversion: 1.1
2026-06-25 23:35:36.253 7 INFO placement.requestlog [None req-f16c654b-0eb8-4629-bb86-e3921bcdfe81 cde600f9814c4feeb1dcce8a6356b069 e0d33f646a224b98add6c44e0193ce23 - - adfe933bf40d4b07a657717bc2862d2d adfe933bf40d4b07a657717bc2862d2d] 10.0.0.120 "GET /resource_providers/cee68d98-8761-458d-bde3-ddb51e289322/aggregates" status: 404 len: 235 microversion: 1.1 [pid: 8|app: 0|req: 551/1095] 10.0.0.120 () {32 vars in 816 bytes} [Thu Jun 25 23:35:36 2026] GET /resource_providers/cee68d98-8761-458d-bde3-ddb51e289322/aggregates => generated 235 bytes in 13 msecs (HTTP/1.1 404) 5 headers in 202 bytes (1 switches on core 0) [pid: 7|app: 0|req: 545/1096] 10.0.0.120 () {32 vars in 816 bytes} [Thu Jun 25 23:35:36 2026] GET /resource_providers/cee68d98-8761-458d-bde3-ddb51e289322/aggregates => generated 235 bytes in 13 msecs (HTTP/1.1 404) 5 headers in 202 bytes (1 switches on core 0)
2026-06-25 23:35:36.288 8 INFO placement.requestlog [None req-04aab944-60ab-4d5f-b58f-90ce0b7907db cde600f9814c4feeb1dcce8a6356b069 e0d33f646a224b98add6c44e0193ce23 - - adfe933bf40d4b07a657717bc2862d2d adfe933bf40d4b07a657717bc2862d2d] 10.0.0.120 "DELETE /resource_providers/cee68d98-8761-458d-bde3-ddb51e289322" status: 404 len: 246 microversion: 1.1
2026-06-25 23:35:36.289 7 INFO placement.requestlog [None req-5a1f3ad0-0f0f-4f11-a11f-45945221eb71 cde600f9814c4feeb1dcce8a6356b069 e0d33f646a224b98add6c44e0193ce23 - - adfe933bf40d4b07a657717bc2862d2d adfe933bf40d4b07a657717bc2862d2d] 10.0.0.120 "DELETE /resource_providers/cee68d98-8761-458d-bde3-ddb51e289322" status: 404 len: 246 microversion: 1.1 [pid: 8|app: 0|req: 552/1097] 10.0.0.120 () {34 vars in 816 bytes} [Thu Jun 25 23:35:36 2026] DELETE /resource_providers/cee68d98-8761-458d-bde3-ddb51e289322 => generated 246 bytes in 15 msecs (HTTP/1.1 404) 6 headers in 231 bytes (1 switches on core 0) [pid: 7|app: 0|req: 546/1098] 10.0.0.120 () {34 vars in 816 bytes} [Thu Jun 25 23:35:36 2026] DELETE /resource_providers/cee68d98-8761-458d-bde3-ddb51e289322 => generated 246 bytes in 13 msecs (HTTP/1.1 404) 6 headers in 231 bytes (1 switches on core 0)
2026-06-25 23:35:37.632 8 INFO placement.requestlog [None req-04791284-2087-4fdf-b3f7-ad02b54878c5 cde600f9814c4feeb1dcce8a6356b069 e0d33f646a224b98add6c44e0193ce23 - - adfe933bf40d4b07a657717bc2862d2d adfe933bf40d4b07a657717bc2862d2d] 10.0.0.120 "GET /resource_providers/e2612aa4-2e4a-4df8-a11d-75fa6c84c558/aggregates" status: 404 len: 235 microversion: 1.1 [pid: 8|app: 0|req: 553/1099] 10.0.0.120 () {32 vars in 816 bytes} [Thu Jun 25 23:35:37 2026] GET /resource_providers/e2612aa4-2e4a-4df8-a11d-75fa6c84c558/aggregates => generated 235 bytes in 13 msecs (HTTP/1.1 404) 5 headers in 202 bytes (1 switches on core 0)
2026-06-25 23:35:37.654 7 INFO placement.requestlog [None req-4b13897f-16f5-40a3-aafc-71bf2969d9e0 cde600f9814c4feeb1dcce8a6356b069 e0d33f646a224b98add6c44e0193ce23 - - adfe933bf40d4b07a657717bc2862d2d adfe933bf40d4b07a657717bc2862d2d] 10.0.0.120 "DELETE /resource_providers/e2612aa4-2e4a-4df8-a11d-75fa6c84c558" status: 404 len: 246 microversion: 1.1 [pid: 7|app: 0|req: 547/1100] 10.0.0.120 () {34 vars in 816 bytes} [Thu Jun 25 23:35:37 2026] DELETE /resource_providers/e2612aa4-2e4a-4df8-a11d-75fa6c84c558 => generated 246 bytes in 10 msecs (HTTP/1.1 404) 6 headers in 231 bytes (1 switches on core 0)
2026-06-25 23:35:37.669 8 INFO placement.requestlog [None req-367a8a78-2611-4f60-a4ad-fa54fae0ed5b cde600f9814c4feeb1dcce8a6356b069 e0d33f646a224b98add6c44e0193ce23 - - adfe933bf40d4b07a657717bc2862d2d adfe933bf40d4b07a657717bc2862d2d] 10.0.0.120 "GET /resource_providers/e2612aa4-2e4a-4df8-a11d-75fa6c84c558/aggregates" status: 404 len: 235 microversion: 1.1 [pid: 8|app: 0|req: 554/1101] 10.0.0.120 () {32 vars in 816 bytes} [Thu Jun 25 23:35:37 2026] GET /resource_providers/e2612aa4-2e4a-4df8-a11d-75fa6c84c558/aggregates => generated 235 bytes in 13 msecs (HTTP/1.1 404) 5 headers in 202 bytes (1 switches on core 0)
2026-06-25 23:35:37.689 7 INFO placement.requestlog [None req-5bb87158-ff31-4f0c-b8b9-4fd639585698 cde600f9814c4feeb1dcce8a6356b069 e0d33f646a224b98add6c44e0193ce23 - - adfe933bf40d4b07a657717bc2862d2d adfe933bf40d4b07a657717bc2862d2d] 10.0.0.120 "DELETE /resource_providers/e2612aa4-2e4a-4df8-a11d-75fa6c84c558" status: 404 len: 246 microversion: 1.1 [pid: 7|app: 0|req: 548/1102] 10.0.0.120 () {34 vars in 816 bytes} [Thu Jun 25 23:35:37 2026] DELETE /resource_providers/e2612aa4-2e4a-4df8-a11d-75fa6c84c558 => generated 246 bytes in 12 msecs (HTTP/1.1 404) 6 headers in 231 bytes (1 switches on core 0)
2026-06-25 23:35:38.305 8 INFO placement.requestlog [None req-ab1a6765-5cb4-4310-900c-da36eb3b8408 cde600f9814c4feeb1dcce8a6356b069 e0d33f646a224b98add6c44e0193ce23 - - adfe933bf40d4b07a657717bc2862d2d adfe933bf40d4b07a657717bc2862d2d] 10.0.0.120 "GET /resource_providers/964a68f5-14e7-4ce1-85c4-3d6a33cfa7d6/aggregates" status: 404 len: 235 microversion: 1.1 [pid: 8|app: 0|req: 555/1103] 10.0.0.120 () {32 vars in 816 bytes} [Thu Jun 25 23:35:38 2026] GET /resource_providers/964a68f5-14e7-4ce1-85c4-3d6a33cfa7d6/aggregates => generated 235 bytes in 10 msecs (HTTP/1.1 404) 5 headers in 202 bytes (1 switches on core 0)
2026-06-25 23:35:38.313 7 INFO placement.requestlog [None req-518ff58b-baca-42d6-b272-fecd40a1df34 cde600f9814c4feeb1dcce8a6356b069 e0d33f646a224b98add6c44e0193ce23 - - adfe933bf40d4b07a657717bc2862d2d adfe933bf40d4b07a657717bc2862d2d] 10.0.0.120 "GET /resource_providers/964a68f5-14e7-4ce1-85c4-3d6a33cfa7d6/aggregates" status: 404 len: 235 microversion: 1.1 [pid: 7|app: 0|req: 549/1104] 10.0.0.120 () {32 vars in 816 bytes} [Thu Jun 25 23:35:38 2026] GET /resource_providers/964a68f5-14e7-4ce1-85c4-3d6a33cfa7d6/aggregates => generated 235 bytes in 12 msecs (HTTP/1.1 404) 5 headers in 202 bytes (1 switches on core 0)
2026-06-25 23:35:38.324 8 INFO placement.requestlog [None req-97804f85-4f20-4796-86f7-9023b61e471f cde600f9814c4feeb1dcce8a6356b069 e0d33f646a224b98add6c44e0193ce23 - - adfe933bf40d4b07a657717bc2862d2d adfe933bf40d4b07a657717bc2862d2d] 10.0.0.120 "DELETE /resource_providers/964a68f5-14e7-4ce1-85c4-3d6a33cfa7d6" status: 404 len: 246 microversion: 1.1 [pid: 8|app: 0|req: 556/1105] 10.0.0.120 () {34 vars in 816 bytes} [Thu Jun 25 23:35:38 2026] DELETE /resource_providers/964a68f5-14e7-4ce1-85c4-3d6a33cfa7d6 => generated 246 bytes in 10 msecs (HTTP/1.1 404) 6 headers in 231 bytes (1 switches on core 0)
2026-06-25 23:35:38.336 7 INFO placement.requestlog [None req-3c4bf111-fafb-4d78-91c2-906ed2ed26ba cde600f9814c4feeb1dcce8a6356b069 e0d33f646a224b98add6c44e0193ce23 - - adfe933bf40d4b07a657717bc2862d2d adfe933bf40d4b07a657717bc2862d2d] 10.0.0.120 "DELETE /resource_providers/964a68f5-14e7-4ce1-85c4-3d6a33cfa7d6" status: 404 len: 246 microversion: 1.1 [pid: 7|app: 0|req: 550/1106] 10.0.0.120 () {34 vars in 816 bytes} [Thu Jun 25 23:35:38 2026] DELETE /resource_providers/964a68f5-14e7-4ce1-85c4-3d6a33cfa7d6 => generated 246 bytes in 14 msecs (HTTP/1.1 404) 6 headers in 231 bytes (1 switches on core 0)
2026-06-25 23:35:38.349 8 INFO placement.requestlog [None req-0673af69-0355-4d6a-8b78-d581ba2b783b cde600f9814c4feeb1dcce8a6356b069 e0d33f646a224b98add6c44e0193ce23 - - adfe933bf40d4b07a657717bc2862d2d adfe933bf40d4b07a657717bc2862d2d] 10.0.0.120 "GET /resource_providers/964a68f5-14e7-4ce1-85c4-3d6a33cfa7d6/aggregates" status: 404 len: 235 microversion: 1.1 [pid: 8|app: 0|req: 557/1107] 10.0.0.120 () {32 vars in 816 bytes} [Thu Jun 25 23:35:38 2026] GET /resource_providers/964a68f5-14e7-4ce1-85c4-3d6a33cfa7d6/aggregates => generated 235 bytes in 12 msecs (HTTP/1.1 404) 5 headers in 202 bytes (1 switches on core 0)
2026-06-25 23:35:38.358 7 INFO placement.requestlog [None req-978e369c-ba10-4f56-b911-6a56a5fe8c4c cde600f9814c4feeb1dcce8a6356b069 e0d33f646a224b98add6c44e0193ce23 - - adfe933bf40d4b07a657717bc2862d2d adfe933bf40d4b07a657717bc2862d2d] 10.0.0.120 "GET /resource_providers/964a68f5-14e7-4ce1-85c4-3d6a33cfa7d6/aggregates" status: 404 len: 235 microversion: 1.1 [pid: 7|app: 0|req: 551/1108] 10.0.0.120 () {32 vars in 816 bytes} [Thu Jun 25 23:35:38 2026] GET /resource_providers/964a68f5-14e7-4ce1-85c4-3d6a33cfa7d6/aggregates => generated 235 bytes in 12 msecs (HTTP/1.1 404) 5 headers in 202 bytes (1 switches on core 0)
2026-06-25 23:35:38.377 8 INFO placement.requestlog [None req-1a004572-391f-4fd5-8982-3e6f14dac123 cde600f9814c4feeb1dcce8a6356b069 e0d33f646a224b98add6c44e0193ce23 - - adfe933bf40d4b07a657717bc2862d2d adfe933bf40d4b07a657717bc2862d2d] 10.0.0.120 "DELETE /resource_providers/964a68f5-14e7-4ce1-85c4-3d6a33cfa7d6" status: 404 len: 246 microversion: 1.1 [pid: 8|app: 0|req: 558/1109] 10.0.0.120 () {34 vars in 816 bytes} [Thu Jun 25 23:35:38 2026] DELETE /resource_providers/964a68f5-14e7-4ce1-85c4-3d6a33cfa7d6 => generated 246 bytes in 10 msecs (HTTP/1.1 404) 6 headers in 231 bytes (1 switches on core 0)
2026-06-25 23:35:38.385 7 INFO placement.requestlog [None req-3795eb17-a6a7-4c7b-b260-a21f0dcd9683 cde600f9814c4feeb1dcce8a6356b069 e0d33f646a224b98add6c44e0193ce23 - - adfe933bf40d4b07a657717bc2862d2d adfe933bf40d4b07a657717bc2862d2d] 10.0.0.120 "DELETE /resource_providers/964a68f5-14e7-4ce1-85c4-3d6a33cfa7d6" status: 404 len: 246 microversion: 1.1 [pid: 7|app: 0|req: 552/1110] 10.0.0.120 () {34 vars in 816 bytes} [Thu Jun 25 23:35:38 2026] DELETE /resource_providers/964a68f5-14e7-4ce1-85c4-3d6a33cfa7d6 => generated 246 bytes in 13 msecs (HTTP/1.1 404) 6 headers in 231 bytes (1 switches on core 0)
2026-06-25 23:35:40.194 7 INFO placement.requestlog [None req-3ca7b48a-0458-4802-8788-fc4dbe989374 cde600f9814c4feeb1dcce8a6356b069 e0d33f646a224b98add6c44e0193ce23 - - adfe933bf40d4b07a657717bc2862d2d adfe933bf40d4b07a657717bc2862d2d] 10.0.0.120 "GET /resource_providers/c5bb6559-e98c-4939-8a20-34513c2e1360/aggregates" status: 404 len: 235 microversion: 1.1 [pid: 7|app: 0|req: 553/1111] 10.0.0.120 () {32 vars in 816 bytes} [Thu Jun 25 23:35:40 2026] GET /resource_providers/c5bb6559-e98c-4939-8a20-34513c2e1360/aggregates => generated 235 bytes in 25 msecs (HTTP/1.1 404) 5 headers in 202 bytes (1 switches on core 0)
