2026-06-25 23:35:36.875 9 ERROR neutron.plugins.ml2.managers raise self.value
2026-06-25 23:35:36.875 9 ERROR neutron.plugins.ml2.managers
File "/var/lib/openstack/lib/python3.10/site-packages/neutron_lib/db/api.py", line 138, in wrapped
2026-06-25 23:35:36.875 9 ERROR neutron.plugins.ml2.managers return f(*args, **kwargs)
2026-06-25 23:35:36.875 9 ERROR neutron.plugins.ml2.managers
File "/var/lib/openstack/lib/python3.10/site-packages/oslo_db/api.py", line 144, in wrapper
2026-06-25 23:35:36.875 9 ERROR neutron.plugins.ml2.managers with excutils.save_and_reraise_exception() as ectxt:
2026-06-25 23:35:36.875 9 ERROR neutron.plugins.ml2.managers
File "/var/lib/openstack/lib/python3.10/site-packages/oslo_utils/excutils.py", line 227, in __exit__
2026-06-25 23:35:36.875 9 ERROR neutron.plugins.ml2.managers self.force_reraise()
2026-06-25 23:35:36.875 9 ERROR neutron.plugins.ml2.managers
File "/var/lib/openstack/lib/python3.10/site-packages/oslo_utils/excutils.py", line 200, in force_reraise
2026-06-25 23:35:36.875 9 ERROR neutron.plugins.ml2.managers raise self.value
2026-06-25 23:35:36.875 9 ERROR neutron.plugins.ml2.managers
File "/var/lib/openstack/lib/python3.10/site-packages/oslo_db/api.py", line 142, in wrapper
2026-06-25 23:35:36.875 9 ERROR neutron.plugins.ml2.managers return f(*args, **kwargs)
2026-06-25 23:35:36.875 9 ERROR neutron.plugins.ml2.managers
File "/var/lib/openstack/lib/python3.10/site-packages/neutron_lib/db/api.py", line 186, in wrapped
2026-06-25 23:35:36.875 9 ERROR neutron.plugins.ml2.managers with excutils.save_and_reraise_exception():
2026-06-25 23:35:36.875 9 ERROR neutron.plugins.ml2.managers
File "/var/lib/openstack/lib/python3.10/site-packages/oslo_utils/excutils.py", line 227, in __exit__
2026-06-25 23:35:36.875 9 ERROR neutron.plugins.ml2.managers self.force_reraise()
2026-06-25 23:35:36.875 9 ERROR neutron.plugins.ml2.managers
File "/var/lib/openstack/lib/python3.10/site-packages/oslo_utils/excutils.py", line 200, in force_reraise
2026-06-25 23:35:36.875 9 ERROR neutron.plugins.ml2.managers raise self.value
2026-06-25 23:35:36.875 9 ERROR neutron.plugins.ml2.managers
File "/var/lib/openstack/lib/python3.10/site-packages/neutron_lib/db/api.py", line 184, in wrapped
2026-06-25 23:35:36.875 9 ERROR neutron.plugins.ml2.managers return f(*dup_args, **dup_kwargs)
2026-06-25 23:35:36.875 9 ERROR neutron.plugins.ml2.managers
File "/var/lib/openstack/lib/python3.10/site-packages/neutron/db/db_base_plugin_v2.py", line 1121, in get_subnet
2026-06-25 23:35:36.875 9 ERROR neutron.plugins.ml2.managers subnet_obj = self._get_subnet_object(context, id)
2026-06-25 23:35:36.875 9 ERROR neutron.plugins.ml2.managers
File "/var/lib/openstack/lib/python3.10/site-packages/neutron/db/db_base_plugin_common.py", line 279, in _get_subnet_object
2026-06-25 23:35:36.875 9 ERROR neutron.plugins.ml2.managers raise exceptions.SubnetNotFound(subnet_id=id)
2026-06-25 23:35:36.875 9 ERROR neutron.plugins.ml2.managers neutron_lib.exceptions.SubnetNotFound: Subnet 491b3cd8-7799-4456-8834-1bd3f03dedb5 could not be found.
2026-06-25 23:35:36.875 9 ERROR neutron.plugins.ml2.managers 
2026-06-25 23:35:36.876 9 ERROR neutron.plugins.ml2.managers [None req-d93413c5-0239-4919-a720-99fa808c0bfc - - - - - -] Failed to bind port b03fb727-9cff-4c15-84c8-3f2390d7ee94 on host instance for vnic_type normal using segments [{'id': '964a68f5-14e7-4ce1-85c4-3d6a33cfa7d6', 'network_type': 'vxlan', 'physical_network': None, 'segmentation_id': 967, 'network_id': 'edf18ae0-c6f0-4ac4-b302-24aea77af3aa'}]
2026-06-25 23:35:36.876 9 INFO neutron.plugins.ml2.plugin [None req-d93413c5-0239-4919-a720-99fa808c0bfc - - - - - -] Attempt 10 to bind port b03fb727-9cff-4c15-84c8-3f2390d7ee94
2026-06-25 23:35:36.899 9 ERROR neutron.plugins.ml2.managers [None req-d93413c5-0239-4919-a720-99fa808c0bfc - - - - - -] Mechanism driver openvswitch failed in bind_port: neutron_lib.exceptions.SubnetNotFound: Subnet 491b3cd8-7799-4456-8834-1bd3f03dedb5 could not be found.
2026-06-25 23:35:36.899 9 ERROR neutron.plugins.ml2.managers
Traceback (most recent call last):
2026-06-25 23:35:36.899 9 ERROR neutron.plugins.ml2.managers
File "/var/lib/openstack/lib/python3.10/site-packages/neutron/plugins/ml2/managers.py", line 866, in _bind_port_level
2026-06-25 23:35:36.899 9 ERROR neutron.plugins.ml2.managers driver.obj.bind_port(context)
2026-06-25 23:35:36.899 9 ERROR neutron.plugins.ml2.managers
File "/var/lib/openstack/lib/python3.10/site-packages/neutron/plugins/ml2/drivers/openvswitch/mech_driver/mech_openvswitch.py", line 133, in bind_port
2026-06-25 23:35:36.899 9 ERROR neutron.plugins.ml2.managers super(OpenvswitchMechanismDriver, self).bind_port(context)
2026-06-25 23:35:36.899 9 ERROR neutron.plugins.ml2.managers
File "/var/lib/openstack/lib/python3.10/site-packages/neutron/plugins/ml2/drivers/mech_agent.py", line 104, in bind_port
2026-06-25 23:35:36.899 9 ERROR neutron.plugins.ml2.managers subnets = self.get_subnets_from_fixed_ips(context)
2026-06-25 23:35:36.899 9 ERROR neutron.plugins.ml2.managers
File "/var/lib/openstack/lib/python3.10/site-packages/neutron/plugins/ml2/drivers/mech_agent.py", line 149, in get_subnets_from_fixed_ips
2026-06-25 23:35:36.899 9 ERROR neutron.plugins.ml2.managers subnets.append(context._plugin.get_subnet(
2026-06-25 23:35:36.899 9 ERROR neutron.plugins.ml2.managers
File "/var/lib/openstack/lib/python3.10/site-packages/neutron_lib/db/api.py", line 226, in wrapped
2026-06-25 23:35:36.899 9 ERROR neutron.plugins.ml2.managers return f_with_retry(*args, **kwargs,
2026-06-25 23:35:36.899 9 ERROR neutron.plugins.ml2.managers
File "/var/lib/openstack/lib/python3.10/site-packages/neutron_lib/db/api.py", line 140, in wrapped
2026-06-25 23:35:36.899 9 ERROR neutron.plugins.ml2.managers with excutils.save_and_reraise_exception():
2026-06-25 23:35:36.899 9 ERROR neutron.plugins.ml2.managers
File "/var/lib/openstack/lib/python3.10/site-packages/oslo_utils/excutils.py", line 227, in __exit__
2026-06-25 23:35:36.899 9 ERROR neutron.plugins.ml2.managers self.force_reraise()
2026-06-25 23:35:36.899 9 ERROR neutron.plugins.ml2.managers
File "/var/lib/openstack/lib/python3.10/site-packages/oslo_utils/excutils.py", line 200, in force_reraise
2026-06-25 23:35:36.899 9 ERROR neutron.plugins.ml2.managers raise self.value
2026-06-25 23:35:36.899 9 ERROR neutron.plugins.ml2.managers
File "/var/lib/openstack/lib/python3.10/site-packages/neutron_lib/db/api.py", line 138, in wrapped
2026-06-25 23:35:36.899 9 ERROR neutron.plugins.ml2.managers return f(*args, **kwargs)
2026-06-25 23:35:36.899 9 ERROR neutron.plugins.ml2.managers
File "/var/lib/openstack/lib/python3.10/site-packages/oslo_db/api.py", line 144, in wrapper
2026-06-25 23:35:36.899 9 ERROR neutron.plugins.ml2.managers with excutils.save_and_reraise_exception() as ectxt:
2026-06-25 23:35:36.899 9 ERROR neutron.plugins.ml2.managers
File "/var/lib/openstack/lib/python3.10/site-packages/oslo_utils/excutils.py", line 227, in __exit__
2026-06-25 23:35:36.899 9 ERROR neutron.plugins.ml2.managers self.force_reraise()
2026-06-25 23:35:36.899 9 ERROR neutron.plugins.ml2.managers
File "/var/lib/openstack/lib/python3.10/site-packages/oslo_utils/excutils.py", line 200, in force_reraise
2026-06-25 23:35:36.899 9 ERROR neutron.plugins.ml2.managers raise self.value
2026-06-25 23:35:36.899 9 ERROR neutron.plugins.ml2.managers
File "/var/lib/openstack/lib/python3.10/site-packages/oslo_db/api.py", line 142, in wrapper
2026-06-25 23:35:36.899 9 ERROR neutron.plugins.ml2.managers return f(*args, **kwargs)
2026-06-25 23:35:36.899 9 ERROR neutron.plugins.ml2.managers
File "/var/lib/openstack/lib/python3.10/site-packages/neutron_lib/db/api.py", line 186, in wrapped
2026-06-25 23:35:36.899 9 ERROR neutron.plugins.ml2.managers with excutils.save_and_reraise_exception():
2026-06-25 23:35:36.899 9 ERROR neutron.plugins.ml2.managers
File "/var/lib/openstack/lib/python3.10/site-packages/oslo_utils/excutils.py", line 227, in __exit__
2026-06-25 23:35:36.899 9 ERROR neutron.plugins.ml2.managers self.force_reraise()
2026-06-25 23:35:36.899 9 ERROR neutron.plugins.ml2.managers
File "/var/lib/openstack/lib/python3.10/site-packages/oslo_utils/excutils.py", line 200, in force_reraise
2026-06-25 23:35:36.899 9 ERROR neutron.plugins.ml2.managers raise self.value
2026-06-25 23:35:36.899 9 ERROR neutron.plugins.ml2.managers
File "/var/lib/openstack/lib/python3.10/site-packages/neutron_lib/db/api.py", line 184, in wrapped
2026-06-25 23:35:36.899 9 ERROR neutron.plugins.ml2.managers return f(*dup_args, **dup_kwargs)
2026-06-25 23:35:36.899 9 ERROR neutron.plugins.ml2.managers
File "/var/lib/openstack/lib/python3.10/site-packages/neutron/db/db_base_plugin_v2.py", line 1121, in get_subnet
2026-06-25 23:35:36.899 9 ERROR neutron.plugins.ml2.managers subnet_obj = self._get_subnet_object(context, id)
2026-06-25 23:35:36.899 9 ERROR neutron.plugins.ml2.managers
File "/var/lib/openstack/lib/python3.10/site-packages/neutron/db/db_base_plugin_common.py", line 279, in _get_subnet_object
2026-06-25 23:35:36.899 9 ERROR neutron.plugins.ml2.managers raise exceptions.SubnetNotFound(subnet_id=id)
2026-06-25 23:35:36.899 9 ERROR neutron.plugins.ml2.managers neutron_lib.exceptions.SubnetNotFound: Subnet 491b3cd8-7799-4456-8834-1bd3f03dedb5 could not be found.
2026-06-25 23:35:36.899 9 ERROR neutron.plugins.ml2.managers 
2026-06-25 23:35:36.900 9 ERROR neutron.plugins.ml2.managers [None req-d93413c5-0239-4919-a720-99fa808c0bfc - - - - - -] Failed to bind port b03fb727-9cff-4c15-84c8-3f2390d7ee94 on host instance for vnic_type normal using segments [{'id': '964a68f5-14e7-4ce1-85c4-3d6a33cfa7d6', 'network_type': 'vxlan', 'physical_network': None, 'segmentation_id': 967, 'network_id': 'edf18ae0-c6f0-4ac4-b302-24aea77af3aa'}]
2026-06-25 23:35:39.184 9 INFO neutron.plugins.ml2.plugin [None req-3e056f68-220b-4bb1-9acf-5c8d7e738624 - - - - - -] Attempt 1 to provision port 3bc3ad90-f82a-4388-b0b9-267b78dc86d5
2026-06-25 23:35:45.359 10 INFO neutron.plugins.ml2.plugin [None req-f9de43ab-f54e-48a5-991d-5c014ae759ac - - - - - -] Attempt 1 to provision port ce694674-5893-47e6-8434-55d8a2fedbfe
2026-06-25 23:35:57.414 10 INFO neutron.plugins.ml2.plugin [None req-f316b43e-ea8e-4ce9-becb-ef3d43c71003 - - - - - -] Attempt 1 to provision port 60c86a19-9082-4679-8ca7-c611fd3bfde7
2026-06-25 23:36:01.067 9 INFO neutron.plugins.ml2.plugin [None req-3e056f68-220b-4bb1-9acf-5c8d7e738624 - - - - - -] Attempt 1 to provision port 60c86a19-9082-4679-8ca7-c611fd3bfde7
2026-06-25 23:36:01.187 9 INFO neutron.notifiers.nova [-] Nova event matching ['req-19e051d3-0d49-4440-b9c5-78407e436ad2'] response: {'server_uuid': '703f885a-3d76-454d-880c-fc3336ce735c', 'name': 'network-vif-plugged', 'status': 'completed', 'tag': '60c86a19-9082-4679-8ca7-c611fd3bfde7', 'code': 200}
2026-06-25 23:36:02.952 10 INFO neutron.plugins.ml2.plugin [None req-3e056f68-220b-4bb1-9acf-5c8d7e738624 - - - - - -] Attempt 1 to provision port 60c86a19-9082-4679-8ca7-c611fd3bfde7
2026-06-25 23:36:36.469 9 INFO neutron.plugins.ml2.plugin [None req-884e5300-4b39-44b7-8b72-b33c2677a9e8 - - - - - -] Attempt 1 to provision port c3ddbf6e-03e6-415f-bdb6-6ffd59e5110f
2026-06-25 23:36:39.136 9 INFO neutron.plugins.ml2.plugin [None req-3e056f68-220b-4bb1-9acf-5c8d7e738624 - - - - - -] Attempt 1 to provision port c3ddbf6e-03e6-415f-bdb6-6ffd59e5110f
2026-06-25 23:36:39.260 9 INFO neutron.notifiers.nova [-] Nova event matching ['req-362856a0-4f77-4d70-a991-1a0b537373ee'] response: {'server_uuid': '703f885a-3d76-454d-880c-fc3336ce735c', 'name': 'network-vif-plugged', 'status': 'completed', 'tag': 'c3ddbf6e-03e6-415f-bdb6-6ffd59e5110f', 'code': 200}
2026-06-25 23:36:41.079 9 INFO neutron.plugins.ml2.plugin [None req-3e056f68-220b-4bb1-9acf-5c8d7e738624 - - - - - -] Attempt 1 to provision port c3ddbf6e-03e6-415f-bdb6-6ffd59e5110f
2026-06-25 23:37:01.517 10 INFO neutron.plugins.ml2.plugin [None req-87280fad-e05d-44d2-98fb-c46749deeaba - - - - - -] Attempt 1 to provision port f0953486-98fa-4b1b-9be9-cb9ed7e3b955
2026-06-25 23:37:05.025 10 INFO neutron.plugins.ml2.plugin [None req-3e056f68-220b-4bb1-9acf-5c8d7e738624 - - - - - -] Attempt 1 to provision port f0953486-98fa-4b1b-9be9-cb9ed7e3b955
2026-06-25 23:37:05.217 10 INFO neutron.notifiers.nova [-] Nova event matching ['req-b4891450-0422-4dda-a5f3-6862c1c52dde'] response: {'server_uuid': '703f885a-3d76-454d-880c-fc3336ce735c', 'name': 'network-vif-plugged', 'status': 'completed', 'tag': 'f0953486-98fa-4b1b-9be9-cb9ed7e3b955', 'code': 200}
2026-06-25 23:37:06.996 9 INFO neutron.plugins.ml2.plugin [None req-3e056f68-220b-4bb1-9acf-5c8d7e738624 - - - - - -] Attempt 1 to provision port f0953486-98fa-4b1b-9be9-cb9ed7e3b955
2026-06-25 23:37:12.767 10 INFO neutron.plugins.ml2.plugin [None req-8b1a5600-6e77-45ff-8bc5-a1b641a65938 - - - - - -] Attempt 1 to provision port 6e7ea68a-3d6b-4a52-b802-7e71d9d8b68a
2026-06-25 23:37:15.048 9 INFO neutron.plugins.ml2.plugin [None req-3e056f68-220b-4bb1-9acf-5c8d7e738624 - - - - - -] Attempt 1 to provision port 6e7ea68a-3d6b-4a52-b802-7e71d9d8b68a
2026-06-25 23:37:15.173 9 INFO neutron.notifiers.nova [-] Nova event matching ['req-75a934f6-6af1-4858-8058-8653a865b727'] response: {'server_uuid': '703f885a-3d76-454d-880c-fc3336ce735c', 'name': 'network-vif-plugged', 'status': 'completed', 'tag': '6e7ea68a-3d6b-4a52-b802-7e71d9d8b68a', 'code': 200}
2026-06-25 23:37:15.768 10 INFO neutron.plugins.ml2.plugin [None req-f871ddc2-ce1a-4430-8e36-e650a00b2b75 - - - - - -] Attempt 1 to provision port 6e7ea68a-3d6b-4a52-b802-7e71d9d8b68a
2026-06-25 23:37:17.034 9 INFO neutron.plugins.ml2.plugin [None req-3e056f68-220b-4bb1-9acf-5c8d7e738624 - - - - - -] Attempt 1 to provision port 6e7ea68a-3d6b-4a52-b802-7e71d9d8b68a
2026-06-25 23:37:25.637 10 INFO neutron.plugins.ml2.plugin [None req-f149dd90-3ea5-4261-bbac-f53641abd5f0 - - - - - -] Attempt 1 to provision port 6e7ea68a-3d6b-4a52-b802-7e71d9d8b68a
2026-06-25 23:37:31.255 10 INFO neutron.plugins.ml2.plugin [None req-42ac68c4-108b-4db6-9f8d-0067a912ad36 - - - - - -] Attempt 1 to provision port f0953486-98fa-4b1b-9be9-cb9ed7e3b955
2026-06-25 23:38:14.178 9 INFO neutron.plugins.ml2.plugin [None req-fe118679-5df0-4332-8cb6-991b4a1234d4 - - - - - -] Attempt 1 to provision port 0117235b-e454-4b90-ada9-4c085677c729
2026-06-25 23:39:01.144 9 INFO neutron.plugins.ml2.plugin [None req-3e056f68-220b-4bb1-9acf-5c8d7e738624 - - - - - -] Attempt 1 to provision port 5215f559-453d-41e1-9f97-dd4d9d124b92
2026-06-25 23:39:01.653 9 INFO neutron.plugins.ml2.plugin [None req-3e056f68-220b-4bb1-9acf-5c8d7e738624 - - - - - -] Attempt 1 to provision port f0e57f7b-f770-468e-9631-66be2eee8b6f
2026-06-25 23:39:01.833 10 INFO neutron.plugins.ml2.plugin [None req-513fe18a-0937-454a-ab5e-7865fd537c59 - - - - - -] Attempt 1 to provision port fd64a674-2cf1-401e-9799-be030a05b206
2026-06-25 23:39:02.244 9 INFO neutron.plugins.ml2.plugin [None req-3e056f68-220b-4bb1-9acf-5c8d7e738624 - - - - - -] Attempt 1 to provision port fd64a674-2cf1-401e-9799-be030a05b206
2026-06-25 23:39:02.464 9 INFO neutron.plugins.ml2.plugin [None req-33dc3d85-9047-4901-a05f-846fc10b8ccd - - - - - -] Attempt 1 to provision port fd64a674-2cf1-401e-9799-be030a05b206
2026-06-25 23:39:02.918 9 INFO neutron.plugins.ml2.plugin [None req-4d9e708a-e8df-4321-bfc5-8ed4424ff471 - - - - - -] Attempt 1 to provision port f0e57f7b-f770-468e-9631-66be2eee8b6f
2026-06-25 23:39:02.995 9 INFO neutron.plugins.ml2.plugin [None req-4d9e708a-e8df-4321-bfc5-8ed4424ff471 - - - - - -] Attempt 1 to provision port 5215f559-453d-41e1-9f97-dd4d9d124b92
2026-06-25 23:39:03.122 10 INFO neutron.plugins.ml2.plugin [None req-3e056f68-220b-4bb1-9acf-5c8d7e738624 - - - - - -] Attempt 1 to provision port 1daf1c92-0ef1-4a75-a4b5-e56b315e8f6f
2026-06-25 23:39:03.196 10 INFO neutron.plugins.ml2.plugin [None req-087bd7fb-0b4a-47b9-9ec1-3822d26f6386 - - - - - -] Attempt 1 to provision port f0e57f7b-f770-468e-9631-66be2eee8b6f
2026-06-25 23:39:03.656 10 INFO neutron.plugins.ml2.plugin [None req-3e056f68-220b-4bb1-9acf-5c8d7e738624 - - - - - -] Attempt 1 to provision port b43f65d7-2815-43f5-abdd-3f086655ada3
2026-06-25 23:39:04.329 10 INFO neutron.plugins.ml2.plugin [None req-ecaacea9-5a7e-4c26-9d8e-50fc0fd7b4ba - - - - - -] Attempt 1 to provision port b43f65d7-2815-43f5-abdd-3f086655ada3
2026-06-25 23:39:04.651 9 INFO neutron.plugins.ml2.plugin [None req-ff3c5f8a-9f37-42b2-8695-13c0cc840e4c - - - - - -] Attempt 1 to provision port 1daf1c92-0ef1-4a75-a4b5-e56b315e8f6f
2026-06-25 23:39:27.066 10 INFO neutron.plugins.ml2.plugin [None req-3e056f68-220b-4bb1-9acf-5c8d7e738624 - - - - - -] Attempt 1 to provision port 3d6749fe-8ddd-4a0f-bd90-b7fcd90d2c91