Apr 02 10:42:31.891684 np0000162860 neutron-periodic-workers[104060]: DEBUG cotyledon.oslo_config_glue [-] ml2.tunnelled_network_rp_name = rp_tunnelled {{(pid=104060) log_opt_values /opt/stack/data/venv/lib/python3.12/site-packages/oslo_config/cfg.py:3006}}
Apr 02 10:42:31.891684 np0000162860 neutron-periodic-workers[104060]: DEBUG cotyledon.oslo_config_glue [-] ml2.type_drivers = ['local', 'flat', 'vlan', 'geneve'] {{(pid=104060) log_opt_values /opt/stack/data/venv/lib/python3.12/site-packages/oslo_config/cfg.py:3006}}
Apr 02 10:42:31.891684 np0000162860 neutron-periodic-workers[104060]: DEBUG cotyledon.oslo_config_glue [-] ml2_type_flat.flat_networks = ['public'] {{(pid=104060) log_opt_values /opt/stack/data/venv/lib/python3.12/site-packages/oslo_config/cfg.py:3006}}
Apr 02 10:42:31.891684 np0000162860 neutron-periodic-workers[104060]: DEBUG cotyledon.oslo_config_glue [-] ml2_type_geneve.max_header_size = 38 {{(pid=104060) log_opt_values /opt/stack/data/venv/lib/python3.12/site-packages/oslo_config/cfg.py:3006}}
Apr 02 10:42:31.891684 np0000162860 neutron-periodic-workers[104060]: DEBUG cotyledon.oslo_config_glue [-] ml2_type_geneve.vni_ranges = ['1:65536'] {{(pid=104060) log_opt_values /opt/stack/data/venv/lib/python3.12/site-packages/oslo_config/cfg.py:3006}}
Apr 02 10:42:31.891684 np0000162860 neutron-periodic-workers[104060]: DEBUG cotyledon.oslo_config_glue [-] ml2_type_vlan.network_vlan_ranges = ['public'] {{(pid=104060) log_opt_values /opt/stack/data/venv/lib/python3.12/site-packages/oslo_config/cfg.py:3006}}
Apr 02 10:42:31.891684 np0000162860 neutron-periodic-workers[104060]: DEBUG cotyledon.oslo_config_glue [-] network_log.burst_limit = 25 {{(pid=104060) log_opt_values /opt/stack/data/venv/lib/python3.12/site-packages/oslo_config/cfg.py:3006}}
Apr 02 10:42:31.892109 np0000162860 neutron-periodic-workers[104060]: DEBUG cotyledon.oslo_config_glue [-] network_log.local_output_log_base = None {{(pid=104060) log_opt_values /opt/stack/data/venv/lib/python3.12/site-packages/oslo_config/cfg.py:3006}}
Apr 02 10:42:31.892374 np0000162860 neutron-periodic-workers[104060]: DEBUG cotyledon.oslo_config_glue [-] network_log.rate_limit = 100 {{(pid=104060) log_opt_values /opt/stack/data/venv/lib/python3.12/site-packages/oslo_config/cfg.py:3006}}
Apr 02 10:42:31.892740 np0000162860 neutron-periodic-workers[104060]: DEBUG cotyledon.oslo_config_glue [-] database.asyncio_connection = **** {{(pid=104060) log_opt_values /opt/stack/data/venv/lib/python3.12/site-packages/oslo_config/cfg.py:3006}}
Apr 02 10:42:31.892855 np0000162860 neutron-periodic-workers[104060]: DEBUG cotyledon.oslo_config_glue [-] database.asyncio_slave_connection = **** {{(pid=104060) log_opt_values /opt/stack/data/venv/lib/python3.12/site-packages/oslo_config/cfg.py:3006}}
Apr 02 10:42:31.892979 np0000162860 neutron-periodic-workers[104060]: DEBUG cotyledon.oslo_config_glue [-] database.backend = sqlalchemy {{(pid=104060) log_opt_values /opt/stack/data/venv/lib/python3.12/site-packages/oslo_config/cfg.py:3006}}
Apr 02 10:42:31.893084 np0000162860 neutron-periodic-workers[104060]: DEBUG cotyledon.oslo_config_glue [-] database.connection = **** {{(pid=104060) log_opt_values /opt/stack/data/venv/lib/python3.12/site-packages/oslo_config/cfg.py:3006}}
Apr 02 10:42:31.893180 np0000162860 neutron-periodic-workers[104060]: DEBUG cotyledon.oslo_config_glue [-] database.connection_debug = 0 {{(pid=104060) log_opt_values /opt/stack/data/venv/lib/python3.12/site-packages/oslo_config/cfg.py:3006}}
Apr 02 10:42:31.893277 np0000162860 neutron-periodic-workers[104060]: DEBUG cotyledon.oslo_config_glue [-] database.connection_parameters = {{(pid=104060) log_opt_values /opt/stack/data/venv/lib/python3.12/site-packages/oslo_config/cfg.py:3006}}
Apr 02 10:42:31.893389 np0000162860 neutron-periodic-workers[104060]: DEBUG cotyledon.oslo_config_glue [-] database.connection_recycle_time = 3600 {{(pid=104060) log_opt_values /opt/stack/data/venv/lib/python3.12/site-packages/oslo_config/cfg.py:3006}}
Apr 02 10:42:31.893480 np0000162860 neutron-periodic-workers[104060]: DEBUG cotyledon.oslo_config_glue [-] database.connection_trace = False {{(pid=104060) log_opt_values /opt/stack/data/venv/lib/python3.12/site-packages/oslo_config/cfg.py:3006}}
Apr 02 10:42:31.893580 np0000162860 neutron-periodic-workers[104060]: DEBUG cotyledon.oslo_config_glue [-] database.db_inc_retry_interval = True {{(pid=104060) log_opt_values /opt/stack/data/venv/lib/python3.12/site-packages/oslo_config/cfg.py:3006}}
Apr 02 10:42:31.893702 np0000162860 neutron-periodic-workers[104060]: DEBUG cotyledon.oslo_config_glue [-] database.db_max_retries = 20 {{(pid=104060) log_opt_values /opt/stack/data/venv/lib/python3.12/site-packages/oslo_config/cfg.py:3006}}
Apr 02 10:42:31.893830 np0000162860 neutron-periodic-workers[104060]: DEBUG cotyledon.oslo_config_glue [-] database.db_max_retry_interval = 10 {{(pid=104060) log_opt_values /opt/stack/data/venv/lib/python3.12/site-packages/oslo_config/cfg.py:3006}}
Apr 02 10:42:31.894203 np0000162860 neutron-periodic-workers[104060]: DEBUG cotyledon.oslo_config_glue [-] database.db_retry_interval = 1 {{(pid=104060) log_opt_values /opt/stack/data/venv/lib/python3.12/site-packages/oslo_config/cfg.py:3006}}
Apr 02 10:42:31.894203 np0000162860 neutron-periodic-workers[104060]: DEBUG cotyledon.oslo_config_glue [-] database.max_overflow = 50 {{(pid=104060) log_opt_values /opt/stack/data/venv/lib/python3.12/site-packages/oslo_config/cfg.py:3006}}
Apr 02 10:42:31.894203 np0000162860 neutron-periodic-workers[104060]: DEBUG cotyledon.oslo_config_glue [-] database.max_pool_size = 5 {{(pid=104060) log_opt_values /opt/stack/data/venv/lib/python3.12/site-packages/oslo_config/cfg.py:3006}}
Apr 02 10:42:31.894330 np0000162860 neutron-periodic-workers[104060]: DEBUG cotyledon.oslo_config_glue [-] database.max_retries = 10 {{(pid=104060) log_opt_values /opt/stack/data/venv/lib/python3.12/site-packages/oslo_config/cfg.py:3006}}
Apr 02 10:42:31.894532 np0000162860 neutron-periodic-workers[104060]: DEBUG cotyledon.oslo_config_glue [-] database.mysql_sql_mode = TRADITIONAL {{(pid=104060) log_opt_values /opt/stack/data/venv/lib/python3.12/site-packages/oslo_config/cfg.py:3006}}
Apr 02 10:42:31.894715 np0000162860 neutron-periodic-workers[104060]: DEBUG cotyledon.oslo_config_glue [-] database.mysql_wsrep_sync_wait = None {{(pid=104060) log_opt_values /opt/stack/data/venv/lib/python3.12/site-packages/oslo_config/cfg.py:3006}}
Apr 02 10:42:31.894806 np0000162860 neutron-periodic-workers[104060]: DEBUG cotyledon.oslo_config_glue [-] database.pool_timeout = None {{(pid=104060) log_opt_values /opt/stack/data/venv/lib/python3.12/site-packages/oslo_config/cfg.py:3006}}
Apr 02 10:42:31.894898 np0000162860 neutron-periodic-workers[104060]: DEBUG cotyledon.oslo_config_glue [-] database.retry_interval = 10 {{(pid=104060) log_opt_values /opt/stack/data/venv/lib/python3.12/site-packages/oslo_config/cfg.py:3006}}
Apr 02 10:42:31.894990 np0000162860 neutron-periodic-workers[104060]: DEBUG cotyledon.oslo_config_glue [-] database.slave_connection = **** {{(pid=104060) log_opt_values /opt/stack/data/venv/lib/python3.12/site-packages/oslo_config/cfg.py:3006}}
Apr 02 10:42:31.895094 np0000162860 neutron-periodic-workers[104060]: DEBUG cotyledon.oslo_config_glue [-] database.sqlite_synchronous = True {{(pid=104060) log_opt_values /opt/stack/data/venv/lib/python3.12/site-packages/oslo_config/cfg.py:3006}}
Apr 02 10:42:31.895193 np0000162860 neutron-periodic-workers[104060]: DEBUG cotyledon.oslo_config_glue [-] database.synchronous_reader = True {{(pid=104060) log_opt_values /opt/stack/data/venv/lib/python3.12/site-packages/oslo_config/cfg.py:3006}}
Apr 02 10:42:31.895283 np0000162860 neutron-periodic-workers[104060]: DEBUG cotyledon.oslo_config_glue [-] database.use_db_reconnect = False {{(pid=104060) log_opt_values /opt/stack/data/venv/lib/python3.12/site-packages/oslo_config/cfg.py:3006}}
Apr 02 10:42:31.895410 np0000162860 neutron-periodic-workers[104060]: DEBUG cotyledon.oslo_config_glue [-] ovn.bfd_min_rx = 1000 {{(pid=104060) log_opt_values /opt/stack/data/venv/lib/python3.12/site-packages/oslo_config/cfg.py:3006}}
Apr 02 10:42:31.895498 np0000162860 neutron-periodic-workers[104060]: DEBUG cotyledon.oslo_config_glue [-] ovn.bfd_min_tx = 100 {{(pid=104060) log_opt_values /opt/stack/data/venv/lib/python3.12/site-packages/oslo_config/cfg.py:3006}}
Apr 02 10:42:31.895591 np0000162860 neutron-periodic-workers[104060]: DEBUG cotyledon.oslo_config_glue [-] ovn.bfd_mult = 3 {{(pid=104060) log_opt_values /opt/stack/data/venv/lib/python3.12/site-packages/oslo_config/cfg.py:3006}}
Apr 02 10:42:31.895715 np0000162860 neutron-periodic-workers[104060]: DEBUG cotyledon.oslo_config_glue [-] ovn.broadcast_arps_to_all_routers = True {{(pid=104060) log_opt_values /opt/stack/data/venv/lib/python3.12/site-packages/oslo_config/cfg.py:3006}}
Apr 02 10:42:31.895810 np0000162860 neutron-periodic-workers[104060]: DEBUG cotyledon.oslo_config_glue [-] ovn.dhcp_default_lease_time = 43200 {{(pid=104060) log_opt_values /opt/stack/data/venv/lib/python3.12/site-packages/oslo_config/cfg.py:3006}}
Apr 02 10:42:31.895900 np0000162860 neutron-periodic-workers[104060]: DEBUG cotyledon.oslo_config_glue [-] ovn.disable_ovn_dhcp_for_baremetal_ports = False {{(pid=104060) log_opt_values /opt/stack/data/venv/lib/python3.12/site-packages/oslo_config/cfg.py:3006}}
Apr 02 10:42:31.896008 np0000162860 neutron-periodic-workers[104060]: DEBUG cotyledon.oslo_config_glue [-] ovn.dns_records_ovn_owned = False {{(pid=104060) log_opt_values /opt/stack/data/venv/lib/python3.12/site-packages/oslo_config/cfg.py:3006}}
Apr 02 10:42:31.896127 np0000162860 neutron-periodic-workers[104060]: DEBUG cotyledon.oslo_config_glue [-] ovn.dns_servers = [] {{(pid=104060) log_opt_values /opt/stack/data/venv/lib/python3.12/site-packages/oslo_config/cfg.py:3006}}
Apr 02 10:42:31.896231 np0000162860 neutron-periodic-workers[104060]: DEBUG cotyledon.oslo_config_glue [-] ovn.enable_distributed_floating_ip = False {{(pid=104060) log_opt_values /opt/stack/data/venv/lib/python3.12/site-packages/oslo_config/cfg.py:3006}}
Apr 02 10:42:31.896352 np0000162860 neutron-periodic-workers[104060]: DEBUG cotyledon.oslo_config_glue [-] ovn.fdb_age_threshold = 300 {{(pid=104060) log_opt_values /opt/stack/data/venv/lib/python3.12/site-packages/oslo_config/cfg.py:3006}}
Apr 02 10:42:31.896446 np0000162860 neutron-periodic-workers[104060]: DEBUG cotyledon.oslo_config_glue [-] ovn.ha_failover_strategy = normal {{(pid=104060) log_opt_values /opt/stack/data/venv/lib/python3.12/site-packages/oslo_config/cfg.py:3006}}
Apr 02 10:42:31.896581 np0000162860 neutron-periodic-workers[104060]: DEBUG cotyledon.oslo_config_glue [-] ovn.live_migration_activation_strategy = rarp {{(pid=104060) log_opt_values /opt/stack/data/venv/lib/python3.12/site-packages/oslo_config/cfg.py:3006}}
Apr 02 10:42:31.896716 np0000162860 neutron-periodic-workers[104060]: DEBUG cotyledon.oslo_config_glue [-] ovn.localnet_learn_fdb = False {{(pid=104060) log_opt_values /opt/stack/data/venv/lib/python3.12/site-packages/oslo_config/cfg.py:3006}}
Apr 02 10:42:31.896813 np0000162860 neutron-periodic-workers[104060]: DEBUG cotyledon.oslo_config_glue [-] ovn.mac_binding_age_threshold = 300 {{(pid=104060) log_opt_values /opt/stack/data/venv/lib/python3.12/site-packages/oslo_config/cfg.py:3006}}
Apr 02 10:42:31.896918 np0000162860 neutron-periodic-workers[104060]: DEBUG cotyledon.oslo_config_glue [-] ovn.neutron_sync_mode = log {{(pid=104060) log_opt_values /opt/stack/data/venv/lib/python3.12/site-packages/oslo_config/cfg.py:3006}}
Apr 02 10:42:31.897027 np0000162860 neutron-periodic-workers[104060]: DEBUG cotyledon.oslo_config_glue [-] ovn.ovn_dhcp4_global_options = {} {{(pid=104060) log_opt_values /opt/stack/data/venv/lib/python3.12/site-packages/oslo_config/cfg.py:3006}}
Apr 02 10:42:31.897118 np0000162860 neutron-periodic-workers[104060]: DEBUG cotyledon.oslo_config_glue [-] ovn.ovn_dhcp6_global_options = {} {{(pid=104060) log_opt_values /opt/stack/data/venv/lib/python3.12/site-packages/oslo_config/cfg.py:3006}}
Apr 02 10:42:31.897211 np0000162860 neutron-periodic-workers[104060]: DEBUG cotyledon.oslo_config_glue [-] ovn.ovn_l3_scheduler = leastloaded {{(pid=104060) log_opt_values /opt/stack/data/venv/lib/python3.12/site-packages/oslo_config/cfg.py:3006}}
Apr 02 10:42:31.897303 np0000162860 neutron-periodic-workers[104060]: DEBUG cotyledon.oslo_config_glue [-] ovn.ovn_metadata_enabled = True {{(pid=104060) log_opt_values /opt/stack/data/venv/lib/python3.12/site-packages/oslo_config/cfg.py:3006}}
Apr 02 10:42:31.897425 np0000162860 neutron-periodic-workers[104060]: DEBUG cotyledon.oslo_config_glue [-] ovn.ovn_nb_ca_cert = /opt/stack/data/CA/int-ca/ca-chain.pem {{(pid=104060) log_opt_values /opt/stack/data/venv/lib/python3.12/site-packages/oslo_config/cfg.py:3006}}
Apr 02 10:42:31.897534 np0000162860 neutron-periodic-workers[104060]: DEBUG cotyledon.oslo_config_glue [-] ovn.ovn_nb_certificate = /opt/stack/data/CA/int-ca/devstack-cert.crt {{(pid=104060) log_opt_values /opt/stack/data/venv/lib/python3.12/site-packages/oslo_config/cfg.py:3006}}
Apr 02 10:42:31.897718 np0000162860 neutron-periodic-workers[104060]: DEBUG cotyledon.oslo_config_glue [-] ovn.ovn_nb_connection = ['ssl:199.204.45.242:6641'] {{(pid=104060) log_opt_values /opt/stack/data/venv/lib/python3.12/site-packages/oslo_config/cfg.py:3006}}
Apr 02 10:42:31.897828 np0000162860 neutron-periodic-workers[104060]: DEBUG cotyledon.oslo_config_glue [-] ovn.ovn_nb_private_key = /opt/stack/data/CA/int-ca/private/devstack-cert.key {{(pid=104060) log_opt_values /opt/stack/data/venv/lib/python3.12/site-packages/oslo_config/cfg.py:3006}}
Apr 02 10:42:31.897931 np0000162860 neutron-periodic-workers[104060]: DEBUG cotyledon.oslo_config_glue [-] ovn.ovn_router_indirect_snat = False {{(pid=104060) log_opt_values /opt/stack/data/venv/lib/python3.12/site-packages/oslo_config/cfg.py:3006}}
Apr 02 10:42:31.898048 np0000162860 neutron-periodic-workers[104060]: DEBUG cotyledon.oslo_config_glue [-] ovn.ovn_sb_ca_cert = /opt/stack/data/CA/int-ca/ca-chain.pem {{(pid=104060) log_opt_values /opt/stack/data/venv/lib/python3.12/site-packages/oslo_config/cfg.py:3006}}
Apr 02 10:42:31.898166 np0000162860 neutron-periodic-workers[104060]: DEBUG cotyledon.oslo_config_glue [-] ovn.ovn_sb_certificate = /opt/stack/data/CA/int-ca/devstack-cert.crt {{(pid=104060) log_opt_values /opt/stack/data/venv/lib/python3.12/site-packages/oslo_config/cfg.py:3006}}
Apr 02 10:42:31.898275 np0000162860 neutron-periodic-workers[104060]: DEBUG cotyledon.oslo_config_glue [-] ovn.ovn_sb_connection = ['ssl:199.204.45.242:6642'] {{(pid=104060) log_opt_values /opt/stack/data/venv/lib/python3.12/site-packages/oslo_config/cfg.py:3006}}
Apr 02 10:42:31.898378 np0000162860 neutron-periodic-workers[104060]: DEBUG cotyledon.oslo_config_glue [-] ovn.ovn_sb_private_key = /opt/stack/data/CA/int-ca/private/devstack-cert.key {{(pid=104060) log_opt_values /opt/stack/data/venv/lib/python3.12/site-packages/oslo_config/cfg.py:3006}}
Apr 02 10:42:31.898494 np0000162860 neutron-periodic-workers[104060]: DEBUG cotyledon.oslo_config_glue [-] ovn.ovs_create_tap = False {{(pid=104060) log_opt_values /opt/stack/data/venv/lib/python3.12/site-packages/oslo_config/cfg.py:3006}}
Apr 02 10:42:31.898597 np0000162860 neutron-periodic-workers[104060]: DEBUG cotyledon.oslo_config_glue [-] ovn.ovsdb_connection_timeout = 180 {{(pid=104060) log_opt_values /opt/stack/data/venv/lib/python3.12/site-packages/oslo_config/cfg.py:3006}}
Apr 02 10:42:31.898737 np0000162860 neutron-periodic-workers[104060]: DEBUG cotyledon.oslo_config_glue [-] ovn.ovsdb_log_level = INFO {{(pid=104060) log_opt_values /opt/stack/data/venv/lib/python3.12/site-packages/oslo_config/cfg.py:3006}}
Apr 02 10:42:31.898844 np0000162860 neutron-periodic-workers[104060]: DEBUG cotyledon.oslo_config_glue [-] ovn.ovsdb_probe_interval = 60000 {{(pid=104060) log_opt_values /opt/stack/data/venv/lib/python3.12/site-packages/oslo_config/cfg.py:3006}}
Apr 02 10:42:31.898957 np0000162860 neutron-periodic-workers[104060]: DEBUG cotyledon.oslo_config_glue [-] ovn.ovsdb_retry_max_interval = 180 {{(pid=104060) log_opt_values /opt/stack/data/venv/lib/python3.12/site-packages/oslo_config/cfg.py:3006}}
Apr 02 10:42:31.899070 np0000162860 neutron-periodic-workers[104060]: DEBUG cotyledon.oslo_config_glue [-] ovn.stateless_nat_enabled = False {{(pid=104060) log_opt_values /opt/stack/data/venv/lib/python3.12/site-packages/oslo_config/cfg.py:3006}}
Apr 02 10:42:31.899186 np0000162860 neutron-periodic-workers[104060]: DEBUG cotyledon.oslo_config_glue [-] ovn.vhost_sock_dir = /var/run/openvswitch {{(pid=104060) log_opt_values /opt/stack/data/venv/lib/python3.12/site-packages/oslo_config/cfg.py:3006}}
Apr 02 10:42:31.899299 np0000162860 neutron-periodic-workers[104060]: DEBUG cotyledon.oslo_config_glue [-] OVS.bridge_mac_table_size = 50000 {{(pid=104060) log_opt_values /opt/stack/data/venv/lib/python3.12/site-packages/oslo_config/cfg.py:3006}}
Apr 02 10:42:31.899403 np0000162860 neutron-periodic-workers[104060]: DEBUG cotyledon.oslo_config_glue [-] OVS.igmp_flood = False {{(pid=104060) log_opt_values /opt/stack/data/venv/lib/python3.12/site-packages/oslo_config/cfg.py:3006}}
Apr 02 10:42:31.899504 np0000162860 neutron-periodic-workers[104060]: DEBUG cotyledon.oslo_config_glue [-] OVS.igmp_flood_reports = True {{(pid=104060) log_opt_values /opt/stack/data/venv/lib/python3.12/site-packages/oslo_config/cfg.py:3006}}
Apr 02 10:42:31.899611 np0000162860 neutron-periodic-workers[104060]: DEBUG cotyledon.oslo_config_glue [-] OVS.igmp_flood_unregistered = False {{(pid=104060) log_opt_values /opt/stack/data/venv/lib/python3.12/site-packages/oslo_config/cfg.py:3006}}
Apr 02 10:42:31.899740 np0000162860 neutron-periodic-workers[104060]: DEBUG cotyledon.oslo_config_glue [-] OVS.igmp_snooping_enable = False {{(pid=104060) log_opt_values /opt/stack/data/venv/lib/python3.12/site-packages/oslo_config/cfg.py:3006}}
Apr 02 10:42:31.899839 np0000162860 neutron-periodic-workers[104060]: DEBUG cotyledon.oslo_config_glue [-] OVS.ovsdb_timeout = 10 {{(pid=104060) log_opt_values /opt/stack/data/venv/lib/python3.12/site-packages/oslo_config/cfg.py:3006}}
Apr 02 10:42:31.899978 np0000162860 neutron-periodic-workers[104060]: DEBUG cotyledon.oslo_config_glue [-] ovn_nb_global.fdb_removal_limit = 0 {{(pid=104060) log_opt_values /opt/stack/data/venv/lib/python3.12/site-packages/oslo_config/cfg.py:3006}}
Apr 02 10:42:31.900076 np0000162860 neutron-periodic-workers[104060]: DEBUG cotyledon.oslo_config_glue [-] ovn_nb_global.ignore_lsp_down = False {{(pid=104060) log_opt_values /opt/stack/data/venv/lib/python3.12/site-packages/oslo_config/cfg.py:3006}}
Apr 02 10:42:31.900166 np0000162860 neutron-periodic-workers[104060]: DEBUG cotyledon.oslo_config_glue [-] ovn_nb_global.mac_binding_removal_limit = 0 {{(pid=104060) log_opt_values /opt/stack/data/venv/lib/python3.12/site-packages/oslo_config/cfg.py:3006}}
Apr 02 10:42:31.900264 np0000162860 neutron-periodic-workers[104060]: DEBUG cotyledon.oslo_config_glue [-] ******************************************************************************** {{(pid=104060) log_opt_values /opt/stack/data/venv/lib/python3.12/site-packages/oslo_config/cfg.py:3013}}
Apr 02 10:42:31.900502 np0000162860 neutron-periodic-workers[104060]: DEBUG cotyledon._service_worker [-] Run service ServiceWrapper(0) [104060] {{(pid=104060) wait_forever /opt/stack/data/venv/lib/python3.12/site-packages/cotyledon/_service_worker.py:218}}
Apr 02 10:42:41.522784 np0000162860 neutron-periodic-workers[103292]: DEBUG dbcounter [-] [103292] Writing DB stats neutron:SELECT=4 {{(pid=103292) stat_writer /opt/stack/data/venv/lib/python3.12/site-packages/dbcounter.py:115}}
Apr 02 10:43:26.840970 np0000162860 neutron-periodic-workers[104053]: DEBUG oslo_db.sqlalchemy.engines [None req-018cfc96-5eae-4f98-a034-50ba50a24867 None None] Parent process 103292 forked (104053) with an open database connection, which is being discarded and recreated. {{(pid=104053) checkout /opt/stack/data/venv/lib/python3.12/site-packages/oslo_db/sqlalchemy/engines.py:402}}
Apr 02 10:43:26.849477 np0000162860 neutron-periodic-workers[104053]: DEBUG dbcounter [-] [104053] Writer thread running {{(pid=104053) stat_writer /opt/stack/data/venv/lib/python3.12/site-packages/dbcounter.py:102}}
Apr 02 10:43:26.857723 np0000162860 neutron-periodic-workers[104053]: DEBUG oslo.service.backend._threading.loopingcall [None req-018cfc96-5eae-4f98-a034-50ba50a24867 None None] Fixed interval looping call 'neutron.plugins.ml2.plugin.DhcpAgentSchedulerDbMixin.remove_networks_from_down_agents' sleeping for 36.98 seconds {{(pid=104053) _run_loop /opt/stack/data/venv/lib/python3.12/site-packages/oslo_service/backend/_threading/loopingcall.py:125}}
Apr 02 10:43:28.921810 np0000162860 neutron-periodic-workers[104060]: DEBUG dbcounter [-] [104060] Writer thread running {{(pid=104060) stat_writer /opt/stack/data/venv/lib/python3.12/site-packages/dbcounter.py:102}}
Apr 02 10:43:28.925291 np0000162860 neutron-periodic-workers[104060]: DEBUG neutron.db.agents_db [None req-8f39f42a-b3bd-45a0-b04c-06e8be6d87c7 None None] Agent healthcheck: found 0 active agents {{(pid=104060) agent_health_check /opt/stack/neutron/neutron/db/agents_db.py:317}}
Apr 02 10:43:28.925517 np0000162860 neutron-periodic-workers[104060]: DEBUG oslo.service.backend._threading.loopingcall [None req-8f39f42a-b3bd-45a0-b04c-06e8be6d87c7 None None] Fixed interval looping call 'neutron.plugins.ml2.plugin.AgentDbMixin.agent_health_check' sleeping for 36.98 seconds {{(pid=104060) _run_loop /opt/stack/data/venv/lib/python3.12/site-packages/oslo_service/backend/_threading/loopingcall.py:125}}
Apr 02 10:43:36.856890 np0000162860 neutron-periodic-workers[104053]: DEBUG dbcounter [-] [104053] Writing DB stats neutron:SELECT=3 {{(pid=104053) stat_writer /opt/stack/data/venv/lib/python3.12/site-packages/dbcounter.py:115}}
Apr 02 10:43:38.922863 np0000162860 neutron-periodic-workers[104060]: DEBUG dbcounter [-] [104060] Writing DB stats neutron:SELECT=1 {{(pid=104060) stat_writer /opt/stack/data/venv/lib/python3.12/site-packages/dbcounter.py:115}}
Apr 02 10:44:03.847958 np0000162860 neutron-periodic-workers[104053]: DEBUG oslo.service.backend._threading.loopingcall [None req-018cfc96-5eae-4f98-a034-50ba50a24867 None None] Fixed interval looping call 'neutron.plugins.ml2.plugin.DhcpAgentSchedulerDbMixin.remove_networks_from_down_agents' sleeping for 36.99 seconds {{(pid=104053) _run_loop /opt/stack/data/venv/lib/python3.12/site-packages/oslo_service/backend/_threading/loopingcall.py:125}}
Apr 02 10:44:05.911835 np0000162860 neutron-periodic-workers[104060]: DEBUG neutron.db.agents_db [None req-8f39f42a-b3bd-45a0-b04c-06e8be6d87c7 None None] Agent healthcheck: found 0 active agents {{(pid=104060) agent_health_check /opt/stack/neutron/neutron/db/agents_db.py:317}}
Apr 02 10:44:05.912497 np0000162860 neutron-periodic-workers[104060]: DEBUG oslo.service.backend._threading.loopingcall [None req-8f39f42a-b3bd-45a0-b04c-06e8be6d87c7 None None] Fixed interval looping call 'neutron.plugins.ml2.plugin.AgentDbMixin.agent_health_check' sleeping for 36.99 seconds {{(pid=104060) _run_loop /opt/stack/data/venv/lib/python3.12/site-packages/oslo_service/backend/_threading/loopingcall.py:125}}
Apr 02 10:44:13.846943 np0000162860 neutron-periodic-workers[104053]: DEBUG dbcounter [-] [104053] Writing DB stats neutron:SELECT=3 {{(pid=104053) stat_writer /opt/stack/data/venv/lib/python3.12/site-packages/dbcounter.py:115}}
Apr 02 10:44:15.909853 np0000162860 neutron-periodic-workers[104060]: DEBUG dbcounter [-] [104060] Writing DB stats neutron:SELECT=1 {{(pid=104060) stat_writer /opt/stack/data/venv/lib/python3.12/site-packages/dbcounter.py:115}}
Apr 02 10:44:19.924699 np0000162860 neutron-periodic-workers[104078]: DEBUG dbcounter [-] [104078] Writer thread running {{(pid=104078) stat_writer /opt/stack/data/venv/lib/python3.12/site-packages/dbcounter.py:102}}
Apr 02 10:44:19.941307 np0000162860 neutron-periodic-workers[104078]: DEBUG oslo.service.backend._threading.loopingcall [None req-731b6b5a-ca89-4392-9677-e4c14d6cff6c None None] Fixed interval looping call 'neutron.services.ovn_l3.plugin.L3_NAT_dbonly_mixin._clean_garbage' sleeping for 299.95 seconds {{(pid=104078) _run_loop /opt/stack/data/venv/lib/python3.12/site-packages/oslo_service/backend/_threading/loopingcall.py:125}}
Apr 02 10:44:29.925356 np0000162860 neutron-periodic-workers[104078]: DEBUG dbcounter [-] [104078] Writing DB stats neutron:SELECT=1 {{(pid=104078) stat_writer /opt/stack/data/venv/lib/python3.12/site-packages/dbcounter.py:115}}
Apr 02 10:44:31.900737 np0000162860 neutron-periodic-workers[104068]: DEBUG dbcounter [-] [104068] Writer thread running {{(pid=104068) stat_writer /opt/stack/data/venv/lib/python3.12/site-packages/dbcounter.py:102}}
Apr 02 10:44:31.903076 np0000162860 neutron-periodic-workers[104068]: DEBUG oslo.service.backend._threading.loopingcall [None req-a66e4c4b-3c65-4f64-b9c6-9f6178777585 None None] Fixed interval looping call 'neutron.db.quota.driver_nolock.DbQuotaNoLockDriver._remove_expired_reservations' sleeping for 119.98 seconds {{(pid=104068) _run_loop /opt/stack/data/venv/lib/python3.12/site-packages/oslo_service/backend/_threading/loopingcall.py:125}}
Apr 02 10:44:40.889572 np0000162860 neutron-periodic-workers[104053]: DEBUG oslo.service.backend._threading.loopingcall [None req-018cfc96-5eae-4f98-a034-50ba50a24867 None None] Fixed interval looping call 'neutron.plugins.ml2.plugin.DhcpAgentSchedulerDbMixin.remove_networks_from_down_agents' sleeping for 36.95 seconds {{(pid=104053) _run_loop /opt/stack/data/venv/lib/python3.12/site-packages/oslo_service/backend/_threading/loopingcall.py:125}}
Apr 02 10:44:41.901723 np0000162860 neutron-periodic-workers[104068]: DEBUG dbcounter [-] [104068] Writing DB stats neutron:DELETE=1 {{(pid=104068) stat_writer /opt/stack/data/venv/lib/python3.12/site-packages/dbcounter.py:115}}
Apr 02 10:44:42.909218 np0000162860 neutron-periodic-workers[104060]: DEBUG neutron.db.agents_db [None req-8f39f42a-b3bd-45a0-b04c-06e8be6d87c7 None None] Agent healthcheck: found 0 active agents {{(pid=104060) agent_health_check /opt/stack/neutron/neutron/db/agents_db.py:317}}
Apr 02 10:44:42.909754 np0000162860 neutron-periodic-workers[104060]: DEBUG oslo.service.backend._threading.loopingcall [None req-8f39f42a-b3bd-45a0-b04c-06e8be6d87c7 None None] Fixed interval looping call 'neutron.plugins.ml2.plugin.AgentDbMixin.agent_health_check' sleeping for 36.99 seconds {{(pid=104060) _run_loop /opt/stack/data/venv/lib/python3.12/site-packages/oslo_service/backend/_threading/loopingcall.py:125}}
Apr 02 10:44:50.888116 np0000162860 neutron-periodic-workers[104053]: DEBUG dbcounter [-] [104053] Writing DB stats neutron:SELECT=3 {{(pid=104053) stat_writer /opt/stack/data/venv/lib/python3.12/site-packages/dbcounter.py:115}}
Apr 02 10:44:52.907865 np0000162860 neutron-periodic-workers[104060]: DEBUG dbcounter [-] [104060] Writing DB stats neutron:SELECT=1 {{(pid=104060) stat_writer /opt/stack/data/venv/lib/python3.12/site-packages/dbcounter.py:115}}
Apr 02 10:45:17.850340 np0000162860 neutron-periodic-workers[104053]: DEBUG oslo.service.backend._threading.loopingcall [None req-018cfc96-5eae-4f98-a034-50ba50a24867 None None] Fixed interval looping call 'neutron.plugins.ml2.plugin.DhcpAgentSchedulerDbMixin.remove_networks_from_down_agents' sleeping for 36.99 seconds {{(pid=104053) _run_loop /opt/stack/data/venv/lib/python3.12/site-packages/oslo_service/backend/_threading/loopingcall.py:125}}
Apr 02 10:45:19.905305 np0000162860 neutron-periodic-workers[104060]: DEBUG neutron.db.agents_db [None req-8f39f42a-b3bd-45a0-b04c-06e8be6d87c7 None None] Agent healthcheck: found 0 active agents {{(pid=104060) agent_health_check /opt/stack/neutron/neutron/db/agents_db.py:317}}
Apr 02 10:45:19.905901 np0000162860 neutron-periodic-workers[104060]: DEBUG oslo.service.backend._threading.loopingcall [None req-8f39f42a-b3bd-45a0-b04c-06e8be6d87c7 None None] Fixed interval looping call 'neutron.plugins.ml2.plugin.AgentDbMixin.agent_health_check' sleeping for 36.99 seconds {{(pid=104060) _run_loop /opt/stack/data/venv/lib/python3.12/site-packages/oslo_service/backend/_threading/loopingcall.py:125}}
Apr 02 10:45:27.848943 np0000162860 neutron-periodic-workers[104053]: DEBUG dbcounter [-] [104053] Writing DB stats neutron:SELECT=3 {{(pid=104053) stat_writer /opt/stack/data/venv/lib/python3.12/site-packages/dbcounter.py:115}}
Apr 02 10:45:29.904003 np0000162860 neutron-periodic-workers[104060]: DEBUG dbcounter [-] [104060] Writing DB stats neutron:SELECT=1 {{(pid=104060) stat_writer /opt/stack/data/venv/lib/python3.12/site-packages/dbcounter.py:115}}
Apr 02 10:45:54.850680 np0000162860 neutron-periodic-workers[104053]: DEBUG oslo.service.backend._threading.loopingcall [None req-018cfc96-5eae-4f98-a034-50ba50a24867 None None] Fixed interval looping call 'neutron.plugins.ml2.plugin.DhcpAgentSchedulerDbMixin.remove_networks_from_down_agents' sleeping for 36.99 seconds {{(pid=104053) _run_loop /opt/stack/data/venv/lib/python3.12/site-packages/oslo_service/backend/_threading/loopingcall.py:125}}
Apr 02 10:45:56.902650 np0000162860 neutron-periodic-workers[104060]: DEBUG neutron.db.agents_db [None req-8f39f42a-b3bd-45a0-b04c-06e8be6d87c7 None None] Agent healthcheck: found 0 active agents {{(pid=104060) agent_health_check /opt/stack/neutron/neutron/db/agents_db.py:317}}
Apr 02 10:45:56.903265 np0000162860 neutron-periodic-workers[104060]: DEBUG oslo.service.backend._threading.loopingcall [None req-8f39f42a-b3bd-45a0-b04c-06e8be6d87c7 None None] Fixed interval looping call 'neutron.plugins.ml2.plugin.AgentDbMixin.agent_health_check' sleeping for 36.99 seconds {{(pid=104060) _run_loop /opt/stack/data/venv/lib/python3.12/site-packages/oslo_service/backend/_threading/loopingcall.py:125}}
Apr 02 10:46:04.849523 np0000162860 neutron-periodic-workers[104053]: DEBUG dbcounter [-] [104053] Writing DB stats neutron:SELECT=3 {{(pid=104053) stat_writer /opt/stack/data/venv/lib/python3.12/site-packages/dbcounter.py:115}}
Apr 02 10:46:06.901108 np0000162860 neutron-periodic-workers[104060]: DEBUG dbcounter [-] [104060] Writing DB stats neutron:SELECT=1 {{(pid=104060) stat_writer /opt/stack/data/venv/lib/python3.12/site-packages/dbcounter.py:115}}
Apr 02 10:46:31.851195 np0000162860 neutron-periodic-workers[104053]: DEBUG oslo.service.backend._threading.loopingcall [None req-018cfc96-5eae-4f98-a034-50ba50a24867 None None] Fixed interval looping call 'neutron.plugins.ml2.plugin.DhcpAgentSchedulerDbMixin.remove_networks_from_down_agents' sleeping for 36.99 seconds {{(pid=104053) _run_loop /opt/stack/data/venv/lib/python3.12/site-packages/oslo_service/backend/_threading/loopingcall.py:125}}
Apr 02 10:46:31.889842 np0000162860 neutron-periodic-workers[104068]: DEBUG oslo.service.backend._threading.loopingcall [None req-a66e4c4b-3c65-4f64-b9c6-9f6178777585 None None] Fixed interval looping call 'neutron.db.quota.driver_nolock.DbQuotaNoLockDriver._remove_expired_reservations' sleeping for 119.99 seconds {{(pid=104068) _run_loop /opt/stack/data/venv/lib/python3.12/site-packages/oslo_service/backend/_threading/loopingcall.py:125}}
Apr 02 10:46:33.900469 np0000162860 neutron-periodic-workers[104060]: DEBUG neutron.db.agents_db [None req-8f39f42a-b3bd-45a0-b04c-06e8be6d87c7 None None] Agent healthcheck: found 0 active agents {{(pid=104060) agent_health_check /opt/stack/neutron/neutron/db/agents_db.py:317}}
Apr 02 10:46:33.901224 np0000162860 neutron-periodic-workers[104060]: DEBUG oslo.service.backend._threading.loopingcall [None req-8f39f42a-b3bd-45a0-b04c-06e8be6d87c7 None None] Fixed interval looping call 'neutron.plugins.ml2.plugin.AgentDbMixin.agent_health_check' sleeping for 36.99 seconds {{(pid=104060) _run_loop /opt/stack/data/venv/lib/python3.12/site-packages/oslo_service/backend/_threading/loopingcall.py:125}}
Apr 02 10:46:41.849879 np0000162860 neutron-periodic-workers[104053]: DEBUG dbcounter [-] [104053] Writing DB stats neutron:SELECT=3 {{(pid=104053) stat_writer /opt/stack/data/venv/lib/python3.12/site-packages/dbcounter.py:115}}
Apr 02 10:46:41.888895 np0000162860 neutron-periodic-workers[104068]: DEBUG dbcounter [-] [104068] Writing DB stats neutron:DELETE=1 {{(pid=104068) stat_writer /opt/stack/data/venv/lib/python3.12/site-packages/dbcounter.py:115}}
Apr 02 10:46:43.898117 np0000162860 neutron-periodic-workers[104060]: DEBUG dbcounter [-] [104060] Writing DB stats neutron:SELECT=1 {{(pid=104060) stat_writer /opt/stack/data/venv/lib/python3.12/site-packages/dbcounter.py:115}}
Apr 02 10:47:08.851927 np0000162860 neutron-periodic-workers[104053]: DEBUG oslo.service.backend._threading.loopingcall [None req-018cfc96-5eae-4f98-a034-50ba50a24867 None None] Fixed interval looping call 'neutron.plugins.ml2.plugin.DhcpAgentSchedulerDbMixin.remove_networks_from_down_agents' sleeping for 36.99 seconds {{(pid=104053) _run_loop /opt/stack/data/venv/lib/python3.12/site-packages/oslo_service/backend/_threading/loopingcall.py:125}}
Apr 02 10:47:10.896684 np0000162860 neutron-periodic-workers[104060]: DEBUG neutron.db.agents_db [None req-8f39f42a-b3bd-45a0-b04c-06e8be6d87c7 None None] Agent healthcheck: found 0 active agents {{(pid=104060) agent_health_check /opt/stack/neutron/neutron/db/agents_db.py:317}}
Apr 02 10:47:10.897316 np0000162860 neutron-periodic-workers[104060]: DEBUG oslo.service.backend._threading.loopingcall [None req-8f39f42a-b3bd-45a0-b04c-06e8be6d87c7 None None] Fixed interval looping call 'neutron.plugins.ml2.plugin.AgentDbMixin.agent_health_check' sleeping for 36.99 seconds {{(pid=104060) _run_loop /opt/stack/data/venv/lib/python3.12/site-packages/oslo_service/backend/_threading/loopingcall.py:125}}
Apr 02 10:47:18.850283 np0000162860 neutron-periodic-workers[104053]: DEBUG dbcounter [-] [104053] Writing DB stats neutron:SELECT=3 {{(pid=104053) stat_writer /opt/stack/data/venv/lib/python3.12/site-packages/dbcounter.py:115}}
Apr 02 10:47:20.894866 np0000162860 neutron-periodic-workers[104060]: DEBUG dbcounter [-] [104060] Writing DB stats neutron:SELECT=1 {{(pid=104060) stat_writer /opt/stack/data/venv/lib/python3.12/site-packages/dbcounter.py:115}}
Apr 02 10:47:45.854846 np0000162860 neutron-periodic-workers[104053]: DEBUG oslo.service.backend._threading.loopingcall [None req-018cfc96-5eae-4f98-a034-50ba50a24867 None None] Fixed interval looping call 'neutron.plugins.ml2.plugin.DhcpAgentSchedulerDbMixin.remove_networks_from_down_agents' sleeping for 36.99 seconds {{(pid=104053) _run_loop /opt/stack/data/venv/lib/python3.12/site-packages/oslo_service/backend/_threading/loopingcall.py:125}}
Apr 02 10:47:47.892662 np0000162860 neutron-periodic-workers[104060]: DEBUG neutron.db.agents_db [None req-8f39f42a-b3bd-45a0-b04c-06e8be6d87c7 None None] Agent healthcheck: found 0 active agents {{(pid=104060) agent_health_check /opt/stack/neutron/neutron/db/agents_db.py:317}}
Apr 02 10:47:47.892662 np0000162860 neutron-periodic-workers[104060]: DEBUG oslo.service.backend._threading.loopingcall [None req-8f39f42a-b3bd-45a0-b04c-06e8be6d87c7 None None] Fixed interval looping call 'neutron.plugins.ml2.plugin.AgentDbMixin.agent_health_check' sleeping for 36.99 seconds {{(pid=104060) _run_loop /opt/stack/data/venv/lib/python3.12/site-packages/oslo_service/backend/_threading/loopingcall.py:125}}
Apr 02 10:47:55.853510 np0000162860 neutron-periodic-workers[104053]: DEBUG dbcounter [-] [104053] Writing DB stats neutron:SELECT=3 {{(pid=104053) stat_writer /opt/stack/data/venv/lib/python3.12/site-packages/dbcounter.py:115}}
Apr 02 10:47:57.891075 np0000162860 neutron-periodic-workers[104060]: DEBUG dbcounter [-] [104060] Writing DB stats neutron:SELECT=1 {{(pid=104060) stat_writer /opt/stack/data/venv/lib/python3.12/site-packages/dbcounter.py:115}}
Apr 02 10:48:22.856836 np0000162860 neutron-periodic-workers[104053]: DEBUG oslo.service.backend._threading.loopingcall [None req-018cfc96-5eae-4f98-a034-50ba50a24867 None None] Fixed interval looping call 'neutron.plugins.ml2.plugin.DhcpAgentSchedulerDbMixin.remove_networks_from_down_agents' sleeping for 36.99 seconds {{(pid=104053) _run_loop /opt/stack/data/venv/lib/python3.12/site-packages/oslo_service/backend/_threading/loopingcall.py:125}}
Apr 02 10:48:24.889707 np0000162860 neutron-periodic-workers[104060]: DEBUG neutron.db.agents_db [None req-8f39f42a-b3bd-45a0-b04c-06e8be6d87c7 None None] Agent healthcheck: found 0 active agents {{(pid=104060) agent_health_check /opt/stack/neutron/neutron/db/agents_db.py:317}}
Apr 02 10:48:24.890445 np0000162860 neutron-periodic-workers[104060]: DEBUG oslo.service.backend._threading.loopingcall [None req-8f39f42a-b3bd-45a0-b04c-06e8be6d87c7 None None] Fixed interval looping call 'neutron.plugins.ml2.plugin.AgentDbMixin.agent_health_check' sleeping for 36.99 seconds {{(pid=104060) _run_loop /opt/stack/data/venv/lib/python3.12/site-packages/oslo_service/backend/_threading/loopingcall.py:125}}
Apr 02 10:48:31.886146 np0000162860 neutron-periodic-workers[104068]: DEBUG oslo.service.backend._threading.loopingcall [None req-a66e4c4b-3c65-4f64-b9c6-9f6178777585 None None] Fixed interval looping call 'neutron.db.quota.driver_nolock.DbQuotaNoLockDriver._remove_expired_reservations' sleeping for 119.99 seconds {{(pid=104068) _run_loop /opt/stack/data/venv/lib/python3.12/site-packages/oslo_service/backend/_threading/loopingcall.py:125}}
Apr 02 10:48:32.855728 np0000162860 neutron-periodic-workers[104053]: DEBUG dbcounter [-] [104053] Writing DB stats neutron:SELECT=3 {{(pid=104053) stat_writer /opt/stack/data/venv/lib/python3.12/site-packages/dbcounter.py:115}}
Apr 02 10:48:34.887066 np0000162860 neutron-periodic-workers[104060]: DEBUG dbcounter [-] [104060] Writing DB stats neutron:SELECT=1 {{(pid=104060) stat_writer /opt/stack/data/venv/lib/python3.12/site-packages/dbcounter.py:115}}
Apr 02 10:48:41.884022 np0000162860 neutron-periodic-workers[104068]: DEBUG dbcounter [-] [104068] Writing DB stats neutron:DELETE=1 {{(pid=104068) stat_writer /opt/stack/data/venv/lib/python3.12/site-packages/dbcounter.py:115}}
Apr 02 10:48:59.857100 np0000162860 neutron-periodic-workers[104053]: DEBUG oslo.service.backend._threading.loopingcall [None req-018cfc96-5eae-4f98-a034-50ba50a24867 None None] Fixed interval looping call 'neutron.plugins.ml2.plugin.DhcpAgentSchedulerDbMixin.remove_networks_from_down_agents' sleeping for 36.99 seconds {{(pid=104053) _run_loop /opt/stack/data/venv/lib/python3.12/site-packages/oslo_service/backend/_threading/loopingcall.py:125}}
Apr 02 10:49:01.885751 np0000162860 neutron-periodic-workers[104060]: DEBUG neutron.db.agents_db [None req-8f39f42a-b3bd-45a0-b04c-06e8be6d87c7 None None] Agent healthcheck: found 0 active agents {{(pid=104060) agent_health_check /opt/stack/neutron/neutron/db/agents_db.py:317}}
Apr 02 10:49:01.886709 np0000162860 neutron-periodic-workers[104060]: DEBUG oslo.service.backend._threading.loopingcall [None req-8f39f42a-b3bd-45a0-b04c-06e8be6d87c7 None None] Fixed interval looping call 'neutron.plugins.ml2.plugin.AgentDbMixin.agent_health_check' sleeping for 36.99 seconds {{(pid=104060) _run_loop /opt/stack/data/venv/lib/python3.12/site-packages/oslo_service/backend/_threading/loopingcall.py:125}}
Apr 02 10:49:09.855821 np0000162860 neutron-periodic-workers[104053]: DEBUG dbcounter [-] [104053] Writing DB stats neutron:SELECT=3 {{(pid=104053) stat_writer /opt/stack/data/venv/lib/python3.12/site-packages/dbcounter.py:115}}
Apr 02 10:49:11.884273 np0000162860 neutron-periodic-workers[104060]: DEBUG dbcounter [-] [104060] Writing DB stats neutron:SELECT=1 {{(pid=104060) stat_writer /opt/stack/data/venv/lib/python3.12/site-packages/dbcounter.py:115}}
Apr 02 10:49:19.906802 np0000162860 neutron-periodic-workers[104078]: DEBUG oslo.service.backend._threading.loopingcall [None req-731b6b5a-ca89-4392-9677-e4c14d6cff6c None None] Fixed interval looping call 'neutron.services.ovn_l3.plugin.L3_NAT_dbonly_mixin._clean_garbage' sleeping for 299.99 seconds {{(pid=104078) _run_loop /opt/stack/data/venv/lib/python3.12/site-packages/oslo_service/backend/_threading/loopingcall.py:125}}
Apr 02 10:49:29.899620 np0000162860 neutron-periodic-workers[104078]: DEBUG dbcounter [-] [104078] Writing DB stats neutron:SELECT=1 {{(pid=104078) stat_writer /opt/stack/data/venv/lib/python3.12/site-packages/dbcounter.py:115}}
Apr 02 10:49:36.858027 np0000162860 neutron-periodic-workers[104053]: DEBUG oslo.service.backend._threading.loopingcall [None req-018cfc96-5eae-4f98-a034-50ba50a24867 None None] Fixed interval looping call 'neutron.plugins.ml2.plugin.DhcpAgentSchedulerDbMixin.remove_networks_from_down_agents' sleeping for 36.99 seconds {{(pid=104053) _run_loop /opt/stack/data/venv/lib/python3.12/site-packages/oslo_service/backend/_threading/loopingcall.py:125}}
Apr 02 10:49:38.881499 np0000162860 neutron-periodic-workers[104060]: DEBUG neutron.db.agents_db [None req-8f39f42a-b3bd-45a0-b04c-06e8be6d87c7 None None] Agent healthcheck: found 0 active agents {{(pid=104060) agent_health_check /opt/stack/neutron/neutron/db/agents_db.py:317}}
Apr 02 10:49:38.882066 np0000162860 neutron-periodic-workers[104060]: DEBUG oslo.service.backend._threading.loopingcall [None req-8f39f42a-b3bd-45a0-b04c-06e8be6d87c7 None None] Fixed interval looping call 'neutron.plugins.ml2.plugin.AgentDbMixin.agent_health_check' sleeping for 36.99 seconds {{(pid=104060) _run_loop /opt/stack/data/venv/lib/python3.12/site-packages/oslo_service/backend/_threading/loopingcall.py:125}}
Apr 02 10:49:46.857236 np0000162860 neutron-periodic-workers[104053]: DEBUG dbcounter [-] [104053] Writing DB stats neutron:SELECT=3 {{(pid=104053) stat_writer /opt/stack/data/venv/lib/python3.12/site-packages/dbcounter.py:115}}
Apr 02 10:49:48.880519 np0000162860 neutron-periodic-workers[104060]: DEBUG dbcounter [-] [104060] Writing DB stats neutron:SELECT=1 {{(pid=104060) stat_writer /opt/stack/data/venv/lib/python3.12/site-packages/dbcounter.py:115}}
Apr 02 10:50:13.863349 np0000162860 neutron-periodic-workers[104053]: DEBUG oslo.service.backend._threading.loopingcall [None req-018cfc96-5eae-4f98-a034-50ba50a24867 None None] Fixed interval looping call 'neutron.plugins.ml2.plugin.DhcpAgentSchedulerDbMixin.remove_networks_from_down_agents' sleeping for 36.99 seconds {{(pid=104053) _run_loop /opt/stack/data/venv/lib/python3.12/site-packages/oslo_service/backend/_threading/loopingcall.py:125}}
Apr 02 10:50:15.879163 np0000162860 neutron-periodic-workers[104060]: DEBUG neutron.db.agents_db [None req-8f39f42a-b3bd-45a0-b04c-06e8be6d87c7 None None] Agent healthcheck: found 0 active agents {{(pid=104060) agent_health_check /opt/stack/neutron/neutron/db/agents_db.py:317}}
Apr 02 10:50:15.880028 np0000162860 neutron-periodic-workers[104060]: DEBUG oslo.service.backend._threading.loopingcall [None req-8f39f42a-b3bd-45a0-b04c-06e8be6d87c7 None None] Fixed interval looping call 'neutron.plugins.ml2.plugin.AgentDbMixin.agent_health_check' sleeping for 36.99 seconds {{(pid=104060) _run_loop /opt/stack/data/venv/lib/python3.12/site-packages/oslo_service/backend/_threading/loopingcall.py:125}}
Apr 02 10:50:23.871856 np0000162860 neutron-periodic-workers[104053]: DEBUG dbcounter [-] [104053] Writing DB stats neutron:SELECT=3 {{(pid=104053) stat_writer /opt/stack/data/venv/lib/python3.12/site-packages/dbcounter.py:115}}
Apr 02 10:50:25.880024 np0000162860 neutron-periodic-workers[104060]: DEBUG dbcounter [-] [104060] Writing DB stats neutron:SELECT=1 {{(pid=104060) stat_writer /opt/stack/data/venv/lib/python3.12/site-packages/dbcounter.py:115}}
Apr 02 10:50:31.892685 np0000162860 neutron-periodic-workers[104068]: DEBUG oslo.service.backend._threading.loopingcall [None req-a66e4c4b-3c65-4f64-b9c6-9f6178777585 None None] Fixed interval looping call 'neutron.db.quota.driver_nolock.DbQuotaNoLockDriver._remove_expired_reservations' sleeping for 119.98 seconds {{(pid=104068) _run_loop /opt/stack/data/venv/lib/python3.12/site-packages/oslo_service/backend/_threading/loopingcall.py:125}}
Apr 02 10:50:41.889828 np0000162860 neutron-periodic-workers[104068]: DEBUG dbcounter [-] [104068] Writing DB stats neutron:DELETE=1 {{(pid=104068) stat_writer /opt/stack/data/venv/lib/python3.12/site-packages/dbcounter.py:115}}
Apr 02 10:50:50.863825 np0000162860 neutron-periodic-workers[104053]: DEBUG oslo.service.backend._threading.loopingcall [None req-018cfc96-5eae-4f98-a034-50ba50a24867 None None] Fixed interval looping call 'neutron.plugins.ml2.plugin.DhcpAgentSchedulerDbMixin.remove_networks_from_down_agents' sleeping for 36.99 seconds {{(pid=104053) _run_loop /opt/stack/data/venv/lib/python3.12/site-packages/oslo_service/backend/_threading/loopingcall.py:125}}
Apr 02 10:50:52.876265 np0000162860 neutron-periodic-workers[104060]: DEBUG neutron.db.agents_db [None req-8f39f42a-b3bd-45a0-b04c-06e8be6d87c7 None None] Agent healthcheck: found 0 active agents {{(pid=104060) agent_health_check /opt/stack/neutron/neutron/db/agents_db.py:317}}
Apr 02 10:50:52.876856 np0000162860 neutron-periodic-workers[104060]: DEBUG oslo.service.backend._threading.loopingcall [None req-8f39f42a-b3bd-45a0-b04c-06e8be6d87c7 None None] Fixed interval looping call 'neutron.plugins.ml2.plugin.AgentDbMixin.agent_health_check' sleeping for 36.99 seconds {{(pid=104060) _run_loop /opt/stack/data/venv/lib/python3.12/site-packages/oslo_service/backend/_threading/loopingcall.py:125}}
Apr 02 10:51:00.862745 np0000162860 neutron-periodic-workers[104053]: DEBUG dbcounter [-] [104053] Writing DB stats neutron:SELECT=3 {{(pid=104053) stat_writer /opt/stack/data/venv/lib/python3.12/site-packages/dbcounter.py:115}}
Apr 02 10:51:02.874308 np0000162860 neutron-periodic-workers[104060]: DEBUG dbcounter [-] [104060] Writing DB stats neutron:SELECT=1 {{(pid=104060) stat_writer /opt/stack/data/venv/lib/python3.12/site-packages/dbcounter.py:115}}
Apr 02 10:51:27.864847 np0000162860 neutron-periodic-workers[104053]: DEBUG oslo.service.backend._threading.loopingcall [None req-018cfc96-5eae-4f98-a034-50ba50a24867 None None] Fixed interval looping call 'neutron.plugins.ml2.plugin.DhcpAgentSchedulerDbMixin.remove_networks_from_down_agents' sleeping for 36.99 seconds {{(pid=104053) _run_loop /opt/stack/data/venv/lib/python3.12/site-packages/oslo_service/backend/_threading/loopingcall.py:125}}
Apr 02 10:51:29.871470 np0000162860 neutron-periodic-workers[104060]: DEBUG neutron.db.agents_db [None req-8f39f42a-b3bd-45a0-b04c-06e8be6d87c7 None None] Agent healthcheck: found 0 active agents {{(pid=104060) agent_health_check /opt/stack/neutron/neutron/db/agents_db.py:317}}
Apr 02 10:51:29.872041 np0000162860 neutron-periodic-workers[104060]: DEBUG oslo.service.backend._threading.loopingcall [None req-8f39f42a-b3bd-45a0-b04c-06e8be6d87c7 None None] Fixed interval looping call 'neutron.plugins.ml2.plugin.AgentDbMixin.agent_health_check' sleeping for 37.00 seconds {{(pid=104060) _run_loop /opt/stack/data/venv/lib/python3.12/site-packages/oslo_service/backend/_threading/loopingcall.py:125}}
Apr 02 10:51:37.863183 np0000162860 neutron-periodic-workers[104053]: DEBUG dbcounter [-] [104053] Writing DB stats neutron:SELECT=3 {{(pid=104053) stat_writer /opt/stack/data/venv/lib/python3.12/site-packages/dbcounter.py:115}}
Apr 02 10:51:39.869763 np0000162860 neutron-periodic-workers[104060]: DEBUG dbcounter [-] [104060] Writing DB stats neutron:SELECT=1 {{(pid=104060) stat_writer /opt/stack/data/venv/lib/python3.12/site-packages/dbcounter.py:115}}
Apr 02 10:52:04.864675 np0000162860 neutron-periodic-workers[104053]: DEBUG oslo.service.backend._threading.loopingcall [None req-018cfc96-5eae-4f98-a034-50ba50a24867 None None] Fixed interval looping call 'neutron.plugins.ml2.plugin.DhcpAgentSchedulerDbMixin.remove_networks_from_down_agents' sleeping for 36.99 seconds {{(pid=104053) _run_loop /opt/stack/data/venv/lib/python3.12/site-packages/oslo_service/backend/_threading/loopingcall.py:125}}
Apr 02 10:52:06.877859 np0000162860 neutron-periodic-workers[104060]: DEBUG neutron.db.agents_db [None req-8f39f42a-b3bd-45a0-b04c-06e8be6d87c7 None None] Agent healthcheck: found 0 active agents {{(pid=104060) agent_health_check /opt/stack/neutron/neutron/db/agents_db.py:317}}
Apr 02 10:52:06.878788 np0000162860 neutron-periodic-workers[104060]: DEBUG oslo.service.backend._threading.loopingcall [None req-8f39f42a-b3bd-45a0-b04c-06e8be6d87c7 None None] Fixed interval looping call 'neutron.plugins.ml2.plugin.AgentDbMixin.agent_health_check' sleeping for 36.99 seconds {{(pid=104060) _run_loop /opt/stack/data/venv/lib/python3.12/site-packages/oslo_service/backend/_threading/loopingcall.py:125}}
Apr 02 10:52:14.863762 np0000162860 neutron-periodic-workers[104053]: DEBUG dbcounter [-] [104053] Writing DB stats neutron:SELECT=3 {{(pid=104053) stat_writer /opt/stack/data/venv/lib/python3.12/site-packages/dbcounter.py:115}}
Apr 02 10:52:16.876240 np0000162860 neutron-periodic-workers[104060]: DEBUG dbcounter [-] [104060] Writing DB stats neutron:SELECT=1 {{(pid=104060) stat_writer /opt/stack/data/venv/lib/python3.12/site-packages/dbcounter.py:115}}
Apr 02 10:52:31.877295 np0000162860 neutron-periodic-workers[104068]: DEBUG oslo.service.backend._threading.loopingcall [None req-a66e4c4b-3c65-4f64-b9c6-9f6178777585 None None] Fixed interval looping call 'neutron.db.quota.driver_nolock.DbQuotaNoLockDriver._remove_expired_reservations' sleeping for 120.00 seconds {{(pid=104068) _run_loop /opt/stack/data/venv/lib/python3.12/site-packages/oslo_service/backend/_threading/loopingcall.py:125}}
Apr 02 10:52:41.879660 np0000162860 neutron-periodic-workers[104068]: DEBUG dbcounter [-] [104068] Writing DB stats neutron:DELETE=1 {{(pid=104068) stat_writer /opt/stack/data/venv/lib/python3.12/site-packages/dbcounter.py:115}}
