Apr 24 19:11:33.918606 np0000170094 devstack@neutron-api.service[104484]: DEBUG neutron_lib.callbacks.manager [None req-1169ebe8-50cc-40ef-9928-9ece81ce8392 None None] Subscribe: > subnet after_create 55550000, False {{(pid=104484) subscribe /opt/stack/data/venv/lib/python3.12/site-packages/neutron_lib/callbacks/manager.py:52}}
Apr 24 19:11:33.918790 np0000170094 devstack@neutron-api.service[104484]: DEBUG neutron_lib.callbacks.manager [None req-1169ebe8-50cc-40ef-9928-9ece81ce8392 None None] Subscribe: > subnet after_update 55550000, False {{(pid=104484) subscribe /opt/stack/data/venv/lib/python3.12/site-packages/neutron_lib/callbacks/manager.py:52}}
Apr 24 19:11:33.918912 np0000170094 devstack@neutron-api.service[104484]: DEBUG neutron_lib.callbacks.manager [None req-1169ebe8-50cc-40ef-9928-9ece81ce8392 None None] Subscribe: > subnet after_delete 55550000, False {{(pid=104484) subscribe /opt/stack/data/venv/lib/python3.12/site-packages/neutron_lib/callbacks/manager.py:52}}
Apr 24 19:11:33.919024 np0000170094 devstack@neutron-api.service[104484]: DEBUG neutron_lib.callbacks.manager [None req-1169ebe8-50cc-40ef-9928-9ece81ce8392 None None] Subscribe: > network after_create 55550000, False {{(pid=104484) subscribe /opt/stack/data/venv/lib/python3.12/site-packages/neutron_lib/callbacks/manager.py:52}}
Apr 24 19:11:33.919197 np0000170094 devstack@neutron-api.service[104484]: DEBUG neutron_lib.callbacks.manager [None req-1169ebe8-50cc-40ef-9928-9ece81ce8392 None None] Subscribe: > network after_update 55550000, False {{(pid=104484) subscribe /opt/stack/data/venv/lib/python3.12/site-packages/neutron_lib/callbacks/manager.py:52}}
Apr 24 19:11:33.919295 np0000170094 devstack@neutron-api.service[104484]: DEBUG neutron_lib.callbacks.manager [None req-1169ebe8-50cc-40ef-9928-9ece81ce8392 None None] Subscribe: > network after_delete 55550000, False {{(pid=104484) subscribe /opt/stack/data/venv/lib/python3.12/site-packages/neutron_lib/callbacks/manager.py:52}}
Apr 24 19:11:33.919452 np0000170094 devstack@neutron-api.service[104484]: DEBUG neutron_lib.callbacks.manager [None req-1169ebe8-50cc-40ef-9928-9ece81ce8392 None None] Subscribe: > security_group after_create 55550000, False {{(pid=104484) subscribe /opt/stack/data/venv/lib/python3.12/site-packages/neutron_lib/callbacks/manager.py:52}}
Apr 24 19:11:33.919574 np0000170094 devstack@neutron-api.service[104484]: DEBUG neutron_lib.callbacks.manager [None req-1169ebe8-50cc-40ef-9928-9ece81ce8392 None None] Subscribe: > security_group after_update 55550000, False {{(pid=104484) subscribe /opt/stack/data/venv/lib/python3.12/site-packages/neutron_lib/callbacks/manager.py:52}}
Apr 24 19:11:33.919729 np0000170094 devstack@neutron-api.service[104484]: DEBUG neutron_lib.callbacks.manager [None req-1169ebe8-50cc-40ef-9928-9ece81ce8392 None None] Subscribe: > security_group after_delete 55550000, False {{(pid=104484) subscribe /opt/stack/data/venv/lib/python3.12/site-packages/neutron_lib/callbacks/manager.py:52}}
Apr 24 19:11:33.919842 np0000170094 devstack@neutron-api.service[104484]: DEBUG neutron_lib.callbacks.manager [None req-1169ebe8-50cc-40ef-9928-9ece81ce8392 None None] Subscribe: > security_group_rule after_create 55550000, False {{(pid=104484) subscribe /opt/stack/data/venv/lib/python3.12/site-packages/neutron_lib/callbacks/manager.py:52}}
Apr 24 19:11:33.919956 np0000170094 devstack@neutron-api.service[104484]: DEBUG neutron_lib.callbacks.manager [None req-1169ebe8-50cc-40ef-9928-9ece81ce8392 None None] Subscribe: > security_group_rule after_update 55550000, False {{(pid=104484) subscribe /opt/stack/data/venv/lib/python3.12/site-packages/neutron_lib/callbacks/manager.py:52}}
Apr 24 19:11:33.920064 np0000170094 devstack@neutron-api.service[104484]: DEBUG neutron_lib.callbacks.manager [None req-1169ebe8-50cc-40ef-9928-9ece81ce8392 None None] Subscribe: > security_group_rule after_delete 55550000, False {{(pid=104484) subscribe /opt/stack/data/venv/lib/python3.12/site-packages/neutron_lib/callbacks/manager.py:52}}
Apr 24 19:11:33.920195 np0000170094 devstack@neutron-api.service[104484]: DEBUG neutron_lib.callbacks.manager [None req-1169ebe8-50cc-40ef-9928-9ece81ce8392 None None] Subscribe: > address_group after_create 55550000, False {{(pid=104484) subscribe /opt/stack/data/venv/lib/python3.12/site-packages/neutron_lib/callbacks/manager.py:52}}
Apr 24 19:11:33.920316 np0000170094 devstack@neutron-api.service[104484]: DEBUG neutron_lib.callbacks.manager [None req-1169ebe8-50cc-40ef-9928-9ece81ce8392 None None] Subscribe: > address_group after_update 55550000, False {{(pid=104484) subscribe /opt/stack/data/venv/lib/python3.12/site-packages/neutron_lib/callbacks/manager.py:52}}
Apr 24 19:11:33.920576 np0000170094 devstack@neutron-api.service[104484]: DEBUG neutron_lib.callbacks.manager [None req-1169ebe8-50cc-40ef-9928-9ece81ce8392 None None] Subscribe: > address_group after_delete 55550000, False {{(pid=104484) subscribe /opt/stack/data/venv/lib/python3.12/site-packages/neutron_lib/callbacks/manager.py:52}}
Apr 24 19:11:33.920710 np0000170094 devstack@neutron-api.service[104484]: DEBUG neutron.plugins.ml2.ovo_rpc [None req-1169ebe8-50cc-40ef-9928-9ece81ce8392 None None] ML2 OVO RPC backend initialized. {{(pid=104484) __init__ /opt/stack/neutron/neutron/plugins/ml2/ovo_rpc.py:117}}
Apr 24 19:11:33.920831 np0000170094 devstack@neutron-api.service[104483]: DEBUG neutron.services.provider_configuration [None req-1adea4dd-eee3-4623-adbd-c1166676e92d None None] Service providers = [] {{(pid=104483) parse_service_provider_opt /opt/stack/neutron/neutron/services/provider_configuration.py:170}}
Apr 24 19:11:33.920928 np0000170094 devstack@neutron-api.service[104483]: DEBUG neutron.db.servicetype_db [None req-1adea4dd-eee3-4623-adbd-c1166676e92d None None] Adding provider configuration for service L3_ROUTER_NAT {{(pid=104483) add_provider_configuration /opt/stack/neutron/neutron/db/servicetype_db.py:42}}
Apr 24 19:11:33.921604 np0000170094 devstack@neutron-api.service[104484]: INFO neutron.quota [None req-1169ebe8-50cc-40ef-9928-9ece81ce8392 None None] Loaded quota_driver: .
Apr 24 19:11:33.921720 np0000170094 devstack@neutron-api.service[104484]: INFO neutron.plugins.ml2.plugin [None req-1169ebe8-50cc-40ef-9928-9ece81ce8392 None None] Modular L2 Plugin initialization complete
Apr 24 19:11:33.921893 np0000170094 devstack@neutron-api.service[104484]: DEBUG neutron.manager [None req-1169ebe8-50cc-40ef-9928-9ece81ce8392 None None] Loading services supported by the core plugin {{(pid=104484) _load_services_from_core_plugin /opt/stack/neutron/neutron/manager.py:170}}
Apr 24 19:11:33.922042 np0000170094 devstack@neutron-api.service[104484]: INFO neutron.plugins.ml2.managers [None req-1169ebe8-50cc-40ef-9928-9ece81ce8392 None None] Got port-security extension from driver 'port_security'
Apr 24 19:11:33.922157 np0000170094 devstack@neutron-api.service[104483]: DEBUG neutron_lib.callbacks.manager [None req-1adea4dd-eee3-4623-adbd-c1166676e92d None None] Subscribe: > router precommit_create 55549900, False {{(pid=104483) subscribe /opt/stack/data/venv/lib/python3.12/site-packages/neutron_lib/callbacks/manager.py:52}}
Apr 24 19:11:33.922271 np0000170094 devstack@neutron-api.service[104483]: DEBUG neutron_lib.callbacks.manager [None req-1adea4dd-eee3-4623-adbd-c1166676e92d None None] Subscribe: > router_interface after_create 55550000, False {{(pid=104483) subscribe /opt/stack/data/venv/lib/python3.12/site-packages/neutron_lib/callbacks/manager.py:52}}
Apr 24 19:11:33.922394 np0000170094 devstack@neutron-api.service[104483]: DEBUG neutron_lib.callbacks.manager [None req-1adea4dd-eee3-4623-adbd-c1166676e92d None None] Subscribe: > floatingip after_create 55550000, False {{(pid=104483) subscribe /opt/stack/data/venv/lib/python3.12/site-packages/neutron_lib/callbacks/manager.py:52}}
Apr 24 19:11:33.922441 np0000170094 devstack@neutron-api.service[104484]: DEBUG neutron.manager [None req-1169ebe8-50cc-40ef-9928-9ece81ce8392 None None] Loading service plugins: ['ovn-router', 'auto_allocate', 'tag', 'timestamp', 'network_ip_availability', 'flavors', 'revisions'] {{(pid=104484) _load_service_plugins /opt/stack/neutron/neutron/manager.py:195}}
Apr 24 19:11:33.922542 np0000170094 devstack@neutron-api.service[104483]: DEBUG neutron_lib.callbacks.manager [None req-1adea4dd-eee3-4623-adbd-c1166676e92d None None] Subscribe: > floatingip precommit_create 55550000, False {{(pid=104483) subscribe /opt/stack/data/venv/lib/python3.12/site-packages/neutron_lib/callbacks/manager.py:52}}
Apr 24 19:11:33.922597 np0000170094 devstack@neutron-api.service[104484]: INFO neutron.manager [None req-1169ebe8-50cc-40ef-9928-9ece81ce8392 None None] Loading Plugin: ovn-router
Apr 24 19:11:33.922643 np0000170094 devstack@neutron-api.service[104483]: DEBUG neutron_lib.callbacks.manager [None req-1adea4dd-eee3-4623-adbd-c1166676e92d None None] Subscribe: > floatingip precommit_update 55550000, False {{(pid=104483) subscribe /opt/stack/data/venv/lib/python3.12/site-packages/neutron_lib/callbacks/manager.py:52}}
Apr 24 19:11:33.922697 np0000170094 devstack@neutron-api.service[104483]: DEBUG neutron_lib.callbacks.manager [None req-1adea4dd-eee3-4623-adbd-c1166676e92d None None] Subscribe: > floatingip after_delete 55550000, False {{(pid=104483) subscribe /opt/stack/data/venv/lib/python3.12/site-packages/neutron_lib/callbacks/manager.py:52}}
Apr 24 19:11:33.922799 np0000170094 devstack@neutron-api.service[104483]: DEBUG neutron_lib.callbacks.manager [None req-1adea4dd-eee3-4623-adbd-c1166676e92d None None] Subscribe: > floatingip after_status_update 55550000, False {{(pid=104483) subscribe /opt/stack/data/venv/lib/python3.12/site-packages/neutron_lib/callbacks/manager.py:52}}
Apr 24 19:11:33.922889 np0000170094 devstack@neutron-api.service[104483]: DEBUG neutron_lib.callbacks.manager [None req-1adea4dd-eee3-4623-adbd-c1166676e92d None None] Subscribe: > floatingip after_update 55550000, False {{(pid=104483) subscribe /opt/stack/data/venv/lib/python3.12/site-packages/neutron_lib/callbacks/manager.py:52}}
Apr 24 19:11:33.922990 np0000170094 devstack@neutron-api.service[104483]: DEBUG neutron_lib.callbacks.manager [None req-1adea4dd-eee3-4623-adbd-c1166676e92d None None] Subscribe: > port_forwarding after_create 55550000, False {{(pid=104483) subscribe /opt/stack/data/venv/lib/python3.12/site-packages/neutron_lib/callbacks/manager.py:52}}
Apr 24 19:11:33.923092 np0000170094 devstack@neutron-api.service[104483]: DEBUG neutron_lib.callbacks.manager [None req-1adea4dd-eee3-4623-adbd-c1166676e92d None None] Subscribe: > router_interface after_delete 55550000, False {{(pid=104483) subscribe /opt/stack/data/venv/lib/python3.12/site-packages/neutron_lib/callbacks/manager.py:52}}
Apr 24 19:11:33.923193 np0000170094 devstack@neutron-api.service[104483]: DEBUG neutron_lib.callbacks.manager [None req-1adea4dd-eee3-4623-adbd-c1166676e92d None None] Subscribe: > router after_create 55550000, False {{(pid=104483) subscribe /opt/stack/data/venv/lib/python3.12/site-packages/neutron_lib/callbacks/manager.py:52}}
Apr 24 19:11:33.923316 np0000170094 devstack@neutron-api.service[104483]: DEBUG neutron_lib.callbacks.manager [None req-1adea4dd-eee3-4623-adbd-c1166676e92d None None] Subscribe: > router precommit_create 55550000, False {{(pid=104483) subscribe /opt/stack/data/venv/lib/python3.12/site-packages/neutron_lib/callbacks/manager.py:52}}
Apr 24 19:11:33.923404 np0000170094 devstack@neutron-api.service[104483]: DEBUG neutron_lib.callbacks.manager [None req-1adea4dd-eee3-4623-adbd-c1166676e92d None None] Subscribe: > router after_delete 55550000, False {{(pid=104483) subscribe /opt/stack/data/venv/lib/python3.12/site-packages/neutron_lib/callbacks/manager.py:52}}
Apr 24 19:11:33.923530 np0000170094 devstack@neutron-api.service[104483]: DEBUG neutron_lib.callbacks.manager [None req-1adea4dd-eee3-4623-adbd-c1166676e92d None None] Subscribe: > router after_update 55550000, False {{(pid=104483) subscribe /opt/stack/data/venv/lib/python3.12/site-packages/neutron_lib/callbacks/manager.py:52}}
Apr 24 19:11:33.923612 np0000170094 devstack@neutron-api.service[104483]: DEBUG neutron.services.service_base [None req-1adea4dd-eee3-4623-adbd-c1166676e92d None None] Loaded 'neutron.services.ovn_l3.service_providers.ovn.OvnDriver' provider for service L3_ROUTER_NAT {{(pid=104483) load_drivers /opt/stack/neutron/neutron/services/service_base.py:49}}
Apr 24 19:11:33.923747 np0000170094 devstack@neutron-api.service[104483]: DEBUG neutron_lib.callbacks.manager [None req-1adea4dd-eee3-4623-adbd-c1166676e92d None None] Subscribe: > process after_init 55550001, True {{(pid=104483) subscribe /opt/stack/data/venv/lib/python3.12/site-packages/neutron_lib/callbacks/manager.py:52}}
Apr 24 19:11:33.923872 np0000170094 devstack@neutron-api.service[104483]: DEBUG neutron.manager [None req-1adea4dd-eee3-4623-adbd-c1166676e92d None None] Successfully loaded L3_ROUTER_NAT plugin. Description: L3 Router Service Plugin for basic L3 forwarding using OVN {{(pid=104483) _create_and_add_service_plugin /opt/stack/neutron/neutron/manager.py:239}}
Apr 24 19:11:33.923981 np0000170094 devstack@neutron-api.service[104483]: INFO neutron.manager [None req-1adea4dd-eee3-4623-adbd-c1166676e92d None None] Loading Plugin: auto_allocate
Apr 24 19:11:33.924825 np0000170094 devstack@neutron-api.service[104483]: DEBUG neutron_lib.callbacks.manager [None req-1adea4dd-eee3-4623-adbd-c1166676e92d None None] Subscribe: network precommit_update 55550000, False {{(pid=104483) subscribe /opt/stack/data/venv/lib/python3.12/site-packages/neutron_lib/callbacks/manager.py:52}}
Apr 24 19:11:33.924917 np0000170094 devstack@neutron-api.service[104483]: DEBUG neutron_lib.callbacks.manager [None req-1adea4dd-eee3-4623-adbd-c1166676e92d None None] Subscribe: network precommit_create 55550000, False {{(pid=104483) subscribe /opt/stack/data/venv/lib/python3.12/site-packages/neutron_lib/callbacks/manager.py:52}}
Apr 24 19:11:33.925111 np0000170094 devstack@neutron-api.service[104483]: DEBUG neutron.manager [None req-1adea4dd-eee3-4623-adbd-c1166676e92d None None] Successfully loaded auto-allocated-topology plugin. Description: Auto Allocated Topology - aka get me a network. {{(pid=104483) _create_and_add_service_plugin /opt/stack/neutron/neutron/manager.py:239}}
Apr 24 19:11:33.925397 np0000170094 devstack@neutron-api.service[104483]: INFO neutron.manager [None req-1adea4dd-eee3-4623-adbd-c1166676e92d None None] Loading Plugin: tag
Apr 24 19:11:33.928119 np0000170094 devstack@neutron-api.service[104483]: DEBUG neutron.manager [None req-1adea4dd-eee3-4623-adbd-c1166676e92d None None] Successfully loaded TAG plugin. Description: Tag support {{(pid=104483) _create_and_add_service_plugin /opt/stack/neutron/neutron/manager.py:239}}
Apr 24 19:11:33.928217 np0000170094 devstack@neutron-api.service[104483]: INFO neutron.manager [None req-1adea4dd-eee3-4623-adbd-c1166676e92d None None] Loading Plugin: timestamp
Apr 24 19:11:33.928708 np0000170094 devstack@neutron-api.service[104481]: INFO neutron.plugins.ml2.drivers.type_vlan [None req-821c431d-00bb-48e5-865f-7a9dcfb6c178 None None] VlanTypeDriver initialization complete
Apr 24 19:11:33.928898 np0000170094 devstack@neutron-api.service[104481]: INFO neutron.plugins.ml2.managers [None req-821c431d-00bb-48e5-865f-7a9dcfb6c178 None None] Initializing extension driver 'port_security'
Apr 24 19:11:33.928898 np0000170094 devstack@neutron-api.service[104481]: INFO neutron.plugins.ml2.extensions.port_security [None req-821c431d-00bb-48e5-865f-7a9dcfb6c178 None None] PortSecurityExtensionDriver initialization complete
Apr 24 19:11:33.929000 np0000170094 devstack@neutron-api.service[104481]: INFO neutron.plugins.ml2.managers [None req-821c431d-00bb-48e5-865f-7a9dcfb6c178 None None] Initializing extension driver 'qos'
Apr 24 19:11:33.929123 np0000170094 devstack@neutron-api.service[104481]: DEBUG neutron.plugins.ml2.extensions.qos [None req-821c431d-00bb-48e5-865f-7a9dcfb6c178 None None] QosExtensionDriver initialization complete {{(pid=104481) initialize /opt/stack/neutron/neutron/plugins/ml2/extensions/qos.py:31}}
Apr 24 19:11:33.929270 np0000170094 devstack@neutron-api.service[104481]: INFO neutron.plugins.ml2.managers [None req-821c431d-00bb-48e5-865f-7a9dcfb6c178 None None] Initializing mechanism driver 'ovn'
Apr 24 19:11:33.929415 np0000170094 devstack@neutron-api.service[104483]: DEBUG neutron.manager [None req-1adea4dd-eee3-4623-adbd-c1166676e92d None None] Successfully loaded timestamp plugin. Description: Adds timestamps to Neutron resources with standard attributes {{(pid=104483) _create_and_add_service_plugin /opt/stack/neutron/neutron/manager.py:239}}
Apr 24 19:11:33.929451 np0000170094 devstack@neutron-api.service[104481]: INFO neutron.plugins.ml2.drivers.ovn.mech_driver.mech_driver [None req-821c431d-00bb-48e5-865f-7a9dcfb6c178 None None] Starting OVNMechanismDriver
Apr 24 19:11:33.929639 np0000170094 devstack@neutron-api.service[104483]: INFO neutron.manager [None req-1adea4dd-eee3-4623-adbd-c1166676e92d None None] Loading Plugin: network_ip_availability
Apr 24 19:11:33.931087 np0000170094 devstack@neutron-api.service[104483]: DEBUG neutron.manager [None req-1adea4dd-eee3-4623-adbd-c1166676e92d None None] Successfully loaded network-ip-availability plugin. Description: Provides IP availability data for each network and subnet. {{(pid=104483) _create_and_add_service_plugin /opt/stack/neutron/neutron/manager.py:239}}
Apr 24 19:11:33.931117 np0000170094 devstack@neutron-api.service[104481]: DEBUG neutron_lib.callbacks.manager [None req-821c431d-00bb-48e5-865f-7a9dcfb6c178 None None] Subscribe: > process before_spawn 55550000, False {{(pid=104481) subscribe /opt/stack/data/venv/lib/python3.12/site-packages/neutron_lib/callbacks/manager.py:52}}
Apr 24 19:11:33.931203 np0000170094 devstack@neutron-api.service[104483]: INFO neutron.manager [None req-1adea4dd-eee3-4623-adbd-c1166676e92d None None] Loading Plugin: flavors
Apr 24 19:11:33.931317 np0000170094 devstack@neutron-api.service[104481]: DEBUG neutron_lib.callbacks.manager [None req-821c431d-00bb-48e5-865f-7a9dcfb6c178 None None] Subscribe: > process after_init 55550000, True {{(pid=104481) subscribe /opt/stack/data/venv/lib/python3.12/site-packages/neutron_lib/callbacks/manager.py:52}}
Apr 24 19:11:33.931513 np0000170094 devstack@neutron-api.service[104481]: DEBUG neutron_lib.callbacks.manager [None req-821c431d-00bb-48e5-865f-7a9dcfb6c178 None None] Subscribe: > segment after_create 55550000, False {{(pid=104481) subscribe /opt/stack/data/venv/lib/python3.12/site-packages/neutron_lib/callbacks/manager.py:52}}
Apr 24 19:11:33.931513 np0000170094 devstack@neutron-api.service[104481]: DEBUG neutron_lib.callbacks.manager [None req-821c431d-00bb-48e5-865f-7a9dcfb6c178 None None] Subscribe: > segment after_create 55550000, False {{(pid=104481) subscribe /opt/stack/data/venv/lib/python3.12/site-packages/neutron_lib/callbacks/manager.py:52}}
Apr 24 19:11:33.931649 np0000170094 devstack@neutron-api.service[104481]: DEBUG neutron_lib.callbacks.manager [None req-821c431d-00bb-48e5-865f-7a9dcfb6c178 None None] Subscribe: > segment after_delete 55550000, False {{(pid=104481) subscribe /opt/stack/data/venv/lib/python3.12/site-packages/neutron_lib/callbacks/manager.py:52}}
Apr 24 19:11:33.931757 np0000170094 devstack@neutron-api.service[104481]: DEBUG neutron_lib.callbacks.manager [None req-821c431d-00bb-48e5-865f-7a9dcfb6c178 None None] Subscribe: > allowed_address_pair before_create 55550000, False {{(pid=104481) subscribe /opt/stack/data/venv/lib/python3.12/site-packages/neutron_lib/callbacks/manager.py:52}}
Apr 24 19:11:33.931853 np0000170094 devstack@neutron-api.service[104481]: DEBUG neutron_lib.callbacks.manager [None req-821c431d-00bb-48e5-865f-7a9dcfb6c178 None None] Subscribe: > security_group precommit_create 55550000, False {{(pid=104481) subscribe /opt/stack/data/venv/lib/python3.12/site-packages/neutron_lib/callbacks/manager.py:52}}
Apr 24 19:11:33.932043 np0000170094 devstack@neutron-api.service[104481]: DEBUG neutron_lib.callbacks.manager [None req-821c431d-00bb-48e5-865f-7a9dcfb6c178 None None] Subscribe: > security_group after_update 55550000, False {{(pid=104481) subscribe /opt/stack/data/venv/lib/python3.12/site-packages/neutron_lib/callbacks/manager.py:52}}
Apr 24 19:11:33.932043 np0000170094 devstack@neutron-api.service[104481]: DEBUG neutron_lib.callbacks.manager [None req-821c431d-00bb-48e5-865f-7a9dcfb6c178 None None] Subscribe: > security_group after_create 55550000, False {{(pid=104481) subscribe /opt/stack/data/venv/lib/python3.12/site-packages/neutron_lib/callbacks/manager.py:52}}
Apr 24 19:11:33.932240 np0000170094 devstack@neutron-api.service[104483]: DEBUG neutron.manager [None req-1adea4dd-eee3-4623-adbd-c1166676e92d None None] Successfully loaded FLAVORS plugin. Description: Neutron Flavors and Service Profiles manager plugin {{(pid=104483) _create_and_add_service_plugin /opt/stack/neutron/neutron/manager.py:239}}
Apr 24 19:11:33.932380 np0000170094 devstack@neutron-api.service[104481]: DEBUG neutron_lib.callbacks.manager [None req-821c431d-00bb-48e5-865f-7a9dcfb6c178 None None] Subscribe: > security_group precommit_delete 55550000, False {{(pid=104481) subscribe /opt/stack/data/venv/lib/python3.12/site-packages/neutron_lib/callbacks/manager.py:52}}
Apr 24 19:11:33.932450 np0000170094 devstack@neutron-api.service[104483]: INFO neutron.manager [None req-1adea4dd-eee3-4623-adbd-c1166676e92d None None] Loading Plugin: revisions
Apr 24 19:11:33.932495 np0000170094 devstack@neutron-api.service[104481]: DEBUG neutron_lib.callbacks.manager [None req-821c431d-00bb-48e5-865f-7a9dcfb6c178 None None] Subscribe: > security_group after_delete 55550000, False {{(pid=104481) subscribe /opt/stack/data/venv/lib/python3.12/site-packages/neutron_lib/callbacks/manager.py:52}}
Apr 24 19:11:33.932495 np0000170094 devstack@neutron-api.service[104481]: DEBUG neutron_lib.callbacks.manager [None req-821c431d-00bb-48e5-865f-7a9dcfb6c178 None None] Subscribe: > security_group_rule precommit_create 55550000, False {{(pid=104481) subscribe /opt/stack/data/venv/lib/python3.12/site-packages/neutron_lib/callbacks/manager.py:52}}
Apr 24 19:11:33.932495 np0000170094 devstack@neutron-api.service[104481]: DEBUG neutron_lib.callbacks.manager [None req-821c431d-00bb-48e5-865f-7a9dcfb6c178 None None] Subscribe: > security_group_rule after_create 55550000, False {{(pid=104481) subscribe /opt/stack/data/venv/lib/python3.12/site-packages/neutron_lib/callbacks/manager.py:52}}
Apr 24 19:11:33.932631 np0000170094 devstack@neutron-api.service[104481]: DEBUG neutron_lib.callbacks.manager [None req-821c431d-00bb-48e5-865f-7a9dcfb6c178 None None] Subscribe: > security_group_rule before_delete 55550000, False {{(pid=104481) subscribe /opt/stack/data/venv/lib/python3.12/site-packages/neutron_lib/callbacks/manager.py:52}}
Apr 24 19:11:33.932729 np0000170094 devstack@neutron-api.service[104481]: DEBUG neutron_lib.callbacks.manager [None req-821c431d-00bb-48e5-865f-7a9dcfb6c178 None None] Subscribe: > address_group after_create 55550000, False {{(pid=104481) subscribe /opt/stack/data/venv/lib/python3.12/site-packages/neutron_lib/callbacks/manager.py:52}}
Apr 24 19:11:33.932821 np0000170094 devstack@neutron-api.service[104481]: DEBUG neutron_lib.callbacks.manager [None req-821c431d-00bb-48e5-865f-7a9dcfb6c178 None None] Subscribe: > address_group after_update 55550000, False {{(pid=104481) subscribe /opt/stack/data/venv/lib/python3.12/site-packages/neutron_lib/callbacks/manager.py:52}}
Apr 24 19:11:33.932874 np0000170094 devstack@neutron-api.service[104481]: DEBUG neutron_lib.callbacks.manager [None req-821c431d-00bb-48e5-865f-7a9dcfb6c178 None None] Subscribe: > address_group after_delete 55550000, False {{(pid=104481) subscribe /opt/stack/data/venv/lib/python3.12/site-packages/neutron_lib/callbacks/manager.py:52}}
Apr 24 19:11:33.933042 np0000170094 devstack@neutron-api.service[104481]: DEBUG neutron_lib.callbacks.manager [None req-821c431d-00bb-48e5-865f-7a9dcfb6c178 None None] Subscribe: > qos_plugin after_init 55550000, False {{(pid=104481) subscribe /opt/stack/data/venv/lib/python3.12/site-packages/neutron_lib/callbacks/manager.py:52}}
Apr 24 19:11:33.933083 np0000170094 devstack@neutron-api.service[104484]: DEBUG neutron_lib.callbacks.manager [None req-1169ebe8-50cc-40ef-9928-9ece81ce8392 None None] Subscribe: > router before_delete 55550000, False {{(pid=104484) subscribe /opt/stack/data/venv/lib/python3.12/site-packages/neutron_lib/callbacks/manager.py:52}}
Apr 24 19:11:33.933113 np0000170094 devstack@neutron-api.service[104483]: DEBUG neutron.manager [None req-1adea4dd-eee3-4623-adbd-c1166676e92d None None] Successfully loaded revision_plugin plugin. Description: Adds revision numbers to resources. {{(pid=104483) _create_and_add_service_plugin /opt/stack/neutron/neutron/manager.py:239}}
Apr 24 19:11:33.933295 np0000170094 devstack@neutron-api.service[104484]: DEBUG neutron_lib.callbacks.manager [None req-1169ebe8-50cc-40ef-9928-9ece81ce8392 None None] Subscribe: port after_update 55550000, False {{(pid=104484) subscribe /opt/stack/data/venv/lib/python3.12/site-packages/neutron_lib/callbacks/manager.py:52}}
Apr 24 19:11:33.933356 np0000170094 devstack@neutron-api.service[104481]: DEBUG neutron_lib.callbacks.manager [None req-821c431d-00bb-48e5-865f-7a9dcfb6c178 None None] Subscribe: > trunk_plugin after_init 55550000, False {{(pid=104481) subscribe /opt/stack/data/venv/lib/python3.12/site-packages/neutron_lib/callbacks/manager.py:52}}
Apr 24 19:11:33.933412 np0000170094 devstack@neutron-api.service[104483]: DEBUG oslo_concurrency.lockutils [None req-1adea4dd-eee3-4623-adbd-c1166676e92d None None] Lock "manager" "released" by "neutron.manager.NeutronManager._create_instance" :: held 4.695s {{(pid=104483) inner /opt/stack/data/venv/lib/python3.12/site-packages/oslo_concurrency/lockutils.py:538}}
Apr 24 19:11:33.933509 np0000170094 devstack@neutron-api.service[104484]: DEBUG neutron_lib.callbacks.manager [None req-1169ebe8-50cc-40ef-9928-9ece81ce8392 None None] Subscribe: port after_delete 55550000, False {{(pid=104484) subscribe /opt/stack/data/venv/lib/python3.12/site-packages/neutron_lib/callbacks/manager.py:52}}
Apr 24 19:11:33.933556 np0000170094 devstack@neutron-api.service[104483]: DEBUG neutron.api.extensions [None req-1adea4dd-eee3-4623-adbd-c1166676e92d None None] get_extension_paths = OrderedDict({'/opt/stack/neutron/neutron/extensions': 1}) {{(pid=104483) get_extensions_path /opt/stack/neutron/neutron/api/extensions.py:640}}
Apr 24 19:11:33.933600 np0000170094 devstack@neutron-api.service[104481]: DEBUG neutron_lib.callbacks.manager [None req-821c431d-00bb-48e5-865f-7a9dcfb6c178 None None] Subscribe: > logging-plugin after_init 55550000, False {{(pid=104481) subscribe /opt/stack/data/venv/lib/python3.12/site-packages/neutron_lib/callbacks/manager.py:52}}
Apr 24 19:11:33.933676 np0000170094 devstack@neutron-api.service[104484]: DEBUG neutron_lib.callbacks.manager [None req-1169ebe8-50cc-40ef-9928-9ece81ce8392 None None] Subscribe: subnet after_update 55550000, False {{(pid=104484) subscribe /opt/stack/data/venv/lib/python3.12/site-packages/neutron_lib/callbacks/manager.py:52}}
Apr 24 19:11:33.933714 np0000170094 devstack@neutron-api.service[104483]: INFO neutron.api.extensions [None req-1adea4dd-eee3-4623-adbd-c1166676e92d None None] Initializing extension manager.
Apr 24 19:11:33.933739 np0000170094 devstack@neutron-api.service[104484]: DEBUG neutron_lib.callbacks.manager [None req-1169ebe8-50cc-40ef-9928-9ece81ce8392 None None] Subscribe: subnetpool_address_scope after_update 55550000, False {{(pid=104484) subscribe /opt/stack/data/venv/lib/python3.12/site-packages/neutron_lib/callbacks/manager.py:52}}
Apr 24 19:11:33.933739 np0000170094 devstack@neutron-api.service[104484]: DEBUG neutron_lib.callbacks.manager [None req-1169ebe8-50cc-40ef-9928-9ece81ce8392 None None] Subscribe: port before_update 55550000, False {{(pid=104484) subscribe /opt/stack/data/venv/lib/python3.12/site-packages/neutron_lib/callbacks/manager.py:52}}
Apr 24 19:11:33.933791 np0000170094 devstack@neutron-api.service[104484]: DEBUG neutron_lib.callbacks.manager [None req-1169ebe8-50cc-40ef-9928-9ece81ce8392 None None] Subscribe: port after_update 55550000, False {{(pid=104484) subscribe /opt/stack/data/venv/lib/python3.12/site-packages/neutron_lib/callbacks/manager.py:52}}
Apr 24 19:11:33.933821 np0000170094 devstack@neutron-api.service[104483]: DEBUG neutron.api.extensions [None req-1adea4dd-eee3-4623-adbd-c1166676e92d None None] Loading extension file: __init__.py {{(pid=104483) _load_all_extensions_from_path /opt/stack/neutron/neutron/api/extensions.py:449}}
Apr 24 19:11:33.933847 np0000170094 devstack@neutron-api.service[104484]: DEBUG neutron_lib.callbacks.manager [None req-1169ebe8-50cc-40ef-9928-9ece81ce8392 None None] Subscribe: > port precommit_delete 55550000, False {{(pid=104484) subscribe /opt/stack/data/venv/lib/python3.12/site-packages/neutron_lib/callbacks/manager.py:52}}
Apr 24 19:11:33.933874 np0000170094 devstack@neutron-api.service[104483]: DEBUG neutron.api.extensions [None req-1adea4dd-eee3-4623-adbd-c1166676e92d None None] Loading extension file: __pycache__ {{(pid=104483) _load_all_extensions_from_path /opt/stack/neutron/neutron/api/extensions.py:449}}
Apr 24 19:11:33.933904 np0000170094 devstack@neutron-api.service[104481]: INFO neutron.services.logapi.drivers.ovn.driver [None req-821c431d-00bb-48e5-865f-7a9dcfb6c178 None None] OVN logging driver registered
Apr 24 19:11:33.933974 np0000170094 devstack@neutron-api.service[104484]: DEBUG neutron_lib.callbacks.manager [None req-1169ebe8-50cc-40ef-9928-9ece81ce8392 None None] Subscribe: port before_update 55550000, False {{(pid=104484) subscribe /opt/stack/data/venv/lib/python3.12/site-packages/neutron_lib/callbacks/manager.py:52}}
Apr 24 19:11:33.934009 np0000170094 devstack@neutron-api.service[104483]: DEBUG neutron.api.extensions [None req-1adea4dd-eee3-4623-adbd-c1166676e92d None None] Loading extension file: address_group.py {{(pid=104483) _load_all_extensions_from_path /opt/stack/neutron/neutron/api/extensions.py:449}}
Apr 24 19:11:33.934069 np0000170094 devstack@neutron-api.service[104484]: DEBUG neutron_lib.callbacks.manager [None req-1169ebe8-50cc-40ef-9928-9ece81ce8392 None None] Subscribe: port before_delete 55550000, False {{(pid=104484) subscribe /opt/stack/data/venv/lib/python3.12/site-packages/neutron_lib/callbacks/manager.py:52}}
Apr 24 19:11:33.934159 np0000170094 devstack@neutron-api.service[104484]: DEBUG neutron_lib.callbacks.manager [None req-1169ebe8-50cc-40ef-9928-9ece81ce8392 None None] Subscribe: > router precommit_create 55550000, False {{(pid=104484) subscribe /opt/stack/data/venv/lib/python3.12/site-packages/neutron_lib/callbacks/manager.py:52}}
Apr 24 19:11:33.934268 np0000170094 devstack@neutron-api.service[104484]: DEBUG neutron_lib.callbacks.manager [None req-1169ebe8-50cc-40ef-9928-9ece81ce8392 None None] Subscribe: > router precommit_create 55550000, False {{(pid=104484) subscribe /opt/stack/data/venv/lib/python3.12/site-packages/neutron_lib/callbacks/manager.py:52}}
Apr 24 19:11:33.934316 np0000170094 devstack@neutron-api.service[104483]: DEBUG neutron.api.extensions [None req-1adea4dd-eee3-4623-adbd-c1166676e92d None None] Ext name="Address group" alias="address-group" description="Support address group" updated="2020-07-15T10:00:00-00:00" {{(pid=104483) _check_extension /opt/stack/neutron/neutron/api/extensions.py:415}}
Apr 24 19:11:33.934389 np0000170094 devstack@neutron-api.service[104484]: DEBUG neutron_lib.callbacks.manager [None req-1169ebe8-50cc-40ef-9928-9ece81ce8392 None None] Subscribe: > router precommit_update 55550000, False {{(pid=104484) subscribe /opt/stack/data/venv/lib/python3.12/site-packages/neutron_lib/callbacks/manager.py:52}}
Apr 24 19:11:33.934510 np0000170094 devstack@neutron-api.service[104484]: DEBUG neutron_lib.callbacks.manager [None req-1169ebe8-50cc-40ef-9928-9ece81ce8392 None None] Subscribe: subnet after_update 55550000, False {{(pid=104484) subscribe /opt/stack/data/venv/lib/python3.12/site-packages/neutron_lib/callbacks/manager.py:52}}
Apr 24 19:11:33.934545 np0000170094 devstack@neutron-api.service[104483]: INFO neutron.api.extensions [None req-1adea4dd-eee3-4623-adbd-c1166676e92d None None] Loaded extension: address-group
Apr 24 19:11:33.934610 np0000170094 devstack@neutron-api.service[104483]: DEBUG neutron.api.extensions [None req-1adea4dd-eee3-4623-adbd-c1166676e92d None None] Loading extension file: address_scope.py {{(pid=104483) _load_all_extensions_from_path /opt/stack/neutron/neutron/api/extensions.py:449}}
Apr 24 19:11:33.934905 np0000170094 devstack@neutron-api.service[104483]: DEBUG neutron.api.extensions [None req-1adea4dd-eee3-4623-adbd-c1166676e92d None None] Ext name="Address scope" alias="address-scope" description="Address scopes extension." updated="2015-07-26T10:00:00-00:00" {{(pid=104483) _check_extension /opt/stack/neutron/neutron/api/extensions.py:415}}
Apr 24 19:11:33.935088 np0000170094 devstack@neutron-api.service[104483]: INFO neutron.api.extensions [None req-1adea4dd-eee3-4623-adbd-c1166676e92d None None] Loaded extension: address-scope
Apr 24 19:11:33.935181 np0000170094 devstack@neutron-api.service[104483]: DEBUG neutron.api.extensions [None req-1adea4dd-eee3-4623-adbd-c1166676e92d None None] Loading extension file: admin_state_down_before_update.py {{(pid=104483) _load_all_extensions_from_path /opt/stack/neutron/neutron/api/extensions.py:449}}
Apr 24 19:11:33.935253 np0000170094 devstack@neutron-api.service[104484]: DEBUG neutron.quota.resource_registry [None req-1169ebe8-50cc-40ef-9928-9ece81ce8392 None None] Tracking information for resource: router configured {{(pid=104484) set_tracked_resource /opt/stack/neutron/neutron/quota/resource_registry.py:203}}
Apr 24 19:11:33.935322 np0000170094 devstack@neutron-api.service[104481]: DEBUG neutron.plugins.ml2.plugin [None req-821c431d-00bb-48e5-865f-7a9dcfb6c178 None None] neutron.plugins.ml2.plugin.Ml2Plugin method _start_rpc_notifiers called with arguments () {} {{(pid=104481) wrapper /opt/stack/data/venv/lib/python3.12/site-packages/oslo_log/helpers.py:77}}
Apr 24 19:11:33.935419 np0000170094 devstack@neutron-api.service[104484]: DEBUG neutron.quota.resource_registry [None req-1169ebe8-50cc-40ef-9928-9ece81ce8392 None None] Tracking information for resource: floatingip configured {{(pid=104484) set_tracked_resource /opt/stack/neutron/neutron/quota/resource_registry.py:203}}
Apr 24 19:11:33.935483 np0000170094 devstack@neutron-api.service[104483]: DEBUG neutron.api.extensions [None req-1adea4dd-eee3-4623-adbd-c1166676e92d None None] Ext name="Enforce Router's Admin State Down Before Update Extension" alias="router-admin-state-down-before-update" description="Ensure that the admin state of a router is DOWN (admin_state_up=False) before updating the distributed attribute" updated="2019-07-02T15:56:00" {{(pid=104483) _check_extension /opt/stack/neutron/neutron/api/extensions.py:415}}
Apr 24 19:11:33.935512 np0000170094 devstack@neutron-api.service[104484]: INFO neutron.services.ovn_l3.plugin [None req-1169ebe8-50cc-40ef-9928-9ece81ce8392 None None] Starting OVNL3RouterPlugin
Apr 24 19:11:33.935589 np0000170094 devstack@neutron-api.service[104481]: DEBUG neutron_lib.callbacks.manager [None req-821c431d-00bb-48e5-865f-7a9dcfb6c178 None None] Subscribe: > port after_create 55550000, False {{(pid=104481) subscribe /opt/stack/data/venv/lib/python3.12/site-packages/neutron_lib/callbacks/manager.py:52}}
Apr 24 19:11:33.935701 np0000170094 devstack@neutron-api.service[104483]: INFO neutron.api.extensions [None req-1adea4dd-eee3-4623-adbd-c1166676e92d None None] Extension router-admin-state-down-before-update not supported by any of loaded plugins
Apr 24 19:11:33.935770 np0000170094 devstack@neutron-api.service[104481]: DEBUG neutron_lib.callbacks.manager [None req-821c431d-00bb-48e5-865f-7a9dcfb6c178 None None] Subscribe: > port after_update 55550000, False {{(pid=104481) subscribe /opt/stack/data/venv/lib/python3.12/site-packages/neutron_lib/callbacks/manager.py:52}}
Apr 24 19:11:33.935817 np0000170094 devstack@neutron-api.service[104484]: DEBUG neutron_lib.callbacks.manager [None req-1169ebe8-50cc-40ef-9928-9ece81ce8392 None None] Subscribe: > port_forwarding_plugin after_init 55550000, False {{(pid=104484) subscribe /opt/stack/data/venv/lib/python3.12/site-packages/neutron_lib/callbacks/manager.py:52}}
Apr 24 19:11:33.935869 np0000170094 devstack@neutron-api.service[104483]: DEBUG neutron.api.extensions [None req-1adea4dd-eee3-4623-adbd-c1166676e92d None None] Loading extension file: agent.py {{(pid=104483) _load_all_extensions_from_path /opt/stack/neutron/neutron/api/extensions.py:449}}
Apr 24 19:11:33.935919 np0000170094 devstack@neutron-api.service[104481]: DEBUG neutron_lib.callbacks.manager [None req-821c431d-00bb-48e5-865f-7a9dcfb6c178 None None] Subscribe: > port after_delete 55550000, False {{(pid=104481) subscribe /opt/stack/data/venv/lib/python3.12/site-packages/neutron_lib/callbacks/manager.py:52}}
Apr 24 19:11:33.935919 np0000170094 devstack@neutron-api.service[104481]: DEBUG neutron_lib.callbacks.manager [None req-821c431d-00bb-48e5-865f-7a9dcfb6c178 None None] Subscribe: > subnet after_create 55550000, False {{(pid=104481) subscribe /opt/stack/data/venv/lib/python3.12/site-packages/neutron_lib/callbacks/manager.py:52}}
Apr 24 19:11:33.936010 np0000170094 devstack@neutron-api.service[104484]: DEBUG neutron_lib.callbacks.manager [None req-1169ebe8-50cc-40ef-9928-9ece81ce8392 None None] Subscribe: > router before_create 55550100, False {{(pid=104484) subscribe /opt/stack/data/venv/lib/python3.12/site-packages/neutron_lib/callbacks/manager.py:52}}
Apr 24 19:11:33.936040 np0000170094 devstack@neutron-api.service[104481]: DEBUG neutron_lib.callbacks.manager [None req-821c431d-00bb-48e5-865f-7a9dcfb6c178 None None] Subscribe: > subnet after_update 55550000, False {{(pid=104481) subscribe /opt/stack/data/venv/lib/python3.12/site-packages/neutron_lib/callbacks/manager.py:52}}
Apr 24 19:11:33.936086 np0000170094 devstack@neutron-api.service[104484]: DEBUG neutron_lib.callbacks.manager [None req-1169ebe8-50cc-40ef-9928-9ece81ce8392 None None] Subscribe: > router precommit_delete 55550100, False {{(pid=104484) subscribe /opt/stack/data/venv/lib/python3.12/site-packages/neutron_lib/callbacks/manager.py:52}}
Apr 24 19:11:33.936162 np0000170094 devstack@neutron-api.service[104483]: DEBUG neutron.api.extensions [None req-1adea4dd-eee3-4623-adbd-c1166676e92d None None] Ext name="agent" alias="agent" description="The agent management extension." updated="2013-02-03T10:00:00-00:00" {{(pid=104483) _check_extension /opt/stack/neutron/neutron/api/extensions.py:415}}
Apr 24 19:11:33.936213 np0000170094 devstack@neutron-api.service[104481]: DEBUG neutron_lib.callbacks.manager [None req-821c431d-00bb-48e5-865f-7a9dcfb6c178 None None] Subscribe: > subnet after_delete 55550000, False {{(pid=104481) subscribe /opt/stack/data/venv/lib/python3.12/site-packages/neutron_lib/callbacks/manager.py:52}}
Apr 24 19:11:33.936248 np0000170094 devstack@neutron-api.service[104484]: DEBUG neutron_lib.callbacks.manager [None req-1169ebe8-50cc-40ef-9928-9ece81ce8392 None None] Subscribe: > router precommit_create 55550100, False {{(pid=104484) subscribe /opt/stack/data/venv/lib/python3.12/site-packages/neutron_lib/callbacks/manager.py:52}}
Apr 24 19:11:33.936276 np0000170094 devstack@neutron-api.service[104481]: DEBUG neutron_lib.callbacks.manager [None req-821c431d-00bb-48e5-865f-7a9dcfb6c178 None None] Subscribe: > network after_create 55550000, False {{(pid=104481) subscribe /opt/stack/data/venv/lib/python3.12/site-packages/neutron_lib/callbacks/manager.py:52}}
Apr 24 19:11:33.936311 np0000170094 devstack@neutron-api.service[104483]: INFO neutron.api.extensions [None req-1adea4dd-eee3-4623-adbd-c1166676e92d None None] Loaded extension: agent
Apr 24 19:11:33.936338 np0000170094 devstack@neutron-api.service[104484]: DEBUG neutron_lib.callbacks.manager [None req-1169ebe8-50cc-40ef-9928-9ece81ce8392 None None] Subscribe: > router precommit_update 55550100, False {{(pid=104484) subscribe /opt/stack/data/venv/lib/python3.12/site-packages/neutron_lib/callbacks/manager.py:52}}
Apr 24 19:11:33.936364 np0000170094 devstack@neutron-api.service[104483]: DEBUG neutron.api.extensions [None req-1adea4dd-eee3-4623-adbd-c1166676e92d None None] Loading extension file: agent_resources_synced.py {{(pid=104483) _load_all_extensions_from_path /opt/stack/neutron/neutron/api/extensions.py:449}}
Apr 24 19:11:33.936399 np0000170094 devstack@neutron-api.service[104481]: DEBUG neutron_lib.callbacks.manager [None req-821c431d-00bb-48e5-865f-7a9dcfb6c178 None None] Subscribe: > network after_update 55550000, False {{(pid=104481) subscribe /opt/stack/data/venv/lib/python3.12/site-packages/neutron_lib/callbacks/manager.py:52}}
Apr 24 19:11:33.936462 np0000170094 devstack@neutron-api.service[104481]: DEBUG neutron_lib.callbacks.manager [None req-821c431d-00bb-48e5-865f-7a9dcfb6c178 None None] Subscribe: > network after_delete 55550000, False {{(pid=104481) subscribe /opt/stack/data/venv/lib/python3.12/site-packages/neutron_lib/callbacks/manager.py:52}}
Apr 24 19:11:33.936612 np0000170094 devstack@neutron-api.service[104481]: DEBUG neutron_lib.callbacks.manager [None req-821c431d-00bb-48e5-865f-7a9dcfb6c178 None None] Subscribe: > security_group after_create 55550000, False {{(pid=104481) subscribe /opt/stack/data/venv/lib/python3.12/site-packages/neutron_lib/callbacks/manager.py:52}}
Apr 24 19:11:33.936704 np0000170094 devstack@neutron-api.service[104483]: DEBUG neutron.api.extensions [None req-1adea4dd-eee3-4623-adbd-c1166676e92d None None] Ext name="Agent's Resource View Synced to Placement" alias="agent-resources-synced" description="Stores success/failure of last sync to Placement" updated="2018-12-19T00:00:00-00:00" {{(pid=104483) _check_extension /opt/stack/neutron/neutron/api/extensions.py:415}}
Apr 24 19:11:33.936757 np0000170094 devstack@neutron-api.service[104481]: DEBUG neutron_lib.callbacks.manager [None req-821c431d-00bb-48e5-865f-7a9dcfb6c178 None None] Subscribe: > security_group after_update 55550000, False {{(pid=104481) subscribe /opt/stack/data/venv/lib/python3.12/site-packages/neutron_lib/callbacks/manager.py:52}}
Apr 24 19:11:33.936788 np0000170094 devstack@neutron-api.service[104483]: INFO neutron.api.extensions [None req-1adea4dd-eee3-4623-adbd-c1166676e92d None None] Extension agent-resources-synced not supported by any of loaded plugins
Apr 24 19:11:33.936850 np0000170094 devstack@neutron-api.service[104481]: DEBUG neutron_lib.callbacks.manager [None req-821c431d-00bb-48e5-865f-7a9dcfb6c178 None None] Subscribe: > security_group after_delete 55550000, False {{(pid=104481) subscribe /opt/stack/data/venv/lib/python3.12/site-packages/neutron_lib/callbacks/manager.py:52}}
Apr 24 19:11:33.936950 np0000170094 devstack@neutron-api.service[104483]: DEBUG neutron.api.extensions [None req-1adea4dd-eee3-4623-adbd-c1166676e92d None None] Loading extension file: allowedaddresspairs.py {{(pid=104483) _load_all_extensions_from_path /opt/stack/neutron/neutron/api/extensions.py:449}}
Apr 24 19:11:33.937002 np0000170094 devstack@neutron-api.service[104481]: DEBUG neutron_lib.callbacks.manager [None req-821c431d-00bb-48e5-865f-7a9dcfb6c178 None None] Subscribe: > security_group_rule after_create 55550000, False {{(pid=104481) subscribe /opt/stack/data/venv/lib/python3.12/site-packages/neutron_lib/callbacks/manager.py:52}}
Apr 24 19:11:33.937002 np0000170094 devstack@neutron-api.service[104481]: DEBUG neutron_lib.callbacks.manager [None req-821c431d-00bb-48e5-865f-7a9dcfb6c178 None None] Subscribe: > security_group_rule after_update 55550000, False {{(pid=104481) subscribe /opt/stack/data/venv/lib/python3.12/site-packages/neutron_lib/callbacks/manager.py:52}}
Apr 24 19:11:33.937144 np0000170094 devstack@neutron-api.service[104481]: DEBUG neutron_lib.callbacks.manager [None req-821c431d-00bb-48e5-865f-7a9dcfb6c178 None None] Subscribe: > security_group_rule after_delete 55550000, False {{(pid=104481) subscribe /opt/stack/data/venv/lib/python3.12/site-packages/neutron_lib/callbacks/manager.py:52}}
Apr 24 19:11:33.937144 np0000170094 devstack@neutron-api.service[104481]: DEBUG neutron_lib.callbacks.manager [None req-821c431d-00bb-48e5-865f-7a9dcfb6c178 None None] Subscribe: > address_group after_create 55550000, False {{(pid=104481) subscribe /opt/stack/data/venv/lib/python3.12/site-packages/neutron_lib/callbacks/manager.py:52}}
Apr 24 19:11:33.937203 np0000170094 devstack@neutron-api.service[104481]: DEBUG neutron_lib.callbacks.manager [None req-821c431d-00bb-48e5-865f-7a9dcfb6c178 None None] Subscribe: > address_group after_update 55550000, False {{(pid=104481) subscribe /opt/stack/data/venv/lib/python3.12/site-packages/neutron_lib/callbacks/manager.py:52}}
Apr 24 19:11:33.937316 np0000170094 devstack@neutron-api.service[104481]: DEBUG neutron_lib.callbacks.manager [None req-821c431d-00bb-48e5-865f-7a9dcfb6c178 None None] Subscribe: > address_group after_delete 55550000, False {{(pid=104481) subscribe /opt/stack/data/venv/lib/python3.12/site-packages/neutron_lib/callbacks/manager.py:52}}
Apr 24 19:11:33.937436 np0000170094 devstack@neutron-api.service[104481]: DEBUG neutron.plugins.ml2.ovo_rpc [None req-821c431d-00bb-48e5-865f-7a9dcfb6c178 None None] ML2 OVO RPC backend initialized. {{(pid=104481) __init__ /opt/stack/neutron/neutron/plugins/ml2/ovo_rpc.py:117}}
Apr 24 19:11:33.937471 np0000170094 devstack@neutron-api.service[104483]: DEBUG neutron.api.extensions [None req-1adea4dd-eee3-4623-adbd-c1166676e92d None None] Ext name="Allowed Address Pairs" alias="allowed-address-pairs" description="Provides allowed address pairs" updated="2013-07-23T10:00:00-00:00" {{(pid=104483) _check_extension /opt/stack/neutron/neutron/api/extensions.py:415}}
Apr 24 19:11:33.937618 np0000170094 devstack@neutron-api.service[104483]: INFO neutron.api.extensions [None req-1adea4dd-eee3-4623-adbd-c1166676e92d None None] Loaded extension: allowed-address-pairs
Apr 24 19:11:33.937708 np0000170094 devstack@neutron-api.service[104483]: DEBUG neutron.api.extensions [None req-1adea4dd-eee3-4623-adbd-c1166676e92d None None] Loading extension file: auto_allocated_topology.py {{(pid=104483) _load_all_extensions_from_path /opt/stack/neutron/neutron/api/extensions.py:449}}
Apr 24 19:11:33.937952 np0000170094 devstack@neutron-api.service[104483]: DEBUG neutron.api.extensions [None req-1adea4dd-eee3-4623-adbd-c1166676e92d None None] Ext name="Auto Allocated Topology Services" alias="auto-allocated-topology" description="Auto Allocated Topology Services." updated="2016-01-01T00:00:00-00:00" {{(pid=104483) _check_extension /opt/stack/neutron/neutron/api/extensions.py:415}}
Apr 24 19:11:33.938126 np0000170094 devstack@neutron-api.service[104483]: INFO neutron.api.extensions [None req-1adea4dd-eee3-4623-adbd-c1166676e92d None None] Loaded extension: auto-allocated-topology
Apr 24 19:11:33.938163 np0000170094 devstack@neutron-api.service[104481]: INFO neutron.quota [None req-821c431d-00bb-48e5-865f-7a9dcfb6c178 None None] Loaded quota_driver: .
Apr 24 19:11:33.938216 np0000170094 devstack@neutron-api.service[104483]: DEBUG neutron.api.extensions [None req-1adea4dd-eee3-4623-adbd-c1166676e92d None None] Loading extension file: availability_zone.py {{(pid=104483) _load_all_extensions_from_path /opt/stack/neutron/neutron/api/extensions.py:449}}
Apr 24 19:11:33.938279 np0000170094 devstack@neutron-api.service[104481]: INFO neutron.plugins.ml2.plugin [None req-821c431d-00bb-48e5-865f-7a9dcfb6c178 None None] Modular L2 Plugin initialization complete
Apr 24 19:11:33.938472 np0000170094 devstack@neutron-api.service[104481]: DEBUG neutron.manager [None req-821c431d-00bb-48e5-865f-7a9dcfb6c178 None None] Loading services supported by the core plugin {{(pid=104481) _load_services_from_core_plugin /opt/stack/neutron/neutron/manager.py:170}}
Apr 24 19:11:33.938504 np0000170094 devstack@neutron-api.service[104483]: DEBUG neutron.api.extensions [None req-1adea4dd-eee3-4623-adbd-c1166676e92d None None] Ext name="Availability Zone" alias="availability_zone" description="The availability zone extension." updated="2015-01-01T10:00:00-00:00" {{(pid=104483) _check_extension /opt/stack/neutron/neutron/api/extensions.py:415}}
Apr 24 19:11:33.938569 np0000170094 devstack@neutron-api.service[104481]: INFO neutron.plugins.ml2.managers [None req-821c431d-00bb-48e5-865f-7a9dcfb6c178 None None] Got port-security extension from driver 'port_security'
Apr 24 19:11:33.938682 np0000170094 devstack@neutron-api.service[104483]: INFO neutron.api.extensions [None req-1adea4dd-eee3-4623-adbd-c1166676e92d None None] Loaded extension: availability_zone
Apr 24 19:11:33.938769 np0000170094 devstack@neutron-api.service[104483]: DEBUG neutron.api.extensions [None req-1adea4dd-eee3-4623-adbd-c1166676e92d None None] Loading extension file: availability_zone_filter.py {{(pid=104483) _load_all_extensions_from_path /opt/stack/neutron/neutron/api/extensions.py:449}}
Apr 24 19:11:33.938840 np0000170094 devstack@neutron-api.service[104481]: DEBUG neutron.manager [None req-821c431d-00bb-48e5-865f-7a9dcfb6c178 None None] Loading service plugins: ['ovn-router', 'auto_allocate', 'tag', 'timestamp', 'network_ip_availability', 'flavors', 'revisions'] {{(pid=104481) _load_service_plugins /opt/stack/neutron/neutron/manager.py:195}}
Apr 24 19:11:33.938937 np0000170094 devstack@neutron-api.service[104481]: INFO neutron.manager [None req-821c431d-00bb-48e5-865f-7a9dcfb6c178 None None] Loading Plugin: ovn-router
