2026-07-03 20:07:27.562 7 INFO neutron.pecan_wsgi.hooks.translation [None req-ef925a0b-1338-4197-b648-aa10a47793b3 135729c6e62047fda7bef08ae606228a 723c2bd633b34a029d6d06538227425b - - default default] GET failed (client error): The resource could not be found. [pid: 7|app: 0|req: 833/1666] 10.0.0.236 () {32 vars in 717 bytes} [Fri Jul 3 20:07:27 2026] GET /v2.0/ports/fcebce4e-0b75-495e-9e83-be21722de91a => generated 132 bytes in 20 msecs (HTTP/1.1 404) 4 headers in 164 bytes (1 switches on core 0)
2026-07-03 20:07:27.569 8 INFO neutron_taas.services.taas.taas_plugin [None req-0a55a16a-8fd1-4be5-a84b-7d0a2a29197d 19eab2d267f84a73a0c378eb25a6d77b 9619978e94e345119dc563929a2ce5a8 - - default default] TaaS: Handle Delete Port: 7b664758-f22a-477a-8946-7e626956d7b0
2026-07-03 20:07:27.574 8 INFO neutron_taas.services.taas.tap_mirror_plugin [None req-0a55a16a-8fd1-4be5-a84b-7d0a2a29197d 19eab2d267f84a73a0c378eb25a6d77b 9619978e94e345119dc563929a2ce5a8 - - default default] Tap Mirror: Handle Delete Port: 7b664758-f22a-477a-8946-7e626956d7b0
2026-07-03 20:07:27.687 7 WARNING neutron.scheduler.dhcp_agent_scheduler [None req-b2a5f514-ae53-4eee-b09e-5cbff0aa4c66 a210384add594045be6ee4bf6e145709 643eb71046b84efea8e1db297672aa59 - - default default] No more DHCP agents
2026-07-03 20:07:27.688 7 WARNING neutron.api.rpc.agentnotifiers.dhcp_rpc_agent_api [None req-b2a5f514-ae53-4eee-b09e-5cbff0aa4c66 a210384add594045be6ee4bf6e145709 643eb71046b84efea8e1db297672aa59 - - default default] Unable to schedule network 9f580cf9-ae51-4c69-9524-1be998bb5bbc: no agents available; will retry on subsequent port and subnet creation events. [pid: 8|app: 0|req: 834/1667] 10.0.0.236 () {32 vars in 724 bytes} [Fri Jul 3 20:07:27 2026] DELETE /v2.0/routers/db9fd263-97ae-4660-b885-edea3f1abbd4 => generated 0 bytes in 823 msecs (HTTP/1.1 204) 2 headers in 112 bytes (1 switches on core 0) [pid: 8|app: 0|req: 835/1668] 10.0.0.236 () {32 vars in 643 bytes} [Fri Jul 3 20:07:28 2026] GET /v2.0/ports => generated 1534 bytes in 35 msecs (HTTP/1.1 200) 4 headers in 158 bytes (1 switches on core 0)
2026-07-03 20:07:28.152 7 INFO neutron.db.ovn_revision_numbers_db [None req-4d12c67f-9d77-4507-b9c0-29fe90df9379 - - - - - -] Successfully bumped revision number for resource b01ce62d-fb5b-43b1-9727-1492868abd9c (type: ports) to 2 [pid: 8|app: 0|req: 836/1669] 10.0.0.236 () {32 vars in 724 bytes} [Fri Jul 3 20:07:28 2026] DELETE /v2.0/subnets/2aaf9c6e-97d1-439c-a903-9cf4047d98f5 => generated 0 bytes in 154 msecs (HTTP/1.1 204) 3 headers in 131 bytes (1 switches on core 0)
2026-07-03 20:07:28.193 7 INFO neutron.db.ovn_revision_numbers_db [None req-4d12c67f-9d77-4507-b9c0-29fe90df9379 - - - - - -] Successfully bumped revision number for resource 7f9cba32-7cc5-47ef-9fb1-92b276cdeb71 (type: subnets) to 0 [pid: 7|app: 0|req: 834/1670] 10.0.0.236 () {34 vars in 669 bytes} [Fri Jul 3 20:07:27 2026] POST /v2.0/subnets => generated 687 bytes in 645 msecs (HTTP/1.1 201) 4 headers in 162 bytes (1 switches on core 0) [pid: 8|app: 0|req: 837/1673] 10.0.0.236 () {32 vars in 717 bytes} [Fri Jul 3 20:07:28 2026] GET /v2.0/ports/48de964b-7445-4273-83c4-d8a7f0156a4f => generated 775 bytes in 34 msecs (HTTP/1.1 200) 4 headers in 157 bytes (1 switches on core 0)
2026-07-03 20:07:28.339 7 INFO neutron_taas.services.taas.taas_plugin [None req-af2f7d47-d9cf-4877-b016-d175b26241bd 19eab2d267f84a73a0c378eb25a6d77b 9619978e94e345119dc563929a2ce5a8 - - default default] TaaS: Handle Delete Port: 6624aff4-e078-419e-92d4-14c3943d1310
2026-07-03 20:07:28.343 7 INFO neutron_taas.services.taas.tap_mirror_plugin [None req-af2f7d47-d9cf-4877-b016-d175b26241bd 19eab2d267f84a73a0c378eb25a6d77b 9619978e94e345119dc563929a2ce5a8 - - default default] Tap Mirror: Handle Delete Port: 6624aff4-e078-419e-92d4-14c3943d1310
2026-07-03 20:07:28.536 7 INFO neutron.services.segments.plugin [-] Segment 3c1bf3d5-8cc2-459c-83d7-6a1e7a036621 resource provider aggregate not found
2026-07-03 20:07:28.546 7 INFO neutron.services.segments.plugin [-] Segment 3c1bf3d5-8cc2-459c-83d7-6a1e7a036621 resource provider aggregate not found
2026-07-03 20:07:28.558 7 INFO neutron.services.segments.plugin [-] Client error retrieving segment 3c1bf3d5-8cc2-459c-83d7-6a1e7a036621 resource provider; error: Placement Client Error (4xx): {"errors": [{"status": 404, "title": "Not Found", "detail": "The resource could not be found.\n\n No resource provider with uuid 3c1bf3d5-8cc2-459c-83d7-6a1e7a036621 found for delete ", "request_id": "req-206ae2d6-8c04-4d50-b6cd-b0390a44fb26"}]}
2026-07-03 20:07:28.590 7 INFO neutron.services.segments.plugin [-] Client error retrieving segment 3c1bf3d5-8cc2-459c-83d7-6a1e7a036621 resource provider; error: Placement Client Error (4xx): {"errors": [{"status": 404, "title": "Not Found", "detail": "The resource could not be found.\n\n No resource provider with uuid 3c1bf3d5-8cc2-459c-83d7-6a1e7a036621 found for delete ", "request_id": "req-932068a0-b13f-4733-855b-9637e0f8e69f"}]} [pid: 7|app: 0|req: 837/1674] 10.0.0.236 () {32 vars in 726 bytes} [Fri Jul 3 20:07:28 2026] DELETE /v2.0/networks/7fe32ff5-2d72-47af-be28-0b3f186ee965 => generated 0 bytes in 412 msecs (HTTP/1.1 204) 3 headers in 131 bytes (1 switches on core 0)
2026-07-03 20:07:28.641 7 INFO neutron.pecan_wsgi.hooks.translation [None req-9f24c97d-3c02-4897-b32c-8aa5ddf6c173 135729c6e62047fda7bef08ae606228a 723c2bd633b34a029d6d06538227425b - - default default] DELETE failed (client error): The resource could not be found. [pid: 7|app: 0|req: 838/1675] 10.0.0.236 () {32 vars in 720 bytes} [Fri Jul 3 20:07:28 2026] DELETE /v2.0/ports/5c5a5cd6-87eb-4b77-b31d-9a29a377facc => generated 132 bytes in 18 msecs (HTTP/1.1 404) 4 headers in 164 bytes (1 switches on core 0)
2026-07-03 20:07:28.978 7 INFO neutron.db.ovn_revision_numbers_db [None req-7ceec513-ffec-403c-9a37-bfc9410d287d a210384add594045be6ee4bf6e145709 643eb71046b84efea8e1db297672aa59 - - default default] Successfully bumped revision number for resource cbd9a419-a7f1-4de2-bdd0-8ce5fa0b85c8 (type: security_groups) to 1
2026-07-03 20:07:28.991 7 INFO neutron.db.ovn_revision_numbers_db [None req-7ceec513-ffec-403c-9a37-bfc9410d287d a210384add594045be6ee4bf6e145709 643eb71046b84efea8e1db297672aa59 - - default default] Successfully bumped revision number for resource 03e381b7-f2a8-44af-b4cc-8f0c3b352e12 (type: security_group_rules) to 0
2026-07-03 20:07:29.002 7 INFO neutron.db.ovn_revision_numbers_db [None req-7ceec513-ffec-403c-9a37-bfc9410d287d a210384add594045be6ee4bf6e145709 643eb71046b84efea8e1db297672aa59 - - default default] Successfully bumped revision number for resource 1ae3429f-23b9-4d8e-a5ab-bddc24492c29 (type: security_group_rules) to 0
2026-07-03 20:07:29.017 7 INFO neutron.db.ovn_revision_numbers_db [None req-7ceec513-ffec-403c-9a37-bfc9410d287d a210384add594045be6ee4bf6e145709 643eb71046b84efea8e1db297672aa59 - - default default] Successfully bumped revision number for resource a96550fd-c67e-4c18-be75-700a69330b23 (type: security_group_rules) to 0
2026-07-03 20:07:29.030 7 INFO neutron.db.ovn_revision_numbers_db [None req-7ceec513-ffec-403c-9a37-bfc9410d287d a210384add594045be6ee4bf6e145709 643eb71046b84efea8e1db297672aa59 - - default default] Successfully bumped revision number for resource e3f37d21-ec65-416c-b960-4954cd6c3a91 (type: security_group_rules) to 0
2026-07-03 20:07:29.053 8 WARNING neutron.scheduler.dhcp_agent_scheduler [None req-88e04574-8c5a-48bb-ac5e-a823fde30bd2 a210384add594045be6ee4bf6e145709 643eb71046b84efea8e1db297672aa59 - - default default] No more DHCP agents
2026-07-03 20:07:29.054 8 WARNING neutron.api.rpc.agentnotifiers.dhcp_rpc_agent_api [None req-88e04574-8c5a-48bb-ac5e-a823fde30bd2 a210384add594045be6ee4bf6e145709 643eb71046b84efea8e1db297672aa59 - - default default] Unable to schedule network 5a81349d-3da2-479b-89ee-78f2c28db3df: no agents available; will retry on subsequent port and subnet creation events. [pid: 7|app: 0|req: 839/1676] 10.0.0.236 () {32 vars in 774 bytes} [Fri Jul 3 20:07:28 2026] GET /v2.0/security-groups?tenant_id=953959c38428437fbaad83c0d684fa7a&name=default => generated 2925 bytes in 423 msecs (HTTP/1.1 200) 4 headers in 158 bytes (1 switches on core 0)
2026-07-03 20:07:29.084 7 INFO neutron.pecan_wsgi.hooks.translation [None req-48c22eed-e407-411b-921c-4a1548d46ae2 135729c6e62047fda7bef08ae606228a 723c2bd633b34a029d6d06538227425b - - default default] DELETE failed (client error): The resource could not be found. [pid: 7|app: 0|req: 840/1677] 10.0.0.236 () {32 vars in 724 bytes} [Fri Jul 3 20:07:29 2026] DELETE /v2.0/subnets/11ef2c76-46ee-42cb-9fd6-0e4228e81b05 => generated 136 bytes in 20 msecs (HTTP/1.1 404) 4 headers in 164 bytes (1 switches on core 0)
2026-07-03 20:07:29.194 8 INFO neutron.plugins.ml2.drivers.ovn.mech_driver.mech_driver [None req-055f0b47-af10-4306-a70b-e27a56bc8460 - - - - - -] OVN reports status down for port: 942c7fa4-581e-44e0-9ec5-20231c6af0fb
2026-07-03 20:07:29.267 8 INFO neutron.db.ovn_revision_numbers_db [None req-88e04574-8c5a-48bb-ac5e-a823fde30bd2 a210384add594045be6ee4bf6e145709 643eb71046b84efea8e1db297672aa59 - - default default] Successfully bumped revision number for resource 942c7fa4-581e-44e0-9ec5-20231c6af0fb (type: ports) to 1 [pid: 7|app: 0|req: 841/1678] 10.0.0.236 () {32 vars in 740 bytes} [Fri Jul 3 20:07:29 2026] DELETE /v2.0/security-groups/cbd9a419-a7f1-4de2-bdd0-8ce5fa0b85c8 => generated 0 bytes in 276 msecs (HTTP/1.1 204) 2 headers in 112 bytes (1 switches on core 0)
2026-07-03 20:07:29.378 7 INFO neutron.pecan_wsgi.hooks.translation [None req-e96dfd7a-922a-4cbf-b4ef-8fda3736057c 135729c6e62047fda7bef08ae606228a 723c2bd633b34a029d6d06538227425b - - default default] DELETE failed (client error): The resource could not be found. [pid: 7|app: 0|req: 842/1679] 10.0.0.236 () {32 vars in 724 bytes} [Fri Jul 3 20:07:29 2026] DELETE /v2.0/subnets/af79f546-34b6-4a06-be4d-8e06a19e55d2 => generated 136 bytes in 15 msecs (HTTP/1.1 404) 4 headers in 164 bytes (1 switches on core 0) [pid: 7|app: 0|req: 843/1680] 10.0.0.236 () {32 vars in 774 bytes} [Fri Jul 3 20:07:29 2026] GET /v2.0/security-groups?tenant_id=9619978e94e345119dc563929a2ce5a8&name=default => generated 2925 bytes in 248 msecs (HTTP/1.1 200) 4 headers in 158 bytes (1 switches on core 0)
2026-07-03 20:07:29.741 7 INFO neutron_taas.services.taas.taas_plugin [None req-e62a5979-d0ca-45a8-95f4-3d066b20ecac 135729c6e62047fda7bef08ae606228a 723c2bd633b34a029d6d06538227425b - - default default] TaaS: Handle Delete Port: 48de964b-7445-4273-83c4-d8a7f0156a4f
2026-07-03 20:07:29.743 7 INFO neutron_taas.services.taas.tap_mirror_plugin [None req-e62a5979-d0ca-45a8-95f4-3d066b20ecac 135729c6e62047fda7bef08ae606228a 723c2bd633b34a029d6d06538227425b - - default default] Tap Mirror: Handle Delete Port: 48de964b-7445-4273-83c4-d8a7f0156a4f [pid: 7|app: 0|req: 844/1681] 10.0.0.236 () {32 vars in 720 bytes} [Fri Jul 3 20:07:29 2026] DELETE /v2.0/ports/48de964b-7445-4273-83c4-d8a7f0156a4f => generated 0 bytes in 252 msecs (HTTP/1.1 204) 3 headers in 131 bytes (1 switches on core 0)
2026-07-03 20:07:29.897 8 INFO neutron.plugins.ml2.drivers.ovn.mech_driver.ovsdb.commands [None req-2c2ae60b-a131-402c-9456-c3446974545e - - - - - -] Schedule LRP lrp-942c7fa4-581e-44e0-9ec5-20231c6af0fb on gateway 669a2349-b5b5-4808-8c08-10ad28fa87e1 with priority 1
2026-07-03 20:07:29.925 8 INFO neutron.plugins.ml2.drivers.ovn.mech_driver.mech_driver [None req-055f0b47-af10-4306-a70b-e27a56bc8460 - - - - - -] OVN reports status up for port: 942c7fa4-581e-44e0-9ec5-20231c6af0fb
2026-07-03 20:07:29.951 8 INFO neutron.plugins.ml2.plugin [None req-055f0b47-af10-4306-a70b-e27a56bc8460 - - - - - -] Attempt 1 to provision port 942c7fa4-581e-44e0-9ec5-20231c6af0fb
2026-07-03 20:07:29.968 8 INFO neutron.db.ovn_revision_numbers_db [None req-88e04574-8c5a-48bb-ac5e-a823fde30bd2 a210384add594045be6ee4bf6e145709 643eb71046b84efea8e1db297672aa59 - - default default] Successfully bumped revision number for resource 942c7fa4-581e-44e0-9ec5-20231c6af0fb (type: router_ports) to 1
2026-07-03 20:07:29.990 7 INFO neutron.plugins.ml2.drivers.ovn.mech_driver.ovsdb.ovsdb_monitor [None req-3e43a4f9-1171-44dd-aea4-53813f81f084 - - - - - -] Router 2f4e438c-e346-4769-823b-d32378fb5ae9 is bound to host instance
2026-07-03 20:07:30.078 8 INFO neutron.db.ovn_revision_numbers_db [None req-88e04574-8c5a-48bb-ac5e-a823fde30bd2 a210384add594045be6ee4bf6e145709 643eb71046b84efea8e1db297672aa59 - - default default] Successfully bumped revision number for resource 2f4e438c-e346-4769-823b-d32378fb5ae9 (type: routers) to 2 [pid: 8|app: 0|req: 838/1682] 10.0.0.236 () {34 vars in 669 bytes} [Fri Jul 3 20:07:28 2026] POST /v2.0/routers => generated 965 bytes in 1872 msecs (HTTP/1.1 201) 4 headers in 162 bytes (1 switches on core 0) [pid: 8|app: 0|req: 839/1683] 10.0.0.39 () {28 vars in 598 bytes} [Fri Jul 3 20:07:30 2026] GET /v2.0/security-groups => generated 29013 bytes in 101 msecs (HTTP/1.1 200) 4 headers in 159 bytes (1 switches on core 0)
2026-07-03 20:07:30.316 8 INFO neutron_taas.services.taas.taas_plugin [None req-0e052ee5-32c6-4b30-804b-e68358a2768a 135729c6e62047fda7bef08ae606228a 723c2bd633b34a029d6d06538227425b - - default default] TaaS: Handle Delete Port: c871fb1d-2c5d-45c6-bebf-3796ea775c6d
2026-07-03 20:07:30.319 8 INFO neutron_taas.services.taas.tap_mirror_plugin [None req-0e052ee5-32c6-4b30-804b-e68358a2768a 135729c6e62047fda7bef08ae606228a 723c2bd633b34a029d6d06538227425b - - default default] Tap Mirror: Handle Delete Port: c871fb1d-2c5d-45c6-bebf-3796ea775c6d [pid: 7|app: 0|req: 845/1684] 10.0.0.236 () {32 vars in 740 bytes} [Fri Jul 3 20:07:29 2026] DELETE /v2.0/security-groups/c7bc4c77-9fcc-4a19-8877-954ad3a1b21a => generated 0 bytes in 536 msecs (HTTP/1.1 204) 2 headers in 112 bytes (1 switches on core 0)
2026-07-03 20:07:30.545 8 INFO neutron.services.segments.plugin [-] Segment c2ed0472-c747-4e5e-9e21-5b0cb00246bc resource provider aggregate not found
2026-07-03 20:07:30.550 8 INFO neutron.services.segments.plugin [-] Segment c2ed0472-c747-4e5e-9e21-5b0cb00246bc resource provider aggregate not found
2026-07-03 20:07:30.567 8 INFO neutron.services.segments.plugin [-] Client error retrieving segment c2ed0472-c747-4e5e-9e21-5b0cb00246bc resource provider; error: Placement Client Error (4xx): {"errors": [{"status": 404, "title": "Not Found", "detail": "The resource could not be found.\n\n No resource provider with uuid c2ed0472-c747-4e5e-9e21-5b0cb00246bc found for delete ", "request_id": "req-a081a3fd-9c13-4c45-a5a2-b9caeb68c46f"}]}
2026-07-03 20:07:30.572 8 INFO neutron.services.segments.plugin [-] Client error retrieving segment c2ed0472-c747-4e5e-9e21-5b0cb00246bc resource provider; error: Placement Client Error (4xx): {"errors": [{"status": 404, "title": "Not Found", "detail": "The resource could not be found.\n\n No resource provider with uuid c2ed0472-c747-4e5e-9e21-5b0cb00246bc found for delete ", "request_id": "req-7c87ccdf-2522-424d-bc4a-f49ec8affb57"}]} [pid: 8|app: 0|req: 840/1685] 10.0.0.236 () {32 vars in 726 bytes} [Fri Jul 3 20:07:30 2026] DELETE /v2.0/networks/a6527510-d9be-4073-869b-05ca98f0faea => generated 0 bytes in 401 msecs (HTTP/1.1 204) 3 headers in 131 bytes (1 switches on core 0) [pid: 8|app: 0|req: 841/1686] 10.0.0.39 () {28 vars in 582 bytes} [Fri Jul 3 20:07:30 2026] GET /v2.0/subnets => generated 2662 bytes in 34 msecs (HTTP/1.1 200) 4 headers in 158 bytes (1 switches on core 0) [pid: 8|app: 0|req: 842/1687] 10.0.0.39 () {28 vars in 584 bytes} [Fri Jul 3 20:07:30 2026] GET /v2.0/networks => generated 3876 bytes in 59 msecs (HTTP/1.1 200) 4 headers in 158 bytes (1 switches on core 0) [pid: 8|app: 0|req: 843/1688] 10.0.0.39 () {28 vars in 578 bytes} [Fri Jul 3 20:07:30 2026] GET /v2.0/ports => generated 10454 bytes in 69 msecs (HTTP/1.1 200) 4 headers in 159 bytes (1 switches on core 0) [pid: 8|app: 0|req: 844/1689] 10.0.0.39 () {28 vars in 580 bytes} [Fri Jul 3 20:07:30 2026] GET /v2.0/agents => generated 1214 bytes in 44 msecs (HTTP/1.1 200) 4 headers in 158 bytes (1 switches on core 0) [pid: 8|app: 0|req: 845/1690] 10.0.0.39 () {28 vars in 618 bytes} [Fri Jul 3 20:07:30 2026] GET /v2.0/network-ip-availabilities => generated 2044 bytes in 18 msecs (HTTP/1.1 200) 4 headers in 158 bytes (1 switches on core 0) [pid: 8|app: 0|req: 846/1691] 10.0.0.39 () {28 vars in 582 bytes} [Fri Jul 3 20:07:30 2026] GET /v2.0/subnets => generated 2662 bytes in 34 msecs (HTTP/1.1 200) 4 headers in 158 bytes (1 switches on core 0) [pid: 8|app: 0|req: 847/1692] 10.0.0.39 () {28 vars in 590 bytes} [Fri Jul 3 20:07:30 2026] GET /v2.0/subnetpools => generated 19 bytes in 11 msecs (HTTP/1.1 200) 4 headers in 156 bytes (1 switches on core 0)
2026-07-03 20:07:30.940 7 WARNING neutron.plugins.ml2.drivers.ovn.mech_driver.ovsdb.ovn_client [None req-0cdd6cc6-9805-411b-8167-689ca3fff837 - - - - - -] No hosting information found for port 78b5cc99-e782-4c6b-8cde-433d0ca01a60: RuntimeError: No hosting information found for port 78b5cc99-e782-4c6b-8cde-433d0ca01a60 [pid: 8|app: 0|req: 848/1693] 10.0.0.39 () {28 vars in 590 bytes} [Fri Jul 3 20:07:30 2026] GET /v2.0/floatingips => generated 19 bytes in 20 msecs (HTTP/1.1 200) 4 headers in 156 bytes (1 switches on core 0) [pid: 8|app: 0|req: 849/1694] 10.0.0.39 () {28 vars in 582 bytes} [Fri Jul 3 20:07:30 2026] GET /v2.0/routers => generated 1935 bytes in 69 msecs (HTTP/1.1 200) 4 headers in 158 bytes (1 switches on core 0) [pid: 8|app: 0|req: 850/1695] 10.0.0.39 () {28 vars in 623 bytes} [Fri Jul 3 20:07:31 2026] GET /v2.0/agents?binary=ovn-controller => generated 416 bytes in 11 msecs (HTTP/1.1 200) 4 headers in 157 bytes (1 switches on core 0) [pid: 8|app: 0|req: 851/1696] 10.0.0.236 () {32 vars in 774 bytes} [Fri Jul 3 20:07:31 2026] GET /v2.0/security-groups?tenant_id=723c2bd633b34a029d6d06538227425b&name=default => generated 2925 bytes in 176 msecs (HTTP/1.1 200) 4 headers in 158 bytes (1 switches on core 0)
2026-07-03 20:07:31.332 7 INFO neutron.db.ovn_revision_numbers_db [None req-0cdd6cc6-9805-411b-8167-689ca3fff837 - - - - - -] Successfully bumped revision number for resource 78b5cc99-e782-4c6b-8cde-433d0ca01a60 (type: router_ports) to 2 [pid: 8|app: 0|req: 852/1697] 10.0.0.236 () {32 vars in 740 bytes} [Fri Jul 3 20:07:31 2026] DELETE /v2.0/security-groups/4ccb68bc-2a89-46da-87b9-87b428ed98a5 => generated 0 bytes in 248 msecs (HTTP/1.1 204) 2 headers in 112 bytes (1 switches on core 0)
2026-07-03 20:07:31.643 7 WARNING neutron.scheduler.dhcp_agent_scheduler [None req-c46fc500-dac9-443a-98e3-d3d666e979ec a210384add594045be6ee4bf6e145709 643eb71046b84efea8e1db297672aa59 - - default default] No more DHCP agents
2026-07-03 20:07:31.646 7 WARNING neutron.api.rpc.agentnotifiers.dhcp_rpc_agent_api [None req-c46fc500-dac9-443a-98e3-d3d666e979ec a210384add594045be6ee4bf6e145709 643eb71046b84efea8e1db297672aa59 - - default default] Unable to schedule network 9f580cf9-ae51-4c69-9524-1be998bb5bbc: no agents available; will retry on subsequent port and subnet creation events.
2026-07-03 20:07:31.864 8 INFO neutron.db.ovn_revision_numbers_db [None req-75eb32eb-09d1-4cb6-8f3a-0b59af596cfe a210384add594045be6ee4bf6e145709 643eb71046b84efea8e1db297672aa59 - - default default] Successfully bumped revision number for resource 75788912-bb3e-4b42-a096-42d74e34fae7 (type: security_groups) to 1
2026-07-03 20:07:31.896 8 INFO neutron.db.ovn_revision_numbers_db [None req-75eb32eb-09d1-4cb6-8f3a-0b59af596cfe a210384add594045be6ee4bf6e145709 643eb71046b84efea8e1db297672aa59 - - default default] Successfully bumped revision number for resource 094613ff-20ad-45f5-b1eb-f7d032bd88f7 (type: security_group_rules) to 0
2026-07-03 20:07:31.921 8 INFO neutron.db.ovn_revision_numbers_db [None req-75eb32eb-09d1-4cb6-8f3a-0b59af596cfe a210384add594045be6ee4bf6e145709 643eb71046b84efea8e1db297672aa59 - - default default] Successfully bumped revision number for resource 9f5b0859-4621-4476-8564-613887aab219 (type: security_group_rules) to 0
2026-07-03 20:07:31.928 7 INFO neutron.plugins.ml2.drivers.ovn.mech_driver.mech_driver [None req-0cdd6cc6-9805-411b-8167-689ca3fff837 - - - - - -] OVN reports status down for port: 1cbbf422-e21a-4a60-847a-a3cbdd013f63
2026-07-03 20:07:31.944 8 INFO neutron.db.ovn_revision_numbers_db [None req-75eb32eb-09d1-4cb6-8f3a-0b59af596cfe a210384add594045be6ee4bf6e145709 643eb71046b84efea8e1db297672aa59 - - default default] Successfully bumped revision number for resource ad49fdc6-f651-4d6e-9c3c-18041a24c187 (type: security_group_rules) to 0
2026-07-03 20:07:31.955 8 INFO neutron.db.ovn_revision_numbers_db [None req-75eb32eb-09d1-4cb6-8f3a-0b59af596cfe a210384add594045be6ee4bf6e145709 643eb71046b84efea8e1db297672aa59 - - default default] Successfully bumped revision number for resource e7bc9e31-226e-49cb-b1e2-d5fe3d47070a (type: security_group_rules) to 0
2026-07-03 20:07:31.957 7 INFO neutron.db.ovn_revision_numbers_db [None req-77145634-1eb3-4f62-987e-16341bfeef05 - - - - - -] Successfully bumped revision number for resource 942c7fa4-581e-44e0-9ec5-20231c6af0fb (type: ports) to 4 [pid: 8|app: 0|req: 853/1698] 10.0.0.236 () {32 vars in 774 bytes} [Fri Jul 3 20:07:31 2026] GET /v2.0/security-groups?tenant_id=72ac260b194e4765a0f3cab27170ca2a&name=default => generated 2925 bytes in 501 msecs (HTTP/1.1 200) 4 headers in 158 bytes (1 switches on core 0)
2026-07-03 20:07:32.011 7 INFO neutron.db.ovn_revision_numbers_db [None req-c46fc500-dac9-443a-98e3-d3d666e979ec a210384add594045be6ee4bf6e145709 643eb71046b84efea8e1db297672aa59 - - default default] Successfully bumped revision number for resource 1cbbf422-e21a-4a60-847a-a3cbdd013f63 (type: ports) to 1 [pid: 8|app: 0|req: 854/1699] 10.0.0.236 () {32 vars in 740 bytes} [Fri Jul 3 20:07:32 2026] DELETE /v2.0/security-groups/75788912-bb3e-4b42-a096-42d74e34fae7 => generated 0 bytes in 277 msecs (HTTP/1.1 204) 2 headers in 112 bytes (1 switches on core 0)
2026-07-03 20:07:32.658 7 INFO neutron.db.ovn_revision_numbers_db [None req-77145634-1eb3-4f62-987e-16341bfeef05 - - - - - -] Successfully bumped revision number for resource 942c7fa4-581e-44e0-9ec5-20231c6af0fb (type: ports) to 5
2026-07-03 20:07:33.122 7 INFO neutron.plugins.ml2.drivers.ovn.mech_driver.mech_driver [None req-0cdd6cc6-9805-411b-8167-689ca3fff837 - - - - - -] OVN reports status up for port: 1cbbf422-e21a-4a60-847a-a3cbdd013f63
2026-07-03 20:07:33.154 7 INFO neutron.plugins.ml2.plugin [None req-0cdd6cc6-9805-411b-8167-689ca3fff837 - - - - - -] Attempt 1 to provision port 1cbbf422-e21a-4a60-847a-a3cbdd013f63
2026-07-03 20:07:33.283 7 WARNING neutron.scheduler.dhcp_agent_scheduler [None req-c46fc500-dac9-443a-98e3-d3d666e979ec a210384add594045be6ee4bf6e145709 643eb71046b84efea8e1db297672aa59 - - default default] No more DHCP agents
2026-07-03 20:07:33.287 7 WARNING neutron.api.rpc.agentnotifiers.dhcp_rpc_agent_api [None req-c46fc500-dac9-443a-98e3-d3d666e979ec a210384add594045be6ee4bf6e145709 643eb71046b84efea8e1db297672aa59 - - default default] Unable to schedule network 9f580cf9-ae51-4c69-9524-1be998bb5bbc: no agents available; will retry on subsequent port and subnet creation events.
2026-07-03 20:07:33.623 8 INFO neutron.db.ovn_revision_numbers_db [None req-61e30bdc-7237-491d-892e-90f3f63053e6 102e0ac87c754b259df772fb549811aa 2220a9c4737e441e9c4f94b7328b2e5c - - default default] Successfully bumped revision number for resource 0f488db8-2809-4a30-ae7e-f773cce334f2 (type: security_groups) to 1
2026-07-03 20:07:33.637 8 INFO neutron.db.ovn_revision_numbers_db [None req-61e30bdc-7237-491d-892e-90f3f63053e6 102e0ac87c754b259df772fb549811aa 2220a9c4737e441e9c4f94b7328b2e5c - - default default] Successfully bumped revision number for resource 6bfc228a-959e-46fe-b859-98b71870b691 (type: security_group_rules) to 0
2026-07-03 20:07:33.655 8 INFO neutron.db.ovn_revision_numbers_db [None req-61e30bdc-7237-491d-892e-90f3f63053e6 102e0ac87c754b259df772fb549811aa 2220a9c4737e441e9c4f94b7328b2e5c - - default default] Successfully bumped revision number for resource 8c2470be-77ba-439e-805a-a48df469cf2a (type: security_group_rules) to 0
2026-07-03 20:07:33.669 8 INFO neutron.db.ovn_revision_numbers_db [None req-61e30bdc-7237-491d-892e-90f3f63053e6 102e0ac87c754b259df772fb549811aa 2220a9c4737e441e9c4f94b7328b2e5c - - default default] Successfully bumped revision number for resource a64f6a75-17c4-4047-9a54-002ee3e72e29 (type: security_group_rules) to 0
2026-07-03 20:07:33.687 8 INFO neutron.db.ovn_revision_numbers_db [None req-61e30bdc-7237-491d-892e-90f3f63053e6 102e0ac87c754b259df772fb549811aa 2220a9c4737e441e9c4f94b7328b2e5c - - default default] Successfully bumped revision number for resource e93fc67c-8ed0-4643-8227-2bd81d8dd939 (type: security_group_rules) to 0
2026-07-03 20:07:33.765 8 INFO neutron.db.segments_db [None req-61e30bdc-7237-491d-892e-90f3f63053e6 102e0ac87c754b259df772fb549811aa 2220a9c4737e441e9c4f94b7328b2e5c - - default default] Added segment acd69f5a-f5ce-42b1-acf2-9f83f6a479e4 of type geneve for network 3559b4d0-bb25-488d-8136-048e8cdfe84a
2026-07-03 20:07:33.827 7 INFO neutron.db.ovn_revision_numbers_db [None req-0cdd6cc6-9805-411b-8167-689ca3fff837 - - - - - -] Successfully bumped revision number for resource 1cbbf422-e21a-4a60-847a-a3cbdd013f63 (type: ports) to 2
2026-07-03 20:07:33.866 8 INFO neutron.db.ovn_revision_numbers_db [None req-61e30bdc-7237-491d-892e-90f3f63053e6 102e0ac87c754b259df772fb549811aa 2220a9c4737e441e9c4f94b7328b2e5c - - default default] Successfully bumped revision number for resource 3559b4d0-bb25-488d-8136-048e8cdfe84a (type: networks) to 1
2026-07-03 20:07:34.052 8 WARNING neutron.scheduler.dhcp_agent_scheduler [None req-61e30bdc-7237-491d-892e-90f3f63053e6 102e0ac87c754b259df772fb549811aa 2220a9c4737e441e9c4f94b7328b2e5c - - default default] No more DHCP agents
2026-07-03 20:07:34.058 8 WARNING neutron.api.rpc.agentnotifiers.dhcp_rpc_agent_api [None req-61e30bdc-7237-491d-892e-90f3f63053e6 102e0ac87c754b259df772fb549811aa 2220a9c4737e441e9c4f94b7328b2e5c - - default default] Unable to schedule network 3559b4d0-bb25-488d-8136-048e8cdfe84a: no agents available; will retry on subsequent port and subnet creation events.
2026-07-03 20:07:34.123 8 INFO neutron.plugins.ml2.drivers.ovn.mech_driver.mech_driver [None req-055f0b47-af10-4306-a70b-e27a56bc8460 - - - - - -] OVN reports status down for port: c87e1525-f4fa-49a8-801c-042ae953aa4f
2026-07-03 20:07:34.178 7 INFO neutron.db.ovn_revision_numbers_db [None req-c46fc500-dac9-443a-98e3-d3d666e979ec a210384add594045be6ee4bf6e145709 643eb71046b84efea8e1db297672aa59 - - default default] Successfully bumped revision number for resource 1cbbf422-e21a-4a60-847a-a3cbdd013f63 (type: router_ports) to 1 [pid: 7|app: 0|req: 846/1700] 10.0.0.236 () {34 vars in 783 bytes} [Fri Jul 3 20:07:30 2026] PUT /v2.0/routers/2f4e438c-e346-4769-823b-d32378fb5ae9/add_router_interface => generated 309 bytes in 3766 msecs (HTTP/1.1 200) 4 headers in 157 bytes (1 switches on core 0)
2026-07-03 20:07:34.192 8 INFO neutron.db.ovn_revision_numbers_db [None req-61e30bdc-7237-491d-892e-90f3f63053e6 102e0ac87c754b259df772fb549811aa 2220a9c4737e441e9c4f94b7328b2e5c - - default default] Successfully bumped revision number for resource c87e1525-f4fa-49a8-801c-042ae953aa4f (type: ports) to 1 [pid: 8|app: 0|req: 855/1701] 10.0.0.236 () {34 vars in 670 bytes} [Fri Jul 3 20:07:33 2026] POST /v2.0/networks => generated 671 bytes in 928 msecs (HTTP/1.1 201) 4 headers in 162 bytes (1 switches on core 0)
2026-07-03 20:07:34.476 8 INFO neutron.db.ovn_revision_numbers_db [None req-821677ca-08c9-4e94-92bc-900324f9f97c d7b3be892fe04cf18bc7e9163dde7bea 68a2d4125fce4d2db2dc2b093e182978 - - default default] Successfully bumped revision number for resource 94ca6c80-2d75-4ddb-8f34-f095c5d71ece (type: security_groups) to 1
2026-07-03 20:07:34.488 8 INFO neutron.db.ovn_revision_numbers_db [None req-821677ca-08c9-4e94-92bc-900324f9f97c d7b3be892fe04cf18bc7e9163dde7bea 68a2d4125fce4d2db2dc2b093e182978 - - default default] Successfully bumped revision number for resource 230ce79d-5839-4e42-ad29-73bea795e724 (type: security_group_rules) to 0
2026-07-03 20:07:34.507 8 INFO neutron.db.ovn_revision_numbers_db [None req-821677ca-08c9-4e94-92bc-900324f9f97c d7b3be892fe04cf18bc7e9163dde7bea 68a2d4125fce4d2db2dc2b093e182978 - - default default] Successfully bumped revision number for resource 50e83ae6-77b7-4576-a5e2-2bc21b5637c8 (type: security_group_rules) to 0
2026-07-03 20:07:34.524 8 INFO neutron.db.ovn_revision_numbers_db [None req-821677ca-08c9-4e94-92bc-900324f9f97c d7b3be892fe04cf18bc7e9163dde7bea 68a2d4125fce4d2db2dc2b093e182978 - - default default] Successfully bumped revision number for resource 775106af-6e52-4709-8ab1-57b20346c878 (type: security_group_rules) to 0
2026-07-03 20:07:34.532 7 INFO neutron.db.ovn_revision_numbers_db [None req-c8e99781-22a1-44f2-a4cb-5584b0e82e42 a210384add594045be6ee4bf6e145709 643eb71046b84efea8e1db297672aa59 - - default default] Successfully bumped revision number for resource ff99965b-b09c-48ad-b6d0-e04bf8547c85 (type: security_groups) to 1
2026-07-03 20:07:34.536 8 INFO neutron.db.ovn_revision_numbers_db [None req-821677ca-08c9-4e94-92bc-900324f9f97c d7b3be892fe04cf18bc7e9163dde7bea 68a2d4125fce4d2db2dc2b093e182978 - - default default] Successfully bumped revision number for resource beb68a45-37fc-4df2-a521-0c4311c29af5 (type: security_group_rules) to 0
2026-07-03 20:07:34.550 7 INFO neutron.db.ovn_revision_numbers_db [None req-c8e99781-22a1-44f2-a4cb-5584b0e82e42 a210384add594045be6ee4bf6e145709 643eb71046b84efea8e1db297672aa59 - - default default] Successfully bumped revision number for resource 12161e1d-3b71-414d-8a3d-d031f3e1d7b8 (type: security_group_rules) to 0
2026-07-03 20:07:34.561 7 INFO neutron.db.ovn_revision_numbers_db [None req-c8e99781-22a1-44f2-a4cb-5584b0e82e42 a210384add594045be6ee4bf6e145709 643eb71046b84efea8e1db297672aa59 - - default default] Successfully bumped revision number for resource 3d1c38b2-b577-497d-b0de-84781ba7b591 (type: security_group_rules) to 0
2026-07-03 20:07:34.572 7 INFO neutron.db.ovn_revision_numbers_db [None req-c8e99781-22a1-44f2-a4cb-5584b0e82e42 a210384add594045be6ee4bf6e145709 643eb71046b84efea8e1db297672aa59 - - default default] Successfully bumped revision number for resource bf36aa75-3a83-4d6f-8e34-1aa192ee5dc9 (type: security_group_rules) to 0
2026-07-03 20:07:34.583 7 INFO neutron.db.ovn_revision_numbers_db [None req-c8e99781-22a1-44f2-a4cb-5584b0e82e42 a210384add594045be6ee4bf6e145709 643eb71046b84efea8e1db297672aa59 - - default default] Successfully bumped revision number for resource cdc26b18-5f9a-4917-9d99-cec0c56c347b (type: security_group_rules) to 0
2026-07-03 20:07:34.612 8 INFO neutron.db.segments_db [None req-821677ca-08c9-4e94-92bc-900324f9f97c d7b3be892fe04cf18bc7e9163dde7bea 68a2d4125fce4d2db2dc2b093e182978 - - default default] Added segment 8e8a9f0c-941a-44f8-b681-6cdd0512b482 of type geneve for network 27539fab-6b98-460b-b812-b69d6269a490 [pid: 7|app: 0|req: 847/1702] 10.0.0.236 () {32 vars in 774 bytes} [Fri Jul 3 20:07:34 2026] GET /v2.0/security-groups?tenant_id=d975c143b1cf401c8b503c32c0f72a85&name=default => generated 2925 bytes in 436 msecs (HTTP/1.1 200) 4 headers in 158 bytes (1 switches on core 0)
2026-07-03 20:07:34.712 7 INFO neutron.db.segments_db [None req-34605bb3-f8b4-4b78-b424-fa83a5db033b 102e0ac87c754b259df772fb549811aa 2220a9c4737e441e9c4f94b7328b2e5c - - default default] Added segment 0461d6a1-32bf-4359-be09-10b1812cdc2b of type geneve for network f9108bdd-9205-4c84-be7e-0194b645298a
2026-07-03 20:07:34.720 8 INFO neutron.db.ovn_revision_numbers_db [None req-821677ca-08c9-4e94-92bc-900324f9f97c d7b3be892fe04cf18bc7e9163dde7bea 68a2d4125fce4d2db2dc2b093e182978 - - default default] Successfully bumped revision number for resource 27539fab-6b98-460b-b812-b69d6269a490 (type: networks) to 1
2026-07-03 20:07:34.817 7 INFO neutron.db.ovn_revision_numbers_db [None req-34605bb3-f8b4-4b78-b424-fa83a5db033b 102e0ac87c754b259df772fb549811aa 2220a9c4737e441e9c4f94b7328b2e5c - - default default] Successfully bumped revision number for resource f9108bdd-9205-4c84-be7e-0194b645298a (type: networks) to 1
2026-07-03 20:07:34.881 8 WARNING neutron.scheduler.dhcp_agent_scheduler [None req-821677ca-08c9-4e94-92bc-900324f9f97c d7b3be892fe04cf18bc7e9163dde7bea 68a2d4125fce4d2db2dc2b093e182978 - - default default] No more DHCP agents
2026-07-03 20:07:34.883 8 WARNING neutron.api.rpc.agentnotifiers.dhcp_rpc_agent_api [None req-821677ca-08c9-4e94-92bc-900324f9f97c d7b3be892fe04cf18bc7e9163dde7bea 68a2d4125fce4d2db2dc2b093e182978 - - default default] Unable to schedule network 27539fab-6b98-460b-b812-b69d6269a490: no agents available; will retry on subsequent port and subnet creation events.
2026-07-03 20:07:34.959 8 INFO neutron.db.ovn_revision_numbers_db [None req-821677ca-08c9-4e94-92bc-900324f9f97c d7b3be892fe04cf18bc7e9163dde7bea 68a2d4125fce4d2db2dc2b093e182978 - - default default] Successfully bumped revision number for resource 4285db26-e154-4ac2-ba16-68fe8f1cf35a (type: ports) to 1 [pid: 8|app: 0|req: 856/1703] 10.0.0.236 () {34 vars in 670 bytes} [Fri Jul 3 20:07:34 2026] POST /v2.0/networks => generated 681 bytes in 743 msecs (HTTP/1.1 201) 4 headers in 162 bytes (1 switches on core 0)
2026-07-03 20:07:34.992 7 WARNING neutron.scheduler.dhcp_agent_scheduler [None req-34605bb3-f8b4-4b78-b424-fa83a5db033b 102e0ac87c754b259df772fb549811aa 2220a9c4737e441e9c4f94b7328b2e5c - - default default] No more DHCP agents
2026-07-03 20:07:34.993 7 WARNING neutron.api.rpc.agentnotifiers.dhcp_rpc_agent_api [None req-34605bb3-f8b4-4b78-b424-fa83a5db033b 102e0ac87c754b259df772fb549811aa 2220a9c4737e441e9c4f94b7328b2e5c - - default default] Unable to schedule network f9108bdd-9205-4c84-be7e-0194b645298a: no agents available; will retry on subsequent port and subnet creation events.
2026-07-03 20:07:35.058 8 INFO neutron.plugins.ml2.drivers.ovn.mech_driver.mech_driver [None req-055f0b47-af10-4306-a70b-e27a56bc8460 - - - - - -] OVN reports status down for port: 62dbf714-2351-480a-91e5-5e72c93cd85b
2026-07-03 20:07:35.081 7 INFO neutron.db.ovn_revision_numbers_db [None req-34605bb3-f8b4-4b78-b424-fa83a5db033b 102e0ac87c754b259df772fb549811aa 2220a9c4737e441e9c4f94b7328b2e5c - - default default] Successfully bumped revision number for resource 62dbf714-2351-480a-91e5-5e72c93cd85b (type: ports) to 1 [pid: 7|app: 0|req: 848/1704] 10.0.0.236 () {34 vars in 670 bytes} [Fri Jul 3 20:07:34 2026] POST /v2.0/networks => generated 671 bytes in 483 msecs (HTTP/1.1 201) 4 headers in 162 bytes (1 switches on core 0)
2026-07-03 20:07:35.234 7 INFO neutron.db.ovn_revision_numbers_db [None req-f3c62f35-82e1-48d1-8a1f-6690684a3ffa 6ca86c21ac2a466486ab9686a8fe7065 6ce76e8f91b849218c56b54c3053d45c - - default default] Successfully bumped revision number for resource 34993695-2d39-4cb9-865d-e4ad967585bb (type: security_groups) to 1
2026-07-03 20:07:35.248 7 INFO neutron.db.ovn_revision_numbers_db [None req-f3c62f35-82e1-48d1-8a1f-6690684a3ffa 6ca86c21ac2a466486ab9686a8fe7065 6ce76e8f91b849218c56b54c3053d45c - - default default] Successfully bumped revision number for resource 094c65cd-8c43-41a8-afa8-bb3fb433fe13 (type: security_group_rules) to 0
2026-07-03 20:07:35.260 7 INFO neutron.db.ovn_revision_numbers_db [None req-f3c62f35-82e1-48d1-8a1f-6690684a3ffa 6ca86c21ac2a466486ab9686a8fe7065 6ce76e8f91b849218c56b54c3053d45c - - default default] Successfully bumped revision number for resource cc779a00-acbf-4eb2-9eea-c53c73005b20 (type: security_group_rules) to 0 [pid: 8|app: 0|req: 857/1705] 10.0.0.236 () {32 vars in 740 bytes} [Fri Jul 3 20:07:34 2026] DELETE /v2.0/security-groups/ff99965b-b09c-48ad-b6d0-e04bf8547c85 => generated 0 bytes in 317 msecs (HTTP/1.1 204) 2 headers in 112 bytes (1 switches on core 0) [pid: 7|app: 0|req: 849/1706] 10.0.0.236 () {34 vars in 685 bytes} [Fri Jul 3 20:07:35 2026] POST /v2.0/security-groups => generated 1673 bytes in 197 msecs (HTTP/1.1 201) 4 headers in 163 bytes (1 switches on core 0)
2026-07-03 20:07:35.488 7 WARNING neutron.scheduler.dhcp_agent_scheduler [None req-51cbd5e1-7d32-4718-add1-718533bc1c5a 102e0ac87c754b259df772fb549811aa 2220a9c4737e441e9c4f94b7328b2e5c - - default default] No more DHCP agents
2026-07-03 20:07:35.489 7 WARNING neutron.api.rpc.agentnotifiers.dhcp_rpc_agent_api [None req-51cbd5e1-7d32-4718-add1-718533bc1c5a 102e0ac87c754b259df772fb549811aa 2220a9c4737e441e9c4f94b7328b2e5c - - default default] Unable to schedule network 3559b4d0-bb25-488d-8136-048e8cdfe84a: no agents available; will retry on subsequent port and subnet creation events.
2026-07-03 20:07:35.497 8 WARNING neutron.scheduler.dhcp_agent_scheduler [None req-24474c9e-8f5a-4c2a-9efc-531c2dc27a63 d7b3be892fe04cf18bc7e9163dde7bea 68a2d4125fce4d2db2dc2b093e182978 - - default default] No more DHCP agents
2026-07-03 20:07:35.499 8 WARNING neutron.api.rpc.agentnotifiers.dhcp_rpc_agent_api [None req-24474c9e-8f5a-4c2a-9efc-531c2dc27a63 d7b3be892fe04cf18bc7e9163dde7bea 68a2d4125fce4d2db2dc2b093e182978 - - default default] Unable to schedule network 27539fab-6b98-460b-b812-b69d6269a490: no agents available; will retry on subsequent port and subnet creation events.
2026-07-03 20:07:35.517 7 INFO neutron.db.ovn_revision_numbers_db [None req-51cbd5e1-7d32-4718-add1-718533bc1c5a 102e0ac87c754b259df772fb549811aa 2220a9c4737e441e9c4f94b7328b2e5c - - default default] Successfully bumped revision number for resource 26092720-5ab2-4b7b-933b-b364223323ae (type: subnets) to 0 [pid: 7|app: 0|req: 850/1707] 10.0.0.236 () {34 vars in 669 bytes} [Fri Jul 3 20:07:35 2026] POST /v2.0/subnets => generated 646 bytes in 230 msecs (HTTP/1.1 201) 4 headers in 162 bytes (1 switches on core 0)
2026-07-03 20:07:35.638 7 INFO neutron.db.ovn_revision_numbers_db [None req-e391f31f-7eff-4f7c-b4b0-206a3ec6ff84 6ca86c21ac2a466486ab9686a8fe7065 6ce76e8f91b849218c56b54c3053d45c - - default default] Successfully bumped revision number for resource 4953399d-e7f5-4002-ae5c-7894593eb97d (type: security_group_rules) to 0 [pid: 7|app: 0|req: 851/1708] 10.0.0.236 () {34 vars in 695 bytes} [Fri Jul 3 20:07:35 2026] POST /v2.0/security-group-rules => generated 597 bytes in 133 msecs (HTTP/1.1 201) 4 headers in 162 bytes (1 switches on core 0)
2026-07-03 20:07:35.835 7 WARNING neutron.scheduler.dhcp_agent_scheduler [None req-beabe524-d7f1-4e7c-86fb-87a1c10e5fea 102e0ac87c754b259df772fb549811aa 2220a9c4737e441e9c4f94b7328b2e5c - - default default] No more DHCP agents
2026-07-03 20:07:35.836 7 WARNING neutron.api.rpc.agentnotifiers.dhcp_rpc_agent_api [None req-beabe524-d7f1-4e7c-86fb-87a1c10e5fea 102e0ac87c754b259df772fb549811aa 2220a9c4737e441e9c4f94b7328b2e5c - - default default] Unable to schedule network f9108bdd-9205-4c84-be7e-0194b645298a: no agents available; will retry on subsequent port and subnet creation events.
2026-07-03 20:07:35.867 7 INFO neutron.db.ovn_revision_numbers_db [None req-beabe524-d7f1-4e7c-86fb-87a1c10e5fea 102e0ac87c754b259df772fb549811aa 2220a9c4737e441e9c4f94b7328b2e5c - - default default] Successfully bumped revision number for resource a3491ae8-dd2d-4876-8ec7-d5a0f6e3d29b (type: subnets) to 0 [pid: 7|app: 0|req: 852/1709] 10.0.0.236 () {34 vars in 669 bytes} [Fri Jul 3 20:07:35 2026] POST /v2.0/subnets => generated 655 bytes in 217 msecs (HTTP/1.1 201) 4 headers in 162 bytes (1 switches on core 0)
2026-07-03 20:07:35.933 8 INFO neutron.db.ovn_revision_numbers_db [None req-e25544da-253e-45ee-8897-c3e5adf7c585 - - - - - -] Successfully bumped revision number for resource 4285db26-e154-4ac2-ba16-68fe8f1cf35a (type: ports) to 2
2026-07-03 20:07:35.963 8 INFO neutron.db.ovn_revision_numbers_db [None req-e25544da-253e-45ee-8897-c3e5adf7c585 - - - - - -] Successfully bumped revision number for resource 4e24b120-33a0-4497-95e7-9cf8f1860ce3 (type: subnets) to 0 [pid: 8|app: 0|req: 858/1710] 10.0.0.236 () {34 vars in 669 bytes} [Fri Jul 3 20:07:35 2026] POST /v2.0/subnets => generated 641 bytes in 680 msecs (HTTP/1.1 201) 4 headers in 162 bytes (1 switches on core 0)
2026-07-03 20:07:36.008 7 INFO neutron.db.ovn_revision_numbers_db [None req-cd728f85-551b-48c6-b8c2-99afb28021b1 6ca86c21ac2a466486ab9686a8fe7065 6ce76e8f91b849218c56b54c3053d45c - - default default] Successfully bumped revision number for resource 9b5a922c-f75b-4364-8c7d-390cb7441f59 (type: security_group_rules) to 0 [pid: 7|app: 0|req: 853/1711] 10.0.0.236 () {34 vars in 695 bytes} [Fri Jul 3 20:07:35 2026] POST /v2.0/security-group-rules => generated 596 bytes in 149 msecs (HTTP/1.1 201) 4 headers in 162 bytes (1 switches on core 0)
2026-07-03 20:07:36.085 8 INFO neutron.db.ovn_revision_numbers_db [None req-9257ab4a-7361-4465-8a4c-a64d31ffd2c2 102e0ac87c754b259df772fb549811aa 2220a9c4737e441e9c4f94b7328b2e5c - - default default] Successfully bumped revision number for resource 95e9b880-c0d6-4e34-9f25-75d15e7ac908 (type: routers) to 1 [pid: 8|app: 0|req: 859/1712] 10.0.0.236 () {34 vars in 669 bytes} [Fri Jul 3 20:07:35 2026] POST /v2.0/routers => generated 607 bytes in 126 msecs (HTTP/1.1 201) 4 headers in 162 bytes (1 switches on core 0)
2026-07-03 20:07:36.107 7 INFO neutron.db.segments_db [None req-cbf4e43a-ad69-43dd-8d4d-a470ccc4caea d7b3be892fe04cf18bc7e9163dde7bea 68a2d4125fce4d2db2dc2b093e182978 - - default default] Added segment 81801ee6-4cfd-4dc7-9fc2-6de8a5420eea of type geneve for network c5fe25ec-1bcf-4250-b9f6-332bff4a82d3
2026-07-03 20:07:36.239 7 INFO neutron.db.ovn_revision_numbers_db [None req-cbf4e43a-ad69-43dd-8d4d-a470ccc4caea d7b3be892fe04cf18bc7e9163dde7bea 68a2d4125fce4d2db2dc2b093e182978 - - default default] Successfully bumped revision number for resource c5fe25ec-1bcf-4250-b9f6-332bff4a82d3 (type: networks) to 1
2026-07-03 20:07:36.264 8 INFO neutron.db.ovn_revision_numbers_db [None req-b97f28b9-341f-438f-bc9f-a2ec270dcbf8 6ca86c21ac2a466486ab9686a8fe7065 6ce76e8f91b849218c56b54c3053d45c - - default default] Successfully bumped revision number for resource 45560645-b111-4165-b516-b01d30fdb873 (type: security_group_rules) to 0 [pid: 8|app: 0|req: 860/1713] 10.0.0.236 () {34 vars in 695 bytes} [Fri Jul 3 20:07:36 2026] POST /v2.0/security-group-rules => generated 602 bytes in 185 msecs (HTTP/1.1 201) 4 headers in 162 bytes (1 switches on core 0)
2026-07-03 20:07:36.413 7 WARNING neutron.scheduler.dhcp_agent_scheduler [None req-cbf4e43a-ad69-43dd-8d4d-a470ccc4caea d7b3be892fe04cf18bc7e9163dde7bea 68a2d4125fce4d2db2dc2b093e182978 - - default default] No more DHCP agents
2026-07-03 20:07:36.415 7 WARNING neutron.api.rpc.agentnotifiers.dhcp_rpc_agent_api [None req-cbf4e43a-ad69-43dd-8d4d-a470ccc4caea d7b3be892fe04cf18bc7e9163dde7bea 68a2d4125fce4d2db2dc2b093e182978 - - default default] Unable to schedule network c5fe25ec-1bcf-4250-b9f6-332bff4a82d3: no agents available; will retry on subsequent port and subnet creation events.
2026-07-03 20:07:36.456 8 INFO neutron.plugins.ml2.drivers.ovn.mech_driver.mech_driver [None req-055f0b47-af10-4306-a70b-e27a56bc8460 - - - - - -] OVN reports status down for port: b9c19568-c221-489d-a973-5f14fa90278f
2026-07-03 20:07:36.485 7 INFO neutron.db.ovn_revision_numbers_db [None req-cbf4e43a-ad69-43dd-8d4d-a470ccc4caea d7b3be892fe04cf18bc7e9163dde7bea 68a2d4125fce4d2db2dc2b093e182978 - - default default] Successfully bumped revision number for resource b9c19568-c221-489d-a973-5f14fa90278f (type: ports) to 1 [pid: 7|app: 0|req: 854/1714] 10.0.0.236 () {34 vars in 670 bytes} [Fri Jul 3 20:07:36 2026] POST /v2.0/networks => generated 680 bytes in 478 msecs (HTTP/1.1 201) 4 headers in 162 bytes (1 switches on core 0)
2026-07-03 20:07:36.633 7 INFO neutron.db.ovn_revision_numbers_db [None req-90219223-b8bf-472c-bf9a-0200e2fe86f4 6ca86c21ac2a466486ab9686a8fe7065 6ce76e8f91b849218c56b54c3053d45c - - default default] Successfully bumped revision number for resource 19a54546-2aca-4f0a-96d3-7b0a968a801b (type: security_group_rules) to 0 [pid: 7|app: 0|req: 855/1715] 10.0.0.236 () {34 vars in 695 bytes} [Fri Jul 3 20:07:36 2026] POST /v2.0/security-group-rules => generated 601 bytes in 149 msecs (HTTP/1.1 201) 4 headers in 162 bytes (1 switches on core 0)
2026-07-03 20:07:36.708 8 WARNING neutron.scheduler.dhcp_agent_scheduler [None req-21eaaf04-d5e7-4fac-aaef-59f0849393f4 102e0ac87c754b259df772fb549811aa 2220a9c4737e441e9c4f94b7328b2e5c - - default default] No more DHCP agents
2026-07-03 20:07:36.709 8 WARNING neutron.api.rpc.agentnotifiers.dhcp_rpc_agent_api [None req-21eaaf04-d5e7-4fac-aaef-59f0849393f4 102e0ac87c754b259df772fb549811aa 2220a9c4737e441e9c4f94b7328b2e5c - - default default] Unable to schedule network 3559b4d0-bb25-488d-8136-048e8cdfe84a: no agents available; will retry on subsequent port and subnet creation events.
2026-07-03 20:07:36.788 8 INFO neutron.plugins.ml2.drivers.ovn.mech_driver.mech_driver [None req-055f0b47-af10-4306-a70b-e27a56bc8460 - - - - - -] OVN reports status down for port: 87fcd50b-a1a9-4c22-b87d-f826f98ed67b
2026-07-03 20:07:36.799 7 INFO neutron.db.ovn_revision_numbers_db [None req-5cb710e6-4b90-4169-9da2-c646bf7b0d4e d7b3be892fe04cf18bc7e9163dde7bea 68a2d4125fce4d2db2dc2b093e182978 - - default default] Successfully bumped revision number for resource c5fe25ec-1bcf-4250-b9f6-332bff4a82d3 (type: networks) to 2 [pid: 7|app: 0|req: 856/1716] 10.0.0.236 () {34 vars in 743 bytes} [Fri Jul 3 20:07:36 2026] PUT /v2.0/networks/c5fe25ec-1bcf-4250-b9f6-332bff4a82d3 => generated 636 bytes in 141 msecs (HTTP/1.1 200) 4 headers in 157 bytes (1 switches on core 0)
2026-07-03 20:07:36.826 8 INFO neutron.db.ovn_revision_numbers_db [None req-21eaaf04-d5e7-4fac-aaef-59f0849393f4 102e0ac87c754b259df772fb549811aa 2220a9c4737e441e9c4f94b7328b2e5c - - default default] Successfully bumped revision number for resource 87fcd50b-a1a9-4c22-b87d-f826f98ed67b (type: ports) to 1
2026-07-03 20:07:36.835 7 INFO neutron.db.securitygroups_db [None req-d10915f0-7dfe-48f5-88e0-26f4747eacff 6ca86c21ac2a466486ab9686a8fe7065 6ce76e8f91b849218c56b54c3053d45c - - default default] Project 6ce76e8f91b849218c56b54c3053d45c added a security group rule with legacy IPv6 ICMP protocol name icmp, ipv6-icmp should be used instead. It was automatically converted.
2026-07-03 20:07:36.932 7 INFO neutron.db.ovn_revision_numbers_db [None req-d10915f0-7dfe-48f5-88e0-26f4747eacff 6ca86c21ac2a466486ab9686a8fe7065 6ce76e8f91b849218c56b54c3053d45c - - default default] Successfully bumped revision number for resource 019e34f8-b865-498a-aaad-5ebde446a6b3 (type: security_group_rules) to 0 [pid: 7|app: 0|req: 857/1717] 10.0.0.236 () {34 vars in 695 bytes} [Fri Jul 3 20:07:36 2026] POST /v2.0/security-group-rules => generated 607 bytes in 157 msecs (HTTP/1.1 201) 4 headers in 162 bytes (1 switches on core 0)
2026-07-03 20:07:37.157 7 WARNING neutron.scheduler.dhcp_agent_scheduler [None req-1eedaf30-0081-4def-84e1-bf149a040a87 d7b3be892fe04cf18bc7e9163dde7bea 68a2d4125fce4d2db2dc2b093e182978 - - default default] No more DHCP agents
2026-07-03 20:07:37.158 7 WARNING neutron.api.rpc.agentnotifiers.dhcp_rpc_agent_api [None req-1eedaf30-0081-4def-84e1-bf149a040a87 d7b3be892fe04cf18bc7e9163dde7bea 68a2d4125fce4d2db2dc2b093e182978 - - default default] Unable to schedule network c5fe25ec-1bcf-4250-b9f6-332bff4a82d3: no agents available; will retry on subsequent port and subnet creation events.
2026-07-03 20:07:37.302 8 INFO neutron.plugins.ml2.drivers.ovn.mech_driver.mech_driver [None req-055f0b47-af10-4306-a70b-e27a56bc8460 - - - - - -] OVN reports status up for port: 87fcd50b-a1a9-4c22-b87d-f826f98ed67b
2026-07-03 20:07:37.328 8 INFO neutron.plugins.ml2.plugin [None req-055f0b47-af10-4306-a70b-e27a56bc8460 - - - - - -] Attempt 1 to provision port 87fcd50b-a1a9-4c22-b87d-f826f98ed67b
2026-07-03 20:07:37.420 8 WARNING neutron.scheduler.dhcp_agent_scheduler [None req-21eaaf04-d5e7-4fac-aaef-59f0849393f4 102e0ac87c754b259df772fb549811aa 2220a9c4737e441e9c4f94b7328b2e5c - - default default] No more DHCP agents
2026-07-03 20:07:37.423 8 WARNING neutron.api.rpc.agentnotifiers.dhcp_rpc_agent_api [None req-21eaaf04-d5e7-4fac-aaef-59f0849393f4 102e0ac87c754b259df772fb549811aa 2220a9c4737e441e9c4f94b7328b2e5c - - default default] Unable to schedule network 3559b4d0-bb25-488d-8136-048e8cdfe84a: no agents available; will retry on subsequent port and subnet creation events.
2026-07-03 20:07:37.702 7 INFO neutron.db.ovn_revision_numbers_db [None req-31a1050c-7e15-470a-bed3-294ba345aa77 - - - - - -] Successfully bumped revision number for resource b9c19568-c221-489d-a973-5f14fa90278f (type: ports) to 2
2026-07-03 20:07:37.742 7 INFO neutron.db.ovn_revision_numbers_db [None req-31a1050c-7e15-470a-bed3-294ba345aa77 - - - - - -] Successfully bumped revision number for resource d3d7a780-65b6-41f3-ac97-0d23b86ea94c (type: subnets) to 0 [pid: 7|app: 0|req: 858/1718] 10.0.0.236 () {34 vars in 669 bytes} [Fri Jul 3 20:07:36 2026] POST /v2.0/subnets => generated 626 bytes in 805 msecs (HTTP/1.1 201) 4 headers in 162 bytes (1 switches on core 0)
2026-07-03 20:07:37.817 8 INFO neutron.db.ovn_revision_numbers_db [None req-21eaaf04-d5e7-4fac-aaef-59f0849393f4 102e0ac87c754b259df772fb549811aa 2220a9c4737e441e9c4f94b7328b2e5c - - default default] Successfully bumped revision number for resource 87fcd50b-a1a9-4c22-b87d-f826f98ed67b (type: router_ports) to 1 [pid: 8|app: 0|req: 861/1719] 10.0.0.236 () {34 vars in 783 bytes} [Fri Jul 3 20:07:36 2026] PUT /v2.0/routers/95e9b880-c0d6-4e34-9f25-75d15e7ac908/add_router_interface => generated 309 bytes in 1549 msecs (HTTP/1.1 200) 4 headers in 157 bytes (1 switches on core 0)
2026-07-03 20:07:37.927 8 INFO neutron.db.securitygroups_db [None req-d9687478-d276-47b7-ba60-bfc28dce85df 6ca86c21ac2a466486ab9686a8fe7065 6ce76e8f91b849218c56b54c3053d45c - - default default] Project 6ce76e8f91b849218c56b54c3053d45c added a security group rule with legacy IPv6 ICMP protocol name icmp, ipv6-icmp should be used instead. It was automatically converted.
