2026-07-03 20:06:43.622 8 INFO neutron.db.ovn_revision_numbers_db [None req-44f9f075-99d9-4a4c-90e8-fc1afe402fde d0ad16a60ced4d0b8b1cfed1f5956531 2893cd017dcf4858bb38d151b8d78e1e - - default default] Successfully bumped revision number for resource 37c4ce86-b8fd-4ce3-ad0a-af096f6bc619 (type: networks) to 1 [pid: 7|app: 0|req: 670/1314] 10.0.0.51 () {34 vars in 989 bytes} [Fri Jul 3 20:06:43 2026] GET /v2.0/ports?device_id=85fbb220-a5e3-4c7d-b649-62f4d1e242bd => generated 969 bytes in 63 msecs (HTTP/1.1 200) 4 headers in 157 bytes (1 switches on core 0)
2026-07-03 20:06:43.785 8 WARNING neutron.scheduler.dhcp_agent_scheduler [None req-44f9f075-99d9-4a4c-90e8-fc1afe402fde d0ad16a60ced4d0b8b1cfed1f5956531 2893cd017dcf4858bb38d151b8d78e1e - - default default] No more DHCP agents
2026-07-03 20:06:43.786 8 WARNING neutron.api.rpc.agentnotifiers.dhcp_rpc_agent_api [None req-44f9f075-99d9-4a4c-90e8-fc1afe402fde d0ad16a60ced4d0b8b1cfed1f5956531 2893cd017dcf4858bb38d151b8d78e1e - - default default] Unable to schedule network 37c4ce86-b8fd-4ce3-ad0a-af096f6bc619: no agents available; will retry on subsequent port and subnet creation events. [pid: 7|app: 0|req: 671/1315] 10.0.0.51 () {34 vars in 1039 bytes} [Fri Jul 3 20:06:43 2026] GET /v2.0/security-groups?id=6ae07dbe-9fba-49de-8a03-ec082d67e7d6&fields=id&fields=name => generated 114 bytes in 28 msecs (HTTP/1.1 200) 4 headers in 157 bytes (1 switches on core 0)
2026-07-03 20:06:43.815 7 INFO neutron.plugins.ml2.drivers.ovn.mech_driver.mech_driver [None req-cfc6966e-5967-43c9-9171-e4f0656d82a2 - - - - - -] OVN reports status down for port: 3aa45ee3-887b-4fd2-8ed6-a576f8ab5d42
2026-07-03 20:06:43.853 8 INFO neutron.db.ovn_revision_numbers_db [None req-44f9f075-99d9-4a4c-90e8-fc1afe402fde d0ad16a60ced4d0b8b1cfed1f5956531 2893cd017dcf4858bb38d151b8d78e1e - - default default] Successfully bumped revision number for resource 3aa45ee3-887b-4fd2-8ed6-a576f8ab5d42 (type: ports) to 1 [pid: 8|app: 0|req: 645/1316] 10.0.0.236 () {34 vars in 670 bytes} [Fri Jul 3 20:06:43 2026] POST /v2.0/networks => generated 667 bytes in 476 msecs (HTTP/1.1 201) 4 headers in 162 bytes (1 switches on core 0)
2026-07-03 20:06:44.136 7 WARNING neutron.scheduler.dhcp_agent_scheduler [None req-bb2db78a-4166-4b5c-8f78-66cc7438dcd6 d0ad16a60ced4d0b8b1cfed1f5956531 2893cd017dcf4858bb38d151b8d78e1e - - default default] No more DHCP agents
2026-07-03 20:06:44.139 7 WARNING neutron.api.rpc.agentnotifiers.dhcp_rpc_agent_api [None req-bb2db78a-4166-4b5c-8f78-66cc7438dcd6 d0ad16a60ced4d0b8b1cfed1f5956531 2893cd017dcf4858bb38d151b8d78e1e - - default default] Unable to schedule network 37c4ce86-b8fd-4ce3-ad0a-af096f6bc619: no agents available; will retry on subsequent port and subnet creation events.
2026-07-03 20:06:44.634 7 INFO neutron.db.ovn_revision_numbers_db [None req-08dfb713-7b20-4cac-81af-34ecd32bb69d - - - - - -] Successfully bumped revision number for resource 3aa45ee3-887b-4fd2-8ed6-a576f8ab5d42 (type: ports) to 2
2026-07-03 20:06:44.668 7 INFO neutron.db.ovn_revision_numbers_db [None req-08dfb713-7b20-4cac-81af-34ecd32bb69d - - - - - -] Successfully bumped revision number for resource 4b6aea10-d708-42c7-917e-13968e6990cb (type: subnets) to 0 [pid: 7|app: 0|req: 672/1317] 10.0.0.236 () {34 vars in 669 bytes} [Fri Jul 3 20:06:43 2026] POST /v2.0/subnets => generated 626 bytes in 799 msecs (HTTP/1.1 201) 4 headers in 162 bytes (1 switches on core 0)
2026-07-03 20:06:44.804 8 INFO neutron.db.ovn_revision_numbers_db [None req-4f9e4381-49f7-4361-80b1-7af64d527bc3 d0ad16a60ced4d0b8b1cfed1f5956531 2893cd017dcf4858bb38d151b8d78e1e - - default default] Successfully bumped revision number for resource d7305781-c4ca-4cce-9afe-9dcb92912570 (type: routers) to 1 [pid: 8|app: 0|req: 646/1318] 10.0.0.236 () {34 vars in 669 bytes} [Fri Jul 3 20:06:44 2026] POST /v2.0/routers => generated 603 bytes in 129 msecs (HTTP/1.1 201) 4 headers in 162 bytes (1 switches on core 0) [pid: 8|app: 0|req: 647/1319] 10.0.0.51 () {34 vars in 989 bytes} [Fri Jul 3 20:06:44 2026] GET /v2.0/ports?device_id=85fbb220-a5e3-4c7d-b649-62f4d1e242bd => generated 969 bytes in 73 msecs (HTTP/1.1 200) 4 headers in 157 bytes (1 switches on core 0) [pid: 8|app: 0|req: 648/1320] 10.0.0.51 () {34 vars in 1039 bytes} [Fri Jul 3 20:06:44 2026] GET /v2.0/security-groups?id=6ae07dbe-9fba-49de-8a03-ec082d67e7d6&fields=id&fields=name => generated 114 bytes in 45 msecs (HTTP/1.1 200) 4 headers in 157 bytes (1 switches on core 0)
2026-07-03 20:06:45.252 7 WARNING neutron.scheduler.dhcp_agent_scheduler [None req-f6a305af-aff4-42dc-b836-f1268a56e629 d0ad16a60ced4d0b8b1cfed1f5956531 2893cd017dcf4858bb38d151b8d78e1e - - default default] No more DHCP agents
2026-07-03 20:06:45.253 7 WARNING neutron.api.rpc.agentnotifiers.dhcp_rpc_agent_api [None req-f6a305af-aff4-42dc-b836-f1268a56e629 d0ad16a60ced4d0b8b1cfed1f5956531 2893cd017dcf4858bb38d151b8d78e1e - - default default] Unable to schedule network 37c4ce86-b8fd-4ce3-ad0a-af096f6bc619: no agents available; will retry on subsequent port and subnet creation events.
2026-07-03 20:06:45.361 7 INFO neutron.plugins.ml2.drivers.ovn.mech_driver.mech_driver [None req-cfc6966e-5967-43c9-9171-e4f0656d82a2 - - - - - -] OVN reports status down for port: 7e1bba3b-bbe4-40c0-ab80-8cfd90a80226
2026-07-03 20:06:45.413 7 INFO neutron.db.ovn_revision_numbers_db [None req-f6a305af-aff4-42dc-b836-f1268a56e629 d0ad16a60ced4d0b8b1cfed1f5956531 2893cd017dcf4858bb38d151b8d78e1e - - default default] Successfully bumped revision number for resource 7e1bba3b-bbe4-40c0-ab80-8cfd90a80226 (type: ports) to 1
2026-07-03 20:06:45.907 7 INFO neutron.plugins.ml2.drivers.ovn.mech_driver.mech_driver [None req-cfc6966e-5967-43c9-9171-e4f0656d82a2 - - - - - -] OVN reports status up for port: 7e1bba3b-bbe4-40c0-ab80-8cfd90a80226
2026-07-03 20:06:45.933 7 INFO neutron.plugins.ml2.plugin [None req-cfc6966e-5967-43c9-9171-e4f0656d82a2 - - - - - -] Attempt 1 to provision port 7e1bba3b-bbe4-40c0-ab80-8cfd90a80226
2026-07-03 20:06:46.037 7 WARNING neutron.scheduler.dhcp_agent_scheduler [None req-f6a305af-aff4-42dc-b836-f1268a56e629 d0ad16a60ced4d0b8b1cfed1f5956531 2893cd017dcf4858bb38d151b8d78e1e - - default default] No more DHCP agents
2026-07-03 20:06:46.040 7 WARNING neutron.api.rpc.agentnotifiers.dhcp_rpc_agent_api [None req-f6a305af-aff4-42dc-b836-f1268a56e629 d0ad16a60ced4d0b8b1cfed1f5956531 2893cd017dcf4858bb38d151b8d78e1e - - default default] Unable to schedule network 37c4ce86-b8fd-4ce3-ad0a-af096f6bc619: no agents available; will retry on subsequent port and subnet creation events. [pid: 8|app: 0|req: 649/1321] 10.0.0.51 () {34 vars in 989 bytes} [Fri Jul 3 20:06:46 2026] GET /v2.0/ports?device_id=85fbb220-a5e3-4c7d-b649-62f4d1e242bd => generated 969 bytes in 39 msecs (HTTP/1.1 200) 4 headers in 157 bytes (1 switches on core 0) [pid: 8|app: 0|req: 650/1322] 10.0.0.51 () {34 vars in 1039 bytes} [Fri Jul 3 20:06:46 2026] GET /v2.0/security-groups?id=6ae07dbe-9fba-49de-8a03-ec082d67e7d6&fields=id&fields=name => generated 114 bytes in 31 msecs (HTTP/1.1 200) 4 headers in 157 bytes (1 switches on core 0)
2026-07-03 20:06:46.225 8 WARNING neutron.plugins.ml2.drivers.ovn.mech_driver.ovsdb.ovn_client [None req-e35f6ea7-6379-4e68-a761-34a5c4f713c6 - - - - - -] No port found with ID 48f5a36c-e8a0-40fc-a337-5edefcedef6f: RuntimeError: No port found with ID 48f5a36c-e8a0-40fc-a337-5edefcedef6f
2026-07-03 20:06:46.435 7 INFO neutron.db.ovn_revision_numbers_db [None req-f6a305af-aff4-42dc-b836-f1268a56e629 d0ad16a60ced4d0b8b1cfed1f5956531 2893cd017dcf4858bb38d151b8d78e1e - - default default] Successfully bumped revision number for resource 7e1bba3b-bbe4-40c0-ab80-8cfd90a80226 (type: router_ports) to 1 [pid: 7|app: 0|req: 673/1323] 10.0.0.236 () {34 vars in 783 bytes} [Fri Jul 3 20:06:44 2026] PUT /v2.0/routers/d7305781-c4ca-4cce-9afe-9dcb92912570/add_router_interface => generated 309 bytes in 1621 msecs (HTTP/1.1 200) 4 headers in 157 bytes (1 switches on core 0) [pid: 8|app: 0|req: 651/1324] 10.0.0.236 () {32 vars in 717 bytes} [Fri Jul 3 20:06:46 2026] GET /v2.0/ports/7e1bba3b-bbe4-40c0-ab80-8cfd90a80226 => generated 943 bytes in 96 msecs (HTTP/1.1 200) 4 headers in 157 bytes (1 switches on core 0)
2026-07-03 20:06:46.622 7 INFO neutron.db.ovn_revision_numbers_db [None req-cfc6966e-5967-43c9-9171-e4f0656d82a2 - - - - - -] Successfully bumped revision number for resource 7e1bba3b-bbe4-40c0-ab80-8cfd90a80226 (type: ports) to 2 [pid: 7|app: 0|req: 674/1325] 10.0.0.236 () {32 vars in 717 bytes} [Fri Jul 3 20:06:46 2026] GET /v2.0/ports/7e1bba3b-bbe4-40c0-ab80-8cfd90a80226 => generated 943 bytes in 79 msecs (HTTP/1.1 200) 4 headers in 157 bytes (1 switches on core 0)
2026-07-03 20:06:46.927 8 INFO neutron_taas.services.taas.taas_plugin [None req-b3677978-7d0a-4bf2-b87e-51c901213363 d0ad16a60ced4d0b8b1cfed1f5956531 2893cd017dcf4858bb38d151b8d78e1e - - default default] TaaS: Handle Delete Port: 7e1bba3b-bbe4-40c0-ab80-8cfd90a80226
2026-07-03 20:06:46.932 8 INFO neutron_taas.services.taas.tap_mirror_plugin [None req-b3677978-7d0a-4bf2-b87e-51c901213363 d0ad16a60ced4d0b8b1cfed1f5956531 2893cd017dcf4858bb38d151b8d78e1e - - default default] Tap Mirror: Handle Delete Port: 7e1bba3b-bbe4-40c0-ab80-8cfd90a80226 [pid: 7|app: 0|req: 675/1326] 10.0.0.51 () {34 vars in 989 bytes} [Fri Jul 3 20:06:47 2026] GET /v2.0/ports?device_id=85fbb220-a5e3-4c7d-b649-62f4d1e242bd => generated 969 bytes in 80 msecs (HTTP/1.1 200) 4 headers in 157 bytes (1 switches on core 0) [pid: 8|app: 0|req: 652/1327] 10.0.0.236 () {34 vars in 789 bytes} [Fri Jul 3 20:06:46 2026] PUT /v2.0/routers/d7305781-c4ca-4cce-9afe-9dcb92912570/remove_router_interface => generated 309 bytes in 668 msecs (HTTP/1.1 200) 4 headers in 157 bytes (1 switches on core 0) [pid: 7|app: 0|req: 676/1328] 10.0.0.51 () {34 vars in 1039 bytes} [Fri Jul 3 20:06:47 2026] GET /v2.0/security-groups?id=6ae07dbe-9fba-49de-8a03-ec082d67e7d6&fields=id&fields=name => generated 114 bytes in 35 msecs (HTTP/1.1 200) 4 headers in 157 bytes (1 switches on core 0) [pid: 7|app: 0|req: 677/1329] 10.0.0.236 () {32 vars in 736 bytes} [Fri Jul 3 20:06:47 2026] GET /v2.0/ports?device_id=d7305781-c4ca-4cce-9afe-9dcb92912570 => generated 12 bytes in 15 msecs (HTTP/1.1 200) 4 headers in 156 bytes (1 switches on core 0) /var/lib/openstack/lib/python3.12/site-packages/pycadf/identifier.py:70: UserWarning: Invalid uuid: neutron. To ensure interoperability, identifiers should be a valid uuid. warnings.warn(('Invalid uuid: %s. To ensure interoperability, ' [pid: 7|app: 0|req: 678/1330] 10.0.0.236 () {32 vars in 724 bytes} [Fri Jul 3 20:06:47 2026] DELETE /v2.0/routers/d7305781-c4ca-4cce-9afe-9dcb92912570 => generated 0 bytes in 194 msecs (HTTP/1.1 204) 2 headers in 112 bytes (1 switches on core 0)
2026-07-03 20:06:47.583 8 INFO neutron.plugins.ml2.drivers.ovn.mech_driver.mech_driver [None req-e35f6ea7-6379-4e68-a761-34a5c4f713c6 - - - - - -] OVN reports status up for port: e50cd953-7d71-42a3-ae88-093851b3069c
2026-07-03 20:06:47.608 8 INFO neutron.plugins.ml2.plugin [None req-e35f6ea7-6379-4e68-a761-34a5c4f713c6 - - - - - -] Attempt 1 to provision port e50cd953-7d71-42a3-ae88-093851b3069c
2026-07-03 20:06:47.707 8 INFO neutron.db.ovn_revision_numbers_db [None req-af46f398-829b-4df2-bbb5-2f180c4a26f3 a210384add594045be6ee4bf6e145709 643eb71046b84efea8e1db297672aa59 - - default default] Successfully bumped revision number for resource ba390369-2d77-4167-baac-3a77ff181d96 (type: security_groups) to 1
2026-07-03 20:06:47.736 8 INFO neutron.db.ovn_revision_numbers_db [None req-af46f398-829b-4df2-bbb5-2f180c4a26f3 a210384add594045be6ee4bf6e145709 643eb71046b84efea8e1db297672aa59 - - default default] Successfully bumped revision number for resource 12363901-812e-46d2-8c60-9edfd88abc04 (type: security_group_rules) to 0
2026-07-03 20:06:47.744 7 INFO neutron.db.ovn_revision_numbers_db [None req-6c3fcec8-1e70-49ac-8866-d8ce3263096e a210384add594045be6ee4bf6e145709 643eb71046b84efea8e1db297672aa59 - - default default] Successfully bumped revision number for resource 8d746aa4-ce3d-40ae-98cb-5e0d3f9b9e77 (type: security_groups) to 1
2026-07-03 20:06:47.754 7 INFO neutron.db.ovn_revision_numbers_db [None req-6c3fcec8-1e70-49ac-8866-d8ce3263096e a210384add594045be6ee4bf6e145709 643eb71046b84efea8e1db297672aa59 - - default default] Successfully bumped revision number for resource 23b152ce-43f8-4f7b-a005-97cdfa525479 (type: security_group_rules) to 0
2026-07-03 20:06:47.763 8 INFO neutron.db.ovn_revision_numbers_db [None req-af46f398-829b-4df2-bbb5-2f180c4a26f3 a210384add594045be6ee4bf6e145709 643eb71046b84efea8e1db297672aa59 - - default default] Successfully bumped revision number for resource 1e3f5c69-ebc6-4e2b-b6ac-d9393217f1f7 (type: security_group_rules) to 0
2026-07-03 20:06:47.768 7 INFO neutron.db.ovn_revision_numbers_db [None req-6c3fcec8-1e70-49ac-8866-d8ce3263096e a210384add594045be6ee4bf6e145709 643eb71046b84efea8e1db297672aa59 - - default default] Successfully bumped revision number for resource 41af06ec-1b25-46f8-a652-15ec16361260 (type: security_group_rules) to 0
2026-07-03 20:06:47.781 8 INFO neutron.db.ovn_revision_numbers_db [None req-af46f398-829b-4df2-bbb5-2f180c4a26f3 a210384add594045be6ee4bf6e145709 643eb71046b84efea8e1db297672aa59 - - default default] Successfully bumped revision number for resource 56d51a3a-9e53-494f-a988-fb0657a67004 (type: security_group_rules) to 0
2026-07-03 20:06:47.785 7 INFO neutron.db.ovn_revision_numbers_db [None req-6c3fcec8-1e70-49ac-8866-d8ce3263096e a210384add594045be6ee4bf6e145709 643eb71046b84efea8e1db297672aa59 - - default default] Successfully bumped revision number for resource 684527fe-e954-4c33-9491-bb2f4ed389f7 (type: security_group_rules) to 0
2026-07-03 20:06:47.801 7 INFO neutron.db.ovn_revision_numbers_db [None req-6c3fcec8-1e70-49ac-8866-d8ce3263096e a210384add594045be6ee4bf6e145709 643eb71046b84efea8e1db297672aa59 - - default default] Successfully bumped revision number for resource 7ab58278-a8f5-4d57-9f63-1a577f3b0c46 (type: security_group_rules) to 0
2026-07-03 20:06:47.809 8 INFO neutron.notifiers.nova [-] Nova event matching ['req-62d9aec2-b0de-4abb-964c-ef7be6eedc03'] response: {'server_uuid': '85fbb220-a5e3-4c7d-b649-62f4d1e242bd', 'name': 'network-vif-plugged', 'status': 'completed', 'tag': 'e50cd953-7d71-42a3-ae88-093851b3069c', 'code': 200}
2026-07-03 20:06:47.826 8 INFO neutron.db.ovn_revision_numbers_db [None req-af46f398-829b-4df2-bbb5-2f180c4a26f3 a210384add594045be6ee4bf6e145709 643eb71046b84efea8e1db297672aa59 - - default default] Successfully bumped revision number for resource fbc24d0d-38ed-4edc-8a3a-cde69b8e3eed (type: security_group_rules) to 0 [pid: 7|app: 0|req: 679/1331] 10.0.0.236 () {32 vars in 774 bytes} [Fri Jul 3 20:06:47 2026] GET /v2.0/security-groups?tenant_id=0d0a2c8882bc47438face878fbe61851&name=default => generated 2925 bytes in 290 msecs (HTTP/1.1 200) 4 headers in 158 bytes (1 switches on core 0) [pid: 8|app: 0|req: 653/1332] 10.0.0.236 () {32 vars in 774 bytes} [Fri Jul 3 20:06:47 2026] GET /v2.0/security-groups?tenant_id=33a6b9dfae354ef1a9924298fc0482d1&name=default => generated 2925 bytes in 594 msecs (HTTP/1.1 200) 4 headers in 158 bytes (1 switches on core 0) [pid: 7|app: 0|req: 680/1333] 10.0.0.236 () {32 vars in 724 bytes} [Fri Jul 3 20:06:47 2026] DELETE /v2.0/subnets/4b6aea10-d708-42c7-917e-13968e6990cb => generated 0 bytes in 191 msecs (HTTP/1.1 204) 3 headers in 131 bytes (1 switches on core 0)
2026-07-03 20:06:48.035 8 INFO neutron.db.ovn_revision_numbers_db [None req-e35f6ea7-6379-4e68-a761-34a5c4f713c6 - - - - - -] Successfully bumped revision number for resource e50cd953-7d71-42a3-ae88-093851b3069c (type: ports) to 5 [pid: 7|app: 0|req: 681/1334] 10.0.0.236 () {32 vars in 740 bytes} [Fri Jul 3 20:06:48 2026] DELETE /v2.0/security-groups/ba390369-2d77-4167-baac-3a77ff181d96 => generated 0 bytes in 288 msecs (HTTP/1.1 204) 2 headers in 112 bytes (1 switches on core 0) [pid: 8|app: 0|req: 654/1335] 10.0.0.236 () {32 vars in 740 bytes} [Fri Jul 3 20:06:47 2026] DELETE /v2.0/security-groups/8d746aa4-ce3d-40ae-98cb-5e0d3f9b9e77 => generated 0 bytes in 414 msecs (HTTP/1.1 204) 2 headers in 112 bytes (1 switches on core 0) /var/lib/openstack/lib/python3.12/site-packages/pycadf/identifier.py:70: UserWarning: Invalid uuid: neutron. To ensure interoperability, identifiers should be a valid uuid. warnings.warn(('Invalid uuid: %s. To ensure interoperability, '
2026-07-03 20:06:48.416 7 INFO neutron_taas.services.taas.taas_plugin [None req-298350dd-a408-4d47-8927-504de0c113fc d0ad16a60ced4d0b8b1cfed1f5956531 2893cd017dcf4858bb38d151b8d78e1e - - default default] TaaS: Handle Delete Port: 3aa45ee3-887b-4fd2-8ed6-a576f8ab5d42
2026-07-03 20:06:48.419 7 INFO neutron_taas.services.taas.tap_mirror_plugin [None req-298350dd-a408-4d47-8927-504de0c113fc d0ad16a60ced4d0b8b1cfed1f5956531 2893cd017dcf4858bb38d151b8d78e1e - - default default] Tap Mirror: Handle Delete Port: 3aa45ee3-887b-4fd2-8ed6-a576f8ab5d42 [pid: 8|app: 0|req: 655/1336] 10.0.0.51 () {34 vars in 989 bytes} [Fri Jul 3 20:06:48 2026] GET /v2.0/ports?device_id=85fbb220-a5e3-4c7d-b649-62f4d1e242bd => generated 971 bytes in 57 msecs (HTTP/1.1 200) 4 headers in 157 bytes (1 switches on core 0)
2026-07-03 20:06:48.617 8 INFO neutron.db.ovn_revision_numbers_db [None req-50d3a5af-3bae-451a-8ba2-231db538c44c a210384add594045be6ee4bf6e145709 643eb71046b84efea8e1db297672aa59 - - default default] Successfully bumped revision number for resource 9121529a-0aef-43af-a0e2-f2754266b393 (type: security_groups) to 1
2026-07-03 20:06:48.635 8 INFO neutron.db.ovn_revision_numbers_db [None req-50d3a5af-3bae-451a-8ba2-231db538c44c a210384add594045be6ee4bf6e145709 643eb71046b84efea8e1db297672aa59 - - default default] Successfully bumped revision number for resource 005139bc-b77b-4f31-8dcf-67501d8ab174 (type: security_group_rules) to 0
2026-07-03 20:06:48.640 7 INFO neutron.services.segments.plugin [-] Segment 21e881b0-1737-414f-a900-90f76804e50e resource provider aggregate not found
2026-07-03 20:06:48.641 7 INFO neutron.services.segments.plugin [-] Segment 21e881b0-1737-414f-a900-90f76804e50e resource provider aggregate not found
2026-07-03 20:06:48.660 8 INFO neutron.db.ovn_revision_numbers_db [None req-50d3a5af-3bae-451a-8ba2-231db538c44c a210384add594045be6ee4bf6e145709 643eb71046b84efea8e1db297672aa59 - - default default] Successfully bumped revision number for resource 7b352ecd-e428-48e0-a822-a81054636f6d (type: security_group_rules) to 0
2026-07-03 20:06:48.668 7 INFO neutron.services.segments.plugin [-] Client error retrieving segment 21e881b0-1737-414f-a900-90f76804e50e resource provider; error: Placement Client Error (4xx): {"errors": [{"status": 404, "title": "Not Found", "detail": "The resource could not be found.\n\n No resource provider with uuid 21e881b0-1737-414f-a900-90f76804e50e found for delete ", "request_id": "req-9ad19278-6b9c-4415-91f9-24508025ad6f"}]}
2026-07-03 20:06:48.669 7 INFO neutron.services.segments.plugin [-] Client error retrieving segment 21e881b0-1737-414f-a900-90f76804e50e resource provider; error: Placement Client Error (4xx): {"errors": [{"status": 404, "title": "Not Found", "detail": "The resource could not be found.\n\n No resource provider with uuid 21e881b0-1737-414f-a900-90f76804e50e found for delete ", "request_id": "req-f7ac8299-c5f9-4f3b-b1eb-bd0d46424fce"}]}
2026-07-03 20:06:48.680 8 INFO neutron.db.ovn_revision_numbers_db [None req-50d3a5af-3bae-451a-8ba2-231db538c44c a210384add594045be6ee4bf6e145709 643eb71046b84efea8e1db297672aa59 - - default default] Successfully bumped revision number for resource d880f23a-6e14-4bfe-9718-27cabfe8567c (type: security_group_rules) to 0
2026-07-03 20:06:48.697 8 INFO neutron.db.ovn_revision_numbers_db [None req-50d3a5af-3bae-451a-8ba2-231db538c44c a210384add594045be6ee4bf6e145709 643eb71046b84efea8e1db297672aa59 - - default default] Successfully bumped revision number for resource e82997a4-3664-4d82-9e3d-bf50528d0c2b (type: security_group_rules) to 0 [pid: 7|app: 0|req: 682/1337] 10.0.0.236 () {32 vars in 726 bytes} [Fri Jul 3 20:06:48 2026] DELETE /v2.0/networks/37c4ce86-b8fd-4ce3-ad0a-af096f6bc619 => generated 0 bytes in 389 msecs (HTTP/1.1 204) 3 headers in 131 bytes (1 switches on core 0) [pid: 7|app: 0|req: 683/1338] 10.0.0.51 () {34 vars in 1039 bytes} [Fri Jul 3 20:06:48 2026] GET /v2.0/security-groups?id=6ae07dbe-9fba-49de-8a03-ec082d67e7d6&fields=id&fields=name => generated 114 bytes in 25 msecs (HTTP/1.1 200) 4 headers in 157 bytes (1 switches on core 0) [pid: 8|app: 0|req: 656/1339] 10.0.0.236 () {32 vars in 774 bytes} [Fri Jul 3 20:06:48 2026] GET /v2.0/security-groups?tenant_id=e0a8f608c5114db2a9d7f49ca88494b2&name=default => generated 2925 bytes in 309 msecs (HTTP/1.1 200) 4 headers in 158 bytes (1 switches on core 0) [pid: 8|app: 0|req: 657/1340] 10.0.0.236 () {32 vars in 740 bytes} [Fri Jul 3 20:06:48 2026] DELETE /v2.0/security-groups/9121529a-0aef-43af-a0e2-f2754266b393 => generated 0 bytes in 292 msecs (HTTP/1.1 204) 2 headers in 112 bytes (1 switches on core 0)
2026-07-03 20:06:49.248 7 WARNING neutron.scheduler.dhcp_agent_scheduler [None req-51748ab5-c4fe-4b3f-a5fd-aa6e50f0b25e d0ad16a60ced4d0b8b1cfed1f5956531 2893cd017dcf4858bb38d151b8d78e1e - - default default] No more DHCP agents
2026-07-03 20:06:49.250 7 WARNING neutron.api.rpc.agentnotifiers.dhcp_rpc_agent_api [None req-51748ab5-c4fe-4b3f-a5fd-aa6e50f0b25e d0ad16a60ced4d0b8b1cfed1f5956531 2893cd017dcf4858bb38d151b8d78e1e - - default default] Unable to schedule network 5a81349d-3da2-479b-89ee-78f2c28db3df: no agents available; will retry on subsequent port and subnet creation events.
2026-07-03 20:06:49.460 7 INFO neutron.db.ovn_revision_numbers_db [None req-51748ab5-c4fe-4b3f-a5fd-aa6e50f0b25e d0ad16a60ced4d0b8b1cfed1f5956531 2893cd017dcf4858bb38d151b8d78e1e - - default default] Successfully bumped revision number for resource c2d3de15-f23a-4236-b002-9f6ce1c5d725 (type: ports) to 1 [pid: 8|app: 0|req: 658/1341] 10.0.0.51 () {34 vars in 989 bytes} [Fri Jul 3 20:06:49 2026] GET /v2.0/ports?device_id=85fbb220-a5e3-4c7d-b649-62f4d1e242bd => generated 971 bytes in 61 msecs (HTTP/1.1 200) 4 headers in 157 bytes (1 switches on core 0)
2026-07-03 20:06:49.872 8 INFO neutron.notifiers.nova [-] Nova event matching ['req-a4468c36-4afe-4187-b5b4-72863f45bbd5'] response: {'server_uuid': '85fbb220-a5e3-4c7d-b649-62f4d1e242bd', 'name': 'network-vif-plugged', 'status': 'completed', 'tag': 'e50cd953-7d71-42a3-ae88-093851b3069c', 'code': 200} [pid: 8|app: 0|req: 659/1342] 10.0.0.51 () {34 vars in 1039 bytes} [Fri Jul 3 20:06:49 2026] GET /v2.0/security-groups?id=6ae07dbe-9fba-49de-8a03-ec082d67e7d6&fields=id&fields=name => generated 114 bytes in 35 msecs (HTTP/1.1 200) 4 headers in 157 bytes (1 switches on core 0) [pid: 8|app: 0|req: 660/1343] 10.0.0.51 () {34 vars in 989 bytes} [Fri Jul 3 20:06:49 2026] GET /v2.0/ports?device_id=85fbb220-a5e3-4c7d-b649-62f4d1e242bd => generated 971 bytes in 73 msecs (HTTP/1.1 200) 4 headers in 157 bytes (1 switches on core 0)
2026-07-03 20:06:50.070 7 INFO neutron.plugins.ml2.drivers.ovn.mech_driver.ovsdb.commands [None req-4d4c1599-cab2-4d1d-bff0-e0696ed4277d - - - - - -] Schedule LRP lrp-c2d3de15-f23a-4236-b002-9f6ce1c5d725 on gateway 669a2349-b5b5-4808-8c08-10ad28fa87e1 with priority 1
2026-07-03 20:06:50.176 7 INFO neutron.db.ovn_revision_numbers_db [None req-51748ab5-c4fe-4b3f-a5fd-aa6e50f0b25e d0ad16a60ced4d0b8b1cfed1f5956531 2893cd017dcf4858bb38d151b8d78e1e - - default default] Successfully bumped revision number for resource c2d3de15-f23a-4236-b002-9f6ce1c5d725 (type: router_ports) to 1
2026-07-03 20:06:50.266 7 INFO neutron.db.ovn_revision_numbers_db [None req-51748ab5-c4fe-4b3f-a5fd-aa6e50f0b25e d0ad16a60ced4d0b8b1cfed1f5956531 2893cd017dcf4858bb38d151b8d78e1e - - default default] Successfully bumped revision number for resource 4829eb24-4fba-4ac7-9cc9-90012219261c (type: routers) to 2 [pid: 7|app: 0|req: 684/1344] 10.0.0.236 () {34 vars in 669 bytes} [Fri Jul 3 20:06:48 2026] POST /v2.0/routers => generated 947 bytes in 1566 msecs (HTTP/1.1 201) 4 headers in 162 bytes (1 switches on core 0)
2026-07-03 20:06:50.592 8 INFO neutron.db.ovn_revision_numbers_db [None req-7992be7a-2f99-40c2-a4ca-c7aea23c48eb a94f910a371b4c2487191d39aa0a4db2 2d33623feca44a40b9fe6c21dce7c502 - - default default] Successfully bumped revision number for resource be0524a5-3f90-47d8-9b30-18989d03b9ca (type: floatingips) to 1
2026-07-03 20:06:50.673 7 INFO neutron.db.ovn_revision_numbers_db [None req-122553c5-6212-489f-90c9-8b9b3007929d cc62d229f7794c6d948de7dc548875ba c77e0a3c3a604bd5bdd98ebfb5298640 - - default default] Successfully bumped revision number for resource cfbdae31-e91d-48b3-97fe-d77634e94ffc (type: security_groups) to 1
2026-07-03 20:06:50.686 7 INFO neutron.db.ovn_revision_numbers_db [None req-122553c5-6212-489f-90c9-8b9b3007929d cc62d229f7794c6d948de7dc548875ba c77e0a3c3a604bd5bdd98ebfb5298640 - - default default] Successfully bumped revision number for resource 9a77614c-5cdd-47d1-a717-8c41c78213ef (type: security_group_rules) to 0
2026-07-03 20:06:50.698 7 INFO neutron.db.ovn_revision_numbers_db [None req-122553c5-6212-489f-90c9-8b9b3007929d cc62d229f7794c6d948de7dc548875ba c77e0a3c3a604bd5bdd98ebfb5298640 - - default default] Successfully bumped revision number for resource a1ad0cce-e290-41d1-a846-e3391ccf4f3a (type: security_group_rules) to 0
2026-07-03 20:06:50.712 7 INFO neutron.db.ovn_revision_numbers_db [None req-122553c5-6212-489f-90c9-8b9b3007929d cc62d229f7794c6d948de7dc548875ba c77e0a3c3a604bd5bdd98ebfb5298640 - - default default] Successfully bumped revision number for resource a9c71ea6-8298-4625-aeeb-a0c062ba4c82 (type: security_group_rules) to 0
2026-07-03 20:06:50.723 7 INFO neutron.db.ovn_revision_numbers_db [None req-122553c5-6212-489f-90c9-8b9b3007929d cc62d229f7794c6d948de7dc548875ba c77e0a3c3a604bd5bdd98ebfb5298640 - - default default] Successfully bumped revision number for resource d44cf2f8-2886-461d-b988-7b13ef1c8542 (type: security_group_rules) to 0
2026-07-03 20:06:50.737 8 INFO neutron.db.ovn_revision_numbers_db [None req-7992be7a-2f99-40c2-a4ca-c7aea23c48eb a94f910a371b4c2487191d39aa0a4db2 2d33623feca44a40b9fe6c21dce7c502 - - default default] Successfully bumped revision number for resource be0524a5-3f90-47d8-9b30-18989d03b9ca (type: floatingips) to 2
2026-07-03 20:06:50.737 8 INFO neutron.db.l3_db [None req-7992be7a-2f99-40c2-a4ca-c7aea23c48eb a94f910a371b4c2487191d39aa0a4db2 2d33623feca44a40b9fe6c21dce7c502 - - default default] Floating IP be0524a5-3f90-47d8-9b30-18989d03b9ca associated. External IP: 10.96.250.207, port: e50cd953-7d71-42a3-ae88-093851b3069c. [pid: 8|app: 0|req: 661/1345] 10.0.0.236 () {34 vars in 749 bytes} [Fri Jul 3 20:06:50 2026] PUT /v2.0/floatingips/be0524a5-3f90-47d8-9b30-18989d03b9ca => generated 855 bytes in 713 msecs (HTTP/1.1 200) 4 headers in 157 bytes (1 switches on core 0)
2026-07-03 20:06:50.824 7 INFO neutron.db.segments_db [None req-122553c5-6212-489f-90c9-8b9b3007929d cc62d229f7794c6d948de7dc548875ba c77e0a3c3a604bd5bdd98ebfb5298640 - - default default] Added segment 25babdf7-dba6-4e3b-837d-c37ac73975fa of type geneve for network fe26aa7f-9530-4c47-9da6-3ff4164f557b [pid: 8|app: 0|req: 662/1346] 10.0.0.236 () {32 vars in 721 bytes} [Fri Jul 3 20:06:50 2026] GET /v2.0/routers/4829eb24-4fba-4ac7-9cc9-90012219261c => generated 953 bytes in 100 msecs (HTTP/1.1 200) 4 headers in 157 bytes (1 switches on core 0) [pid: 8|app: 0|req: 663/1347] 10.0.0.51 () {34 vars in 989 bytes} [Fri Jul 3 20:06:50 2026] GET /v2.0/ports?device_id=85fbb220-a5e3-4c7d-b649-62f4d1e242bd => generated 971 bytes in 31 msecs (HTTP/1.1 200) 4 headers in 157 bytes (1 switches on core 0)
2026-07-03 20:06:50.924 7 INFO neutron.db.segments_db [None req-122553c5-6212-489f-90c9-8b9b3007929d cc62d229f7794c6d948de7dc548875ba c77e0a3c3a604bd5bdd98ebfb5298640 - - default default] Added segment c8bec9ab-bb7c-4560-8479-419fe0eba80c of type geneve for network fde34fce-4b87-47cb-a05c-748b7dbd3bd9 [pid: 8|app: 0|req: 664/1348] 10.0.0.236 () {32 vars in 647 bytes} [Fri Jul 3 20:06:50 2026] GET /v2.0/routers => generated 956 bytes in 78 msecs (HTTP/1.1 200) 4 headers in 157 bytes (1 switches on core 0) [pid: 8|app: 0|req: 665/1349] 10.0.0.51 () {34 vars in 1039 bytes} [Fri Jul 3 20:06:50 2026] GET /v2.0/security-groups?id=6ae07dbe-9fba-49de-8a03-ec082d67e7d6&fields=id&fields=name => generated 114 bytes in 30 msecs (HTTP/1.1 200) 4 headers in 157 bytes (1 switches on core 0)
2026-07-03 20:06:51.036 7 INFO neutron.db.ovn_revision_numbers_db [None req-122553c5-6212-489f-90c9-8b9b3007929d cc62d229f7794c6d948de7dc548875ba c77e0a3c3a604bd5bdd98ebfb5298640 - - default default] Successfully bumped revision number for resource fe26aa7f-9530-4c47-9da6-3ff4164f557b (type: networks) to 1
2026-07-03 20:06:51.229 7 WARNING neutron.scheduler.dhcp_agent_scheduler [None req-122553c5-6212-489f-90c9-8b9b3007929d cc62d229f7794c6d948de7dc548875ba c77e0a3c3a604bd5bdd98ebfb5298640 - - default default] No more DHCP agents
2026-07-03 20:06:51.230 7 WARNING neutron.api.rpc.agentnotifiers.dhcp_rpc_agent_api [None req-122553c5-6212-489f-90c9-8b9b3007929d cc62d229f7794c6d948de7dc548875ba c77e0a3c3a604bd5bdd98ebfb5298640 - - default default] Unable to schedule network fe26aa7f-9530-4c47-9da6-3ff4164f557b: no agents available; will retry on subsequent port and subnet creation events.
2026-07-03 20:06:51.330 7 INFO neutron.db.ovn_revision_numbers_db [None req-122553c5-6212-489f-90c9-8b9b3007929d cc62d229f7794c6d948de7dc548875ba c77e0a3c3a604bd5bdd98ebfb5298640 - - default default] Successfully bumped revision number for resource 55e00aed-089b-4e79-89f6-4597e810221d (type: ports) to 1
2026-07-03 20:06:51.393 7 INFO neutron.db.ovn_revision_numbers_db [None req-122553c5-6212-489f-90c9-8b9b3007929d cc62d229f7794c6d948de7dc548875ba c77e0a3c3a604bd5bdd98ebfb5298640 - - default default] Successfully bumped revision number for resource fde34fce-4b87-47cb-a05c-748b7dbd3bd9 (type: networks) to 1
2026-07-03 20:06:51.549 7 WARNING neutron.scheduler.dhcp_agent_scheduler [None req-122553c5-6212-489f-90c9-8b9b3007929d cc62d229f7794c6d948de7dc548875ba c77e0a3c3a604bd5bdd98ebfb5298640 - - default default] No more DHCP agents
2026-07-03 20:06:51.551 7 WARNING neutron.api.rpc.agentnotifiers.dhcp_rpc_agent_api [None req-122553c5-6212-489f-90c9-8b9b3007929d cc62d229f7794c6d948de7dc548875ba c77e0a3c3a604bd5bdd98ebfb5298640 - - default default] Unable to schedule network fde34fce-4b87-47cb-a05c-748b7dbd3bd9: no agents available; will retry on subsequent port and subnet creation events.
2026-07-03 20:06:51.646 7 INFO neutron.db.ovn_revision_numbers_db [None req-122553c5-6212-489f-90c9-8b9b3007929d cc62d229f7794c6d948de7dc548875ba c77e0a3c3a604bd5bdd98ebfb5298640 - - default default] Successfully bumped revision number for resource face8321-d8df-4d50-9d26-308730e1b40f (type: ports) to 1 [pid: 7|app: 0|req: 685/1350] 10.0.0.236 () {34 vars in 670 bytes} [Fri Jul 3 20:06:50 2026] POST /v2.0/networks => generated 1322 bytes in 1381 msecs (HTTP/1.1 201) 4 headers in 163 bytes (1 switches on core 0) [pid: 7|app: 0|req: 686/1351] 10.0.0.51 () {34 vars in 989 bytes} [Fri Jul 3 20:06:51 2026] GET /v2.0/ports?device_id=85fbb220-a5e3-4c7d-b649-62f4d1e242bd => generated 971 bytes in 49 msecs (HTTP/1.1 200) 4 headers in 157 bytes (1 switches on core 0)
2026-07-03 20:06:51.739 8 INFO neutron.plugins.ml2.drivers.ovn.mech_driver.mech_driver [None req-e53620cf-ac27-46e0-af00-79b49e365479 - - - - - -] OVN reports status down for port: 55e00aed-089b-4e79-89f6-4597e810221d [pid: 7|app: 0|req: 687/1352] 10.0.0.236 () {32 vars in 649 bytes} [Fri Jul 3 20:06:51 2026] GET /v2.0/networks => generated 1971 bytes in 66 msecs (HTTP/1.1 200) 4 headers in 158 bytes (1 switches on core 0)
2026-07-03 20:06:51.820 7 WARNING neutron.plugins.ml2.drivers.ovn.mech_driver.ovsdb.ovn_client [None req-20c6bf71-9d4e-427a-947a-ac8a4a4b3c3d - - - - - -] No port found with ID 7e1bba3b-bbe4-40c0-ab80-8cfd90a80226: RuntimeError: No port found with ID 7e1bba3b-bbe4-40c0-ab80-8cfd90a80226
2026-07-03 20:06:51.845 7 INFO neutron.plugins.ml2.drivers.ovn.mech_driver.mech_driver [None req-20c6bf71-9d4e-427a-947a-ac8a4a4b3c3d - - - - - -] OVN reports status down for port: c2d3de15-f23a-4236-b002-9f6ce1c5d725 [pid: 7|app: 0|req: 688/1353] 10.0.0.51 () {34 vars in 1039 bytes} [Fri Jul 3 20:06:51 2026] GET /v2.0/security-groups?id=6ae07dbe-9fba-49de-8a03-ec082d67e7d6&fields=id&fields=name => generated 114 bytes in 58 msecs (HTTP/1.1 200) 4 headers in 157 bytes (1 switches on core 0)
2026-07-03 20:06:51.935 8 INFO neutron.notifiers.nova [-] Nova event matching ['req-35a937c3-1a4b-43ec-acd4-2b800bd313ee'] response: {'name': 'network-changed', 'server_uuid': '85fbb220-a5e3-4c7d-b649-62f4d1e242bd', 'tag': 'e50cd953-7d71-42a3-ae88-093851b3069c', 'status': 'completed', 'code': 200}
2026-07-03 20:06:51.961 8 INFO neutron.plugins.ml2.drivers.ovn.mech_driver.mech_driver [None req-e53620cf-ac27-46e0-af00-79b49e365479 - - - - - -] OVN reports status down for port: face8321-d8df-4d50-9d26-308730e1b40f
2026-07-03 20:06:51.980 7 WARNING neutron.plugins.ml2.drivers.ovn.mech_driver.ovsdb.ovn_client [None req-20c6bf71-9d4e-427a-947a-ac8a4a4b3c3d - - - - - -] Logical_Switch_Port c2d3de15-f23a-4236-b002-9f6ce1c5d725 host information not removed, the port state is up
2026-07-03 20:06:51.982 7 INFO neutron.plugins.ml2.drivers.ovn.mech_driver.mech_driver [None req-20c6bf71-9d4e-427a-947a-ac8a4a4b3c3d - - - - - -] OVN reports status up for port: c2d3de15-f23a-4236-b002-9f6ce1c5d725
2026-07-03 20:06:52.008 7 INFO neutron.plugins.ml2.plugin [None req-20c6bf71-9d4e-427a-947a-ac8a4a4b3c3d - - - - - -] Attempt 1 to provision port c2d3de15-f23a-4236-b002-9f6ce1c5d725
2026-07-03 20:06:52.084 8 INFO neutron.db.ovn_revision_numbers_db [None req-48977bd7-709a-45ee-8d9f-a1745746c72a d0ad16a60ced4d0b8b1cfed1f5956531 2893cd017dcf4858bb38d151b8d78e1e - - default default] Successfully bumped revision number for resource 4829eb24-4fba-4ac7-9cc9-90012219261c (type: routers) to 3
2026-07-03 20:06:52.097 7 INFO neutron_taas.services.taas.taas_plugin [None req-acb5a795-1646-4b24-b929-9a8afd92ac34 cc62d229f7794c6d948de7dc548875ba c77e0a3c3a604bd5bdd98ebfb5298640 - - default default] TaaS: Handle Delete Port: 55e00aed-089b-4e79-89f6-4597e810221d [pid: 8|app: 0|req: 666/1354] 10.0.0.236 () {34 vars in 741 bytes} [Fri Jul 3 20:06:51 2026] PUT /v2.0/routers/4829eb24-4fba-4ac7-9cc9-90012219261c => generated 960 bytes in 1090 msecs (HTTP/1.1 200) 4 headers in 157 bytes (1 switches on core 0)
2026-07-03 20:06:52.101 7 INFO neutron_taas.services.taas.tap_mirror_plugin [None req-acb5a795-1646-4b24-b929-9a8afd92ac34 cc62d229f7794c6d948de7dc548875ba c77e0a3c3a604bd5bdd98ebfb5298640 - - default default] Tap Mirror: Handle Delete Port: 55e00aed-089b-4e79-89f6-4597e810221d [pid: 8|app: 0|req: 667/1355] 10.0.0.236 () {32 vars in 721 bytes} [Fri Jul 3 20:06:52 2026] GET /v2.0/routers/4829eb24-4fba-4ac7-9cc9-90012219261c => generated 960 bytes in 77 msecs (HTTP/1.1 200) 4 headers in 157 bytes (1 switches on core 0) [pid: 8|app: 0|req: 668/1356] 10.0.0.236 () {32 vars in 736 bytes} [Fri Jul 3 20:06:52 2026] GET /v2.0/ports?device_id=4829eb24-4fba-4ac7-9cc9-90012219261c => generated 12 bytes in 26 msecs (HTTP/1.1 200) 4 headers in 156 bytes (1 switches on core 0)
2026-07-03 20:06:52.300 7 INFO neutron.services.segments.plugin [-] Segment 25babdf7-dba6-4e3b-837d-c37ac73975fa resource provider aggregate not found
2026-07-03 20:06:52.300 7 INFO neutron.services.segments.plugin [-] Segment 25babdf7-dba6-4e3b-837d-c37ac73975fa resource provider aggregate not found
2026-07-03 20:06:52.327 7 INFO neutron.services.segments.plugin [-] Client error retrieving segment 25babdf7-dba6-4e3b-837d-c37ac73975fa resource provider; error: Placement Client Error (4xx): {"errors": [{"status": 404, "title": "Not Found", "detail": "The resource could not be found.\n\n No resource provider with uuid 25babdf7-dba6-4e3b-837d-c37ac73975fa found for delete ", "request_id": "req-de7f09ef-96ae-42aa-ab5a-6cd68b5fcc4c"}]}
2026-07-03 20:06:52.331 7 INFO neutron.services.segments.plugin [-] Client error retrieving segment 25babdf7-dba6-4e3b-837d-c37ac73975fa resource provider; error: Placement Client Error (4xx): {"errors": [{"status": 404, "title": "Not Found", "detail": "The resource could not be found.\n\n No resource provider with uuid 25babdf7-dba6-4e3b-837d-c37ac73975fa found for delete ", "request_id": "req-95eaebc7-0451-4978-9a02-214d43ac41c9"}]}
2026-07-03 20:06:52.347 8 INFO neutron.plugins.ml2.drivers.ovn.mech_driver.mech_driver [None req-e53620cf-ac27-46e0-af00-79b49e365479 - - - - - -] OVN reports status down for port: e50cd953-7d71-42a3-ae88-093851b3069c [pid: 7|app: 0|req: 689/1357] 10.0.0.236 () {32 vars in 726 bytes} [Fri Jul 3 20:06:51 2026] DELETE /v2.0/networks/fe26aa7f-9530-4c47-9da6-3ff4164f557b => generated 0 bytes in 509 msecs (HTTP/1.1 204) 3 headers in 131 bytes (1 switches on core 0)
2026-07-03 20:06:52.481 7 INFO neutron_taas.services.taas.taas_plugin [None req-6127c460-1aa7-49eb-93e8-39d5c1a78005 cc62d229f7794c6d948de7dc548875ba c77e0a3c3a604bd5bdd98ebfb5298640 - - default default] TaaS: Handle Delete Port: face8321-d8df-4d50-9d26-308730e1b40f
2026-07-03 20:06:52.484 7 INFO neutron_taas.services.taas.tap_mirror_plugin [None req-6127c460-1aa7-49eb-93e8-39d5c1a78005 cc62d229f7794c6d948de7dc548875ba c77e0a3c3a604bd5bdd98ebfb5298640 - - default default] Tap Mirror: Handle Delete Port: face8321-d8df-4d50-9d26-308730e1b40f [pid: 7|app: 0|req: 690/1358] 10.0.0.236 () {32 vars in 726 bytes} [Fri Jul 3 20:06:52 2026] DELETE /v2.0/networks/fde34fce-4b87-47cb-a05c-748b7dbd3bd9 => generated 0 bytes in 331 msecs (HTTP/1.1 204) 3 headers in 131 bytes (1 switches on core 0) [pid: 7|app: 0|req: 691/1359] 199.204.45.223 () {34 vars in 1080 bytes} [Fri Jul 3 20:06:52 2026] GET /v2.0/ports?tenant_id=2d33623feca44a40b9fe6c21dce7c502&device_id=85fbb220-a5e3-4c7d-b649-62f4d1e242bd => generated 1207 bytes in 31 msecs (HTTP/1.1 200) 4 headers in 158 bytes (1 switches on core 0) [pid: 7|app: 0|req: 692/1360] 10.0.0.236 () {32 vars in 649 bytes} [Fri Jul 3 20:06:52 2026] GET /v2.0/networks => generated 689 bytes in 43 msecs (HTTP/1.1 200) 4 headers in 157 bytes (1 switches on core 0)
2026-07-03 20:06:52.795 8 INFO neutron_taas.services.taas.taas_plugin [None req-67158219-a58f-4ba6-a1b2-8221d7aa9c8b d0ad16a60ced4d0b8b1cfed1f5956531 2893cd017dcf4858bb38d151b8d78e1e - - default default] TaaS: Handle Delete Port: c2d3de15-f23a-4236-b002-9f6ce1c5d725
2026-07-03 20:06:52.811 8 INFO neutron_taas.services.taas.tap_mirror_plugin [None req-67158219-a58f-4ba6-a1b2-8221d7aa9c8b d0ad16a60ced4d0b8b1cfed1f5956531 2893cd017dcf4858bb38d151b8d78e1e - - default default] Tap Mirror: Handle Delete Port: c2d3de15-f23a-4236-b002-9f6ce1c5d725 [pid: 7|app: 0|req: 693/1361] 199.204.45.223 () {34 vars in 986 bytes} [Fri Jul 3 20:06:52 2026] GET /v2.0/networks?id=7383f03f-5a9a-4c2a-bebc-c9727e9ee49c => generated 816 bytes in 51 msecs (HTTP/1.1 200) 4 headers in 157 bytes (1 switches on core 0)
2026-07-03 20:06:52.883 8 INFO neutron.db.ovn_revision_numbers_db [None req-e53620cf-ac27-46e0-af00-79b49e365479 - - - - - -] Successfully bumped revision number for resource e50cd953-7d71-42a3-ae88-093851b3069c (type: ports) to 6
2026-07-03 20:06:52.938 7 INFO neutron.db.segments_db [None req-e66cf630-6fc1-43e7-9b13-dc078dcc0ef5 cc62d229f7794c6d948de7dc548875ba c77e0a3c3a604bd5bdd98ebfb5298640 - - default default] Added segment 21b84d40-398b-4abc-a0e4-680e2ab712bb of type geneve for network 8a961f8b-9a65-4a40-8be4-75d029a827f3
2026-07-03 20:06:53.067 7 INFO neutron.db.ovn_revision_numbers_db [None req-e66cf630-6fc1-43e7-9b13-dc078dcc0ef5 cc62d229f7794c6d948de7dc548875ba c77e0a3c3a604bd5bdd98ebfb5298640 - - default default] Successfully bumped revision number for resource 8a961f8b-9a65-4a40-8be4-75d029a827f3 (type: networks) to 1
2026-07-03 20:06:53.265 7 WARNING neutron.scheduler.dhcp_agent_scheduler [None req-e66cf630-6fc1-43e7-9b13-dc078dcc0ef5 cc62d229f7794c6d948de7dc548875ba c77e0a3c3a604bd5bdd98ebfb5298640 - - default default] No more DHCP agents
2026-07-03 20:06:53.267 7 WARNING neutron.api.rpc.agentnotifiers.dhcp_rpc_agent_api [None req-e66cf630-6fc1-43e7-9b13-dc078dcc0ef5 cc62d229f7794c6d948de7dc548875ba c77e0a3c3a604bd5bdd98ebfb5298640 - - default default] Unable to schedule network 8a961f8b-9a65-4a40-8be4-75d029a827f3: no agents available; will retry on subsequent port and subnet creation events.
2026-07-03 20:06:53.363 7 INFO neutron.db.ovn_revision_numbers_db [None req-e66cf630-6fc1-43e7-9b13-dc078dcc0ef5 cc62d229f7794c6d948de7dc548875ba c77e0a3c3a604bd5bdd98ebfb5298640 - - default default] Successfully bumped revision number for resource a172be94-5c23-4ed8-bc39-ef2791f2c731 (type: ports) to 1 [pid: 8|app: 0|req: 669/1362] 10.0.0.236 () {32 vars in 724 bytes} [Fri Jul 3 20:06:52 2026] DELETE /v2.0/routers/4829eb24-4fba-4ac7-9cc9-90012219261c => generated 0 bytes in 1148 msecs (HTTP/1.1 204) 2 headers in 112 bytes (1 switches on core 0) /var/lib/openstack/lib/python3.12/site-packages/pycadf/identifier.py:70: UserWarning: Invalid uuid: neutron. To ensure interoperability, identifiers should be a valid uuid. warnings.warn(('Invalid uuid: %s. To ensure interoperability, ' [pid: 7|app: 0|req: 694/1363] 10.0.0.236 () {34 vars in 670 bytes} [Fri Jul 3 20:06:52 2026] POST /v2.0/networks => generated 691 bytes in 561 msecs (HTTP/1.1 201) 4 headers in 162 bytes (1 switches on core 0) [pid: 8|app: 0|req: 670/1364] 199.204.45.223 () {34 vars in 1058 bytes} [Fri Jul 3 20:06:53 2026] GET /v2.0/floatingips?fixed_ip_address=10.100.0.7&port_id=e50cd953-7d71-42a3-ae88-093851b3069c => generated 858 bytes in 34 msecs (HTTP/1.1 200) 4 headers in 157 bytes (1 switches on core 0) [pid: 7|app: 0|req: 695/1365] 10.0.0.51 () {34 vars in 989 bytes} [Fri Jul 3 20:06:53 2026] GET /v2.0/ports?device_id=85fbb220-a5e3-4c7d-b649-62f4d1e242bd => generated 969 bytes in 62 msecs (HTTP/1.1 200) 4 headers in 157 bytes (1 switches on core 0) [pid: 7|app: 0|req: 696/1366] 10.0.0.236 () {32 vars in 736 bytes} [Fri Jul 3 20:06:53 2026] GET /v2.0/ports?device_id=4829eb24-4fba-4ac7-9cc9-90012219261c => generated 12 bytes in 13 msecs (HTTP/1.1 200) 4 headers in 156 bytes (1 switches on core 0)
2026-07-03 20:06:53.566 7 INFO neutron.db.segments_db [None req-740e7cc5-636d-4f64-a4b6-c6a7853fcf11 cc62d229f7794c6d948de7dc548875ba c77e0a3c3a604bd5bdd98ebfb5298640 - - default default] Added segment 8e8e2a60-d0da-46e1-b5a3-d9d55e0a9f76 of type geneve for network d1166fb5-7551-4bc2-92d4-2bc18ead010d
2026-07-03 20:06:53.674 7 INFO neutron.db.ovn_revision_numbers_db [None req-740e7cc5-636d-4f64-a4b6-c6a7853fcf11 cc62d229f7794c6d948de7dc548875ba c77e0a3c3a604bd5bdd98ebfb5298640 - - default default] Successfully bumped revision number for resource d1166fb5-7551-4bc2-92d4-2bc18ead010d (type: networks) to 1
2026-07-03 20:06:53.713 8 INFO neutron.db.ovn_revision_numbers_db [None req-10d55411-34ca-4111-be56-753599a4aab6 a210384add594045be6ee4bf6e145709 643eb71046b84efea8e1db297672aa59 - - default default] Successfully bumped revision number for resource 31e2a732-bfe5-412c-9c7e-8a2a41402c07 (type: security_groups) to 1
2026-07-03 20:06:53.726 8 INFO neutron.db.ovn_revision_numbers_db [None req-10d55411-34ca-4111-be56-753599a4aab6 a210384add594045be6ee4bf6e145709 643eb71046b84efea8e1db297672aa59 - - default default] Successfully bumped revision number for resource 030dd1ae-6fbd-4b6f-84e5-b77bd52aa3d0 (type: security_group_rules) to 0
2026-07-03 20:06:53.738 8 INFO neutron.db.ovn_revision_numbers_db [None req-10d55411-34ca-4111-be56-753599a4aab6 a210384add594045be6ee4bf6e145709 643eb71046b84efea8e1db297672aa59 - - default default] Successfully bumped revision number for resource 5a977327-4d1e-460f-82e8-e925b7ab583f (type: security_group_rules) to 0
2026-07-03 20:06:53.751 8 INFO neutron.db.ovn_revision_numbers_db [None req-10d55411-34ca-4111-be56-753599a4aab6 a210384add594045be6ee4bf6e145709 643eb71046b84efea8e1db297672aa59 - - default default] Successfully bumped revision number for resource bcead2a2-9fb2-49e4-b59d-fcf0ebc6bf88 (type: security_group_rules) to 0
2026-07-03 20:06:53.763 8 INFO neutron.db.ovn_revision_numbers_db [None req-10d55411-34ca-4111-be56-753599a4aab6 a210384add594045be6ee4bf6e145709 643eb71046b84efea8e1db297672aa59 - - default default] Successfully bumped revision number for resource f9de0b3d-6e49-4295-9256-43c933bd28a1 (type: security_group_rules) to 0 [pid: 8|app: 0|req: 671/1367] 10.0.0.236 () {32 vars in 774 bytes} [Fri Jul 3 20:06:53 2026] GET /v2.0/security-groups?tenant_id=bdb0dc121cdf42f7996eae3fbdd7df0e&name=default => generated 2925 bytes in 404 msecs (HTTP/1.1 200) 4 headers in 158 bytes (1 switches on core 0) [pid: 8|app: 0|req: 672/1368] 199.204.45.223 () {34 vars in 984 bytes} [Fri Jul 3 20:06:53 2026] GET /v2.0/subnets?id=611ea5a5-9fbc-42b3-bb93-1e07c5597a15 => generated 697 bytes in 27 msecs (HTTP/1.1 200) 4 headers in 157 bytes (1 switches on core 0)
2026-07-03 20:06:53.840 7 WARNING neutron.scheduler.dhcp_agent_scheduler [None req-740e7cc5-636d-4f64-a4b6-c6a7853fcf11 cc62d229f7794c6d948de7dc548875ba c77e0a3c3a604bd5bdd98ebfb5298640 - - default default] No more DHCP agents
2026-07-03 20:06:53.841 7 WARNING neutron.api.rpc.agentnotifiers.dhcp_rpc_agent_api [None req-740e7cc5-636d-4f64-a4b6-c6a7853fcf11 cc62d229f7794c6d948de7dc548875ba c77e0a3c3a604bd5bdd98ebfb5298640 - - default default] Unable to schedule network d1166fb5-7551-4bc2-92d4-2bc18ead010d: no agents available; will retry on subsequent port and subnet creation events. [pid: 8|app: 0|req: 673/1369] 10.0.0.51 () {34 vars in 1039 bytes} [Fri Jul 3 20:06:53 2026] GET /v2.0/security-groups?id=6ae07dbe-9fba-49de-8a03-ec082d67e7d6&fields=id&fields=name => generated 114 bytes in 27 msecs (HTTP/1.1 200) 4 headers in 157 bytes (1 switches on core 0)
2026-07-03 20:06:53.883 8 INFO neutron.api.v2.resource [None req-02ff1d74-f273-45f9-8d24-8d8ef156cc4a d0ad16a60ced4d0b8b1cfed1f5956531 2893cd017dcf4858bb38d151b8d78e1e - - default default] delete failed (client error): The resource could not be found. [pid: 8|app: 0|req: 674/1370] 10.0.0.236 () {32 vars in 724 bytes} [Fri Jul 3 20:06:53 2026] DELETE /v2.0/routers/4829eb24-4fba-4ac7-9cc9-90012219261c => generated 135 bytes in 27 msecs (HTTP/1.1 404) 4 headers in 164 bytes (1 switches on core 0)
2026-07-03 20:06:53.901 8 INFO neutron.plugins.ml2.drivers.ovn.mech_driver.mech_driver [None req-055f0b47-af10-4306-a70b-e27a56bc8460 - - - - - -] OVN reports status down for port: 36d69d53-3088-4377-b8c6-738af08fdb78
2026-07-03 20:06:53.921 7 INFO neutron.db.ovn_revision_numbers_db [None req-740e7cc5-636d-4f64-a4b6-c6a7853fcf11 cc62d229f7794c6d948de7dc548875ba c77e0a3c3a604bd5bdd98ebfb5298640 - - default default] Successfully bumped revision number for resource 36d69d53-3088-4377-b8c6-738af08fdb78 (type: ports) to 1 [pid: 7|app: 0|req: 697/1371] 10.0.0.236 () {34 vars in 670 bytes} [Fri Jul 3 20:06:53 2026] POST /v2.0/networks => generated 692 bytes in 481 msecs (HTTP/1.1 201) 4 headers in 162 bytes (1 switches on core 0) [pid: 8|app: 0|req: 675/1372] 199.204.45.223 () {34 vars in 994 bytes} [Fri Jul 3 20:06:53 2026] GET /v2.0/ports?device_id=85fbb220-a5e3-4c7d-b649-62f4d1e242bd => generated 969 bytes in 60 msecs (HTTP/1.1 200) 4 headers in 157 bytes (1 switches on core 0) [pid: 8|app: 0|req: 676/1373] 199.204.45.223 () {34 vars in 1052 bytes} [Fri Jul 3 20:06:53 2026] GET /v2.0/ports?network_id=7383f03f-5a9a-4c2a-bebc-c9727e9ee49c&device_owner=network%3Adhcp => generated 12 bytes in 36 msecs (HTTP/1.1 200) 4 headers in 156 bytes (1 switches on core 0) [pid: 8|app: 0|req: 677/1374] 10.0.0.236 () {32 vars in 736 bytes} [Fri Jul 3 20:06:53 2026] GET /v2.0/ports?device_id=d7305781-c4ca-4cce-9afe-9dcb92912570 => generated 12 bytes in 25 msecs (HTTP/1.1 200) 4 headers in 156 bytes (1 switches on core 0)
2026-07-03 20:06:54.009 8 INFO neutron.notifiers.nova [-] Nova event matching ['req-252905a5-cf04-4c7a-992e-1ca8b6195d30'] response: {'server_uuid': '85fbb220-a5e3-4c7d-b649-62f4d1e242bd', 'name': 'network-vif-unplugged', 'status': 'completed', 'tag': 'e50cd953-7d71-42a3-ae88-093851b3069c', 'code': 200}
2026-07-03 20:06:54.009 8 INFO neutron.notifiers.nova [-] Nova event matching ['req-252905a5-cf04-4c7a-992e-1ca8b6195d30'] response: {'server_uuid': '85fbb220-a5e3-4c7d-b649-62f4d1e242bd', 'name': 'network-vif-unplugged', 'status': 'completed', 'tag': 'e50cd953-7d71-42a3-ae88-093851b3069c', 'code': 200} [pid: 7|app: 0|req: 698/1375] 10.0.0.236 () {32 vars in 740 bytes} [Fri Jul 3 20:06:53 2026] DELETE /v2.0/security-groups/31e2a732-bfe5-412c-9c7e-8a2a41402c07 => generated 0 bytes in 247 msecs (HTTP/1.1 204) 2 headers in 112 bytes (1 switches on core 0)
2026-07-03 20:06:54.328 7 INFO neutron_taas.services.taas.taas_plugin [req-8e88c20c-e803-4938-a7c7-0bb756437bc8 req-e9468ab4-ed28-440c-9c52-85550e4aee70 a94f910a371b4c2487191d39aa0a4db2 2d33623feca44a40b9fe6c21dce7c502 - - default default] TaaS: Handle Delete Port: e50cd953-7d71-42a3-ae88-093851b3069c
2026-07-03 20:06:54.341 7 INFO neutron_taas.services.taas.tap_mirror_plugin [req-8e88c20c-e803-4938-a7c7-0bb756437bc8 req-e9468ab4-ed28-440c-9c52-85550e4aee70 a94f910a371b4c2487191d39aa0a4db2 2d33623feca44a40b9fe6c21dce7c502 - - default default] Tap Mirror: Handle Delete Port: e50cd953-7d71-42a3-ae88-093851b3069c
2026-07-03 20:06:54.352 7 INFO neutron.services.segments.plugin [-] Segment c8bec9ab-bb7c-4560-8479-419fe0eba80c resource provider aggregate not found
2026-07-03 20:06:54.355 7 INFO neutron.services.segments.plugin [-] Segment c8bec9ab-bb7c-4560-8479-419fe0eba80c resource provider aggregate not found
