2026-07-03 20:10:40.409 7 WARNING neutron.plugins.ml2.drivers.ovn.mech_driver.ovsdb.ovn_client [None req-b886d68d-af6e-4d24-9ced-38e46fadf892 - - - - - -] No hosting information found for port e3007d98-84c5-4794-9c04-cca97d808cae: RuntimeError: No hosting information found for port e3007d98-84c5-4794-9c04-cca97d808cae
2026-07-03 20:10:40.569 7 INFO neutron.db.ovn_revision_numbers_db [None req-b886d68d-af6e-4d24-9ced-38e46fadf892 - - - - - -] Successfully bumped revision number for resource e3007d98-84c5-4794-9c04-cca97d808cae (type: router_ports) to 2
2026-07-03 20:10:40.570 7 INFO neutron.plugins.ml2.drivers.ovn.mech_driver.mech_driver [None req-b886d68d-af6e-4d24-9ced-38e46fadf892 - - - - - -] OVN reports status down for port: a11c5b43-eaf3-4e9e-a74b-188b7b4d8f47
2026-07-03 20:10:40.586 7 INFO neutron.plugins.ml2.drivers.ovn.mech_driver.mech_driver [None req-b886d68d-af6e-4d24-9ced-38e46fadf892 - - - - - -] OVN reports status down for port: a9604505-1f2c-4645-bf4b-5c6d794edc28
2026-07-03 20:10:40.601 7 INFO neutron.plugins.ml2.drivers.ovn.mech_driver.mech_driver [None req-b886d68d-af6e-4d24-9ced-38e46fadf892 - - - - - -] OVN reports status up for port: a9604505-1f2c-4645-bf4b-5c6d794edc28
2026-07-03 20:10:40.608 7 INFO neutron.plugins.ml2.drivers.ovn.mech_driver.ovsdb.commands [None req-4d4c1599-cab2-4d1d-bff0-e0696ed4277d - - - - - -] Schedule LRP lrp-f7d95529-9019-4657-af0a-1ebcc5fdb1ca on gateway 669a2349-b5b5-4808-8c08-10ad28fa87e1 with priority 1
2026-07-03 20:10:40.623 8 INFO neutron.plugins.ml2.drivers.ovn.mech_driver.mech_driver [None req-d82357d6-c683-4b30-9e5e-a71fb57dc794 - - - - - -] OVN reports status up for port: f7d95529-9019-4657-af0a-1ebcc5fdb1ca
2026-07-03 20:10:40.637 8 INFO neutron.plugins.ml2.plugin [None req-d82357d6-c683-4b30-9e5e-a71fb57dc794 - - - - - -] Attempt 1 to provision port f7d95529-9019-4657-af0a-1ebcc5fdb1ca
2026-07-03 20:10:40.689 7 INFO neutron.db.ovn_revision_numbers_db [None req-18c2a978-6902-44c3-a527-f853a87b0aca 4e058ff99ef44a39a7b0390c879f898d 26a92ea4a55e48ffbe2cda538d752c14 - - default default] Successfully bumped revision number for resource f7d95529-9019-4657-af0a-1ebcc5fdb1ca (type: router_ports) to 1
2026-07-03 20:10:40.743 7 INFO neutron.plugins.ml2.drivers.ovn.mech_driver.mech_driver [None req-b886d68d-af6e-4d24-9ced-38e46fadf892 - - - - - -] OVN reports status down for port: d2c60fde-aa0b-4959-b3c4-94737d157d49
2026-07-03 20:10:40.803 7 INFO neutron.db.ovn_revision_numbers_db [None req-18c2a978-6902-44c3-a527-f853a87b0aca 4e058ff99ef44a39a7b0390c879f898d 26a92ea4a55e48ffbe2cda538d752c14 - - default default] Successfully bumped revision number for resource 11cfb2b5-22e7-471d-b21b-bda3b77fc3be (type: routers) to 2 [pid: 7|app: 0|req: 1495/2931] 10.0.0.236 () {34 vars in 669 bytes} [Fri Jul 3 20:10:39 2026] POST /v2.0/routers => generated 935 bytes in 1463 msecs (HTTP/1.1 201) 4 headers in 162 bytes (1 switches on core 0)
2026-07-03 20:10:40.929 8 INFO neutron.api.v2.resource [None req-9c3cbe60-6b27-4846-bbd4-3f1bc119b264 ba4698821b7649299dce128a8e09f234 1ab4c2162f254d45988aba506a10d3de - - default default] create failed (client error): The server could not comply with the request since it is either malformed or otherwise incorrect. [pid: 8|app: 0|req: 1437/2932] 10.0.0.236 () {34 vars in 685 bytes} [Fri Jul 3 20:10:40 2026] POST /v2.0/vpn/vpnservices => generated 194 bytes in 101 msecs (HTTP/1.1 400) 4 headers in 166 bytes (1 switches on core 0)
2026-07-03 20:10:41.081 7 INFO neutron_taas.services.taas.taas_plugin [None req-f89da485-6019-431a-a926-799f3d954953 ba4698821b7649299dce128a8e09f234 1ab4c2162f254d45988aba506a10d3de - - default default] TaaS: Handle Delete Port: 2ced491b-3372-4974-9801-93bee7ee9168
2026-07-03 20:10:41.084 7 INFO neutron_taas.services.taas.tap_mirror_plugin [None req-f89da485-6019-431a-a926-799f3d954953 ba4698821b7649299dce128a8e09f234 1ab4c2162f254d45988aba506a10d3de - - default default] Tap Mirror: Handle Delete Port: 2ced491b-3372-4974-9801-93bee7ee9168 [pid: 7|app: 0|req: 1496/2933] 10.0.0.236 () {32 vars in 726 bytes} [Fri Jul 3 20:10:40 2026] DELETE /v2.0/networks/9dc8f13e-62b9-4ce9-9b45-affbd05b9f72 => generated 0 bytes in 516 msecs (HTTP/1.1 204) 3 headers in 131 bytes (1 switches on core 0)
2026-07-03 20:10:41.752 8 INFO neutron_taas.services.taas.taas_plugin [None req-08e2c796-3cf9-4c14-bc7c-d79f129a7455 ba4698821b7649299dce128a8e09f234 1ab4c2162f254d45988aba506a10d3de - - default default] TaaS: Handle Delete Port: f7d95529-9019-4657-af0a-1ebcc5fdb1ca
2026-07-03 20:10:41.755 8 INFO neutron_taas.services.taas.tap_mirror_plugin [None req-08e2c796-3cf9-4c14-bc7c-d79f129a7455 ba4698821b7649299dce128a8e09f234 1ab4c2162f254d45988aba506a10d3de - - default default] Tap Mirror: Handle Delete Port: f7d95529-9019-4657-af0a-1ebcc5fdb1ca
2026-07-03 20:10:41.798 7 INFO neutron.services.segments.plugin [-] Segment 07e0444d-6442-414b-9f42-13614739e427 resource provider aggregate not found
2026-07-03 20:10:41.804 7 INFO neutron.services.segments.plugin [-] Segment 07e0444d-6442-414b-9f42-13614739e427 resource provider aggregate not found
2026-07-03 20:10:41.809 7 INFO neutron.services.segments.plugin [-] Client error retrieving segment 07e0444d-6442-414b-9f42-13614739e427 resource provider; error: Placement Client Error (4xx): {"errors": [{"status": 404, "title": "Not Found", "detail": "The resource could not be found.\n\n No resource provider with uuid 07e0444d-6442-414b-9f42-13614739e427 found for delete ", "request_id": "req-0d8727aa-e003-4424-875d-d131a09f07ae"}]}
2026-07-03 20:10:41.816 7 INFO neutron.services.segments.plugin [-] Client error retrieving segment 07e0444d-6442-414b-9f42-13614739e427 resource provider; error: Placement Client Error (4xx): {"errors": [{"status": 404, "title": "Not Found", "detail": "The resource could not be found.\n\n No resource provider with uuid 07e0444d-6442-414b-9f42-13614739e427 found for delete ", "request_id": "req-3b52d66a-5440-44cd-a23a-94f6e7032240"}]} [pid: 8|app: 0|req: 1438/2934] 10.0.0.236 () {32 vars in 724 bytes} [Fri Jul 3 20:10:41 2026] DELETE /v2.0/routers/11cfb2b5-22e7-471d-b21b-bda3b77fc3be => generated 0 bytes in 629 msecs (HTTP/1.1 204) 2 headers in 112 bytes (1 switches on core 0)
2026-07-03 20:10:42.102 7 WARNING neutron.api.v2.base [None req-90bab4e1-6b17-4407-b0d2-95b10713c449 4e058ff99ef44a39a7b0390c879f898d 26a92ea4a55e48ffbe2cda538d752c14 - - default default] An exception happened while processing the request body. The exception message is [Invalid input for description. Reason: 'yyyyyyyyyyyyyyyyyyyyyyyyyyyyyyyyyyyyyyyyyyyyyyyyyyyyyyyyyyyyyyyyyyyyyyyyyyyyyyyyyyyyyyyyyyyyyyyyyyyyyyyyyyyyyyyyyyyyyyyyyyyyyyyyyyyyyyyyyyyyyyyyyyyyyyyyyyyyyyyyyyyyyyyyyyyyyyyyyyyyyyyyyyyyyyyyyyyyyyyyyyyyyyyyyyyyyyyyyyyyyyyyyyyyyyyyyyyyyyyyyyyyyyyyyyyyyyyy' exceeds maximum length of 255.].: webob.exc.HTTPBadRequest: Invalid input for description. Reason: 'yyyyyyyyyyyyyyyyyyyyyyyyyyyyyyyyyyyyyyyyyyyyyyyyyyyyyyyyyyyyyyyyyyyyyyyyyyyyyyyyyyyyyyyyyyyyyyyyyyyyyyyyyyyyyyyyyyyyyyyyyyyyyyyyyyyyyyyyyyyyyyyyyyyyyyyyyyyyyyyyyyyyyyyyyyyyyyyyyyyyyyyyyyyyyyyyyyyyyyyyyyyyyyyyyyyyyyyyyyyyyyyyyyyyyyyyyyyyyyyyyyyyyyyyyyyyyyyy' exceeds maximum length of 255.
2026-07-03 20:10:42.102 7 INFO neutron.api.v2.resource [None req-90bab4e1-6b17-4407-b0d2-95b10713c449 4e058ff99ef44a39a7b0390c879f898d 26a92ea4a55e48ffbe2cda538d752c14 - - default default] create failed (client error): Invalid input for description. Reason: 'yyyyyyyyyyyyyyyyyyyyyyyyyyyyyyyyyyyyyyyyyyyyyyyyyyyyyyyyyyyyyyyyyyyyyyyyyyyyyyyyyyyyyyyyyyyyyyyyyyyyyyyyyyyyyyyyyyyyyyyyyyyyyyyyyyyyyyyyyyyyyyyyyyyyyyyyyyyyyyyyyyyyyyyyyyyyyyyyyyyyyyyyyyyyyyyyyyyyyyyyyyyyyyyyyyyyyyyyyyyyyyyyyyyyyyyyyyyyyyyyyyyyyyyyyyyyyyyy' exceeds maximum length of 255. [pid: 7|app: 0|req: 1497/2935] 10.0.0.236 () {34 vars in 685 bytes} [Fri Jul 3 20:10:42 2026] POST /v2.0/vpn/vpnservices => generated 401 bytes in 11 msecs (HTTP/1.1 400) 4 headers in 166 bytes (1 switches on core 0)
2026-07-03 20:10:42.118 8 WARNING neutron.api.v2.base [None req-31b7a28b-699f-4dea-8223-db0efe5abfd9 4e058ff99ef44a39a7b0390c879f898d 26a92ea4a55e48ffbe2cda538d752c14 - - default default] An exception happened while processing the request body. The exception message is [Invalid input for name. Reason: 'xxxxxxxxxxxxxxxxxxxxxxxxxxxxxxxxxxxxxxxxxxxxxxxxxxxxxxxxxxxxxxxxxxxxxxxxxxxxxxxxxxxxxxxxxxxxxxxxxxxxxxxxxxxxxxxxxxxxxxxxxxxxxxxxxxxxxxxxxxxxxxxxxxxxxxxxxxxxxxxxxxxxxxxxxxxxxxxxxxxxxxxxxxxxxxxxxxxxxxxxxxxxxxxxxxxxxxxxxxxxxxxxxxxxxxxxxxxxxxxxxxxxxxxxxxxxxxxx' exceeds maximum length of 255.].: webob.exc.HTTPBadRequest: Invalid input for name. Reason: 'xxxxxxxxxxxxxxxxxxxxxxxxxxxxxxxxxxxxxxxxxxxxxxxxxxxxxxxxxxxxxxxxxxxxxxxxxxxxxxxxxxxxxxxxxxxxxxxxxxxxxxxxxxxxxxxxxxxxxxxxxxxxxxxxxxxxxxxxxxxxxxxxxxxxxxxxxxxxxxxxxxxxxxxxxxxxxxxxxxxxxxxxxxxxxxxxxxxxxxxxxxxxxxxxxxxxxxxxxxxxxxxxxxxxxxxxxxxxxxxxxxxxxxxxxxxxxxxx' exceeds maximum length of 255.
2026-07-03 20:10:42.119 8 INFO neutron.api.v2.resource [None req-31b7a28b-699f-4dea-8223-db0efe5abfd9 4e058ff99ef44a39a7b0390c879f898d 26a92ea4a55e48ffbe2cda538d752c14 - - default default] create failed (client error): Invalid input for name. Reason: 'xxxxxxxxxxxxxxxxxxxxxxxxxxxxxxxxxxxxxxxxxxxxxxxxxxxxxxxxxxxxxxxxxxxxxxxxxxxxxxxxxxxxxxxxxxxxxxxxxxxxxxxxxxxxxxxxxxxxxxxxxxxxxxxxxxxxxxxxxxxxxxxxxxxxxxxxxxxxxxxxxxxxxxxxxxxxxxxxxxxxxxxxxxxxxxxxxxxxxxxxxxxxxxxxxxxxxxxxxxxxxxxxxxxxxxxxxxxxxxxxxxxxxxxxxxxxxxxx' exceeds maximum length of 255. [pid: 8|app: 0|req: 1439/2936] 10.0.0.236 () {34 vars in 685 bytes} [Fri Jul 3 20:10:42 2026] POST /v2.0/vpn/vpnservices => generated 394 bytes in 11 msecs (HTTP/1.1 400) 4 headers in 166 bytes (1 switches on core 0)
2026-07-03 20:10:42.167 7 INFO neutron.api.v2.resource [None req-429ca017-4270-4b32-81d9-429826248c58 4e058ff99ef44a39a7b0390c879f898d 26a92ea4a55e48ffbe2cda538d752c14 - - default default] create failed (client error): The server could not comply with the request since it is either malformed or otherwise incorrect. [pid: 7|app: 0|req: 1498/2937] 10.0.0.236 () {34 vars in 693 bytes} [Fri Jul 3 20:10:42 2026] POST /v2.0/vpn/endpoint-groups => generated 183 bytes in 40 msecs (HTTP/1.1 400) 4 headers in 166 bytes (1 switches on core 0)
2026-07-03 20:10:42.218 8 INFO neutron.api.v2.resource [None req-88a9e97e-a2b4-4506-983d-3349d3487aa5 4e058ff99ef44a39a7b0390c879f898d 26a92ea4a55e48ffbe2cda538d752c14 - - default default] create failed (client error): The server could not comply with the request since it is either malformed or otherwise incorrect. [pid: 8|app: 0|req: 1440/2938] 10.0.0.236 () {34 vars in 693 bytes} [Fri Jul 3 20:10:42 2026] POST /v2.0/vpn/endpoint-groups => generated 160 bytes in 45 msecs (HTTP/1.1 400) 4 headers in 166 bytes (1 switches on core 0)
2026-07-03 20:10:42.256 7 INFO neutron.api.v2.resource [None req-09fbff70-9a94-4c97-ae3e-916f95a0b8c5 4e058ff99ef44a39a7b0390c879f898d 26a92ea4a55e48ffbe2cda538d752c14 - - default default] create failed (client error): The server could not comply with the request since it is either malformed or otherwise incorrect. [pid: 7|app: 0|req: 1499/2939] 10.0.0.236 () {34 vars in 693 bytes} [Fri Jul 3 20:10:42 2026] POST /v2.0/vpn/endpoint-groups => generated 154 bytes in 31 msecs (HTTP/1.1 400) 4 headers in 166 bytes (1 switches on core 0) [pid: 8|app: 0|req: 1441/2940] 10.0.0.236 () {32 vars in 663 bytes} [Fri Jul 3 20:10:42 2026] GET /v2.0/vpn/ikepolicies => generated 408 bytes in 13 msecs (HTTP/1.1 200) 4 headers in 157 bytes (1 switches on core 0) [pid: 7|app: 0|req: 1500/2941] 10.0.0.236 () {32 vars in 667 bytes} [Fri Jul 3 20:10:42 2026] GET /v2.0/vpn/ipsecpolicies => generated 417 bytes in 12 msecs (HTTP/1.1 200) 4 headers in 157 bytes (1 switches on core 0) [pid: 8|app: 0|req: 1442/2942] 10.0.0.236 () {32 vars in 685 bytes} [Fri Jul 3 20:10:42 2026] GET /v2.0/vpn/ipsec-site-connections => generated 794 bytes in 11 msecs (HTTP/1.1 200) 4 headers in 157 bytes (1 switches on core 0) [pid: 7|app: 0|req: 1501/2943] 10.0.0.236 () {32 vars in 663 bytes} [Fri Jul 3 20:10:42 2026] GET /v2.0/vpn/vpnservices => generated 861 bytes in 13 msecs (HTTP/1.1 200) 4 headers in 157 bytes (1 switches on core 0) [pid: 8|app: 0|req: 1443/2944] 10.0.0.236 () {32 vars in 745 bytes} [Fri Jul 3 20:10:42 2026] GET /v2.0/vpn/endpoint-groups/34759464-02b7-4af8-9cc8-773b8b3a514e => generated 327 bytes in 11 msecs (HTTP/1.1 200) 4 headers in 157 bytes (1 switches on core 0) [pid: 7|app: 0|req: 1502/2945] 10.0.0.236 () {32 vars in 745 bytes} [Fri Jul 3 20:10:42 2026] GET /v2.0/vpn/endpoint-groups/d0799c6a-947f-4844-9af0-1ee1ae5475bc => generated 319 bytes in 12 msecs (HTTP/1.1 200) 4 headers in 157 bytes (1 switches on core 0) [pid: 8|app: 0|req: 1444/2946] 10.0.0.236 () {32 vars in 737 bytes} [Fri Jul 3 20:10:42 2026] GET /v2.0/vpn/ikepolicies/f7bf5629-7276-47bf-bde6-5766e6484e5e => generated 404 bytes in 11 msecs (HTTP/1.1 200) 4 headers in 157 bytes (1 switches on core 0) [pid: 7|app: 0|req: 1503/2947] 10.0.0.236 () {32 vars in 741 bytes} [Fri Jul 3 20:10:42 2026] GET /v2.0/vpn/ipsecpolicies/602b46e4-33cb-4154-ad2e-b72d488337f6 => generated 413 bytes in 13 msecs (HTTP/1.1 200) 4 headers in 157 bytes (1 switches on core 0) [pid: 8|app: 0|req: 1445/2948] 10.0.0.236 () {32 vars in 737 bytes} [Fri Jul 3 20:10:42 2026] GET /v2.0/vpn/vpnservices/bcee3cfd-5923-494d-8266-1d24c9f7f64a => generated 449 bytes in 12 msecs (HTTP/1.1 200) 4 headers in 157 bytes (1 switches on core 0)
2026-07-03 20:10:42.940 7 INFO neutron.db.ovn_revision_numbers_db [None req-2eacf38e-fb3f-445e-912a-638a9ab8d154 4e058ff99ef44a39a7b0390c879f898d 26a92ea4a55e48ffbe2cda538d752c14 - - default default] Successfully bumped revision number for resource bb9f227c-78e7-428f-b9ad-e0e94a7b1a7f (type: routers) to 10 [pid: 7|app: 0|req: 1504/2949] 10.0.0.236 () {32 vars in 762 bytes} [Fri Jul 3 20:10:42 2026] DELETE /v2.0/vpn/ipsec-site-connections/fb87ada5-2805-4688-a79f-9846948a208a => generated 0 bytes in 531 msecs (HTTP/1.1 204) 2 headers in 112 bytes (1 switches on core 0) [pid: 8|app: 0|req: 1446/2950] 10.0.0.236 () {32 vars in 748 bytes} [Fri Jul 3 20:10:42 2026] DELETE /v2.0/vpn/endpoint-groups/34759464-02b7-4af8-9cc8-773b8b3a514e => generated 0 bytes in 27 msecs (HTTP/1.1 204) 2 headers in 112 bytes (1 switches on core 0) [pid: 7|app: 0|req: 1505/2951] 10.0.0.236 () {32 vars in 748 bytes} [Fri Jul 3 20:10:42 2026] DELETE /v2.0/vpn/endpoint-groups/d0799c6a-947f-4844-9af0-1ee1ae5475bc => generated 0 bytes in 42 msecs (HTTP/1.1 204) 2 headers in 112 bytes (1 switches on core 0) [pid: 8|app: 0|req: 1447/2954] 10.0.0.236 () {32 vars in 744 bytes} [Fri Jul 3 20:10:43 2026] DELETE /v2.0/vpn/ipsecpolicies/602b46e4-33cb-4154-ad2e-b72d488337f6 => generated 0 bytes in 35 msecs (HTTP/1.1 204) 2 headers in 112 bytes (1 switches on core 0) [pid: 7|app: 0|req: 1508/2955] 10.0.0.236 () {32 vars in 740 bytes} [Fri Jul 3 20:10:43 2026] DELETE /v2.0/vpn/ikepolicies/f7bf5629-7276-47bf-bde6-5766e6484e5e => generated 0 bytes in 24 msecs (HTTP/1.1 204) 2 headers in 112 bytes (1 switches on core 0) [pid: 8|app: 0|req: 1448/2956] 10.0.0.236 () {32 vars in 740 bytes} [Fri Jul 3 20:10:43 2026] DELETE /v2.0/vpn/vpnservices/bcee3cfd-5923-494d-8266-1d24c9f7f64a => generated 0 bytes in 47 msecs (HTTP/1.1 204) 2 headers in 112 bytes (1 switches on core 0)
2026-07-03 20:10:43.377 7 INFO neutron_taas.services.taas.taas_plugin [None req-3fa3ebe6-6a36-4a36-854f-d8b063c8836a 4e058ff99ef44a39a7b0390c879f898d 26a92ea4a55e48ffbe2cda538d752c14 - - default default] TaaS: Handle Delete Port: 73d5611a-cb4b-459d-9be7-9ee841c2e000
2026-07-03 20:10:43.381 7 INFO neutron_taas.services.taas.tap_mirror_plugin [None req-3fa3ebe6-6a36-4a36-854f-d8b063c8836a 4e058ff99ef44a39a7b0390c879f898d 26a92ea4a55e48ffbe2cda538d752c14 - - default default] Tap Mirror: Handle Delete Port: 73d5611a-cb4b-459d-9be7-9ee841c2e000
2026-07-03 20:10:43.699 7 INFO neutron_taas.services.taas.taas_plugin [None req-452fcb35-7e30-4ee1-a130-d8041cfd2862 - - - - - -] TaaS: Handle Delete Port: e80b1f2c-d4a5-4e27-984f-da9bb7056c6b
2026-07-03 20:10:43.701 7 INFO neutron_taas.services.taas.tap_mirror_plugin [None req-452fcb35-7e30-4ee1-a130-d8041cfd2862 - - - - - -] Tap Mirror: Handle Delete Port: e80b1f2c-d4a5-4e27-984f-da9bb7056c6b
2026-07-03 20:10:44.072 7 INFO neutron_taas.services.taas.taas_plugin [None req-9373da7c-f0a9-402c-a7ed-b40c6fd713b4 - - - - - -] TaaS: Handle Delete Port: 93062280-75a2-4f97-8f50-d9e55bc748a0
2026-07-03 20:10:44.075 7 INFO neutron_taas.services.taas.tap_mirror_plugin [None req-9373da7c-f0a9-402c-a7ed-b40c6fd713b4 - - - - - -] Tap Mirror: Handle Delete Port: 93062280-75a2-4f97-8f50-d9e55bc748a0
2026-07-03 20:10:44.851 7 INFO neutron_taas.services.taas.taas_plugin [None req-9373da7c-f0a9-402c-a7ed-b40c6fd713b4 - - - - - -] TaaS: Handle Delete Port: 89103c37-1660-4e7c-a4c9-f3375a0a4a55
2026-07-03 20:10:44.854 7 INFO neutron_taas.services.taas.tap_mirror_plugin [None req-9373da7c-f0a9-402c-a7ed-b40c6fd713b4 - - - - - -] Tap Mirror: Handle Delete Port: 89103c37-1660-4e7c-a4c9-f3375a0a4a55
2026-07-03 20:10:45.009 7 INFO neutron.services.segments.plugin [-] Segment 94d804dc-684d-4067-abe3-640d8851d5b1 resource provider aggregate not found
2026-07-03 20:10:45.016 7 INFO neutron.services.segments.plugin [-] Segment 94d804dc-684d-4067-abe3-640d8851d5b1 resource provider aggregate not found
2026-07-03 20:10:45.033 7 INFO neutron.services.segments.plugin [-] Client error retrieving segment 94d804dc-684d-4067-abe3-640d8851d5b1 resource provider; error: Placement Client Error (4xx): {"errors": [{"status": 404, "title": "Not Found", "detail": "The resource could not be found.\n\n No resource provider with uuid 94d804dc-684d-4067-abe3-640d8851d5b1 found for delete ", "request_id": "req-74f9d16e-5723-4d86-aae0-fead012b7dad"}]}
2026-07-03 20:10:45.043 7 INFO neutron.services.segments.plugin [-] Client error retrieving segment 94d804dc-684d-4067-abe3-640d8851d5b1 resource provider; error: Placement Client Error (4xx): {"errors": [{"status": 404, "title": "Not Found", "detail": "The resource could not be found.\n\n No resource provider with uuid 94d804dc-684d-4067-abe3-640d8851d5b1 found for delete ", "request_id": "req-7b5b6496-c762-4562-9c7f-77078d2c0484"}]} [pid: 7|app: 0|req: 1509/2957] 10.0.0.236 () {32 vars in 740 bytes} [Fri Jul 3 20:10:43 2026] DELETE /v2.0/vpn/vpnservices/0ae60560-3868-4b99-bd88-8fab7766411a => generated 0 bytes in 1916 msecs (HTTP/1.1 204) 2 headers in 112 bytes (1 switches on core 0) [pid: 8|app: 0|req: 1449/2958] 10.0.0.236 () {32 vars in 721 bytes} [Fri Jul 3 20:10:45 2026] GET /v2.0/routers/bb9f227c-78e7-428f-b9ad-e0e94a7b1a7f => generated 943 bytes in 69 msecs (HTTP/1.1 200) 4 headers in 157 bytes (1 switches on core 0) /var/lib/openstack/lib/python3.12/site-packages/pycadf/identifier.py:70: UserWarning: Invalid uuid: neutron. To ensure interoperability, identifiers should be a valid uuid. warnings.warn(('Invalid uuid: %s. To ensure interoperability, '
2026-07-03 20:10:45.604 8 WARNING neutron.plugins.ml2.drivers.ovn.mech_driver.ovsdb.ovn_client [None req-d82357d6-c683-4b30-9e5e-a71fb57dc794 - - - - - -] No port found with ID f7d95529-9019-4657-af0a-1ebcc5fdb1ca: RuntimeError: No port found with ID f7d95529-9019-4657-af0a-1ebcc5fdb1ca
2026-07-03 20:10:45.804 7 INFO neutron.db.ovn_revision_numbers_db [None req-5928ac79-78e1-42b4-b6fd-a0c989cd0c35 4e058ff99ef44a39a7b0390c879f898d 26a92ea4a55e48ffbe2cda538d752c14 - - default default] Successfully bumped revision number for resource bb9f227c-78e7-428f-b9ad-e0e94a7b1a7f (type: routers) to 11 [pid: 7|app: 0|req: 1510/2959] 10.0.0.236 () {34 vars in 742 bytes} [Fri Jul 3 20:10:45 2026] PUT /v2.0/routers/bb9f227c-78e7-428f-b9ad-e0e94a7b1a7f => generated 943 bytes in 655 msecs (HTTP/1.1 200) 4 headers in 157 bytes (1 switches on core 0) [pid: 8|app: 0|req: 1450/2960] 10.0.0.236 () {32 vars in 736 bytes} [Fri Jul 3 20:10:45 2026] GET /v2.0/ports?device_id=bb9f227c-78e7-428f-b9ad-e0e94a7b1a7f => generated 946 bytes in 78 msecs (HTTP/1.1 200) 4 headers in 157 bytes (1 switches on core 0)
2026-07-03 20:10:46.250 7 INFO neutron_taas.services.taas.taas_plugin [None req-ec2b0795-d4b6-4f56-859d-df9a53b60860 4e058ff99ef44a39a7b0390c879f898d 26a92ea4a55e48ffbe2cda538d752c14 - - default default] TaaS: Handle Delete Port: 02ff79cc-40f9-4e2a-aac4-319f4f6b1259
2026-07-03 20:10:46.256 7 INFO neutron_taas.services.taas.tap_mirror_plugin [None req-ec2b0795-d4b6-4f56-859d-df9a53b60860 4e058ff99ef44a39a7b0390c879f898d 26a92ea4a55e48ffbe2cda538d752c14 - - default default] Tap Mirror: Handle Delete Port: 02ff79cc-40f9-4e2a-aac4-319f4f6b1259 [pid: 7|app: 0|req: 1511/2961] 10.0.0.236 () {34 vars in 789 bytes} [Fri Jul 3 20:10:45 2026] PUT /v2.0/routers/bb9f227c-78e7-428f-b9ad-e0e94a7b1a7f/remove_router_interface => generated 309 bytes in 912 msecs (HTTP/1.1 200) 4 headers in 157 bytes (1 switches on core 0)
2026-07-03 20:10:47.112 8 INFO neutron_taas.services.taas.taas_plugin [None req-1ec0ac50-764f-4e4c-83c4-e58a4aadac19 4e058ff99ef44a39a7b0390c879f898d 26a92ea4a55e48ffbe2cda538d752c14 - - default default] TaaS: Handle Delete Port: 81cc56ec-f66d-4cf6-bca1-ff2a65ca62e5
2026-07-03 20:10:47.115 8 INFO neutron_taas.services.taas.tap_mirror_plugin [None req-1ec0ac50-764f-4e4c-83c4-e58a4aadac19 4e058ff99ef44a39a7b0390c879f898d 26a92ea4a55e48ffbe2cda538d752c14 - - default default] Tap Mirror: Handle Delete Port: 81cc56ec-f66d-4cf6-bca1-ff2a65ca62e5 [pid: 8|app: 0|req: 1451/2962] 10.0.0.236 () {32 vars in 724 bytes} [Fri Jul 3 20:10:46 2026] DELETE /v2.0/routers/bb9f227c-78e7-428f-b9ad-e0e94a7b1a7f => generated 0 bytes in 701 msecs (HTTP/1.1 204) 2 headers in 112 bytes (1 switches on core 0) /var/lib/openstack/lib/python3.12/site-packages/pycadf/identifier.py:70: UserWarning: Invalid uuid: neutron. To ensure interoperability, identifiers should be a valid uuid. warnings.warn(('Invalid uuid: %s. To ensure interoperability, ' [pid: 7|app: 0|req: 1512/2963] 10.0.0.236 () {32 vars in 721 bytes} [Fri Jul 3 20:10:47 2026] GET /v2.0/routers/d1299f64-214b-48f4-9794-69c1248d1938 => generated 942 bytes in 72 msecs (HTTP/1.1 200) 4 headers in 157 bytes (1 switches on core 0)
2026-07-03 20:10:48.251 8 INFO neutron.db.ovn_revision_numbers_db [None req-cf08e4fc-ddc3-43dd-9f30-54c995eb0ec1 4e058ff99ef44a39a7b0390c879f898d 26a92ea4a55e48ffbe2cda538d752c14 - - default default] Successfully bumped revision number for resource d1299f64-214b-48f4-9794-69c1248d1938 (type: routers) to 5 [pid: 8|app: 0|req: 1452/2964] 10.0.0.236 () {34 vars in 742 bytes} [Fri Jul 3 20:10:47 2026] PUT /v2.0/routers/d1299f64-214b-48f4-9794-69c1248d1938 => generated 942 bytes in 656 msecs (HTTP/1.1 200) 4 headers in 157 bytes (1 switches on core 0) [pid: 7|app: 0|req: 1513/2965] 10.0.0.236 () {32 vars in 736 bytes} [Fri Jul 3 20:10:48 2026] GET /v2.0/ports?device_id=d1299f64-214b-48f4-9794-69c1248d1938 => generated 950 bytes in 73 msecs (HTTP/1.1 200) 4 headers in 157 bytes (1 switches on core 0)
2026-07-03 20:10:48.588 8 INFO neutron_taas.services.taas.taas_plugin [None req-7a2bdfb8-2834-460d-b99a-4debdd605142 4e058ff99ef44a39a7b0390c879f898d 26a92ea4a55e48ffbe2cda538d752c14 - - default default] TaaS: Handle Delete Port: 2c121589-90c0-478d-8430-c4ba7f3b5f23
2026-07-03 20:10:48.591 8 INFO neutron_taas.services.taas.tap_mirror_plugin [None req-7a2bdfb8-2834-460d-b99a-4debdd605142 4e058ff99ef44a39a7b0390c879f898d 26a92ea4a55e48ffbe2cda538d752c14 - - default default] Tap Mirror: Handle Delete Port: 2c121589-90c0-478d-8430-c4ba7f3b5f23
2026-07-03 20:10:48.634 7 INFO neutron.db.ovn_revision_numbers_db [None req-8b9b82d3-de1b-486b-ae03-51121a6283c2 6ee3e8e05bab4d038c99ed685bfadce9 313f06e8e6184c2c819b90e7f7c4fc0a - - default default] Successfully bumped revision number for resource f6ce61cb-4cfc-4784-90a5-9b287abad1a3 (type: security_groups) to 1
2026-07-03 20:10:48.645 7 INFO neutron.db.ovn_revision_numbers_db [None req-8b9b82d3-de1b-486b-ae03-51121a6283c2 6ee3e8e05bab4d038c99ed685bfadce9 313f06e8e6184c2c819b90e7f7c4fc0a - - default default] Successfully bumped revision number for resource 22ecb898-2bfe-4a5a-96c4-8f8fb8b7cb02 (type: security_group_rules) to 0
2026-07-03 20:10:48.657 7 INFO neutron.db.ovn_revision_numbers_db [None req-8b9b82d3-de1b-486b-ae03-51121a6283c2 6ee3e8e05bab4d038c99ed685bfadce9 313f06e8e6184c2c819b90e7f7c4fc0a - - default default] Successfully bumped revision number for resource 3f879825-677b-41ca-96eb-c23fd9e59412 (type: security_group_rules) to 0
2026-07-03 20:10:48.668 7 INFO neutron.db.ovn_revision_numbers_db [None req-8b9b82d3-de1b-486b-ae03-51121a6283c2 6ee3e8e05bab4d038c99ed685bfadce9 313f06e8e6184c2c819b90e7f7c4fc0a - - default default] Successfully bumped revision number for resource 49bc0c3c-e230-4a27-80e7-1db51aa5cb02 (type: security_group_rules) to 0
2026-07-03 20:10:48.680 7 INFO neutron.db.ovn_revision_numbers_db [None req-8b9b82d3-de1b-486b-ae03-51121a6283c2 6ee3e8e05bab4d038c99ed685bfadce9 313f06e8e6184c2c819b90e7f7c4fc0a - - default default] Successfully bumped revision number for resource 59f410c7-3077-4ddf-baa1-4726941cfc17 (type: security_group_rules) to 0
2026-07-03 20:10:48.762 7 INFO neutron.db.segments_db [None req-8b9b82d3-de1b-486b-ae03-51121a6283c2 6ee3e8e05bab4d038c99ed685bfadce9 313f06e8e6184c2c819b90e7f7c4fc0a - - default default] Added segment 9b4514e8-6f58-4f74-9436-8a344afffd94 of type geneve for network 9ebfc623-669d-4230-9100-515b253e9a07
2026-07-03 20:10:48.881 7 INFO neutron.db.ovn_revision_numbers_db [None req-8b9b82d3-de1b-486b-ae03-51121a6283c2 6ee3e8e05bab4d038c99ed685bfadce9 313f06e8e6184c2c819b90e7f7c4fc0a - - default default] Successfully bumped revision number for resource 9ebfc623-669d-4230-9100-515b253e9a07 (type: networks) to 1
2026-07-03 20:10:49.048 7 WARNING neutron.scheduler.dhcp_agent_scheduler [None req-8b9b82d3-de1b-486b-ae03-51121a6283c2 6ee3e8e05bab4d038c99ed685bfadce9 313f06e8e6184c2c819b90e7f7c4fc0a - - default default] No more DHCP agents
2026-07-03 20:10:49.049 7 WARNING neutron.api.rpc.agentnotifiers.dhcp_rpc_agent_api [None req-8b9b82d3-de1b-486b-ae03-51121a6283c2 6ee3e8e05bab4d038c99ed685bfadce9 313f06e8e6184c2c819b90e7f7c4fc0a - - default default] Unable to schedule network 9ebfc623-669d-4230-9100-515b253e9a07: no agents available; will retry on subsequent port and subnet creation events. [pid: 8|app: 0|req: 1453/2966] 10.0.0.236 () {34 vars in 789 bytes} [Fri Jul 3 20:10:48 2026] PUT /v2.0/routers/d1299f64-214b-48f4-9794-69c1248d1938/remove_router_interface => generated 309 bytes in 761 msecs (HTTP/1.1 200) 4 headers in 157 bytes (1 switches on core 0) /var/lib/openstack/lib/python3.12/site-packages/pycadf/identifier.py:70: UserWarning: Invalid uuid: neutron. To ensure interoperability, identifiers should be a valid uuid. warnings.warn(('Invalid uuid: %s. To ensure interoperability, '
2026-07-03 20:10:49.152 7 INFO neutron.db.ovn_revision_numbers_db [None req-8b9b82d3-de1b-486b-ae03-51121a6283c2 6ee3e8e05bab4d038c99ed685bfadce9 313f06e8e6184c2c819b90e7f7c4fc0a - - default default] Successfully bumped revision number for resource 28e2cc3b-beb7-4621-84c9-696367ff548c (type: ports) to 1
2026-07-03 20:10:49.158 8 INFO neutron.plugins.ml2.drivers.ovn.mech_driver.mech_driver [None req-d82357d6-c683-4b30-9e5e-a71fb57dc794 - - - - - -] OVN reports status down for port: 28e2cc3b-beb7-4621-84c9-696367ff548c [pid: 7|app: 0|req: 1514/2967] 10.0.0.236 () {34 vars in 670 bytes} [Fri Jul 3 20:10:48 2026] POST /v2.0/networks => generated 677 bytes in 825 msecs (HTTP/1.1 201) 4 headers in 162 bytes (1 switches on core 0)
2026-07-03 20:10:49.361 7 WARNING neutron.scheduler.dhcp_agent_scheduler [None req-3ca04f16-7ee4-4ce1-a6ef-2595c794bd2f 6ee3e8e05bab4d038c99ed685bfadce9 313f06e8e6184c2c819b90e7f7c4fc0a - - default default] No more DHCP agents
2026-07-03 20:10:49.363 7 WARNING neutron.api.rpc.agentnotifiers.dhcp_rpc_agent_api [None req-3ca04f16-7ee4-4ce1-a6ef-2595c794bd2f 6ee3e8e05bab4d038c99ed685bfadce9 313f06e8e6184c2c819b90e7f7c4fc0a - - default default] Unable to schedule network 9ebfc623-669d-4230-9100-515b253e9a07: no agents available; will retry on subsequent port and subnet creation events.
2026-07-03 20:10:49.504 8 INFO neutron_taas.services.taas.taas_plugin [None req-9c780229-7ce3-42f0-a35b-abc77486651f 4e058ff99ef44a39a7b0390c879f898d 26a92ea4a55e48ffbe2cda538d752c14 - - default default] TaaS: Handle Delete Port: ae55047e-8110-4e6a-b8fb-c55e52dd2ea5
2026-07-03 20:10:49.507 8 INFO neutron_taas.services.taas.tap_mirror_plugin [None req-9c780229-7ce3-42f0-a35b-abc77486651f 4e058ff99ef44a39a7b0390c879f898d 26a92ea4a55e48ffbe2cda538d752c14 - - default default] Tap Mirror: Handle Delete Port: ae55047e-8110-4e6a-b8fb-c55e52dd2ea5
2026-07-03 20:10:49.769 7 INFO neutron.db.ovn_revision_numbers_db [None req-353e3777-da4d-4831-adea-9873d9569516 - - - - - -] Successfully bumped revision number for resource 28e2cc3b-beb7-4621-84c9-696367ff548c (type: ports) to 2
2026-07-03 20:10:49.802 7 INFO neutron.db.ovn_revision_numbers_db [None req-353e3777-da4d-4831-adea-9873d9569516 - - - - - -] Successfully bumped revision number for resource 78d22af6-b2bf-42e7-9259-49bff591b9d0 (type: subnets) to 0 [pid: 7|app: 0|req: 1515/2968] 10.0.0.236 () {34 vars in 669 bytes} [Fri Jul 3 20:10:49 2026] POST /v2.0/subnets => generated 657 bytes in 638 msecs (HTTP/1.1 201) 4 headers in 162 bytes (1 switches on core 0) [pid: 7|app: 0|req: 1516/2969] 10.0.0.236 () {32 vars in 722 bytes} [Fri Jul 3 20:10:49 2026] GET /v2.0/subnetpools?name=shared-default-subnetpool-v6 => generated 19 bytes in 48 msecs (HTTP/1.1 200) 4 headers in 156 bytes (1 switches on core 0) [pid: 8|app: 0|req: 1454/2970] 10.0.0.236 () {32 vars in 724 bytes} [Fri Jul 3 20:10:49 2026] DELETE /v2.0/routers/d1299f64-214b-48f4-9794-69c1248d1938 => generated 0 bytes in 780 msecs (HTTP/1.1 204) 2 headers in 112 bytes (1 switches on core 0) [pid: 8|app: 0|req: 1455/2971] 10.0.0.236 () {32 vars in 721 bytes} [Fri Jul 3 20:10:49 2026] GET /v2.0/routers/e34f3ff1-e6e6-4b4d-9316-418c060738b0 => generated 941 bytes in 64 msecs (HTTP/1.1 200) 4 headers in 157 bytes (1 switches on core 0)
2026-07-03 20:10:50.071 7 WARNING neutron.scheduler.dhcp_agent_scheduler [None req-477983e8-be38-4ef2-964a-fca276790b9c 6ee3e8e05bab4d038c99ed685bfadce9 313f06e8e6184c2c819b90e7f7c4fc0a - - default default] No more DHCP agents
2026-07-03 20:10:50.072 7 WARNING neutron.api.rpc.agentnotifiers.dhcp_rpc_agent_api [None req-477983e8-be38-4ef2-964a-fca276790b9c 6ee3e8e05bab4d038c99ed685bfadce9 313f06e8e6184c2c819b90e7f7c4fc0a - - default default] Unable to schedule network 9ebfc623-669d-4230-9100-515b253e9a07: no agents available; will retry on subsequent port and subnet creation events.
2026-07-03 20:10:50.100 7 INFO neutron.db.ovn_revision_numbers_db [None req-477983e8-be38-4ef2-964a-fca276790b9c 6ee3e8e05bab4d038c99ed685bfadce9 313f06e8e6184c2c819b90e7f7c4fc0a - - default default] Successfully bumped revision number for resource f824cb62-1476-47f3-b046-8c7e9e1572df (type: subnets) to 0 [pid: 7|app: 0|req: 1517/2972] 10.0.0.236 () {34 vars in 669 bytes} [Fri Jul 3 20:10:49 2026] POST /v2.0/subnets => generated 732 bytes in 234 msecs (HTTP/1.1 201) 4 headers in 162 bytes (1 switches on core 0)
2026-07-03 20:10:50.227 7 INFO neutron.db.segments_db [None req-17b079a9-b6c8-46f1-8620-6bda6e932123 6ee3e8e05bab4d038c99ed685bfadce9 313f06e8e6184c2c819b90e7f7c4fc0a - - default default] Added segment 0584d2d8-9964-4767-ab65-4cb738fd1c92 of type geneve for network 6979acca-074f-4d60-8be7-ee80ee95d9e7
2026-07-03 20:10:50.350 7 INFO neutron.db.ovn_revision_numbers_db [None req-17b079a9-b6c8-46f1-8620-6bda6e932123 6ee3e8e05bab4d038c99ed685bfadce9 313f06e8e6184c2c819b90e7f7c4fc0a - - default default] Successfully bumped revision number for resource 6979acca-074f-4d60-8be7-ee80ee95d9e7 (type: networks) to 1
2026-07-03 20:10:50.490 7 WARNING neutron.scheduler.dhcp_agent_scheduler [None req-17b079a9-b6c8-46f1-8620-6bda6e932123 6ee3e8e05bab4d038c99ed685bfadce9 313f06e8e6184c2c819b90e7f7c4fc0a - - default default] No more DHCP agents
2026-07-03 20:10:50.492 7 WARNING neutron.api.rpc.agentnotifiers.dhcp_rpc_agent_api [None req-17b079a9-b6c8-46f1-8620-6bda6e932123 6ee3e8e05bab4d038c99ed685bfadce9 313f06e8e6184c2c819b90e7f7c4fc0a - - default default] Unable to schedule network 6979acca-074f-4d60-8be7-ee80ee95d9e7: no agents available; will retry on subsequent port and subnet creation events.
2026-07-03 20:10:50.545 7 INFO neutron.plugins.ml2.drivers.ovn.mech_driver.mech_driver [None req-b886d68d-af6e-4d24-9ced-38e46fadf892 - - - - - -] OVN reports status down for port: 62136ba1-f8ae-4681-983d-29c6c69d9f0e
2026-07-03 20:10:50.616 7 INFO neutron.db.ovn_revision_numbers_db [None req-17b079a9-b6c8-46f1-8620-6bda6e932123 6ee3e8e05bab4d038c99ed685bfadce9 313f06e8e6184c2c819b90e7f7c4fc0a - - default default] Successfully bumped revision number for resource 62136ba1-f8ae-4681-983d-29c6c69d9f0e (type: ports) to 1 [pid: 7|app: 0|req: 1518/2973] 10.0.0.236 () {34 vars in 670 bytes} [Fri Jul 3 20:10:50 2026] POST /v2.0/networks => generated 675 bytes in 554 msecs (HTTP/1.1 201) 4 headers in 162 bytes (1 switches on core 0)
2026-07-03 20:10:50.717 8 INFO neutron.db.ovn_revision_numbers_db [None req-0fb7a9bb-7139-48cb-abfc-89efeb45805a 4e058ff99ef44a39a7b0390c879f898d 26a92ea4a55e48ffbe2cda538d752c14 - - default default] Successfully bumped revision number for resource e34f3ff1-e6e6-4b4d-9316-418c060738b0 (type: routers) to 5 [pid: 8|app: 0|req: 1456/2974] 10.0.0.236 () {34 vars in 742 bytes} [Fri Jul 3 20:10:49 2026] PUT /v2.0/routers/e34f3ff1-e6e6-4b4d-9316-418c060738b0 => generated 941 bytes in 765 msecs (HTTP/1.1 200) 4 headers in 157 bytes (1 switches on core 0) [pid: 8|app: 0|req: 1457/2975] 10.0.0.236 () {32 vars in 736 bytes} [Fri Jul 3 20:10:50 2026] GET /v2.0/ports?device_id=e34f3ff1-e6e6-4b4d-9316-418c060738b0 => generated 950 bytes in 75 msecs (HTTP/1.1 200) 4 headers in 157 bytes (1 switches on core 0)
2026-07-03 20:10:50.866 7 WARNING neutron.scheduler.dhcp_agent_scheduler [None req-677174c4-a4f8-4f88-b017-bca4895ec985 6ee3e8e05bab4d038c99ed685bfadce9 313f06e8e6184c2c819b90e7f7c4fc0a - - default default] No more DHCP agents
2026-07-03 20:10:50.868 7 WARNING neutron.api.rpc.agentnotifiers.dhcp_rpc_agent_api [None req-677174c4-a4f8-4f88-b017-bca4895ec985 6ee3e8e05bab4d038c99ed685bfadce9 313f06e8e6184c2c819b90e7f7c4fc0a - - default default] Unable to schedule network 6979acca-074f-4d60-8be7-ee80ee95d9e7: no agents available; will retry on subsequent port and subnet creation events.
2026-07-03 20:10:51.083 8 INFO neutron_taas.services.taas.taas_plugin [None req-febb8fca-2ffd-44cf-b25a-0ca6e133ddac 4e058ff99ef44a39a7b0390c879f898d 26a92ea4a55e48ffbe2cda538d752c14 - - default default] TaaS: Handle Delete Port: e3007d98-84c5-4794-9c04-cca97d808cae
2026-07-03 20:10:51.086 8 INFO neutron_taas.services.taas.tap_mirror_plugin [None req-febb8fca-2ffd-44cf-b25a-0ca6e133ddac 4e058ff99ef44a39a7b0390c879f898d 26a92ea4a55e48ffbe2cda538d752c14 - - default default] Tap Mirror: Handle Delete Port: e3007d98-84c5-4794-9c04-cca97d808cae
2026-07-03 20:10:51.338 7 INFO neutron.db.ovn_revision_numbers_db [None req-1f26145c-853c-4238-b93e-a7de6174714d - - - - - -] Successfully bumped revision number for resource 62136ba1-f8ae-4681-983d-29c6c69d9f0e (type: ports) to 2
2026-07-03 20:10:51.372 7 INFO neutron.db.ovn_revision_numbers_db [None req-1f26145c-853c-4238-b93e-a7de6174714d - - - - - -] Successfully bumped revision number for resource 310e157c-8664-4238-b884-361f70751e2b (type: subnets) to 0 [pid: 7|app: 0|req: 1519/2976] 10.0.0.236 () {34 vars in 669 bytes} [Fri Jul 3 20:10:50 2026] POST /v2.0/subnets => generated 656 bytes in 706 msecs (HTTP/1.1 201) 4 headers in 162 bytes (1 switches on core 0)
2026-07-03 20:10:51.615 7 WARNING neutron.scheduler.dhcp_agent_scheduler [None req-b80ede85-948b-4745-9a01-012b788b6eda 6ee3e8e05bab4d038c99ed685bfadce9 313f06e8e6184c2c819b90e7f7c4fc0a - - default default] No more DHCP agents
2026-07-03 20:10:51.616 7 WARNING neutron.api.rpc.agentnotifiers.dhcp_rpc_agent_api [None req-b80ede85-948b-4745-9a01-012b788b6eda 6ee3e8e05bab4d038c99ed685bfadce9 313f06e8e6184c2c819b90e7f7c4fc0a - - default default] Unable to schedule network 6979acca-074f-4d60-8be7-ee80ee95d9e7: no agents available; will retry on subsequent port and subnet creation events.
2026-07-03 20:10:51.643 7 INFO neutron.db.ovn_revision_numbers_db [None req-b80ede85-948b-4745-9a01-012b788b6eda 6ee3e8e05bab4d038c99ed685bfadce9 313f06e8e6184c2c819b90e7f7c4fc0a - - default default] Successfully bumped revision number for resource 03e95211-c452-46d9-88b9-c0dc43b48a6c (type: subnets) to 0 [pid: 8|app: 0|req: 1458/2977] 10.0.0.236 () {34 vars in 789 bytes} [Fri Jul 3 20:10:50 2026] PUT /v2.0/routers/e34f3ff1-e6e6-4b4d-9316-418c060738b0/remove_router_interface => generated 309 bytes in 849 msecs (HTTP/1.1 200) 4 headers in 157 bytes (1 switches on core 0) [pid: 7|app: 0|req: 1520/2978] 10.0.0.236 () {34 vars in 669 bytes} [Fri Jul 3 20:10:51 2026] POST /v2.0/subnets => generated 725 bytes in 267 msecs (HTTP/1.1 201) 4 headers in 162 bytes (1 switches on core 0) /var/lib/openstack/lib/python3.12/site-packages/pycadf/identifier.py:70: UserWarning: Invalid uuid: neutron. To ensure interoperability, identifiers should be a valid uuid. warnings.warn(('Invalid uuid: %s. To ensure interoperability, '
2026-07-03 20:10:51.752 7 INFO neutron.db.segments_db [None req-62ee6e0b-2e6f-4132-a816-72cb55b44924 6ee3e8e05bab4d038c99ed685bfadce9 313f06e8e6184c2c819b90e7f7c4fc0a - - default default] Added segment acca0969-7c1a-4189-8b77-49575a1dc0f8 of type geneve for network bc604c15-a758-49b0-aef1-f6872b93d725
2026-07-03 20:10:51.867 7 INFO neutron.db.ovn_revision_numbers_db [None req-62ee6e0b-2e6f-4132-a816-72cb55b44924 6ee3e8e05bab4d038c99ed685bfadce9 313f06e8e6184c2c819b90e7f7c4fc0a - - default default] Successfully bumped revision number for resource bc604c15-a758-49b0-aef1-f6872b93d725 (type: networks) to 1
2026-07-03 20:10:51.958 8 INFO neutron_taas.services.taas.taas_plugin [None req-4c23f120-eeaf-43d7-b430-6f3c3a8cfb33 4e058ff99ef44a39a7b0390c879f898d 26a92ea4a55e48ffbe2cda538d752c14 - - default default] TaaS: Handle Delete Port: 90f85ef6-b4c4-4e41-a02c-341a0a824565
2026-07-03 20:10:51.961 8 INFO neutron_taas.services.taas.tap_mirror_plugin [None req-4c23f120-eeaf-43d7-b430-6f3c3a8cfb33 4e058ff99ef44a39a7b0390c879f898d 26a92ea4a55e48ffbe2cda538d752c14 - - default default] Tap Mirror: Handle Delete Port: 90f85ef6-b4c4-4e41-a02c-341a0a824565
2026-07-03 20:10:52.025 7 WARNING neutron.scheduler.dhcp_agent_scheduler [None req-62ee6e0b-2e6f-4132-a816-72cb55b44924 6ee3e8e05bab4d038c99ed685bfadce9 313f06e8e6184c2c819b90e7f7c4fc0a - - default default] No more DHCP agents
2026-07-03 20:10:52.026 7 WARNING neutron.api.rpc.agentnotifiers.dhcp_rpc_agent_api [None req-62ee6e0b-2e6f-4132-a816-72cb55b44924 6ee3e8e05bab4d038c99ed685bfadce9 313f06e8e6184c2c819b90e7f7c4fc0a - - default default] Unable to schedule network bc604c15-a758-49b0-aef1-f6872b93d725: no agents available; will retry on subsequent port and subnet creation events.
2026-07-03 20:10:52.092 7 INFO neutron.plugins.ml2.drivers.ovn.mech_driver.mech_driver [None req-b886d68d-af6e-4d24-9ced-38e46fadf892 - - - - - -] OVN reports status down for port: ad92bc3f-2eb3-41d8-b9e9-6af0abf01c85
2026-07-03 20:10:52.157 7 INFO neutron.db.ovn_revision_numbers_db [None req-62ee6e0b-2e6f-4132-a816-72cb55b44924 6ee3e8e05bab4d038c99ed685bfadce9 313f06e8e6184c2c819b90e7f7c4fc0a - - default default] Successfully bumped revision number for resource ad92bc3f-2eb3-41d8-b9e9-6af0abf01c85 (type: ports) to 1 [pid: 7|app: 0|req: 1521/2979] 10.0.0.236 () {34 vars in 670 bytes} [Fri Jul 3 20:10:51 2026] POST /v2.0/networks => generated 675 bytes in 548 msecs (HTTP/1.1 201) 4 headers in 162 bytes (1 switches on core 0)
2026-07-03 20:10:52.423 7 WARNING neutron.scheduler.dhcp_agent_scheduler [None req-c3fe78a8-e658-4964-a3fc-33ad0770309d 6ee3e8e05bab4d038c99ed685bfadce9 313f06e8e6184c2c819b90e7f7c4fc0a - - default default] No more DHCP agents
2026-07-03 20:10:52.425 7 WARNING neutron.api.rpc.agentnotifiers.dhcp_rpc_agent_api [None req-c3fe78a8-e658-4964-a3fc-33ad0770309d 6ee3e8e05bab4d038c99ed685bfadce9 313f06e8e6184c2c819b90e7f7c4fc0a - - default default] Unable to schedule network bc604c15-a758-49b0-aef1-f6872b93d725: no agents available; will retry on subsequent port and subnet creation events. [pid: 8|app: 0|req: 1459/2980] 10.0.0.236 () {32 vars in 724 bytes} [Fri Jul 3 20:10:51 2026] DELETE /v2.0/routers/e34f3ff1-e6e6-4b4d-9316-418c060738b0 => generated 0 bytes in 769 msecs (HTTP/1.1 204) 2 headers in 112 bytes (1 switches on core 0)
2026-07-03 20:10:52.458 8 INFO neutron.api.v2.resource [None req-86fded37-8f03-4ed6-a72d-5791dda05ee1 4e058ff99ef44a39a7b0390c879f898d 26a92ea4a55e48ffbe2cda538d752c14 - - default default] show failed (client error): The resource could not be found. [pid: 8|app: 0|req: 1460/2981] 10.0.0.236 () {32 vars in 721 bytes} [Fri Jul 3 20:10:52 2026] GET /v2.0/routers/11cfb2b5-22e7-471d-b21b-bda3b77fc3be => generated 135 bytes in 20 msecs (HTTP/1.1 404) 4 headers in 164 bytes (1 switches on core 0) [pid: 8|app: 0|req: 1461/2982] 10.0.0.236 () {32 vars in 724 bytes} [Fri Jul 3 20:10:52 2026] DELETE /v2.0/subnets/7c96f84e-83d7-403f-925f-79974e6a93ac => generated 0 bytes in 179 msecs (HTTP/1.1 204) 3 headers in 131 bytes (1 switches on core 0) [pid: 8|app: 0|req: 1462/2983] 10.0.0.236 () {32 vars in 724 bytes} [Fri Jul 3 20:10:52 2026] DELETE /v2.0/subnets/ce2a356b-0062-48ba-b6d7-63ca259e34f3 => generated 0 bytes in 170 msecs (HTTP/1.1 204) 3 headers in 131 bytes (1 switches on core 0)
2026-07-03 20:10:52.885 7 INFO neutron.db.ovn_revision_numbers_db [None req-bde53097-8ad8-4361-b45f-172bd3f80064 - - - - - -] Successfully bumped revision number for resource ad92bc3f-2eb3-41d8-b9e9-6af0abf01c85 (type: ports) to 2
2026-07-03 20:10:52.919 7 INFO neutron.db.ovn_revision_numbers_db [None req-bde53097-8ad8-4361-b45f-172bd3f80064 - - - - - -] Successfully bumped revision number for resource 6e0e725f-55b6-4723-8de0-a2e6b76bde20 (type: subnets) to 0 [pid: 7|app: 0|req: 1522/2984] 10.0.0.236 () {34 vars in 669 bytes} [Fri Jul 3 20:10:52 2026] POST /v2.0/subnets => generated 655 bytes in 718 msecs (HTTP/1.1 201) 4 headers in 162 bytes (1 switches on core 0) [pid: 8|app: 0|req: 1463/2985] 10.0.0.236 () {32 vars in 724 bytes} [Fri Jul 3 20:10:52 2026] DELETE /v2.0/subnets/2e814f68-9399-49df-b1b9-0993324f5e19 => generated 0 bytes in 143 msecs (HTTP/1.1 204) 3 headers in 131 bytes (1 switches on core 0)
2026-07-03 20:10:52.990 8 INFO neutron.pecan_wsgi.hooks.translation [None req-f5a88a0a-8086-48a8-b484-bdde29acacfc 4e058ff99ef44a39a7b0390c879f898d 26a92ea4a55e48ffbe2cda538d752c14 - - default default] DELETE failed (client error): The resource could not be found. [pid: 8|app: 0|req: 1464/2986] 10.0.0.236 () {32 vars in 724 bytes} [Fri Jul 3 20:10:52 2026] DELETE /v2.0/subnets/f60117cf-1c59-494e-95b4-e61d6e587273 => generated 136 bytes in 14 msecs (HTTP/1.1 404) 4 headers in 164 bytes (1 switches on core 0)
2026-07-03 20:10:53.149 8 INFO neutron_taas.services.taas.taas_plugin [None req-d46f37c3-fbb8-48ac-948f-fe109a4daf58 4e058ff99ef44a39a7b0390c879f898d 26a92ea4a55e48ffbe2cda538d752c14 - - default default] TaaS: Handle Delete Port: be4a2370-723d-49f4-98a4-5fab19a5015e
2026-07-03 20:10:53.156 8 INFO neutron_taas.services.taas.tap_mirror_plugin [None req-d46f37c3-fbb8-48ac-948f-fe109a4daf58 4e058ff99ef44a39a7b0390c879f898d 26a92ea4a55e48ffbe2cda538d752c14 - - default default] Tap Mirror: Handle Delete Port: be4a2370-723d-49f4-98a4-5fab19a5015e
2026-07-03 20:10:53.158 7 WARNING neutron.scheduler.dhcp_agent_scheduler [None req-3eee1655-40d8-4cca-8985-8dcf23a1b945 6ee3e8e05bab4d038c99ed685bfadce9 313f06e8e6184c2c819b90e7f7c4fc0a - - default default] No more DHCP agents
2026-07-03 20:10:53.159 7 WARNING neutron.api.rpc.agentnotifiers.dhcp_rpc_agent_api [None req-3eee1655-40d8-4cca-8985-8dcf23a1b945 6ee3e8e05bab4d038c99ed685bfadce9 313f06e8e6184c2c819b90e7f7c4fc0a - - default default] Unable to schedule network bc604c15-a758-49b0-aef1-f6872b93d725: no agents available; will retry on subsequent port and subnet creation events.
2026-07-03 20:10:53.204 7 INFO neutron.db.ovn_revision_numbers_db [None req-3eee1655-40d8-4cca-8985-8dcf23a1b945 6ee3e8e05bab4d038c99ed685bfadce9 313f06e8e6184c2c819b90e7f7c4fc0a - - default default] Successfully bumped revision number for resource 495b7480-24a0-402e-97d3-897d38957ba0 (type: subnets) to 0 [pid: 7|app: 0|req: 1523/2987] 10.0.0.236 () {34 vars in 669 bytes} [Fri Jul 3 20:10:52 2026] POST /v2.0/subnets => generated 729 bytes in 272 msecs (HTTP/1.1 201) 4 headers in 162 bytes (1 switches on core 0)
2026-07-03 20:10:53.362 8 INFO neutron.services.segments.plugin [-] Segment 6d6437d1-602c-40b7-ab92-4071542b6c0f resource provider aggregate not found
2026-07-03 20:10:53.368 8 INFO neutron.services.segments.plugin [-] Segment 6d6437d1-602c-40b7-ab92-4071542b6c0f resource provider aggregate not found
2026-07-03 20:10:53.385 8 INFO neutron.services.segments.plugin [-] Client error retrieving segment 6d6437d1-602c-40b7-ab92-4071542b6c0f resource provider; error: Placement Client Error (4xx): {"errors": [{"status": 404, "title": "Not Found", "detail": "The resource could not be found.\n\n No resource provider with uuid 6d6437d1-602c-40b7-ab92-4071542b6c0f found for delete ", "request_id": "req-c64b435a-f004-4f8a-9865-7f567ae56278"}]}
2026-07-03 20:10:53.389 8 INFO neutron.services.segments.plugin [-] Client error retrieving segment 6d6437d1-602c-40b7-ab92-4071542b6c0f resource provider; error: Placement Client Error (4xx): {"errors": [{"status": 404, "title": "Not Found", "detail": "The resource could not be found.\n\n No resource provider with uuid 6d6437d1-602c-40b7-ab92-4071542b6c0f found for delete ", "request_id": "req-e78b3883-7843-4d34-adc6-ade2b800b46d"}]} [pid: 8|app: 0|req: 1465/2988] 10.0.0.236 () {32 vars in 726 bytes} [Fri Jul 3 20:10:52 2026] DELETE /v2.0/networks/81a37830-cd9a-4886-a9f2-fc341bad4931 => generated 0 bytes in 471 msecs (HTTP/1.1 204) 3 headers in 131 bytes (1 switches on core 0)
2026-07-03 20:10:53.587 8 INFO neutron_taas.services.taas.taas_plugin [None req-f036f37a-006a-4138-976e-acd3d0fb647c 4e058ff99ef44a39a7b0390c879f898d 26a92ea4a55e48ffbe2cda538d752c14 - - default default] TaaS: Handle Delete Port: e6448bb6-fedf-4932-812c-023d4a188e91
2026-07-03 20:10:53.589 8 INFO neutron_taas.services.taas.tap_mirror_plugin [None req-f036f37a-006a-4138-976e-acd3d0fb647c 4e058ff99ef44a39a7b0390c879f898d 26a92ea4a55e48ffbe2cda538d752c14 - - default default] Tap Mirror: Handle Delete Port: e6448bb6-fedf-4932-812c-023d4a188e91
2026-07-03 20:10:53.652 7 WARNING neutron.scheduler.dhcp_agent_scheduler [None req-8f630b60-4c1a-46a5-ba8c-07396822d353 6ee3e8e05bab4d038c99ed685bfadce9 313f06e8e6184c2c819b90e7f7c4fc0a - - default default] No more DHCP agents
2026-07-03 20:10:53.653 7 WARNING neutron.api.rpc.agentnotifiers.dhcp_rpc_agent_api [None req-8f630b60-4c1a-46a5-ba8c-07396822d353 6ee3e8e05bab4d038c99ed685bfadce9 313f06e8e6184c2c819b90e7f7c4fc0a - - default default] Unable to schedule network 5a81349d-3da2-479b-89ee-78f2c28db3df: no agents available; will retry on subsequent port and subnet creation events.
2026-07-03 20:10:53.767 7 INFO neutron.plugins.ml2.drivers.ovn.mech_driver.mech_driver [None req-b886d68d-af6e-4d24-9ced-38e46fadf892 - - - - - -] OVN reports status down for port: 53a310a4-1d1d-40a3-8c49-1c59fd180a97 [pid: 8|app: 0|req: 1466/2989] 10.0.0.236 () {32 vars in 726 bytes} [Fri Jul 3 20:10:53 2026] DELETE /v2.0/networks/c5ebf16e-001f-4d23-9b6c-6b744f36b180 => generated 0 bytes in 347 msecs (HTTP/1.1 204) 3 headers in 131 bytes (1 switches on core 0)
2026-07-03 20:10:53.827 7 INFO neutron.db.ovn_revision_numbers_db [None req-8f630b60-4c1a-46a5-ba8c-07396822d353 6ee3e8e05bab4d038c99ed685bfadce9 313f06e8e6184c2c819b90e7f7c4fc0a - - default default] Successfully bumped revision number for resource 53a310a4-1d1d-40a3-8c49-1c59fd180a97 (type: ports) to 1
2026-07-03 20:10:53.934 8 INFO neutron_taas.services.taas.taas_plugin [None req-f44a1f9a-b0af-452d-a95a-57ef6d7fc920 4e058ff99ef44a39a7b0390c879f898d 26a92ea4a55e48ffbe2cda538d752c14 - - default default] TaaS: Handle Delete Port: 8850f4f1-b9ec-47e1-9438-cef30a647e79
2026-07-03 20:10:53.937 8 INFO neutron_taas.services.taas.tap_mirror_plugin [None req-f44a1f9a-b0af-452d-a95a-57ef6d7fc920 4e058ff99ef44a39a7b0390c879f898d 26a92ea4a55e48ffbe2cda538d752c14 - - default default] Tap Mirror: Handle Delete Port: 8850f4f1-b9ec-47e1-9438-cef30a647e79 [pid: 8|app: 0|req: 1467/2990] 10.0.0.236 () {32 vars in 726 bytes} [Fri Jul 3 20:10:53 2026] DELETE /v2.0/networks/5a1b0bf9-0a84-4389-888c-f9e0194296bc => generated 0 bytes in 329 msecs (HTTP/1.1 204) 3 headers in 131 bytes (1 switches on core 0)
2026-07-03 20:10:54.171 8 INFO neutron.pecan_wsgi.hooks.translation [None req-0bae4624-039b-416f-b868-d2054bd6c4aa 4e058ff99ef44a39a7b0390c879f898d 26a92ea4a55e48ffbe2cda538d752c14 - - default default] DELETE failed (client error): The resource could not be found. [pid: 8|app: 0|req: 1468/2991] 10.0.0.236 () {32 vars in 726 bytes} [Fri Jul 3 20:10:54 2026] DELETE /v2.0/networks/9dc8f13e-62b9-4ce9-9b45-affbd05b9f72 => generated 138 bytes in 15 msecs (HTTP/1.1 404) 4 headers in 164 bytes (1 switches on core 0)
2026-07-03 20:10:54.486 7 INFO neutron.plugins.ml2.drivers.ovn.mech_driver.ovsdb.commands [None req-4d4c1599-cab2-4d1d-bff0-e0696ed4277d - - - - - -] Schedule LRP lrp-53a310a4-1d1d-40a3-8c49-1c59fd180a97 on gateway 669a2349-b5b5-4808-8c08-10ad28fa87e1 with priority 1
2026-07-03 20:10:54.549 7 INFO neutron.plugins.ml2.drivers.ovn.mech_driver.mech_driver [None req-b886d68d-af6e-4d24-9ced-38e46fadf892 - - - - - -] OVN reports status up for port: 53a310a4-1d1d-40a3-8c49-1c59fd180a97
