2026-07-03 20:07:07.821 8 INFO neutron.db.ovn_revision_numbers_db [None req-07a9d613-2746-403a-a9d2-1833a411ec4e a210384add594045be6ee4bf6e145709 643eb71046b84efea8e1db297672aa59 - - default default] Successfully bumped revision number for resource 88d85ce9-3186-4867-9bf0-6424ee1fe1b7 (type: security_group_rules) to 0
2026-07-03 20:07:07.831 8 INFO neutron.db.ovn_revision_numbers_db [None req-07a9d613-2746-403a-a9d2-1833a411ec4e a210384add594045be6ee4bf6e145709 643eb71046b84efea8e1db297672aa59 - - default default] Successfully bumped revision number for resource ce34afd5-3253-409b-af93-1e5abac7380a (type: security_group_rules) to 0
2026-07-03 20:07:07.842 8 INFO neutron.db.ovn_revision_numbers_db [None req-07a9d613-2746-403a-a9d2-1833a411ec4e a210384add594045be6ee4bf6e145709 643eb71046b84efea8e1db297672aa59 - - default default] Successfully bumped revision number for resource d4d92e71-38d3-495f-88c6-a6f873f53588 (type: security_group_rules) to 0 [pid: 8|app: 0|req: 782/1580] 10.0.0.236 () {32 vars in 774 bytes} [Fri Jul 3 20:07:07 2026] GET /v2.0/security-groups?tenant_id=659d838754fd46d084329539551bcfea&name=default => generated 2925 bytes in 586 msecs (HTTP/1.1 200) 4 headers in 158 bytes (1 switches on core 0)
2026-07-03 20:07:07.888 8 WARNING keystonemiddleware.audit [None req-07a9d613-2746-403a-a9d2-1833a411ec4e a210384add594045be6ee4bf6e145709 643eb71046b84efea8e1db297672aa59 - - default default] Skipping service tempest-service-1609946005 as it have no endpoints.
2026-07-03 20:07:07.908 7 INFO neutron_taas.services.taas.taas_plugin [None req-60605cd2-420c-4c9c-bf01-641d777d8fd0 57783b60da164a04abceb58fb973bce0 afd526250e0f4a4bb0c65548a3be308a - - default default] TaaS: Handle Delete Port: e27aff45-c214-46d1-b2be-7db4bb82fdf5
2026-07-03 20:07:07.912 7 INFO neutron_taas.services.taas.tap_mirror_plugin [None req-60605cd2-420c-4c9c-bf01-641d777d8fd0 57783b60da164a04abceb58fb973bce0 afd526250e0f4a4bb0c65548a3be308a - - default default] Tap Mirror: Handle Delete Port: e27aff45-c214-46d1-b2be-7db4bb82fdf5 [pid: 7|app: 0|req: 799/1581] 10.0.0.236 () {32 vars in 720 bytes} [Fri Jul 3 20:07:07 2026] DELETE /v2.0/ports/e27aff45-c214-46d1-b2be-7db4bb82fdf5 => generated 0 bytes in 283 msecs (HTTP/1.1 204) 3 headers in 131 bytes (1 switches on core 0)
2026-07-03 20:07:08.086 7 INFO neutron.pecan_wsgi.hooks.translation [None req-1e97611c-8587-43d8-86e7-b9df6afbef5f 57783b60da164a04abceb58fb973bce0 afd526250e0f4a4bb0c65548a3be308a - - default default] GET failed (client error): The resource could not be found. [pid: 7|app: 0|req: 800/1582] 10.0.0.236 () {32 vars in 717 bytes} [Fri Jul 3 20:07:08 2026] GET /v2.0/ports/e27aff45-c214-46d1-b2be-7db4bb82fdf5 => generated 132 bytes in 25 msecs (HTTP/1.1 404) 4 headers in 164 bytes (1 switches on core 0) [pid: 8|app: 0|req: 783/1583] 10.0.0.236 () {32 vars in 740 bytes} [Fri Jul 3 20:07:07 2026] DELETE /v2.0/security-groups/1a3ae73c-23a0-4ccd-86a9-a1473c141cac => generated 0 bytes in 240 msecs (HTTP/1.1 204) 2 headers in 112 bytes (1 switches on core 0) [pid: 7|app: 0|req: 801/1584] 10.0.0.236 () {32 vars in 724 bytes} [Fri Jul 3 20:07:08 2026] DELETE /v2.0/subnets/2361e3a2-8f92-46b8-bdb6-22b1238494d3 => generated 0 bytes in 174 msecs (HTTP/1.1 204) 3 headers in 131 bytes (1 switches on core 0)
2026-07-03 20:07:08.384 8 INFO neutron_taas.services.taas.taas_plugin [None req-833b851a-c7c6-4809-bc71-9608b84538a1 57783b60da164a04abceb58fb973bce0 afd526250e0f4a4bb0c65548a3be308a - - default default] TaaS: Handle Delete Port: a0a2a89c-79c5-4dbf-bc85-99a99c931554
2026-07-03 20:07:08.387 8 INFO neutron_taas.services.taas.tap_mirror_plugin [None req-833b851a-c7c6-4809-bc71-9608b84538a1 57783b60da164a04abceb58fb973bce0 afd526250e0f4a4bb0c65548a3be308a - - default default] Tap Mirror: Handle Delete Port: a0a2a89c-79c5-4dbf-bc85-99a99c931554
2026-07-03 20:07:08.566 8 INFO neutron.services.segments.plugin [-] Segment 728b648d-f609-4eb6-b81b-384b353c267f resource provider aggregate not found
2026-07-03 20:07:08.571 8 INFO neutron.services.segments.plugin [-] Segment 728b648d-f609-4eb6-b81b-384b353c267f resource provider aggregate not found
2026-07-03 20:07:08.585 8 INFO neutron.services.segments.plugin [-] Client error retrieving segment 728b648d-f609-4eb6-b81b-384b353c267f resource provider; error: Placement Client Error (4xx): {"errors": [{"status": 404, "title": "Not Found", "detail": "The resource could not be found.\n\n No resource provider with uuid 728b648d-f609-4eb6-b81b-384b353c267f found for delete ", "request_id": "req-9aa122a9-1829-4f86-b3e5-1043d41e689a"}]}
2026-07-03 20:07:08.589 8 INFO neutron.services.segments.plugin [-] Client error retrieving segment 728b648d-f609-4eb6-b81b-384b353c267f resource provider; error: Placement Client Error (4xx): {"errors": [{"status": 404, "title": "Not Found", "detail": "The resource could not be found.\n\n No resource provider with uuid 728b648d-f609-4eb6-b81b-384b353c267f found for delete ", "request_id": "req-fe87083c-70f3-4da1-8dea-4a3f7a5681b7"}]} [pid: 8|app: 0|req: 784/1585] 10.0.0.236 () {32 vars in 726 bytes} [Fri Jul 3 20:07:08 2026] DELETE /v2.0/networks/377ccc77-27f9-4d79-9766-e8914267dfeb => generated 0 bytes in 343 msecs (HTTP/1.1 204) 3 headers in 131 bytes (1 switches on core 0)
2026-07-03 20:07:08.810 7 WARNING neutron.scheduler.dhcp_agent_scheduler [None req-db8cf706-b1f0-4a1e-86f3-2d47ab0df359 57783b60da164a04abceb58fb973bce0 afd526250e0f4a4bb0c65548a3be308a - - default default] No more DHCP agents
2026-07-03 20:07:08.811 7 WARNING neutron.api.rpc.agentnotifiers.dhcp_rpc_agent_api [None req-db8cf706-b1f0-4a1e-86f3-2d47ab0df359 57783b60da164a04abceb58fb973bce0 afd526250e0f4a4bb0c65548a3be308a - - default default] Unable to schedule network 9ca2c9b8-f2ff-4ee6-b78c-3cef1b84d58d: no agents available; will retry on subsequent port and subnet creation events.
2026-07-03 20:07:08.873 8 INFO neutron.plugins.ml2.drivers.ovn.mech_driver.mech_driver [None req-055f0b47-af10-4306-a70b-e27a56bc8460 - - - - - -] OVN reports status down for port: fd3719be-b5d6-4e92-8516-6d232626f1c5
2026-07-03 20:07:08.913 7 INFO neutron.db.ovn_revision_numbers_db [None req-db8cf706-b1f0-4a1e-86f3-2d47ab0df359 57783b60da164a04abceb58fb973bce0 afd526250e0f4a4bb0c65548a3be308a - - default default] Successfully bumped revision number for resource fd3719be-b5d6-4e92-8516-6d232626f1c5 (type: ports) to 1 [pid: 7|app: 0|req: 802/1586] 10.0.0.236 () {34 vars in 665 bytes} [Fri Jul 3 20:07:08 2026] POST /v2.0/ports => generated 778 bytes in 330 msecs (HTTP/1.1 201) 4 headers in 162 bytes (1 switches on core 0)
2026-07-03 20:07:09.188 8 INFO neutron.plugins.ml2.drivers.ovn.mech_driver.mech_driver [None req-055f0b47-af10-4306-a70b-e27a56bc8460 - - - - - -] OVN reports status down for port: fd3719be-b5d6-4e92-8516-6d232626f1c5 /var/lib/openstack/lib/python3.12/site-packages/pycadf/identifier.py:70: UserWarning: Invalid uuid: neutron. To ensure interoperability, identifiers should be a valid uuid. warnings.warn(('Invalid uuid: %s. To ensure interoperability, '
2026-07-03 20:07:09.238 8 INFO neutron.db.ovn_revision_numbers_db [None req-a669a830-c97e-4b79-8c80-1907141d352f 57783b60da164a04abceb58fb973bce0 afd526250e0f4a4bb0c65548a3be308a - - default default] Successfully bumped revision number for resource fd3719be-b5d6-4e92-8516-6d232626f1c5 (type: ports) to 2 [pid: 8|app: 0|req: 785/1587] 10.0.0.236 () {34 vars in 737 bytes} [Fri Jul 3 20:07:08 2026] PUT /v2.0/ports/fd3719be-b5d6-4e92-8516-6d232626f1c5 => generated 752 bytes in 342 msecs (HTTP/1.1 200) 4 headers in 157 bytes (1 switches on core 0) /var/lib/openstack/lib/python3.12/site-packages/pycadf/identifier.py:70: UserWarning: Invalid uuid: neutron. To ensure interoperability, identifiers should be a valid uuid. warnings.warn(('Invalid uuid: %s. To ensure interoperability, '
2026-07-03 20:07:09.330 7 INFO neutron.db.ovn_revision_numbers_db [None req-643c3c65-ebf9-47b7-8ba3-a1a7f947b866 a210384add594045be6ee4bf6e145709 643eb71046b84efea8e1db297672aa59 - - default default] Successfully bumped revision number for resource 2c71700d-f0ba-4447-94a7-9f9d3720ce62 (type: security_groups) to 1
2026-07-03 20:07:09.348 7 INFO neutron.db.ovn_revision_numbers_db [None req-643c3c65-ebf9-47b7-8ba3-a1a7f947b866 a210384add594045be6ee4bf6e145709 643eb71046b84efea8e1db297672aa59 - - default default] Successfully bumped revision number for resource 62bf98de-6916-49aa-87b1-28dd8214861d (type: security_group_rules) to 0
2026-07-03 20:07:09.358 7 INFO neutron.db.ovn_revision_numbers_db [None req-643c3c65-ebf9-47b7-8ba3-a1a7f947b866 a210384add594045be6ee4bf6e145709 643eb71046b84efea8e1db297672aa59 - - default default] Successfully bumped revision number for resource 7af946e4-156b-419f-9b36-ad81cbd825f0 (type: security_group_rules) to 0
2026-07-03 20:07:09.368 7 INFO neutron.db.ovn_revision_numbers_db [None req-643c3c65-ebf9-47b7-8ba3-a1a7f947b866 a210384add594045be6ee4bf6e145709 643eb71046b84efea8e1db297672aa59 - - default default] Successfully bumped revision number for resource b2eda1ed-fdf2-42ac-9035-aa4052688c64 (type: security_group_rules) to 0
2026-07-03 20:07:09.379 7 INFO neutron.db.ovn_revision_numbers_db [None req-643c3c65-ebf9-47b7-8ba3-a1a7f947b866 a210384add594045be6ee4bf6e145709 643eb71046b84efea8e1db297672aa59 - - default default] Successfully bumped revision number for resource f46affb2-3da1-44f4-8012-f74c1420277a (type: security_group_rules) to 0 [pid: 7|app: 0|req: 803/1588] 10.0.0.236 () {32 vars in 774 bytes} [Fri Jul 3 20:07:09 2026] GET /v2.0/security-groups?tenant_id=e35ad0879e714eafab3542c19174e595&name=default => generated 2925 bytes in 343 msecs (HTTP/1.1 200) 4 headers in 158 bytes (1 switches on core 0)
2026-07-03 20:07:09.439 8 INFO neutron_taas.services.taas.taas_plugin [None req-18aaf3d6-34db-4dc9-834f-a6691491b802 57783b60da164a04abceb58fb973bce0 afd526250e0f4a4bb0c65548a3be308a - - default default] TaaS: Handle Delete Port: fd3719be-b5d6-4e92-8516-6d232626f1c5
2026-07-03 20:07:09.441 8 INFO neutron_taas.services.taas.tap_mirror_plugin [None req-18aaf3d6-34db-4dc9-834f-a6691491b802 57783b60da164a04abceb58fb973bce0 afd526250e0f4a4bb0c65548a3be308a - - default default] Tap Mirror: Handle Delete Port: fd3719be-b5d6-4e92-8516-6d232626f1c5 [pid: 8|app: 0|req: 786/1589] 10.0.0.236 () {32 vars in 720 bytes} [Fri Jul 3 20:07:09 2026] DELETE /v2.0/ports/fd3719be-b5d6-4e92-8516-6d232626f1c5 => generated 0 bytes in 230 msecs (HTTP/1.1 204) 3 headers in 131 bytes (1 switches on core 0) [pid: 8|app: 0|req: 787/1590] 10.0.0.236 () {32 vars in 643 bytes} [Fri Jul 3 20:07:09 2026] GET /v2.0/ports => generated 1536 bytes in 42 msecs (HTTP/1.1 200) 4 headers in 158 bytes (1 switches on core 0)
2026-07-03 20:07:09.613 8 INFO neutron.pecan_wsgi.hooks.translation [None req-c47c76e8-74e6-4e7e-ac4d-3a619c49eab3 57783b60da164a04abceb58fb973bce0 afd526250e0f4a4bb0c65548a3be308a - - default default] GET failed (client error): The resource could not be found. [pid: 8|app: 0|req: 788/1591] 10.0.0.236 () {32 vars in 717 bytes} [Fri Jul 3 20:07:09 2026] GET /v2.0/ports/fd3719be-b5d6-4e92-8516-6d232626f1c5 => generated 132 bytes in 17 msecs (HTTP/1.1 404) 4 headers in 164 bytes (1 switches on core 0) [pid: 8|app: 0|req: 789/1592] 10.0.0.236 () {32 vars in 643 bytes} [Fri Jul 3 20:07:09 2026] GET /v2.0/ports => generated 1536 bytes in 43 msecs (HTTP/1.1 200) 4 headers in 158 bytes (1 switches on core 0) [pid: 7|app: 0|req: 804/1593] 10.0.0.236 () {32 vars in 740 bytes} [Fri Jul 3 20:07:09 2026] DELETE /v2.0/security-groups/2c71700d-f0ba-4447-94a7-9f9d3720ce62 => generated 0 bytes in 251 msecs (HTTP/1.1 204) 2 headers in 112 bytes (1 switches on core 0) [pid: 8|app: 0|req: 790/1594] 10.0.0.236 () {32 vars in 717 bytes} [Fri Jul 3 20:07:09 2026] GET /v2.0/ports/ecaa69a3-6442-49ed-a826-efa9d14318d0 => generated 777 bytes in 34 msecs (HTTP/1.1 200) 4 headers in 157 bytes (1 switches on core 0)
2026-07-03 20:07:09.741 7 INFO neutron.pecan_wsgi.hooks.translation [None req-021ba7f4-eff9-4cfd-be35-1366b3678914 57783b60da164a04abceb58fb973bce0 afd526250e0f4a4bb0c65548a3be308a - - default default] DELETE failed (client error): The resource could not be found. [pid: 7|app: 0|req: 805/1595] 10.0.0.236 () {32 vars in 720 bytes} [Fri Jul 3 20:07:09 2026] DELETE /v2.0/ports/e27aff45-c214-46d1-b2be-7db4bb82fdf5 => generated 132 bytes in 27 msecs (HTTP/1.1 404) 4 headers in 164 bytes (1 switches on core 0)
2026-07-03 20:07:09.770 8 INFO neutron.pecan_wsgi.hooks.translation [None req-67233936-3af4-48d7-827c-8e8faae5bebd 57783b60da164a04abceb58fb973bce0 afd526250e0f4a4bb0c65548a3be308a - - default default] DELETE failed (client error): The resource could not be found. [pid: 8|app: 0|req: 791/1596] 10.0.0.236 () {32 vars in 724 bytes} [Fri Jul 3 20:07:09 2026] DELETE /v2.0/subnets/2361e3a2-8f92-46b8-bdb6-22b1238494d3 => generated 136 bytes in 20 msecs (HTTP/1.1 404) 4 headers in 164 bytes (1 switches on core 0)
2026-07-03 20:07:09.792 7 INFO neutron.pecan_wsgi.hooks.translation [None req-e2482402-ac4f-4ca0-839b-89f24481b33f 57783b60da164a04abceb58fb973bce0 afd526250e0f4a4bb0c65548a3be308a - - default default] DELETE failed (client error): The resource could not be found. [pid: 7|app: 0|req: 806/1597] 10.0.0.236 () {32 vars in 724 bytes} [Fri Jul 3 20:07:09 2026] DELETE /v2.0/subnets/bf6bb4e1-c612-4752-8383-8580afc3da02 => generated 136 bytes in 16 msecs (HTTP/1.1 404) 4 headers in 164 bytes (1 switches on core 0)
2026-07-03 20:07:09.955 7 INFO neutron.db.ovn_revision_numbers_db [None req-251a7324-c7b8-4efa-8052-72196fcb2ec3 a210384add594045be6ee4bf6e145709 643eb71046b84efea8e1db297672aa59 - - default default] Successfully bumped revision number for resource 9ce1428f-1505-44b8-97bc-974a115591cf (type: security_groups) to 1
2026-07-03 20:07:09.963 8 INFO neutron_taas.services.taas.taas_plugin [None req-35602065-4f87-475c-9974-f1dc5f5b2ae7 57783b60da164a04abceb58fb973bce0 afd526250e0f4a4bb0c65548a3be308a - - default default] TaaS: Handle Delete Port: ecaa69a3-6442-49ed-a826-efa9d14318d0
2026-07-03 20:07:09.970 8 INFO neutron_taas.services.taas.tap_mirror_plugin [None req-35602065-4f87-475c-9974-f1dc5f5b2ae7 57783b60da164a04abceb58fb973bce0 afd526250e0f4a4bb0c65548a3be308a - - default default] Tap Mirror: Handle Delete Port: ecaa69a3-6442-49ed-a826-efa9d14318d0
2026-07-03 20:07:09.971 7 INFO neutron.db.ovn_revision_numbers_db [None req-251a7324-c7b8-4efa-8052-72196fcb2ec3 a210384add594045be6ee4bf6e145709 643eb71046b84efea8e1db297672aa59 - - default default] Successfully bumped revision number for resource 37e68e50-5bcd-4ab9-98c0-0a55442f71a7 (type: security_group_rules) to 0
2026-07-03 20:07:09.989 7 INFO neutron.db.ovn_revision_numbers_db [None req-251a7324-c7b8-4efa-8052-72196fcb2ec3 a210384add594045be6ee4bf6e145709 643eb71046b84efea8e1db297672aa59 - - default default] Successfully bumped revision number for resource 4005b5ec-5c1a-4823-8e16-14b06279b2c2 (type: security_group_rules) to 0
2026-07-03 20:07:10.005 7 INFO neutron.db.ovn_revision_numbers_db [None req-251a7324-c7b8-4efa-8052-72196fcb2ec3 a210384add594045be6ee4bf6e145709 643eb71046b84efea8e1db297672aa59 - - default default] Successfully bumped revision number for resource 9710c98d-5c52-4ddd-842a-0e52992042fe (type: security_group_rules) to 0
2026-07-03 20:07:10.016 7 INFO neutron.db.ovn_revision_numbers_db [None req-251a7324-c7b8-4efa-8052-72196fcb2ec3 a210384add594045be6ee4bf6e145709 643eb71046b84efea8e1db297672aa59 - - default default] Successfully bumped revision number for resource e3dae5a1-bac4-447e-8297-cd9ea9992c4d (type: security_group_rules) to 0 [pid: 7|app: 0|req: 807/1598] 10.0.0.236 () {32 vars in 774 bytes} [Fri Jul 3 20:07:09 2026] GET /v2.0/security-groups?tenant_id=569019f147694e4fb3c988b0401dae6a&name=default => generated 2925 bytes in 235 msecs (HTTP/1.1 200) 4 headers in 158 bytes (1 switches on core 0) [pid: 8|app: 0|req: 792/1599] 10.0.0.236 () {32 vars in 720 bytes} [Fri Jul 3 20:07:09 2026] DELETE /v2.0/ports/ecaa69a3-6442-49ed-a826-efa9d14318d0 => generated 0 bytes in 319 msecs (HTTP/1.1 204) 3 headers in 131 bytes (1 switches on core 0) [pid: 8|app: 0|req: 793/1600] 10.0.0.236 () {32 vars in 740 bytes} [Fri Jul 3 20:07:10 2026] DELETE /v2.0/security-groups/9ce1428f-1505-44b8-97bc-974a115591cf => generated 0 bytes in 266 msecs (HTTP/1.1 204) 2 headers in 112 bytes (1 switches on core 0)
2026-07-03 20:07:10.404 7 INFO neutron.db.ovn_revision_numbers_db [None req-03b3420b-40b8-4500-ac34-885610061a89 19eab2d267f84a73a0c378eb25a6d77b 9619978e94e345119dc563929a2ce5a8 - - default default] Successfully bumped revision number for resource c7bc4c77-9fcc-4a19-8877-954ad3a1b21a (type: security_groups) to 1
2026-07-03 20:07:10.418 7 INFO neutron.db.ovn_revision_numbers_db [None req-03b3420b-40b8-4500-ac34-885610061a89 19eab2d267f84a73a0c378eb25a6d77b 9619978e94e345119dc563929a2ce5a8 - - default default] Successfully bumped revision number for resource 213dcf5b-00f8-4c22-981c-b16add5aac20 (type: security_group_rules) to 0
2026-07-03 20:07:10.431 7 INFO neutron.db.ovn_revision_numbers_db [None req-03b3420b-40b8-4500-ac34-885610061a89 19eab2d267f84a73a0c378eb25a6d77b 9619978e94e345119dc563929a2ce5a8 - - default default] Successfully bumped revision number for resource 242b51ff-aca3-43e0-a869-de6b5ce7c678 (type: security_group_rules) to 0
2026-07-03 20:07:10.442 7 INFO neutron.db.ovn_revision_numbers_db [None req-03b3420b-40b8-4500-ac34-885610061a89 19eab2d267f84a73a0c378eb25a6d77b 9619978e94e345119dc563929a2ce5a8 - - default default] Successfully bumped revision number for resource b9cda569-cdb1-47a9-be46-839d45c2094e (type: security_group_rules) to 0
2026-07-03 20:07:10.455 7 INFO neutron.db.ovn_revision_numbers_db [None req-03b3420b-40b8-4500-ac34-885610061a89 19eab2d267f84a73a0c378eb25a6d77b 9619978e94e345119dc563929a2ce5a8 - - default default] Successfully bumped revision number for resource e5faa4ba-37a9-4512-9c10-df8efcff85c7 (type: security_group_rules) to 0
2026-07-03 20:07:10.501 8 INFO neutron_taas.services.taas.taas_plugin [None req-71aaaa94-82cf-41e7-8950-374f8ea35914 57783b60da164a04abceb58fb973bce0 afd526250e0f4a4bb0c65548a3be308a - - default default] TaaS: Handle Delete Port: 698d7c20-68f3-4071-a067-c16969762d75
2026-07-03 20:07:10.504 8 INFO neutron_taas.services.taas.tap_mirror_plugin [None req-71aaaa94-82cf-41e7-8950-374f8ea35914 57783b60da164a04abceb58fb973bce0 afd526250e0f4a4bb0c65548a3be308a - - default default] Tap Mirror: Handle Delete Port: 698d7c20-68f3-4071-a067-c16969762d75
2026-07-03 20:07:10.538 7 INFO neutron.db.segments_db [None req-03b3420b-40b8-4500-ac34-885610061a89 19eab2d267f84a73a0c378eb25a6d77b 9619978e94e345119dc563929a2ce5a8 - - default default] Added segment 3c1bf3d5-8cc2-459c-83d7-6a1e7a036621 of type geneve for network 7fe32ff5-2d72-47af-be28-0b3f186ee965
2026-07-03 20:07:10.671 8 INFO neutron.services.segments.plugin [-] Segment 0d0e2288-45e9-4f5b-ad77-22689a3feb05 resource provider aggregate not found
2026-07-03 20:07:10.674 7 INFO neutron.db.ovn_revision_numbers_db [None req-03b3420b-40b8-4500-ac34-885610061a89 19eab2d267f84a73a0c378eb25a6d77b 9619978e94e345119dc563929a2ce5a8 - - default default] Successfully bumped revision number for resource 7fe32ff5-2d72-47af-be28-0b3f186ee965 (type: networks) to 1
2026-07-03 20:07:10.675 8 INFO neutron.services.segments.plugin [-] Segment 0d0e2288-45e9-4f5b-ad77-22689a3feb05 resource provider aggregate not found
2026-07-03 20:07:10.687 8 INFO neutron.services.segments.plugin [-] Client error retrieving segment 0d0e2288-45e9-4f5b-ad77-22689a3feb05 resource provider; error: Placement Client Error (4xx): {"errors": [{"status": 404, "title": "Not Found", "detail": "The resource could not be found.\n\n No resource provider with uuid 0d0e2288-45e9-4f5b-ad77-22689a3feb05 found for delete ", "request_id": "req-16eab431-789c-413b-b1c7-37f79920f156"}]}
2026-07-03 20:07:10.692 8 INFO neutron.services.segments.plugin [-] Client error retrieving segment 0d0e2288-45e9-4f5b-ad77-22689a3feb05 resource provider; error: Placement Client Error (4xx): {"errors": [{"status": 404, "title": "Not Found", "detail": "The resource could not be found.\n\n No resource provider with uuid 0d0e2288-45e9-4f5b-ad77-22689a3feb05 found for delete ", "request_id": "req-da15633d-e995-49d1-a2be-a954ab8f338f"}]} [pid: 8|app: 0|req: 794/1601] 10.0.0.236 () {32 vars in 726 bytes} [Fri Jul 3 20:07:10 2026] DELETE /v2.0/networks/9ca2c9b8-f2ff-4ee6-b78c-3cef1b84d58d => generated 0 bytes in 341 msecs (HTTP/1.1 204) 3 headers in 131 bytes (1 switches on core 0)
2026-07-03 20:07:10.848 7 WARNING neutron.scheduler.dhcp_agent_scheduler [None req-03b3420b-40b8-4500-ac34-885610061a89 19eab2d267f84a73a0c378eb25a6d77b 9619978e94e345119dc563929a2ce5a8 - - default default] No more DHCP agents
2026-07-03 20:07:10.849 7 WARNING neutron.api.rpc.agentnotifiers.dhcp_rpc_agent_api [None req-03b3420b-40b8-4500-ac34-885610061a89 19eab2d267f84a73a0c378eb25a6d77b 9619978e94e345119dc563929a2ce5a8 - - default default] Unable to schedule network 7fe32ff5-2d72-47af-be28-0b3f186ee965: no agents available; will retry on subsequent port and subnet creation events.
2026-07-03 20:07:10.899 7 INFO neutron.plugins.ml2.drivers.ovn.mech_driver.mech_driver [None req-20c6bf71-9d4e-427a-947a-ac8a4a4b3c3d - - - - - -] OVN reports status down for port: 6624aff4-e078-419e-92d4-14c3943d1310
2026-07-03 20:07:10.955 7 INFO neutron.db.ovn_revision_numbers_db [None req-03b3420b-40b8-4500-ac34-885610061a89 19eab2d267f84a73a0c378eb25a6d77b 9619978e94e345119dc563929a2ce5a8 - - default default] Successfully bumped revision number for resource 6624aff4-e078-419e-92d4-14c3943d1310 (type: ports) to 1 [pid: 7|app: 0|req: 808/1602] 10.0.0.236 () {34 vars in 670 bytes} [Fri Jul 3 20:07:10 2026] POST /v2.0/networks => generated 687 bytes in 939 msecs (HTTP/1.1 201) 4 headers in 162 bytes (1 switches on core 0)
2026-07-03 20:07:11.042 8 INFO neutron.db.ovn_revision_numbers_db [None req-e236602f-3427-44e7-a366-6e91b094127a a210384add594045be6ee4bf6e145709 643eb71046b84efea8e1db297672aa59 - - default default] Successfully bumped revision number for resource 90b4e195-3dd3-4f01-9c26-03bb5d1cf49a (type: security_groups) to 1
2026-07-03 20:07:11.053 8 INFO neutron.db.ovn_revision_numbers_db [None req-e236602f-3427-44e7-a366-6e91b094127a a210384add594045be6ee4bf6e145709 643eb71046b84efea8e1db297672aa59 - - default default] Successfully bumped revision number for resource 449179f7-cbcf-43dd-b6d9-c9dbcf5ea6c4 (type: security_group_rules) to 0
2026-07-03 20:07:11.069 8 INFO neutron.db.ovn_revision_numbers_db [None req-e236602f-3427-44e7-a366-6e91b094127a a210384add594045be6ee4bf6e145709 643eb71046b84efea8e1db297672aa59 - - default default] Successfully bumped revision number for resource c44bba61-5c7d-4b53-8622-95dfe0bcc782 (type: security_group_rules) to 0
2026-07-03 20:07:11.086 8 INFO neutron.db.ovn_revision_numbers_db [None req-e236602f-3427-44e7-a366-6e91b094127a a210384add594045be6ee4bf6e145709 643eb71046b84efea8e1db297672aa59 - - default default] Successfully bumped revision number for resource cd22c15f-b2a8-44f5-8bb2-7f05f37c97e4 (type: security_group_rules) to 0
2026-07-03 20:07:11.097 8 INFO neutron.db.ovn_revision_numbers_db [None req-e236602f-3427-44e7-a366-6e91b094127a a210384add594045be6ee4bf6e145709 643eb71046b84efea8e1db297672aa59 - - default default] Successfully bumped revision number for resource d4fe5499-27f3-4462-ad03-b1a37cd1f85a (type: security_group_rules) to 0 [pid: 8|app: 0|req: 795/1603] 10.0.0.236 () {32 vars in 774 bytes} [Fri Jul 3 20:07:10 2026] GET /v2.0/security-groups?tenant_id=2b2991534ea64f26897ad856d04b4dfb&name=default => generated 2925 bytes in 421 msecs (HTTP/1.1 200) 4 headers in 158 bytes (1 switches on core 0)
2026-07-03 20:07:11.195 7 WARNING neutron.scheduler.dhcp_agent_scheduler [None req-2398155a-270d-45c0-8eb3-17d681b3632f 19eab2d267f84a73a0c378eb25a6d77b 9619978e94e345119dc563929a2ce5a8 - - default default] No more DHCP agents
2026-07-03 20:07:11.197 7 WARNING neutron.api.rpc.agentnotifiers.dhcp_rpc_agent_api [None req-2398155a-270d-45c0-8eb3-17d681b3632f 19eab2d267f84a73a0c378eb25a6d77b 9619978e94e345119dc563929a2ce5a8 - - default default] Unable to schedule network 7fe32ff5-2d72-47af-be28-0b3f186ee965: no agents available; will retry on subsequent port and subnet creation events.
2026-07-03 20:07:11.220 7 INFO neutron.db.ovn_revision_numbers_db [None req-2398155a-270d-45c0-8eb3-17d681b3632f 19eab2d267f84a73a0c378eb25a6d77b 9619978e94e345119dc563929a2ce5a8 - - default default] Successfully bumped revision number for resource 2aaf9c6e-97d1-439c-a903-9cf4047d98f5 (type: subnets) to 0 [pid: 7|app: 0|req: 809/1604] 10.0.0.236 () {34 vars in 669 bytes} [Fri Jul 3 20:07:10 2026] POST /v2.0/subnets => generated 627 bytes in 245 msecs (HTTP/1.1 201) 4 headers in 162 bytes (1 switches on core 0) [pid: 8|app: 0|req: 796/1605] 10.0.0.236 () {32 vars in 740 bytes} [Fri Jul 3 20:07:11 2026] DELETE /v2.0/security-groups/90b4e195-3dd3-4f01-9c26-03bb5d1cf49a => generated 0 bytes in 249 msecs (HTTP/1.1 204) 2 headers in 112 bytes (1 switches on core 0) [pid: 7|app: 0|req: 810/1606] 10.0.0.236 () {32 vars in 774 bytes} [Fri Jul 3 20:07:11 2026] GET /v2.0/security-groups?tenant_id=afd526250e0f4a4bb0c65548a3be308a&name=default => generated 2925 bytes in 164 msecs (HTTP/1.1 200) 4 headers in 158 bytes (1 switches on core 0) [pid: 7|app: 0|req: 811/1607] 10.0.0.236 () {32 vars in 740 bytes} [Fri Jul 3 20:07:11 2026] DELETE /v2.0/security-groups/3399aa34-d9f3-4db4-a639-c690aaef0d35 => generated 0 bytes in 237 msecs (HTTP/1.1 204) 2 headers in 112 bytes (1 switches on core 0)
2026-07-03 20:07:11.777 7 INFO neutron.db.ovn_revision_numbers_db [None req-0352804c-a0ee-460b-897e-f7f2a4f342b0 a210384add594045be6ee4bf6e145709 643eb71046b84efea8e1db297672aa59 - - default default] Successfully bumped revision number for resource 816bbf3c-e497-4ff7-8a7c-1b79a79b0c3d (type: security_groups) to 1
2026-07-03 20:07:11.787 7 INFO neutron.db.ovn_revision_numbers_db [None req-0352804c-a0ee-460b-897e-f7f2a4f342b0 a210384add594045be6ee4bf6e145709 643eb71046b84efea8e1db297672aa59 - - default default] Successfully bumped revision number for resource 25339f48-2596-4066-a135-9ae16262e38f (type: security_group_rules) to 0
2026-07-03 20:07:11.801 7 INFO neutron.db.ovn_revision_numbers_db [None req-0352804c-a0ee-460b-897e-f7f2a4f342b0 a210384add594045be6ee4bf6e145709 643eb71046b84efea8e1db297672aa59 - - default default] Successfully bumped revision number for resource 4bb3eb6c-3f72-49ad-bf9c-c6df627bafb2 (type: security_group_rules) to 0
2026-07-03 20:07:11.813 7 INFO neutron.db.ovn_revision_numbers_db [None req-0352804c-a0ee-460b-897e-f7f2a4f342b0 a210384add594045be6ee4bf6e145709 643eb71046b84efea8e1db297672aa59 - - default default] Successfully bumped revision number for resource 81e6c51b-d282-458f-9e0e-042fd008ab28 (type: security_group_rules) to 0
2026-07-03 20:07:11.824 7 INFO neutron.db.ovn_revision_numbers_db [None req-0352804c-a0ee-460b-897e-f7f2a4f342b0 a210384add594045be6ee4bf6e145709 643eb71046b84efea8e1db297672aa59 - - default default] Successfully bumped revision number for resource b976498c-ee20-4dc6-b7a4-630b01e3a650 (type: security_group_rules) to 0
2026-07-03 20:07:11.832 8 WARNING neutron.scheduler.dhcp_agent_scheduler [None req-edd7d6e1-9e48-493a-aa77-30848a47ab3e 19eab2d267f84a73a0c378eb25a6d77b 9619978e94e345119dc563929a2ce5a8 - - default default] No more DHCP agents
2026-07-03 20:07:11.833 8 WARNING neutron.api.rpc.agentnotifiers.dhcp_rpc_agent_api [None req-edd7d6e1-9e48-493a-aa77-30848a47ab3e 19eab2d267f84a73a0c378eb25a6d77b 9619978e94e345119dc563929a2ce5a8 - - default default] Unable to schedule network 5a81349d-3da2-479b-89ee-78f2c28db3df: no agents available; will retry on subsequent port and subnet creation events. [pid: 7|app: 0|req: 812/1608] 10.0.0.236 () {32 vars in 774 bytes} [Fri Jul 3 20:07:11 2026] GET /v2.0/security-groups?tenant_id=29009e35c0f04d8c95be89c131f7a998&name=default => generated 2925 bytes in 211 msecs (HTTP/1.1 200) 4 headers in 158 bytes (1 switches on core 0)
2026-07-03 20:07:11.949 8 INFO neutron.plugins.ml2.drivers.ovn.mech_driver.mech_driver [None req-055f0b47-af10-4306-a70b-e27a56bc8460 - - - - - -] OVN reports status down for port: 7b664758-f22a-477a-8946-7e626956d7b0
2026-07-03 20:07:12.022 8 INFO neutron.db.ovn_revision_numbers_db [None req-edd7d6e1-9e48-493a-aa77-30848a47ab3e 19eab2d267f84a73a0c378eb25a6d77b 9619978e94e345119dc563929a2ce5a8 - - default default] Successfully bumped revision number for resource 7b664758-f22a-477a-8946-7e626956d7b0 (type: ports) to 1 [pid: 7|app: 0|req: 813/1609] 10.0.0.236 () {32 vars in 740 bytes} [Fri Jul 3 20:07:11 2026] DELETE /v2.0/security-groups/816bbf3c-e497-4ff7-8a7c-1b79a79b0c3d => generated 0 bytes in 294 msecs (HTTP/1.1 204) 2 headers in 112 bytes (1 switches on core 0)
2026-07-03 20:07:12.754 8 INFO neutron.plugins.ml2.drivers.ovn.mech_driver.ovsdb.commands [None req-2c2ae60b-a131-402c-9456-c3446974545e - - - - - -] Schedule LRP lrp-7b664758-f22a-477a-8946-7e626956d7b0 on gateway 669a2349-b5b5-4808-8c08-10ad28fa87e1 with priority 1
2026-07-03 20:07:12.802 8 INFO neutron.plugins.ml2.drivers.ovn.mech_driver.mech_driver [None req-055f0b47-af10-4306-a70b-e27a56bc8460 - - - - - -] OVN reports status up for port: 7b664758-f22a-477a-8946-7e626956d7b0
2026-07-03 20:07:12.827 8 INFO neutron.plugins.ml2.plugin [None req-055f0b47-af10-4306-a70b-e27a56bc8460 - - - - - -] Attempt 1 to provision port 7b664758-f22a-477a-8946-7e626956d7b0
2026-07-03 20:07:12.857 8 INFO neutron.db.ovn_revision_numbers_db [None req-edd7d6e1-9e48-493a-aa77-30848a47ab3e 19eab2d267f84a73a0c378eb25a6d77b 9619978e94e345119dc563929a2ce5a8 - - default default] Successfully bumped revision number for resource 7b664758-f22a-477a-8946-7e626956d7b0 (type: router_ports) to 1
2026-07-03 20:07:12.973 8 INFO neutron.db.ovn_revision_numbers_db [None req-edd7d6e1-9e48-493a-aa77-30848a47ab3e 19eab2d267f84a73a0c378eb25a6d77b 9619978e94e345119dc563929a2ce5a8 - - default default] Successfully bumped revision number for resource db9fd263-97ae-4660-b885-edea3f1abbd4 (type: routers) to 2 [pid: 8|app: 0|req: 797/1610] 10.0.0.236 () {34 vars in 669 bytes} [Fri Jul 3 20:07:11 2026] POST /v2.0/routers => generated 955 bytes in 1592 msecs (HTTP/1.1 201) 4 headers in 162 bytes (1 switches on core 0)
2026-07-03 20:07:13.551 7 WARNING neutron.scheduler.dhcp_agent_scheduler [None req-082b99a0-9249-47db-9f2a-d58cf78fe47b 19eab2d267f84a73a0c378eb25a6d77b 9619978e94e345119dc563929a2ce5a8 - - default default] No more DHCP agents
2026-07-03 20:07:13.554 7 WARNING neutron.api.rpc.agentnotifiers.dhcp_rpc_agent_api [None req-082b99a0-9249-47db-9f2a-d58cf78fe47b 19eab2d267f84a73a0c378eb25a6d77b 9619978e94e345119dc563929a2ce5a8 - - default default] Unable to schedule network 7fe32ff5-2d72-47af-be28-0b3f186ee965: no agents available; will retry on subsequent port and subnet creation events.
2026-07-03 20:07:13.701 7 INFO neutron.plugins.ml2.drivers.ovn.mech_driver.mech_driver [None req-20c6bf71-9d4e-427a-947a-ac8a4a4b3c3d - - - - - -] OVN reports status down for port: f8cb76ff-846f-4aeb-b15d-d912aa9e6a61
2026-07-03 20:07:13.772 7 INFO neutron.db.ovn_revision_numbers_db [None req-082b99a0-9249-47db-9f2a-d58cf78fe47b 19eab2d267f84a73a0c378eb25a6d77b 9619978e94e345119dc563929a2ce5a8 - - default default] Successfully bumped revision number for resource f8cb76ff-846f-4aeb-b15d-d912aa9e6a61 (type: ports) to 1
2026-07-03 20:07:13.879 8 INFO neutron.db.ovn_revision_numbers_db [None req-616e9c98-7408-4f36-a5f2-87edd09bdc19 135729c6e62047fda7bef08ae606228a 723c2bd633b34a029d6d06538227425b - - default default] Successfully bumped revision number for resource 4ccb68bc-2a89-46da-87b9-87b428ed98a5 (type: security_groups) to 1
2026-07-03 20:07:13.890 8 INFO neutron.db.ovn_revision_numbers_db [None req-616e9c98-7408-4f36-a5f2-87edd09bdc19 135729c6e62047fda7bef08ae606228a 723c2bd633b34a029d6d06538227425b - - default default] Successfully bumped revision number for resource 26ee7bec-d9fe-4d0d-a407-a99f9208da35 (type: security_group_rules) to 0
2026-07-03 20:07:13.905 8 INFO neutron.db.ovn_revision_numbers_db [None req-616e9c98-7408-4f36-a5f2-87edd09bdc19 135729c6e62047fda7bef08ae606228a 723c2bd633b34a029d6d06538227425b - - default default] Successfully bumped revision number for resource 745f6232-0403-45b3-a07c-c575cba0760f (type: security_group_rules) to 0
2026-07-03 20:07:13.917 8 INFO neutron.db.ovn_revision_numbers_db [None req-616e9c98-7408-4f36-a5f2-87edd09bdc19 135729c6e62047fda7bef08ae606228a 723c2bd633b34a029d6d06538227425b - - default default] Successfully bumped revision number for resource 82360a1b-1a3c-40f8-9f7a-abb25a06b95c (type: security_group_rules) to 0
2026-07-03 20:07:13.929 8 INFO neutron.db.ovn_revision_numbers_db [None req-616e9c98-7408-4f36-a5f2-87edd09bdc19 135729c6e62047fda7bef08ae606228a 723c2bd633b34a029d6d06538227425b - - default default] Successfully bumped revision number for resource fe793ea3-4489-4e45-a4f2-7cac60daf8ea (type: security_group_rules) to 0
2026-07-03 20:07:14.004 8 INFO neutron.db.segments_db [None req-616e9c98-7408-4f36-a5f2-87edd09bdc19 135729c6e62047fda7bef08ae606228a 723c2bd633b34a029d6d06538227425b - - default default] Added segment c2ed0472-c747-4e5e-9e21-5b0cb00246bc of type geneve for network a6527510-d9be-4073-869b-05ca98f0faea
2026-07-03 20:07:14.122 8 INFO neutron.db.ovn_revision_numbers_db [None req-616e9c98-7408-4f36-a5f2-87edd09bdc19 135729c6e62047fda7bef08ae606228a 723c2bd633b34a029d6d06538227425b - - default default] Successfully bumped revision number for resource a6527510-d9be-4073-869b-05ca98f0faea (type: networks) to 1
2026-07-03 20:07:14.293 8 WARNING neutron.scheduler.dhcp_agent_scheduler [None req-616e9c98-7408-4f36-a5f2-87edd09bdc19 135729c6e62047fda7bef08ae606228a 723c2bd633b34a029d6d06538227425b - - default default] No more DHCP agents
2026-07-03 20:07:14.295 8 WARNING neutron.api.rpc.agentnotifiers.dhcp_rpc_agent_api [None req-616e9c98-7408-4f36-a5f2-87edd09bdc19 135729c6e62047fda7bef08ae606228a 723c2bd633b34a029d6d06538227425b - - default default] Unable to schedule network a6527510-d9be-4073-869b-05ca98f0faea: no agents available; will retry on subsequent port and subnet creation events.
2026-07-03 20:07:14.390 8 INFO neutron.db.ovn_revision_numbers_db [None req-616e9c98-7408-4f36-a5f2-87edd09bdc19 135729c6e62047fda7bef08ae606228a 723c2bd633b34a029d6d06538227425b - - default default] Successfully bumped revision number for resource c871fb1d-2c5d-45c6-bebf-3796ea775c6d (type: ports) to 1 [pid: 8|app: 0|req: 800/1613] 10.0.0.236 () {34 vars in 670 bytes} [Fri Jul 3 20:07:13 2026] POST /v2.0/networks => generated 683 bytes in 946 msecs (HTTP/1.1 201) 4 headers in 162 bytes (1 switches on core 0)
2026-07-03 20:07:14.478 7 INFO neutron.plugins.ml2.drivers.ovn.mech_driver.mech_driver [None req-20c6bf71-9d4e-427a-947a-ac8a4a4b3c3d - - - - - -] OVN reports status up for port: f8cb76ff-846f-4aeb-b15d-d912aa9e6a61
2026-07-03 20:07:14.507 7 INFO neutron.plugins.ml2.plugin [None req-20c6bf71-9d4e-427a-947a-ac8a4a4b3c3d - - - - - -] Attempt 1 to provision port f8cb76ff-846f-4aeb-b15d-d912aa9e6a61
2026-07-03 20:07:14.617 7 WARNING neutron.scheduler.dhcp_agent_scheduler [None req-082b99a0-9249-47db-9f2a-d58cf78fe47b 19eab2d267f84a73a0c378eb25a6d77b 9619978e94e345119dc563929a2ce5a8 - - default default] No more DHCP agents
2026-07-03 20:07:14.621 7 WARNING neutron.api.rpc.agentnotifiers.dhcp_rpc_agent_api [None req-082b99a0-9249-47db-9f2a-d58cf78fe47b 19eab2d267f84a73a0c378eb25a6d77b 9619978e94e345119dc563929a2ce5a8 - - default default] Unable to schedule network 7fe32ff5-2d72-47af-be28-0b3f186ee965: no agents available; will retry on subsequent port and subnet creation events.
2026-07-03 20:07:14.688 8 INFO neutron.db.ovn_revision_numbers_db [None req-b99fbd7d-ade2-4a35-bc22-5f94a71afea7 a210384add594045be6ee4bf6e145709 643eb71046b84efea8e1db297672aa59 - - default default] Successfully bumped revision number for resource 2d6caa5f-805e-4f1d-af7e-19317ca3387a (type: security_groups) to 1
2026-07-03 20:07:14.700 8 INFO neutron.db.ovn_revision_numbers_db [None req-b99fbd7d-ade2-4a35-bc22-5f94a71afea7 a210384add594045be6ee4bf6e145709 643eb71046b84efea8e1db297672aa59 - - default default] Successfully bumped revision number for resource 393dca50-7cf3-4f11-9da4-64487271991e (type: security_group_rules) to 0
2026-07-03 20:07:14.712 8 INFO neutron.db.ovn_revision_numbers_db [None req-b99fbd7d-ade2-4a35-bc22-5f94a71afea7 a210384add594045be6ee4bf6e145709 643eb71046b84efea8e1db297672aa59 - - default default] Successfully bumped revision number for resource 6cc2bb2c-dd75-4555-836d-8e5e73d78b94 (type: security_group_rules) to 0
2026-07-03 20:07:14.727 8 INFO neutron.db.ovn_revision_numbers_db [None req-b99fbd7d-ade2-4a35-bc22-5f94a71afea7 a210384add594045be6ee4bf6e145709 643eb71046b84efea8e1db297672aa59 - - default default] Successfully bumped revision number for resource 77e1443a-c231-4720-b587-fb05715dcb33 (type: security_group_rules) to 0
2026-07-03 20:07:14.740 8 INFO neutron.db.ovn_revision_numbers_db [None req-b99fbd7d-ade2-4a35-bc22-5f94a71afea7 a210384add594045be6ee4bf6e145709 643eb71046b84efea8e1db297672aa59 - - default default] Successfully bumped revision number for resource 8bff4604-cc82-4694-94c6-af7d8913d128 (type: security_group_rules) to 0 [pid: 8|app: 0|req: 801/1614] 10.0.0.236 () {32 vars in 774 bytes} [Fri Jul 3 20:07:14 2026] GET /v2.0/security-groups?tenant_id=1d29368ef1f9403697518a8f31104f30&name=default => generated 2925 bytes in 364 msecs (HTTP/1.1 200) 4 headers in 158 bytes (1 switches on core 0)
2026-07-03 20:07:15.014 8 WARNING neutron.scheduler.dhcp_agent_scheduler [None req-96158713-9373-4c55-8c33-35ea6ba592e0 135729c6e62047fda7bef08ae606228a 723c2bd633b34a029d6d06538227425b - - default default] No more DHCP agents
2026-07-03 20:07:15.015 8 WARNING neutron.api.rpc.agentnotifiers.dhcp_rpc_agent_api [None req-96158713-9373-4c55-8c33-35ea6ba592e0 135729c6e62047fda7bef08ae606228a 723c2bd633b34a029d6d06538227425b - - default default] Unable to schedule network a6527510-d9be-4073-869b-05ca98f0faea: no agents available; will retry on subsequent port and subnet creation events.
2026-07-03 20:07:15.122 8 INFO neutron.db.ovn_revision_numbers_db [None req-96158713-9373-4c55-8c33-35ea6ba592e0 135729c6e62047fda7bef08ae606228a 723c2bd633b34a029d6d06538227425b - - default default] Successfully bumped revision number for resource 48de964b-7445-4273-83c4-d8a7f0156a4f (type: ports) to 1 [pid: 8|app: 0|req: 802/1615] 10.0.0.236 () {34 vars in 665 bytes} [Fri Jul 3 20:07:14 2026] POST /v2.0/ports => generated 775 bytes in 399 msecs (HTTP/1.1 201) 4 headers in 162 bytes (1 switches on core 0) /var/lib/openstack/lib/python3.12/site-packages/pycadf/identifier.py:70: UserWarning: Invalid uuid: neutron. To ensure interoperability, identifiers should be a valid uuid. warnings.warn(('Invalid uuid: %s. To ensure interoperability, '
2026-07-03 20:07:15.317 7 INFO neutron.db.ovn_revision_numbers_db [None req-20c6bf71-9d4e-427a-947a-ac8a4a4b3c3d - - - - - -] Successfully bumped revision number for resource f8cb76ff-846f-4aeb-b15d-d912aa9e6a61 (type: ports) to 2 [pid: 8|app: 0|req: 803/1616] 10.0.0.236 () {32 vars in 740 bytes} [Fri Jul 3 20:07:15 2026] DELETE /v2.0/security-groups/2d6caa5f-805e-4f1d-af7e-19317ca3387a => generated 0 bytes in 300 msecs (HTTP/1.1 204) 2 headers in 112 bytes (1 switches on core 0)
2026-07-03 20:07:15.510 7 INFO neutron.db.ovn_revision_numbers_db [None req-082b99a0-9249-47db-9f2a-d58cf78fe47b 19eab2d267f84a73a0c378eb25a6d77b 9619978e94e345119dc563929a2ce5a8 - - default default] Successfully bumped revision number for resource f8cb76ff-846f-4aeb-b15d-d912aa9e6a61 (type: router_ports) to 1 [pid: 7|app: 0|req: 814/1617] 10.0.0.236 () {34 vars in 783 bytes} [Fri Jul 3 20:07:12 2026] PUT /v2.0/routers/db9fd263-97ae-4660-b885-edea3f1abbd4/add_router_interface => generated 309 bytes in 2519 msecs (HTTP/1.1 200) 4 headers in 157 bytes (1 switches on core 0)
2026-07-03 20:07:15.580 8 INFO neutron.db.segments_db [None req-e2d0d862-8722-4382-b323-88f0fac8d8cc 135729c6e62047fda7bef08ae606228a 723c2bd633b34a029d6d06538227425b - - default default] Added segment df86c110-ef9a-4ec8-b87c-777b7e6a6e71 of type geneve for network 43712e3a-d1f9-4dad-a3dc-a747e7b3baf2
2026-07-03 20:07:15.704 8 INFO neutron.db.ovn_revision_numbers_db [None req-e2d0d862-8722-4382-b323-88f0fac8d8cc 135729c6e62047fda7bef08ae606228a 723c2bd633b34a029d6d06538227425b - - default default] Successfully bumped revision number for resource 43712e3a-d1f9-4dad-a3dc-a747e7b3baf2 (type: networks) to 1
2026-07-03 20:07:15.792 7 WARNING neutron.scheduler.dhcp_agent_scheduler [None req-6fc07712-1213-4f46-97bc-f35de42ac4ab 19eab2d267f84a73a0c378eb25a6d77b 9619978e94e345119dc563929a2ce5a8 - - default default] No more DHCP agents
2026-07-03 20:07:15.793 7 WARNING neutron.api.rpc.agentnotifiers.dhcp_rpc_agent_api [None req-6fc07712-1213-4f46-97bc-f35de42ac4ab 19eab2d267f84a73a0c378eb25a6d77b 9619978e94e345119dc563929a2ce5a8 - - default default] Unable to schedule network 7fe32ff5-2d72-47af-be28-0b3f186ee965: no agents available; will retry on subsequent port and subnet creation events.
2026-07-03 20:07:15.864 8 WARNING neutron.scheduler.dhcp_agent_scheduler [None req-e2d0d862-8722-4382-b323-88f0fac8d8cc 135729c6e62047fda7bef08ae606228a 723c2bd633b34a029d6d06538227425b - - default default] No more DHCP agents
2026-07-03 20:07:15.865 8 WARNING neutron.api.rpc.agentnotifiers.dhcp_rpc_agent_api [None req-e2d0d862-8722-4382-b323-88f0fac8d8cc 135729c6e62047fda7bef08ae606228a 723c2bd633b34a029d6d06538227425b - - default default] Unable to schedule network 43712e3a-d1f9-4dad-a3dc-a747e7b3baf2: no agents available; will retry on subsequent port and subnet creation events.
2026-07-03 20:07:15.948 7 INFO neutron.db.ovn_revision_numbers_db [None req-6fc07712-1213-4f46-97bc-f35de42ac4ab 19eab2d267f84a73a0c378eb25a6d77b 9619978e94e345119dc563929a2ce5a8 - - default default] Successfully bumped revision number for resource 28533a5d-3a5a-49f2-8e7a-8c462b9d0994 (type: ports) to 1 [pid: 7|app: 0|req: 815/1618] 10.0.0.236 () {34 vars in 665 bytes} [Fri Jul 3 20:07:15 2026] POST /v2.0/ports => generated 953 bytes in 458 msecs (HTTP/1.1 201) 4 headers in 162 bytes (1 switches on core 0)
2026-07-03 20:07:15.980 8 INFO neutron.db.ovn_revision_numbers_db [None req-e2d0d862-8722-4382-b323-88f0fac8d8cc 135729c6e62047fda7bef08ae606228a 723c2bd633b34a029d6d06538227425b - - default default] Successfully bumped revision number for resource 3f094109-e2c5-4223-aa54-1793dd6ab2c5 (type: ports) to 1 [pid: 8|app: 0|req: 804/1619] 10.0.0.236 () {34 vars in 670 bytes} [Fri Jul 3 20:07:15 2026] POST /v2.0/networks => generated 670 bytes in 525 msecs (HTTP/1.1 201) 4 headers in 162 bytes (1 switches on core 0) /var/lib/openstack/lib/python3.12/site-packages/pycadf/identifier.py:70: UserWarning: Invalid uuid: neutron. To ensure interoperability, identifiers should be a valid uuid. warnings.warn(('Invalid uuid: %s. To ensure interoperability, '
2026-07-03 20:07:16.146 8 INFO neutron.db.ovn_revision_numbers_db [None req-8909b34a-7814-44e4-a231-e59308b9db9c a210384add594045be6ee4bf6e145709 643eb71046b84efea8e1db297672aa59 - - default default] Successfully bumped revision number for resource 17481809-4b1b-4ba2-8923-f34ace3299ea (type: security_groups) to 1
2026-07-03 20:07:16.157 8 INFO neutron.db.ovn_revision_numbers_db [None req-8909b34a-7814-44e4-a231-e59308b9db9c a210384add594045be6ee4bf6e145709 643eb71046b84efea8e1db297672aa59 - - default default] Successfully bumped revision number for resource 3a648357-cd09-4ae6-88e4-ad9686ead21b (type: security_group_rules) to 0
2026-07-03 20:07:16.168 8 INFO neutron.db.ovn_revision_numbers_db [None req-8909b34a-7814-44e4-a231-e59308b9db9c a210384add594045be6ee4bf6e145709 643eb71046b84efea8e1db297672aa59 - - default default] Successfully bumped revision number for resource 428129bd-a137-4e14-8a00-3e72e48feafc (type: security_group_rules) to 0
2026-07-03 20:07:16.181 8 INFO neutron.db.ovn_revision_numbers_db [None req-8909b34a-7814-44e4-a231-e59308b9db9c a210384add594045be6ee4bf6e145709 643eb71046b84efea8e1db297672aa59 - - default default] Successfully bumped revision number for resource aabe6b5c-e084-41e7-b79e-fbb39ecf92d5 (type: security_group_rules) to 0
2026-07-03 20:07:16.198 8 INFO neutron.db.ovn_revision_numbers_db [None req-8909b34a-7814-44e4-a231-e59308b9db9c a210384add594045be6ee4bf6e145709 643eb71046b84efea8e1db297672aa59 - - default default] Successfully bumped revision number for resource d8773cf9-66de-48b8-860c-54c6b4eb9f95 (type: security_group_rules) to 0 [pid: 8|app: 0|req: 805/1620] 10.0.0.236 () {32 vars in 774 bytes} [Fri Jul 3 20:07:16 2026] GET /v2.0/security-groups?tenant_id=e59eaa378b2a4f9681b3a4614a13ca5e&name=default => generated 2925 bytes in 229 msecs (HTTP/1.1 200) 4 headers in 158 bytes (1 switches on core 0)
2026-07-03 20:07:16.285 7 INFO neutron.db.ovn_revision_numbers_db [None req-942faa46-9d9f-41c6-a7b4-5476fb6a1d31 a210384add594045be6ee4bf6e145709 643eb71046b84efea8e1db297672aa59 - - default default] Successfully bumped revision number for resource 0728635e-88b2-494c-9ee7-d9dd539597fe (type: security_groups) to 1
2026-07-03 20:07:16.296 7 INFO neutron.db.ovn_revision_numbers_db [None req-942faa46-9d9f-41c6-a7b4-5476fb6a1d31 a210384add594045be6ee4bf6e145709 643eb71046b84efea8e1db297672aa59 - - default default] Successfully bumped revision number for resource 251cd786-fecf-49d7-b3b1-236a0c6c471d (type: security_group_rules) to 0
2026-07-03 20:07:16.312 7 INFO neutron.db.ovn_revision_numbers_db [None req-942faa46-9d9f-41c6-a7b4-5476fb6a1d31 a210384add594045be6ee4bf6e145709 643eb71046b84efea8e1db297672aa59 - - default default] Successfully bumped revision number for resource bcaa2dc2-6f45-4662-bd9b-97b42a332ad7 (type: security_group_rules) to 0
2026-07-03 20:07:16.327 7 INFO neutron.db.ovn_revision_numbers_db [None req-942faa46-9d9f-41c6-a7b4-5476fb6a1d31 a210384add594045be6ee4bf6e145709 643eb71046b84efea8e1db297672aa59 - - default default] Successfully bumped revision number for resource edc335e0-ce5c-4915-8560-38afbfca970c (type: security_group_rules) to 0
2026-07-03 20:07:16.353 7 INFO neutron.db.ovn_revision_numbers_db [None req-942faa46-9d9f-41c6-a7b4-5476fb6a1d31 a210384add594045be6ee4bf6e145709 643eb71046b84efea8e1db297672aa59 - - default default] Successfully bumped revision number for resource f41ff5b9-2f7e-4a03-b088-670444816214 (type: security_group_rules) to 0 [pid: 7|app: 0|req: 816/1621] 10.0.0.236 () {32 vars in 774 bytes} [Fri Jul 3 20:07:15 2026] GET /v2.0/security-groups?tenant_id=e298a56adc9f46809cd06c7177c18781&name=default => generated 2925 bytes in 412 msecs (HTTP/1.1 200) 4 headers in 158 bytes (1 switches on core 0)
2026-07-03 20:07:16.531 8 WARNING neutron.scheduler.dhcp_agent_scheduler [None req-1eaf7fce-bd75-4ecc-a4ea-6665d0014bea 19eab2d267f84a73a0c378eb25a6d77b 9619978e94e345119dc563929a2ce5a8 - - default default] No more DHCP agents
2026-07-03 20:07:16.532 8 WARNING neutron.api.rpc.agentnotifiers.dhcp_rpc_agent_api [None req-1eaf7fce-bd75-4ecc-a4ea-6665d0014bea 19eab2d267f84a73a0c378eb25a6d77b 9619978e94e345119dc563929a2ce5a8 - - default default] Unable to schedule network 7fe32ff5-2d72-47af-be28-0b3f186ee965: no agents available; will retry on subsequent port and subnet creation events.
2026-07-03 20:07:16.559 7 WARNING neutron.scheduler.dhcp_agent_scheduler [None req-d35ee9cc-cc7f-41d1-ab94-9d073de4220a 135729c6e62047fda7bef08ae606228a 723c2bd633b34a029d6d06538227425b - - default default] No more DHCP agents
2026-07-03 20:07:16.561 7 WARNING neutron.api.rpc.agentnotifiers.dhcp_rpc_agent_api [None req-d35ee9cc-cc7f-41d1-ab94-9d073de4220a 135729c6e62047fda7bef08ae606228a 723c2bd633b34a029d6d06538227425b - - default default] Unable to schedule network 43712e3a-d1f9-4dad-a3dc-a747e7b3baf2: no agents available; will retry on subsequent port and subnet creation events.
2026-07-03 20:07:16.670 8 INFO neutron.db.ovn_revision_numbers_db [None req-1eaf7fce-bd75-4ecc-a4ea-6665d0014bea 19eab2d267f84a73a0c378eb25a6d77b 9619978e94e345119dc563929a2ce5a8 - - default default] Successfully bumped revision number for resource 72e68082-94f5-41e9-8faf-4012237db342 (type: ports) to 1 [pid: 8|app: 0|req: 806/1622] 10.0.0.236 () {34 vars in 665 bytes} [Fri Jul 3 20:07:16 2026] POST /v2.0/ports => generated 954 bytes in 493 msecs (HTTP/1.1 201) 4 headers in 162 bytes (1 switches on core 0) /var/lib/openstack/lib/python3.12/site-packages/pycadf/identifier.py:70: UserWarning: Invalid uuid: neutron. To ensure interoperability, identifiers should be a valid uuid. warnings.warn(('Invalid uuid: %s. To ensure interoperability, ' [pid: 8|app: 0|req: 807/1623] 10.0.0.236 () {32 vars in 740 bytes} [Fri Jul 3 20:07:16 2026] DELETE /v2.0/security-groups/17481809-4b1b-4ba2-8923-f34ace3299ea => generated 0 bytes in 221 msecs (HTTP/1.1 204) 2 headers in 112 bytes (1 switches on core 0)
2026-07-03 20:07:17.030 7 INFO neutron.db.ovn_revision_numbers_db [None req-b6e28a7f-d7a2-4c73-be7e-891ecab4db4a - - - - - -] Successfully bumped revision number for resource 3f094109-e2c5-4223-aa54-1793dd6ab2c5 (type: ports) to 2
2026-07-03 20:07:17.059 7 INFO neutron.db.ovn_revision_numbers_db [None req-b6e28a7f-d7a2-4c73-be7e-891ecab4db4a - - - - - -] Successfully bumped revision number for resource af79f546-34b6-4a06-be4d-8e06a19e55d2 (type: subnets) to 0 [pid: 7|app: 0|req: 817/1624] 10.0.0.236 () {34 vars in 669 bytes} [Fri Jul 3 20:07:16 2026] POST /v2.0/subnets => generated 626 bytes in 694 msecs (HTTP/1.1 201) 4 headers in 162 bytes (1 switches on core 0) [pid: 8|app: 0|req: 808/1625] 10.0.0.236 () {32 vars in 740 bytes} [Fri Jul 3 20:07:16 2026] DELETE /v2.0/security-groups/0728635e-88b2-494c-9ee7-d9dd539597fe => generated 0 bytes in 255 msecs (HTTP/1.1 204) 2 headers in 112 bytes (1 switches on core 0)
