2026-06-23 19:54:58.587 7 INFO neutron.db.ovn_revision_numbers_db [None req-91664af7-9ab8-46c4-87cc-daa51fd212a1 ae9e4b1004674145a02be358a67a4ff8 d40a53f5b50b4e77a37ac49783e2796e - - default default] Successfully bumped revision number for resource a1b21d24-8f08-4cc9-911f-fa8ffd9a87b0 (type: networks) to 1
2026-06-23 19:54:58.621 8 INFO neutron.db.ovn_revision_numbers_db [None req-0dc0c2cc-7354-4347-b1dd-337d0f83fe4e a0059a1265b74dc3b91caa6a6a4981c2 6d31056886ff4edb8b9a9562d1fa7deb - - default default] Successfully bumped revision number for resource ca7ccacf-b971-4c90-9736-e55945be4546 (type: security_groups) to 1
2026-06-23 19:54:58.640 8 INFO neutron.db.ovn_revision_numbers_db [None req-0dc0c2cc-7354-4347-b1dd-337d0f83fe4e a0059a1265b74dc3b91caa6a6a4981c2 6d31056886ff4edb8b9a9562d1fa7deb - - default default] Successfully bumped revision number for resource 12477f9a-14c7-4623-a0ee-10c93c7c9730 (type: security_group_rules) to 0
2026-06-23 19:54:58.651 8 INFO neutron.db.ovn_revision_numbers_db [None req-0dc0c2cc-7354-4347-b1dd-337d0f83fe4e a0059a1265b74dc3b91caa6a6a4981c2 6d31056886ff4edb8b9a9562d1fa7deb - - default default] Successfully bumped revision number for resource 7b9e4372-a0df-4ea6-a326-b9d4b708e57e (type: security_group_rules) to 0
2026-06-23 19:54:58.662 8 INFO neutron.db.ovn_revision_numbers_db [None req-0dc0c2cc-7354-4347-b1dd-337d0f83fe4e a0059a1265b74dc3b91caa6a6a4981c2 6d31056886ff4edb8b9a9562d1fa7deb - - default default] Successfully bumped revision number for resource 7fdef6ed-ef6d-4663-a8fc-c5372b5b0da9 (type: security_group_rules) to 0
2026-06-23 19:54:58.673 8 INFO neutron.db.ovn_revision_numbers_db [None req-0dc0c2cc-7354-4347-b1dd-337d0f83fe4e a0059a1265b74dc3b91caa6a6a4981c2 6d31056886ff4edb8b9a9562d1fa7deb - - default default] Successfully bumped revision number for resource 87892c45-f978-48a7-acf0-189296c82191 (type: security_group_rules) to 0 [pid: 8|app: 0|req: 920/1845] 10.0.0.24 () {32 vars in 773 bytes} [Tue Jun 23 19:54:58 2026] GET /v2.0/security-groups?tenant_id=3c78fe31f6dc400bbca5d18fc434304e&name=default => generated 2925 bytes in 241 msecs (HTTP/1.1 200) 4 headers in 158 bytes (1 switches on core 0) [pid: 8|app: 0|req: 921/1846] 10.0.0.138 () {34 vars in 1120 bytes} [Tue Jun 23 19:54:58 2026] GET /v2.0/security-groups?id=a5458259-979d-4bed-828b-7fa190a4f0db&id=e5ff0421-3b7b-4cf5-b2f3-5fbcdd445fc6&fields=id&fields=name => generated 206 bytes in 30 msecs (HTTP/1.1 200) 4 headers in 157 bytes (1 switches on core 0)
2026-06-23 19:54:58.756 7 WARNING neutron.scheduler.dhcp_agent_scheduler [None req-91664af7-9ab8-46c4-87cc-daa51fd212a1 ae9e4b1004674145a02be358a67a4ff8 d40a53f5b50b4e77a37ac49783e2796e - - default default] No more DHCP agents
2026-06-23 19:54:58.757 7 WARNING neutron.api.rpc.agentnotifiers.dhcp_rpc_agent_api [None req-91664af7-9ab8-46c4-87cc-daa51fd212a1 ae9e4b1004674145a02be358a67a4ff8 d40a53f5b50b4e77a37ac49783e2796e - - default default] Unable to schedule network a1b21d24-8f08-4cc9-911f-fa8ffd9a87b0: no agents available; will retry on subsequent port and subnet creation events.
2026-06-23 19:54:58.817 8 INFO neutron.plugins.ml2.drivers.ovn.mech_driver.mech_driver [None req-b56e6c70-d51c-42d9-9a37-3fa1d0b229c7 - - - - - -] OVN reports status down for port: bae8cde4-0ed0-4c71-8caf-56ab063b43ef
2026-06-23 19:54:58.835 7 INFO neutron.db.ovn_revision_numbers_db [None req-91664af7-9ab8-46c4-87cc-daa51fd212a1 ae9e4b1004674145a02be358a67a4ff8 d40a53f5b50b4e77a37ac49783e2796e - - default default] Successfully bumped revision number for resource bae8cde4-0ed0-4c71-8caf-56ab063b43ef (type: ports) to 1 [pid: 7|app: 0|req: 926/1847] 10.0.0.24 () {34 vars in 669 bytes} [Tue Jun 23 19:54:58 2026] POST /v2.0/networks => generated 633 bytes in 514 msecs (HTTP/1.1 201) 4 headers in 162 bytes (1 switches on core 0)
2026-06-23 19:54:59.056 7 WARNING neutron.scheduler.dhcp_agent_scheduler [None req-8b68211e-2fa5-4c67-9623-ccd10e278543 ae9e4b1004674145a02be358a67a4ff8 d40a53f5b50b4e77a37ac49783e2796e - - default default] No more DHCP agents
2026-06-23 19:54:59.057 7 WARNING neutron.api.rpc.agentnotifiers.dhcp_rpc_agent_api [None req-8b68211e-2fa5-4c67-9623-ccd10e278543 ae9e4b1004674145a02be358a67a4ff8 d40a53f5b50b4e77a37ac49783e2796e - - default default] Unable to schedule network a1b21d24-8f08-4cc9-911f-fa8ffd9a87b0: no agents available; will retry on subsequent port and subnet creation events. [pid: 8|app: 0|req: 922/1848] 10.0.0.24 () {32 vars in 739 bytes} [Tue Jun 23 19:54:58 2026] DELETE /v2.0/security-groups/ca7ccacf-b971-4c90-9736-e55945be4546 => generated 0 bytes in 323 msecs (HTTP/1.1 204) 2 headers in 112 bytes (1 switches on core 0)
2026-06-23 19:54:59.093 7 INFO neutron.db.ovn_revision_numbers_db [None req-8b68211e-2fa5-4c67-9623-ccd10e278543 ae9e4b1004674145a02be358a67a4ff8 d40a53f5b50b4e77a37ac49783e2796e - - default default] Successfully bumped revision number for resource 15e9d387-f92f-416e-bfdd-57fa25c28036 (type: subnets) to 0 [pid: 7|app: 0|req: 927/1849] 10.0.0.24 () {34 vars in 668 bytes} [Tue Jun 23 19:54:58 2026] POST /v2.0/subnets => generated 646 bytes in 255 msecs (HTTP/1.1 201) 4 headers in 162 bytes (1 switches on core 0)
2026-06-23 19:54:59.161 7 WARNING neutron.plugins.ml2.drivers.ovn.mech_driver.ovsdb.ovn_client [None req-d95d32ba-4811-419b-95c2-8c4c633a2655 - - - - - -] No port found with ID 3c206f7b-be2e-4cab-8650-de697c598dee: RuntimeError: No port found with ID 3c206f7b-be2e-4cab-8650-de697c598dee
2026-06-23 19:54:59.176 7 INFO neutron.plugins.ml2.drivers.ovn.mech_driver.mech_driver [None req-d95d32ba-4811-419b-95c2-8c4c633a2655 - - - - - -] OVN reports status down for port: 0317768f-666b-4e9a-b3c5-e4c8b548631c
2026-06-23 19:54:59.195 7 INFO neutron.plugins.ml2.drivers.ovn.mech_driver.mech_driver [None req-d95d32ba-4811-419b-95c2-8c4c633a2655 - - - - - -] OVN reports status up for port: 91334458-0290-4a32-9fc6-2075ca3ee1a2
2026-06-23 19:54:59.205 7 INFO neutron.plugins.ml2.plugin [None req-d95d32ba-4811-419b-95c2-8c4c633a2655 - - - - - -] Attempt 1 to provision port 91334458-0290-4a32-9fc6-2075ca3ee1a2
2026-06-23 19:54:59.255 7 INFO neutron.services.segments.plugin [-] Segment f3bcfc8f-98ec-47e5-b41d-2bd159cde85d resource provider aggregate not found
2026-06-23 19:54:59.262 8 INFO neutron.db.ovn_revision_numbers_db [None req-7df6f394-74bc-4db5-99cb-87fda3817130 ae9e4b1004674145a02be358a67a4ff8 d40a53f5b50b4e77a37ac49783e2796e - - default default] Successfully bumped revision number for resource d4d9af26-3ec7-4a20-8da6-4d67d84f9405 (type: routers) to 1
2026-06-23 19:54:59.277 7 INFO neutron.services.segments.plugin [-] Segment f3bcfc8f-98ec-47e5-b41d-2bd159cde85d resource provider not found; error: Placement Client Error (4xx): {"errors": [{"status": 404, "title": "Not Found", "detail": "The resource could not be found.\n\n No resource provider with uuid f3bcfc8f-98ec-47e5-b41d-2bd159cde85d found for delete ", "request_id": "req-41c15bbd-08f3-43bf-9865-877203cd3863"}]} [pid: 8|app: 0|req: 923/1850] 10.0.0.24 () {34 vars in 668 bytes} [Tue Jun 23 19:54:59 2026] POST /v2.0/routers => generated 606 bytes in 162 msecs (HTTP/1.1 201) 4 headers in 162 bytes (1 switches on core 0)
2026-06-23 19:54:59.285 7 INFO neutron.services.segments.plugin [-] Segment f3bcfc8f-98ec-47e5-b41d-2bd159cde85d resource provider aggregate not found
2026-06-23 19:54:59.307 7 INFO neutron.services.segments.plugin [-] Segment f3bcfc8f-98ec-47e5-b41d-2bd159cde85d resource provider not found; error: Placement Client Error (4xx): {"errors": [{"status": 404, "title": "Not Found", "detail": "The resource could not be found.\n\n No resource provider with uuid f3bcfc8f-98ec-47e5-b41d-2bd159cde85d found for delete ", "request_id": "req-9abef4ae-ee77-4750-a113-f40db50f3180"}]}
2026-06-23 19:54:59.311 7 INFO neutron.services.segments.plugin [-] Segment 37ed13ed-97fc-4d96-a9f7-d17809abb4ee resource provider aggregate not found
2026-06-23 19:54:59.336 7 INFO neutron.services.segments.plugin [-] Segment 37ed13ed-97fc-4d96-a9f7-d17809abb4ee resource provider aggregate not found
2026-06-23 19:54:59.346 7 INFO neutron.services.segments.plugin [-] Segment 37ed13ed-97fc-4d96-a9f7-d17809abb4ee resource provider not found; error: Placement Client Error (4xx): {"errors": [{"status": 404, "title": "Not Found", "detail": "The resource could not be found.\n\n No resource provider with uuid 37ed13ed-97fc-4d96-a9f7-d17809abb4ee found for delete ", "request_id": "req-d8f98393-1e1a-4957-bcb5-01fabfe4ee86"}]}
2026-06-23 19:54:59.358 7 INFO neutron.services.segments.plugin [-] Segment 37ed13ed-97fc-4d96-a9f7-d17809abb4ee resource provider not found; error: Placement Client Error (4xx): {"errors": [{"status": 404, "title": "Not Found", "detail": "The resource could not be found.\n\n No resource provider with uuid 37ed13ed-97fc-4d96-a9f7-d17809abb4ee found for delete ", "request_id": "req-3b01110a-6660-4806-a3f6-07c2073fccc1"}]}
2026-06-23 19:54:59.386 7 INFO neutron.notifiers.nova [-] Nova event matching ['req-67d0a6b5-2756-4adb-afdf-f58fda26451f'] response: {'server_uuid': '1cccfac8-d42c-4087-8979-513b2e6fdbb9', 'name': 'network-vif-plugged', 'status': 'completed', 'tag': '91334458-0290-4a32-9fc6-2075ca3ee1a2', 'code': 200}
2026-06-23 19:54:59.654 7 INFO neutron.db.ovn_revision_numbers_db [None req-d95d32ba-4811-419b-95c2-8c4c633a2655 - - - - - -] Successfully bumped revision number for resource 91334458-0290-4a32-9fc6-2075ca3ee1a2 (type: ports) to 5
2026-06-23 19:54:59.777 7 WARNING neutron.scheduler.dhcp_agent_scheduler [None req-105b8b04-e018-48eb-a676-28ceed5c86d6 ae9e4b1004674145a02be358a67a4ff8 d40a53f5b50b4e77a37ac49783e2796e - - default default] No more DHCP agents
2026-06-23 19:54:59.782 7 WARNING neutron.api.rpc.agentnotifiers.dhcp_rpc_agent_api [None req-105b8b04-e018-48eb-a676-28ceed5c86d6 ae9e4b1004674145a02be358a67a4ff8 d40a53f5b50b4e77a37ac49783e2796e - - default default] Unable to schedule network a1b21d24-8f08-4cc9-911f-fa8ffd9a87b0: no agents available; will retry on subsequent port and subnet creation events. [pid: 8|app: 0|req: 924/1851] 10.0.0.138 () {34 vars in 990 bytes} [Tue Jun 23 19:54:59 2026] GET /v2.0/ports?device_id=1cccfac8-d42c-4087-8979-513b2e6fdbb9 => generated 1014 bytes in 46 msecs (HTTP/1.1 200) 4 headers in 158 bytes (1 switches on core 0)
2026-06-23 19:54:59.914 8 INFO neutron.plugins.ml2.drivers.ovn.mech_driver.mech_driver [None req-b56e6c70-d51c-42d9-9a37-3fa1d0b229c7 - - - - - -] OVN reports status down for port: 877bd8d6-7aec-4224-a82b-08fadc889bc7
2026-06-23 19:54:59.930 7 INFO neutron.db.ovn_revision_numbers_db [None req-105b8b04-e018-48eb-a676-28ceed5c86d6 ae9e4b1004674145a02be358a67a4ff8 d40a53f5b50b4e77a37ac49783e2796e - - default default] Successfully bumped revision number for resource 877bd8d6-7aec-4224-a82b-08fadc889bc7 (type: ports) to 1 [pid: 7|app: 0|req: 928/1852] 10.0.0.24 () {34 vars in 664 bytes} [Tue Jun 23 19:54:59 2026] POST /v2.0/ports => generated 964 bytes in 675 msecs (HTTP/1.1 201) 4 headers in 162 bytes (1 switches on core 0) [pid: 8|app: 0|req: 925/1853] 10.0.0.138 () {34 vars in 990 bytes} [Tue Jun 23 19:54:59 2026] GET /v2.0/ports?device_id=ffd2e88c-fe76-473e-aa53-be0838d6079a => generated 971 bytes in 108 msecs (HTTP/1.1 200) 4 headers in 157 bytes (1 switches on core 0) /var/lib/openstack/lib/python3.12/site-packages/pycadf/identifier.py:70: UserWarning: Invalid uuid: neutron. To ensure interoperability, identifiers should be a valid uuid. warnings.warn(('Invalid uuid: %s. To ensure interoperability, ' [pid: 7|app: 0|req: 929/1854] 10.0.0.138 () {34 vars in 1120 bytes} [Tue Jun 23 19:54:59 2026] GET /v2.0/security-groups?id=a5458259-979d-4bed-828b-7fa190a4f0db&id=e5ff0421-3b7b-4cf5-b2f3-5fbcdd445fc6&fields=id&fields=name => generated 206 bytes in 44 msecs (HTTP/1.1 200) 4 headers in 157 bytes (1 switches on core 0) [pid: 7|app: 0|req: 930/1855] 10.0.0.138 () {34 vars in 1040 bytes} [Tue Jun 23 19:55:00 2026] GET /v2.0/security-groups?id=4c6473dc-ecfe-4d95-933e-b10459012a3e&fields=id&fields=name => generated 88 bytes in 33 msecs (HTTP/1.1 200) 4 headers in 156 bytes (1 switches on core 0)
2026-06-23 19:55:00.463 8 INFO neutron.plugins.ml2.drivers.ovn.mech_driver.mech_driver [None req-b56e6c70-d51c-42d9-9a37-3fa1d0b229c7 - - - - - -] OVN reports status up for port: 877bd8d6-7aec-4224-a82b-08fadc889bc7
2026-06-23 19:55:00.487 8 INFO neutron.plugins.ml2.plugin [None req-b56e6c70-d51c-42d9-9a37-3fa1d0b229c7 - - - - - -] Attempt 1 to provision port 877bd8d6-7aec-4224-a82b-08fadc889bc7
2026-06-23 19:55:00.525 8 INFO neutron.db.ovn_revision_numbers_db [None req-8c03fe4d-3a97-4002-afe0-35c2cb73af17 ae9e4b1004674145a02be358a67a4ff8 d40a53f5b50b4e77a37ac49783e2796e - - default default] Successfully bumped revision number for resource 877bd8d6-7aec-4224-a82b-08fadc889bc7 (type: ports) to 2
2026-06-23 19:55:00.876 7 INFO neutron.plugins.ml2.drivers.ovn.mech_driver.mech_driver [None req-534986df-b6b1-48fd-8369-8332f334ac8c - - - - - -] OVN reports status down for port: 5980acf8-f6a6-4a23-9ab0-86dec8494eec
2026-06-23 19:55:01.192 8 INFO neutron.db.ovn_revision_numbers_db [None req-b56e6c70-d51c-42d9-9a37-3fa1d0b229c7 - - - - - -] Successfully bumped revision number for resource 877bd8d6-7aec-4224-a82b-08fadc889bc7 (type: ports) to 3 [pid: 7|app: 0|req: 931/1856] 10.0.0.138 () {34 vars in 990 bytes} [Tue Jun 23 19:55:01 2026] GET /v2.0/ports?device_id=1cccfac8-d42c-4087-8979-513b2e6fdbb9 => generated 1014 bytes in 194 msecs (HTTP/1.1 200) 4 headers in 158 bytes (1 switches on core 0)
2026-06-23 19:55:01.278 7 INFO neutron.db.ovn_revision_numbers_db [None req-534986df-b6b1-48fd-8369-8332f334ac8c - - - - - -] Successfully bumped revision number for resource 5980acf8-f6a6-4a23-9ab0-86dec8494eec (type: ports) to 6 [pid: 7|app: 0|req: 932/1857] 10.0.0.138 () {34 vars in 990 bytes} [Tue Jun 23 19:55:01 2026] GET /v2.0/ports?device_id=ffd2e88c-fe76-473e-aa53-be0838d6079a => generated 969 bytes in 124 msecs (HTTP/1.1 200) 4 headers in 157 bytes (1 switches on core 0) /var/lib/openstack/lib/python3.12/site-packages/pycadf/identifier.py:70: UserWarning: Invalid uuid: neutron. To ensure interoperability, identifiers should be a valid uuid. warnings.warn(('Invalid uuid: %s. To ensure interoperability, ' [pid: 7|app: 0|req: 933/1858] 10.0.0.138 () {34 vars in 1120 bytes} [Tue Jun 23 19:55:01 2026] GET /v2.0/security-groups?id=a5458259-979d-4bed-828b-7fa190a4f0db&id=e5ff0421-3b7b-4cf5-b2f3-5fbcdd445fc6&fields=id&fields=name => generated 206 bytes in 52 msecs (HTTP/1.1 200) 4 headers in 157 bytes (1 switches on core 0) [pid: 7|app: 0|req: 934/1859] 10.0.0.138 () {34 vars in 1040 bytes} [Tue Jun 23 19:55:01 2026] GET /v2.0/security-groups?id=4c6473dc-ecfe-4d95-933e-b10459012a3e&fields=id&fields=name => generated 88 bytes in 28 msecs (HTTP/1.1 200) 4 headers in 156 bytes (1 switches on core 0)
2026-06-23 19:55:01.480 7 INFO neutron.notifiers.nova [-] Nova event matching ['req-c34fa763-7a34-4162-8c59-4712f05a433c'] response: {'server_uuid': '1cccfac8-d42c-4087-8979-513b2e6fdbb9', 'name': 'network-vif-plugged', 'status': 'completed', 'tag': '91334458-0290-4a32-9fc6-2075ca3ee1a2', 'code': 200}
2026-06-23 19:55:01.482 7 INFO neutron.notifiers.nova [-] Nova event matching ['req-c34fa763-7a34-4162-8c59-4712f05a433c'] response: {'server_uuid': 'ffd2e88c-fe76-473e-aa53-be0838d6079a', 'name': 'network-vif-unplugged', 'status': 'completed', 'tag': '5980acf8-f6a6-4a23-9ab0-86dec8494eec', 'code': 200}
2026-06-23 19:55:01.482 7 INFO neutron.notifiers.nova [-] Nova event matching ['req-c34fa763-7a34-4162-8c59-4712f05a433c'] response: {'server_uuid': 'ffd2e88c-fe76-473e-aa53-be0838d6079a', 'name': 'network-vif-unplugged', 'status': 'completed', 'tag': '5980acf8-f6a6-4a23-9ab0-86dec8494eec', 'code': 200} [pid: 7|app: 0|req: 935/1860] 10.0.0.138 () {34 vars in 990 bytes} [Tue Jun 23 19:55:01 2026] GET /v2.0/ports?device_id=1cccfac8-d42c-4087-8979-513b2e6fdbb9 => generated 1014 bytes in 40 msecs (HTTP/1.1 200) 4 headers in 158 bytes (1 switches on core 0)
2026-06-23 19:55:01.565 8 WARNING neutron.scheduler.dhcp_agent_scheduler [None req-8c03fe4d-3a97-4002-afe0-35c2cb73af17 ae9e4b1004674145a02be358a67a4ff8 d40a53f5b50b4e77a37ac49783e2796e - - default default] No more DHCP agents
2026-06-23 19:55:01.568 8 WARNING neutron.api.rpc.agentnotifiers.dhcp_rpc_agent_api [None req-8c03fe4d-3a97-4002-afe0-35c2cb73af17 ae9e4b1004674145a02be358a67a4ff8 d40a53f5b50b4e77a37ac49783e2796e - - default default] Unable to schedule network a1b21d24-8f08-4cc9-911f-fa8ffd9a87b0: no agents available; will retry on subsequent port and subnet creation events.
2026-06-23 19:55:01.818 8 INFO neutron.db.ovn_revision_numbers_db [None req-8c03fe4d-3a97-4002-afe0-35c2cb73af17 ae9e4b1004674145a02be358a67a4ff8 d40a53f5b50b4e77a37ac49783e2796e - - default default] Successfully bumped revision number for resource 877bd8d6-7aec-4224-a82b-08fadc889bc7 (type: router_ports) to 3 [pid: 8|app: 0|req: 926/1861] 10.0.0.24 () {34 vars in 782 bytes} [Tue Jun 23 19:54:59 2026] PUT /v2.0/routers/d4d9af26-3ec7-4a20-8da6-4d67d84f9405/add_router_interface => generated 309 bytes in 1858 msecs (HTTP/1.1 200) 4 headers in 157 bytes (1 switches on core 0) /var/lib/openstack/lib/python3.12/site-packages/pycadf/identifier.py:70: UserWarning: Invalid uuid: neutron. To ensure interoperability, identifiers should be a valid uuid. warnings.warn(('Invalid uuid: %s. To ensure interoperability, ' [pid: 8|app: 0|req: 927/1862] 10.0.0.24 () {32 vars in 716 bytes} [Tue Jun 23 19:55:01 2026] GET /v2.0/ports/877bd8d6-7aec-4224-a82b-08fadc889bc7 => generated 1026 bytes in 72 msecs (HTTP/1.1 200) 4 headers in 158 bytes (1 switches on core 0)
2026-06-23 19:55:02.071 7 INFO neutron.db.ovn_revision_numbers_db [None req-61fbc239-06cb-44f5-9782-078583fa23eb 48733a0316b4423f8ae8261188bdff1f cd70bd7b0533477bb008469063228794 - - default default] Successfully bumped revision number for resource 5c8af62f-b315-4302-a12d-7a129413de47 (type: floatingips) to 1
2026-06-23 19:55:02.219 7 INFO neutron.db.ovn_revision_numbers_db [None req-61fbc239-06cb-44f5-9782-078583fa23eb 48733a0316b4423f8ae8261188bdff1f cd70bd7b0533477bb008469063228794 - - default default] Successfully bumped revision number for resource 5c8af62f-b315-4302-a12d-7a129413de47 (type: floatingips) to 2
2026-06-23 19:55:02.219 7 INFO neutron.db.l3_db [None req-61fbc239-06cb-44f5-9782-078583fa23eb 48733a0316b4423f8ae8261188bdff1f cd70bd7b0533477bb008469063228794 - - default default] Floating IP 5c8af62f-b315-4302-a12d-7a129413de47 associated. External IP: 10.96.250.215, port: 91334458-0290-4a32-9fc6-2075ca3ee1a2. [pid: 7|app: 0|req: 936/1863] 10.0.0.24 () {34 vars in 748 bytes} [Tue Jun 23 19:55:01 2026] PUT /v2.0/floatingips/5c8af62f-b315-4302-a12d-7a129413de47 => generated 856 bytes in 683 msecs (HTTP/1.1 200) 4 headers in 157 bytes (1 switches on core 0)
2026-06-23 19:55:02.267 8 INFO neutron_taas.services.taas.taas_plugin [None req-449743b0-932c-4bfa-af76-c908f9646477 ae9e4b1004674145a02be358a67a4ff8 d40a53f5b50b4e77a37ac49783e2796e - - default default] TaaS: Handle Delete Port: 877bd8d6-7aec-4224-a82b-08fadc889bc7
2026-06-23 19:55:02.270 8 INFO neutron_taas.services.taas.tap_mirror_plugin [None req-449743b0-932c-4bfa-af76-c908f9646477 ae9e4b1004674145a02be358a67a4ff8 d40a53f5b50b4e77a37ac49783e2796e - - default default] Tap Mirror: Handle Delete Port: 877bd8d6-7aec-4224-a82b-08fadc889bc7 [pid: 7|app: 0|req: 937/1864] 199.19.213.74 () {34 vars in 993 bytes} [Tue Jun 23 19:55:02 2026] GET /v2.0/ports?device_id=ffd2e88c-fe76-473e-aa53-be0838d6079a => generated 969 bytes in 28 msecs (HTTP/1.1 200) 4 headers in 157 bytes (1 switches on core 0)
2026-06-23 19:55:02.470 7 INFO neutron_taas.services.taas.taas_plugin [req-a04ac7f9-25ee-47b3-ad18-2aa5c86b1af2 req-e0394bbc-c669-4077-8eee-a2f587af8567 eb48cebf65e248cf9c32d8ae25cf41a8 7704763e7b264fb6b5ec8748a9865c7e - - default default] TaaS: Handle Delete Port: 5980acf8-f6a6-4a23-9ab0-86dec8494eec
2026-06-23 19:55:02.473 7 INFO neutron_taas.services.taas.tap_mirror_plugin [req-a04ac7f9-25ee-47b3-ad18-2aa5c86b1af2 req-e0394bbc-c669-4077-8eee-a2f587af8567 eb48cebf65e248cf9c32d8ae25cf41a8 7704763e7b264fb6b5ec8748a9865c7e - - default default] Tap Mirror: Handle Delete Port: 5980acf8-f6a6-4a23-9ab0-86dec8494eec [pid: 8|app: 0|req: 928/1865] 10.0.0.24 () {34 vars in 788 bytes} [Tue Jun 23 19:55:01 2026] PUT /v2.0/routers/d4d9af26-3ec7-4a20-8da6-4d67d84f9405/remove_router_interface => generated 309 bytes in 717 msecs (HTTP/1.1 200) 4 headers in 157 bytes (1 switches on core 0) /var/lib/openstack/lib/python3.12/site-packages/pycadf/identifier.py:70: UserWarning: Invalid uuid: neutron. To ensure interoperability, identifiers should be a valid uuid. warnings.warn(('Invalid uuid: %s. To ensure interoperability, ' [pid: 8|app: 0|req: 929/1866] 10.0.0.138 () {34 vars in 990 bytes} [Tue Jun 23 19:55:02 2026] GET /v2.0/ports?device_id=ffd2e88c-fe76-473e-aa53-be0838d6079a => generated 12 bytes in 37 msecs (HTTP/1.1 200) 4 headers in 156 bytes (1 switches on core 0) [pid: 7|app: 0|req: 938/1867] 199.19.213.74 () {36 vars in 996 bytes} [Tue Jun 23 19:55:02 2026] DELETE /v2.0/ports/5980acf8-f6a6-4a23-9ab0-86dec8494eec => generated 0 bytes in 389 msecs (HTTP/1.1 204) 3 headers in 131 bytes (1 switches on core 0)
2026-06-23 19:55:02.731 8 INFO neutron.api.v2.resource [None req-93ab8e7c-658c-415c-aa58-7b56844eaf60 ae9e4b1004674145a02be358a67a4ff8 d40a53f5b50b4e77a37ac49783e2796e - - default default] remove_router_interface failed (client error): The resource could not be found. [pid: 8|app: 0|req: 930/1868] 10.0.0.24 () {34 vars in 788 bytes} [Tue Jun 23 19:55:02 2026] PUT /v2.0/routers/d4d9af26-3ec7-4a20-8da6-4d67d84f9405/remove_router_interface => generated 197 bytes in 72 msecs (HTTP/1.1 404) 4 headers in 164 bytes (1 switches on core 0) [pid: 7|app: 0|req: 939/1869] 10.0.0.24 () {32 vars in 735 bytes} [Tue Jun 23 19:55:02 2026] GET /v2.0/ports?device_id=d4d9af26-3ec7-4a20-8da6-4d67d84f9405 => generated 12 bytes in 21 msecs (HTTP/1.1 200) 4 headers in 156 bytes (1 switches on core 0) [pid: 8|app: 0|req: 931/1870] 10.0.0.24 () {32 vars in 723 bytes} [Tue Jun 23 19:55:02 2026] DELETE /v2.0/routers/d4d9af26-3ec7-4a20-8da6-4d67d84f9405 => generated 0 bytes in 205 msecs (HTTP/1.1 204) 2 headers in 112 bytes (1 switches on core 0) [pid: 7|app: 0|req: 940/1871] 10.0.0.24 () {32 vars in 723 bytes} [Tue Jun 23 19:55:02 2026] DELETE /v2.0/subnets/15e9d387-f92f-416e-bfdd-57fa25c28036 => generated 0 bytes in 175 msecs (HTTP/1.1 204) 3 headers in 131 bytes (1 switches on core 0)
2026-06-23 19:55:03.282 8 INFO neutron_taas.services.taas.taas_plugin [None req-c8a76646-ba93-40b9-b360-4ba423faef26 ae9e4b1004674145a02be358a67a4ff8 d40a53f5b50b4e77a37ac49783e2796e - - default default] TaaS: Handle Delete Port: bae8cde4-0ed0-4c71-8caf-56ab063b43ef
2026-06-23 19:55:03.284 8 INFO neutron_taas.services.taas.tap_mirror_plugin [None req-c8a76646-ba93-40b9-b360-4ba423faef26 ae9e4b1004674145a02be358a67a4ff8 d40a53f5b50b4e77a37ac49783e2796e - - default default] Tap Mirror: Handle Delete Port: bae8cde4-0ed0-4c71-8caf-56ab063b43ef
2026-06-23 19:55:03.469 8 INFO neutron.services.segments.plugin [-] Segment 1ce1deb8-b59a-4790-925b-eb54169ae059 resource provider aggregate not found
2026-06-23 19:55:03.474 8 INFO neutron.services.segments.plugin [-] Segment 1ce1deb8-b59a-4790-925b-eb54169ae059 resource provider aggregate not found
2026-06-23 19:55:03.495 8 INFO neutron.services.segments.plugin [-] Segment 1ce1deb8-b59a-4790-925b-eb54169ae059 resource provider not found; error: Placement Client Error (4xx): {"errors": [{"status": 404, "title": "Not Found", "detail": "The resource could not be found.\n\n No resource provider with uuid 1ce1deb8-b59a-4790-925b-eb54169ae059 found for delete ", "request_id": "req-772a6053-6bd6-4d45-b13e-679503199590"}]}
2026-06-23 19:55:03.496 8 INFO neutron.services.segments.plugin [-] Segment 1ce1deb8-b59a-4790-925b-eb54169ae059 resource provider not found; error: Placement Client Error (4xx): {"errors": [{"status": 404, "title": "Not Found", "detail": "The resource could not be found.\n\n No resource provider with uuid 1ce1deb8-b59a-4790-925b-eb54169ae059 found for delete ", "request_id": "req-94c6122e-10e1-41d8-b74a-ef883d580ec9"}]}
2026-06-23 19:55:03.523 7 INFO neutron.notifiers.nova [-] Nova event matching ['req-57d166e5-4ed9-4955-ab50-9c7ba7546422'] response: {'name': 'network-changed', 'server_uuid': '1cccfac8-d42c-4087-8979-513b2e6fdbb9', 'tag': '91334458-0290-4a32-9fc6-2075ca3ee1a2', 'status': 'completed', 'code': 200}
2026-06-23 19:55:03.523 7 INFO neutron.notifiers.nova [-] Nova event matching ['req-57d166e5-4ed9-4955-ab50-9c7ba7546422'] response: {'server_uuid': 'ffd2e88c-fe76-473e-aa53-be0838d6079a', 'name': 'network-vif-deleted', 'tag': '5980acf8-f6a6-4a23-9ab0-86dec8494eec', 'status': 'completed', 'code': 200} [pid: 8|app: 0|req: 932/1872] 10.0.0.24 () {32 vars in 725 bytes} [Tue Jun 23 19:55:03 2026] DELETE /v2.0/networks/a1b21d24-8f08-4cc9-911f-fa8ffd9a87b0 => generated 0 bytes in 370 msecs (HTTP/1.1 204) 3 headers in 131 bytes (1 switches on core 0)
2026-06-23 19:55:03.628 7 INFO neutron.db.segments_db [None req-a8102e0f-20e0-43f5-9342-ff78743732ad ae9e4b1004674145a02be358a67a4ff8 d40a53f5b50b4e77a37ac49783e2796e - - default default] Added segment 1cfd6b28-64da-4655-b39b-6db7719e4b1e of type geneve for network b2dcd3f4-9bcf-4db3-a2ed-3564cb4430c6
2026-06-23 19:55:03.736 7 INFO neutron.db.ovn_revision_numbers_db [None req-a8102e0f-20e0-43f5-9342-ff78743732ad ae9e4b1004674145a02be358a67a4ff8 d40a53f5b50b4e77a37ac49783e2796e - - default default] Successfully bumped revision number for resource b2dcd3f4-9bcf-4db3-a2ed-3564cb4430c6 (type: networks) to 1
2026-06-23 19:55:03.912 7 WARNING neutron.scheduler.dhcp_agent_scheduler [None req-a8102e0f-20e0-43f5-9342-ff78743732ad ae9e4b1004674145a02be358a67a4ff8 d40a53f5b50b4e77a37ac49783e2796e - - default default] No more DHCP agents
2026-06-23 19:55:03.915 7 WARNING neutron.api.rpc.agentnotifiers.dhcp_rpc_agent_api [None req-a8102e0f-20e0-43f5-9342-ff78743732ad ae9e4b1004674145a02be358a67a4ff8 d40a53f5b50b4e77a37ac49783e2796e - - default default] Unable to schedule network b2dcd3f4-9bcf-4db3-a2ed-3564cb4430c6: no agents available; will retry on subsequent port and subnet creation events.
2026-06-23 19:55:03.922 8 INFO neutron.db.ovn_revision_numbers_db [None req-d15a9391-3623-481a-b8de-10d0d392ffda 3dc14ad1a95e4dae84b3af185f53a5cc 3492674876454fd98e6fe5963b25d509 - - default default] Successfully bumped revision number for resource 35225290-90e8-4438-8e3d-4b5c1285dcce (type: security_groups) to 1
2026-06-23 19:55:03.932 8 INFO neutron.db.ovn_revision_numbers_db [None req-d15a9391-3623-481a-b8de-10d0d392ffda 3dc14ad1a95e4dae84b3af185f53a5cc 3492674876454fd98e6fe5963b25d509 - - default default] Successfully bumped revision number for resource 06efd8a3-c91b-4d61-bd77-b09ac9964961 (type: security_group_rules) to 0
2026-06-23 19:55:03.942 8 INFO neutron.db.ovn_revision_numbers_db [None req-d15a9391-3623-481a-b8de-10d0d392ffda 3dc14ad1a95e4dae84b3af185f53a5cc 3492674876454fd98e6fe5963b25d509 - - default default] Successfully bumped revision number for resource 7dc083ad-1c18-457b-a02a-1e36a27cd0a5 (type: security_group_rules) to 0
2026-06-23 19:55:03.959 8 INFO neutron.db.ovn_revision_numbers_db [None req-d15a9391-3623-481a-b8de-10d0d392ffda 3dc14ad1a95e4dae84b3af185f53a5cc 3492674876454fd98e6fe5963b25d509 - - default default] Successfully bumped revision number for resource cb021330-536e-463c-adc8-4f2c5ceb944b (type: security_group_rules) to 0
2026-06-23 19:55:03.974 8 INFO neutron.db.ovn_revision_numbers_db [None req-d15a9391-3623-481a-b8de-10d0d392ffda 3dc14ad1a95e4dae84b3af185f53a5cc 3492674876454fd98e6fe5963b25d509 - - default default] Successfully bumped revision number for resource f0ade882-1040-4d3a-a7c5-4dbf6f0d6c7d (type: security_group_rules) to 0
2026-06-23 19:55:03.997 7 INFO neutron.db.ovn_revision_numbers_db [None req-a8102e0f-20e0-43f5-9342-ff78743732ad ae9e4b1004674145a02be358a67a4ff8 d40a53f5b50b4e77a37ac49783e2796e - - default default] Successfully bumped revision number for resource 6adeeb0e-44db-4c16-a90e-af3cb6075e1a (type: ports) to 1 [pid: 7|app: 0|req: 941/1873] 10.0.0.24 () {34 vars in 669 bytes} [Tue Jun 23 19:55:03 2026] POST /v2.0/networks => generated 634 bytes in 496 msecs (HTTP/1.1 201) 4 headers in 162 bytes (1 switches on core 0)
2026-06-23 19:55:04.056 8 INFO neutron.db.segments_db [None req-d15a9391-3623-481a-b8de-10d0d392ffda 3dc14ad1a95e4dae84b3af185f53a5cc 3492674876454fd98e6fe5963b25d509 - - default default] Added segment f5950dce-78d7-4d5d-a73b-dcac15f00389 of type geneve for network cb730320-43da-4a9d-af2f-a31f1121cf69 [pid: 7|app: 0|req: 942/1874] 10.0.0.138 () {34 vars in 990 bytes} [Tue Jun 23 19:55:04 2026] GET /v2.0/ports?device_id=ffd2e88c-fe76-473e-aa53-be0838d6079a => generated 12 bytes in 22 msecs (HTTP/1.1 200) 4 headers in 156 bytes (1 switches on core 0)
2026-06-23 19:55:04.170 8 INFO neutron.db.ovn_revision_numbers_db [None req-d15a9391-3623-481a-b8de-10d0d392ffda 3dc14ad1a95e4dae84b3af185f53a5cc 3492674876454fd98e6fe5963b25d509 - - default default] Successfully bumped revision number for resource cb730320-43da-4a9d-af2f-a31f1121cf69 (type: networks) to 1
2026-06-23 19:55:04.266 7 WARNING neutron.scheduler.dhcp_agent_scheduler [None req-1aebfee1-54bf-452e-91ad-726faa145a77 ae9e4b1004674145a02be358a67a4ff8 d40a53f5b50b4e77a37ac49783e2796e - - default default] No more DHCP agents
2026-06-23 19:55:04.267 7 WARNING neutron.api.rpc.agentnotifiers.dhcp_rpc_agent_api [None req-1aebfee1-54bf-452e-91ad-726faa145a77 ae9e4b1004674145a02be358a67a4ff8 d40a53f5b50b4e77a37ac49783e2796e - - default default] Unable to schedule network b2dcd3f4-9bcf-4db3-a2ed-3564cb4430c6: no agents available; will retry on subsequent port and subnet creation events.
2026-06-23 19:55:04.299 7 INFO neutron.db.ovn_revision_numbers_db [None req-1aebfee1-54bf-452e-91ad-726faa145a77 ae9e4b1004674145a02be358a67a4ff8 d40a53f5b50b4e77a37ac49783e2796e - - default default] Successfully bumped revision number for resource 14e49ecb-f107-4eb4-b632-bfd3be2d7fda (type: subnets) to 0 [pid: 7|app: 0|req: 943/1875] 10.0.0.24 () {34 vars in 668 bytes} [Tue Jun 23 19:55:04 2026] POST /v2.0/subnets => generated 646 bytes in 263 msecs (HTTP/1.1 201) 4 headers in 162 bytes (1 switches on core 0) [pid: 7|app: 0|req: 944/1876] 199.19.213.74 () {34 vars in 1079 bytes} [Tue Jun 23 19:55:04 2026] GET /v2.0/ports?tenant_id=cd70bd7b0533477bb008469063228794&device_id=1cccfac8-d42c-4087-8979-513b2e6fdbb9 => generated 1252 bytes in 34 msecs (HTTP/1.1 200) 4 headers in 158 bytes (1 switches on core 0)
2026-06-23 19:55:04.372 8 WARNING neutron.scheduler.dhcp_agent_scheduler [None req-d15a9391-3623-481a-b8de-10d0d392ffda 3dc14ad1a95e4dae84b3af185f53a5cc 3492674876454fd98e6fe5963b25d509 - - default default] No more DHCP agents
2026-06-23 19:55:04.373 8 WARNING neutron.api.rpc.agentnotifiers.dhcp_rpc_agent_api [None req-d15a9391-3623-481a-b8de-10d0d392ffda 3dc14ad1a95e4dae84b3af185f53a5cc 3492674876454fd98e6fe5963b25d509 - - default default] Unable to schedule network cb730320-43da-4a9d-af2f-a31f1121cf69: no agents available; will retry on subsequent port and subnet creation events.
2026-06-23 19:55:04.441 7 INFO neutron.plugins.ml2.drivers.ovn.mech_driver.mech_driver [None req-6d852807-2660-4b13-9298-4bb4c81814b5 - - - - - -] OVN reports status down for port: 59804734-4030-4f9d-a69a-9bef5a6d1aee
2026-06-23 19:55:04.494 8 INFO neutron.db.ovn_revision_numbers_db [None req-d15a9391-3623-481a-b8de-10d0d392ffda 3dc14ad1a95e4dae84b3af185f53a5cc 3492674876454fd98e6fe5963b25d509 - - default default] Successfully bumped revision number for resource 59804734-4030-4f9d-a69a-9bef5a6d1aee (type: ports) to 1
2026-06-23 19:55:04.506 7 INFO neutron.db.ovn_revision_numbers_db [None req-c11e1137-ae07-4283-8e5d-922a3ca7d05c ae9e4b1004674145a02be358a67a4ff8 d40a53f5b50b4e77a37ac49783e2796e - - default default] Successfully bumped revision number for resource 6ba6ddc0-a1bb-4854-927d-d99bb959a9cb (type: routers) to 1 [pid: 8|app: 0|req: 933/1877] 10.0.0.24 () {34 vars in 669 bytes} [Tue Jun 23 19:55:03 2026] POST /v2.0/networks => generated 632 bytes in 905 msecs (HTTP/1.1 201) 4 headers in 162 bytes (1 switches on core 0) [pid: 7|app: 0|req: 945/1878] 10.0.0.24 () {34 vars in 668 bytes} [Tue Jun 23 19:55:04 2026] POST /v2.0/routers => generated 606 bytes in 176 msecs (HTTP/1.1 201) 4 headers in 162 bytes (1 switches on core 0) [pid: 8|app: 0|req: 934/1879] 199.19.213.74 () {34 vars in 985 bytes} [Tue Jun 23 19:55:04 2026] GET /v2.0/networks?id=eeafbff0-d005-4ea1-a2b1-bc21583e570d => generated 770 bytes in 54 msecs (HTTP/1.1 200) 4 headers in 157 bytes (1 switches on core 0)
2026-06-23 19:55:04.702 7 WARNING neutron.scheduler.dhcp_agent_scheduler [None req-d1f35ff4-7e66-4bf8-8d83-900b15f6a725 3dc14ad1a95e4dae84b3af185f53a5cc 3492674876454fd98e6fe5963b25d509 - - default default] No more DHCP agents
2026-06-23 19:55:04.703 7 WARNING neutron.api.rpc.agentnotifiers.dhcp_rpc_agent_api [None req-d1f35ff4-7e66-4bf8-8d83-900b15f6a725 3dc14ad1a95e4dae84b3af185f53a5cc 3492674876454fd98e6fe5963b25d509 - - default default] Unable to schedule network cb730320-43da-4a9d-af2f-a31f1121cf69: no agents available; will retry on subsequent port and subnet creation events.
2026-06-23 19:55:04.924 8 WARNING neutron.scheduler.dhcp_agent_scheduler [None req-93b5ed18-9477-410c-838a-b3319beb8e82 ae9e4b1004674145a02be358a67a4ff8 d40a53f5b50b4e77a37ac49783e2796e - - default default] No more DHCP agents
2026-06-23 19:55:04.926 8 WARNING neutron.api.rpc.agentnotifiers.dhcp_rpc_agent_api [None req-93b5ed18-9477-410c-838a-b3319beb8e82 ae9e4b1004674145a02be358a67a4ff8 d40a53f5b50b4e77a37ac49783e2796e - - default default] Unable to schedule network b2dcd3f4-9bcf-4db3-a2ed-3564cb4430c6: no agents available; will retry on subsequent port and subnet creation events.
2026-06-23 19:55:04.996 7 INFO neutron.plugins.ml2.drivers.ovn.mech_driver.mech_driver [None req-6d852807-2660-4b13-9298-4bb4c81814b5 - - - - - -] OVN reports status down for port: b82e5793-3210-4c8d-b2bc-71f9de5fdba3
2026-06-23 19:55:05.033 8 INFO neutron.db.ovn_revision_numbers_db [None req-93b5ed18-9477-410c-838a-b3319beb8e82 ae9e4b1004674145a02be358a67a4ff8 d40a53f5b50b4e77a37ac49783e2796e - - default default] Successfully bumped revision number for resource b82e5793-3210-4c8d-b2bc-71f9de5fdba3 (type: ports) to 1
2026-06-23 19:55:05.187 7 INFO neutron.db.ovn_revision_numbers_db [None req-4e429a61-97b0-40fb-bcf8-f0d51eccf4ac - - - - - -] Successfully bumped revision number for resource 59804734-4030-4f9d-a69a-9bef5a6d1aee (type: ports) to 2
2026-06-23 19:55:05.230 7 INFO neutron.db.ovn_revision_numbers_db [None req-4e429a61-97b0-40fb-bcf8-f0d51eccf4ac - - - - - -] Successfully bumped revision number for resource f42f58b2-6cc2-4881-bb1c-3d83ca20e522 (type: subnets) to 0 [pid: 7|app: 0|req: 946/1880] 10.0.0.24 () {34 vars in 668 bytes} [Tue Jun 23 19:55:04 2026] POST /v2.0/subnets => generated 626 bytes in 713 msecs (HTTP/1.1 201) 4 headers in 162 bytes (1 switches on core 0) [pid: 7|app: 0|req: 947/1881] 199.19.213.74 () {34 vars in 1059 bytes} [Tue Jun 23 19:55:05 2026] GET /v2.0/floatingips?fixed_ip_address=10.100.0.13&port_id=91334458-0290-4a32-9fc6-2075ca3ee1a2 => generated 861 bytes in 35 msecs (HTTP/1.1 200) 4 headers in 157 bytes (1 switches on core 0) [pid: 7|app: 0|req: 948/1882] 10.0.0.138 () {34 vars in 990 bytes} [Tue Jun 23 19:55:05 2026] GET /v2.0/ports?device_id=ffd2e88c-fe76-473e-aa53-be0838d6079a => generated 12 bytes in 16 msecs (HTTP/1.1 200) 4 headers in 156 bytes (1 switches on core 0)
2026-06-23 19:55:05.387 7 INFO neutron.db.segments_db [None req-03a9565c-3562-4621-a7b9-d25b0879933a 3dc14ad1a95e4dae84b3af185f53a5cc 3492674876454fd98e6fe5963b25d509 - - default default] Added segment 7480e62a-c1a6-4a0e-a7b2-1e19ff55c5d4 of type geneve for network 56a513c4-5a72-4a74-b9a7-b1e1e4eb9a18
2026-06-23 19:55:05.521 7 INFO neutron.db.ovn_revision_numbers_db [None req-03a9565c-3562-4621-a7b9-d25b0879933a 3dc14ad1a95e4dae84b3af185f53a5cc 3492674876454fd98e6fe5963b25d509 - - default default] Successfully bumped revision number for resource 56a513c4-5a72-4a74-b9a7-b1e1e4eb9a18 (type: networks) to 1
2026-06-23 19:55:05.538 7 INFO neutron.plugins.ml2.drivers.ovn.mech_driver.mech_driver [None req-6d852807-2660-4b13-9298-4bb4c81814b5 - - - - - -] OVN reports status up for port: b82e5793-3210-4c8d-b2bc-71f9de5fdba3
2026-06-23 19:55:05.563 7 INFO neutron.plugins.ml2.plugin [None req-6d852807-2660-4b13-9298-4bb4c81814b5 - - - - - -] Attempt 1 to provision port b82e5793-3210-4c8d-b2bc-71f9de5fdba3
2026-06-23 19:55:05.598 8 WARNING neutron.scheduler.dhcp_agent_scheduler [None req-93b5ed18-9477-410c-838a-b3319beb8e82 ae9e4b1004674145a02be358a67a4ff8 d40a53f5b50b4e77a37ac49783e2796e - - default default] No more DHCP agents
2026-06-23 19:55:05.599 8 WARNING neutron.api.rpc.agentnotifiers.dhcp_rpc_agent_api [None req-93b5ed18-9477-410c-838a-b3319beb8e82 ae9e4b1004674145a02be358a67a4ff8 d40a53f5b50b4e77a37ac49783e2796e - - default default] Unable to schedule network b2dcd3f4-9bcf-4db3-a2ed-3564cb4430c6: no agents available; will retry on subsequent port and subnet creation events.
2026-06-23 19:55:05.755 8 INFO neutron.db.ovn_revision_numbers_db [None req-93b5ed18-9477-410c-838a-b3319beb8e82 ae9e4b1004674145a02be358a67a4ff8 d40a53f5b50b4e77a37ac49783e2796e - - default default] Successfully bumped revision number for resource b82e5793-3210-4c8d-b2bc-71f9de5fdba3 (type: router_ports) to 1 [pid: 8|app: 0|req: 935/1883] 10.0.0.24 () {34 vars in 782 bytes} [Tue Jun 23 19:55:04 2026] PUT /v2.0/routers/6ba6ddc0-a1bb-4854-927d-d99bb959a9cb/add_router_interface => generated 309 bytes in 1191 msecs (HTTP/1.1 200) 4 headers in 157 bytes (1 switches on core 0) [pid: 8|app: 0|req: 936/1884] 199.19.213.74 () {34 vars in 983 bytes} [Tue Jun 23 19:55:05 2026] GET /v2.0/subnets?id=b450b3e0-a182-4fbf-adba-ce12734fbee1 => generated 689 bytes in 36 msecs (HTTP/1.1 200) 4 headers in 157 bytes (1 switches on core 0) [pid: 8|app: 0|req: 937/1885] 10.0.0.24 () {32 vars in 716 bytes} [Tue Jun 23 19:55:05 2026] GET /v2.0/ports/b82e5793-3210-4c8d-b2bc-71f9de5fdba3 => generated 945 bytes in 73 msecs (HTTP/1.1 200) 4 headers in 157 bytes (1 switches on core 0) [pid: 8|app: 0|req: 938/1886] 199.19.213.74 () {34 vars in 1051 bytes} [Tue Jun 23 19:55:05 2026] GET /v2.0/ports?network_id=eeafbff0-d005-4ea1-a2b1-bc21583e570d&device_owner=network%3Adhcp => generated 12 bytes in 25 msecs (HTTP/1.1 200) 4 headers in 156 bytes (1 switches on core 0)
2026-06-23 19:55:05.910 7 WARNING neutron.scheduler.dhcp_agent_scheduler [None req-03a9565c-3562-4621-a7b9-d25b0879933a 3dc14ad1a95e4dae84b3af185f53a5cc 3492674876454fd98e6fe5963b25d509 - - default default] No more DHCP agents
2026-06-23 19:55:05.913 7 WARNING neutron.api.rpc.agentnotifiers.dhcp_rpc_agent_api [None req-03a9565c-3562-4621-a7b9-d25b0879933a 3dc14ad1a95e4dae84b3af185f53a5cc 3492674876454fd98e6fe5963b25d509 - - default default] Unable to schedule network 56a513c4-5a72-4a74-b9a7-b1e1e4eb9a18: no agents available; will retry on subsequent port and subnet creation events. [pid: 8|app: 0|req: 939/1887] 10.0.0.24 () {32 vars in 716 bytes} [Tue Jun 23 19:55:05 2026] GET /v2.0/ports/b82e5793-3210-4c8d-b2bc-71f9de5fdba3 => generated 947 bytes in 29 msecs (HTTP/1.1 200) 4 headers in 157 bytes (1 switches on core 0) [pid: 8|app: 0|req: 940/1888] 199.19.213.74 () {34 vars in 1011 bytes} [Tue Jun 23 19:55:05 2026] GET /v2.0/networks/eeafbff0-d005-4ea1-a2b1-bc21583e570d?fields=segments => generated 14 bytes in 50 msecs (HTTP/1.1 200) 4 headers in 156 bytes (1 switches on core 0)
2026-06-23 19:55:06.039 7 INFO neutron.db.ovn_revision_numbers_db [None req-03a9565c-3562-4621-a7b9-d25b0879933a 3dc14ad1a95e4dae84b3af185f53a5cc 3492674876454fd98e6fe5963b25d509 - - default default] Successfully bumped revision number for resource 2052a0ee-69c8-4a46-827c-d3472bcdcdff (type: ports) to 1 [pid: 7|app: 0|req: 949/1889] 10.0.0.24 () {34 vars in 669 bytes} [Tue Jun 23 19:55:05 2026] POST /v2.0/networks => generated 631 bytes in 795 msecs (HTTP/1.1 201) 4 headers in 162 bytes (1 switches on core 0) [pid: 7|app: 0|req: 950/1890] 199.19.213.74 () {34 vars in 1111 bytes} [Tue Jun 23 19:55:06 2026] GET /v2.0/networks/eeafbff0-d005-4ea1-a2b1-bc21583e570d?fields=provider%3Aphysical_network&fields=provider%3Anetwork_type => generated 79 bytes in 142 msecs (HTTP/1.1 200) 4 headers in 156 bytes (1 switches on core 0)
2026-06-23 19:55:06.272 7 INFO neutron.db.ovn_revision_numbers_db [None req-6d852807-2660-4b13-9298-4bb4c81814b5 - - - - - -] Successfully bumped revision number for resource b82e5793-3210-4c8d-b2bc-71f9de5fdba3 (type: ports) to 2
2026-06-23 19:55:06.302 8 INFO neutron_taas.services.taas.taas_plugin [None req-b9fb241b-5b9f-4f3b-a9c1-8f5020b8fad4 ae9e4b1004674145a02be358a67a4ff8 d40a53f5b50b4e77a37ac49783e2796e - - default default] TaaS: Handle Delete Port: b82e5793-3210-4c8d-b2bc-71f9de5fdba3
2026-06-23 19:55:06.308 8 INFO neutron_taas.services.taas.tap_mirror_plugin [None req-b9fb241b-5b9f-4f3b-a9c1-8f5020b8fad4 ae9e4b1004674145a02be358a67a4ff8 d40a53f5b50b4e77a37ac49783e2796e - - default default] Tap Mirror: Handle Delete Port: b82e5793-3210-4c8d-b2bc-71f9de5fdba3
2026-06-23 19:55:06.558 7 WARNING neutron.scheduler.dhcp_agent_scheduler [None req-a3e746e7-812d-4693-a85b-1f5f02bb4403 3dc14ad1a95e4dae84b3af185f53a5cc 3492674876454fd98e6fe5963b25d509 - - default default] No more DHCP agents
2026-06-23 19:55:06.560 7 WARNING neutron.api.rpc.agentnotifiers.dhcp_rpc_agent_api [None req-a3e746e7-812d-4693-a85b-1f5f02bb4403 3dc14ad1a95e4dae84b3af185f53a5cc 3492674876454fd98e6fe5963b25d509 - - default default] Unable to schedule network 56a513c4-5a72-4a74-b9a7-b1e1e4eb9a18: no agents available; will retry on subsequent port and subnet creation events. [pid: 8|app: 0|req: 941/1891] 10.0.0.24 () {34 vars in 788 bytes} [Tue Jun 23 19:55:05 2026] PUT /v2.0/routers/6ba6ddc0-a1bb-4854-927d-d99bb959a9cb/remove_router_interface => generated 309 bytes in 650 msecs (HTTP/1.1 200) 4 headers in 157 bytes (1 switches on core 0) /var/lib/openstack/lib/python3.12/site-packages/pycadf/identifier.py:70: UserWarning: Invalid uuid: neutron. To ensure interoperability, identifiers should be a valid uuid. warnings.warn(('Invalid uuid: %s. To ensure interoperability, ' [pid: 8|app: 0|req: 942/1892] 10.0.0.24 () {32 vars in 735 bytes} [Tue Jun 23 19:55:06 2026] GET /v2.0/ports?device_id=6ba6ddc0-a1bb-4854-927d-d99bb959a9cb => generated 12 bytes in 21 msecs (HTTP/1.1 200) 4 headers in 156 bytes (1 switches on core 0) [pid: 8|app: 0|req: 943/1893] 10.0.0.24 () {32 vars in 723 bytes} [Tue Jun 23 19:55:06 2026] DELETE /v2.0/routers/6ba6ddc0-a1bb-4854-927d-d99bb959a9cb => generated 0 bytes in 174 msecs (HTTP/1.1 204) 2 headers in 112 bytes (1 switches on core 0)
2026-06-23 19:55:06.898 8 WARNING neutron.plugins.ml2.drivers.ovn.mech_driver.ovsdb.ovn_client [None req-407400de-ab13-4f4f-8ca6-fd8beeb75340 - - - - - -] No port found with ID 877bd8d6-7aec-4224-a82b-08fadc889bc7: RuntimeError: No port found with ID 877bd8d6-7aec-4224-a82b-08fadc889bc7
2026-06-23 19:55:06.952 8 INFO neutron.plugins.ml2.drivers.ovn.mech_driver.mech_driver [None req-407400de-ab13-4f4f-8ca6-fd8beeb75340 - - - - - -] OVN reports status down for port: 6adeeb0e-44db-4c16-a90e-af3cb6075e1a
2026-06-23 19:55:07.013 7 INFO neutron.db.ovn_revision_numbers_db [None req-790464a6-176d-465e-a7ce-feccf8cca9a5 - - - - - -] Successfully bumped revision number for resource 2052a0ee-69c8-4a46-827c-d3472bcdcdff (type: ports) to 2
2026-06-23 19:55:07.038 7 INFO neutron.db.ovn_revision_numbers_db [None req-790464a6-176d-465e-a7ce-feccf8cca9a5 - - - - - -] Successfully bumped revision number for resource 6565578c-2fc2-4064-8449-46ed7b150fdf (type: subnets) to 0 [pid: 7|app: 0|req: 951/1894] 10.0.0.24 () {34 vars in 668 bytes} [Tue Jun 23 19:55:06 2026] POST /v2.0/subnets => generated 629 bytes in 818 msecs (HTTP/1.1 201) 4 headers in 162 bytes (1 switches on core 0) [pid: 8|app: 0|req: 944/1895] 10.0.0.24 () {32 vars in 723 bytes} [Tue Jun 23 19:55:06 2026] DELETE /v2.0/subnets/14e49ecb-f107-4eb4-b632-bfd3be2d7fda => generated 0 bytes in 249 msecs (HTTP/1.1 204) 3 headers in 131 bytes (1 switches on core 0) /var/lib/openstack/lib/python3.12/site-packages/pycadf/identifier.py:70: UserWarning: Invalid uuid: neutron. To ensure interoperability, identifiers should be a valid uuid. warnings.warn(('Invalid uuid: %s. To ensure interoperability, '
2026-06-23 19:55:07.149 7 INFO neutron.db.segments_db [None req-2aed7a26-6b93-4262-a241-4cd15ede66e3 3dc14ad1a95e4dae84b3af185f53a5cc 3492674876454fd98e6fe5963b25d509 - - default default] Added segment 03380b7e-70a7-469c-bbd0-f8e1872245ae of type geneve for network 45e6e7a3-ee51-4922-a333-51fa6cf5004b
2026-06-23 19:55:07.228 8 INFO neutron_taas.services.taas.taas_plugin [None req-a24d6b1d-51e2-404c-bf0a-0f9da937bf20 ae9e4b1004674145a02be358a67a4ff8 d40a53f5b50b4e77a37ac49783e2796e - - default default] TaaS: Handle Delete Port: 6adeeb0e-44db-4c16-a90e-af3cb6075e1a
2026-06-23 19:55:07.235 8 INFO neutron_taas.services.taas.tap_mirror_plugin [None req-a24d6b1d-51e2-404c-bf0a-0f9da937bf20 ae9e4b1004674145a02be358a67a4ff8 d40a53f5b50b4e77a37ac49783e2796e - - default default] Tap Mirror: Handle Delete Port: 6adeeb0e-44db-4c16-a90e-af3cb6075e1a
2026-06-23 19:55:07.300 7 INFO neutron.db.ovn_revision_numbers_db [None req-2aed7a26-6b93-4262-a241-4cd15ede66e3 3dc14ad1a95e4dae84b3af185f53a5cc 3492674876454fd98e6fe5963b25d509 - - default default] Successfully bumped revision number for resource 45e6e7a3-ee51-4922-a333-51fa6cf5004b (type: networks) to 1
2026-06-23 19:55:07.445 8 INFO neutron.services.segments.plugin [-] Segment 1cfd6b28-64da-4655-b39b-6db7719e4b1e resource provider aggregate not found
2026-06-23 19:55:07.450 8 INFO neutron.services.segments.plugin [-] Segment 1cfd6b28-64da-4655-b39b-6db7719e4b1e resource provider aggregate not found
2026-06-23 19:55:07.474 8 INFO neutron.services.segments.plugin [-] Segment 1cfd6b28-64da-4655-b39b-6db7719e4b1e resource provider not found; error: Placement Client Error (4xx): {"errors": [{"status": 404, "title": "Not Found", "detail": "The resource could not be found.\n\n No resource provider with uuid 1cfd6b28-64da-4655-b39b-6db7719e4b1e found for delete ", "request_id": "req-dca0ebd2-4896-442b-b336-f54d6fbb7f8e"}]}
2026-06-23 19:55:07.487 8 INFO neutron.services.segments.plugin [-] Segment 1cfd6b28-64da-4655-b39b-6db7719e4b1e resource provider not found; error: Placement Client Error (4xx): {"errors": [{"status": 404, "title": "Not Found", "detail": "The resource could not be found.\n\n No resource provider with uuid 1cfd6b28-64da-4655-b39b-6db7719e4b1e found for delete ", "request_id": "req-798a7bed-64a4-45e3-acfc-f940925e48ef"}]} [pid: 8|app: 0|req: 945/1896] 10.0.0.24 () {32 vars in 725 bytes} [Tue Jun 23 19:55:07 2026] DELETE /v2.0/networks/b2dcd3f4-9bcf-4db3-a2ed-3564cb4430c6 => generated 0 bytes in 400 msecs (HTTP/1.1 204) 3 headers in 131 bytes (1 switches on core 0)
2026-06-23 19:55:07.522 7 WARNING neutron.scheduler.dhcp_agent_scheduler [None req-2aed7a26-6b93-4262-a241-4cd15ede66e3 3dc14ad1a95e4dae84b3af185f53a5cc 3492674876454fd98e6fe5963b25d509 - - default default] No more DHCP agents
2026-06-23 19:55:07.523 7 WARNING neutron.api.rpc.agentnotifiers.dhcp_rpc_agent_api [None req-2aed7a26-6b93-4262-a241-4cd15ede66e3 3dc14ad1a95e4dae84b3af185f53a5cc 3492674876454fd98e6fe5963b25d509 - - default default] Unable to schedule network 45e6e7a3-ee51-4922-a333-51fa6cf5004b: no agents available; will retry on subsequent port and subnet creation events.
2026-06-23 19:55:07.632 7 INFO neutron.db.ovn_revision_numbers_db [None req-2aed7a26-6b93-4262-a241-4cd15ede66e3 3dc14ad1a95e4dae84b3af185f53a5cc 3492674876454fd98e6fe5963b25d509 - - default default] Successfully bumped revision number for resource e129ddd7-eb39-4ec1-840b-b53801f1f902 (type: ports) to 1 [pid: 7|app: 0|req: 952/1897] 10.0.0.24 () {34 vars in 669 bytes} [Tue Jun 23 19:55:07 2026] POST /v2.0/networks => generated 631 bytes in 596 msecs (HTTP/1.1 201) 4 headers in 162 bytes (1 switches on core 0)
2026-06-23 19:55:07.911 7 INFO neutron_taas.services.taas.taas_plugin [None req-eef4f756-1b99-459e-9174-08c2d692f2c7 a0059a1265b74dc3b91caa6a6a4981c2 6d31056886ff4edb8b9a9562d1fa7deb - - default default] TaaS: Handle Delete Port: efcf5359-26bc-4b99-b70c-5296563eac4e
2026-06-23 19:55:07.914 7 INFO neutron_taas.services.taas.tap_mirror_plugin [None req-eef4f756-1b99-459e-9174-08c2d692f2c7 a0059a1265b74dc3b91caa6a6a4981c2 6d31056886ff4edb8b9a9562d1fa7deb - - default default] Tap Mirror: Handle Delete Port: efcf5359-26bc-4b99-b70c-5296563eac4e
2026-06-23 19:55:07.940 8 WARNING neutron.scheduler.dhcp_agent_scheduler [None req-75dcb1b3-3c04-467c-8198-6b5042c33d03 ae9e4b1004674145a02be358a67a4ff8 d40a53f5b50b4e77a37ac49783e2796e - - default default] No more DHCP agents
2026-06-23 19:55:07.942 8 WARNING neutron.api.rpc.agentnotifiers.dhcp_rpc_agent_api [None req-75dcb1b3-3c04-467c-8198-6b5042c33d03 ae9e4b1004674145a02be358a67a4ff8 d40a53f5b50b4e77a37ac49783e2796e - - default default] Unable to schedule network 899a188c-9f6d-4fb3-98e8-d96ab5d8b63b: no agents available; will retry on subsequent port and subnet creation events.
