2026-06-23 19:52:57.444 7 INFO neutron.db.ovn_revision_numbers_db [None req-3b84c62c-9f60-4996-9988-41d1e5cb3820 a0059a1265b74dc3b91caa6a6a4981c2 6d31056886ff4edb8b9a9562d1fa7deb - - default default] Successfully bumped revision number for resource 793903b3-bac1-4d2a-9fde-18154667e638 (type: security_group_rules) to 0
2026-06-23 19:52:57.454 7 INFO neutron.db.ovn_revision_numbers_db [None req-3b84c62c-9f60-4996-9988-41d1e5cb3820 a0059a1265b74dc3b91caa6a6a4981c2 6d31056886ff4edb8b9a9562d1fa7deb - - default default] Successfully bumped revision number for resource d63e6710-6b5d-408c-b03d-1eec647f2aa4 (type: security_group_rules) to 0 [pid: 7|app: 0|req: 504/986] 10.0.0.24 () {32 vars in 773 bytes} [Tue Jun 23 19:52:57 2026] GET /v2.0/security-groups?tenant_id=58e53fb4b97a400aabffb3fc4d03b032&name=default => generated 2925 bytes in 350 msecs (HTTP/1.1 200) 4 headers in 158 bytes (1 switches on core 0) [pid: 7|app: 0|req: 505/987] 199.19.213.74 () {34 vars in 1079 bytes} [Tue Jun 23 19:52:57 2026] GET /v2.0/ports?tenant_id=3f8811a070754f409602d47bdef57c8a&device_id=84655913-e256-4d9c-aa3b-a63562767f2d => generated 1209 bytes in 41 msecs (HTTP/1.1 200) 4 headers in 158 bytes (1 switches on core 0) [pid: 7|app: 0|req: 506/988] 10.0.0.24 () {32 vars in 739 bytes} [Tue Jun 23 19:52:57 2026] DELETE /v2.0/security-groups/73099901-7003-444c-8d82-3077463a4e72 => generated 0 bytes in 225 msecs (HTTP/1.1 204) 2 headers in 112 bytes (1 switches on core 0)
2026-06-23 19:52:57.790 8 INFO neutron.plugins.ml2.drivers.ovn.mech_driver.mech_driver [None req-7169355a-b189-48db-9899-62d3b3225274 - - - - - -] OVN reports status up for port: c22e2281-4706-4a24-8005-00fbf3cc876c [pid: 7|app: 0|req: 507/989] 199.19.213.74 () {34 vars in 985 bytes} [Tue Jun 23 19:52:57 2026] GET /v2.0/networks?id=a6f977b3-9b3f-4a55-95ef-fbe48800062d => generated 774 bytes in 48 msecs (HTTP/1.1 200) 4 headers in 157 bytes (1 switches on core 0)
2026-06-23 19:52:57.816 8 INFO neutron.plugins.ml2.plugin [None req-7169355a-b189-48db-9899-62d3b3225274 - - - - - -] Attempt 1 to provision port c22e2281-4706-4a24-8005-00fbf3cc876c [pid: 7|app: 0|req: 508/990] 199.19.213.74 () {34 vars in 1057 bytes} [Tue Jun 23 19:52:57 2026] GET /v2.0/floatingips?fixed_ip_address=10.100.0.8&port_id=48595aa7-a4cb-4412-9e96-a5ea31e5573f => generated 860 bytes in 41 msecs (HTTP/1.1 200) 4 headers in 157 bytes (1 switches on core 0)
2026-06-23 19:52:57.920 8 WARNING neutron.scheduler.dhcp_agent_scheduler [None req-5441b9f1-03c6-4786-a333-36fd6e1e496c a0059a1265b74dc3b91caa6a6a4981c2 6d31056886ff4edb8b9a9562d1fa7deb - - default default] No more DHCP agents
2026-06-23 19:52:57.922 8 WARNING neutron.api.rpc.agentnotifiers.dhcp_rpc_agent_api [None req-5441b9f1-03c6-4786-a333-36fd6e1e496c a0059a1265b74dc3b91caa6a6a4981c2 6d31056886ff4edb8b9a9562d1fa7deb - - default default] Unable to schedule network f0f1e477-38d2-43e5-bf90-17398b3b5604: no agents available; will retry on subsequent port and subnet creation events.
2026-06-23 19:52:58.031 7 INFO neutron.db.ovn_revision_numbers_db [None req-849e9401-1486-4796-ab98-feb00d70e6fc a0059a1265b74dc3b91caa6a6a4981c2 6d31056886ff4edb8b9a9562d1fa7deb - - default default] Successfully bumped revision number for resource 9fbb6273-138b-462f-89b8-a4a02eb91069 (type: security_groups) to 1
2026-06-23 19:52:58.042 7 INFO neutron.db.ovn_revision_numbers_db [None req-849e9401-1486-4796-ab98-feb00d70e6fc a0059a1265b74dc3b91caa6a6a4981c2 6d31056886ff4edb8b9a9562d1fa7deb - - default default] Successfully bumped revision number for resource 1ad34458-e8ad-42bc-9db3-b4bf9f8fd85b (type: security_group_rules) to 0
2026-06-23 19:52:58.053 7 INFO neutron.db.ovn_revision_numbers_db [None req-849e9401-1486-4796-ab98-feb00d70e6fc a0059a1265b74dc3b91caa6a6a4981c2 6d31056886ff4edb8b9a9562d1fa7deb - - default default] Successfully bumped revision number for resource 90813488-66d5-42fc-9687-a3446cccbf08 (type: security_group_rules) to 0
2026-06-23 19:52:58.067 7 INFO neutron.db.ovn_revision_numbers_db [None req-849e9401-1486-4796-ab98-feb00d70e6fc a0059a1265b74dc3b91caa6a6a4981c2 6d31056886ff4edb8b9a9562d1fa7deb - - default default] Successfully bumped revision number for resource f00fb2f0-bab2-4683-b2e6-0ae988f910aa (type: security_group_rules) to 0
2026-06-23 19:52:58.081 7 INFO neutron.db.ovn_revision_numbers_db [None req-849e9401-1486-4796-ab98-feb00d70e6fc a0059a1265b74dc3b91caa6a6a4981c2 6d31056886ff4edb8b9a9562d1fa7deb - - default default] Successfully bumped revision number for resource f5da471c-1760-4a66-937a-f6bc16c248fd (type: security_group_rules) to 0 [pid: 7|app: 0|req: 509/991] 10.0.0.24 () {32 vars in 773 bytes} [Tue Jun 23 19:52:57 2026] GET /v2.0/security-groups?tenant_id=3767f6a784c54971b04acb0f8814ee8e&name=default => generated 2925 bytes in 262 msecs (HTTP/1.1 200) 4 headers in 158 bytes (1 switches on core 0) /var/lib/openstack/lib/python3.12/site-packages/pycadf/identifier.py:70: UserWarning: Invalid uuid: neutron. To ensure interoperability, identifiers should be a valid uuid. warnings.warn(('Invalid uuid: %s. To ensure interoperability, ' [pid: 7|app: 0|req: 510/992] 199.19.213.74 () {34 vars in 983 bytes} [Tue Jun 23 19:52:58 2026] GET /v2.0/subnets?id=a7aa70fa-ed0f-416d-a6ff-b4117803f8ce => generated 693 bytes in 36 msecs (HTTP/1.1 200) 4 headers in 157 bytes (1 switches on core 0) [pid: 7|app: 0|req: 511/993] 10.0.0.138 () {34 vars in 990 bytes} [Tue Jun 23 19:52:58 2026] GET /v2.0/ports?device_id=16beaaa3-53e0-454b-acb5-91a539de8b49 => generated 12 bytes in 16 msecs (HTTP/1.1 200) 4 headers in 156 bytes (1 switches on core 0) [pid: 7|app: 0|req: 512/994] 10.0.0.24 () {32 vars in 739 bytes} [Tue Jun 23 19:52:58 2026] DELETE /v2.0/security-groups/9fbb6273-138b-462f-89b8-a4a02eb91069 => generated 0 bytes in 205 msecs (HTTP/1.1 204) 2 headers in 112 bytes (1 switches on core 0) [pid: 7|app: 0|req: 513/995] 199.19.213.74 () {34 vars in 1051 bytes} [Tue Jun 23 19:52:58 2026] GET /v2.0/ports?network_id=a6f977b3-9b3f-4a55-95ef-fbe48800062d&device_owner=network%3Adhcp => generated 12 bytes in 16 msecs (HTTP/1.1 200) 4 headers in 156 bytes (1 switches on core 0) [pid: 7|app: 0|req: 514/996] 199.19.213.74 () {34 vars in 1011 bytes} [Tue Jun 23 19:52:58 2026] GET /v2.0/networks/a6f977b3-9b3f-4a55-95ef-fbe48800062d?fields=segments => generated 14 bytes in 43 msecs (HTTP/1.1 200) 4 headers in 156 bytes (1 switches on core 0) [pid: 7|app: 0|req: 515/997] 199.19.213.74 () {34 vars in 1111 bytes} [Tue Jun 23 19:52:58 2026] GET /v2.0/networks/a6f977b3-9b3f-4a55-95ef-fbe48800062d?fields=provider%3Aphysical_network&fields=provider%3Anetwork_type => generated 79 bytes in 50 msecs (HTTP/1.1 200) 4 headers in 156 bytes (1 switches on core 0)
2026-06-23 19:52:58.561 8 INFO neutron.db.ovn_revision_numbers_db [None req-7169355a-b189-48db-9899-62d3b3225274 - - - - - -] Successfully bumped revision number for resource c22e2281-4706-4a24-8005-00fbf3cc876c (type: ports) to 2
2026-06-23 19:52:58.780 8 INFO neutron.db.ovn_revision_numbers_db [None req-5441b9f1-03c6-4786-a333-36fd6e1e496c a0059a1265b74dc3b91caa6a6a4981c2 6d31056886ff4edb8b9a9562d1fa7deb - - default default] Successfully bumped revision number for resource c22e2281-4706-4a24-8005-00fbf3cc876c (type: router_ports) to 1 [pid: 8|app: 0|req: 483/998] 10.0.0.24 () {34 vars in 782 bytes} [Tue Jun 23 19:52:55 2026] PUT /v2.0/routers/f6a1e5fe-4ba7-4098-b150-febfb63f97e5/add_router_interface => generated 309 bytes in 3116 msecs (HTTP/1.1 200) 4 headers in 157 bytes (1 switches on core 0)
2026-06-23 19:52:58.831 7 INFO neutron.notifiers.nova [-] Nova event matching ['req-b720b59f-9fc6-4eba-899f-edbb563b3003'] response: {'server_uuid': '16beaaa3-53e0-454b-acb5-91a539de8b49', 'name': 'network-vif-deleted', 'tag': '96b866df-79c8-409d-8b0e-fd9030b3cebd', 'status': 'completed', 'code': 200} [pid: 7|app: 0|req: 516/999] 10.0.0.138 () {34 vars in 990 bytes} [Tue Jun 23 19:52:59 2026] GET /v2.0/ports?device_id=16beaaa3-53e0-454b-acb5-91a539de8b49 => generated 12 bytes in 20 msecs (HTTP/1.1 200) 4 headers in 156 bytes (1 switches on core 0)
2026-06-23 19:52:59.553 8 INFO neutron.db.ovn_revision_numbers_db [None req-28bc8463-7a5b-432f-9984-1cc558734faf 63867d4813bf42a8ac5eb3cb11da812b a01a57443d654c70b8eb9501e7e7172e - - default default] Successfully bumped revision number for resource 8f2efcaf-f707-4423-9911-85369fa2b6a3 (type: security_groups) to 1
2026-06-23 19:52:59.564 8 INFO neutron.db.ovn_revision_numbers_db [None req-28bc8463-7a5b-432f-9984-1cc558734faf 63867d4813bf42a8ac5eb3cb11da812b a01a57443d654c70b8eb9501e7e7172e - - default default] Successfully bumped revision number for resource 1ea40a45-3c28-49b7-ac7d-dc4221b5af3d (type: security_group_rules) to 0
2026-06-23 19:52:59.574 8 INFO neutron.db.ovn_revision_numbers_db [None req-28bc8463-7a5b-432f-9984-1cc558734faf 63867d4813bf42a8ac5eb3cb11da812b a01a57443d654c70b8eb9501e7e7172e - - default default] Successfully bumped revision number for resource eed1699b-9a01-4f48-b68a-1f50b6d4f72f (type: security_group_rules) to 0 [pid: 8|app: 0|req: 484/1000] 10.0.0.24 () {34 vars in 684 bytes} [Tue Jun 23 19:52:59 2026] POST /v2.0/security-groups => generated 1661 bytes in 173 msecs (HTTP/1.1 201) 4 headers in 163 bytes (1 switches on core 0)
2026-06-23 19:52:59.725 7 INFO neutron.db.ovn_revision_numbers_db [None req-4452e77b-46ef-4f33-af37-1e72d1060ffd 63867d4813bf42a8ac5eb3cb11da812b a01a57443d654c70b8eb9501e7e7172e - - default default] Successfully bumped revision number for resource abe12f18-c6ff-4d45-aa6a-e0fd191acd28 (type: security_group_rules) to 0 [pid: 7|app: 0|req: 517/1001] 10.0.0.24 () {34 vars in 694 bytes} [Tue Jun 23 19:52:59 2026] POST /v2.0/security-group-rules => generated 597 bytes in 139 msecs (HTTP/1.1 201) 4 headers in 162 bytes (1 switches on core 0)
2026-06-23 19:52:59.897 8 INFO neutron.db.ovn_revision_numbers_db [None req-91017c21-5e15-486f-ae71-da6e95199961 63867d4813bf42a8ac5eb3cb11da812b a01a57443d654c70b8eb9501e7e7172e - - default default] Successfully bumped revision number for resource 2ac4697a-4c30-42cb-87d4-410bf58b77b5 (type: security_group_rules) to 0 [pid: 8|app: 0|req: 485/1002] 10.0.0.24 () {34 vars in 694 bytes} [Tue Jun 23 19:52:59 2026] POST /v2.0/security-group-rules => generated 602 bytes in 167 msecs (HTTP/1.1 201) 4 headers in 162 bytes (1 switches on core 0)
2026-06-23 19:53:00.177 7 WARNING neutron.scheduler.dhcp_agent_scheduler [None req-08fdc230-fe09-4f33-82b0-30c653b390c2 63867d4813bf42a8ac5eb3cb11da812b a01a57443d654c70b8eb9501e7e7172e - - default default] No more DHCP agents
2026-06-23 19:53:00.178 7 WARNING neutron.api.rpc.agentnotifiers.dhcp_rpc_agent_api [None req-08fdc230-fe09-4f33-82b0-30c653b390c2 63867d4813bf42a8ac5eb3cb11da812b a01a57443d654c70b8eb9501e7e7172e - - default default] Unable to schedule network 899a188c-9f6d-4fb3-98e8-d96ab5d8b63b: no agents available; will retry on subsequent port and subnet creation events.
2026-06-23 19:53:00.333 8 INFO neutron.db.ovn_revision_numbers_db [None req-b9bcdece-e32d-49f8-8f9d-d7ad57c7127a 7c6c29e8c72e4bb7ad6fc1eadbba894f c6f7dc54edee4d3b81cb08a9aaf6c309 - - default default] Successfully bumped revision number for resource 47d21007-b8db-4573-8270-582e08d7307c (type: security_groups) to 1
2026-06-23 19:53:00.343 8 INFO neutron.db.ovn_revision_numbers_db [None req-b9bcdece-e32d-49f8-8f9d-d7ad57c7127a 7c6c29e8c72e4bb7ad6fc1eadbba894f c6f7dc54edee4d3b81cb08a9aaf6c309 - - default default] Successfully bumped revision number for resource 36405d7d-d6ab-4ed6-87f5-686bce04d809 (type: security_group_rules) to 0
2026-06-23 19:53:00.356 8 INFO neutron.db.ovn_revision_numbers_db [None req-b9bcdece-e32d-49f8-8f9d-d7ad57c7127a 7c6c29e8c72e4bb7ad6fc1eadbba894f c6f7dc54edee4d3b81cb08a9aaf6c309 - - default default] Successfully bumped revision number for resource 9ffde7bc-f6e9-4301-b94b-33fcc26e2a96 (type: security_group_rules) to 0
2026-06-23 19:53:00.368 8 INFO neutron.db.ovn_revision_numbers_db [None req-b9bcdece-e32d-49f8-8f9d-d7ad57c7127a 7c6c29e8c72e4bb7ad6fc1eadbba894f c6f7dc54edee4d3b81cb08a9aaf6c309 - - default default] Successfully bumped revision number for resource f2e2cd22-4091-4273-b47f-dc505136f630 (type: security_group_rules) to 0
2026-06-23 19:53:00.380 8 INFO neutron.db.ovn_revision_numbers_db [None req-b9bcdece-e32d-49f8-8f9d-d7ad57c7127a 7c6c29e8c72e4bb7ad6fc1eadbba894f c6f7dc54edee4d3b81cb08a9aaf6c309 - - default default] Successfully bumped revision number for resource fd947a32-16f8-4f27-ba2a-ea8b651f84d1 (type: security_group_rules) to 0
2026-06-23 19:53:00.479 8 INFO neutron.db.segments_db [None req-b9bcdece-e32d-49f8-8f9d-d7ad57c7127a 7c6c29e8c72e4bb7ad6fc1eadbba894f c6f7dc54edee4d3b81cb08a9aaf6c309 - - default default] Added segment b9492d12-4343-4b8f-b46a-3f272fd3805c of type geneve for network 3df3608d-82e2-40e7-b6df-99a03c239efe [pid: 7|app: 0|req: 518/1003] 10.0.0.24 () {34 vars in 675 bytes} [Tue Jun 23 19:52:59 2026] POST /v2.0/floatingips => generated 552 bytes in 570 msecs (HTTP/1.1 201) 4 headers in 162 bytes (1 switches on core 0)
2026-06-23 19:53:00.570 8 INFO neutron.db.segments_db [None req-b9bcdece-e32d-49f8-8f9d-d7ad57c7127a 7c6c29e8c72e4bb7ad6fc1eadbba894f c6f7dc54edee4d3b81cb08a9aaf6c309 - - default default] Added segment 66718960-4e8b-4afc-970d-bdae5e798f8d of type geneve for network 18aa1e43-1f8d-4249-9665-97fe9f63a983 [pid: 7|app: 0|req: 519/1004] 10.0.0.24 () {32 vars in 739 bytes} [Tue Jun 23 19:53:00 2026] DELETE /v2.0/security-groups/8042804c-eec9-46cb-a298-5fe8041b9764 => generated 0 bytes in 120 msecs (HTTP/1.1 204) 2 headers in 112 bytes (1 switches on core 0)
2026-06-23 19:53:00.635 7 INFO neutron.api.v2.resource [None req-2028e3bd-4693-466b-ba99-dc9ce4136a5a 460a026ebc804f249b7c375cdf3504d9 83216fbdfc104d0b850ba756fea2b484 - - default default] show failed (client error): The resource could not be found. [pid: 7|app: 0|req: 520/1005] 10.0.0.24 () {32 vars in 736 bytes} [Tue Jun 23 19:53:00 2026] GET /v2.0/security-groups/8042804c-eec9-46cb-a298-5fe8041b9764 => generated 146 bytes in 9 msecs (HTTP/1.1 404) 4 headers in 164 bytes (1 switches on core 0)
2026-06-23 19:53:00.710 8 INFO neutron.db.ovn_revision_numbers_db [None req-b9bcdece-e32d-49f8-8f9d-d7ad57c7127a 7c6c29e8c72e4bb7ad6fc1eadbba894f c6f7dc54edee4d3b81cb08a9aaf6c309 - - default default] Successfully bumped revision number for resource 3df3608d-82e2-40e7-b6df-99a03c239efe (type: networks) to 1
2026-06-23 19:53:00.754 7 INFO neutron_taas.services.taas.taas_plugin [None req-8e0d5903-3b43-4a4e-aa47-686f80937309 460a026ebc804f249b7c375cdf3504d9 83216fbdfc104d0b850ba756fea2b484 - - default default] TaaS: Handle Delete Port: 2d13095c-7ef1-4b7d-8304-08bbb6fb587c
2026-06-23 19:53:00.758 7 INFO neutron_taas.services.taas.tap_mirror_plugin [None req-8e0d5903-3b43-4a4e-aa47-686f80937309 460a026ebc804f249b7c375cdf3504d9 83216fbdfc104d0b850ba756fea2b484 - - default default] Tap Mirror: Handle Delete Port: 2d13095c-7ef1-4b7d-8304-08bbb6fb587c [pid: 7|app: 0|req: 521/1006] 10.0.0.24 () {32 vars in 731 bytes} [Tue Jun 23 19:53:00 2026] DELETE /v2.0/floatingips/0dabbecf-8f20-4572-b0f2-5a44f605035a => generated 0 bytes in 258 msecs (HTTP/1.1 204) 2 headers in 112 bytes (1 switches on core 0) [pid: 7|app: 0|req: 522/1007] 10.0.0.138 () {34 vars in 1100 bytes} [Tue Jun 23 19:53:00 2026] GET /v2.0/security-groups?name=tempest-securitygroup--1331744102&fields=id&tenant_id=a01a57443d654c70b8eb9501e7e7172e => generated 69 bytes in 26 msecs (HTTP/1.1 200) 4 headers in 156 bytes (1 switches on core 0) [pid: 7|app: 0|req: 523/1008] 10.0.0.138 () {34 vars in 982 bytes} [Tue Jun 23 19:53:00 2026] GET /v2.0/networks?id=f0f1e477-38d2-43e5-bf90-17398b3b5604 => generated 675 bytes in 37 msecs (HTTP/1.1 200) 4 headers in 157 bytes (1 switches on core 0)
2026-06-23 19:53:01.217 7 INFO neutron_taas.services.taas.taas_plugin [None req-c5ada83f-45e2-453b-bbc6-37b7d48dd596 a0059a1265b74dc3b91caa6a6a4981c2 6d31056886ff4edb8b9a9562d1fa7deb - - default default] TaaS: Handle Delete Port: 40f62531-3fb3-40af-b4b9-ff676ceed3c6
2026-06-23 19:53:01.219 7 INFO neutron_taas.services.taas.tap_mirror_plugin [None req-c5ada83f-45e2-453b-bbc6-37b7d48dd596 a0059a1265b74dc3b91caa6a6a4981c2 6d31056886ff4edb8b9a9562d1fa7deb - - default default] Tap Mirror: Handle Delete Port: 40f62531-3fb3-40af-b4b9-ff676ceed3c6
2026-06-23 19:53:01.582 8 WARNING neutron.scheduler.dhcp_agent_scheduler [None req-b9bcdece-e32d-49f8-8f9d-d7ad57c7127a 7c6c29e8c72e4bb7ad6fc1eadbba894f c6f7dc54edee4d3b81cb08a9aaf6c309 - - default default] No more DHCP agents
2026-06-23 19:53:01.583 8 WARNING neutron.api.rpc.agentnotifiers.dhcp_rpc_agent_api [None req-b9bcdece-e32d-49f8-8f9d-d7ad57c7127a 7c6c29e8c72e4bb7ad6fc1eadbba894f c6f7dc54edee4d3b81cb08a9aaf6c309 - - default default] Unable to schedule network 3df3608d-82e2-40e7-b6df-99a03c239efe: no agents available; will retry on subsequent port and subnet creation events.
2026-06-23 19:53:01.656 8 INFO neutron.db.ovn_revision_numbers_db [None req-b9bcdece-e32d-49f8-8f9d-d7ad57c7127a 7c6c29e8c72e4bb7ad6fc1eadbba894f c6f7dc54edee4d3b81cb08a9aaf6c309 - - default default] Successfully bumped revision number for resource 64a82619-94b7-4be9-b64c-7d5b5e15bbbd (type: ports) to 1
2026-06-23 19:53:01.733 8 INFO neutron.db.ovn_revision_numbers_db [None req-b9bcdece-e32d-49f8-8f9d-d7ad57c7127a 7c6c29e8c72e4bb7ad6fc1eadbba894f c6f7dc54edee4d3b81cb08a9aaf6c309 - - default default] Successfully bumped revision number for resource 18aa1e43-1f8d-4249-9665-97fe9f63a983 (type: networks) to 1 [pid: 7|app: 0|req: 524/1009] 10.0.0.24 () {34 vars in 788 bytes} [Tue Jun 23 19:53:01 2026] PUT /v2.0/routers/e3e70ade-b42d-4fa1-93e2-454948481800/remove_router_interface => generated 309 bytes in 761 msecs (HTTP/1.1 200) 4 headers in 157 bytes (1 switches on core 0) /var/lib/openstack/lib/python3.12/site-packages/pycadf/identifier.py:70: UserWarning: Invalid uuid: neutron. To ensure interoperability, identifiers should be a valid uuid. warnings.warn(('Invalid uuid: %s. To ensure interoperability, ' [pid: 7|app: 0|req: 525/1010] 10.0.0.138 () {34 vars in 965 bytes} [Tue Jun 23 19:53:01 2026] GET /v2.0/quotas/a01a57443d654c70b8eb9501e7e7172e => generated 292 bytes in 15 msecs (HTTP/1.1 200) 4 headers in 157 bytes (1 switches on core 0)
2026-06-23 19:53:01.884 8 WARNING neutron.scheduler.dhcp_agent_scheduler [None req-b9bcdece-e32d-49f8-8f9d-d7ad57c7127a 7c6c29e8c72e4bb7ad6fc1eadbba894f c6f7dc54edee4d3b81cb08a9aaf6c309 - - default default] No more DHCP agents
2026-06-23 19:53:01.886 8 WARNING neutron.api.rpc.agentnotifiers.dhcp_rpc_agent_api [None req-b9bcdece-e32d-49f8-8f9d-d7ad57c7127a 7c6c29e8c72e4bb7ad6fc1eadbba894f c6f7dc54edee4d3b81cb08a9aaf6c309 - - default default] Unable to schedule network 18aa1e43-1f8d-4249-9665-97fe9f63a983: no agents available; will retry on subsequent port and subnet creation events.
2026-06-23 19:53:01.952 8 INFO neutron.db.ovn_revision_numbers_db [None req-b9bcdece-e32d-49f8-8f9d-d7ad57c7127a 7c6c29e8c72e4bb7ad6fc1eadbba894f c6f7dc54edee4d3b81cb08a9aaf6c309 - - default default] Successfully bumped revision number for resource 8ebe1870-bda8-4ddd-993e-7331550053d9 (type: ports) to 1 [pid: 8|app: 0|req: 486/1011] 10.0.0.24 () {34 vars in 669 bytes} [Tue Jun 23 19:53:00 2026] POST /v2.0/networks => generated 1246 bytes in 1962 msecs (HTTP/1.1 201) 4 headers in 163 bytes (1 switches on core 0) [pid: 8|app: 0|req: 487/1012] 10.0.0.138 () {34 vars in 1002 bytes} [Tue Jun 23 19:53:01 2026] GET /v2.0/ports?tenant_id=a01a57443d654c70b8eb9501e7e7172e&fields=id => generated 103 bytes in 68 msecs (HTTP/1.1 200) 4 headers in 157 bytes (1 switches on core 0)
2026-06-23 19:53:02.093 7 INFO neutron_taas.services.taas.taas_plugin [None req-dd0fea64-4afd-4aca-a818-f282ac3e243c a0059a1265b74dc3b91caa6a6a4981c2 6d31056886ff4edb8b9a9562d1fa7deb - - default default] TaaS: Handle Delete Port: ffcec81a-3d24-4a56-a3ce-60d5eb20a067
2026-06-23 19:53:02.099 7 INFO neutron_taas.services.taas.tap_mirror_plugin [None req-dd0fea64-4afd-4aca-a818-f282ac3e243c a0059a1265b74dc3b91caa6a6a4981c2 6d31056886ff4edb8b9a9562d1fa7deb - - default default] Tap Mirror: Handle Delete Port: ffcec81a-3d24-4a56-a3ce-60d5eb20a067 [pid: 8|app: 0|req: 488/1013] 10.0.0.24 () {32 vars in 648 bytes} [Tue Jun 23 19:53:02 2026] GET /v2.0/networks => generated 1857 bytes in 56 msecs (HTTP/1.1 200) 4 headers in 158 bytes (1 switches on core 0) [pid: 8|app: 0|req: 489/1014] 10.0.0.138 () {34 vars in 1008 bytes} [Tue Jun 23 19:53:02 2026] GET /v2.0/networks/f0f1e477-38d2-43e5-bf90-17398b3b5604?fields=segments => generated 14 bytes in 40 msecs (HTTP/1.1 200) 4 headers in 156 bytes (1 switches on core 0)
2026-06-23 19:53:02.273 8 INFO neutron_taas.services.taas.taas_plugin [None req-05ac540a-d1ab-4c9b-b0e9-a0cdff0f9247 7c6c29e8c72e4bb7ad6fc1eadbba894f c6f7dc54edee4d3b81cb08a9aaf6c309 - - default default] TaaS: Handle Delete Port: 64a82619-94b7-4be9-b64c-7d5b5e15bbbd
2026-06-23 19:53:02.281 8 INFO neutron_taas.services.taas.tap_mirror_plugin [None req-05ac540a-d1ab-4c9b-b0e9-a0cdff0f9247 7c6c29e8c72e4bb7ad6fc1eadbba894f c6f7dc54edee4d3b81cb08a9aaf6c309 - - default default] Tap Mirror: Handle Delete Port: 64a82619-94b7-4be9-b64c-7d5b5e15bbbd [pid: 7|app: 0|req: 526/1015] 10.0.0.24 () {32 vars in 723 bytes} [Tue Jun 23 19:53:01 2026] DELETE /v2.0/routers/e3e70ade-b42d-4fa1-93e2-454948481800 => generated 0 bytes in 699 msecs (HTTP/1.1 204) 2 headers in 112 bytes (1 switches on core 0) [pid: 7|app: 0|req: 527/1016] 10.0.0.138 () {34 vars in 1108 bytes} [Tue Jun 23 19:53:02 2026] GET /v2.0/networks/f0f1e477-38d2-43e5-bf90-17398b3b5604?fields=provider%3Aphysical_network&fields=provider%3Anetwork_type => generated 79 bytes in 40 msecs (HTTP/1.1 200) 4 headers in 156 bytes (1 switches on core 0) [pid: 8|app: 0|req: 490/1017] 10.0.0.24 () {32 vars in 725 bytes} [Tue Jun 23 19:53:02 2026] DELETE /v2.0/networks/3df3608d-82e2-40e7-b6df-99a03c239efe => generated 0 bytes in 384 msecs (HTTP/1.1 204) 3 headers in 131 bytes (1 switches on core 0)
2026-06-23 19:53:02.680 8 INFO neutron_taas.services.taas.taas_plugin [None req-90892c94-89e4-4f62-9b09-c30908ce3025 7c6c29e8c72e4bb7ad6fc1eadbba894f c6f7dc54edee4d3b81cb08a9aaf6c309 - - default default] TaaS: Handle Delete Port: 8ebe1870-bda8-4ddd-993e-7331550053d9
2026-06-23 19:53:02.683 8 INFO neutron_taas.services.taas.tap_mirror_plugin [None req-90892c94-89e4-4f62-9b09-c30908ce3025 7c6c29e8c72e4bb7ad6fc1eadbba894f c6f7dc54edee4d3b81cb08a9aaf6c309 - - default default] Tap Mirror: Handle Delete Port: 8ebe1870-bda8-4ddd-993e-7331550053d9 [pid: 7|app: 0|req: 528/1018] 10.0.0.24 () {32 vars in 723 bytes} [Tue Jun 23 19:53:02 2026] DELETE /v2.0/subnets/25ee7b70-6fcc-4856-bef0-435b4a54793e => generated 0 bytes in 198 msecs (HTTP/1.1 204) 3 headers in 131 bytes (1 switches on core 0) [pid: 7|app: 0|req: 529/1019] 10.0.0.138 () {34 vars in 990 bytes} [Tue Jun 23 19:53:02 2026] GET /v2.0/ports?device_id=99450efe-a565-4808-9933-e3fb5d71364a => generated 12 bytes in 19 msecs (HTTP/1.1 200) 4 headers in 156 bytes (1 switches on core 0) [pid: 8|app: 0|req: 491/1020] 10.0.0.24 () {32 vars in 725 bytes} [Tue Jun 23 19:53:02 2026] DELETE /v2.0/networks/18aa1e43-1f8d-4249-9665-97fe9f63a983 => generated 0 bytes in 347 msecs (HTTP/1.1 204) 3 headers in 131 bytes (1 switches on core 0)
2026-06-23 19:53:02.880 7 INFO neutron_taas.services.taas.taas_plugin [None req-32f235a1-f6b9-46e0-8433-25663dca46f9 a0059a1265b74dc3b91caa6a6a4981c2 6d31056886ff4edb8b9a9562d1fa7deb - - default default] TaaS: Handle Delete Port: f59db791-485e-432a-bed7-205378ba972d
2026-06-23 19:53:02.883 7 INFO neutron_taas.services.taas.tap_mirror_plugin [None req-32f235a1-f6b9-46e0-8433-25663dca46f9 a0059a1265b74dc3b91caa6a6a4981c2 6d31056886ff4edb8b9a9562d1fa7deb - - default default] Tap Mirror: Handle Delete Port: f59db791-485e-432a-bed7-205378ba972d
2026-06-23 19:53:02.898 8 INFO neutron.services.segments.plugin [-] Segment b9492d12-4343-4b8f-b46a-3f272fd3805c resource provider aggregate not found
2026-06-23 19:53:02.911 8 INFO neutron.services.segments.plugin [-] Segment b9492d12-4343-4b8f-b46a-3f272fd3805c resource provider not found; error: Placement Client Error (4xx): {"errors": [{"status": 404, "title": "Not Found", "detail": "The resource could not be found.\n\n No resource provider with uuid b9492d12-4343-4b8f-b46a-3f272fd3805c found for delete ", "request_id": "req-486261d5-e184-4895-ae6e-6e3639e12a50"}]}
2026-06-23 19:53:02.915 8 INFO neutron.services.segments.plugin [-] Segment b9492d12-4343-4b8f-b46a-3f272fd3805c resource provider aggregate not found
2026-06-23 19:53:02.936 8 INFO neutron.services.segments.plugin [-] Segment b9492d12-4343-4b8f-b46a-3f272fd3805c resource provider not found; error: Placement Client Error (4xx): {"errors": [{"status": 404, "title": "Not Found", "detail": "The resource could not be found.\n\n No resource provider with uuid b9492d12-4343-4b8f-b46a-3f272fd3805c found for delete ", "request_id": "req-f71558aa-89d7-4631-b325-66424be1e35f"}]} [pid: 8|app: 0|req: 492/1021] 10.0.0.24 () {32 vars in 648 bytes} [Tue Jun 23 19:53:02 2026] GET /v2.0/networks => generated 651 bytes in 64 msecs (HTTP/1.1 200) 4 headers in 157 bytes (1 switches on core 0)
2026-06-23 19:53:03.042 8 INFO neutron.db.segments_db [None req-f8de2bde-4d4c-4738-94a5-f0cc568a00ec 7c6c29e8c72e4bb7ad6fc1eadbba894f c6f7dc54edee4d3b81cb08a9aaf6c309 - - default default] Added segment c06a06e4-692e-4c93-be3a-0d5c5468c142 of type geneve for network fa2812af-c75d-4469-afcb-937c1d1884ce
2026-06-23 19:53:03.054 7 INFO neutron.services.segments.plugin [-] Segment b2788678-4902-4bbb-9028-cd8eaf6ecc1a resource provider aggregate not found
2026-06-23 19:53:03.061 7 INFO neutron.services.segments.plugin [-] Segment b2788678-4902-4bbb-9028-cd8eaf6ecc1a resource provider aggregate not found
2026-06-23 19:53:03.072 7 INFO neutron.services.segments.plugin [-] Segment b2788678-4902-4bbb-9028-cd8eaf6ecc1a resource provider not found; error: Placement Client Error (4xx): {"errors": [{"status": 404, "title": "Not Found", "detail": "The resource could not be found.\n\n No resource provider with uuid b2788678-4902-4bbb-9028-cd8eaf6ecc1a found for delete ", "request_id": "req-b1f6b848-4f66-4da0-801b-11f0aefc803b"}]}
2026-06-23 19:53:03.080 7 INFO neutron.services.segments.plugin [-] Segment b2788678-4902-4bbb-9028-cd8eaf6ecc1a resource provider not found; error: Placement Client Error (4xx): {"errors": [{"status": 404, "title": "Not Found", "detail": "The resource could not be found.\n\n No resource provider with uuid b2788678-4902-4bbb-9028-cd8eaf6ecc1a found for delete ", "request_id": "req-24202883-5752-46de-be18-3b22c2daf6d8"}]} [pid: 7|app: 0|req: 530/1022] 10.0.0.24 () {32 vars in 725 bytes} [Tue Jun 23 19:53:02 2026] DELETE /v2.0/networks/903d622d-17e4-42ee-a959-e323c7f3e5e9 => generated 0 bytes in 370 msecs (HTTP/1.1 204) 3 headers in 131 bytes (1 switches on core 0)
2026-06-23 19:53:03.163 8 INFO neutron.db.ovn_revision_numbers_db [None req-f8de2bde-4d4c-4738-94a5-f0cc568a00ec 7c6c29e8c72e4bb7ad6fc1eadbba894f c6f7dc54edee4d3b81cb08a9aaf6c309 - - default default] Successfully bumped revision number for resource fa2812af-c75d-4469-afcb-937c1d1884ce (type: networks) to 1
2026-06-23 19:53:03.294 8 WARNING neutron.scheduler.dhcp_agent_scheduler [None req-f8de2bde-4d4c-4738-94a5-f0cc568a00ec 7c6c29e8c72e4bb7ad6fc1eadbba894f c6f7dc54edee4d3b81cb08a9aaf6c309 - - default default] No more DHCP agents
2026-06-23 19:53:03.295 8 WARNING neutron.api.rpc.agentnotifiers.dhcp_rpc_agent_api [None req-f8de2bde-4d4c-4738-94a5-f0cc568a00ec 7c6c29e8c72e4bb7ad6fc1eadbba894f c6f7dc54edee4d3b81cb08a9aaf6c309 - - default default] Unable to schedule network fa2812af-c75d-4469-afcb-937c1d1884ce: no agents available; will retry on subsequent port and subnet creation events. [pid: 7|app: 0|req: 531/1023] 10.0.0.24 () {32 vars in 773 bytes} [Tue Jun 23 19:53:03 2026] GET /v2.0/security-groups?tenant_id=83216fbdfc104d0b850ba756fea2b484&name=default => generated 2921 bytes in 32 msecs (HTTP/1.1 200) 4 headers in 158 bytes (1 switches on core 0)
2026-06-23 19:53:03.362 8 INFO neutron.db.ovn_revision_numbers_db [None req-f8de2bde-4d4c-4738-94a5-f0cc568a00ec 7c6c29e8c72e4bb7ad6fc1eadbba894f c6f7dc54edee4d3b81cb08a9aaf6c309 - - default default] Successfully bumped revision number for resource 0520ebe4-ced2-41dc-809e-7a22047d1c52 (type: ports) to 1 [pid: 8|app: 0|req: 493/1024] 10.0.0.24 () {34 vars in 669 bytes} [Tue Jun 23 19:53:02 2026] POST /v2.0/networks => generated 654 bytes in 433 msecs (HTTP/1.1 201) 4 headers in 162 bytes (1 switches on core 0)
2026-06-23 19:53:03.458 8 INFO neutron.db.segments_db [None req-f25b455c-4bdb-421c-a2b9-8182d6b38b8c 7c6c29e8c72e4bb7ad6fc1eadbba894f c6f7dc54edee4d3b81cb08a9aaf6c309 - - default default] Added segment 38d2af16-7872-46e7-a019-bb49d056c47b of type geneve for network 7f47a068-b4f1-43fb-8ece-8ff386f50c09 [pid: 7|app: 0|req: 532/1025] 10.0.0.24 () {32 vars in 739 bytes} [Tue Jun 23 19:53:03 2026] DELETE /v2.0/security-groups/17b82619-fb8d-4828-a33b-e0e336ba6088 => generated 0 bytes in 216 msecs (HTTP/1.1 204) 2 headers in 112 bytes (1 switches on core 0)
2026-06-23 19:53:03.562 8 INFO neutron.db.ovn_revision_numbers_db [None req-f25b455c-4bdb-421c-a2b9-8182d6b38b8c 7c6c29e8c72e4bb7ad6fc1eadbba894f c6f7dc54edee4d3b81cb08a9aaf6c309 - - default default] Successfully bumped revision number for resource 7f47a068-b4f1-43fb-8ece-8ff386f50c09 (type: networks) to 1
2026-06-23 19:53:03.649 8 WARNING neutron.plugins.ml2.drivers.ovn.mech_driver.ovsdb.ovn_client [None req-57170880-886b-4376-84ad-5efd46ffe997 - - - - - -] No hosting information found for port c22e2281-4706-4a24-8005-00fbf3cc876c: RuntimeError: No hosting information found for port c22e2281-4706-4a24-8005-00fbf3cc876c
2026-06-23 19:53:03.798 8 INFO neutron.db.ovn_revision_numbers_db [None req-57170880-886b-4376-84ad-5efd46ffe997 - - - - - -] Successfully bumped revision number for resource c22e2281-4706-4a24-8005-00fbf3cc876c (type: router_ports) to 2
2026-06-23 19:53:03.798 8 INFO neutron.plugins.ml2.drivers.ovn.mech_driver.mech_driver [None req-57170880-886b-4376-84ad-5efd46ffe997 - - - - - -] OVN reports status down for port: 64a82619-94b7-4be9-b64c-7d5b5e15bbbd
2026-06-23 19:53:03.813 8 INFO neutron.plugins.ml2.drivers.ovn.mech_driver.mech_driver [None req-57170880-886b-4376-84ad-5efd46ffe997 - - - - - -] OVN reports status down for port: 8ebe1870-bda8-4ddd-993e-7331550053d9 [pid: 7|app: 0|req: 533/1026] 10.0.0.138 () {34 vars in 990 bytes} [Tue Jun 23 19:53:03 2026] GET /v2.0/ports?device_id=99450efe-a565-4808-9933-e3fb5d71364a => generated 12 bytes in 23 msecs (HTTP/1.1 200) 4 headers in 156 bytes (1 switches on core 0)
2026-06-23 19:53:03.823 8 INFO neutron.plugins.ml2.drivers.ovn.mech_driver.mech_driver [None req-57170880-886b-4376-84ad-5efd46ffe997 - - - - - -] OVN reports status down for port: 0520ebe4-ced2-41dc-809e-7a22047d1c52
2026-06-23 19:53:03.827 8 WARNING neutron.scheduler.dhcp_agent_scheduler [None req-f25b455c-4bdb-421c-a2b9-8182d6b38b8c 7c6c29e8c72e4bb7ad6fc1eadbba894f c6f7dc54edee4d3b81cb08a9aaf6c309 - - default default] No more DHCP agents
2026-06-23 19:53:03.832 8 WARNING neutron.api.rpc.agentnotifiers.dhcp_rpc_agent_api [None req-f25b455c-4bdb-421c-a2b9-8182d6b38b8c 7c6c29e8c72e4bb7ad6fc1eadbba894f c6f7dc54edee4d3b81cb08a9aaf6c309 - - default default] Unable to schedule network 7f47a068-b4f1-43fb-8ece-8ff386f50c09: no agents available; will retry on subsequent port and subnet creation events.
2026-06-23 19:53:03.881 7 INFO neutron.plugins.ml2.drivers.ovn.mech_driver.mech_driver [None req-87601bde-b5c4-465a-bdf3-814162934501 - - - - - -] OVN reports status down for port: 6195ca0b-3238-4458-ba76-849bd06cefd8
2026-06-23 19:53:03.952 8 INFO neutron.db.ovn_revision_numbers_db [None req-f25b455c-4bdb-421c-a2b9-8182d6b38b8c 7c6c29e8c72e4bb7ad6fc1eadbba894f c6f7dc54edee4d3b81cb08a9aaf6c309 - - default default] Successfully bumped revision number for resource 6195ca0b-3238-4458-ba76-849bd06cefd8 (type: ports) to 1 [pid: 8|app: 0|req: 494/1027] 10.0.0.24 () {34 vars in 669 bytes} [Tue Jun 23 19:53:03 2026] POST /v2.0/networks => generated 653 bytes in 594 msecs (HTTP/1.1 201) 4 headers in 162 bytes (1 switches on core 0)
2026-06-23 19:53:04.347 7 WARNING neutron.scheduler.dhcp_agent_scheduler [None req-6395add5-9955-4461-b398-dce7e8755ada 7c6c29e8c72e4bb7ad6fc1eadbba894f c6f7dc54edee4d3b81cb08a9aaf6c309 - - default default] No more DHCP agents
2026-06-23 19:53:04.348 7 WARNING neutron.api.rpc.agentnotifiers.dhcp_rpc_agent_api [None req-6395add5-9955-4461-b398-dce7e8755ada 7c6c29e8c72e4bb7ad6fc1eadbba894f c6f7dc54edee4d3b81cb08a9aaf6c309 - - default default] Unable to schedule network fa2812af-c75d-4469-afcb-937c1d1884ce: no agents available; will retry on subsequent port and subnet creation events.
2026-06-23 19:53:04.392 7 INFO neutron.plugins.ml2.drivers.ovn.mech_driver.mech_driver [None req-87601bde-b5c4-465a-bdf3-814162934501 - - - - - -] OVN reports status down for port: 437fb5dc-85ee-4201-bd90-ebf572a15c9c
2026-06-23 19:53:04.453 7 INFO neutron.db.ovn_revision_numbers_db [None req-6395add5-9955-4461-b398-dce7e8755ada 7c6c29e8c72e4bb7ad6fc1eadbba894f c6f7dc54edee4d3b81cb08a9aaf6c309 - - default default] Successfully bumped revision number for resource 437fb5dc-85ee-4201-bd90-ebf572a15c9c (type: ports) to 1
2026-06-23 19:53:04.519 7 WARNING neutron.scheduler.dhcp_agent_scheduler [None req-6395add5-9955-4461-b398-dce7e8755ada 7c6c29e8c72e4bb7ad6fc1eadbba894f c6f7dc54edee4d3b81cb08a9aaf6c309 - - default default] No more DHCP agents
2026-06-23 19:53:04.522 7 WARNING neutron.api.rpc.agentnotifiers.dhcp_rpc_agent_api [None req-6395add5-9955-4461-b398-dce7e8755ada 7c6c29e8c72e4bb7ad6fc1eadbba894f c6f7dc54edee4d3b81cb08a9aaf6c309 - - default default] Unable to schedule network 7f47a068-b4f1-43fb-8ece-8ff386f50c09: no agents available; will retry on subsequent port and subnet creation events.
2026-06-23 19:53:04.572 8 INFO neutron.plugins.ml2.drivers.ovn.mech_driver.mech_driver [None req-57170880-886b-4376-84ad-5efd46ffe997 - - - - - -] OVN reports status down for port: db47f051-4521-4b7a-a312-17a23bd49cb1
2026-06-23 19:53:04.610 7 INFO neutron.db.ovn_revision_numbers_db [None req-6395add5-9955-4461-b398-dce7e8755ada 7c6c29e8c72e4bb7ad6fc1eadbba894f c6f7dc54edee4d3b81cb08a9aaf6c309 - - default default] Successfully bumped revision number for resource db47f051-4521-4b7a-a312-17a23bd49cb1 (type: ports) to 1 [pid: 7|app: 0|req: 534/1028] 10.0.0.24 () {34 vars in 664 bytes} [Tue Jun 23 19:53:03 2026] POST /v2.0/ports => generated 1505 bytes in 718 msecs (HTTP/1.1 201) 4 headers in 163 bytes (1 switches on core 0) [pid: 8|app: 0|req: 495/1029] 10.0.0.24 () {32 vars in 642 bytes} [Tue Jun 23 19:53:04 2026] GET /v2.0/ports => generated 3017 bytes in 128 msecs (HTTP/1.1 200) 4 headers in 158 bytes (1 switches on core 0) /var/lib/openstack/lib/python3.12/site-packages/pycadf/identifier.py:70: UserWarning: Invalid uuid: neutron. To ensure interoperability, identifiers should be a valid uuid. warnings.warn(('Invalid uuid: %s. To ensure interoperability, ' [pid: 8|app: 0|req: 496/1030] 10.0.0.84 () {34 vars in 989 bytes} [Tue Jun 23 19:53:04 2026] GET /v2.0/ports?device_id=84655913-e256-4d9c-aa3b-a63562767f2d => generated 1209 bytes in 35 msecs (HTTP/1.1 200) 4 headers in 158 bytes (1 switches on core 0) [pid: 8|app: 0|req: 497/1031] 10.0.0.138 () {34 vars in 990 bytes} [Tue Jun 23 19:53:04 2026] GET /v2.0/ports?device_id=99450efe-a565-4808-9933-e3fb5d71364a => generated 12 bytes in 17 msecs (HTTP/1.1 200) 4 headers in 156 bytes (1 switches on core 0)
2026-06-23 19:53:04.930 8 INFO neutron.services.segments.plugin [-] Segment 66718960-4e8b-4afc-970d-bdae5e798f8d resource provider aggregate not found [pid: 8|app: 0|req: 498/1032] 10.0.0.84 () {34 vars in 1039 bytes} [Tue Jun 23 19:53:04 2026] GET /v2.0/security-groups?id=35ea2a0e-745d-4a3f-b5af-b22cb434ae0a&fields=id&fields=name => generated 113 bytes in 38 msecs (HTTP/1.1 200) 4 headers in 157 bytes (1 switches on core 0)
2026-06-23 19:53:04.954 8 INFO neutron.services.segments.plugin [-] Segment 66718960-4e8b-4afc-970d-bdae5e798f8d resource provider not found; error: Placement Client Error (4xx): {"errors": [{"status": 404, "title": "Not Found", "detail": "The resource could not be found.\n\n No resource provider with uuid 66718960-4e8b-4afc-970d-bdae5e798f8d found for delete ", "request_id": "req-7fe19c54-0269-4226-91c1-b4749ea431a3"}]}
2026-06-23 19:53:04.956 7 INFO neutron_taas.services.taas.taas_plugin [None req-deeee28b-cc44-434c-9be9-3f3dd0620d52 7c6c29e8c72e4bb7ad6fc1eadbba894f c6f7dc54edee4d3b81cb08a9aaf6c309 - - default default] TaaS: Handle Delete Port: 437fb5dc-85ee-4201-bd90-ebf572a15c9c
2026-06-23 19:53:04.959 7 INFO neutron_taas.services.taas.tap_mirror_plugin [None req-deeee28b-cc44-434c-9be9-3f3dd0620d52 7c6c29e8c72e4bb7ad6fc1eadbba894f c6f7dc54edee4d3b81cb08a9aaf6c309 - - default default] Tap Mirror: Handle Delete Port: 437fb5dc-85ee-4201-bd90-ebf572a15c9c
2026-06-23 19:53:04.960 8 INFO neutron.services.segments.plugin [-] Segment 66718960-4e8b-4afc-970d-bdae5e798f8d resource provider aggregate not found
2026-06-23 19:53:04.986 8 INFO neutron.services.segments.plugin [-] Segment 66718960-4e8b-4afc-970d-bdae5e798f8d resource provider not found; error: Placement Client Error (4xx): {"errors": [{"status": 404, "title": "Not Found", "detail": "The resource could not be found.\n\n No resource provider with uuid 66718960-4e8b-4afc-970d-bdae5e798f8d found for delete ", "request_id": "req-48a72725-c30c-4ae2-bfe7-0aca3b58ddfc"}]} [pid: 7|app: 0|req: 535/1033] 10.0.0.24 () {32 vars in 719 bytes} [Tue Jun 23 19:53:04 2026] DELETE /v2.0/ports/437fb5dc-85ee-4201-bd90-ebf572a15c9c => generated 0 bytes in 219 msecs (HTTP/1.1 204) 3 headers in 131 bytes (1 switches on core 0)
2026-06-23 19:53:05.213 8 INFO neutron_taas.services.taas.taas_plugin [None req-322885fd-02ea-4d5a-80d4-5e789085753c 7c6c29e8c72e4bb7ad6fc1eadbba894f c6f7dc54edee4d3b81cb08a9aaf6c309 - - default default] TaaS: Handle Delete Port: db47f051-4521-4b7a-a312-17a23bd49cb1
2026-06-23 19:53:05.216 8 INFO neutron_taas.services.taas.tap_mirror_plugin [None req-322885fd-02ea-4d5a-80d4-5e789085753c 7c6c29e8c72e4bb7ad6fc1eadbba894f c6f7dc54edee4d3b81cb08a9aaf6c309 - - default default] Tap Mirror: Handle Delete Port: db47f051-4521-4b7a-a312-17a23bd49cb1 [pid: 8|app: 0|req: 499/1034] 10.0.0.24 () {32 vars in 719 bytes} [Tue Jun 23 19:53:05 2026] DELETE /v2.0/ports/db47f051-4521-4b7a-a312-17a23bd49cb1 => generated 0 bytes in 257 msecs (HTTP/1.1 204) 3 headers in 131 bytes (1 switches on core 0) [pid: 8|app: 0|req: 500/1035] 10.0.0.24 () {32 vars in 642 bytes} [Tue Jun 23 19:53:05 2026] GET /v2.0/ports => generated 1523 bytes in 49 msecs (HTTP/1.1 200) 4 headers in 158 bytes (1 switches on core 0)
2026-06-23 19:53:05.483 8 INFO neutron.db.segments_db [None req-f217d942-7363-4e61-a263-44b27cff4da8 7c6c29e8c72e4bb7ad6fc1eadbba894f c6f7dc54edee4d3b81cb08a9aaf6c309 - - default default] Added segment 5f64a57c-b750-4241-8040-cda4c23caa40 of type geneve for network d4d28241-2319-4925-83bd-71d3f20d2356
2026-06-23 19:53:05.542 7 INFO neutron.db.ovn_revision_numbers_db [None req-2778f0e3-f1f9-4702-9a3f-3e8c574ce77e a0059a1265b74dc3b91caa6a6a4981c2 6d31056886ff4edb8b9a9562d1fa7deb - - default default] Successfully bumped revision number for resource 5a49a4a9-1191-47a4-9379-d06a171e8b59 (type: security_groups) to 1
2026-06-23 19:53:05.553 7 INFO neutron.db.ovn_revision_numbers_db [None req-2778f0e3-f1f9-4702-9a3f-3e8c574ce77e a0059a1265b74dc3b91caa6a6a4981c2 6d31056886ff4edb8b9a9562d1fa7deb - - default default] Successfully bumped revision number for resource 48d1a433-76b1-4da6-85ed-ff73ccada620 (type: security_group_rules) to 0
2026-06-23 19:53:05.565 7 INFO neutron.db.ovn_revision_numbers_db [None req-2778f0e3-f1f9-4702-9a3f-3e8c574ce77e a0059a1265b74dc3b91caa6a6a4981c2 6d31056886ff4edb8b9a9562d1fa7deb - - default default] Successfully bumped revision number for resource 69924e31-6e06-4992-a137-a86d9e70e7b8 (type: security_group_rules) to 0
2026-06-23 19:53:05.581 7 INFO neutron.db.ovn_revision_numbers_db [None req-2778f0e3-f1f9-4702-9a3f-3e8c574ce77e a0059a1265b74dc3b91caa6a6a4981c2 6d31056886ff4edb8b9a9562d1fa7deb - - default default] Successfully bumped revision number for resource 74d7cea2-75c8-4b5f-89fa-28cdb543d74c (type: security_group_rules) to 0
2026-06-23 19:53:05.590 8 INFO neutron.db.ovn_revision_numbers_db [None req-f217d942-7363-4e61-a263-44b27cff4da8 7c6c29e8c72e4bb7ad6fc1eadbba894f c6f7dc54edee4d3b81cb08a9aaf6c309 - - default default] Successfully bumped revision number for resource d4d28241-2319-4925-83bd-71d3f20d2356 (type: networks) to 1
2026-06-23 19:53:05.592 7 INFO neutron.db.ovn_revision_numbers_db [None req-2778f0e3-f1f9-4702-9a3f-3e8c574ce77e a0059a1265b74dc3b91caa6a6a4981c2 6d31056886ff4edb8b9a9562d1fa7deb - - default default] Successfully bumped revision number for resource c1db0350-01f5-4dd8-a074-37f5b8ba279a (type: security_group_rules) to 0
2026-06-23 19:53:05.666 7 INFO neutron.db.segments_db [None req-2778f0e3-f1f9-4702-9a3f-3e8c574ce77e a0059a1265b74dc3b91caa6a6a4981c2 6d31056886ff4edb8b9a9562d1fa7deb - - default default] Added segment b2934580-2c85-4027-a9d4-79273fb81675 of type geneve for network 54fa13b8-d426-439d-b234-aef55bec3c55
2026-06-23 19:53:05.753 7 INFO neutron.db.ovn_revision_numbers_db [None req-2778f0e3-f1f9-4702-9a3f-3e8c574ce77e a0059a1265b74dc3b91caa6a6a4981c2 6d31056886ff4edb8b9a9562d1fa7deb - - default default] Successfully bumped revision number for resource 54fa13b8-d426-439d-b234-aef55bec3c55 (type: networks) to 1
2026-06-23 19:53:05.759 8 WARNING neutron.scheduler.dhcp_agent_scheduler [None req-f217d942-7363-4e61-a263-44b27cff4da8 7c6c29e8c72e4bb7ad6fc1eadbba894f c6f7dc54edee4d3b81cb08a9aaf6c309 - - default default] No more DHCP agents
2026-06-23 19:53:05.760 8 WARNING neutron.api.rpc.agentnotifiers.dhcp_rpc_agent_api [None req-f217d942-7363-4e61-a263-44b27cff4da8 7c6c29e8c72e4bb7ad6fc1eadbba894f c6f7dc54edee4d3b81cb08a9aaf6c309 - - default default] Unable to schedule network d4d28241-2319-4925-83bd-71d3f20d2356: no agents available; will retry on subsequent port and subnet creation events.
2026-06-23 19:53:05.824 7 INFO neutron.plugins.ml2.drivers.ovn.mech_driver.mech_driver [None req-87601bde-b5c4-465a-bdf3-814162934501 - - - - - -] OVN reports status down for port: 802e9bb9-faa7-4bac-b31e-277adcd48639
2026-06-23 19:53:05.868 8 INFO neutron.db.ovn_revision_numbers_db [None req-f217d942-7363-4e61-a263-44b27cff4da8 7c6c29e8c72e4bb7ad6fc1eadbba894f c6f7dc54edee4d3b81cb08a9aaf6c309 - - default default] Successfully bumped revision number for resource 802e9bb9-faa7-4bac-b31e-277adcd48639 (type: ports) to 1 [pid: 8|app: 0|req: 501/1036] 10.0.0.24 () {34 vars in 669 bytes} [Tue Jun 23 19:53:05 2026] POST /v2.0/networks => generated 654 bytes in 488 msecs (HTTP/1.1 201) 4 headers in 162 bytes (1 switches on core 0)
2026-06-23 19:53:05.964 7 WARNING neutron.scheduler.dhcp_agent_scheduler [None req-2778f0e3-f1f9-4702-9a3f-3e8c574ce77e a0059a1265b74dc3b91caa6a6a4981c2 6d31056886ff4edb8b9a9562d1fa7deb - - default default] No more DHCP agents
2026-06-23 19:53:05.966 7 WARNING neutron.api.rpc.agentnotifiers.dhcp_rpc_agent_api [None req-2778f0e3-f1f9-4702-9a3f-3e8c574ce77e a0059a1265b74dc3b91caa6a6a4981c2 6d31056886ff4edb8b9a9562d1fa7deb - - default default] Unable to schedule network 54fa13b8-d426-439d-b234-aef55bec3c55: no agents available; will retry on subsequent port and subnet creation events.
2026-06-23 19:53:05.979 8 INFO neutron.db.segments_db [None req-7c8e6b3c-381d-49a9-8a14-2bd62a44df93 7c6c29e8c72e4bb7ad6fc1eadbba894f c6f7dc54edee4d3b81cb08a9aaf6c309 - - default default] Added segment 905a2a2c-8256-4711-ac5d-295f85e855ac of type geneve for network 9be00eba-65a8-42be-ab5f-3ca7f3c77abc
2026-06-23 19:53:06.017 8 INFO neutron.plugins.ml2.drivers.ovn.mech_driver.mech_driver [None req-57170880-886b-4376-84ad-5efd46ffe997 - - - - - -] OVN reports status down for port: dce0a1d7-e0f2-48ae-90cb-080620419fbc
2026-06-23 19:53:06.052 7 INFO neutron.db.ovn_revision_numbers_db [None req-2778f0e3-f1f9-4702-9a3f-3e8c574ce77e a0059a1265b74dc3b91caa6a6a4981c2 6d31056886ff4edb8b9a9562d1fa7deb - - default default] Successfully bumped revision number for resource dce0a1d7-e0f2-48ae-90cb-080620419fbc (type: ports) to 1 [pid: 7|app: 0|req: 536/1037] 10.0.0.24 () {34 vars in 670 bytes} [Tue Jun 23 19:53:05 2026] POST /v2.0/networks => generated 740 bytes in 864 msecs (HTTP/1.1 201) 4 headers in 162 bytes (1 switches on core 0) [pid: 7|app: 0|req: 537/1038] 10.0.0.138 () {34 vars in 990 bytes} [Tue Jun 23 19:53:06 2026] GET /v2.0/ports?device_id=99450efe-a565-4808-9933-e3fb5d71364a => generated 12 bytes in 18 msecs (HTTP/1.1 200) 4 headers in 156 bytes (1 switches on core 0)
2026-06-23 19:53:06.158 8 INFO neutron.db.ovn_revision_numbers_db [None req-7c8e6b3c-381d-49a9-8a14-2bd62a44df93 7c6c29e8c72e4bb7ad6fc1eadbba894f c6f7dc54edee4d3b81cb08a9aaf6c309 - - default default] Successfully bumped revision number for resource 9be00eba-65a8-42be-ab5f-3ca7f3c77abc (type: networks) to 1
2026-06-23 19:53:06.233 7 WARNING neutron.scheduler.dhcp_agent_scheduler [None req-8ad1267e-e5aa-4d2a-9945-1f003611e963 a0059a1265b74dc3b91caa6a6a4981c2 6d31056886ff4edb8b9a9562d1fa7deb - - default default] No more DHCP agents
2026-06-23 19:53:06.233 7 WARNING neutron.api.rpc.agentnotifiers.dhcp_rpc_agent_api [None req-8ad1267e-e5aa-4d2a-9945-1f003611e963 a0059a1265b74dc3b91caa6a6a4981c2 6d31056886ff4edb8b9a9562d1fa7deb - - default default] Unable to schedule network 54fa13b8-d426-439d-b234-aef55bec3c55: no agents available; will retry on subsequent port and subnet creation events.
2026-06-23 19:53:06.323 8 WARNING neutron.scheduler.dhcp_agent_scheduler [None req-7c8e6b3c-381d-49a9-8a14-2bd62a44df93 7c6c29e8c72e4bb7ad6fc1eadbba894f c6f7dc54edee4d3b81cb08a9aaf6c309 - - default default] No more DHCP agents
2026-06-23 19:53:06.324 8 WARNING neutron.api.rpc.agentnotifiers.dhcp_rpc_agent_api [None req-7c8e6b3c-381d-49a9-8a14-2bd62a44df93 7c6c29e8c72e4bb7ad6fc1eadbba894f c6f7dc54edee4d3b81cb08a9aaf6c309 - - default default] Unable to schedule network 9be00eba-65a8-42be-ab5f-3ca7f3c77abc: no agents available; will retry on subsequent port and subnet creation events.
2026-06-23 19:53:06.370 7 INFO neutron.plugins.ml2.drivers.ovn.mech_driver.mech_driver [None req-87601bde-b5c4-465a-bdf3-814162934501 - - - - - -] OVN reports status down for port: 097832f9-5b11-4253-9ede-fde8358822b8
2026-06-23 19:53:06.392 8 INFO neutron.db.ovn_revision_numbers_db [None req-7c8e6b3c-381d-49a9-8a14-2bd62a44df93 7c6c29e8c72e4bb7ad6fc1eadbba894f c6f7dc54edee4d3b81cb08a9aaf6c309 - - default default] Successfully bumped revision number for resource 097832f9-5b11-4253-9ede-fde8358822b8 (type: ports) to 1 [pid: 8|app: 0|req: 502/1039] 10.0.0.24 () {34 vars in 669 bytes} [Tue Jun 23 19:53:05 2026] POST /v2.0/networks => generated 653 bytes in 517 msecs (HTTP/1.1 201) 4 headers in 162 bytes (1 switches on core 0)
2026-06-23 19:53:06.659 7 INFO neutron.db.ovn_revision_numbers_db [None req-8e02ab3a-7d12-486a-97e0-2f8e646fa738 - - - - - -] Successfully bumped revision number for resource dce0a1d7-e0f2-48ae-90cb-080620419fbc (type: ports) to 2
2026-06-23 19:53:06.683 7 INFO neutron.db.ovn_revision_numbers_db [None req-8e02ab3a-7d12-486a-97e0-2f8e646fa738 - - - - - -] Successfully bumped revision number for resource 821ec71c-ed47-42a6-b7c4-2e076083e16e (type: subnets) to 0 [pid: 7|app: 0|req: 538/1040] 10.0.0.24 () {34 vars in 668 bytes} [Tue Jun 23 19:53:06 2026] POST /v2.0/subnets => generated 684 bytes in 606 msecs (HTTP/1.1 201) 4 headers in 162 bytes (1 switches on core 0)
2026-06-23 19:53:07.110 8 WARNING neutron.scheduler.dhcp_agent_scheduler [None req-fc08877a-85d5-431a-89e1-9d3c2fc4ae65 a0059a1265b74dc3b91caa6a6a4981c2 6d31056886ff4edb8b9a9562d1fa7deb - - default default] No more DHCP agents
2026-06-23 19:53:07.111 8 WARNING neutron.api.rpc.agentnotifiers.dhcp_rpc_agent_api [None req-fc08877a-85d5-431a-89e1-9d3c2fc4ae65 a0059a1265b74dc3b91caa6a6a4981c2 6d31056886ff4edb8b9a9562d1fa7deb - - default default] Unable to schedule network 899a188c-9f6d-4fb3-98e8-d96ab5d8b63b: no agents available; will retry on subsequent port and subnet creation events.
2026-06-23 19:53:07.181 7 WARNING neutron.scheduler.dhcp_agent_scheduler [None req-41946a3c-5aa2-4fd7-a7e0-8acae99062de 7c6c29e8c72e4bb7ad6fc1eadbba894f c6f7dc54edee4d3b81cb08a9aaf6c309 - - default default] No more DHCP agents
2026-06-23 19:53:07.183 7 WARNING neutron.api.rpc.agentnotifiers.dhcp_rpc_agent_api [None req-41946a3c-5aa2-4fd7-a7e0-8acae99062de 7c6c29e8c72e4bb7ad6fc1eadbba894f c6f7dc54edee4d3b81cb08a9aaf6c309 - - default default] Unable to schedule network d4d28241-2319-4925-83bd-71d3f20d2356: no agents available; will retry on subsequent port and subnet creation events.
2026-06-23 19:53:07.207 8 INFO neutron.plugins.ml2.drivers.ovn.mech_driver.mech_driver [None req-57170880-886b-4376-84ad-5efd46ffe997 - - - - - -] OVN reports status down for port: e954a2eb-861c-4016-8f84-c6cb273d583c
2026-06-23 19:53:07.229 7 INFO neutron.db.ovn_revision_numbers_db [None req-41946a3c-5aa2-4fd7-a7e0-8acae99062de 7c6c29e8c72e4bb7ad6fc1eadbba894f c6f7dc54edee4d3b81cb08a9aaf6c309 - - default default] Successfully bumped revision number for resource b7dc6184-3fc5-4a23-be5d-4d35cecd5e79 (type: subnets) to 0
2026-06-23 19:53:07.262 8 INFO neutron.db.ovn_revision_numbers_db [None req-fc08877a-85d5-431a-89e1-9d3c2fc4ae65 a0059a1265b74dc3b91caa6a6a4981c2 6d31056886ff4edb8b9a9562d1fa7deb - - default default] Successfully bumped revision number for resource e954a2eb-861c-4016-8f84-c6cb273d583c (type: ports) to 1
2026-06-23 19:53:07.263 7 WARNING neutron.scheduler.dhcp_agent_scheduler [None req-41946a3c-5aa2-4fd7-a7e0-8acae99062de 7c6c29e8c72e4bb7ad6fc1eadbba894f c6f7dc54edee4d3b81cb08a9aaf6c309 - - default default] No more DHCP agents
