2026-06-23 19:55:52.260 8 INFO neutron.db.ovn_revision_numbers_db [None req-0c9c6db7-47e8-4548-88d4-f5d5c6a0193c - - - - - -] Successfully bumped revision number for resource 1c954930-7db1-4f78-8726-3ab2f6708262 (type: ports) to 2 [pid: 7|app: 0|req: 1175/2283] 10.0.0.24 () {32 vars in 716 bytes} [Tue Jun 23 19:55:52 2026] GET /v2.0/ports/dc8640a3-a67a-445f-8d4e-19c893fc4c69 => generated 826 bytes in 78 msecs (HTTP/1.1 200) 4 headers in 157 bytes (1 switches on core 0) [pid: 7|app: 0|req: 1176/2284] 10.0.0.23 () {30 vars in 649 bytes} [Tue Jun 23 19:55:52 2026] GET /v2.0/extensions => generated 20118 bytes in 4 msecs (HTTP/1.1 200) 4 headers in 159 bytes (1 switches on core 0) [pid: 7|app: 0|req: 1177/2285] 10.0.0.24 () {32 vars in 721 bytes} [Tue Jun 23 19:55:52 2026] DELETE /v2.0/trunks/b9f3136b-aa16-458a-9824-8dc8a981a196 => generated 0 bytes in 75 msecs (HTTP/1.1 204) 2 headers in 112 bytes (1 switches on core 0) [pid: 7|app: 0|req: 1178/2286] 10.0.0.23 () {30 vars in 723 bytes} [Tue Jun 23 19:55:52 2026] GET /v2.0/quotas/fae867a7e7f246adb763f47ce5606752/details => generated 847 bytes in 69 msecs (HTTP/1.1 200) 4 headers in 157 bytes (1 switches on core 0) [pid: 7|app: 0|req: 1179/2287] 10.0.0.24 () {32 vars in 718 bytes} [Tue Jun 23 19:55:52 2026] GET /v2.0/trunks/94ebdcd1-133f-4016-9ccb-0f4cef03245a => generated 416 bytes in 17 msecs (HTTP/1.1 200) 4 headers in 157 bytes (1 switches on core 0) [pid: 7|app: 0|req: 1180/2288] 10.0.0.24 () {32 vars in 716 bytes} [Tue Jun 23 19:55:52 2026] GET /v2.0/ports/d11ad6df-0554-487c-b558-b52d5adbb776 => generated 826 bytes in 48 msecs (HTTP/1.1 200) 4 headers in 157 bytes (1 switches on core 0) [pid: 7|app: 0|req: 1181/2289] 10.0.0.24 () {32 vars in 721 bytes} [Tue Jun 23 19:55:52 2026] DELETE /v2.0/trunks/94ebdcd1-133f-4016-9ccb-0f4cef03245a => generated 0 bytes in 100 msecs (HTTP/1.1 204) 2 headers in 112 bytes (1 switches on core 0) [pid: 7|app: 0|req: 1182/2290] 10.0.0.24 () {32 vars in 718 bytes} [Tue Jun 23 19:55:52 2026] GET /v2.0/trunks/c6824858-96c8-4832-a125-ef7ca23bb5d3 => generated 409 bytes in 13 msecs (HTTP/1.1 200) 4 headers in 157 bytes (1 switches on core 0) [pid: 7|app: 0|req: 1183/2291] 10.0.0.24 () {32 vars in 716 bytes} [Tue Jun 23 19:55:52 2026] GET /v2.0/ports/4130b69e-c421-4a24-b28f-607d25e4de4a => generated 826 bytes in 59 msecs (HTTP/1.1 200) 4 headers in 157 bytes (1 switches on core 0)
2026-06-23 19:55:52.759 8 INFO neutron.db.ovn_revision_numbers_db [None req-0c9c6db7-47e8-4548-88d4-f5d5c6a0193c - - - - - -] Successfully bumped revision number for resource 791a9d03-108d-444f-83a3-fe44279d57f1 (type: subnets) to 0 [pid: 8|app: 0|req: 1109/2292] 10.0.0.24 () {34 vars in 668 bytes} [Tue Jun 23 19:55:51 2026] POST /v2.0/subnets => generated 656 bytes in 1156 msecs (HTTP/1.1 201) 4 headers in 162 bytes (1 switches on core 0) [pid: 7|app: 0|req: 1184/2293] 10.0.0.24 () {32 vars in 721 bytes} [Tue Jun 23 19:55:52 2026] DELETE /v2.0/trunks/c6824858-96c8-4832-a125-ef7ca23bb5d3 => generated 0 bytes in 75 msecs (HTTP/1.1 204) 2 headers in 112 bytes (1 switches on core 0)
2026-06-23 19:55:52.889 7 INFO neutron_taas.services.taas.taas_plugin [None req-cad97a36-85b3-411b-9cde-2b9290a77117 fb07bd7f0d5f4deea4ec45775584505d 5e7487bed8dd41e2a8a4b19d6acac80b - - default default] TaaS: Handle Delete Port: 011ee981-a6fc-4082-87e4-4b37fab88073
2026-06-23 19:55:52.891 7 INFO neutron_taas.services.taas.tap_mirror_plugin [None req-cad97a36-85b3-411b-9cde-2b9290a77117 fb07bd7f0d5f4deea4ec45775584505d 5e7487bed8dd41e2a8a4b19d6acac80b - - default default] Tap Mirror: Handle Delete Port: 011ee981-a6fc-4082-87e4-4b37fab88073
2026-06-23 19:55:52.975 8 WARNING neutron.scheduler.dhcp_agent_scheduler [None req-e95535fb-5bb0-4aef-90f2-6ab3dfa3fe15 640fe8530d104e3e8cd22ed53a5e03cd 9406e315e7e340408721702c3cf34699 - - default default] No more DHCP agents
2026-06-23 19:55:52.976 8 WARNING neutron.api.rpc.agentnotifiers.dhcp_rpc_agent_api [None req-e95535fb-5bb0-4aef-90f2-6ab3dfa3fe15 640fe8530d104e3e8cd22ed53a5e03cd 9406e315e7e340408721702c3cf34699 - - default default] Unable to schedule network e2557b16-63aa-400b-b73c-b085dc6a031e: no agents available; will retry on subsequent port and subnet creation events. [pid: 7|app: 0|req: 1185/2294] 10.0.0.24 () {32 vars in 719 bytes} [Tue Jun 23 19:55:52 2026] DELETE /v2.0/ports/011ee981-a6fc-4082-87e4-4b37fab88073 => generated 0 bytes in 197 msecs (HTTP/1.1 204) 3 headers in 131 bytes (1 switches on core 0)
2026-06-23 19:55:53.010 8 INFO neutron.db.ovn_revision_numbers_db [None req-e95535fb-5bb0-4aef-90f2-6ab3dfa3fe15 640fe8530d104e3e8cd22ed53a5e03cd 9406e315e7e340408721702c3cf34699 - - default default] Successfully bumped revision number for resource 02658dc0-5b96-455a-a071-8e3091024892 (type: subnets) to 0 [pid: 8|app: 0|req: 1110/2295] 10.0.0.24 () {34 vars in 668 bytes} [Tue Jun 23 19:55:52 2026] POST /v2.0/subnets => generated 726 bytes in 241 msecs (HTTP/1.1 201) 4 headers in 162 bytes (1 switches on core 0)
2026-06-23 19:55:53.101 7 INFO neutron_taas.services.taas.taas_plugin [None req-ca92e792-099c-4cb2-9590-6da4dd39a4d9 fb07bd7f0d5f4deea4ec45775584505d 5e7487bed8dd41e2a8a4b19d6acac80b - - default default] TaaS: Handle Delete Port: c295d28a-69bd-49b8-a0cc-7bef2167f1b7
2026-06-23 19:55:53.111 7 INFO neutron_taas.services.taas.tap_mirror_plugin [None req-ca92e792-099c-4cb2-9590-6da4dd39a4d9 fb07bd7f0d5f4deea4ec45775584505d 5e7487bed8dd41e2a8a4b19d6acac80b - - default default] Tap Mirror: Handle Delete Port: c295d28a-69bd-49b8-a0cc-7bef2167f1b7
2026-06-23 19:55:53.130 8 INFO neutron.db.segments_db [None req-37c5ee64-7165-4996-9a9a-c9b5a4d47019 640fe8530d104e3e8cd22ed53a5e03cd 9406e315e7e340408721702c3cf34699 - - default default] Added segment 6b17b2e0-363a-4d87-8a43-997a0f45b4b3 of type geneve for network 129e7a6c-eab1-4edb-8828-0c6d41b9bcb1 [pid: 7|app: 0|req: 1186/2296] 10.0.0.24 () {32 vars in 719 bytes} [Tue Jun 23 19:55:52 2026] DELETE /v2.0/ports/c295d28a-69bd-49b8-a0cc-7bef2167f1b7 => generated 0 bytes in 241 msecs (HTTP/1.1 204) 3 headers in 131 bytes (1 switches on core 0)
2026-06-23 19:55:53.291 8 INFO neutron.db.ovn_revision_numbers_db [None req-37c5ee64-7165-4996-9a9a-c9b5a4d47019 640fe8530d104e3e8cd22ed53a5e03cd 9406e315e7e340408721702c3cf34699 - - default default] Successfully bumped revision number for resource 129e7a6c-eab1-4edb-8828-0c6d41b9bcb1 (type: networks) to 1
2026-06-23 19:55:53.341 7 INFO neutron_taas.services.taas.taas_plugin [None req-5ca7922f-8dbe-460b-8f49-94321876d412 fb07bd7f0d5f4deea4ec45775584505d 5e7487bed8dd41e2a8a4b19d6acac80b - - default default] TaaS: Handle Delete Port: dc8640a3-a67a-445f-8d4e-19c893fc4c69
2026-06-23 19:55:53.344 7 INFO neutron_taas.services.taas.tap_mirror_plugin [None req-5ca7922f-8dbe-460b-8f49-94321876d412 fb07bd7f0d5f4deea4ec45775584505d 5e7487bed8dd41e2a8a4b19d6acac80b - - default default] Tap Mirror: Handle Delete Port: dc8640a3-a67a-445f-8d4e-19c893fc4c69 [pid: 7|app: 0|req: 1187/2297] 10.0.0.24 () {32 vars in 719 bytes} [Tue Jun 23 19:55:53 2026] DELETE /v2.0/ports/dc8640a3-a67a-445f-8d4e-19c893fc4c69 => generated 0 bytes in 189 msecs (HTTP/1.1 204) 3 headers in 131 bytes (1 switches on core 0)
2026-06-23 19:55:53.513 8 WARNING neutron.scheduler.dhcp_agent_scheduler [None req-37c5ee64-7165-4996-9a9a-c9b5a4d47019 640fe8530d104e3e8cd22ed53a5e03cd 9406e315e7e340408721702c3cf34699 - - default default] No more DHCP agents
2026-06-23 19:55:53.515 8 WARNING neutron.api.rpc.agentnotifiers.dhcp_rpc_agent_api [None req-37c5ee64-7165-4996-9a9a-c9b5a4d47019 640fe8530d104e3e8cd22ed53a5e03cd 9406e315e7e340408721702c3cf34699 - - default default] Unable to schedule network 129e7a6c-eab1-4edb-8828-0c6d41b9bcb1: no agents available; will retry on subsequent port and subnet creation events.
2026-06-23 19:55:53.540 7 INFO neutron_taas.services.taas.taas_plugin [None req-042edad7-56d5-497d-9e09-6073b84ba35f fb07bd7f0d5f4deea4ec45775584505d 5e7487bed8dd41e2a8a4b19d6acac80b - - default default] TaaS: Handle Delete Port: d11ad6df-0554-487c-b558-b52d5adbb776
2026-06-23 19:55:53.542 7 INFO neutron_taas.services.taas.tap_mirror_plugin [None req-042edad7-56d5-497d-9e09-6073b84ba35f fb07bd7f0d5f4deea4ec45775584505d 5e7487bed8dd41e2a8a4b19d6acac80b - - default default] Tap Mirror: Handle Delete Port: d11ad6df-0554-487c-b558-b52d5adbb776
2026-06-23 19:55:53.589 7 INFO neutron.plugins.ml2.drivers.ovn.mech_driver.mech_driver [None req-fae2f109-8e5a-4146-8088-2231ff0306d7 - - - - - -] OVN reports status down for port: 71d2c79a-4613-49d3-ab45-b854bb1c606f
2026-06-23 19:55:53.598 8 INFO neutron.db.ovn_revision_numbers_db [None req-37c5ee64-7165-4996-9a9a-c9b5a4d47019 640fe8530d104e3e8cd22ed53a5e03cd 9406e315e7e340408721702c3cf34699 - - default default] Successfully bumped revision number for resource 71d2c79a-4613-49d3-ab45-b854bb1c606f (type: ports) to 1 [pid: 8|app: 0|req: 1111/2298] 10.0.0.24 () {34 vars in 669 bytes} [Tue Jun 23 19:55:53 2026] POST /v2.0/networks => generated 638 bytes in 599 msecs (HTTP/1.1 201) 4 headers in 162 bytes (1 switches on core 0) [pid: 7|app: 0|req: 1188/2299] 10.0.0.24 () {32 vars in 719 bytes} [Tue Jun 23 19:55:53 2026] DELETE /v2.0/ports/d11ad6df-0554-487c-b558-b52d5adbb776 => generated 0 bytes in 258 msecs (HTTP/1.1 204) 3 headers in 131 bytes (1 switches on core 0)
2026-06-23 19:55:53.804 7 INFO neutron_taas.services.taas.taas_plugin [None req-196d449c-3691-4f65-8325-d12bb364e747 fb07bd7f0d5f4deea4ec45775584505d 5e7487bed8dd41e2a8a4b19d6acac80b - - default default] TaaS: Handle Delete Port: 4130b69e-c421-4a24-b28f-607d25e4de4a
2026-06-23 19:55:53.806 7 INFO neutron_taas.services.taas.tap_mirror_plugin [None req-196d449c-3691-4f65-8325-d12bb364e747 fb07bd7f0d5f4deea4ec45775584505d 5e7487bed8dd41e2a8a4b19d6acac80b - - default default] Tap Mirror: Handle Delete Port: 4130b69e-c421-4a24-b28f-607d25e4de4a
2026-06-23 19:55:53.887 8 WARNING neutron.scheduler.dhcp_agent_scheduler [None req-c3fdc755-f73f-4414-a2dc-a282f5c02fbb 640fe8530d104e3e8cd22ed53a5e03cd 9406e315e7e340408721702c3cf34699 - - default default] No more DHCP agents
2026-06-23 19:55:53.893 8 WARNING neutron.api.rpc.agentnotifiers.dhcp_rpc_agent_api [None req-c3fdc755-f73f-4414-a2dc-a282f5c02fbb 640fe8530d104e3e8cd22ed53a5e03cd 9406e315e7e340408721702c3cf34699 - - default default] Unable to schedule network 129e7a6c-eab1-4edb-8828-0c6d41b9bcb1: no agents available; will retry on subsequent port and subnet creation events. [pid: 7|app: 0|req: 1189/2300] 10.0.0.24 () {32 vars in 719 bytes} [Tue Jun 23 19:55:53 2026] DELETE /v2.0/ports/4130b69e-c421-4a24-b28f-607d25e4de4a => generated 0 bytes in 197 msecs (HTTP/1.1 204) 3 headers in 131 bytes (1 switches on core 0)
2026-06-23 19:55:53.991 7 INFO neutron_taas.services.taas.taas_plugin [None req-9dc089da-2d60-49a2-9756-a2999550b342 fb07bd7f0d5f4deea4ec45775584505d 5e7487bed8dd41e2a8a4b19d6acac80b - - default default] TaaS: Handle Delete Port: 2e550c5c-8b26-4b52-9840-0298b9eb1ab3
2026-06-23 19:55:53.993 7 INFO neutron_taas.services.taas.tap_mirror_plugin [None req-9dc089da-2d60-49a2-9756-a2999550b342 fb07bd7f0d5f4deea4ec45775584505d 5e7487bed8dd41e2a8a4b19d6acac80b - - default default] Tap Mirror: Handle Delete Port: 2e550c5c-8b26-4b52-9840-0298b9eb1ab3
2026-06-23 19:55:54.151 7 INFO neutron.services.segments.plugin [-] Segment 23369e65-1fd9-4ea1-b47e-f2ee11898e7d resource provider aggregate not found
2026-06-23 19:55:54.165 7 INFO neutron.services.segments.plugin [-] Segment 23369e65-1fd9-4ea1-b47e-f2ee11898e7d resource provider aggregate not found
2026-06-23 19:55:54.177 7 INFO neutron.services.segments.plugin [-] Segment 23369e65-1fd9-4ea1-b47e-f2ee11898e7d resource provider not found; error: Placement Client Error (4xx): {"errors": [{"status": 404, "title": "Not Found", "detail": "The resource could not be found.\n\n No resource provider with uuid 23369e65-1fd9-4ea1-b47e-f2ee11898e7d found for delete ", "request_id": "req-5b9f9684-d8a8-410c-82a0-b94b1c8c1490"}]}
2026-06-23 19:55:54.195 7 INFO neutron.services.segments.plugin [-] Segment 23369e65-1fd9-4ea1-b47e-f2ee11898e7d resource provider not found; error: Placement Client Error (4xx): {"errors": [{"status": 404, "title": "Not Found", "detail": "The resource could not be found.\n\n No resource provider with uuid 23369e65-1fd9-4ea1-b47e-f2ee11898e7d found for delete ", "request_id": "req-16b9bfc0-d893-4137-bc5f-98309cb6c38b"}]} [pid: 7|app: 0|req: 1190/2301] 10.0.0.24 () {32 vars in 725 bytes} [Tue Jun 23 19:55:53 2026] DELETE /v2.0/networks/6ff80ec9-9c94-4926-93ea-bd82d660f97c => generated 0 bytes in 327 msecs (HTTP/1.1 204) 3 headers in 131 bytes (1 switches on core 0)
2026-06-23 19:55:54.359 7 INFO neutron_taas.services.taas.taas_plugin [None req-4b0d6524-35db-4123-8107-573a490dbae2 fb07bd7f0d5f4deea4ec45775584505d 5e7487bed8dd41e2a8a4b19d6acac80b - - default default] TaaS: Handle Delete Port: b6f0fbb8-52aa-4e70-a9a3-1d265efad765
2026-06-23 19:55:54.366 7 INFO neutron_taas.services.taas.tap_mirror_plugin [None req-4b0d6524-35db-4123-8107-573a490dbae2 fb07bd7f0d5f4deea4ec45775584505d 5e7487bed8dd41e2a8a4b19d6acac80b - - default default] Tap Mirror: Handle Delete Port: b6f0fbb8-52aa-4e70-a9a3-1d265efad765
2026-06-23 19:55:54.391 8 INFO neutron.db.ovn_revision_numbers_db [None req-0f3f551b-616d-4c5e-a122-669e8ee9493e - - - - - -] Successfully bumped revision number for resource 71d2c79a-4613-49d3-ab45-b854bb1c606f (type: ports) to 2
2026-06-23 19:55:54.430 8 INFO neutron.db.ovn_revision_numbers_db [None req-0f3f551b-616d-4c5e-a122-669e8ee9493e - - - - - -] Successfully bumped revision number for resource db0afeb3-0181-4d6a-871e-64e15d0d050f (type: subnets) to 0 [pid: 8|app: 0|req: 1112/2302] 10.0.0.24 () {34 vars in 668 bytes} [Tue Jun 23 19:55:53 2026] POST /v2.0/subnets => generated 656 bytes in 808 msecs (HTTP/1.1 201) 4 headers in 162 bytes (1 switches on core 0) [pid: 7|app: 0|req: 1191/2303] 10.0.0.24 () {32 vars in 725 bytes} [Tue Jun 23 19:55:54 2026] DELETE /v2.0/networks/2da0791d-6395-4af0-aa14-2533ef8a87da => generated 0 bytes in 355 msecs (HTTP/1.1 204) 3 headers in 131 bytes (1 switches on core 0)
2026-06-23 19:55:54.665 8 WARNING neutron.scheduler.dhcp_agent_scheduler [None req-672d42c9-947a-4833-a39c-53c425aa9493 640fe8530d104e3e8cd22ed53a5e03cd 9406e315e7e340408721702c3cf34699 - - default default] No more DHCP agents
2026-06-23 19:55:54.670 8 WARNING neutron.api.rpc.agentnotifiers.dhcp_rpc_agent_api [None req-672d42c9-947a-4833-a39c-53c425aa9493 640fe8530d104e3e8cd22ed53a5e03cd 9406e315e7e340408721702c3cf34699 - - default default] Unable to schedule network 129e7a6c-eab1-4edb-8828-0c6d41b9bcb1: no agents available; will retry on subsequent port and subnet creation events.
2026-06-23 19:55:54.695 8 INFO neutron.db.ovn_revision_numbers_db [None req-672d42c9-947a-4833-a39c-53c425aa9493 640fe8530d104e3e8cd22ed53a5e03cd 9406e315e7e340408721702c3cf34699 - - default default] Successfully bumped revision number for resource 66614889-702b-4a64-938a-d686129c7960 (type: subnets) to 0 [pid: 8|app: 0|req: 1113/2304] 10.0.0.24 () {34 vars in 668 bytes} [Tue Jun 23 19:55:54 2026] POST /v2.0/subnets => generated 729 bytes in 264 msecs (HTTP/1.1 201) 4 headers in 162 bytes (1 switches on core 0)
2026-06-23 19:55:54.833 8 INFO neutron_taas.services.taas.taas_plugin [None req-3f6cc10c-a209-48e7-a338-d25b4cf25b4f fb07bd7f0d5f4deea4ec45775584505d 5e7487bed8dd41e2a8a4b19d6acac80b - - default default] TaaS: Handle Delete Port: d88a2b86-913b-42a4-b625-5d04cd3e998d
2026-06-23 19:55:54.837 8 INFO neutron_taas.services.taas.tap_mirror_plugin [None req-3f6cc10c-a209-48e7-a338-d25b4cf25b4f fb07bd7f0d5f4deea4ec45775584505d 5e7487bed8dd41e2a8a4b19d6acac80b - - default default] Tap Mirror: Handle Delete Port: d88a2b86-913b-42a4-b625-5d04cd3e998d
2026-06-23 19:55:54.894 7 INFO neutron.db.ovn_revision_numbers_db [None req-741fb3fa-9352-487a-8549-5457946ded25 a0059a1265b74dc3b91caa6a6a4981c2 6d31056886ff4edb8b9a9562d1fa7deb - - default default] Successfully bumped revision number for resource ae121cc9-7863-4b98-9702-c3c0a38df5c5 (type: security_groups) to 1
2026-06-23 19:55:54.906 7 INFO neutron.db.ovn_revision_numbers_db [None req-741fb3fa-9352-487a-8549-5457946ded25 a0059a1265b74dc3b91caa6a6a4981c2 6d31056886ff4edb8b9a9562d1fa7deb - - default default] Successfully bumped revision number for resource 64a94fda-1755-4f5c-b97c-4d1d70bb9228 (type: security_group_rules) to 0
2026-06-23 19:55:54.919 7 INFO neutron.db.ovn_revision_numbers_db [None req-741fb3fa-9352-487a-8549-5457946ded25 a0059a1265b74dc3b91caa6a6a4981c2 6d31056886ff4edb8b9a9562d1fa7deb - - default default] Successfully bumped revision number for resource ba20042f-f4e1-4a03-9817-ff87a61077f3 (type: security_group_rules) to 0
2026-06-23 19:55:54.931 7 INFO neutron.db.ovn_revision_numbers_db [None req-741fb3fa-9352-487a-8549-5457946ded25 a0059a1265b74dc3b91caa6a6a4981c2 6d31056886ff4edb8b9a9562d1fa7deb - - default default] Successfully bumped revision number for resource d8019872-97ab-4c2a-9127-cc313e41d164 (type: security_group_rules) to 0
2026-06-23 19:55:54.955 7 INFO neutron.db.ovn_revision_numbers_db [None req-741fb3fa-9352-487a-8549-5457946ded25 a0059a1265b74dc3b91caa6a6a4981c2 6d31056886ff4edb8b9a9562d1fa7deb - - default default] Successfully bumped revision number for resource e0c3a474-bddc-4cdb-b5a4-a50ec8fd8d70 (type: security_group_rules) to 0 [pid: 7|app: 0|req: 1192/2305] 10.0.0.24 () {32 vars in 773 bytes} [Tue Jun 23 19:55:54 2026] GET /v2.0/security-groups?tenant_id=fae867a7e7f246adb763f47ce5606752&name=default => generated 2925 bytes in 406 msecs (HTTP/1.1 200) 4 headers in 158 bytes (1 switches on core 0)
2026-06-23 19:55:55.052 8 INFO neutron.services.segments.plugin [-] Segment f35dad17-83fc-4822-b64d-2ced42e2f18a resource provider aggregate not found
2026-06-23 19:55:55.057 8 INFO neutron.services.segments.plugin [-] Segment f35dad17-83fc-4822-b64d-2ced42e2f18a resource provider aggregate not found
2026-06-23 19:55:55.079 8 INFO neutron.services.segments.plugin [-] Segment f35dad17-83fc-4822-b64d-2ced42e2f18a resource provider not found; error: Placement Client Error (4xx): {"errors": [{"status": 404, "title": "Not Found", "detail": "The resource could not be found.\n\n No resource provider with uuid f35dad17-83fc-4822-b64d-2ced42e2f18a found for delete ", "request_id": "req-3e5f9920-cc0e-4409-a87f-42af791a02f9"}]}
2026-06-23 19:55:55.081 8 INFO neutron.services.segments.plugin [-] Segment f35dad17-83fc-4822-b64d-2ced42e2f18a resource provider not found; error: Placement Client Error (4xx): {"errors": [{"status": 404, "title": "Not Found", "detail": "The resource could not be found.\n\n No resource provider with uuid f35dad17-83fc-4822-b64d-2ced42e2f18a found for delete ", "request_id": "req-3bfa368c-bce3-4590-9e90-7040b055a73d"}]} [pid: 8|app: 0|req: 1114/2306] 10.0.0.24 () {32 vars in 725 bytes} [Tue Jun 23 19:55:54 2026] DELETE /v2.0/networks/9f647feb-52cc-44a3-a23e-46856b2e0fca => generated 0 bytes in 382 msecs (HTTP/1.1 204) 3 headers in 131 bytes (1 switches on core 0) [pid: 8|app: 0|req: 1117/2309] 10.0.0.24 () {32 vars in 739 bytes} [Tue Jun 23 19:55:55 2026] DELETE /v2.0/security-groups/ae121cc9-7863-4b98-9702-c3c0a38df5c5 => generated 0 bytes in 239 msecs (HTTP/1.1 204) 2 headers in 112 bytes (1 switches on core 0)
2026-06-23 19:55:55.438 7 WARNING neutron.scheduler.dhcp_agent_scheduler [None req-286eca14-bd41-40de-9f34-ba8c73a16ba8 640fe8530d104e3e8cd22ed53a5e03cd 9406e315e7e340408721702c3cf34699 - - default default] No more DHCP agents
2026-06-23 19:55:55.439 7 WARNING neutron.api.rpc.agentnotifiers.dhcp_rpc_agent_api [None req-286eca14-bd41-40de-9f34-ba8c73a16ba8 640fe8530d104e3e8cd22ed53a5e03cd 9406e315e7e340408721702c3cf34699 - - default default] Unable to schedule network 899a188c-9f6d-4fb3-98e8-d96ab5d8b63b: no agents available; will retry on subsequent port and subnet creation events.
2026-06-23 19:55:55.456 8 INFO neutron_taas.services.taas.taas_plugin [None req-d24094b9-069c-4778-927a-24472263827f fb07bd7f0d5f4deea4ec45775584505d 5e7487bed8dd41e2a8a4b19d6acac80b - - default default] TaaS: Handle Delete Port: e24515a8-b486-4151-94d6-803a8c0dff1c
2026-06-23 19:55:55.459 8 INFO neutron_taas.services.taas.tap_mirror_plugin [None req-d24094b9-069c-4778-927a-24472263827f fb07bd7f0d5f4deea4ec45775584505d 5e7487bed8dd41e2a8a4b19d6acac80b - - default default] Tap Mirror: Handle Delete Port: e24515a8-b486-4151-94d6-803a8c0dff1c
2026-06-23 19:55:55.570 8 INFO neutron.plugins.ml2.drivers.ovn.mech_driver.mech_driver [None req-31e1500b-a8c4-438a-923a-d9f3c8283366 - - - - - -] OVN reports status down for port: 23ef5479-d679-40f2-8665-938c67d43c06
2026-06-23 19:55:55.598 7 INFO neutron.db.ovn_revision_numbers_db [None req-286eca14-bd41-40de-9f34-ba8c73a16ba8 640fe8530d104e3e8cd22ed53a5e03cd 9406e315e7e340408721702c3cf34699 - - default default] Successfully bumped revision number for resource 23ef5479-d679-40f2-8665-938c67d43c06 (type: ports) to 1 [pid: 8|app: 0|req: 1118/2310] 10.0.0.24 () {32 vars in 725 bytes} [Tue Jun 23 19:55:55 2026] DELETE /v2.0/networks/a463cf14-d830-4391-978d-249f6dd31414 => generated 0 bytes in 407 msecs (HTTP/1.1 204) 3 headers in 131 bytes (1 switches on core 0) [pid: 8|app: 0|req: 1119/2311] 10.0.0.24 () {34 vars in 675 bytes} [Tue Jun 23 19:55:55 2026] POST /v2.0/subnetpools => generated 516 bytes in 190 msecs (HTTP/1.1 201) 4 headers in 162 bytes (1 switches on core 0)
2026-06-23 19:55:56.051 8 INFO neutron_taas.services.taas.taas_plugin [None req-f95ab8a9-48aa-4105-b3ee-9e862ddaed2b fb07bd7f0d5f4deea4ec45775584505d 5e7487bed8dd41e2a8a4b19d6acac80b - - default default] TaaS: Handle Delete Port: e2d82f17-b63f-4323-b937-9cd14aa96f2b
2026-06-23 19:55:56.054 8 INFO neutron_taas.services.taas.tap_mirror_plugin [None req-f95ab8a9-48aa-4105-b3ee-9e862ddaed2b fb07bd7f0d5f4deea4ec45775584505d 5e7487bed8dd41e2a8a4b19d6acac80b - - default default] Tap Mirror: Handle Delete Port: e2d82f17-b63f-4323-b937-9cd14aa96f2b
2026-06-23 19:55:56.151 7 INFO neutron.plugins.ml2.drivers.ovn.mech_driver.ovsdb.commands [None req-421f79aa-4331-4056-b041-19f0d1efda22 - - - - - -] Schedule LRP lrp-23ef5479-d679-40f2-8665-938c67d43c06 on gateway 8739d57f-4550-46e6-8a8a-50ad0aafa605 with priority 1
2026-06-23 19:55:56.211 7 INFO neutron.services.segments.plugin [-] Segment 15fcc662-177e-45c3-b360-50669bdb01a2 resource provider aggregate not found
2026-06-23 19:55:56.216 7 INFO neutron.services.segments.plugin [-] Segment 15fcc662-177e-45c3-b360-50669bdb01a2 resource provider aggregate not found
2026-06-23 19:55:56.229 7 INFO neutron.db.ovn_revision_numbers_db [None req-286eca14-bd41-40de-9f34-ba8c73a16ba8 640fe8530d104e3e8cd22ed53a5e03cd 9406e315e7e340408721702c3cf34699 - - default default] Successfully bumped revision number for resource 23ef5479-d679-40f2-8665-938c67d43c06 (type: router_ports) to 1
2026-06-23 19:55:56.240 8 INFO neutron.plugins.ml2.drivers.ovn.mech_driver.ovsdb.ovsdb_monitor [None req-222b8418-4d61-44ae-925b-89d664ed68a4 - - - - - -] Router 40508ab7-ed11-4113-adf0-97a55811a164 is bound to host instance
2026-06-23 19:55:56.246 7 INFO neutron.services.segments.plugin [-] Segment 15fcc662-177e-45c3-b360-50669bdb01a2 resource provider not found; error: Placement Client Error (4xx): {"errors": [{"status": 404, "title": "Not Found", "detail": "The resource could not be found.\n\n No resource provider with uuid 15fcc662-177e-45c3-b360-50669bdb01a2 found for delete ", "request_id": "req-2ff73562-f200-4859-a824-4efa23d4abcf"}]}
2026-06-23 19:55:56.246 7 INFO neutron.services.segments.plugin [-] Segment 15fcc662-177e-45c3-b360-50669bdb01a2 resource provider not found; error: Placement Client Error (4xx): {"errors": [{"status": 404, "title": "Not Found", "detail": "The resource could not be found.\n\n No resource provider with uuid 15fcc662-177e-45c3-b360-50669bdb01a2 found for delete ", "request_id": "req-e2c9bf03-9b22-463e-b16a-0f7a81d237a8"}]}
2026-06-23 19:55:56.264 8 INFO neutron.plugins.ml2.drivers.ovn.mech_driver.mech_driver [None req-31e1500b-a8c4-438a-923a-d9f3c8283366 - - - - - -] OVN reports status up for port: 23ef5479-d679-40f2-8665-938c67d43c06
2026-06-23 19:55:56.313 7 INFO neutron.db.ovn_revision_numbers_db [None req-286eca14-bd41-40de-9f34-ba8c73a16ba8 640fe8530d104e3e8cd22ed53a5e03cd 9406e315e7e340408721702c3cf34699 - - default default] Successfully bumped revision number for resource 40508ab7-ed11-4113-adf0-97a55811a164 (type: routers) to 2
2026-06-23 19:55:56.319 8 INFO neutron.plugins.ml2.plugin [None req-31e1500b-a8c4-438a-923a-d9f3c8283366 - - - - - -] Attempt 1 to provision port 23ef5479-d679-40f2-8665-938c67d43c06 [pid: 7|app: 0|req: 1193/2312] 10.0.0.24 () {34 vars in 668 bytes} [Tue Jun 23 19:55:54 2026] POST /v2.0/routers => generated 945 bytes in 1340 msecs (HTTP/1.1 201) 4 headers in 162 bytes (1 switches on core 0) [pid: 7|app: 0|req: 1194/2313] 10.0.0.24 () {34 vars in 675 bytes} [Tue Jun 23 19:55:56 2026] POST /v2.0/subnetpools => generated 516 bytes in 61 msecs (HTTP/1.1 201) 4 headers in 162 bytes (1 switches on core 0) [pid: 8|app: 0|req: 1120/2314] 10.0.0.24 () {32 vars in 725 bytes} [Tue Jun 23 19:55:55 2026] DELETE /v2.0/networks/1b22fb73-0a4a-4c77-a1b2-42ee0213dd88 => generated 0 bytes in 580 msecs (HTTP/1.1 204) 3 headers in 131 bytes (1 switches on core 0) [pid: 8|app: 0|req: 1121/2315] 10.0.0.24 () {34 vars in 675 bytes} [Tue Jun 23 19:55:56 2026] POST /v2.0/subnetpools => generated 516 bytes in 121 msecs (HTTP/1.1 201) 4 headers in 162 bytes (1 switches on core 0) [pid: 8|app: 0|req: 1122/2316] 10.0.0.24 () {34 vars in 675 bytes} [Tue Jun 23 19:55:56 2026] POST /v2.0/subnetpools => generated 516 bytes in 110 msecs (HTTP/1.1 201) 4 headers in 162 bytes (1 switches on core 0) [pid: 8|app: 0|req: 1123/2317] 10.0.0.24 () {34 vars in 675 bytes} [Tue Jun 23 19:55:56 2026] POST /v2.0/subnetpools => generated 516 bytes in 86 msecs (HTTP/1.1 201) 4 headers in 162 bytes (1 switches on core 0)
2026-06-23 19:55:56.878 7 WARNING neutron.scheduler.dhcp_agent_scheduler [None req-b217123c-2113-4766-add6-c72805dd9797 640fe8530d104e3e8cd22ed53a5e03cd 9406e315e7e340408721702c3cf34699 - - default default] No more DHCP agents
2026-06-23 19:55:56.879 7 WARNING neutron.api.rpc.agentnotifiers.dhcp_rpc_agent_api [None req-b217123c-2113-4766-add6-c72805dd9797 640fe8530d104e3e8cd22ed53a5e03cd 9406e315e7e340408721702c3cf34699 - - default default] Unable to schedule network 5dd2b62b-6cce-417a-8171-ed0012ad5cc7: no agents available; will retry on subsequent port and subnet creation events. [pid: 8|app: 0|req: 1124/2318] 10.0.0.24 () {34 vars in 758 bytes} [Tue Jun 23 19:55:56 2026] PUT /v2.0/subnetpools/cc080725-639a-4f63-b5d3-6f94b7daadb2/tags => generated 17 bytes in 83 msecs (HTTP/1.1 200) 4 headers in 156 bytes (1 switches on core 0)
2026-06-23 19:55:57.010 7 INFO neutron.db.ovn_revision_numbers_db [None req-b217123c-2113-4766-add6-c72805dd9797 640fe8530d104e3e8cd22ed53a5e03cd 9406e315e7e340408721702c3cf34699 - - default default] Successfully bumped revision number for resource 5124a7cb-79c6-4762-863b-35858525a5b1 (type: ports) to 1 [pid: 8|app: 0|req: 1125/2319] 10.0.0.24 () {34 vars in 758 bytes} [Tue Jun 23 19:55:56 2026] PUT /v2.0/subnetpools/ad797660-7529-49c9-9725-5416d190b37b/tags => generated 25 bytes in 112 msecs (HTTP/1.1 200) 4 headers in 156 bytes (1 switches on core 0)
2026-06-23 19:55:57.112 8 INFO neutron.services.segments.plugin [-] Segment 6c1a7301-9723-49a6-baeb-4e7102ce58c8 resource provider aggregate not found
2026-06-23 19:55:57.121 8 INFO neutron.services.segments.plugin [-] Segment 6c1a7301-9723-49a6-baeb-4e7102ce58c8 resource provider aggregate not found
2026-06-23 19:55:57.144 8 INFO neutron.services.segments.plugin [-] Segment 6c1a7301-9723-49a6-baeb-4e7102ce58c8 resource provider not found; error: Placement Client Error (4xx): {"errors": [{"status": 404, "title": "Not Found", "detail": "The resource could not be found.\n\n No resource provider with uuid 6c1a7301-9723-49a6-baeb-4e7102ce58c8 found for delete ", "request_id": "req-7a405c7b-1c94-4cf3-bbd8-1b8438277d44"}]}
2026-06-23 19:55:57.147 8 INFO neutron.services.segments.plugin [-] Segment 6c1a7301-9723-49a6-baeb-4e7102ce58c8 resource provider not found; error: Placement Client Error (4xx): {"errors": [{"status": 404, "title": "Not Found", "detail": "The resource could not be found.\n\n No resource provider with uuid 6c1a7301-9723-49a6-baeb-4e7102ce58c8 found for delete ", "request_id": "req-cb21524c-21ac-4c46-8a43-8fc67b341dd0"}]}
2026-06-23 19:55:57.164 8 INFO neutron.services.segments.plugin [-] Segment 87c271c4-9220-47b2-bb85-0296ef84388e resource provider aggregate not found [pid: 8|app: 0|req: 1126/2320] 10.0.0.24 () {34 vars in 758 bytes} [Tue Jun 23 19:55:57 2026] PUT /v2.0/subnetpools/13a61cd3-f2a2-4909-b861-107373b1c950/tags => generated 34 bytes in 129 msecs (HTTP/1.1 200) 4 headers in 156 bytes (1 switches on core 0)
2026-06-23 19:55:57.183 8 INFO neutron.services.segments.plugin [-] Segment 87c271c4-9220-47b2-bb85-0296ef84388e resource provider aggregate not found
2026-06-23 19:55:57.209 8 INFO neutron.services.segments.plugin [-] Segment 87c271c4-9220-47b2-bb85-0296ef84388e resource provider not found; error: Placement Client Error (4xx): {"errors": [{"status": 404, "title": "Not Found", "detail": "The resource could not be found.\n\n No resource provider with uuid 87c271c4-9220-47b2-bb85-0296ef84388e found for delete ", "request_id": "req-f3656d0b-3477-457c-83a3-6c06d5fae541"}]}
2026-06-23 19:55:57.221 8 INFO neutron.services.segments.plugin [-] Segment 87c271c4-9220-47b2-bb85-0296ef84388e resource provider not found; error: Placement Client Error (4xx): {"errors": [{"status": 404, "title": "Not Found", "detail": "The resource could not be found.\n\n No resource provider with uuid 87c271c4-9220-47b2-bb85-0296ef84388e found for delete ", "request_id": "req-4b8bf04b-2b8f-4a69-a772-1e8da8d7bafa"}]} [pid: 8|app: 0|req: 1127/2321] 10.0.0.24 () {34 vars in 758 bytes} [Tue Jun 23 19:55:57 2026] PUT /v2.0/subnetpools/bfc8a3cf-1203-48a3-bf7e-984aa4533dbf/tags => generated 19 bytes in 121 msecs (HTTP/1.1 200) 4 headers in 156 bytes (1 switches on core 0) [pid: 8|app: 0|req: 1128/2322] 10.0.0.24 () {32 vars in 671 bytes} [Tue Jun 23 19:55:57 2026] GET /v2.0/subnetpools?tags=red => generated 1563 bytes in 53 msecs (HTTP/1.1 200) 4 headers in 158 bytes (1 switches on core 0)
2026-06-23 19:55:57.749 7 WARNING neutron.scheduler.dhcp_agent_scheduler [None req-b217123c-2113-4766-add6-c72805dd9797 640fe8530d104e3e8cd22ed53a5e03cd 9406e315e7e340408721702c3cf34699 - - default default] No more DHCP agents
2026-06-23 19:55:57.750 7 WARNING neutron.api.rpc.agentnotifiers.dhcp_rpc_agent_api [None req-b217123c-2113-4766-add6-c72805dd9797 640fe8530d104e3e8cd22ed53a5e03cd 9406e315e7e340408721702c3cf34699 - - default default] Unable to schedule network 5dd2b62b-6cce-417a-8171-ed0012ad5cc7: no agents available; will retry on subsequent port and subnet creation events.
2026-06-23 19:55:57.758 8 INFO neutron.db.ovn_revision_numbers_db [None req-5bb876e7-9a35-4b86-887a-979a5504092e - - - - - -] Successfully bumped revision number for resource 23ef5479-d679-40f2-8665-938c67d43c06 (type: ports) to 4
2026-06-23 19:55:57.825 8 INFO neutron.db.ovn_revision_numbers_db [None req-afee6f59-22d3-4b34-9bc1-693986e7f2a6 a0059a1265b74dc3b91caa6a6a4981c2 6d31056886ff4edb8b9a9562d1fa7deb - - default default] Successfully bumped revision number for resource a699a03f-3020-4467-8b5d-acd1bb186af3 (type: security_groups) to 1
2026-06-23 19:55:57.848 8 INFO neutron.db.ovn_revision_numbers_db [None req-afee6f59-22d3-4b34-9bc1-693986e7f2a6 a0059a1265b74dc3b91caa6a6a4981c2 6d31056886ff4edb8b9a9562d1fa7deb - - default default] Successfully bumped revision number for resource 0cc190ea-cfaf-4130-ac85-ba5a4a038641 (type: security_group_rules) to 0
2026-06-23 19:55:57.867 8 INFO neutron.db.ovn_revision_numbers_db [None req-afee6f59-22d3-4b34-9bc1-693986e7f2a6 a0059a1265b74dc3b91caa6a6a4981c2 6d31056886ff4edb8b9a9562d1fa7deb - - default default] Successfully bumped revision number for resource 730918c5-3156-4032-bc39-8b78c06f0f58 (type: security_group_rules) to 0
2026-06-23 19:55:57.904 8 INFO neutron.db.ovn_revision_numbers_db [None req-afee6f59-22d3-4b34-9bc1-693986e7f2a6 a0059a1265b74dc3b91caa6a6a4981c2 6d31056886ff4edb8b9a9562d1fa7deb - - default default] Successfully bumped revision number for resource e50d0e3c-dbc8-4b50-9fca-1d01cc874797 (type: security_group_rules) to 0
2026-06-23 19:55:57.931 8 INFO neutron.db.ovn_revision_numbers_db [None req-afee6f59-22d3-4b34-9bc1-693986e7f2a6 a0059a1265b74dc3b91caa6a6a4981c2 6d31056886ff4edb8b9a9562d1fa7deb - - default default] Successfully bumped revision number for resource fffce3fe-4f3e-4003-a616-2510985abdf6 (type: security_group_rules) to 0 [pid: 8|app: 0|req: 1129/2323] 10.0.0.24 () {32 vars in 773 bytes} [Tue Jun 23 19:55:57 2026] GET /v2.0/security-groups?tenant_id=2f04991a4d9a4621b55e84837f5f40ac&name=default => generated 2925 bytes in 635 msecs (HTTP/1.1 200) 4 headers in 158 bytes (1 switches on core 0)
2026-06-23 19:55:58.075 7 INFO neutron.db.ovn_revision_numbers_db [None req-b217123c-2113-4766-add6-c72805dd9797 640fe8530d104e3e8cd22ed53a5e03cd 9406e315e7e340408721702c3cf34699 - - default default] Successfully bumped revision number for resource 5124a7cb-79c6-4762-863b-35858525a5b1 (type: router_ports) to 1 [pid: 7|app: 0|req: 1195/2324] 10.0.0.24 () {34 vars in 782 bytes} [Tue Jun 23 19:55:56 2026] PUT /v2.0/routers/40508ab7-ed11-4113-adf0-97a55811a164/add_router_interface => generated 309 bytes in 1685 msecs (HTTP/1.1 200) 4 headers in 157 bytes (1 switches on core 0) [pid: 8|app: 0|req: 1130/2325] 10.0.0.24 () {32 vars in 685 bytes} [Tue Jun 23 19:55:57 2026] GET /v2.0/subnetpools?tags=red%2Cblue => generated 1056 bytes in 116 msecs (HTTP/1.1 200) 4 headers in 158 bytes (1 switches on core 0) [pid: 7|app: 0|req: 1196/2326] 10.0.0.24 () {32 vars in 739 bytes} [Tue Jun 23 19:55:58 2026] DELETE /v2.0/security-groups/a699a03f-3020-4467-8b5d-acd1bb186af3 => generated 0 bytes in 200 msecs (HTTP/1.1 204) 2 headers in 112 bytes (1 switches on core 0) [pid: 7|app: 0|req: 1197/2327] 10.0.0.24 () {32 vars in 681 bytes} [Tue Jun 23 19:55:58 2026] GET /v2.0/subnetpools?tags-any=blue => generated 1056 bytes in 21 msecs (HTTP/1.1 200) 4 headers in 158 bytes (1 switches on core 0)
2026-06-23 19:55:58.503 8 INFO neutron.db.ovn_revision_numbers_db [None req-5bb876e7-9a35-4b86-887a-979a5504092e - - - - - -] Successfully bumped revision number for resource 23ef5479-d679-40f2-8665-938c67d43c06 (type: ports) to 5
2026-06-23 19:55:58.622 7 INFO neutron.db.ovn_revision_numbers_db [None req-b66e8e0e-162d-4b04-85bd-092caeadcba1 766057f7169e4e1fb9757a8d6e9aecd0 4230220e6c82439cbabd196ad0e3ff51 - - default default] Successfully bumped revision number for resource 7b12f952-9d36-4543-9391-081762574eef (type: security_groups) to 1
2026-06-23 19:55:58.635 7 INFO neutron.db.ovn_revision_numbers_db [None req-b66e8e0e-162d-4b04-85bd-092caeadcba1 766057f7169e4e1fb9757a8d6e9aecd0 4230220e6c82439cbabd196ad0e3ff51 - - default default] Successfully bumped revision number for resource 0fbec969-3d4c-41e9-a763-b456202fd16c (type: security_group_rules) to 0
2026-06-23 19:55:58.647 7 INFO neutron.db.ovn_revision_numbers_db [None req-b66e8e0e-162d-4b04-85bd-092caeadcba1 766057f7169e4e1fb9757a8d6e9aecd0 4230220e6c82439cbabd196ad0e3ff51 - - default default] Successfully bumped revision number for resource 369ee8f5-099a-40ee-9315-92248bf8413b (type: security_group_rules) to 0
2026-06-23 19:55:58.658 7 INFO neutron.db.ovn_revision_numbers_db [None req-b66e8e0e-162d-4b04-85bd-092caeadcba1 766057f7169e4e1fb9757a8d6e9aecd0 4230220e6c82439cbabd196ad0e3ff51 - - default default] Successfully bumped revision number for resource 67d1b72d-8b86-4602-8462-590d67470167 (type: security_group_rules) to 0
2026-06-23 19:55:58.670 7 INFO neutron.db.ovn_revision_numbers_db [None req-b66e8e0e-162d-4b04-85bd-092caeadcba1 766057f7169e4e1fb9757a8d6e9aecd0 4230220e6c82439cbabd196ad0e3ff51 - - default default] Successfully bumped revision number for resource dc3d6e47-243d-4dd4-acb7-0ad9ae35510d (type: security_group_rules) to 0
2026-06-23 19:55:58.744 7 INFO neutron.db.segments_db [None req-b66e8e0e-162d-4b04-85bd-092caeadcba1 766057f7169e4e1fb9757a8d6e9aecd0 4230220e6c82439cbabd196ad0e3ff51 - - default default] Added segment b1170ff4-3498-478e-af61-375221e6333d of type geneve for network b4ce6f9a-32d0-41da-a48f-901cef2fffcb
2026-06-23 19:55:58.846 7 INFO neutron.db.ovn_revision_numbers_db [None req-b66e8e0e-162d-4b04-85bd-092caeadcba1 766057f7169e4e1fb9757a8d6e9aecd0 4230220e6c82439cbabd196ad0e3ff51 - - default default] Successfully bumped revision number for resource b4ce6f9a-32d0-41da-a48f-901cef2fffcb (type: networks) to 1
2026-06-23 19:55:58.865 8 WARNING neutron.scheduler.dhcp_agent_scheduler [None req-969714f7-dde5-4582-bc7e-ca518abc8392 640fe8530d104e3e8cd22ed53a5e03cd 9406e315e7e340408721702c3cf34699 - - default default] No more DHCP agents
2026-06-23 19:55:58.866 8 WARNING neutron.api.rpc.agentnotifiers.dhcp_rpc_agent_api [None req-969714f7-dde5-4582-bc7e-ca518abc8392 640fe8530d104e3e8cd22ed53a5e03cd 9406e315e7e340408721702c3cf34699 - - default default] Unable to schedule network e2557b16-63aa-400b-b73c-b085dc6a031e: no agents available; will retry on subsequent port and subnet creation events.
2026-06-23 19:55:59.015 7 WARNING neutron.scheduler.dhcp_agent_scheduler [None req-b66e8e0e-162d-4b04-85bd-092caeadcba1 766057f7169e4e1fb9757a8d6e9aecd0 4230220e6c82439cbabd196ad0e3ff51 - - default default] No more DHCP agents
2026-06-23 19:55:59.016 7 WARNING neutron.api.rpc.agentnotifiers.dhcp_rpc_agent_api [None req-b66e8e0e-162d-4b04-85bd-092caeadcba1 766057f7169e4e1fb9757a8d6e9aecd0 4230220e6c82439cbabd196ad0e3ff51 - - default default] Unable to schedule network b4ce6f9a-32d0-41da-a48f-901cef2fffcb: no agents available; will retry on subsequent port and subnet creation events.
2026-06-23 19:55:59.019 8 INFO neutron.db.ovn_revision_numbers_db [None req-969714f7-dde5-4582-bc7e-ca518abc8392 640fe8530d104e3e8cd22ed53a5e03cd 9406e315e7e340408721702c3cf34699 - - default default] Successfully bumped revision number for resource ca3246c7-a8f3-4206-932d-457c44dc0ba8 (type: ports) to 1
2026-06-23 19:55:59.066 7 INFO neutron.plugins.ml2.drivers.ovn.mech_driver.mech_driver [None req-fae2f109-8e5a-4146-8088-2231ff0306d7 - - - - - -] OVN reports status down for port: 4de9e6d9-80bd-4ab1-99d5-405c71984606
2026-06-23 19:55:59.144 7 INFO neutron.db.ovn_revision_numbers_db [None req-b66e8e0e-162d-4b04-85bd-092caeadcba1 766057f7169e4e1fb9757a8d6e9aecd0 4230220e6c82439cbabd196ad0e3ff51 - - default default] Successfully bumped revision number for resource 4de9e6d9-80bd-4ab1-99d5-405c71984606 (type: ports) to 1 [pid: 7|app: 0|req: 1198/2328] 10.0.0.24 () {34 vars in 670 bytes} [Tue Jun 23 19:55:58 2026] POST /v2.0/networks => generated 632 bytes in 884 msecs (HTTP/1.1 201) 4 headers in 162 bytes (1 switches on core 0) [pid: 7|app: 0|req: 1199/2329] 10.0.0.24 () {32 vars in 693 bytes} [Tue Jun 23 19:55:59 2026] GET /v2.0/subnetpools?tags-any=red%2Cblue => generated 1563 bytes in 39 msecs (HTTP/1.1 200) 4 headers in 158 bytes (1 switches on core 0)
2026-06-23 19:55:59.388 7 INFO neutron.db.ovn_revision_numbers_db [None req-da2907b3-59c0-4946-ae08-46590f1b3792 a0059a1265b74dc3b91caa6a6a4981c2 6d31056886ff4edb8b9a9562d1fa7deb - - default default] Successfully bumped revision number for resource dedd6985-85c5-41ae-ac00-cef40ca0e5b5 (type: security_groups) to 1
2026-06-23 19:55:59.401 7 INFO neutron.db.ovn_revision_numbers_db [None req-da2907b3-59c0-4946-ae08-46590f1b3792 a0059a1265b74dc3b91caa6a6a4981c2 6d31056886ff4edb8b9a9562d1fa7deb - - default default] Successfully bumped revision number for resource 8b74e53d-7edb-40fe-8809-e8c80422357d (type: security_group_rules) to 0
2026-06-23 19:55:59.421 7 INFO neutron.db.ovn_revision_numbers_db [None req-da2907b3-59c0-4946-ae08-46590f1b3792 a0059a1265b74dc3b91caa6a6a4981c2 6d31056886ff4edb8b9a9562d1fa7deb - - default default] Successfully bumped revision number for resource a8ac5eec-b9f1-4174-a306-59af394e3c67 (type: security_group_rules) to 0
2026-06-23 19:55:59.434 7 INFO neutron.db.ovn_revision_numbers_db [None req-da2907b3-59c0-4946-ae08-46590f1b3792 a0059a1265b74dc3b91caa6a6a4981c2 6d31056886ff4edb8b9a9562d1fa7deb - - default default] Successfully bumped revision number for resource bee99ce3-4ed5-493d-931b-1a6c3108f6dc (type: security_group_rules) to 0
2026-06-23 19:55:59.450 7 INFO neutron.db.ovn_revision_numbers_db [None req-da2907b3-59c0-4946-ae08-46590f1b3792 a0059a1265b74dc3b91caa6a6a4981c2 6d31056886ff4edb8b9a9562d1fa7deb - - default default] Successfully bumped revision number for resource cacee34e-8bff-4339-bc03-6f4699e545f9 (type: security_group_rules) to 0
2026-06-23 19:55:59.452 8 INFO neutron.plugins.ml2.drivers.ovn.mech_driver.mech_driver [None req-31e1500b-a8c4-438a-923a-d9f3c8283366 - - - - - -] OVN reports status down for port: 5124a7cb-79c6-4762-863b-35858525a5b1 [pid: 7|app: 0|req: 1200/2330] 10.0.0.24 () {32 vars in 773 bytes} [Tue Jun 23 19:55:59 2026] GET /v2.0/security-groups?tenant_id=cba7fec53b084f23a8b13dedad0ac037&name=default => generated 2925 bytes in 272 msecs (HTTP/1.1 200) 4 headers in 158 bytes (1 switches on core 0)
2026-06-23 19:55:59.576 8 WARNING neutron.plugins.ml2.drivers.ovn.mech_driver.ovsdb.ovn_client [None req-31e1500b-a8c4-438a-923a-d9f3c8283366 - - - - - -] Logical_Switch_Port 5124a7cb-79c6-4762-863b-35858525a5b1 host information not removed, the port state is up
2026-06-23 19:55:59.578 8 INFO neutron.plugins.ml2.drivers.ovn.mech_driver.mech_driver [None req-31e1500b-a8c4-438a-923a-d9f3c8283366 - - - - - -] OVN reports status up for port: 5124a7cb-79c6-4762-863b-35858525a5b1
2026-06-23 19:55:59.601 8 INFO neutron.plugins.ml2.plugin [None req-31e1500b-a8c4-438a-923a-d9f3c8283366 - - - - - -] Attempt 1 to provision port 5124a7cb-79c6-4762-863b-35858525a5b1
2026-06-23 19:55:59.873 7 WARNING neutron.scheduler.dhcp_agent_scheduler [None req-fa409249-92ed-460c-a4bb-196a183d8675 766057f7169e4e1fb9757a8d6e9aecd0 4230220e6c82439cbabd196ad0e3ff51 - - default default] No more DHCP agents
2026-06-23 19:55:59.874 7 WARNING neutron.api.rpc.agentnotifiers.dhcp_rpc_agent_api [None req-fa409249-92ed-460c-a4bb-196a183d8675 766057f7169e4e1fb9757a8d6e9aecd0 4230220e6c82439cbabd196ad0e3ff51 - - default default] Unable to schedule network 899a188c-9f6d-4fb3-98e8-d96ab5d8b63b: no agents available; will retry on subsequent port and subnet creation events.
2026-06-23 19:56:00.009 7 INFO neutron.db.ovn_revision_numbers_db [None req-fa409249-92ed-460c-a4bb-196a183d8675 766057f7169e4e1fb9757a8d6e9aecd0 4230220e6c82439cbabd196ad0e3ff51 - - default default] Successfully bumped revision number for resource be9d129f-5df8-4aa7-9227-ef245c7f4da0 (type: ports) to 1
2026-06-23 19:56:00.163 8 WARNING neutron.scheduler.dhcp_agent_scheduler [None req-969714f7-dde5-4582-bc7e-ca518abc8392 640fe8530d104e3e8cd22ed53a5e03cd 9406e315e7e340408721702c3cf34699 - - default default] No more DHCP agents
2026-06-23 19:56:00.166 8 WARNING neutron.api.rpc.agentnotifiers.dhcp_rpc_agent_api [None req-969714f7-dde5-4582-bc7e-ca518abc8392 640fe8530d104e3e8cd22ed53a5e03cd 9406e315e7e340408721702c3cf34699 - - default default] Unable to schedule network e2557b16-63aa-400b-b73c-b085dc6a031e: no agents available; will retry on subsequent port and subnet creation events.
2026-06-23 19:56:00.380 8 INFO neutron.db.ovn_revision_numbers_db [None req-31e1500b-a8c4-438a-923a-d9f3c8283366 - - - - - -] Successfully bumped revision number for resource 5124a7cb-79c6-4762-863b-35858525a5b1 (type: ports) to 2
2026-06-23 19:56:00.608 7 INFO neutron.plugins.ml2.drivers.ovn.mech_driver.ovsdb.commands [None req-421f79aa-4331-4056-b041-19f0d1efda22 - - - - - -] Schedule LRP lrp-be9d129f-5df8-4aa7-9227-ef245c7f4da0 on gateway 8739d57f-4550-46e6-8a8a-50ad0aafa605 with priority 1
2026-06-23 19:56:00.683 7 INFO neutron.plugins.ml2.drivers.ovn.mech_driver.ovsdb.ovsdb_monitor [None req-1a37fae4-b41d-407d-9a10-d46c878a7060 - - - - - -] Router 5d480a11-8667-4653-aaf1-1f617b8c51cb is bound to host instance
2026-06-23 19:56:00.693 7 INFO neutron.db.ovn_revision_numbers_db [None req-fa409249-92ed-460c-a4bb-196a183d8675 766057f7169e4e1fb9757a8d6e9aecd0 4230220e6c82439cbabd196ad0e3ff51 - - default default] Successfully bumped revision number for resource be9d129f-5df8-4aa7-9227-ef245c7f4da0 (type: router_ports) to 1
2026-06-23 19:56:00.732 8 INFO neutron.db.ovn_revision_numbers_db [None req-969714f7-dde5-4582-bc7e-ca518abc8392 640fe8530d104e3e8cd22ed53a5e03cd 9406e315e7e340408721702c3cf34699 - - default default] Successfully bumped revision number for resource ca3246c7-a8f3-4206-932d-457c44dc0ba8 (type: router_ports) to 1 [pid: 8|app: 0|req: 1131/2331] 10.0.0.24 () {34 vars in 782 bytes} [Tue Jun 23 19:55:58 2026] PUT /v2.0/routers/40508ab7-ed11-4113-adf0-97a55811a164/add_router_interface => generated 309 bytes in 2621 msecs (HTTP/1.1 200) 4 headers in 157 bytes (1 switches on core 0) [pid: 8|app: 0|req: 1132/2332] 10.0.0.24 () {32 vars in 679 bytes} [Tue Jun 23 19:56:00 2026] GET /v2.0/subnetpools?not-tags=red => generated 1028 bytes in 17 msecs (HTTP/1.1 200) 4 headers in 158 bytes (1 switches on core 0)
2026-06-23 19:56:00.841 7 INFO neutron.db.ovn_revision_numbers_db [None req-fa409249-92ed-460c-a4bb-196a183d8675 766057f7169e4e1fb9757a8d6e9aecd0 4230220e6c82439cbabd196ad0e3ff51 - - default default] Successfully bumped revision number for resource 5d480a11-8667-4653-aaf1-1f617b8c51cb (type: routers) to 2 [pid: 7|app: 0|req: 1201/2333] 10.0.0.24 () {34 vars in 668 bytes} [Tue Jun 23 19:55:59 2026] POST /v2.0/routers => generated 954 bytes in 1373 msecs (HTTP/1.1 201) 4 headers in 162 bytes (1 switches on core 0) [pid: 8|app: 0|req: 1133/2334] 10.0.0.24 () {32 vars in 739 bytes} [Tue Jun 23 19:56:00 2026] DELETE /v2.0/security-groups/dedd6985-85c5-41ae-ac00-cef40ca0e5b5 => generated 0 bytes in 198 msecs (HTTP/1.1 204) 2 headers in 112 bytes (1 switches on core 0) [pid: 8|app: 0|req: 1134/2335] 10.0.0.24 () {32 vars in 693 bytes} [Tue Jun 23 19:56:00 2026] GET /v2.0/subnetpools?not-tags=red%2Cblue => generated 1535 bytes in 22 msecs (HTTP/1.1 200) 4 headers in 158 bytes (1 switches on core 0) [pid: 8|app: 0|req: 1135/2336] 10.0.0.24 () {32 vars in 775 bytes} [Tue Jun 23 19:56:00 2026] GET /v2.0/subnets?project_id=4230220e6c82439cbabd196ad0e3ff51&cidr=10.100.0.0%2F28 => generated 14 bytes in 150 msecs (HTTP/1.1 200) 4 headers in 156 bytes (1 switches on core 0) [pid: 8|app: 0|req: 1136/2337] 10.0.0.24 () {32 vars in 689 bytes} [Tue Jun 23 19:56:01 2026] GET /v2.0/subnetpools?not-tags-any=blue => generated 1535 bytes in 31 msecs (HTTP/1.1 200) 4 headers in 158 bytes (1 switches on core 0) [pid: 8|app: 0|req: 1137/2338] 10.0.0.24 () {32 vars in 773 bytes} [Tue Jun 23 19:56:01 2026] GET /v2.0/security-groups?tenant_id=5e7487bed8dd41e2a8a4b19d6acac80b&name=default => generated 2925 bytes in 26 msecs (HTTP/1.1 200) 4 headers in 158 bytes (1 switches on core 0) [pid: 8|app: 0|req: 1138/2339] 10.0.0.24 () {32 vars in 693 bytes} [Tue Jun 23 19:56:01 2026] GET /v2.0/networks?router%3Aexternal=True => generated 753 bytes in 68 msecs (HTTP/1.1 200) 4 headers in 157 bytes (1 switches on core 0) [pid: 8|app: 0|req: 1139/2340] 10.0.0.24 () {32 vars in 701 bytes} [Tue Jun 23 19:56:01 2026] GET /v2.0/subnetpools?not-tags-any=red%2Cblue => generated 1028 bytes in 20 msecs (HTTP/1.1 200) 4 headers in 158 bytes (1 switches on core 0) [pid: 8|app: 0|req: 1140/2341] 10.0.0.24 () {32 vars in 739 bytes} [Tue Jun 23 19:56:01 2026] DELETE /v2.0/security-groups/16868e56-3f42-46f2-af15-0241cde58c45 => generated 0 bytes in 200 msecs (HTTP/1.1 204) 2 headers in 112 bytes (1 switches on core 0) [pid: 8|app: 0|req: 1141/2342] 10.0.0.24 () {32 vars in 783 bytes} [Tue Jun 23 19:56:01 2026] GET /v2.0/subnets?network_id=899a188c-9f6d-4fb3-98e8-d96ab5d8b63b&cidr=10.100.0.0%2F28 => generated 14 bytes in 24 msecs (HTTP/1.1 200) 4 headers in 156 bytes (1 switches on core 0) [pid: 8|app: 0|req: 1142/2343] 10.0.0.24 () {32 vars in 731 bytes} [Tue Jun 23 19:56:01 2026] DELETE /v2.0/subnetpools/cc080725-639a-4f63-b5d3-6f94b7daadb2 => generated 0 bytes in 51 msecs (HTTP/1.1 204) 2 headers in 112 bytes (1 switches on core 0)
2026-06-23 19:56:01.716 8 WARNING neutron.scheduler.dhcp_agent_scheduler [None req-5862cd69-1aed-4807-8e9c-9da3be352627 766057f7169e4e1fb9757a8d6e9aecd0 4230220e6c82439cbabd196ad0e3ff51 - - default default] No more DHCP agents
2026-06-23 19:56:01.718 8 WARNING neutron.api.rpc.agentnotifiers.dhcp_rpc_agent_api [None req-5862cd69-1aed-4807-8e9c-9da3be352627 766057f7169e4e1fb9757a8d6e9aecd0 4230220e6c82439cbabd196ad0e3ff51 - - default default] Unable to schedule network b4ce6f9a-32d0-41da-a48f-901cef2fffcb: no agents available; will retry on subsequent port and subnet creation events.
2026-06-23 19:56:01.817 7 WARNING neutron.scheduler.dhcp_agent_scheduler [None req-9d3d8ec7-cb9e-42cb-b37a-5658cb7c02d2 640fe8530d104e3e8cd22ed53a5e03cd 9406e315e7e340408721702c3cf34699 - - default default] No more DHCP agents
2026-06-23 19:56:01.821 7 WARNING neutron.api.rpc.agentnotifiers.dhcp_rpc_agent_api [None req-9d3d8ec7-cb9e-42cb-b37a-5658cb7c02d2 640fe8530d104e3e8cd22ed53a5e03cd 9406e315e7e340408721702c3cf34699 - - default default] Unable to schedule network 129e7a6c-eab1-4edb-8828-0c6d41b9bcb1: no agents available; will retry on subsequent port and subnet creation events.
2026-06-23 19:56:02.066 7 INFO neutron.db.ovn_revision_numbers_db [None req-9d3d8ec7-cb9e-42cb-b37a-5658cb7c02d2 640fe8530d104e3e8cd22ed53a5e03cd 9406e315e7e340408721702c3cf34699 - - default default] Successfully bumped revision number for resource 3257d9da-0c30-4066-8f95-490ede8b2904 (type: ports) to 1
