Apr 08 05:19:48.014221 np0000164204 nova-conductor[109624]: DEBUG cotyledon.oslo_config_glue [-] vmware.vnc_keymap = en-us {{(pid=109624) log_opt_values /opt/stack/data/venv/lib/python3.12/site-packages/oslo_config/cfg.py:3006}}
Apr 08 05:19:48.014221 np0000164204 nova-conductor[109624]: DEBUG cotyledon.oslo_config_glue [-] vmware.vnc_port = 5900 {{(pid=109624) log_opt_values /opt/stack/data/venv/lib/python3.12/site-packages/oslo_config/cfg.py:3006}}
Apr 08 05:19:48.014221 np0000164204 nova-conductor[109624]: DEBUG cotyledon.oslo_config_glue [-] vmware.vnc_port_total = 10000 {{(pid=109624) log_opt_values /opt/stack/data/venv/lib/python3.12/site-packages/oslo_config/cfg.py:3006}}
Apr 08 05:19:48.014221 np0000164204 nova-conductor[109624]: DEBUG cotyledon.oslo_config_glue [-] vnc.auth_schemes = ['none'] {{(pid=109624) log_opt_values /opt/stack/data/venv/lib/python3.12/site-packages/oslo_config/cfg.py:3006}}
Apr 08 05:19:48.014221 np0000164204 nova-conductor[109624]: DEBUG cotyledon.oslo_config_glue [-] vnc.enabled = True {{(pid=109624) log_opt_values /opt/stack/data/venv/lib/python3.12/site-packages/oslo_config/cfg.py:3006}}
Apr 08 05:19:48.014427 np0000164204 nova-conductor[109624]: DEBUG cotyledon.oslo_config_glue [-] vnc.novncproxy_base_url = http://127.0.0.1:6080/vnc_auto.html {{(pid=109624) log_opt_values /opt/stack/data/venv/lib/python3.12/site-packages/oslo_config/cfg.py:3006}}
Apr 08 05:19:48.014427 np0000164204 nova-conductor[109624]: DEBUG cotyledon.oslo_config_glue [-] vnc.novncproxy_host = 0.0.0.0 {{(pid=109624) log_opt_values /opt/stack/data/venv/lib/python3.12/site-packages/oslo_config/cfg.py:3006}}
Apr 08 05:19:48.014427 np0000164204 nova-conductor[109624]: DEBUG cotyledon.oslo_config_glue [-] vnc.novncproxy_port = 6080 {{(pid=109624) log_opt_values /opt/stack/data/venv/lib/python3.12/site-packages/oslo_config/cfg.py:3006}}
Apr 08 05:19:48.014427 np0000164204 nova-conductor[109624]: DEBUG cotyledon.oslo_config_glue [-] vnc.server_listen = 127.0.0.1 {{(pid=109624) log_opt_values /opt/stack/data/venv/lib/python3.12/site-packages/oslo_config/cfg.py:3006}}
Apr 08 05:19:48.014427 np0000164204 nova-conductor[109624]: DEBUG cotyledon.oslo_config_glue [-] vnc.server_proxyclient_address = 127.0.0.1 {{(pid=109624) log_opt_values /opt/stack/data/venv/lib/python3.12/site-packages/oslo_config/cfg.py:3006}}
Apr 08 05:19:48.014427 np0000164204 nova-conductor[109624]: DEBUG cotyledon.oslo_config_glue [-] vnc.vencrypt_ca_certs = None {{(pid=109624) log_opt_values /opt/stack/data/venv/lib/python3.12/site-packages/oslo_config/cfg.py:3006}}
Apr 08 05:19:48.014427 np0000164204 nova-conductor[109624]: DEBUG cotyledon.oslo_config_glue [-] vnc.vencrypt_client_cert = None {{(pid=109624) log_opt_values /opt/stack/data/venv/lib/python3.12/site-packages/oslo_config/cfg.py:3006}}
Apr 08 05:19:48.014427 np0000164204 nova-conductor[109624]: DEBUG cotyledon.oslo_config_glue [-] vnc.vencrypt_client_key = None {{(pid=109624) log_opt_values /opt/stack/data/venv/lib/python3.12/site-packages/oslo_config/cfg.py:3006}}
Apr 08 05:19:48.014427 np0000164204 nova-conductor[109624]: DEBUG cotyledon.oslo_config_glue [-] workarounds.disable_compute_service_check_for_ffu = False {{(pid=109624) log_opt_values /opt/stack/data/venv/lib/python3.12/site-packages/oslo_config/cfg.py:3006}}
Apr 08 05:19:48.014654 np0000164204 nova-conductor[109624]: DEBUG cotyledon.oslo_config_glue [-] workarounds.disable_deep_image_inspection = False {{(pid=109624) log_opt_values /opt/stack/data/venv/lib/python3.12/site-packages/oslo_config/cfg.py:3006}}
Apr 08 05:19:48.014654 np0000164204 nova-conductor[109624]: DEBUG cotyledon.oslo_config_glue [-] workarounds.disable_fallback_pcpu_query = False {{(pid=109624) log_opt_values /opt/stack/data/venv/lib/python3.12/site-packages/oslo_config/cfg.py:3006}}
Apr 08 05:19:48.014654 np0000164204 nova-conductor[109624]: DEBUG cotyledon.oslo_config_glue [-] workarounds.disable_group_policy_check_upcall = False {{(pid=109624) log_opt_values /opt/stack/data/venv/lib/python3.12/site-packages/oslo_config/cfg.py:3006}}
Apr 08 05:19:48.014654 np0000164204 nova-conductor[109624]: DEBUG cotyledon.oslo_config_glue [-] workarounds.disable_libvirt_livesnapshot = False {{(pid=109624) log_opt_values /opt/stack/data/venv/lib/python3.12/site-packages/oslo_config/cfg.py:3006}}
Apr 08 05:19:48.014654 np0000164204 nova-conductor[109624]: DEBUG cotyledon.oslo_config_glue [-] workarounds.disable_rootwrap = False {{(pid=109624) log_opt_values /opt/stack/data/venv/lib/python3.12/site-packages/oslo_config/cfg.py:3006}}
Apr 08 05:19:48.014654 np0000164204 nova-conductor[109624]: DEBUG cotyledon.oslo_config_glue [-] workarounds.enable_numa_live_migration = False {{(pid=109624) log_opt_values /opt/stack/data/venv/lib/python3.12/site-packages/oslo_config/cfg.py:3006}}
Apr 08 05:19:48.014654 np0000164204 nova-conductor[109624]: DEBUG cotyledon.oslo_config_glue [-] workarounds.enable_qemu_monitor_announce_self = False {{(pid=109624) log_opt_values /opt/stack/data/venv/lib/python3.12/site-packages/oslo_config/cfg.py:3006}}
Apr 08 05:19:48.014654 np0000164204 nova-conductor[109624]: DEBUG cotyledon.oslo_config_glue [-] workarounds.ensure_libvirt_rbd_instance_dir_cleanup = False {{(pid=109624) log_opt_values /opt/stack/data/venv/lib/python3.12/site-packages/oslo_config/cfg.py:3006}}
Apr 08 05:19:48.014654 np0000164204 nova-conductor[109624]: DEBUG cotyledon.oslo_config_glue [-] workarounds.handle_virt_lifecycle_events = True {{(pid=109624) log_opt_values /opt/stack/data/venv/lib/python3.12/site-packages/oslo_config/cfg.py:3006}}
Apr 08 05:19:48.014872 np0000164204 nova-conductor[109624]: DEBUG cotyledon.oslo_config_glue [-] workarounds.libvirt_disable_apic = False {{(pid=109624) log_opt_values /opt/stack/data/venv/lib/python3.12/site-packages/oslo_config/cfg.py:3006}}
Apr 08 05:19:48.014872 np0000164204 nova-conductor[109624]: DEBUG cotyledon.oslo_config_glue [-] workarounds.never_download_image_if_on_rbd = False {{(pid=109624) log_opt_values /opt/stack/data/venv/lib/python3.12/site-packages/oslo_config/cfg.py:3006}}
Apr 08 05:19:48.014921 np0000164204 nova-conductor[109606]: DEBUG oslo_db.sqlalchemy.engines [None req-6da68011-07d0-4837-803c-c9337c048c47 None None] MySQL server mode set to STRICT_TRANS_TABLES,STRICT_ALL_TABLES,NO_ZERO_IN_DATE,NO_ZERO_DATE,ERROR_FOR_DIVISION_BY_ZERO,TRADITIONAL,NO_ENGINE_SUBSTITUTION {{(pid=109606) _check_effective_sql_mode /opt/stack/data/venv/lib/python3.12/site-packages/oslo_db/sqlalchemy/engines.py:325}}
Apr 08 05:19:48.014951 np0000164204 nova-conductor[109624]: DEBUG cotyledon.oslo_config_glue [-] workarounds.qemu_monitor_announce_self_count = 3 {{(pid=109624) log_opt_values /opt/stack/data/venv/lib/python3.12/site-packages/oslo_config/cfg.py:3006}}
Apr 08 05:19:48.014951 np0000164204 nova-conductor[109624]: DEBUG cotyledon.oslo_config_glue [-] workarounds.qemu_monitor_announce_self_interval = 1 {{(pid=109624) log_opt_values /opt/stack/data/venv/lib/python3.12/site-packages/oslo_config/cfg.py:3006}}
Apr 08 05:19:48.014951 np0000164204 nova-conductor[109624]: DEBUG cotyledon.oslo_config_glue [-] workarounds.reserve_disk_resource_for_image_cache = False {{(pid=109624) log_opt_values /opt/stack/data/venv/lib/python3.12/site-packages/oslo_config/cfg.py:3006}}
Apr 08 05:19:48.014951 np0000164204 nova-conductor[109624]: DEBUG cotyledon.oslo_config_glue [-] workarounds.skip_cpu_compare_at_startup = False {{(pid=109624) log_opt_values /opt/stack/data/venv/lib/python3.12/site-packages/oslo_config/cfg.py:3006}}
Apr 08 05:19:48.014951 np0000164204 nova-conductor[109624]: DEBUG cotyledon.oslo_config_glue [-] workarounds.skip_cpu_compare_on_dest = False {{(pid=109624) log_opt_values /opt/stack/data/venv/lib/python3.12/site-packages/oslo_config/cfg.py:3006}}
Apr 08 05:19:48.014951 np0000164204 nova-conductor[109624]: DEBUG cotyledon.oslo_config_glue [-] workarounds.skip_hypervisor_version_check_on_lm = False {{(pid=109624) log_opt_values /opt/stack/data/venv/lib/python3.12/site-packages/oslo_config/cfg.py:3006}}
Apr 08 05:19:48.014951 np0000164204 nova-conductor[109624]: DEBUG cotyledon.oslo_config_glue [-] workarounds.skip_reserve_in_use_ironic_nodes = False {{(pid=109624) log_opt_values /opt/stack/data/venv/lib/python3.12/site-packages/oslo_config/cfg.py:3006}}
Apr 08 05:19:48.014951 np0000164204 nova-conductor[109624]: DEBUG cotyledon.oslo_config_glue [-] workarounds.unified_limits_count_pcpu_as_vcpu = False {{(pid=109624) log_opt_values /opt/stack/data/venv/lib/python3.12/site-packages/oslo_config/cfg.py:3006}}
Apr 08 05:19:48.015144 np0000164204 nova-conductor[109624]: DEBUG cotyledon.oslo_config_glue [-] workarounds.wait_for_vif_plugged_event_during_hard_reboot = [] {{(pid=109624) log_opt_values /opt/stack/data/venv/lib/python3.12/site-packages/oslo_config/cfg.py:3006}}
Apr 08 05:19:48.015144 np0000164204 nova-conductor[109624]: DEBUG cotyledon.oslo_config_glue [-] wsgi.api_paste_config = /etc/nova/api-paste.ini {{(pid=109624) log_opt_values /opt/stack/data/venv/lib/python3.12/site-packages/oslo_config/cfg.py:3006}}
Apr 08 05:19:48.015144 np0000164204 nova-conductor[109624]: DEBUG cotyledon.oslo_config_glue [-] wsgi.secure_proxy_ssl_header = None {{(pid=109624) log_opt_values /opt/stack/data/venv/lib/python3.12/site-packages/oslo_config/cfg.py:3006}}
Apr 08 05:19:48.015144 np0000164204 nova-conductor[109624]: DEBUG cotyledon.oslo_config_glue [-] zvm.ca_file = None {{(pid=109624) log_opt_values /opt/stack/data/venv/lib/python3.12/site-packages/oslo_config/cfg.py:3006}}
Apr 08 05:19:48.015144 np0000164204 nova-conductor[109624]: DEBUG cotyledon.oslo_config_glue [-] zvm.cloud_connector_url = None {{(pid=109624) log_opt_values /opt/stack/data/venv/lib/python3.12/site-packages/oslo_config/cfg.py:3006}}
Apr 08 05:19:48.015144 np0000164204 nova-conductor[109624]: DEBUG cotyledon.oslo_config_glue [-] zvm.image_tmp_path = /opt/stack/data/nova/images {{(pid=109624) log_opt_values /opt/stack/data/venv/lib/python3.12/site-packages/oslo_config/cfg.py:3006}}
Apr 08 05:19:48.015144 np0000164204 nova-conductor[109624]: DEBUG cotyledon.oslo_config_glue [-] zvm.reachable_timeout = 300 {{(pid=109624) log_opt_values /opt/stack/data/venv/lib/python3.12/site-packages/oslo_config/cfg.py:3006}}
Apr 08 05:19:48.015144 np0000164204 nova-conductor[109624]: DEBUG cotyledon.oslo_config_glue [-] oslo_versionedobjects.fatal_exception_format_errors = False {{(pid=109624) log_opt_values /opt/stack/data/venv/lib/python3.12/site-packages/oslo_config/cfg.py:3006}}
Apr 08 05:19:48.015144 np0000164204 nova-conductor[109624]: DEBUG cotyledon.oslo_config_glue [-] oslo_middleware.http_basic_auth_user_file = /etc/htpasswd {{(pid=109624) log_opt_values /opt/stack/data/venv/lib/python3.12/site-packages/oslo_config/cfg.py:3006}}
Apr 08 05:19:48.015362 np0000164204 nova-conductor[109624]: DEBUG cotyledon.oslo_config_glue [-] profiler.connection_string = messaging:// {{(pid=109624) log_opt_values /opt/stack/data/venv/lib/python3.12/site-packages/oslo_config/cfg.py:3006}}
Apr 08 05:19:48.015362 np0000164204 nova-conductor[109624]: DEBUG cotyledon.oslo_config_glue [-] profiler.enabled = False {{(pid=109624) log_opt_values /opt/stack/data/venv/lib/python3.12/site-packages/oslo_config/cfg.py:3006}}
Apr 08 05:19:48.015362 np0000164204 nova-conductor[109624]: DEBUG cotyledon.oslo_config_glue [-] profiler.es_doc_type = notification {{(pid=109624) log_opt_values /opt/stack/data/venv/lib/python3.12/site-packages/oslo_config/cfg.py:3006}}
Apr 08 05:19:48.015362 np0000164204 nova-conductor[109624]: DEBUG cotyledon.oslo_config_glue [-] profiler.es_scroll_size = 10000 {{(pid=109624) log_opt_values /opt/stack/data/venv/lib/python3.12/site-packages/oslo_config/cfg.py:3006}}
Apr 08 05:19:48.015362 np0000164204 nova-conductor[109624]: DEBUG cotyledon.oslo_config_glue [-] profiler.es_scroll_time = 2m {{(pid=109624) log_opt_values /opt/stack/data/venv/lib/python3.12/site-packages/oslo_config/cfg.py:3006}}
Apr 08 05:19:48.015362 np0000164204 nova-conductor[109624]: DEBUG cotyledon.oslo_config_glue [-] profiler.filter_error_trace = False {{(pid=109624) log_opt_values /opt/stack/data/venv/lib/python3.12/site-packages/oslo_config/cfg.py:3006}}
Apr 08 05:19:48.015362 np0000164204 nova-conductor[109624]: DEBUG cotyledon.oslo_config_glue [-] profiler.hmac_keys = **** {{(pid=109624) log_opt_values /opt/stack/data/venv/lib/python3.12/site-packages/oslo_config/cfg.py:3006}}
Apr 08 05:19:48.015362 np0000164204 nova-conductor[109624]: DEBUG cotyledon.oslo_config_glue [-] profiler.sentinel_service_name = mymaster {{(pid=109624) log_opt_values /opt/stack/data/venv/lib/python3.12/site-packages/oslo_config/cfg.py:3006}}
Apr 08 05:19:48.015362 np0000164204 nova-conductor[109624]: DEBUG cotyledon.oslo_config_glue [-] profiler.socket_timeout = 0.1 {{(pid=109624) log_opt_values /opt/stack/data/venv/lib/python3.12/site-packages/oslo_config/cfg.py:3006}}
Apr 08 05:19:48.015572 np0000164204 nova-conductor[109624]: DEBUG cotyledon.oslo_config_glue [-] profiler.trace_requests = False {{(pid=109624) log_opt_values /opt/stack/data/venv/lib/python3.12/site-packages/oslo_config/cfg.py:3006}}
Apr 08 05:19:48.015572 np0000164204 nova-conductor[109624]: DEBUG cotyledon.oslo_config_glue [-] profiler.trace_sqlalchemy = False {{(pid=109624) log_opt_values /opt/stack/data/venv/lib/python3.12/site-packages/oslo_config/cfg.py:3006}}
Apr 08 05:19:48.015572 np0000164204 nova-conductor[109624]: DEBUG cotyledon.oslo_config_glue [-] profiler_jaeger.process_tags = {} {{(pid=109624) log_opt_values /opt/stack/data/venv/lib/python3.12/site-packages/oslo_config/cfg.py:3006}}
Apr 08 05:19:48.015572 np0000164204 nova-conductor[109624]: DEBUG cotyledon.oslo_config_glue [-] profiler_jaeger.service_name_prefix = None {{(pid=109624) log_opt_values /opt/stack/data/venv/lib/python3.12/site-packages/oslo_config/cfg.py:3006}}
Apr 08 05:19:48.015572 np0000164204 nova-conductor[109624]: DEBUG cotyledon.oslo_config_glue [-] profiler_otlp.service_name_prefix = None {{(pid=109624) log_opt_values /opt/stack/data/venv/lib/python3.12/site-packages/oslo_config/cfg.py:3006}}
Apr 08 05:19:48.015572 np0000164204 nova-conductor[109624]: DEBUG cotyledon.oslo_config_glue [-] oslo_messaging_rabbit.amqp_auto_delete = False {{(pid=109624) log_opt_values /opt/stack/data/venv/lib/python3.12/site-packages/oslo_config/cfg.py:3006}}
Apr 08 05:19:48.015572 np0000164204 nova-conductor[109624]: DEBUG cotyledon.oslo_config_glue [-] oslo_messaging_rabbit.amqp_durable_queues = False {{(pid=109624) log_opt_values /opt/stack/data/venv/lib/python3.12/site-packages/oslo_config/cfg.py:3006}}
Apr 08 05:19:48.015572 np0000164204 nova-conductor[109624]: DEBUG cotyledon.oslo_config_glue [-] oslo_messaging_rabbit.conn_pool_min_size = 2 {{(pid=109624) log_opt_values /opt/stack/data/venv/lib/python3.12/site-packages/oslo_config/cfg.py:3006}}
Apr 08 05:19:48.015572 np0000164204 nova-conductor[109624]: DEBUG cotyledon.oslo_config_glue [-] oslo_messaging_rabbit.conn_pool_ttl = 1200 {{(pid=109624) log_opt_values /opt/stack/data/venv/lib/python3.12/site-packages/oslo_config/cfg.py:3006}}
Apr 08 05:19:48.015813 np0000164204 nova-conductor[109624]: DEBUG cotyledon.oslo_config_glue [-] oslo_messaging_rabbit.direct_mandatory_flag = True {{(pid=109624) log_opt_values /opt/stack/data/venv/lib/python3.12/site-packages/oslo_config/cfg.py:3006}}
Apr 08 05:19:48.015813 np0000164204 nova-conductor[109624]: DEBUG cotyledon.oslo_config_glue [-] oslo_messaging_rabbit.enable_cancel_on_failover = False {{(pid=109624) log_opt_values /opt/stack/data/venv/lib/python3.12/site-packages/oslo_config/cfg.py:3006}}
Apr 08 05:19:48.015813 np0000164204 nova-conductor[109624]: DEBUG cotyledon.oslo_config_glue [-] oslo_messaging_rabbit.heartbeat_in_pthread = False {{(pid=109624) log_opt_values /opt/stack/data/venv/lib/python3.12/site-packages/oslo_config/cfg.py:3006}}
Apr 08 05:19:48.015813 np0000164204 nova-conductor[109624]: DEBUG cotyledon.oslo_config_glue [-] oslo_messaging_rabbit.heartbeat_rate = 3 {{(pid=109624) log_opt_values /opt/stack/data/venv/lib/python3.12/site-packages/oslo_config/cfg.py:3006}}
Apr 08 05:19:48.015813 np0000164204 nova-conductor[109624]: DEBUG cotyledon.oslo_config_glue [-] oslo_messaging_rabbit.heartbeat_timeout_threshold = 60 {{(pid=109624) log_opt_values /opt/stack/data/venv/lib/python3.12/site-packages/oslo_config/cfg.py:3006}}
Apr 08 05:19:48.015813 np0000164204 nova-conductor[109624]: DEBUG cotyledon.oslo_config_glue [-] oslo_messaging_rabbit.hostname = np0000164204 {{(pid=109624) log_opt_values /opt/stack/data/venv/lib/python3.12/site-packages/oslo_config/cfg.py:3006}}
Apr 08 05:19:48.015813 np0000164204 nova-conductor[109624]: DEBUG cotyledon.oslo_config_glue [-] oslo_messaging_rabbit.kombu_compression = None {{(pid=109624) log_opt_values /opt/stack/data/venv/lib/python3.12/site-packages/oslo_config/cfg.py:3006}}
Apr 08 05:19:48.015813 np0000164204 nova-conductor[109624]: DEBUG cotyledon.oslo_config_glue [-] oslo_messaging_rabbit.kombu_failover_strategy = round-robin {{(pid=109624) log_opt_values /opt/stack/data/venv/lib/python3.12/site-packages/oslo_config/cfg.py:3006}}
Apr 08 05:19:48.016002 np0000164204 nova-conductor[109624]: DEBUG cotyledon.oslo_config_glue [-] oslo_messaging_rabbit.kombu_missing_consumer_retry_timeout = 60 {{(pid=109624) log_opt_values /opt/stack/data/venv/lib/python3.12/site-packages/oslo_config/cfg.py:3006}}
Apr 08 05:19:48.016002 np0000164204 nova-conductor[109624]: DEBUG cotyledon.oslo_config_glue [-] oslo_messaging_rabbit.kombu_reconnect_delay = 1.0 {{(pid=109624) log_opt_values /opt/stack/data/venv/lib/python3.12/site-packages/oslo_config/cfg.py:3006}}
Apr 08 05:19:48.016002 np0000164204 nova-conductor[109624]: DEBUG cotyledon.oslo_config_glue [-] oslo_messaging_rabbit.kombu_reconnect_splay = 0.0 {{(pid=109624) log_opt_values /opt/stack/data/venv/lib/python3.12/site-packages/oslo_config/cfg.py:3006}}
Apr 08 05:19:48.016002 np0000164204 nova-conductor[109624]: DEBUG cotyledon.oslo_config_glue [-] oslo_messaging_rabbit.processname = nova-conductor {{(pid=109624) log_opt_values /opt/stack/data/venv/lib/python3.12/site-packages/oslo_config/cfg.py:3006}}
Apr 08 05:19:48.016002 np0000164204 nova-conductor[109624]: DEBUG cotyledon.oslo_config_glue [-] oslo_messaging_rabbit.rabbit_ha_queues = False {{(pid=109624) log_opt_values /opt/stack/data/venv/lib/python3.12/site-packages/oslo_config/cfg.py:3006}}
Apr 08 05:19:48.016002 np0000164204 nova-conductor[109624]: DEBUG cotyledon.oslo_config_glue [-] oslo_messaging_rabbit.rabbit_interval_max = 30 {{(pid=109624) log_opt_values /opt/stack/data/venv/lib/python3.12/site-packages/oslo_config/cfg.py:3006}}
Apr 08 05:19:48.016002 np0000164204 nova-conductor[109624]: DEBUG cotyledon.oslo_config_glue [-] oslo_messaging_rabbit.rabbit_login_method = AMQPLAIN {{(pid=109624) log_opt_values /opt/stack/data/venv/lib/python3.12/site-packages/oslo_config/cfg.py:3006}}
Apr 08 05:19:48.016002 np0000164204 nova-conductor[109624]: DEBUG cotyledon.oslo_config_glue [-] oslo_messaging_rabbit.rabbit_qos_prefetch_count = 0 {{(pid=109624) log_opt_values /opt/stack/data/venv/lib/python3.12/site-packages/oslo_config/cfg.py:3006}}
Apr 08 05:19:48.016188 np0000164204 nova-conductor[109624]: DEBUG cotyledon.oslo_config_glue [-] oslo_messaging_rabbit.rabbit_quorum_delivery_limit = 0 {{(pid=109624) log_opt_values /opt/stack/data/venv/lib/python3.12/site-packages/oslo_config/cfg.py:3006}}
Apr 08 05:19:48.016188 np0000164204 nova-conductor[109624]: DEBUG cotyledon.oslo_config_glue [-] oslo_messaging_rabbit.rabbit_quorum_max_memory_bytes = 0 {{(pid=109624) log_opt_values /opt/stack/data/venv/lib/python3.12/site-packages/oslo_config/cfg.py:3006}}
Apr 08 05:19:48.016188 np0000164204 nova-conductor[109624]: DEBUG cotyledon.oslo_config_glue [-] oslo_messaging_rabbit.rabbit_quorum_max_memory_length = 0 {{(pid=109624) log_opt_values /opt/stack/data/venv/lib/python3.12/site-packages/oslo_config/cfg.py:3006}}
Apr 08 05:19:48.016188 np0000164204 nova-conductor[109624]: DEBUG cotyledon.oslo_config_glue [-] oslo_messaging_rabbit.rabbit_quorum_queue = False {{(pid=109624) log_opt_values /opt/stack/data/venv/lib/python3.12/site-packages/oslo_config/cfg.py:3006}}
Apr 08 05:19:48.016188 np0000164204 nova-conductor[109624]: DEBUG cotyledon.oslo_config_glue [-] oslo_messaging_rabbit.rabbit_retry_backoff = 2 {{(pid=109624) log_opt_values /opt/stack/data/venv/lib/python3.12/site-packages/oslo_config/cfg.py:3006}}
Apr 08 05:19:48.016188 np0000164204 nova-conductor[109624]: DEBUG cotyledon.oslo_config_glue [-] oslo_messaging_rabbit.rabbit_retry_interval = 1 {{(pid=109624) log_opt_values /opt/stack/data/venv/lib/python3.12/site-packages/oslo_config/cfg.py:3006}}
Apr 08 05:19:48.016188 np0000164204 nova-conductor[109624]: DEBUG cotyledon.oslo_config_glue [-] oslo_messaging_rabbit.rabbit_stream_fanout = False {{(pid=109624) log_opt_values /opt/stack/data/venv/lib/python3.12/site-packages/oslo_config/cfg.py:3006}}
Apr 08 05:19:48.016188 np0000164204 nova-conductor[109624]: DEBUG cotyledon.oslo_config_glue [-] oslo_messaging_rabbit.rabbit_transient_queues_ttl = 1800 {{(pid=109624) log_opt_values /opt/stack/data/venv/lib/python3.12/site-packages/oslo_config/cfg.py:3006}}
Apr 08 05:19:48.016377 np0000164204 nova-conductor[109624]: DEBUG cotyledon.oslo_config_glue [-] oslo_messaging_rabbit.rabbit_transient_quorum_queue = False {{(pid=109624) log_opt_values /opt/stack/data/venv/lib/python3.12/site-packages/oslo_config/cfg.py:3006}}
Apr 08 05:19:48.016377 np0000164204 nova-conductor[109624]: DEBUG cotyledon.oslo_config_glue [-] oslo_messaging_rabbit.rpc_conn_pool_size = 30 {{(pid=109624) log_opt_values /opt/stack/data/venv/lib/python3.12/site-packages/oslo_config/cfg.py:3006}}
Apr 08 05:19:48.016377 np0000164204 nova-conductor[109624]: DEBUG cotyledon.oslo_config_glue [-] oslo_messaging_rabbit.ssl = False {{(pid=109624) log_opt_values /opt/stack/data/venv/lib/python3.12/site-packages/oslo_config/cfg.py:3006}}
Apr 08 05:19:48.016377 np0000164204 nova-conductor[109624]: DEBUG cotyledon.oslo_config_glue [-] oslo_messaging_rabbit.ssl_ca_file = {{(pid=109624) log_opt_values /opt/stack/data/venv/lib/python3.12/site-packages/oslo_config/cfg.py:3006}}
Apr 08 05:19:48.016377 np0000164204 nova-conductor[109624]: DEBUG cotyledon.oslo_config_glue [-] oslo_messaging_rabbit.ssl_cert_file = {{(pid=109624) log_opt_values /opt/stack/data/venv/lib/python3.12/site-packages/oslo_config/cfg.py:3006}}
Apr 08 05:19:48.016377 np0000164204 nova-conductor[109624]: DEBUG cotyledon.oslo_config_glue [-] oslo_messaging_rabbit.ssl_enforce_fips_mode = False {{(pid=109624) log_opt_values /opt/stack/data/venv/lib/python3.12/site-packages/oslo_config/cfg.py:3006}}
Apr 08 05:19:48.016377 np0000164204 nova-conductor[109624]: DEBUG cotyledon.oslo_config_glue [-] oslo_messaging_rabbit.ssl_key_file = {{(pid=109624) log_opt_values /opt/stack/data/venv/lib/python3.12/site-packages/oslo_config/cfg.py:3006}}
Apr 08 05:19:48.016377 np0000164204 nova-conductor[109624]: DEBUG cotyledon.oslo_config_glue [-] oslo_messaging_rabbit.ssl_version = {{(pid=109624) log_opt_values /opt/stack/data/venv/lib/python3.12/site-packages/oslo_config/cfg.py:3006}}
Apr 08 05:19:48.016377 np0000164204 nova-conductor[109624]: DEBUG cotyledon.oslo_config_glue [-] oslo_messaging_rabbit.use_queue_manager = False {{(pid=109624) log_opt_values /opt/stack/data/venv/lib/python3.12/site-packages/oslo_config/cfg.py:3006}}
Apr 08 05:19:48.016585 np0000164204 nova-conductor[109624]: DEBUG cotyledon.oslo_config_glue [-] oslo_messaging_notifications.driver = ['messagingv2'] {{(pid=109624) log_opt_values /opt/stack/data/venv/lib/python3.12/site-packages/oslo_config/cfg.py:3006}}
Apr 08 05:19:48.016585 np0000164204 nova-conductor[109624]: DEBUG cotyledon.oslo_config_glue [-] oslo_messaging_notifications.retry = -1 {{(pid=109624) log_opt_values /opt/stack/data/venv/lib/python3.12/site-packages/oslo_config/cfg.py:3006}}
Apr 08 05:19:48.016585 np0000164204 nova-conductor[109624]: DEBUG cotyledon.oslo_config_glue [-] oslo_messaging_notifications.topics = ['notifications'] {{(pid=109624) log_opt_values /opt/stack/data/venv/lib/python3.12/site-packages/oslo_config/cfg.py:3006}}
Apr 08 05:19:48.016585 np0000164204 nova-conductor[109624]: DEBUG cotyledon.oslo_config_glue [-] oslo_messaging_notifications.transport_url = **** {{(pid=109624) log_opt_values /opt/stack/data/venv/lib/python3.12/site-packages/oslo_config/cfg.py:3006}}
Apr 08 05:19:48.016585 np0000164204 nova-conductor[109624]: DEBUG cotyledon.oslo_config_glue [-] oslo_limit.auth_section = None {{(pid=109624) log_opt_values /opt/stack/data/venv/lib/python3.12/site-packages/oslo_config/cfg.py:3006}}
Apr 08 05:19:48.016585 np0000164204 nova-conductor[109624]: DEBUG cotyledon.oslo_config_glue [-] oslo_limit.auth_type = None {{(pid=109624) log_opt_values /opt/stack/data/venv/lib/python3.12/site-packages/oslo_config/cfg.py:3006}}
Apr 08 05:19:48.016585 np0000164204 nova-conductor[109624]: DEBUG cotyledon.oslo_config_glue [-] oslo_limit.cafile = None {{(pid=109624) log_opt_values /opt/stack/data/venv/lib/python3.12/site-packages/oslo_config/cfg.py:3006}}
Apr 08 05:19:48.016585 np0000164204 nova-conductor[109624]: DEBUG cotyledon.oslo_config_glue [-] oslo_limit.certfile = None {{(pid=109624) log_opt_values /opt/stack/data/venv/lib/python3.12/site-packages/oslo_config/cfg.py:3006}}
Apr 08 05:19:48.016585 np0000164204 nova-conductor[109624]: DEBUG cotyledon.oslo_config_glue [-] oslo_limit.collect_timing = False {{(pid=109624) log_opt_values /opt/stack/data/venv/lib/python3.12/site-packages/oslo_config/cfg.py:3006}}
Apr 08 05:19:48.016809 np0000164204 nova-conductor[109624]: DEBUG cotyledon.oslo_config_glue [-] oslo_limit.connect_retries = None {{(pid=109624) log_opt_values /opt/stack/data/venv/lib/python3.12/site-packages/oslo_config/cfg.py:3006}}
Apr 08 05:19:48.016809 np0000164204 nova-conductor[109624]: DEBUG cotyledon.oslo_config_glue [-] oslo_limit.connect_retry_delay = None {{(pid=109624) log_opt_values /opt/stack/data/venv/lib/python3.12/site-packages/oslo_config/cfg.py:3006}}
Apr 08 05:19:48.016809 np0000164204 nova-conductor[109624]: DEBUG cotyledon.oslo_config_glue [-] oslo_limit.endpoint_id = None {{(pid=109624) log_opt_values /opt/stack/data/venv/lib/python3.12/site-packages/oslo_config/cfg.py:3006}}
Apr 08 05:19:48.016809 np0000164204 nova-conductor[109624]: DEBUG cotyledon.oslo_config_glue [-] oslo_limit.endpoint_interface = public {{(pid=109624) log_opt_values /opt/stack/data/venv/lib/python3.12/site-packages/oslo_config/cfg.py:3006}}
Apr 08 05:19:48.016809 np0000164204 nova-conductor[109624]: DEBUG cotyledon.oslo_config_glue [-] oslo_limit.endpoint_override = None {{(pid=109624) log_opt_values /opt/stack/data/venv/lib/python3.12/site-packages/oslo_config/cfg.py:3006}}
Apr 08 05:19:48.016809 np0000164204 nova-conductor[109624]: DEBUG cotyledon.oslo_config_glue [-] oslo_limit.endpoint_region_name = None {{(pid=109624) log_opt_values /opt/stack/data/venv/lib/python3.12/site-packages/oslo_config/cfg.py:3006}}
Apr 08 05:19:48.016809 np0000164204 nova-conductor[109624]: DEBUG cotyledon.oslo_config_glue [-] oslo_limit.endpoint_service_name = None {{(pid=109624) log_opt_values /opt/stack/data/venv/lib/python3.12/site-packages/oslo_config/cfg.py:3006}}
Apr 08 05:19:48.016809 np0000164204 nova-conductor[109624]: DEBUG cotyledon.oslo_config_glue [-] oslo_limit.endpoint_service_type = None {{(pid=109624) log_opt_values /opt/stack/data/venv/lib/python3.12/site-packages/oslo_config/cfg.py:3006}}
Apr 08 05:19:48.016809 np0000164204 nova-conductor[109624]: DEBUG cotyledon.oslo_config_glue [-] oslo_limit.insecure = False {{(pid=109624) log_opt_values /opt/stack/data/venv/lib/python3.12/site-packages/oslo_config/cfg.py:3006}}
Apr 08 05:19:48.017013 np0000164204 nova-conductor[109624]: DEBUG cotyledon.oslo_config_glue [-] oslo_limit.keyfile = None {{(pid=109624) log_opt_values /opt/stack/data/venv/lib/python3.12/site-packages/oslo_config/cfg.py:3006}}
Apr 08 05:19:48.017013 np0000164204 nova-conductor[109624]: DEBUG cotyledon.oslo_config_glue [-] oslo_limit.max_version = None {{(pid=109624) log_opt_values /opt/stack/data/venv/lib/python3.12/site-packages/oslo_config/cfg.py:3006}}
Apr 08 05:19:48.017013 np0000164204 nova-conductor[109624]: DEBUG cotyledon.oslo_config_glue [-] oslo_limit.min_version = None {{(pid=109624) log_opt_values /opt/stack/data/venv/lib/python3.12/site-packages/oslo_config/cfg.py:3006}}
Apr 08 05:19:48.017013 np0000164204 nova-conductor[109624]: DEBUG cotyledon.oslo_config_glue [-] oslo_limit.region_name = None {{(pid=109624) log_opt_values /opt/stack/data/venv/lib/python3.12/site-packages/oslo_config/cfg.py:3006}}
Apr 08 05:19:48.017013 np0000164204 nova-conductor[109624]: DEBUG cotyledon.oslo_config_glue [-] oslo_limit.retriable_status_codes = None {{(pid=109624) log_opt_values /opt/stack/data/venv/lib/python3.12/site-packages/oslo_config/cfg.py:3006}}
Apr 08 05:19:48.017013 np0000164204 nova-conductor[109624]: DEBUG cotyledon.oslo_config_glue [-] oslo_limit.service_name = None {{(pid=109624) log_opt_values /opt/stack/data/venv/lib/python3.12/site-packages/oslo_config/cfg.py:3006}}
Apr 08 05:19:48.017013 np0000164204 nova-conductor[109624]: DEBUG cotyledon.oslo_config_glue [-] oslo_limit.service_type = None {{(pid=109624) log_opt_values /opt/stack/data/venv/lib/python3.12/site-packages/oslo_config/cfg.py:3006}}
Apr 08 05:19:48.017013 np0000164204 nova-conductor[109624]: DEBUG cotyledon.oslo_config_glue [-] oslo_limit.split_loggers = False {{(pid=109624) log_opt_values /opt/stack/data/venv/lib/python3.12/site-packages/oslo_config/cfg.py:3006}}
Apr 08 05:19:48.017013 np0000164204 nova-conductor[109624]: DEBUG cotyledon.oslo_config_glue [-] oslo_limit.status_code_retries = None {{(pid=109624) log_opt_values /opt/stack/data/venv/lib/python3.12/site-packages/oslo_config/cfg.py:3006}}
Apr 08 05:19:48.017214 np0000164204 nova-conductor[109624]: DEBUG cotyledon.oslo_config_glue [-] oslo_limit.status_code_retry_delay = None {{(pid=109624) log_opt_values /opt/stack/data/venv/lib/python3.12/site-packages/oslo_config/cfg.py:3006}}
Apr 08 05:19:48.017214 np0000164204 nova-conductor[109624]: DEBUG cotyledon.oslo_config_glue [-] oslo_limit.timeout = None {{(pid=109624) log_opt_values /opt/stack/data/venv/lib/python3.12/site-packages/oslo_config/cfg.py:3006}}
Apr 08 05:19:48.017214 np0000164204 nova-conductor[109624]: DEBUG cotyledon.oslo_config_glue [-] oslo_limit.valid_interfaces = None {{(pid=109624) log_opt_values /opt/stack/data/venv/lib/python3.12/site-packages/oslo_config/cfg.py:3006}}
Apr 08 05:19:48.017214 np0000164204 nova-conductor[109624]: DEBUG cotyledon.oslo_config_glue [-] oslo_limit.version = None {{(pid=109624) log_opt_values /opt/stack/data/venv/lib/python3.12/site-packages/oslo_config/cfg.py:3006}}
Apr 08 05:19:48.017214 np0000164204 nova-conductor[109624]: DEBUG cotyledon.oslo_config_glue [-] oslo_reports.file_event_handler = None {{(pid=109624) log_opt_values /opt/stack/data/venv/lib/python3.12/site-packages/oslo_config/cfg.py:3006}}
Apr 08 05:19:48.017214 np0000164204 nova-conductor[109624]: DEBUG cotyledon.oslo_config_glue [-] oslo_reports.file_event_handler_interval = 1 {{(pid=109624) log_opt_values /opt/stack/data/venv/lib/python3.12/site-packages/oslo_config/cfg.py:3006}}
Apr 08 05:19:48.017214 np0000164204 nova-conductor[109624]: DEBUG cotyledon.oslo_config_glue [-] oslo_reports.log_dir = None {{(pid=109624) log_opt_values /opt/stack/data/venv/lib/python3.12/site-packages/oslo_config/cfg.py:3006}}
Apr 08 05:19:48.017214 np0000164204 nova-conductor[109624]: DEBUG cotyledon.oslo_config_glue [-] ******************************************************************************** {{(pid=109624) log_opt_values /opt/stack/data/venv/lib/python3.12/site-packages/oslo_config/cfg.py:3013}}
Apr 08 05:19:48.017214 np0000164204 nova-conductor[109624]: DEBUG cotyledon._service_worker [-] Run service ServiceWrapper(3) [109624] {{(pid=109624) wait_forever /opt/stack/data/venv/lib/python3.12/site-packages/cotyledon/_service_worker.py:218}}
Apr 08 05:19:48.017860 np0000164204 nova-conductor[109624]: INFO nova.service [-] Starting conductor node (version 33.1.0)
Apr 08 05:19:48.017889 np0000164204 nova-conductor[109606]: DEBUG dbcounter [-] [109606] Writer thread running {{(pid=109606) stat_writer /opt/stack/data/venv/lib/python3.12/site-packages/dbcounter.py:102}}
Apr 08 05:19:48.017916 np0000164204 nova-conductor[109618]: DEBUG oslo_db.sqlalchemy.engines [None req-629ed203-f896-41da-9398-4677ef94ecaf None None] MySQL server mode set to STRICT_TRANS_TABLES,STRICT_ALL_TABLES,NO_ZERO_IN_DATE,NO_ZERO_DATE,ERROR_FOR_DIVISION_BY_ZERO,TRADITIONAL,NO_ENGINE_SUBSTITUTION {{(pid=109618) _check_effective_sql_mode /opt/stack/data/venv/lib/python3.12/site-packages/oslo_db/sqlalchemy/engines.py:325}}
Apr 08 05:19:48.018034 np0000164204 nova-conductor[109606]: DEBUG nova.service [None req-6da68011-07d0-4837-803c-c9337c048c47 None None] Creating RPC server for service: nova-conductor on topic: conductor {{(pid=109606) start /opt/stack/nova/nova/service.py:195}}
Apr 08 05:19:48.018071 np0000164204 nova-conductor[109624]: INFO dbcounter [None req-7aec4d7f-e380-46a2-8f29-d6dcd009f126 None None] Registered counter for database nova_cell0
Apr 08 05:19:48.027239 np0000164204 nova-conductor[109624]: DEBUG oslo_db.sqlalchemy.engines [None req-7aec4d7f-e380-46a2-8f29-d6dcd009f126 None None] MySQL server mode set to STRICT_TRANS_TABLES,STRICT_ALL_TABLES,NO_ZERO_IN_DATE,NO_ZERO_DATE,ERROR_FOR_DIVISION_BY_ZERO,TRADITIONAL,NO_ENGINE_SUBSTITUTION {{(pid=109624) _check_effective_sql_mode /opt/stack/data/venv/lib/python3.12/site-packages/oslo_db/sqlalchemy/engines.py:325}}
Apr 08 05:19:48.028404 np0000164204 nova-conductor[109600]: DEBUG nova.service [None req-86eff72c-d3ea-4395-bf5c-a065b4a781e7 None None] Join ServiceGroup membership for this service conductor {{(pid=109600) start /opt/stack/nova/nova/service.py:221}}
Apr 08 05:19:48.028788 np0000164204 nova-conductor[109600]: DEBUG nova.servicegroup.drivers.db [None req-86eff72c-d3ea-4395-bf5c-a065b4a781e7 None None] DB_Driver: join new ServiceGroup member np0000164204 to the conductor group, service = {{(pid=109600) join /opt/stack/nova/nova/servicegroup/drivers/db.py:44}}
Apr 08 05:19:48.032186 np0000164204 nova-conductor[109606]: DEBUG nova.service [None req-6da68011-07d0-4837-803c-c9337c048c47 None None] Join ServiceGroup membership for this service conductor {{(pid=109606) start /opt/stack/nova/nova/service.py:221}}
Apr 08 05:19:48.032362 np0000164204 nova-conductor[109618]: DEBUG dbcounter [-] [109618] Writer thread running {{(pid=109618) stat_writer /opt/stack/data/venv/lib/python3.12/site-packages/dbcounter.py:102}}
Apr 08 05:19:48.032408 np0000164204 nova-conductor[109606]: DEBUG nova.servicegroup.drivers.db [None req-6da68011-07d0-4837-803c-c9337c048c47 None None] DB_Driver: join new ServiceGroup member np0000164204 to the conductor group, service = {{(pid=109606) join /opt/stack/nova/nova/servicegroup/drivers/db.py:44}}
Apr 08 05:19:48.035344 np0000164204 nova-conductor[109618]: DEBUG nova.service [None req-629ed203-f896-41da-9398-4677ef94ecaf None None] Creating RPC server for service: nova-conductor on topic: conductor {{(pid=109618) start /opt/stack/nova/nova/service.py:195}}
Apr 08 05:19:48.040170 np0000164204 nova-conductor[109624]: DEBUG dbcounter [-] [109624] Writer thread running {{(pid=109624) stat_writer /opt/stack/data/venv/lib/python3.12/site-packages/dbcounter.py:102}}
Apr 08 05:19:48.043179 np0000164204 nova-conductor[109624]: DEBUG nova.service [None req-7aec4d7f-e380-46a2-8f29-d6dcd009f126 None None] Creating RPC server for service: nova-conductor on topic: conductor {{(pid=109624) start /opt/stack/nova/nova/service.py:195}}
Apr 08 05:19:48.054423 np0000164204 nova-conductor[109618]: DEBUG nova.service [None req-629ed203-f896-41da-9398-4677ef94ecaf None None] Join ServiceGroup membership for this service conductor {{(pid=109618) start /opt/stack/nova/nova/service.py:221}}
Apr 08 05:19:48.054578 np0000164204 nova-conductor[109618]: DEBUG nova.servicegroup.drivers.db [None req-629ed203-f896-41da-9398-4677ef94ecaf None None] DB_Driver: join new ServiceGroup member np0000164204 to the conductor group, service = {{(pid=109618) join /opt/stack/nova/nova/servicegroup/drivers/db.py:44}}
Apr 08 05:19:48.064721 np0000164204 nova-conductor[109624]: DEBUG nova.service [None req-7aec4d7f-e380-46a2-8f29-d6dcd009f126 None None] Join ServiceGroup membership for this service conductor {{(pid=109624) start /opt/stack/nova/nova/service.py:221}}
Apr 08 05:19:48.065164 np0000164204 nova-conductor[109624]: DEBUG nova.servicegroup.drivers.db [None req-7aec4d7f-e380-46a2-8f29-d6dcd009f126 None None] DB_Driver: join new ServiceGroup member np0000164204 to the conductor group, service = {{(pid=109624) join /opt/stack/nova/nova/servicegroup/drivers/db.py:44}}
Apr 08 05:19:53.053096 np0000164204 nova-conductor[109600]: DEBUG oslo.service.backend._threading.loopingcall [-] Fixed interval looping call 'nova.servicegroup.drivers.db.DbDriver._report_state' sleeping for 119.98 seconds {{(pid=109600) _run_loop /opt/stack/data/venv/lib/python3.12/site-packages/oslo_service/backend/_threading/loopingcall.py:125}}
Apr 08 05:19:53.053932 np0000164204 nova-conductor[109606]: DEBUG oslo.service.backend._threading.loopingcall [-] Fixed interval looping call 'nova.servicegroup.drivers.db.DbDriver._report_state' sleeping for 119.98 seconds {{(pid=109606) _run_loop /opt/stack/data/venv/lib/python3.12/site-packages/oslo_service/backend/_threading/loopingcall.py:125}}
Apr 08 05:19:53.069541 np0000164204 nova-conductor[109618]: DEBUG oslo.service.backend._threading.loopingcall [-] Fixed interval looping call 'nova.servicegroup.drivers.db.DbDriver._report_state' sleeping for 119.99 seconds {{(pid=109618) _run_loop /opt/stack/data/venv/lib/python3.12/site-packages/oslo_service/backend/_threading/loopingcall.py:125}}
Apr 08 05:19:53.079802 np0000164204 nova-conductor[109624]: DEBUG oslo.service.backend._threading.loopingcall [-] Fixed interval looping call 'nova.servicegroup.drivers.db.DbDriver._report_state' sleeping for 119.99 seconds {{(pid=109624) _run_loop /opt/stack/data/venv/lib/python3.12/site-packages/oslo_service/backend/_threading/loopingcall.py:125}}
Apr 08 05:19:54.035248 np0000164204 nova-conductor[109606]: DEBUG oslo.service.backend._threading.loopingcall [None req-ec0f6017-fe43-4e2f-a5a5-496bfaade1b5 None None] Dynamic interval looping call 'nova.service.Service.periodic_tasks' sleeping for 60.00 seconds {{(pid=109606) _run_loop /opt/stack/data/venv/lib/python3.12/site-packages/oslo_service/backend/_threading/loopingcall.py:125}}
Apr 08 05:19:56.625592 np0000164204 nova-conductor[108789]: DEBUG dbcounter [-] [108789] Writing DB stats nova_api:SELECT=1 {{(pid=108789) stat_writer /opt/stack/data/venv/lib/python3.12/site-packages/dbcounter.py:115}}
Apr 08 05:19:56.749187 np0000164204 nova-conductor[108789]: DEBUG dbcounter [-] [108789] Writing DB stats nova_cell0:SELECT=1 {{(pid=108789) stat_writer /opt/stack/data/venv/lib/python3.12/site-packages/dbcounter.py:115}}
Apr 08 05:19:56.754944 np0000164204 nova-conductor[108789]: DEBUG dbcounter [-] [108789] Writing DB stats nova_cell1:SELECT=1 {{(pid=108789) stat_writer /opt/stack/data/venv/lib/python3.12/site-packages/dbcounter.py:115}}
Apr 08 05:19:57.069716 np0000164204 nova-conductor[109624]: DEBUG oslo.service.backend._threading.loopingcall [None req-8fd031a9-e1bb-4f53-9a36-9417ca3e6458 None None] Dynamic interval looping call 'nova.service.Service.periodic_tasks' sleeping for 60.00 seconds {{(pid=109624) _run_loop /opt/stack/data/venv/lib/python3.12/site-packages/oslo_service/backend/_threading/loopingcall.py:125}}
Apr 08 05:20:03.047420 np0000164204 nova-conductor[109600]: DEBUG dbcounter [-] [109600] Writing DB stats nova_cell0:SELECT=4,nova_cell0:INSERT=1,nova_cell0:UPDATE=1 {{(pid=109600) stat_writer /opt/stack/data/venv/lib/python3.12/site-packages/dbcounter.py:115}}
Apr 08 05:20:03.050453 np0000164204 nova-conductor[109606]: DEBUG dbcounter [-] [109606] Writing DB stats nova_cell0:SELECT=3,nova_cell0:UPDATE=1 {{(pid=109606) stat_writer /opt/stack/data/venv/lib/python3.12/site-packages/dbcounter.py:115}}
Apr 08 05:20:03.066780 np0000164204 nova-conductor[109618]: DEBUG dbcounter [-] [109618] Writing DB stats nova_cell0:SELECT=3 {{(pid=109618) stat_writer /opt/stack/data/venv/lib/python3.12/site-packages/dbcounter.py:115}}
Apr 08 05:20:03.076000 np0000164204 nova-conductor[109624]: DEBUG dbcounter [-] [109624] Writing DB stats nova_cell0:SELECT=3 {{(pid=109624) stat_writer /opt/stack/data/venv/lib/python3.12/site-packages/dbcounter.py:115}}
Apr 08 05:20:04.057151 np0000164204 nova-conductor[109618]: DEBUG oslo.service.backend._threading.loopingcall [None req-df55e38e-763e-4dba-b4b0-724303fb6f2e None None] Dynamic interval looping call 'nova.service.Service.periodic_tasks' sleeping for 60.00 seconds {{(pid=109618) _run_loop /opt/stack/data/venv/lib/python3.12/site-packages/oslo_service/backend/_threading/loopingcall.py:125}}
Apr 08 05:20:11.032752 np0000164204 nova-conductor[109600]: DEBUG oslo.service.backend._threading.loopingcall [None req-cba74410-79cd-4c31-946e-b7156792d003 None None] Dynamic interval looping call 'nova.service.Service.periodic_tasks' sleeping for 60.00 seconds {{(pid=109600) _run_loop /opt/stack/data/venv/lib/python3.12/site-packages/oslo_service/backend/_threading/loopingcall.py:125}}
Apr 08 05:20:54.036139 np0000164204 nova-conductor[109606]: DEBUG oslo.service.backend._threading.loopingcall [None req-ec0f6017-fe43-4e2f-a5a5-496bfaade1b5 None None] Dynamic interval looping call 'nova.service.Service.periodic_tasks' sleeping for 60.00 seconds {{(pid=109606) _run_loop /opt/stack/data/venv/lib/python3.12/site-packages/oslo_service/backend/_threading/loopingcall.py:125}}
Apr 08 05:20:57.069937 np0000164204 nova-conductor[109624]: DEBUG oslo.service.backend._threading.loopingcall [None req-8fd031a9-e1bb-4f53-9a36-9417ca3e6458 None None] Dynamic interval looping call 'nova.service.Service.periodic_tasks' sleeping for 60.00 seconds {{(pid=109624) _run_loop /opt/stack/data/venv/lib/python3.12/site-packages/oslo_service/backend/_threading/loopingcall.py:125}}
Apr 08 05:21:04.058229 np0000164204 nova-conductor[109618]: DEBUG oslo.service.backend._threading.loopingcall [None req-df55e38e-763e-4dba-b4b0-724303fb6f2e None None] Dynamic interval looping call 'nova.service.Service.periodic_tasks' sleeping for 60.00 seconds {{(pid=109618) _run_loop /opt/stack/data/venv/lib/python3.12/site-packages/oslo_service/backend/_threading/loopingcall.py:125}}
Apr 08 05:21:11.033521 np0000164204 nova-conductor[109600]: DEBUG oslo.service.backend._threading.loopingcall [None req-cba74410-79cd-4c31-946e-b7156792d003 None None] Dynamic interval looping call 'nova.service.Service.periodic_tasks' sleeping for 60.00 seconds {{(pid=109600) _run_loop /opt/stack/data/venv/lib/python3.12/site-packages/oslo_service/backend/_threading/loopingcall.py:125}}
Apr 08 05:21:53.046153 np0000164204 nova-conductor[109600]: DEBUG oslo.service.backend._threading.loopingcall [-] Fixed interval looping call 'nova.servicegroup.drivers.db.DbDriver._report_state' sleeping for 119.99 seconds {{(pid=109600) _run_loop /opt/stack/data/venv/lib/python3.12/site-packages/oslo_service/backend/_threading/loopingcall.py:125}}
Apr 08 05:21:53.047044 np0000164204 nova-conductor[109606]: DEBUG oslo.service.backend._threading.loopingcall [-] Fixed interval looping call 'nova.servicegroup.drivers.db.DbDriver._report_state' sleeping for 119.99 seconds {{(pid=109606) _run_loop /opt/stack/data/venv/lib/python3.12/site-packages/oslo_service/backend/_threading/loopingcall.py:125}}
Apr 08 05:21:53.070338 np0000164204 nova-conductor[109618]: DEBUG oslo.service.backend._threading.loopingcall [-] Fixed interval looping call 'nova.servicegroup.drivers.db.DbDriver._report_state' sleeping for 119.99 seconds {{(pid=109618) _run_loop /opt/stack/data/venv/lib/python3.12/site-packages/oslo_service/backend/_threading/loopingcall.py:125}}
Apr 08 05:21:53.077317 np0000164204 nova-conductor[109624]: DEBUG oslo.service.backend._threading.loopingcall [-] Fixed interval looping call 'nova.servicegroup.drivers.db.DbDriver._report_state' sleeping for 119.99 seconds {{(pid=109624) _run_loop /opt/stack/data/venv/lib/python3.12/site-packages/oslo_service/backend/_threading/loopingcall.py:125}}
Apr 08 05:21:54.037040 np0000164204 nova-conductor[109606]: DEBUG oslo.service.backend._threading.loopingcall [None req-ec0f6017-fe43-4e2f-a5a5-496bfaade1b5 None None] Dynamic interval looping call 'nova.service.Service.periodic_tasks' sleeping for 60.00 seconds {{(pid=109606) _run_loop /opt/stack/data/venv/lib/python3.12/site-packages/oslo_service/backend/_threading/loopingcall.py:125}}
Apr 08 05:21:57.070604 np0000164204 nova-conductor[109624]: DEBUG oslo.service.backend._threading.loopingcall [None req-8fd031a9-e1bb-4f53-9a36-9417ca3e6458 None None] Dynamic interval looping call 'nova.service.Service.periodic_tasks' sleeping for 60.00 seconds {{(pid=109624) _run_loop /opt/stack/data/venv/lib/python3.12/site-packages/oslo_service/backend/_threading/loopingcall.py:125}}
Apr 08 05:22:03.041167 np0000164204 nova-conductor[109600]: DEBUG dbcounter [-] [109600] Writing DB stats nova_cell0:SELECT=1,nova_cell0:UPDATE=1 {{(pid=109600) stat_writer /opt/stack/data/venv/lib/python3.12/site-packages/dbcounter.py:115}}
Apr 08 05:22:03.043356 np0000164204 nova-conductor[109606]: DEBUG dbcounter [-] [109606] Writing DB stats nova_cell0:SELECT=1,nova_cell0:UPDATE=1 {{(pid=109606) stat_writer /opt/stack/data/venv/lib/python3.12/site-packages/dbcounter.py:115}}
Apr 08 05:22:03.067157 np0000164204 nova-conductor[109618]: DEBUG dbcounter [-] [109618] Writing DB stats nova_cell0:SELECT=1 {{(pid=109618) stat_writer /opt/stack/data/venv/lib/python3.12/site-packages/dbcounter.py:115}}
Apr 08 05:22:03.075698 np0000164204 nova-conductor[109624]: DEBUG dbcounter [-] [109624] Writing DB stats nova_cell0:SELECT=1 {{(pid=109624) stat_writer /opt/stack/data/venv/lib/python3.12/site-packages/dbcounter.py:115}}
Apr 08 05:22:04.058846 np0000164204 nova-conductor[109618]: DEBUG oslo.service.backend._threading.loopingcall [None req-df55e38e-763e-4dba-b4b0-724303fb6f2e None None] Dynamic interval looping call 'nova.service.Service.periodic_tasks' sleeping for 60.00 seconds {{(pid=109618) _run_loop /opt/stack/data/venv/lib/python3.12/site-packages/oslo_service/backend/_threading/loopingcall.py:125}}
Apr 08 05:22:11.034330 np0000164204 nova-conductor[109600]: DEBUG oslo.service.backend._threading.loopingcall [None req-cba74410-79cd-4c31-946e-b7156792d003 None None] Dynamic interval looping call 'nova.service.Service.periodic_tasks' sleeping for 60.00 seconds {{(pid=109600) _run_loop /opt/stack/data/venv/lib/python3.12/site-packages/oslo_service/backend/_threading/loopingcall.py:125}}
Apr 08 05:22:54.037825 np0000164204 nova-conductor[109606]: DEBUG oslo.service.backend._threading.loopingcall [None req-ec0f6017-fe43-4e2f-a5a5-496bfaade1b5 None None] Dynamic interval looping call 'nova.service.Service.periodic_tasks' sleeping for 60.00 seconds {{(pid=109606) _run_loop /opt/stack/data/venv/lib/python3.12/site-packages/oslo_service/backend/_threading/loopingcall.py:125}}
Apr 08 05:22:57.071541 np0000164204 nova-conductor[109624]: DEBUG oslo.service.backend._threading.loopingcall [None req-8fd031a9-e1bb-4f53-9a36-9417ca3e6458 None None] Dynamic interval looping call 'nova.service.Service.periodic_tasks' sleeping for 60.00 seconds {{(pid=109624) _run_loop /opt/stack/data/venv/lib/python3.12/site-packages/oslo_service/backend/_threading/loopingcall.py:125}}
Apr 08 05:23:04.060040 np0000164204 nova-conductor[109618]: DEBUG oslo.service.backend._threading.loopingcall [None req-df55e38e-763e-4dba-b4b0-724303fb6f2e None None] Dynamic interval looping call 'nova.service.Service.periodic_tasks' sleeping for 60.00 seconds {{(pid=109618) _run_loop /opt/stack/data/venv/lib/python3.12/site-packages/oslo_service/backend/_threading/loopingcall.py:125}}
Apr 08 05:23:11.034953 np0000164204 nova-conductor[109600]: DEBUG oslo.service.backend._threading.loopingcall [None req-cba74410-79cd-4c31-946e-b7156792d003 None None] Dynamic interval looping call 'nova.service.Service.periodic_tasks' sleeping for 60.00 seconds {{(pid=109600) _run_loop /opt/stack/data/venv/lib/python3.12/site-packages/oslo_service/backend/_threading/loopingcall.py:125}}
Apr 08 05:23:53.047193 np0000164204 nova-conductor[109606]: DEBUG oslo.service.backend._threading.loopingcall [-] Fixed interval looping call 'nova.servicegroup.drivers.db.DbDriver._report_state' sleeping for 119.99 seconds {{(pid=109606) _run_loop /opt/stack/data/venv/lib/python3.12/site-packages/oslo_service/backend/_threading/loopingcall.py:125}}
Apr 08 05:23:53.047937 np0000164204 nova-conductor[109600]: DEBUG oslo.service.backend._threading.loopingcall [-] Fixed interval looping call 'nova.servicegroup.drivers.db.DbDriver._report_state' sleeping for 119.99 seconds {{(pid=109600) _run_loop /opt/stack/data/venv/lib/python3.12/site-packages/oslo_service/backend/_threading/loopingcall.py:125}}
Apr 08 05:23:53.065821 np0000164204 nova-conductor[109618]: DEBUG oslo.service.backend._threading.loopingcall [-] Fixed interval looping call 'nova.servicegroup.drivers.db.DbDriver._report_state' sleeping for 119.99 seconds {{(pid=109618) _run_loop /opt/stack/data/venv/lib/python3.12/site-packages/oslo_service/backend/_threading/loopingcall.py:125}}
Apr 08 05:23:53.073809 np0000164204 nova-conductor[109624]: DEBUG oslo.service.backend._threading.loopingcall [-] Fixed interval looping call 'nova.servicegroup.drivers.db.DbDriver._report_state' sleeping for 119.99 seconds {{(pid=109624) _run_loop /opt/stack/data/venv/lib/python3.12/site-packages/oslo_service/backend/_threading/loopingcall.py:125}}
