2026-06-16 02:39:53.101 7 INFO neutron.db.ovn_revision_numbers_db [req-8a8efac6-cf7a-4b9a-b12e-ecf675a91829 req-4f1451a3-2e35-4827-b996-6c25faf0cf33 803b9d08d9a54085a09f7ab352a36389 7c7827eaaf2b4f1d9c4f75fe0c0eac27 - - default default] Successfully bumped revision number for resource c6751763-2a90-4772-9a33-de3344bc8b22 (type: ports) to 1 [pid: 7|app: 0|req: 618/1254] 199.204.45.25 () {38 vars in 954 bytes} [Tue Jun 16 02:39:52 2026] POST /v2.0/ports => generated 958 bytes in 568 msecs (HTTP/1.1 201) 4 headers in 162 bytes (1 switches on core 0) /var/lib/openstack/lib/python3.12/site-packages/pycadf/identifier.py:70: UserWarning: Invalid uuid: neutron. To ensure interoperability, identifiers should be a valid uuid. warnings.warn(('Invalid uuid: %s. To ensure interoperability, '
2026-06-16 02:39:53.541 7 WARNING neutron.scheduler.dhcp_agent_scheduler [None req-b16a374d-fd20-4c8b-b037-76f82219b7bd 7985296418e94f44b751f0bb93fda3df 7480172fa15d43df93e209d9deabeaf0 - - default default] No more DHCP agents
2026-06-16 02:39:53.542 7 WARNING neutron.api.rpc.agentnotifiers.dhcp_rpc_agent_api [None req-b16a374d-fd20-4c8b-b037-76f82219b7bd 7985296418e94f44b751f0bb93fda3df 7480172fa15d43df93e209d9deabeaf0 - - default default] Unable to schedule network 2c7473db-85c8-4ee6-89d4-812b492bf4b2: no agents available; will retry on subsequent port and subnet creation events.
2026-06-16 02:39:53.558 8 WARNING neutron.plugins.ml2.drivers.ovn.mech_driver.ovsdb.ovn_client [None req-eaacdaf6-f1cc-47ce-87b3-4eaa15ddfdce - - - - - -] No hosting information found for port a323f870-3971-49b9-aff5-a6953ce4c28d: RuntimeError: No hosting information found for port a323f870-3971-49b9-aff5-a6953ce4c28d
2026-06-16 02:39:53.558 8 INFO neutron.plugins.ml2.drivers.ovn.mech_driver.mech_driver [None req-eaacdaf6-f1cc-47ce-87b3-4eaa15ddfdce - - - - - -] OVN reports status down for port: c7bcbefc-7660-4cde-b5bb-798817fdcc71
2026-06-16 02:39:53.568 8 INFO neutron.db.ovn_revision_numbers_db [None req-3bd43902-663e-4549-a27b-7d2b31ea9f5c 4bed9050a9b9449d8fe370cec3ac6a78 cd359b9173e2408e8409e7c6e2b0705a - - default default] Successfully bumped revision number for resource 68df7006-8eb1-4641-80cc-6d1c713c0bf5 (type: floatingips) to 1
2026-06-16 02:39:53.570 8 INFO neutron.db.l3_db [None req-3bd43902-663e-4549-a27b-7d2b31ea9f5c 4bed9050a9b9449d8fe370cec3ac6a78 cd359b9173e2408e8409e7c6e2b0705a - - default default] Floating IP 68df7006-8eb1-4641-80cc-6d1c713c0bf5 associated. External IP: 10.96.250.210, port: 71136eaf-ed03-47c7-a068-8dd54442867a.
2026-06-16 02:39:53.642 7 INFO neutron.plugins.ml2.drivers.ovn.mech_driver.mech_driver [None req-68df6997-0833-4390-ae4c-d0bc5a983b67 - - - - - -] OVN reports status down for port: 0b714976-9602-4e92-9609-467d232b81c0 [pid: 8|app: 0|req: 637/1255] 10.0.0.24 () {34 vars in 676 bytes} [Tue Jun 16 02:39:52 2026] POST /v2.0/floatingips => generated 841 bytes in 1166 msecs (HTTP/1.1 201) 4 headers in 162 bytes (1 switches on core 0)
2026-06-16 02:39:53.672 8 WARNING neutron.plugins.ml2.drivers.ovn.mech_driver.ovsdb.ovn_client [None req-eaacdaf6-f1cc-47ce-87b3-4eaa15ddfdce - - - - - -] Logical_Switch_Port %s host information not removed, the port state is up
2026-06-16 02:39:53.672 8 INFO neutron.plugins.ml2.drivers.ovn.mech_driver.mech_driver [None req-eaacdaf6-f1cc-47ce-87b3-4eaa15ddfdce - - - - - -] OVN reports status up for port: c7bcbefc-7660-4cde-b5bb-798817fdcc71
2026-06-16 02:39:53.696 8 INFO neutron.plugins.ml2.plugin [None req-eaacdaf6-f1cc-47ce-87b3-4eaa15ddfdce - - - - - -] Attempt 1 to provision port c7bcbefc-7660-4cde-b5bb-798817fdcc71
2026-06-16 02:39:53.699 7 INFO neutron.db.ovn_revision_numbers_db [None req-b16a374d-fd20-4c8b-b037-76f82219b7bd 7985296418e94f44b751f0bb93fda3df 7480172fa15d43df93e209d9deabeaf0 - - default default] Successfully bumped revision number for resource 0b714976-9602-4e92-9609-467d232b81c0 (type: ports) to 1 [pid: 7|app: 0|req: 619/1256] 10.0.0.24 () {34 vars in 664 bytes} [Tue Jun 16 02:39:53 2026] POST /v2.0/ports => generated 966 bytes in 522 msecs (HTTP/1.1 201) 4 headers in 162 bytes (1 switches on core 0) /var/lib/openstack/lib/python3.12/site-packages/pycadf/identifier.py:70: UserWarning: Invalid uuid: neutron. To ensure interoperability, identifiers should be a valid uuid. warnings.warn(('Invalid uuid: %s. To ensure interoperability, ' [pid: 7|app: 0|req: 620/1257] 10.0.0.140 () {34 vars in 990 bytes} [Tue Jun 16 02:39:53 2026] GET /v2.0/ports?device_id=37a550b0-f98c-45ac-8c59-b093181b1e25 => generated 961 bytes in 42 msecs (HTTP/1.1 200) 4 headers in 157 bytes (1 switches on core 0)
2026-06-16 02:39:53.932 7 INFO neutron.db.ovn_revision_numbers_db [None req-dd1dca8d-6d9d-435f-a10f-fe4692923ae6 4bed9050a9b9449d8fe370cec3ac6a78 cd359b9173e2408e8409e7c6e2b0705a - - default default] Successfully bumped revision number for resource 68df7006-8eb1-4641-80cc-6d1c713c0bf5 (type: floatingips) to 2
2026-06-16 02:39:53.973 7 INFO neutron.db.l3_db [None req-dd1dca8d-6d9d-435f-a10f-fe4692923ae6 4bed9050a9b9449d8fe370cec3ac6a78 cd359b9173e2408e8409e7c6e2b0705a - - default default] Floating IP 68df7006-8eb1-4641-80cc-6d1c713c0bf5 disassociated. External IP: 10.96.250.210, port: 71136eaf-ed03-47c7-a068-8dd54442867a. [pid: 7|app: 0|req: 621/1258] 10.0.0.24 () {34 vars in 748 bytes} [Tue Jun 16 02:39:53 2026] PUT /v2.0/floatingips/68df7006-8eb1-4641-80cc-6d1c713c0bf5 => generated 554 bytes in 218 msecs (HTTP/1.1 200) 4 headers in 157 bytes (1 switches on core 0)
2026-06-16 02:39:54.279 8 INFO neutron.db.ovn_revision_numbers_db [req-8a8efac6-cf7a-4b9a-b12e-ecf675a91829 req-7ef7dddf-b7f1-4d12-9e0d-3d2b173f352f c68e388427de439f904715af3a021dc9 1df4efc14bd64dfa90d6061e725be2ef - - 48448a5c1ad34ba48c8ffbaa7336b7f6 48448a5c1ad34ba48c8ffbaa7336b7f6] Successfully bumped revision number for resource c6751763-2a90-4772-9a33-de3344bc8b22 (type: ports) to 2
2026-06-16 02:39:54.285 7 INFO neutron.db.ovn_revision_numbers_db [None req-41ac358c-a2a4-432f-bf6f-114f18fbaf01 9b62ce7093d44527a80be2a60c2b3f89 668d25660e984c268ac7b2aa58a749a3 - - default default] Successfully bumped revision number for resource 566f3774-17a7-4af9-ac6f-13d16bbe50c4 (type: security_groups) to 1
2026-06-16 02:39:54.299 7 INFO neutron.db.ovn_revision_numbers_db [None req-41ac358c-a2a4-432f-bf6f-114f18fbaf01 9b62ce7093d44527a80be2a60c2b3f89 668d25660e984c268ac7b2aa58a749a3 - - default default] Successfully bumped revision number for resource 8a2fa959-328b-4c3e-a4d4-10a7afe96eca (type: security_group_rules) to 0
2026-06-16 02:39:54.313 7 INFO neutron.db.ovn_revision_numbers_db [None req-41ac358c-a2a4-432f-bf6f-114f18fbaf01 9b62ce7093d44527a80be2a60c2b3f89 668d25660e984c268ac7b2aa58a749a3 - - default default] Successfully bumped revision number for resource 98e944ad-880c-4d89-95cd-e88d851d24c5 (type: security_group_rules) to 0
2026-06-16 02:39:54.330 7 INFO neutron.db.ovn_revision_numbers_db [None req-41ac358c-a2a4-432f-bf6f-114f18fbaf01 9b62ce7093d44527a80be2a60c2b3f89 668d25660e984c268ac7b2aa58a749a3 - - default default] Successfully bumped revision number for resource afe46ee5-a8b0-4f85-83e4-eeb04cb3d52f (type: security_group_rules) to 0
2026-06-16 02:39:54.349 7 INFO neutron.db.ovn_revision_numbers_db [None req-41ac358c-a2a4-432f-bf6f-114f18fbaf01 9b62ce7093d44527a80be2a60c2b3f89 668d25660e984c268ac7b2aa58a749a3 - - default default] Successfully bumped revision number for resource d39e9b4b-94b1-4845-86e1-3db48dee8377 (type: security_group_rules) to 0
2026-06-16 02:39:54.434 8 INFO neutron.db.ovn_revision_numbers_db [None req-eaacdaf6-f1cc-47ce-87b3-4eaa15ddfdce - - - - - -] Successfully bumped revision number for resource c7bcbefc-7660-4cde-b5bb-798817fdcc71 (type: ports) to 2
2026-06-16 02:39:54.437 7 INFO neutron.db.segments_db [None req-41ac358c-a2a4-432f-bf6f-114f18fbaf01 9b62ce7093d44527a80be2a60c2b3f89 668d25660e984c268ac7b2aa58a749a3 - - default default] Added segment d0baed94-a45c-436d-96f6-d8887eff9e5a of type geneve for network ff8e7c69-4b96-43fe-a71b-f296f555fcb5
2026-06-16 02:39:54.508 7 INFO neutron.db.segments_db [None req-41ac358c-a2a4-432f-bf6f-114f18fbaf01 9b62ce7093d44527a80be2a60c2b3f89 668d25660e984c268ac7b2aa58a749a3 - - default default] Added segment 6f33a87b-d066-4eb3-b596-13887c89a4b6 of type geneve for network a4decc1a-3ed9-43d0-a3c8-97ec8e7bb3de
2026-06-16 02:39:54.623 8 INFO neutron.db.ovn_revision_numbers_db [req-8a8efac6-cf7a-4b9a-b12e-ecf675a91829 req-7ef7dddf-b7f1-4d12-9e0d-3d2b173f352f c68e388427de439f904715af3a021dc9 1df4efc14bd64dfa90d6061e725be2ef - - 48448a5c1ad34ba48c8ffbaa7336b7f6 48448a5c1ad34ba48c8ffbaa7336b7f6] Successfully bumped revision number for resource c6751763-2a90-4772-9a33-de3344bc8b22 (type: ports) to 4
2026-06-16 02:39:54.629 7 INFO neutron.db.ovn_revision_numbers_db [None req-41ac358c-a2a4-432f-bf6f-114f18fbaf01 9b62ce7093d44527a80be2a60c2b3f89 668d25660e984c268ac7b2aa58a749a3 - - default default] Successfully bumped revision number for resource ff8e7c69-4b96-43fe-a71b-f296f555fcb5 (type: networks) to 1 [pid: 8|app: 0|req: 638/1259] 199.204.45.25 () {38 vars in 1027 bytes} [Tue Jun 16 02:39:53 2026] PUT /v2.0/ports/c6751763-2a90-4772-9a33-de3344bc8b22 => generated 1208 bytes in 986 msecs (HTTP/1.1 200) 4 headers in 158 bytes (1 switches on core 0) /var/lib/openstack/lib/python3.12/site-packages/pycadf/identifier.py:70: UserWarning: Invalid uuid: neutron. To ensure interoperability, identifiers should be a valid uuid. warnings.warn(('Invalid uuid: %s. To ensure interoperability, '
2026-06-16 02:39:54.692 8 INFO neutron.notifiers.nova [-] Nova event matching ['req-dc6cb596-fd35-4e04-81cb-85ab74efcfe0'] response: {'name': 'network-changed', 'server_uuid': '37a550b0-f98c-45ac-8c59-b093181b1e25', 'tag': 'c6751763-2a90-4772-9a33-de3344bc8b22', 'status': 'completed', 'code': 200}
2026-06-16 02:39:54.801 7 WARNING neutron.scheduler.dhcp_agent_scheduler [None req-41ac358c-a2a4-432f-bf6f-114f18fbaf01 9b62ce7093d44527a80be2a60c2b3f89 668d25660e984c268ac7b2aa58a749a3 - - default default] No more DHCP agents
2026-06-16 02:39:54.802 7 WARNING neutron.api.rpc.agentnotifiers.dhcp_rpc_agent_api [None req-41ac358c-a2a4-432f-bf6f-114f18fbaf01 9b62ce7093d44527a80be2a60c2b3f89 668d25660e984c268ac7b2aa58a749a3 - - default default] Unable to schedule network ff8e7c69-4b96-43fe-a71b-f296f555fcb5: no agents available; will retry on subsequent port and subnet creation events.
2026-06-16 02:39:54.809 8 INFO neutron_taas.services.taas.taas_plugin [None req-46da5fe5-57f7-48ac-8c16-ffda562d3529 7985296418e94f44b751f0bb93fda3df 7480172fa15d43df93e209d9deabeaf0 - - default default] TaaS: Handle Delete Port: 0b714976-9602-4e92-9609-467d232b81c0
2026-06-16 02:39:54.811 8 INFO neutron_taas.services.taas.tap_mirror_plugin [None req-46da5fe5-57f7-48ac-8c16-ffda562d3529 7985296418e94f44b751f0bb93fda3df 7480172fa15d43df93e209d9deabeaf0 - - default default] Tap Mirror: Handle Delete Port: 0b714976-9602-4e92-9609-467d232b81c0
2026-06-16 02:39:54.853 7 INFO neutron.plugins.ml2.drivers.ovn.mech_driver.mech_driver [None req-68df6997-0833-4390-ae4c-d0bc5a983b67 - - - - - -] OVN reports status down for port: d83ff919-53a9-422b-86b0-f169e80afe12
2026-06-16 02:39:54.908 7 INFO neutron.db.ovn_revision_numbers_db [None req-41ac358c-a2a4-432f-bf6f-114f18fbaf01 9b62ce7093d44527a80be2a60c2b3f89 668d25660e984c268ac7b2aa58a749a3 - - default default] Successfully bumped revision number for resource d83ff919-53a9-422b-86b0-f169e80afe12 (type: ports) to 1 [pid: 8|app: 0|req: 639/1260] 10.0.0.24 () {32 vars in 719 bytes} [Tue Jun 16 02:39:54 2026] DELETE /v2.0/ports/0b714976-9602-4e92-9609-467d232b81c0 => generated 0 bytes in 313 msecs (HTTP/1.1 204) 3 headers in 131 bytes (1 switches on core 0) [pid: 8|app: 0|req: 640/1261] 10.0.0.140 () {34 vars in 1040 bytes} [Tue Jun 16 02:39:54 2026] GET /v2.0/security-groups?id=f28bbcfd-1649-4ddf-8851-a89761f0e2ad&fields=id&fields=name => generated 113 bytes in 24 msecs (HTTP/1.1 200) 4 headers in 157 bytes (1 switches on core 0)
2026-06-16 02:39:55.026 7 INFO neutron.db.ovn_revision_numbers_db [None req-41ac358c-a2a4-432f-bf6f-114f18fbaf01 9b62ce7093d44527a80be2a60c2b3f89 668d25660e984c268ac7b2aa58a749a3 - - default default] Successfully bumped revision number for resource a4decc1a-3ed9-43d0-a3c8-97ec8e7bb3de (type: networks) to 1
2026-06-16 02:39:55.103 8 INFO neutron_taas.services.taas.taas_plugin [None req-e0a5f6da-17bd-4453-aa18-8c80408494f3 4bed9050a9b9449d8fe370cec3ac6a78 cd359b9173e2408e8409e7c6e2b0705a - - default default] TaaS: Handle Delete Port: 3aea1c60-81f4-44d4-ad0e-c0107607f1fd
2026-06-16 02:39:55.106 8 INFO neutron_taas.services.taas.tap_mirror_plugin [None req-e0a5f6da-17bd-4453-aa18-8c80408494f3 4bed9050a9b9449d8fe370cec3ac6a78 cd359b9173e2408e8409e7c6e2b0705a - - default default] Tap Mirror: Handle Delete Port: 3aea1c60-81f4-44d4-ad0e-c0107607f1fd
2026-06-16 02:39:55.175 7 WARNING neutron.scheduler.dhcp_agent_scheduler [None req-41ac358c-a2a4-432f-bf6f-114f18fbaf01 9b62ce7093d44527a80be2a60c2b3f89 668d25660e984c268ac7b2aa58a749a3 - - default default] No more DHCP agents
2026-06-16 02:39:55.177 7 WARNING neutron.api.rpc.agentnotifiers.dhcp_rpc_agent_api [None req-41ac358c-a2a4-432f-bf6f-114f18fbaf01 9b62ce7093d44527a80be2a60c2b3f89 668d25660e984c268ac7b2aa58a749a3 - - default default] Unable to schedule network a4decc1a-3ed9-43d0-a3c8-97ec8e7bb3de: no agents available; will retry on subsequent port and subnet creation events.
2026-06-16 02:39:55.224 7 INFO neutron.plugins.ml2.drivers.ovn.mech_driver.mech_driver [None req-68df6997-0833-4390-ae4c-d0bc5a983b67 - - - - - -] OVN reports status down for port: 82e02a75-7277-49f0-bec7-6449885e278a [pid: 8|app: 0|req: 641/1262] 10.0.0.24 () {32 vars in 731 bytes} [Tue Jun 16 02:39:54 2026] DELETE /v2.0/floatingips/68df7006-8eb1-4641-80cc-6d1c713c0bf5 => generated 0 bytes in 276 msecs (HTTP/1.1 204) 2 headers in 112 bytes (1 switches on core 0)
2026-06-16 02:39:55.274 8 INFO neutron.pecan_wsgi.hooks.translation [None req-f95be1ac-8c20-4951-90a2-dcdc2f2d5531 7985296418e94f44b751f0bb93fda3df 7480172fa15d43df93e209d9deabeaf0 - - default default] DELETE failed (client error): The resource could not be found. [pid: 8|app: 0|req: 642/1263] 10.0.0.24 () {32 vars in 719 bytes} [Tue Jun 16 02:39:55 2026] DELETE /v2.0/ports/0b714976-9602-4e92-9609-467d232b81c0 => generated 132 bytes in 17 msecs (HTTP/1.1 404) 4 headers in 164 bytes (1 switches on core 0)
2026-06-16 02:39:55.286 7 INFO neutron.db.ovn_revision_numbers_db [None req-41ac358c-a2a4-432f-bf6f-114f18fbaf01 9b62ce7093d44527a80be2a60c2b3f89 668d25660e984c268ac7b2aa58a749a3 - - default default] Successfully bumped revision number for resource 82e02a75-7277-49f0-bec7-6449885e278a (type: ports) to 1 [pid: 8|app: 0|req: 643/1264] 199.204.45.25 () {34 vars in 1079 bytes} [Tue Jun 16 02:39:55 2026] GET /v2.0/ports?tenant_id=7c7827eaaf2b4f1d9c4f75fe0c0eac27&device_id=37a550b0-f98c-45ac-8c59-b093181b1e25 => generated 1211 bytes in 38 msecs (HTTP/1.1 200) 4 headers in 158 bytes (1 switches on core 0) [pid: 7|app: 0|req: 622/1265] 10.0.0.24 () {34 vars in 669 bytes} [Tue Jun 16 02:39:53 2026] POST /v2.0/networks => generated 1284 bytes in 1348 msecs (HTTP/1.1 201) 4 headers in 163 bytes (1 switches on core 0)
2026-06-16 02:39:55.369 7 INFO neutron.pecan_wsgi.hooks.translation [None req-47ef615a-a5f5-4447-8659-af8e7be46708 7985296418e94f44b751f0bb93fda3df 7480172fa15d43df93e209d9deabeaf0 - - default default] GET failed (client error): The resource could not be found. [pid: 7|app: 0|req: 623/1266] 10.0.0.24 () {32 vars in 716 bytes} [Tue Jun 16 02:39:55 2026] GET /v2.0/ports/0b714976-9602-4e92-9609-467d232b81c0 => generated 132 bytes in 27 msecs (HTTP/1.1 404) 4 headers in 164 bytes (1 switches on core 0) [pid: 7|app: 0|req: 624/1267] 199.204.45.25 () {34 vars in 1017 bytes} [Tue Jun 16 02:39:55 2026] GET /v2.0/networks?tenant_id=7c7827eaaf2b4f1d9c4f75fe0c0eac27&shared=False => generated 812 bytes in 46 msecs (HTTP/1.1 200) 4 headers in 157 bytes (1 switches on core 0) [pid: 7|app: 0|req: 625/1268] 10.0.0.24 () {32 vars in 648 bytes} [Tue Jun 16 02:39:55 2026] GET /v2.0/networks => generated 1971 bytes in 55 msecs (HTTP/1.1 200) 4 headers in 158 bytes (1 switches on core 0)
2026-06-16 02:39:55.531 8 WARNING neutron.scheduler.dhcp_agent_scheduler [None req-46ece2b3-b231-4771-aebd-540f9c4735ef 4bed9050a9b9449d8fe370cec3ac6a78 cd359b9173e2408e8409e7c6e2b0705a - - default default] No more DHCP agents
2026-06-16 02:39:55.532 8 WARNING neutron.api.rpc.agentnotifiers.dhcp_rpc_agent_api [None req-46ece2b3-b231-4771-aebd-540f9c4735ef 4bed9050a9b9449d8fe370cec3ac6a78 cd359b9173e2408e8409e7c6e2b0705a - - default default] Unable to schedule network b3ab3bce-b679-4f9a-9403-826cf7e89c9c: no agents available; will retry on subsequent port and subnet creation events. [pid: 7|app: 0|req: 626/1269] 10.0.0.24 () {32 vars in 723 bytes} [Tue Jun 16 02:39:55 2026] DELETE /v2.0/subnets/c00de950-cf25-4317-8a5b-1973a710d17e => generated 0 bytes in 120 msecs (HTTP/1.1 204) 3 headers in 131 bytes (1 switches on core 0) [pid: 7|app: 0|req: 627/1270] 199.204.45.25 () {34 vars in 929 bytes} [Tue Jun 16 02:39:55 2026] GET /v2.0/networks?shared=True => generated 791 bytes in 32 msecs (HTTP/1.1 200) 4 headers in 157 bytes (1 switches on core 0)
2026-06-16 02:39:55.735 7 INFO neutron_taas.services.taas.taas_plugin [None req-beabd558-1ff1-4e09-81c1-c294bcd8b342 9b62ce7093d44527a80be2a60c2b3f89 668d25660e984c268ac7b2aa58a749a3 - - default default] TaaS: Handle Delete Port: d83ff919-53a9-422b-86b0-f169e80afe12
2026-06-16 02:39:55.737 7 INFO neutron_taas.services.taas.tap_mirror_plugin [None req-beabd558-1ff1-4e09-81c1-c294bcd8b342 9b62ce7093d44527a80be2a60c2b3f89 668d25660e984c268ac7b2aa58a749a3 - - default default] Tap Mirror: Handle Delete Port: d83ff919-53a9-422b-86b0-f169e80afe12
2026-06-16 02:39:55.902 7 INFO neutron.services.segments.plugin [-] Segment d0baed94-a45c-436d-96f6-d8887eff9e5a resource provider aggregate not found
2026-06-16 02:39:55.903 7 INFO neutron.services.segments.plugin [-] Segment d0baed94-a45c-436d-96f6-d8887eff9e5a resource provider aggregate not found
2026-06-16 02:39:55.920 7 INFO neutron.services.segments.plugin [-] Segment d0baed94-a45c-436d-96f6-d8887eff9e5a resource provider not found; error: Placement Client Error (4xx): {"errors": [{"status": 404, "title": "Not Found", "detail": "The resource could not be found.\n\n No resource provider with uuid d0baed94-a45c-436d-96f6-d8887eff9e5a found for delete ", "request_id": "req-98400cf1-29f8-4fb7-bf63-ea7ff2f32582"}]}
2026-06-16 02:39:55.922 7 INFO neutron.services.segments.plugin [-] Segment d0baed94-a45c-436d-96f6-d8887eff9e5a resource provider not found; error: Placement Client Error (4xx): {"errors": [{"status": 404, "title": "Not Found", "detail": "The resource could not be found.\n\n No resource provider with uuid d0baed94-a45c-436d-96f6-d8887eff9e5a found for delete ", "request_id": "req-b265fba8-c078-4387-8c9a-0d7c6f69beb5"}]} [pid: 7|app: 0|req: 628/1271] 10.0.0.24 () {32 vars in 725 bytes} [Tue Jun 16 02:39:55 2026] DELETE /v2.0/networks/ff8e7c69-4b96-43fe-a71b-f296f555fcb5 => generated 0 bytes in 332 msecs (HTTP/1.1 204) 3 headers in 131 bytes (1 switches on core 0)
2026-06-16 02:39:56.099 7 INFO neutron_taas.services.taas.taas_plugin [None req-7e78c39b-7e63-4bc8-a98d-1adf8640a7d5 7985296418e94f44b751f0bb93fda3df 7480172fa15d43df93e209d9deabeaf0 - - default default] TaaS: Handle Delete Port: 9ff843e7-69a7-4ef3-8d10-fc225a7aca4c
2026-06-16 02:39:56.102 7 INFO neutron_taas.services.taas.tap_mirror_plugin [None req-7e78c39b-7e63-4bc8-a98d-1adf8640a7d5 7985296418e94f44b751f0bb93fda3df 7480172fa15d43df93e209d9deabeaf0 - - default default] Tap Mirror: Handle Delete Port: 9ff843e7-69a7-4ef3-8d10-fc225a7aca4c
2026-06-16 02:39:56.325 8 INFO neutron.db.ovn_revision_numbers_db [None req-46ece2b3-b231-4771-aebd-540f9c4735ef 4bed9050a9b9449d8fe370cec3ac6a78 cd359b9173e2408e8409e7c6e2b0705a - - default default] Successfully bumped revision number for resource 48d396f4-82c4-47d8-a680-e8e35a9e5a89 (type: floatingips) to 1
2026-06-16 02:39:56.325 8 INFO neutron.db.l3_db [None req-46ece2b3-b231-4771-aebd-540f9c4735ef 4bed9050a9b9449d8fe370cec3ac6a78 cd359b9173e2408e8409e7c6e2b0705a - - default default] Floating IP 48d396f4-82c4-47d8-a680-e8e35a9e5a89 associated. External IP: 10.96.250.204, port: 95dfd502-9e11-403e-9557-69131cb15d04. [pid: 7|app: 0|req: 629/1272] 10.0.0.24 () {32 vars in 725 bytes} [Tue Jun 16 02:39:55 2026] DELETE /v2.0/networks/2c7473db-85c8-4ee6-89d4-812b492bf4b2 => generated 0 bytes in 396 msecs (HTTP/1.1 204) 3 headers in 131 bytes (1 switches on core 0) [pid: 8|app: 0|req: 644/1273] 10.0.0.24 () {34 vars in 676 bytes} [Tue Jun 16 02:39:55 2026] POST /v2.0/floatingips => generated 841 bytes in 1061 msecs (HTTP/1.1 201) 4 headers in 162 bytes (1 switches on core 0) [pid: 8|app: 0|req: 645/1274] 10.0.0.140 () {34 vars in 990 bytes} [Tue Jun 16 02:39:56 2026] GET /v2.0/ports?device_id=37a550b0-f98c-45ac-8c59-b093181b1e25 => generated 973 bytes in 58 msecs (HTTP/1.1 200) 4 headers in 157 bytes (1 switches on core 0)
2026-06-16 02:39:56.451 7 INFO neutron_taas.services.taas.taas_plugin [None req-46fd5f9f-771e-4374-85a6-c420d9b38071 9b62ce7093d44527a80be2a60c2b3f89 668d25660e984c268ac7b2aa58a749a3 - - default default] TaaS: Handle Delete Port: 82e02a75-7277-49f0-bec7-6449885e278a
2026-06-16 02:39:56.454 7 INFO neutron_taas.services.taas.tap_mirror_plugin [None req-46fd5f9f-771e-4374-85a6-c420d9b38071 9b62ce7093d44527a80be2a60c2b3f89 668d25660e984c268ac7b2aa58a749a3 - - default default] Tap Mirror: Handle Delete Port: 82e02a75-7277-49f0-bec7-6449885e278a
2026-06-16 02:39:56.530 8 INFO neutron.db.segments_db [None req-9c7caada-0e68-4fa1-9963-34f390d81d46 7985296418e94f44b751f0bb93fda3df 7480172fa15d43df93e209d9deabeaf0 - - default default] Added segment dc0d7acd-a966-4c60-940d-0489a6890e81 of type geneve for network b0030837-c98f-40d6-981b-6be62c2b64a5 [pid: 7|app: 0|req: 630/1275] 10.0.0.24 () {32 vars in 725 bytes} [Tue Jun 16 02:39:56 2026] DELETE /v2.0/networks/a4decc1a-3ed9-43d0-a3c8-97ec8e7bb3de => generated 0 bytes in 303 msecs (HTTP/1.1 204) 3 headers in 131 bytes (1 switches on core 0)
2026-06-16 02:39:56.672 8 INFO neutron.db.ovn_revision_numbers_db [None req-9c7caada-0e68-4fa1-9963-34f390d81d46 7985296418e94f44b751f0bb93fda3df 7480172fa15d43df93e209d9deabeaf0 - - default default] Successfully bumped revision number for resource b0030837-c98f-40d6-981b-6be62c2b64a5 (type: networks) to 1 [pid: 7|app: 0|req: 631/1276] 10.0.0.24 () {32 vars in 728 bytes} [Tue Jun 16 02:39:56 2026] GET /v2.0/floatingips/48d396f4-82c4-47d8-a680-e8e35a9e5a89 => generated 843 bytes in 42 msecs (HTTP/1.1 200) 4 headers in 157 bytes (1 switches on core 0) [pid: 7|app: 0|req: 632/1277] 10.0.0.140 () {34 vars in 1040 bytes} [Tue Jun 16 02:39:56 2026] GET /v2.0/security-groups?id=f28bbcfd-1649-4ddf-8851-a89761f0e2ad&fields=id&fields=name => generated 113 bytes in 35 msecs (HTTP/1.1 200) 4 headers in 157 bytes (1 switches on core 0) [pid: 7|app: 0|req: 633/1278] 199.204.45.25 () {34 vars in 1079 bytes} [Tue Jun 16 02:39:56 2026] GET /v2.0/ports?tenant_id=7c7827eaaf2b4f1d9c4f75fe0c0eac27&device_id=37a550b0-f98c-45ac-8c59-b093181b1e25 => generated 1211 bytes in 45 msecs (HTTP/1.1 200) 4 headers in 158 bytes (1 switches on core 0) [pid: 7|app: 0|req: 634/1279] 10.0.0.24 () {32 vars in 648 bytes} [Tue Jun 16 02:39:56 2026] GET /v2.0/networks => generated 689 bytes in 44 msecs (HTTP/1.1 200) 4 headers in 157 bytes (1 switches on core 0)
2026-06-16 02:39:56.870 8 WARNING neutron.scheduler.dhcp_agent_scheduler [None req-9c7caada-0e68-4fa1-9963-34f390d81d46 7985296418e94f44b751f0bb93fda3df 7480172fa15d43df93e209d9deabeaf0 - - default default] No more DHCP agents
2026-06-16 02:39:56.871 8 WARNING neutron.api.rpc.agentnotifiers.dhcp_rpc_agent_api [None req-9c7caada-0e68-4fa1-9963-34f390d81d46 7985296418e94f44b751f0bb93fda3df 7480172fa15d43df93e209d9deabeaf0 - - default default] Unable to schedule network b0030837-c98f-40d6-981b-6be62c2b64a5: no agents available; will retry on subsequent port and subnet creation events. [pid: 7|app: 0|req: 635/1280] 10.0.0.24 () {32 vars in 654 bytes} [Tue Jun 16 02:39:56 2026] GET /v2.0/floatingips => generated 846 bytes in 62 msecs (HTTP/1.1 200) 4 headers in 157 bytes (1 switches on core 0) [pid: 7|app: 0|req: 636/1281] 199.204.45.25 () {34 vars in 1059 bytes} [Tue Jun 16 02:39:56 2026] GET /v2.0/floatingips?fixed_ip_address=10.100.0.14&port_id=c6751763-2a90-4772-9a33-de3344bc8b22 => generated 19 bytes in 30 msecs (HTTP/1.1 200) 4 headers in 156 bytes (1 switches on core 0)
2026-06-16 02:39:56.967 8 INFO neutron.db.ovn_revision_numbers_db [None req-9c7caada-0e68-4fa1-9963-34f390d81d46 7985296418e94f44b751f0bb93fda3df 7480172fa15d43df93e209d9deabeaf0 - - default default] Successfully bumped revision number for resource 6347047b-cbf6-4f57-b0ef-73d35ff7a412 (type: ports) to 1 [pid: 8|app: 0|req: 646/1282] 10.0.0.24 () {34 vars in 669 bytes} [Tue Jun 16 02:39:56 2026] POST /v2.0/networks => generated 655 bytes in 559 msecs (HTTP/1.1 201) 4 headers in 162 bytes (1 switches on core 0)
2026-06-16 02:39:57.033 7 INFO neutron.db.segments_db [None req-24f4030a-803c-4d9f-a81c-c6bbc9749259 9b62ce7093d44527a80be2a60c2b3f89 668d25660e984c268ac7b2aa58a749a3 - - default default] Added segment 28564425-124c-42b5-84d3-1604c82093ee of type geneve for network f1c60106-702c-483f-b1e4-83107cd1152c
2026-06-16 02:39:57.171 7 INFO neutron.db.ovn_revision_numbers_db [None req-24f4030a-803c-4d9f-a81c-c6bbc9749259 9b62ce7093d44527a80be2a60c2b3f89 668d25660e984c268ac7b2aa58a749a3 - - default default] Successfully bumped revision number for resource f1c60106-702c-483f-b1e4-83107cd1152c (type: networks) to 1
2026-06-16 02:39:57.335 7 WARNING neutron.scheduler.dhcp_agent_scheduler [None req-24f4030a-803c-4d9f-a81c-c6bbc9749259 9b62ce7093d44527a80be2a60c2b3f89 668d25660e984c268ac7b2aa58a749a3 - - default default] No more DHCP agents
2026-06-16 02:39:57.336 7 WARNING neutron.api.rpc.agentnotifiers.dhcp_rpc_agent_api [None req-24f4030a-803c-4d9f-a81c-c6bbc9749259 9b62ce7093d44527a80be2a60c2b3f89 668d25660e984c268ac7b2aa58a749a3 - - default default] Unable to schedule network f1c60106-702c-483f-b1e4-83107cd1152c: no agents available; will retry on subsequent port and subnet creation events.
2026-06-16 02:39:57.417 7 INFO neutron.db.ovn_revision_numbers_db [None req-24f4030a-803c-4d9f-a81c-c6bbc9749259 9b62ce7093d44527a80be2a60c2b3f89 668d25660e984c268ac7b2aa58a749a3 - - default default] Successfully bumped revision number for resource 3edbb2d3-a236-470a-89bd-14fd5d7ced5d (type: ports) to 1 [pid: 7|app: 0|req: 637/1283] 10.0.0.24 () {34 vars in 669 bytes} [Tue Jun 16 02:39:56 2026] POST /v2.0/networks => generated 672 bytes in 516 msecs (HTTP/1.1 201) 4 headers in 162 bytes (1 switches on core 0) [pid: 7|app: 0|req: 638/1284] 199.204.45.25 () {34 vars in 983 bytes} [Tue Jun 16 02:39:57 2026] GET /v2.0/subnets?id=70b47c44-3daa-4d8c-8885-7a2f26c40fa7 => generated 694 bytes in 22 msecs (HTTP/1.1 200) 4 headers in 157 bytes (1 switches on core 0)
2026-06-16 02:39:57.529 8 INFO neutron.db.ovn_revision_numbers_db [None req-9239ba33-5e29-4bd6-9dfa-a4d61eaa0632 4bed9050a9b9449d8fe370cec3ac6a78 cd359b9173e2408e8409e7c6e2b0705a - - default default] Successfully bumped revision number for resource 48d396f4-82c4-47d8-a680-e8e35a9e5a89 (type: floatingips) to 2
2026-06-16 02:39:57.633 8 INFO neutron.db.l3_db [None req-9239ba33-5e29-4bd6-9dfa-a4d61eaa0632 4bed9050a9b9449d8fe370cec3ac6a78 cd359b9173e2408e8409e7c6e2b0705a - - default default] Floating IP 48d396f4-82c4-47d8-a680-e8e35a9e5a89 associated. External IP: 10.96.250.204, port: 95dfd502-9e11-403e-9557-69131cb15d04.
2026-06-16 02:39:57.668 7 WARNING neutron.scheduler.dhcp_agent_scheduler [None req-ed55bb28-989c-46ea-80eb-20c56d5a73ec 7985296418e94f44b751f0bb93fda3df 7480172fa15d43df93e209d9deabeaf0 - - default default] No more DHCP agents
2026-06-16 02:39:57.670 7 WARNING neutron.api.rpc.agentnotifiers.dhcp_rpc_agent_api [None req-ed55bb28-989c-46ea-80eb-20c56d5a73ec 7985296418e94f44b751f0bb93fda3df 7480172fa15d43df93e209d9deabeaf0 - - default default] Unable to schedule network b0030837-c98f-40d6-981b-6be62c2b64a5: no agents available; will retry on subsequent port and subnet creation events. [pid: 8|app: 0|req: 647/1285] 10.0.0.24 () {34 vars in 748 bytes} [Tue Jun 16 02:39:56 2026] PUT /v2.0/floatingips/48d396f4-82c4-47d8-a680-e8e35a9e5a89 => generated 843 bytes in 687 msecs (HTTP/1.1 200) 4 headers in 157 bytes (1 switches on core 0)
2026-06-16 02:39:57.693 7 INFO neutron.db.ovn_revision_numbers_db [None req-ed55bb28-989c-46ea-80eb-20c56d5a73ec 7985296418e94f44b751f0bb93fda3df 7480172fa15d43df93e209d9deabeaf0 - - default default] Successfully bumped revision number for resource f2a4daf3-e9c8-425f-a4b2-be18ee22ec2b (type: subnets) to 0 [pid: 7|app: 0|req: 639/1286] 10.0.0.24 () {34 vars in 668 bytes} [Tue Jun 16 02:39:57 2026] POST /v2.0/subnets => generated 646 bytes in 246 msecs (HTTP/1.1 201) 4 headers in 162 bytes (1 switches on core 0) [pid: 7|app: 0|req: 640/1287] 199.204.45.25 () {34 vars in 1051 bytes} [Tue Jun 16 02:39:57 2026] GET /v2.0/ports?network_id=27f624e5-1c1c-40d1-a601-af4c5485cd51&device_owner=network%3Adhcp => generated 12 bytes in 17 msecs (HTTP/1.1 200) 4 headers in 156 bytes (1 switches on core 0)
2026-06-16 02:39:57.773 8 INFO neutron.db.segments_db [None req-1d0422ab-2d8c-4ed3-b317-51e6bbec6c18 9b62ce7093d44527a80be2a60c2b3f89 668d25660e984c268ac7b2aa58a749a3 - - default default] Added segment f800d80c-3888-4be5-ad9d-ceda65484005 of type geneve for network 844485fe-46a2-4464-b316-86dbfb671715
2026-06-16 02:39:57.876 7 INFO neutron.db.ovn_revision_numbers_db [None req-3a2cb376-0a54-47f7-8083-3eab367fb125 4bed9050a9b9449d8fe370cec3ac6a78 cd359b9173e2408e8409e7c6e2b0705a - - default default] Successfully bumped revision number for resource 48d396f4-82c4-47d8-a680-e8e35a9e5a89 (type: floatingips) to 3
2026-06-16 02:39:57.894 8 INFO neutron.db.ovn_revision_numbers_db [None req-1d0422ab-2d8c-4ed3-b317-51e6bbec6c18 9b62ce7093d44527a80be2a60c2b3f89 668d25660e984c268ac7b2aa58a749a3 - - default default] Successfully bumped revision number for resource 844485fe-46a2-4464-b316-86dbfb671715 (type: networks) to 1
2026-06-16 02:39:57.921 7 INFO neutron.db.l3_db [None req-3a2cb376-0a54-47f7-8083-3eab367fb125 4bed9050a9b9449d8fe370cec3ac6a78 cd359b9173e2408e8409e7c6e2b0705a - - default default] Floating IP 48d396f4-82c4-47d8-a680-e8e35a9e5a89 disassociated. External IP: 10.96.250.204, port: 71136eaf-ed03-47c7-a068-8dd54442867a.
2026-06-16 02:39:57.945 7 INFO neutron.services.segments.plugin [-] Segment f4b079bb-6c54-4de2-b9b0-ef89c86f58c1 resource provider aggregate not found
2026-06-16 02:39:57.952 7 INFO neutron.services.segments.plugin [-] Segment f4b079bb-6c54-4de2-b9b0-ef89c86f58c1 resource provider aggregate not found [pid: 7|app: 0|req: 641/1288] 10.0.0.24 () {34 vars in 748 bytes} [Tue Jun 16 02:39:57 2026] PUT /v2.0/floatingips/48d396f4-82c4-47d8-a680-e8e35a9e5a89 => generated 554 bytes in 238 msecs (HTTP/1.1 200) 4 headers in 157 bytes (1 switches on core 0)
2026-06-16 02:39:57.968 7 INFO neutron.services.segments.plugin [-] Segment f4b079bb-6c54-4de2-b9b0-ef89c86f58c1 resource provider not found; error: Placement Client Error (4xx): {"errors": [{"status": 404, "title": "Not Found", "detail": "The resource could not be found.\n\n No resource provider with uuid f4b079bb-6c54-4de2-b9b0-ef89c86f58c1 found for delete ", "request_id": "req-c5325fa5-4883-4881-93c9-028e97e3e411"}]}
2026-06-16 02:39:57.974 7 INFO neutron.services.segments.plugin [-] Segment f4b079bb-6c54-4de2-b9b0-ef89c86f58c1 resource provider not found; error: Placement Client Error (4xx): {"errors": [{"status": 404, "title": "Not Found", "detail": "The resource could not be found.\n\n No resource provider with uuid f4b079bb-6c54-4de2-b9b0-ef89c86f58c1 found for delete ", "request_id": "req-91c3187e-1bc8-48b6-a6b0-6ed45305cb7a"}]}
2026-06-16 02:39:57.995 7 INFO neutron.services.segments.plugin [-] Segment 6f33a87b-d066-4eb3-b596-13887c89a4b6 resource provider aggregate not found
2026-06-16 02:39:58.001 7 INFO neutron.services.segments.plugin [-] Segment 6f33a87b-d066-4eb3-b596-13887c89a4b6 resource provider aggregate not found
2026-06-16 02:39:58.017 7 INFO neutron.services.segments.plugin [-] Segment 6f33a87b-d066-4eb3-b596-13887c89a4b6 resource provider not found; error: Placement Client Error (4xx): {"errors": [{"status": 404, "title": "Not Found", "detail": "The resource could not be found.\n\n No resource provider with uuid 6f33a87b-d066-4eb3-b596-13887c89a4b6 found for delete ", "request_id": "req-c64ddcbf-0772-4fb4-866f-7aee255c9d97"}]}
2026-06-16 02:39:58.020 7 INFO neutron.services.segments.plugin [-] Segment 6f33a87b-d066-4eb3-b596-13887c89a4b6 resource provider not found; error: Placement Client Error (4xx): {"errors": [{"status": 404, "title": "Not Found", "detail": "The resource could not be found.\n\n No resource provider with uuid 6f33a87b-d066-4eb3-b596-13887c89a4b6 found for delete ", "request_id": "req-57da2fc4-8188-4ecf-843b-f36cd3581578"}]}
2026-06-16 02:39:58.054 8 WARNING neutron.scheduler.dhcp_agent_scheduler [None req-1d0422ab-2d8c-4ed3-b317-51e6bbec6c18 9b62ce7093d44527a80be2a60c2b3f89 668d25660e984c268ac7b2aa58a749a3 - - default default] No more DHCP agents
2026-06-16 02:39:58.056 8 WARNING neutron.api.rpc.agentnotifiers.dhcp_rpc_agent_api [None req-1d0422ab-2d8c-4ed3-b317-51e6bbec6c18 9b62ce7093d44527a80be2a60c2b3f89 668d25660e984c268ac7b2aa58a749a3 - - default default] Unable to schedule network 844485fe-46a2-4464-b316-86dbfb671715: no agents available; will retry on subsequent port and subnet creation events.
2026-06-16 02:39:58.117 7 INFO neutron.plugins.ml2.drivers.ovn.mech_driver.mech_driver [None req-68df6997-0833-4390-ae4c-d0bc5a983b67 - - - - - -] OVN reports status down for port: 90ddfb8a-486b-4517-a672-e4acac1c7312
2026-06-16 02:39:58.133 8 INFO neutron.db.ovn_revision_numbers_db [None req-1d0422ab-2d8c-4ed3-b317-51e6bbec6c18 9b62ce7093d44527a80be2a60c2b3f89 668d25660e984c268ac7b2aa58a749a3 - - default default] Successfully bumped revision number for resource 90ddfb8a-486b-4517-a672-e4acac1c7312 (type: ports) to 1 [pid: 8|app: 0|req: 648/1289] 10.0.0.24 () {34 vars in 669 bytes} [Tue Jun 16 02:39:57 2026] POST /v2.0/networks => generated 673 bytes in 471 msecs (HTTP/1.1 201) 4 headers in 162 bytes (1 switches on core 0) [pid: 8|app: 0|req: 649/1290] 199.204.45.25 () {34 vars in 1011 bytes} [Tue Jun 16 02:39:58 2026] GET /v2.0/networks/27f624e5-1c1c-40d1-a601-af4c5485cd51?fields=segments => generated 14 bytes in 34 msecs (HTTP/1.1 200) 4 headers in 156 bytes (1 switches on core 0) [pid: 8|app: 0|req: 650/1291] 10.0.0.140 () {34 vars in 990 bytes} [Tue Jun 16 02:39:58 2026] GET /v2.0/ports?device_id=37a550b0-f98c-45ac-8c59-b093181b1e25 => generated 973 bytes in 27 msecs (HTTP/1.1 200) 4 headers in 157 bytes (1 switches on core 0)
2026-06-16 02:39:58.305 7 WARNING neutron.scheduler.dhcp_agent_scheduler [None req-c5885d32-3ced-4f98-8789-4312d3e34e50 7985296418e94f44b751f0bb93fda3df 7480172fa15d43df93e209d9deabeaf0 - - default default] No more DHCP agents
2026-06-16 02:39:58.308 7 WARNING neutron.api.rpc.agentnotifiers.dhcp_rpc_agent_api [None req-c5885d32-3ced-4f98-8789-4312d3e34e50 7985296418e94f44b751f0bb93fda3df 7480172fa15d43df93e209d9deabeaf0 - - default default] Unable to schedule network b0030837-c98f-40d6-981b-6be62c2b64a5: no agents available; will retry on subsequent port and subnet creation events.
2026-06-16 02:39:58.356 8 INFO neutron_taas.services.taas.taas_plugin [None req-32e934d8-2add-497c-a0ba-d7d7159bdec9 4bed9050a9b9449d8fe370cec3ac6a78 cd359b9173e2408e8409e7c6e2b0705a - - default default] TaaS: Handle Delete Port: 25306e40-ca06-4e05-849a-c83524f9a8e2
2026-06-16 02:39:58.359 8 INFO neutron_taas.services.taas.tap_mirror_plugin [None req-32e934d8-2add-497c-a0ba-d7d7159bdec9 4bed9050a9b9449d8fe370cec3ac6a78 cd359b9173e2408e8409e7c6e2b0705a - - default default] Tap Mirror: Handle Delete Port: 25306e40-ca06-4e05-849a-c83524f9a8e2
2026-06-16 02:39:58.443 7 INFO neutron.db.ovn_revision_numbers_db [None req-c5885d32-3ced-4f98-8789-4312d3e34e50 7985296418e94f44b751f0bb93fda3df 7480172fa15d43df93e209d9deabeaf0 - - default default] Successfully bumped revision number for resource 43a6b570-8f71-4791-8c2e-bf7e48a54a92 (type: ports) to 1 [pid: 7|app: 0|req: 642/1292] 10.0.0.24 () {34 vars in 664 bytes} [Tue Jun 16 02:39:57 2026] POST /v2.0/ports => generated 927 bytes in 510 msecs (HTTP/1.1 201) 4 headers in 162 bytes (1 switches on core 0) [pid: 8|app: 0|req: 651/1293] 10.0.0.24 () {32 vars in 731 bytes} [Tue Jun 16 02:39:58 2026] DELETE /v2.0/floatingips/48d396f4-82c4-47d8-a680-e8e35a9e5a89 => generated 0 bytes in 334 msecs (HTTP/1.1 204) 2 headers in 112 bytes (1 switches on core 0) [pid: 8|app: 0|req: 652/1294] 199.204.45.25 () {34 vars in 1111 bytes} [Tue Jun 16 02:39:58 2026] GET /v2.0/networks/27f624e5-1c1c-40d1-a601-af4c5485cd51?fields=provider%3Aphysical_network&fields=provider%3Anetwork_type => generated 79 bytes in 38 msecs (HTTP/1.1 200) 4 headers in 156 bytes (1 switches on core 0) [pid: 8|app: 0|req: 653/1295] 10.0.0.140 () {34 vars in 1040 bytes} [Tue Jun 16 02:39:58 2026] GET /v2.0/security-groups?id=f28bbcfd-1649-4ddf-8851-a89761f0e2ad&fields=id&fields=name => generated 113 bytes in 31 msecs (HTTP/1.1 200) 4 headers in 157 bytes (1 switches on core 0)
2026-06-16 02:39:58.771 8 INFO neutron_taas.services.taas.taas_plugin [None req-b1e76e86-2745-4008-a5f7-f043b547c1a7 7985296418e94f44b751f0bb93fda3df 7480172fa15d43df93e209d9deabeaf0 - - default default] TaaS: Handle Delete Port: 43a6b570-8f71-4791-8c2e-bf7e48a54a92
2026-06-16 02:39:58.774 8 INFO neutron_taas.services.taas.tap_mirror_plugin [None req-b1e76e86-2745-4008-a5f7-f043b547c1a7 7985296418e94f44b751f0bb93fda3df 7480172fa15d43df93e209d9deabeaf0 - - default default] Tap Mirror: Handle Delete Port: 43a6b570-8f71-4791-8c2e-bf7e48a54a92
2026-06-16 02:39:58.824 7 WARNING neutron.scheduler.dhcp_agent_scheduler [None req-72ff9527-4117-44fb-aa5a-08d4d8e27095 9b62ce7093d44527a80be2a60c2b3f89 668d25660e984c268ac7b2aa58a749a3 - - default default] No more DHCP agents
2026-06-16 02:39:58.825 7 WARNING neutron.api.rpc.agentnotifiers.dhcp_rpc_agent_api [None req-72ff9527-4117-44fb-aa5a-08d4d8e27095 9b62ce7093d44527a80be2a60c2b3f89 668d25660e984c268ac7b2aa58a749a3 - - default default] Unable to schedule network f1c60106-702c-483f-b1e4-83107cd1152c: no agents available; will retry on subsequent port and subnet creation events.
2026-06-16 02:39:58.881 7 INFO neutron.plugins.ml2.drivers.ovn.mech_driver.mech_driver [None req-68df6997-0833-4390-ae4c-d0bc5a983b67 - - - - - -] OVN reports status down for port: 8a42883e-94db-4190-b0d3-37f1ada66848 [pid: 8|app: 0|req: 654/1296] 10.0.0.24 () {32 vars in 719 bytes} [Tue Jun 16 02:39:58 2026] DELETE /v2.0/ports/43a6b570-8f71-4791-8c2e-bf7e48a54a92 => generated 0 bytes in 310 msecs (HTTP/1.1 204) 3 headers in 131 bytes (1 switches on core 0)
2026-06-16 02:39:58.950 8 INFO neutron.api.v2.resource [None req-800b7362-6f51-4db4-b9be-2dc9388f40ad 4bed9050a9b9449d8fe370cec3ac6a78 cd359b9173e2408e8409e7c6e2b0705a - - default default] delete failed (client error): The resource could not be found. [pid: 8|app: 0|req: 655/1297] 10.0.0.24 () {32 vars in 731 bytes} [Tue Jun 16 02:39:58 2026] DELETE /v2.0/floatingips/48d396f4-82c4-47d8-a680-e8e35a9e5a89 => generated 144 bytes in 17 msecs (HTTP/1.1 404) 4 headers in 164 bytes (1 switches on core 0)
2026-06-16 02:39:58.951 7 INFO neutron.db.ovn_revision_numbers_db [None req-72ff9527-4117-44fb-aa5a-08d4d8e27095 9b62ce7093d44527a80be2a60c2b3f89 668d25660e984c268ac7b2aa58a749a3 - - default default] Successfully bumped revision number for resource 8a42883e-94db-4190-b0d3-37f1ada66848 (type: ports) to 1
2026-06-16 02:39:58.964 8 INFO neutron.pecan_wsgi.hooks.translation [None req-a23fb40e-6d50-461e-8a91-02367afc9625 7985296418e94f44b751f0bb93fda3df 7480172fa15d43df93e209d9deabeaf0 - - default default] GET failed (client error): The resource could not be found. [pid: 8|app: 0|req: 656/1298] 10.0.0.24 () {32 vars in 716 bytes} [Tue Jun 16 02:39:58 2026] GET /v2.0/ports/43a6b570-8f71-4791-8c2e-bf7e48a54a92 => generated 132 bytes in 14 msecs (HTTP/1.1 404) 4 headers in 164 bytes (1 switches on core 0)
2026-06-16 02:39:59.013 7 WARNING neutron.scheduler.dhcp_agent_scheduler [None req-72ff9527-4117-44fb-aa5a-08d4d8e27095 9b62ce7093d44527a80be2a60c2b3f89 668d25660e984c268ac7b2aa58a749a3 - - default default] No more DHCP agents
2026-06-16 02:39:59.015 7 WARNING neutron.api.rpc.agentnotifiers.dhcp_rpc_agent_api [None req-72ff9527-4117-44fb-aa5a-08d4d8e27095 9b62ce7093d44527a80be2a60c2b3f89 668d25660e984c268ac7b2aa58a749a3 - - default default] Unable to schedule network 844485fe-46a2-4464-b316-86dbfb671715: no agents available; will retry on subsequent port and subnet creation events.
2026-06-16 02:39:59.110 7 INFO neutron.db.ovn_revision_numbers_db [None req-72ff9527-4117-44fb-aa5a-08d4d8e27095 9b62ce7093d44527a80be2a60c2b3f89 668d25660e984c268ac7b2aa58a749a3 - - default default] Successfully bumped revision number for resource c3461b27-a389-4fdf-a9e7-5a1ae6958322 (type: ports) to 1
2026-06-16 02:39:59.149 8 INFO neutron_taas.services.taas.taas_plugin [None req-e9717c11-8701-481f-9c2a-99632a15c1e6 4bed9050a9b9449d8fe370cec3ac6a78 cd359b9173e2408e8409e7c6e2b0705a - - default default] TaaS: Handle Delete Port: 71136eaf-ed03-47c7-a068-8dd54442867a
2026-06-16 02:39:59.154 8 INFO neutron_taas.services.taas.tap_mirror_plugin [None req-e9717c11-8701-481f-9c2a-99632a15c1e6 4bed9050a9b9449d8fe370cec3ac6a78 cd359b9173e2408e8409e7c6e2b0705a - - default default] Tap Mirror: Handle Delete Port: 71136eaf-ed03-47c7-a068-8dd54442867a [pid: 7|app: 0|req: 643/1299] 10.0.0.24 () {34 vars in 664 bytes} [Tue Jun 16 02:39:58 2026] POST /v2.0/ports => generated 1505 bytes in 710 msecs (HTTP/1.1 201) 4 headers in 163 bytes (1 switches on core 0) /var/lib/openstack/lib/python3.12/site-packages/pycadf/identifier.py:70: UserWarning: Invalid uuid: neutron. To ensure interoperability, identifiers should be a valid uuid. warnings.warn(('Invalid uuid: %s. To ensure interoperability, ' [pid: 8|app: 0|req: 657/1300] 10.0.0.24 () {32 vars in 719 bytes} [Tue Jun 16 02:39:58 2026] DELETE /v2.0/ports/71136eaf-ed03-47c7-a068-8dd54442867a => generated 0 bytes in 366 msecs (HTTP/1.1 204) 3 headers in 131 bytes (1 switches on core 0) [pid: 7|app: 0|req: 644/1301] 10.0.0.24 () {32 vars in 723 bytes} [Tue Jun 16 02:39:59 2026] DELETE /v2.0/subnets/f2a4daf3-e9c8-425f-a4b2-be18ee22ec2b => generated 0 bytes in 168 msecs (HTTP/1.1 204) 3 headers in 131 bytes (1 switches on core 0) [pid: 8|app: 0|req: 658/1302] 10.0.0.24 () {32 vars in 642 bytes} [Tue Jun 16 02:39:59 2026] GET /v2.0/ports => generated 3017 bytes in 143 msecs (HTTP/1.1 200) 4 headers in 158 bytes (1 switches on core 0)
2026-06-16 02:39:59.503 7 INFO neutron_taas.services.taas.taas_plugin [None req-278db79b-cceb-4265-9239-c4abb3d4030d 4bed9050a9b9449d8fe370cec3ac6a78 cd359b9173e2408e8409e7c6e2b0705a - - default default] TaaS: Handle Delete Port: 95dfd502-9e11-403e-9557-69131cb15d04
2026-06-16 02:39:59.506 7 INFO neutron_taas.services.taas.tap_mirror_plugin [None req-278db79b-cceb-4265-9239-c4abb3d4030d 4bed9050a9b9449d8fe370cec3ac6a78 cd359b9173e2408e8409e7c6e2b0705a - - default default] Tap Mirror: Handle Delete Port: 95dfd502-9e11-403e-9557-69131cb15d04
2026-06-16 02:39:59.589 8 INFO neutron_taas.services.taas.taas_plugin [None req-3296a5d4-7211-4c7f-a7f8-e9169df1b197 7985296418e94f44b751f0bb93fda3df 7480172fa15d43df93e209d9deabeaf0 - - default default] TaaS: Handle Delete Port: 6347047b-cbf6-4f57-b0ef-73d35ff7a412
2026-06-16 02:39:59.592 8 INFO neutron_taas.services.taas.tap_mirror_plugin [None req-3296a5d4-7211-4c7f-a7f8-e9169df1b197 7985296418e94f44b751f0bb93fda3df 7480172fa15d43df93e209d9deabeaf0 - - default default] Tap Mirror: Handle Delete Port: 6347047b-cbf6-4f57-b0ef-73d35ff7a412 [pid: 7|app: 0|req: 645/1303] 10.0.0.24 () {32 vars in 719 bytes} [Tue Jun 16 02:39:59 2026] DELETE /v2.0/ports/95dfd502-9e11-403e-9557-69131cb15d04 => generated 0 bytes in 313 msecs (HTTP/1.1 204) 3 headers in 131 bytes (1 switches on core 0)
2026-06-16 02:39:59.758 8 WARNING neutron.plugins.ml2.drivers.ovn.mech_driver.ovsdb.ovn_client [None req-91849b6d-f0c8-40d0-a3e2-04283c39023f - - - - - -] No hosting information found for port c7bcbefc-7660-4cde-b5bb-798817fdcc71: RuntimeError: No hosting information found for port c7bcbefc-7660-4cde-b5bb-798817fdcc71
2026-06-16 02:39:59.779 7 INFO neutron_taas.services.taas.taas_plugin [None req-7574aeea-3448-4541-89cc-69d3083eac0e 9b62ce7093d44527a80be2a60c2b3f89 668d25660e984c268ac7b2aa58a749a3 - - default default] TaaS: Handle Delete Port: 8a42883e-94db-4190-b0d3-37f1ada66848
2026-06-16 02:39:59.782 7 INFO neutron_taas.services.taas.tap_mirror_plugin [None req-7574aeea-3448-4541-89cc-69d3083eac0e 9b62ce7093d44527a80be2a60c2b3f89 668d25660e984c268ac7b2aa58a749a3 - - default default] Tap Mirror: Handle Delete Port: 8a42883e-94db-4190-b0d3-37f1ada66848
2026-06-16 02:39:59.841 8 INFO neutron.services.segments.plugin [-] Segment dc0d7acd-a966-4c60-940d-0489a6890e81 resource provider aggregate not found
2026-06-16 02:39:59.847 8 INFO neutron.services.segments.plugin [-] Segment dc0d7acd-a966-4c60-940d-0489a6890e81 resource provider aggregate not found
2026-06-16 02:39:59.866 8 INFO neutron.services.segments.plugin [-] Segment dc0d7acd-a966-4c60-940d-0489a6890e81 resource provider not found; error: Placement Client Error (4xx): {"errors": [{"status": 404, "title": "Not Found", "detail": "The resource could not be found.\n\n No resource provider with uuid dc0d7acd-a966-4c60-940d-0489a6890e81 found for delete ", "request_id": "req-a145a81a-5d60-4b5f-8ee4-be357a17ae7f"}]}
2026-06-16 02:39:59.873 8 INFO neutron.services.segments.plugin [-] Segment dc0d7acd-a966-4c60-940d-0489a6890e81 resource provider not found; error: Placement Client Error (4xx): {"errors": [{"status": 404, "title": "Not Found", "detail": "The resource could not be found.\n\n No resource provider with uuid dc0d7acd-a966-4c60-940d-0489a6890e81 found for delete ", "request_id": "req-05f6767d-8961-48f6-a50e-3111e611de82"}]} [pid: 7|app: 0|req: 646/1304] 10.0.0.24 () {32 vars in 719 bytes} [Tue Jun 16 02:39:59 2026] DELETE /v2.0/ports/8a42883e-94db-4190-b0d3-37f1ada66848 => generated 0 bytes in 232 msecs (HTTP/1.1 204) 3 headers in 131 bytes (1 switches on core 0) [pid: 7|app: 0|req: 647/1305] 10.0.0.24 () {32 vars in 735 bytes} [Tue Jun 16 02:39:59 2026] GET /v2.0/ports?device_id=457725e4-a925-4316-9666-bc1c1c8df59d => generated 946 bytes in 34 msecs (HTTP/1.1 200) 4 headers in 157 bytes (1 switches on core 0) [pid: 8|app: 0|req: 659/1306] 10.0.0.24 () {32 vars in 725 bytes} [Tue Jun 16 02:39:59 2026] DELETE /v2.0/networks/b0030837-c98f-40d6-981b-6be62c2b64a5 => generated 0 bytes in 460 msecs (HTTP/1.1 204) 3 headers in 131 bytes (1 switches on core 0)
2026-06-16 02:39:59.937 8 INFO neutron.db.ovn_revision_numbers_db [None req-91849b6d-f0c8-40d0-a3e2-04283c39023f - - - - - -] Successfully bumped revision number for resource c7bcbefc-7660-4cde-b5bb-798817fdcc71 (type: router_ports) to 2
2026-06-16 02:39:59.937 8 INFO neutron.plugins.ml2.drivers.ovn.mech_driver.mech_driver [None req-91849b6d-f0c8-40d0-a3e2-04283c39023f - - - - - -] OVN reports status down for port: cf3d05ff-a28f-4b0a-be45-41beff722c16 [pid: 7|app: 0|req: 648/1307] 10.0.0.140 () {34 vars in 990 bytes} [Tue Jun 16 02:39:59 2026] GET /v2.0/ports?device_id=37a550b0-f98c-45ac-8c59-b093181b1e25 => generated 973 bytes in 70 msecs (HTTP/1.1 200) 4 headers in 157 bytes (1 switches on core 0)
2026-06-16 02:40:00.096 8 INFO neutron.plugins.ml2.drivers.ovn.mech_driver.mech_driver [None req-91849b6d-f0c8-40d0-a3e2-04283c39023f - - - - - -] OVN reports status down for port: 59a46729-360c-46a4-92ce-98a5aa7f9b1d
2026-06-16 02:40:00.169 8 INFO neutron_taas.services.taas.taas_plugin [None req-be921f72-266c-4d6e-987f-79af5ef6b7e4 9b62ce7093d44527a80be2a60c2b3f89 668d25660e984c268ac7b2aa58a749a3 - - default default] TaaS: Handle Delete Port: c3461b27-a389-4fdf-a9e7-5a1ae6958322
2026-06-16 02:40:00.174 8 INFO neutron_taas.services.taas.tap_mirror_plugin [None req-be921f72-266c-4d6e-987f-79af5ef6b7e4 9b62ce7093d44527a80be2a60c2b3f89 668d25660e984c268ac7b2aa58a749a3 - - default default] Tap Mirror: Handle Delete Port: c3461b27-a389-4fdf-a9e7-5a1ae6958322
2026-06-16 02:40:00.187 8 INFO neutron.plugins.ml2.drivers.ovn.mech_driver.mech_driver [None req-91849b6d-f0c8-40d0-a3e2-04283c39023f - - - - - -] OVN reports status down for port: 9ff843e7-69a7-4ef3-8d10-fc225a7aca4c
2026-06-16 02:40:00.396 7 INFO neutron_taas.services.taas.taas_plugin [None req-c7bf8759-d232-4eda-96a1-ad5f5a89cfd5 4bed9050a9b9449d8fe370cec3ac6a78 cd359b9173e2408e8409e7c6e2b0705a - - default default] TaaS: Handle Delete Port: c7bcbefc-7660-4cde-b5bb-798817fdcc71
2026-06-16 02:40:00.400 7 INFO neutron_taas.services.taas.tap_mirror_plugin [None req-c7bf8759-d232-4eda-96a1-ad5f5a89cfd5 4bed9050a9b9449d8fe370cec3ac6a78 cd359b9173e2408e8409e7c6e2b0705a - - default default] Tap Mirror: Handle Delete Port: c7bcbefc-7660-4cde-b5bb-798817fdcc71 [pid: 8|app: 0|req: 660/1308] 10.0.0.24 () {32 vars in 719 bytes} [Tue Jun 16 02:39:59 2026] DELETE /v2.0/ports/c3461b27-a389-4fdf-a9e7-5a1ae6958322 => generated 0 bytes in 472 msecs (HTTP/1.1 204) 3 headers in 131 bytes (1 switches on core 0) /var/lib/openstack/lib/python3.12/site-packages/pycadf/identifier.py:70: UserWarning: Invalid uuid: neutron. To ensure interoperability, identifiers should be a valid uuid. warnings.warn(('Invalid uuid: %s. To ensure interoperability, '
