Apr 02 05:56:46.697818 np0000162716 systemd[1]: Starting devstack@n-api.service - Devstack devstack@n-api.service...
Apr 02 05:56:46.711710 np0000162716 devstack@n-api.service[99122]: [uWSGI] getting INI configuration from /etc/nova/nova-api-uwsgi.ini
Apr 02 05:56:46.712653 np0000162716 devstack@n-api.service[99122]: open("./http_plugin.so"): No such file or directory [core/utils.c line 3709]
Apr 02 05:56:46.712653 np0000162716 devstack@n-api.service[99122]: !!! UNABLE to load uWSGI plugin: ./http_plugin.so: cannot open shared object file: No such file or directory !!!
Apr 02 05:56:46.712653 np0000162716 devstack@n-api.service[99122]: open("./python3_plugin.so"): No such file or directory [core/utils.c line 3709]
Apr 02 05:56:46.712653 np0000162716 devstack@n-api.service[99122]: !!! UNABLE to load uWSGI plugin: ./python3_plugin.so: cannot open shared object file: No such file or directory !!!
Apr 02 05:56:46.712653 np0000162716 devstack@n-api.service[99122]: *** Starting uWSGI 2.0.31 (64bit) on [Thu Apr 2 05:56:46 2026] ***
Apr 02 05:56:46.712653 np0000162716 devstack@n-api.service[99122]: compiled with version: 13.3.0 on 02 April 2026 05:46:45
Apr 02 05:56:46.712653 np0000162716 devstack@n-api.service[99122]: os: Linux-6.8.0-107-generic #107-Ubuntu SMP PREEMPT_DYNAMIC Fri Mar 13 19:51:50 UTC 2026
Apr 02 05:56:46.712653 np0000162716 devstack@n-api.service[99122]: nodename: np0000162716
Apr 02 05:56:46.712653 np0000162716 devstack@n-api.service[99122]: machine: x86_64
Apr 02 05:56:46.712653 np0000162716 devstack@n-api.service[99122]: clock source: unix
Apr 02 05:56:46.712653 np0000162716 devstack@n-api.service[99122]: pcre jit disabled
Apr 02 05:56:46.712653 np0000162716 devstack@n-api.service[99122]: detected number of CPU cores: 16
Apr 02 05:56:46.712653 np0000162716 devstack@n-api.service[99122]: current working directory: /
Apr 02 05:56:46.712653 np0000162716 devstack@n-api.service[99122]: detected binary path: /opt/stack/data/venv/bin/uwsgi
Apr 02 05:56:46.712653 np0000162716 devstack@n-api.service[99122]: your processes number limit is 256917
Apr 02 05:56:46.712653 np0000162716 devstack@n-api.service[99122]: your memory page size is 4096 bytes
Apr 02 05:56:46.712653 np0000162716 devstack@n-api.service[99122]: detected max file descriptor number: 2048
Apr 02 05:56:46.712653 np0000162716 devstack@n-api.service[99122]: lock engine: pthread robust mutexes
Apr 02 05:56:46.712653 np0000162716 devstack@n-api.service[99122]: thunder lock: enabled
Apr 02 05:56:46.712653 np0000162716 devstack@n-api.service[99122]: uwsgi socket 0 bound to UNIX address /var/run/uwsgi/nova-api.socket fd 4
Apr 02 05:56:46.712653 np0000162716 devstack@n-api.service[99122]: Python version: 3.12.3 (main, Mar 3 2026, 12:15:18) [GCC 13.3.0]
Apr 02 05:56:46.713899 np0000162716 devstack@n-api.service[99122]: PEP 405 virtualenv detected: /opt/stack/data/venv
Apr 02 05:56:46.713899 np0000162716 devstack@n-api.service[99122]: Set PythonHome to /opt/stack/data/venv
Apr 02 05:56:46.749809 np0000162716 devstack@n-api.service[99122]: Python main interpreter initialized at 0x785372ca3668
Apr 02 05:56:46.749809 np0000162716 devstack@n-api.service[99122]: python threads support enabled
Apr 02 05:56:46.749809 np0000162716 devstack@n-api.service[99122]: your server socket listen backlog is limited to 100 connections
Apr 02 05:56:46.749809 np0000162716 devstack@n-api.service[99122]: your mercy for graceful operations on workers is 80 seconds
Apr 02 05:56:46.750355 np0000162716 devstack@n-api.service[99122]: mapped 671795 bytes (656 KB) for 4 cores
Apr 02 05:56:46.750507 np0000162716 devstack@n-api.service[99122]: *** Operational MODE: preforking ***
Apr 02 05:56:46.750737 np0000162716 devstack@n-api.service[99122]: *** uWSGI is running in multiple interpreter mode ***
Apr 02 05:56:46.750737 np0000162716 devstack@n-api.service[99122]: spawned uWSGI master process (pid: 99122)
Apr 02 05:56:46.751003 np0000162716 systemd[1]: Started devstack@n-api.service - Devstack devstack@n-api.service.
Apr 02 05:56:46.751560 np0000162716 devstack@n-api.service[99122]: spawned uWSGI worker 1 (pid: 99123, cores: 1)
Apr 02 05:56:46.752037 np0000162716 devstack@n-api.service[99122]: spawned uWSGI worker 2 (pid: 99124, cores: 1)
Apr 02 05:56:46.752485 np0000162716 devstack@n-api.service[99122]: spawned uWSGI worker 3 (pid: 99125, cores: 1)
Apr 02 05:56:46.753045 np0000162716 devstack@n-api.service[99122]: spawned uWSGI worker 4 (pid: 99126, cores: 1)
Apr 02 05:56:46.753143 np0000162716 devstack@n-api.service[99122]: running "unix_signal:15 gracefully_kill_them_all" (master-start)...
Apr 02 05:56:47.124943 np0000162716 devstack@n-api.service[99123]: Service is starting with native threading. This is currently experimental. Do not use it in production without first testing it in pre-production.
Apr 02 05:56:47.131912 np0000162716 devstack@n-api.service[99125]: Service is starting with native threading. This is currently experimental. Do not use it in production without first testing it in pre-production.
Apr 02 05:56:47.137631 np0000162716 devstack@n-api.service[99126]: Service is starting with native threading. This is currently experimental. Do not use it in production without first testing it in pre-production.
Apr 02 05:56:47.151780 np0000162716 devstack@n-api.service[99124]: Service is starting with native threading. This is currently experimental. Do not use it in production without first testing it in pre-production.
Apr 02 05:56:49.295120 np0000162716 devstack@n-api.service[99123]: INFO dbcounter [None req-03f614e2-380b-4e19-a171-dbf4e57c9f9a None None] Registered counter for database nova_api
Apr 02 05:56:49.305248 np0000162716 devstack@n-api.service[99124]: INFO dbcounter [None req-b8187365-c284-4b6e-9836-f53d6ae109de None None] Registered counter for database nova_api
Apr 02 05:56:49.311079 np0000162716 devstack@n-api.service[99123]: DEBUG oslo_db.sqlalchemy.engines [None req-03f614e2-380b-4e19-a171-dbf4e57c9f9a None None] MySQL server mode set to STRICT_TRANS_TABLES,STRICT_ALL_TABLES,NO_ZERO_IN_DATE,NO_ZERO_DATE,ERROR_FOR_DIVISION_BY_ZERO,TRADITIONAL,NO_ENGINE_SUBSTITUTION {{(pid=99123) _check_effective_sql_mode /opt/stack/data/venv/lib/python3.12/site-packages/oslo_db/sqlalchemy/engines.py:325}}
Apr 02 05:56:49.318147 np0000162716 devstack@n-api.service[99124]: DEBUG oslo_db.sqlalchemy.engines [None req-b8187365-c284-4b6e-9836-f53d6ae109de None None] MySQL server mode set to STRICT_TRANS_TABLES,STRICT_ALL_TABLES,NO_ZERO_IN_DATE,NO_ZERO_DATE,ERROR_FOR_DIVISION_BY_ZERO,TRADITIONAL,NO_ENGINE_SUBSTITUTION {{(pid=99124) _check_effective_sql_mode /opt/stack/data/venv/lib/python3.12/site-packages/oslo_db/sqlalchemy/engines.py:325}}
Apr 02 05:56:49.346056 np0000162716 devstack@n-api.service[99123]: DEBUG dbcounter [-] [99123] Writer thread running {{(pid=99123) stat_writer /opt/stack/data/venv/lib/python3.12/site-packages/dbcounter.py:102}}
Apr 02 05:56:49.348701 np0000162716 devstack@n-api.service[99123]: DEBUG nova.context [None req-03f614e2-380b-4e19-a171-dbf4e57c9f9a None None] Found 2 cells: 00000000-0000-0000-0000-000000000000(cell0),3decc65a-e89d-4e37-b4be-a600a542f1dc(cell1) {{(pid=99123) load_cells /opt/stack/nova/nova/context.py:509}}
Apr 02 05:56:49.348930 np0000162716 devstack@n-api.service[99123]: INFO nova.utils [None req-03f614e2-380b-4e19-a171-dbf4e57c9f9a None None] The cell worker thread pool MainProcess.cell_worker is initialized
Apr 02 05:56:49.350677 np0000162716 devstack@n-api.service[99123]: DEBUG oslo_concurrency.lockutils [None req-03f614e2-380b-4e19-a171-dbf4e57c9f9a None None] Acquiring lock "00000000-0000-0000-0000-000000000000" by "nova.context.set_target_cell..get_or_set_cached_cell_and_set_connections" {{(pid=99123) inner /opt/stack/data/venv/lib/python3.12/site-packages/oslo_concurrency/lockutils.py:506}}
Apr 02 05:56:49.350886 np0000162716 devstack@n-api.service[99123]: DEBUG oslo_concurrency.lockutils [None req-03f614e2-380b-4e19-a171-dbf4e57c9f9a None None] Lock "00000000-0000-0000-0000-000000000000" acquired by "nova.context.set_target_cell..get_or_set_cached_cell_and_set_connections" :: waited 0.000s {{(pid=99123) inner /opt/stack/data/venv/lib/python3.12/site-packages/oslo_concurrency/lockutils.py:519}}
Apr 02 05:56:49.351258 np0000162716 devstack@n-api.service[99123]: DEBUG oslo_concurrency.lockutils [None req-03f614e2-380b-4e19-a171-dbf4e57c9f9a None None] Lock "00000000-0000-0000-0000-000000000000" "released" by "nova.context.set_target_cell..get_or_set_cached_cell_and_set_connections" :: held 0.000s {{(pid=99123) inner /opt/stack/data/venv/lib/python3.12/site-packages/oslo_concurrency/lockutils.py:538}}
Apr 02 05:56:49.352504 np0000162716 devstack@n-api.service[99123]: DEBUG oslo_concurrency.lockutils [None req-03f614e2-380b-4e19-a171-dbf4e57c9f9a None None] Acquiring lock "3decc65a-e89d-4e37-b4be-a600a542f1dc" by "nova.context.set_target_cell..get_or_set_cached_cell_and_set_connections" {{(pid=99123) inner /opt/stack/data/venv/lib/python3.12/site-packages/oslo_concurrency/lockutils.py:506}}
Apr 02 05:56:49.352710 np0000162716 devstack@n-api.service[99123]: DEBUG oslo_concurrency.lockutils [None req-03f614e2-380b-4e19-a171-dbf4e57c9f9a None None] Lock "3decc65a-e89d-4e37-b4be-a600a542f1dc" acquired by "nova.context.set_target_cell..get_or_set_cached_cell_and_set_connections" :: waited 0.000s {{(pid=99123) inner /opt/stack/data/venv/lib/python3.12/site-packages/oslo_concurrency/lockutils.py:519}}
Apr 02 05:56:49.353949 np0000162716 devstack@n-api.service[99123]: DEBUG oslo_concurrency.lockutils [None req-03f614e2-380b-4e19-a171-dbf4e57c9f9a None None] Lock "3decc65a-e89d-4e37-b4be-a600a542f1dc" "released" by "nova.context.set_target_cell..get_or_set_cached_cell_and_set_connections" :: held 0.001s {{(pid=99123) inner /opt/stack/data/venv/lib/python3.12/site-packages/oslo_concurrency/lockutils.py:538}}
Apr 02 05:56:49.355372 np0000162716 devstack@n-api.service[99124]: DEBUG dbcounter [-] [99124] Writer thread running {{(pid=99124) stat_writer /opt/stack/data/venv/lib/python3.12/site-packages/dbcounter.py:102}}
Apr 02 05:56:49.357919 np0000162716 devstack@n-api.service[99123]: INFO dbcounter [None req-03f614e2-380b-4e19-a171-dbf4e57c9f9a None None] Registered counter for database nova_cell0
Apr 02 05:56:49.357977 np0000162716 devstack@n-api.service[99124]: DEBUG nova.context [None req-b8187365-c284-4b6e-9836-f53d6ae109de None None] Found 2 cells: 00000000-0000-0000-0000-000000000000(cell0),3decc65a-e89d-4e37-b4be-a600a542f1dc(cell1) {{(pid=99124) load_cells /opt/stack/nova/nova/context.py:509}}
Apr 02 05:56:49.358240 np0000162716 devstack@n-api.service[99124]: INFO nova.utils [None req-b8187365-c284-4b6e-9836-f53d6ae109de None None] The cell worker thread pool MainProcess.cell_worker is initialized
Apr 02 05:56:49.360255 np0000162716 devstack@n-api.service[99124]: DEBUG oslo_concurrency.lockutils [None req-b8187365-c284-4b6e-9836-f53d6ae109de None None] Acquiring lock "00000000-0000-0000-0000-000000000000" by "nova.context.set_target_cell..get_or_set_cached_cell_and_set_connections" {{(pid=99124) inner /opt/stack/data/venv/lib/python3.12/site-packages/oslo_concurrency/lockutils.py:506}}
Apr 02 05:56:49.360522 np0000162716 devstack@n-api.service[99124]: DEBUG oslo_concurrency.lockutils [None req-b8187365-c284-4b6e-9836-f53d6ae109de None None] Lock "00000000-0000-0000-0000-000000000000" acquired by "nova.context.set_target_cell..get_or_set_cached_cell_and_set_connections" :: waited 0.000s {{(pid=99124) inner /opt/stack/data/venv/lib/python3.12/site-packages/oslo_concurrency/lockutils.py:519}}
Apr 02 05:56:49.360925 np0000162716 devstack@n-api.service[99124]: DEBUG oslo_concurrency.lockutils [None req-b8187365-c284-4b6e-9836-f53d6ae109de None None] Lock "00000000-0000-0000-0000-000000000000" "released" by "nova.context.set_target_cell..get_or_set_cached_cell_and_set_connections" :: held 0.000s {{(pid=99124) inner /opt/stack/data/venv/lib/python3.12/site-packages/oslo_concurrency/lockutils.py:538}}
Apr 02 05:56:49.361770 np0000162716 devstack@n-api.service[99124]: DEBUG oslo_concurrency.lockutils [None req-b8187365-c284-4b6e-9836-f53d6ae109de None None] Acquiring lock "3decc65a-e89d-4e37-b4be-a600a542f1dc" by "nova.context.set_target_cell..get_or_set_cached_cell_and_set_connections" {{(pid=99124) inner /opt/stack/data/venv/lib/python3.12/site-packages/oslo_concurrency/lockutils.py:506}}
Apr 02 05:56:49.361826 np0000162716 devstack@n-api.service[99125]: INFO dbcounter [None req-a25f4694-241f-41e9-a6bc-73b233cbb171 None None] Registered counter for database nova_api
Apr 02 05:56:49.362183 np0000162716 devstack@n-api.service[99124]: DEBUG oslo_concurrency.lockutils [None req-b8187365-c284-4b6e-9836-f53d6ae109de None None] Lock "3decc65a-e89d-4e37-b4be-a600a542f1dc" acquired by "nova.context.set_target_cell..get_or_set_cached_cell_and_set_connections" :: waited 0.000s {{(pid=99124) inner /opt/stack/data/venv/lib/python3.12/site-packages/oslo_concurrency/lockutils.py:519}}
Apr 02 05:56:49.362774 np0000162716 devstack@n-api.service[99124]: DEBUG oslo_concurrency.lockutils [None req-b8187365-c284-4b6e-9836-f53d6ae109de None None] Lock "3decc65a-e89d-4e37-b4be-a600a542f1dc" "released" by "nova.context.set_target_cell..get_or_set_cached_cell_and_set_connections" :: held 0.001s {{(pid=99124) inner /opt/stack/data/venv/lib/python3.12/site-packages/oslo_concurrency/lockutils.py:538}}
Apr 02 05:56:49.363571 np0000162716 devstack@n-api.service[99126]: INFO dbcounter [None req-19c122e9-b92c-40f1-bfa0-0395f6a36cdb None None] Registered counter for database nova_api
Apr 02 05:56:49.364044 np0000162716 devstack@n-api.service[99123]: INFO dbcounter [None req-03f614e2-380b-4e19-a171-dbf4e57c9f9a None None] Registered counter for database nova_cell1
Apr 02 05:56:49.365130 np0000162716 devstack@n-api.service[99124]: INFO dbcounter [None req-b8187365-c284-4b6e-9836-f53d6ae109de None None] Registered counter for database nova_cell0
Apr 02 05:56:49.370049 np0000162716 devstack@n-api.service[99124]: INFO dbcounter [None req-b8187365-c284-4b6e-9836-f53d6ae109de None None] Registered counter for database nova_cell1
Apr 02 05:56:49.370677 np0000162716 devstack@n-api.service[99123]: DEBUG oslo_db.sqlalchemy.engines [None req-03f614e2-380b-4e19-a171-dbf4e57c9f9a None None] MySQL server mode set to STRICT_TRANS_TABLES,STRICT_ALL_TABLES,NO_ZERO_IN_DATE,NO_ZERO_DATE,ERROR_FOR_DIVISION_BY_ZERO,TRADITIONAL,NO_ENGINE_SUBSTITUTION {{(pid=99123) _check_effective_sql_mode /opt/stack/data/venv/lib/python3.12/site-packages/oslo_db/sqlalchemy/engines.py:325}}
Apr 02 05:56:49.374371 np0000162716 devstack@n-api.service[99123]: DEBUG oslo_db.sqlalchemy.engines [None req-03f614e2-380b-4e19-a171-dbf4e57c9f9a None None] MySQL server mode set to STRICT_TRANS_TABLES,STRICT_ALL_TABLES,NO_ZERO_IN_DATE,NO_ZERO_DATE,ERROR_FOR_DIVISION_BY_ZERO,TRADITIONAL,NO_ENGINE_SUBSTITUTION {{(pid=99123) _check_effective_sql_mode /opt/stack/data/venv/lib/python3.12/site-packages/oslo_db/sqlalchemy/engines.py:325}}
Apr 02 05:56:49.377629 np0000162716 devstack@n-api.service[99125]: DEBUG oslo_db.sqlalchemy.engines [None req-a25f4694-241f-41e9-a6bc-73b233cbb171 None None] MySQL server mode set to STRICT_TRANS_TABLES,STRICT_ALL_TABLES,NO_ZERO_IN_DATE,NO_ZERO_DATE,ERROR_FOR_DIVISION_BY_ZERO,TRADITIONAL,NO_ENGINE_SUBSTITUTION {{(pid=99125) _check_effective_sql_mode /opt/stack/data/venv/lib/python3.12/site-packages/oslo_db/sqlalchemy/engines.py:325}}
Apr 02 05:56:49.380674 np0000162716 devstack@n-api.service[99124]: DEBUG oslo_db.sqlalchemy.engines [None req-b8187365-c284-4b6e-9836-f53d6ae109de None None] MySQL server mode set to STRICT_TRANS_TABLES,STRICT_ALL_TABLES,NO_ZERO_IN_DATE,NO_ZERO_DATE,ERROR_FOR_DIVISION_BY_ZERO,TRADITIONAL,NO_ENGINE_SUBSTITUTION {{(pid=99124) _check_effective_sql_mode /opt/stack/data/venv/lib/python3.12/site-packages/oslo_db/sqlalchemy/engines.py:325}}
Apr 02 05:56:49.385421 np0000162716 devstack@n-api.service[99124]: DEBUG oslo_db.sqlalchemy.engines [None req-b8187365-c284-4b6e-9836-f53d6ae109de None None] MySQL server mode set to STRICT_TRANS_TABLES,STRICT_ALL_TABLES,NO_ZERO_IN_DATE,NO_ZERO_DATE,ERROR_FOR_DIVISION_BY_ZERO,TRADITIONAL,NO_ENGINE_SUBSTITUTION {{(pid=99124) _check_effective_sql_mode /opt/stack/data/venv/lib/python3.12/site-packages/oslo_db/sqlalchemy/engines.py:325}}
Apr 02 05:56:49.391127 np0000162716 devstack@n-api.service[99126]: DEBUG oslo_db.sqlalchemy.engines [None req-19c122e9-b92c-40f1-bfa0-0395f6a36cdb None None] MySQL server mode set to STRICT_TRANS_TABLES,STRICT_ALL_TABLES,NO_ZERO_IN_DATE,NO_ZERO_DATE,ERROR_FOR_DIVISION_BY_ZERO,TRADITIONAL,NO_ENGINE_SUBSTITUTION {{(pid=99126) _check_effective_sql_mode /opt/stack/data/venv/lib/python3.12/site-packages/oslo_db/sqlalchemy/engines.py:325}}
Apr 02 05:56:49.415804 np0000162716 devstack@n-api.service[99125]: DEBUG dbcounter [-] [99125] Writer thread running {{(pid=99125) stat_writer /opt/stack/data/venv/lib/python3.12/site-packages/dbcounter.py:102}}
Apr 02 05:56:49.418497 np0000162716 devstack@n-api.service[99125]: DEBUG nova.context [None req-a25f4694-241f-41e9-a6bc-73b233cbb171 None None] Found 2 cells: 00000000-0000-0000-0000-000000000000(cell0),3decc65a-e89d-4e37-b4be-a600a542f1dc(cell1) {{(pid=99125) load_cells /opt/stack/nova/nova/context.py:509}}
Apr 02 05:56:49.418747 np0000162716 devstack@n-api.service[99125]: INFO nova.utils [None req-a25f4694-241f-41e9-a6bc-73b233cbb171 None None] The cell worker thread pool MainProcess.cell_worker is initialized
Apr 02 05:56:49.420692 np0000162716 devstack@n-api.service[99125]: DEBUG oslo_concurrency.lockutils [None req-a25f4694-241f-41e9-a6bc-73b233cbb171 None None] Acquiring lock "00000000-0000-0000-0000-000000000000" by "nova.context.set_target_cell..get_or_set_cached_cell_and_set_connections" {{(pid=99125) inner /opt/stack/data/venv/lib/python3.12/site-packages/oslo_concurrency/lockutils.py:506}}
Apr 02 05:56:49.420857 np0000162716 devstack@n-api.service[99125]: DEBUG oslo_concurrency.lockutils [None req-a25f4694-241f-41e9-a6bc-73b233cbb171 None None] Lock "00000000-0000-0000-0000-000000000000" acquired by "nova.context.set_target_cell..get_or_set_cached_cell_and_set_connections" :: waited 0.000s {{(pid=99125) inner /opt/stack/data/venv/lib/python3.12/site-packages/oslo_concurrency/lockutils.py:519}}
Apr 02 05:56:49.421241 np0000162716 devstack@n-api.service[99125]: DEBUG oslo_concurrency.lockutils [None req-a25f4694-241f-41e9-a6bc-73b233cbb171 None None] Lock "00000000-0000-0000-0000-000000000000" "released" by "nova.context.set_target_cell..get_or_set_cached_cell_and_set_connections" :: held 0.000s {{(pid=99125) inner /opt/stack/data/venv/lib/python3.12/site-packages/oslo_concurrency/lockutils.py:538}}
Apr 02 05:56:49.421971 np0000162716 devstack@n-api.service[99125]: DEBUG oslo_concurrency.lockutils [None req-a25f4694-241f-41e9-a6bc-73b233cbb171 None None] Acquiring lock "3decc65a-e89d-4e37-b4be-a600a542f1dc" by "nova.context.set_target_cell..get_or_set_cached_cell_and_set_connections" {{(pid=99125) inner /opt/stack/data/venv/lib/python3.12/site-packages/oslo_concurrency/lockutils.py:506}}
Apr 02 05:56:49.422112 np0000162716 devstack@n-api.service[99125]: DEBUG oslo_concurrency.lockutils [None req-a25f4694-241f-41e9-a6bc-73b233cbb171 None None] Lock "3decc65a-e89d-4e37-b4be-a600a542f1dc" acquired by "nova.context.set_target_cell..get_or_set_cached_cell_and_set_connections" :: waited 0.000s {{(pid=99125) inner /opt/stack/data/venv/lib/python3.12/site-packages/oslo_concurrency/lockutils.py:519}}
Apr 02 05:56:49.423037 np0000162716 devstack@n-api.service[99125]: DEBUG oslo_concurrency.lockutils [None req-a25f4694-241f-41e9-a6bc-73b233cbb171 None None] Lock "3decc65a-e89d-4e37-b4be-a600a542f1dc" "released" by "nova.context.set_target_cell..get_or_set_cached_cell_and_set_connections" :: held 0.001s {{(pid=99125) inner /opt/stack/data/venv/lib/python3.12/site-packages/oslo_concurrency/lockutils.py:538}}
Apr 02 05:56:49.426443 np0000162716 devstack@n-api.service[99125]: INFO dbcounter [None req-a25f4694-241f-41e9-a6bc-73b233cbb171 None None] Registered counter for database nova_cell0
Apr 02 05:56:49.429013 np0000162716 devstack@n-api.service[99126]: DEBUG dbcounter [-] [99126] Writer thread running {{(pid=99126) stat_writer /opt/stack/data/venv/lib/python3.12/site-packages/dbcounter.py:102}}
Apr 02 05:56:49.430591 np0000162716 devstack@n-api.service[99125]: INFO dbcounter [None req-a25f4694-241f-41e9-a6bc-73b233cbb171 None None] Registered counter for database nova_cell1
Apr 02 05:56:49.431437 np0000162716 devstack@n-api.service[99126]: DEBUG nova.context [None req-19c122e9-b92c-40f1-bfa0-0395f6a36cdb None None] Found 2 cells: 00000000-0000-0000-0000-000000000000(cell0),3decc65a-e89d-4e37-b4be-a600a542f1dc(cell1) {{(pid=99126) load_cells /opt/stack/nova/nova/context.py:509}}
Apr 02 05:56:49.431666 np0000162716 devstack@n-api.service[99126]: INFO nova.utils [None req-19c122e9-b92c-40f1-bfa0-0395f6a36cdb None None] The cell worker thread pool MainProcess.cell_worker is initialized
Apr 02 05:56:49.433793 np0000162716 devstack@n-api.service[99126]: DEBUG oslo_concurrency.lockutils [None req-19c122e9-b92c-40f1-bfa0-0395f6a36cdb None None] Acquiring lock "00000000-0000-0000-0000-000000000000" by "nova.context.set_target_cell..get_or_set_cached_cell_and_set_connections" {{(pid=99126) inner /opt/stack/data/venv/lib/python3.12/site-packages/oslo_concurrency/lockutils.py:506}}
Apr 02 05:56:49.434058 np0000162716 devstack@n-api.service[99126]: DEBUG oslo_concurrency.lockutils [None req-19c122e9-b92c-40f1-bfa0-0395f6a36cdb None None] Lock "00000000-0000-0000-0000-000000000000" acquired by "nova.context.set_target_cell..get_or_set_cached_cell_and_set_connections" :: waited 0.000s {{(pid=99126) inner /opt/stack/data/venv/lib/python3.12/site-packages/oslo_concurrency/lockutils.py:519}}
Apr 02 05:56:49.434276 np0000162716 devstack@n-api.service[99126]: DEBUG oslo_concurrency.lockutils [None req-19c122e9-b92c-40f1-bfa0-0395f6a36cdb None None] Lock "00000000-0000-0000-0000-000000000000" "released" by "nova.context.set_target_cell..get_or_set_cached_cell_and_set_connections" :: held 0.000s {{(pid=99126) inner /opt/stack/data/venv/lib/python3.12/site-packages/oslo_concurrency/lockutils.py:538}}
Apr 02 05:56:49.435205 np0000162716 devstack@n-api.service[99126]: DEBUG oslo_concurrency.lockutils [None req-19c122e9-b92c-40f1-bfa0-0395f6a36cdb None None] Acquiring lock "3decc65a-e89d-4e37-b4be-a600a542f1dc" by "nova.context.set_target_cell..get_or_set_cached_cell_and_set_connections" {{(pid=99126) inner /opt/stack/data/venv/lib/python3.12/site-packages/oslo_concurrency/lockutils.py:506}}
Apr 02 05:56:49.435629 np0000162716 devstack@n-api.service[99126]: DEBUG oslo_concurrency.lockutils [None req-19c122e9-b92c-40f1-bfa0-0395f6a36cdb None None] Lock "3decc65a-e89d-4e37-b4be-a600a542f1dc" acquired by "nova.context.set_target_cell..get_or_set_cached_cell_and_set_connections" :: waited 0.000s {{(pid=99126) inner /opt/stack/data/venv/lib/python3.12/site-packages/oslo_concurrency/lockutils.py:519}}
Apr 02 05:56:49.436142 np0000162716 devstack@n-api.service[99126]: DEBUG oslo_concurrency.lockutils [None req-19c122e9-b92c-40f1-bfa0-0395f6a36cdb None None] Lock "3decc65a-e89d-4e37-b4be-a600a542f1dc" "released" by "nova.context.set_target_cell..get_or_set_cached_cell_and_set_connections" :: held 0.001s {{(pid=99126) inner /opt/stack/data/venv/lib/python3.12/site-packages/oslo_concurrency/lockutils.py:538}}
Apr 02 05:56:49.439458 np0000162716 devstack@n-api.service[99125]: DEBUG oslo_db.sqlalchemy.engines [None req-a25f4694-241f-41e9-a6bc-73b233cbb171 None None] MySQL server mode set to STRICT_TRANS_TABLES,STRICT_ALL_TABLES,NO_ZERO_IN_DATE,NO_ZERO_DATE,ERROR_FOR_DIVISION_BY_ZERO,TRADITIONAL,NO_ENGINE_SUBSTITUTION {{(pid=99125) _check_effective_sql_mode /opt/stack/data/venv/lib/python3.12/site-packages/oslo_db/sqlalchemy/engines.py:325}}
Apr 02 05:56:49.439780 np0000162716 devstack@n-api.service[99126]: INFO dbcounter [None req-19c122e9-b92c-40f1-bfa0-0395f6a36cdb None None] Registered counter for database nova_cell0
Apr 02 05:56:49.443105 np0000162716 devstack@n-api.service[99126]: INFO dbcounter [None req-19c122e9-b92c-40f1-bfa0-0395f6a36cdb None None] Registered counter for database nova_cell1
Apr 02 05:56:49.450238 np0000162716 devstack@n-api.service[99126]: DEBUG oslo_db.sqlalchemy.engines [None req-19c122e9-b92c-40f1-bfa0-0395f6a36cdb None None] MySQL server mode set to STRICT_TRANS_TABLES,STRICT_ALL_TABLES,NO_ZERO_IN_DATE,NO_ZERO_DATE,ERROR_FOR_DIVISION_BY_ZERO,TRADITIONAL,NO_ENGINE_SUBSTITUTION {{(pid=99126) _check_effective_sql_mode /opt/stack/data/venv/lib/python3.12/site-packages/oslo_db/sqlalchemy/engines.py:325}}
Apr 02 05:56:49.452973 np0000162716 devstack@n-api.service[99125]: DEBUG oslo_db.sqlalchemy.engines [None req-a25f4694-241f-41e9-a6bc-73b233cbb171 None None] MySQL server mode set to STRICT_TRANS_TABLES,STRICT_ALL_TABLES,NO_ZERO_IN_DATE,NO_ZERO_DATE,ERROR_FOR_DIVISION_BY_ZERO,TRADITIONAL,NO_ENGINE_SUBSTITUTION {{(pid=99125) _check_effective_sql_mode /opt/stack/data/venv/lib/python3.12/site-packages/oslo_db/sqlalchemy/engines.py:325}}
Apr 02 05:56:49.454807 np0000162716 devstack@n-api.service[99126]: DEBUG oslo_db.sqlalchemy.engines [None req-19c122e9-b92c-40f1-bfa0-0395f6a36cdb None None] MySQL server mode set to STRICT_TRANS_TABLES,STRICT_ALL_TABLES,NO_ZERO_IN_DATE,NO_ZERO_DATE,ERROR_FOR_DIVISION_BY_ZERO,TRADITIONAL,NO_ENGINE_SUBSTITUTION {{(pid=99126) _check_effective_sql_mode /opt/stack/data/venv/lib/python3.12/site-packages/oslo_db/sqlalchemy/engines.py:325}}
Apr 02 05:56:49.478521 np0000162716 devstack@n-api.service[99123]: DEBUG dbcounter [-] [99123] Writer thread running {{(pid=99123) stat_writer /opt/stack/data/venv/lib/python3.12/site-packages/dbcounter.py:102}}
Apr 02 05:56:49.479479 np0000162716 devstack@n-api.service[99123]: DEBUG dbcounter [-] [99123] Writer thread running {{(pid=99123) stat_writer /opt/stack/data/venv/lib/python3.12/site-packages/dbcounter.py:102}}
Apr 02 05:56:49.483978 np0000162716 devstack@n-api.service[99123]: INFO dbcounter [None req-03f614e2-380b-4e19-a171-dbf4e57c9f9a None None] Registered counter for database nova_cell0
Apr 02 05:56:49.487199 np0000162716 devstack@n-api.service[99124]: DEBUG dbcounter [-] [99124] Writer thread running {{(pid=99124) stat_writer /opt/stack/data/venv/lib/python3.12/site-packages/dbcounter.py:102}}
Apr 02 05:56:49.493410 np0000162716 devstack@n-api.service[99124]: DEBUG dbcounter [-] [99124] Writer thread running {{(pid=99124) stat_writer /opt/stack/data/venv/lib/python3.12/site-packages/dbcounter.py:102}}
Apr 02 05:56:49.494520 np0000162716 devstack@n-api.service[99123]: DEBUG oslo_db.sqlalchemy.engines [None req-03f614e2-380b-4e19-a171-dbf4e57c9f9a None None] MySQL server mode set to STRICT_TRANS_TABLES,STRICT_ALL_TABLES,NO_ZERO_IN_DATE,NO_ZERO_DATE,ERROR_FOR_DIVISION_BY_ZERO,TRADITIONAL,NO_ENGINE_SUBSTITUTION {{(pid=99123) _check_effective_sql_mode /opt/stack/data/venv/lib/python3.12/site-packages/oslo_db/sqlalchemy/engines.py:325}}
Apr 02 05:56:49.497130 np0000162716 devstack@n-api.service[99124]: INFO dbcounter [None req-b8187365-c284-4b6e-9836-f53d6ae109de None None] Registered counter for database nova_cell0
Apr 02 05:56:49.504767 np0000162716 devstack@n-api.service[99123]: DEBUG dbcounter [-] [99123] Writer thread running {{(pid=99123) stat_writer /opt/stack/data/venv/lib/python3.12/site-packages/dbcounter.py:102}}
Apr 02 05:56:49.509183 np0000162716 devstack@n-api.service[99124]: DEBUG oslo_db.sqlalchemy.engines [None req-b8187365-c284-4b6e-9836-f53d6ae109de None None] MySQL server mode set to STRICT_TRANS_TABLES,STRICT_ALL_TABLES,NO_ZERO_IN_DATE,NO_ZERO_DATE,ERROR_FOR_DIVISION_BY_ZERO,TRADITIONAL,NO_ENGINE_SUBSTITUTION {{(pid=99124) _check_effective_sql_mode /opt/stack/data/venv/lib/python3.12/site-packages/oslo_db/sqlalchemy/engines.py:325}}
Apr 02 05:56:49.516079 np0000162716 devstack@n-api.service[99124]: DEBUG dbcounter [-] [99124] Writer thread running {{(pid=99124) stat_writer /opt/stack/data/venv/lib/python3.12/site-packages/dbcounter.py:102}}
Apr 02 05:56:49.539478 np0000162716 devstack@n-api.service[99125]: DEBUG dbcounter [-] [99125] Writer thread running {{(pid=99125) stat_writer /opt/stack/data/venv/lib/python3.12/site-packages/dbcounter.py:102}}
Apr 02 05:56:49.544823 np0000162716 devstack@n-api.service[99125]: DEBUG dbcounter [-] [99125] Writer thread running {{(pid=99125) stat_writer /opt/stack/data/venv/lib/python3.12/site-packages/dbcounter.py:102}}
Apr 02 05:56:49.561631 np0000162716 devstack@n-api.service[99125]: INFO dbcounter [None req-a25f4694-241f-41e9-a6bc-73b233cbb171 None None] Registered counter for database nova_cell0
Apr 02 05:56:49.566340 np0000162716 devstack@n-api.service[99126]: DEBUG dbcounter [-] [99126] Writer thread running {{(pid=99126) stat_writer /opt/stack/data/venv/lib/python3.12/site-packages/dbcounter.py:102}}
Apr 02 05:56:49.569087 np0000162716 devstack@n-api.service[99125]: DEBUG oslo_db.sqlalchemy.engines [None req-a25f4694-241f-41e9-a6bc-73b233cbb171 None None] MySQL server mode set to STRICT_TRANS_TABLES,STRICT_ALL_TABLES,NO_ZERO_IN_DATE,NO_ZERO_DATE,ERROR_FOR_DIVISION_BY_ZERO,TRADITIONAL,NO_ENGINE_SUBSTITUTION {{(pid=99125) _check_effective_sql_mode /opt/stack/data/venv/lib/python3.12/site-packages/oslo_db/sqlalchemy/engines.py:325}}
Apr 02 05:56:49.569783 np0000162716 devstack@n-api.service[99126]: DEBUG dbcounter [-] [99126] Writer thread running {{(pid=99126) stat_writer /opt/stack/data/venv/lib/python3.12/site-packages/dbcounter.py:102}}
Apr 02 05:56:49.576841 np0000162716 devstack@n-api.service[99126]: INFO dbcounter [None req-19c122e9-b92c-40f1-bfa0-0395f6a36cdb None None] Registered counter for database nova_cell0
Apr 02 05:56:49.577658 np0000162716 devstack@n-api.service[99125]: DEBUG dbcounter [-] [99125] Writer thread running {{(pid=99125) stat_writer /opt/stack/data/venv/lib/python3.12/site-packages/dbcounter.py:102}}
Apr 02 05:56:49.584895 np0000162716 devstack@n-api.service[99126]: DEBUG oslo_db.sqlalchemy.engines [None req-19c122e9-b92c-40f1-bfa0-0395f6a36cdb None None] MySQL server mode set to STRICT_TRANS_TABLES,STRICT_ALL_TABLES,NO_ZERO_IN_DATE,NO_ZERO_DATE,ERROR_FOR_DIVISION_BY_ZERO,TRADITIONAL,NO_ENGINE_SUBSTITUTION {{(pid=99126) _check_effective_sql_mode /opt/stack/data/venv/lib/python3.12/site-packages/oslo_db/sqlalchemy/engines.py:325}}
Apr 02 05:56:49.594471 np0000162716 devstack@n-api.service[99126]: DEBUG dbcounter [-] [99126] Writer thread running {{(pid=99126) stat_writer /opt/stack/data/venv/lib/python3.12/site-packages/dbcounter.py:102}}
Apr 02 05:56:50.020919 np0000162716 devstack@n-api.service[99123]: DEBUG oslo_concurrency.processutils [None req-03f614e2-380b-4e19-a171-dbf4e57c9f9a None None] Running cmd (subprocess): grep -F node.session.scan /sbin/iscsiadm {{(pid=99123) execute /opt/stack/data/venv/lib/python3.12/site-packages/oslo_concurrency/processutils.py:440}}
Apr 02 05:56:50.021365 np0000162716 devstack@n-api.service[99126]: DEBUG oslo_concurrency.processutils [None req-19c122e9-b92c-40f1-bfa0-0395f6a36cdb None None] Running cmd (subprocess): grep -F node.session.scan /sbin/iscsiadm {{(pid=99126) execute /opt/stack/data/venv/lib/python3.12/site-packages/oslo_concurrency/processutils.py:440}}
Apr 02 05:56:50.033060 np0000162716 devstack@n-api.service[99125]: DEBUG oslo_concurrency.processutils [None req-a25f4694-241f-41e9-a6bc-73b233cbb171 None None] Running cmd (subprocess): grep -F node.session.scan /sbin/iscsiadm {{(pid=99125) execute /opt/stack/data/venv/lib/python3.12/site-packages/oslo_concurrency/processutils.py:440}}
Apr 02 05:56:50.038263 np0000162716 devstack@n-api.service[99123]: DEBUG oslo_concurrency.processutils [None req-03f614e2-380b-4e19-a171-dbf4e57c9f9a None None] CMD "grep -F node.session.scan /sbin/iscsiadm" returned: 0 in 0.018s {{(pid=99123) execute /opt/stack/data/venv/lib/python3.12/site-packages/oslo_concurrency/processutils.py:468}}
Apr 02 05:56:50.041305 np0000162716 devstack@n-api.service[99126]: DEBUG oslo_concurrency.processutils [None req-19c122e9-b92c-40f1-bfa0-0395f6a36cdb None None] CMD "grep -F node.session.scan /sbin/iscsiadm" returned: 0 in 0.020s {{(pid=99126) execute /opt/stack/data/venv/lib/python3.12/site-packages/oslo_concurrency/processutils.py:468}}
Apr 02 05:56:50.051313 np0000162716 devstack@n-api.service[99125]: DEBUG oslo_concurrency.processutils [None req-a25f4694-241f-41e9-a6bc-73b233cbb171 None None] CMD "grep -F node.session.scan /sbin/iscsiadm" returned: 0 in 0.018s {{(pid=99125) execute /opt/stack/data/venv/lib/python3.12/site-packages/oslo_concurrency/processutils.py:468}}
Apr 02 05:56:50.064153 np0000162716 devstack@n-api.service[99124]: DEBUG oslo_concurrency.processutils [None req-b8187365-c284-4b6e-9836-f53d6ae109de None None] Running cmd (subprocess): grep -F node.session.scan /sbin/iscsiadm {{(pid=99124) execute /opt/stack/data/venv/lib/python3.12/site-packages/oslo_concurrency/processutils.py:440}}
Apr 02 05:56:50.086082 np0000162716 devstack@n-api.service[99124]: DEBUG oslo_concurrency.processutils [None req-b8187365-c284-4b6e-9836-f53d6ae109de None None] CMD "grep -F node.session.scan /sbin/iscsiadm" returned: 0 in 0.022s {{(pid=99124) execute /opt/stack/data/venv/lib/python3.12/site-packages/oslo_concurrency/processutils.py:468}}
Apr 02 05:56:50.643480 np0000162716 devstack@n-api.service[99125]: WARNING keystonemiddleware.auth_token [None req-a25f4694-241f-41e9-a6bc-73b233cbb171 None None] AuthToken middleware is set with keystone_authtoken.service_token_roles_required set to False. This is backwards compatible but deprecated behaviour. Please set this to True.
Apr 02 05:56:50.651197 np0000162716 devstack@n-api.service[99123]: WARNING keystonemiddleware.auth_token [None req-03f614e2-380b-4e19-a171-dbf4e57c9f9a None None] AuthToken middleware is set with keystone_authtoken.service_token_roles_required set to False. This is backwards compatible but deprecated behaviour. Please set this to True.
Apr 02 05:56:50.656428 np0000162716 devstack@n-api.service[99124]: WARNING keystonemiddleware.auth_token [None req-b8187365-c284-4b6e-9836-f53d6ae109de None None] AuthToken middleware is set with keystone_authtoken.service_token_roles_required set to False. This is backwards compatible but deprecated behaviour. Please set this to True.
Apr 02 05:56:50.662641 np0000162716 devstack@n-api.service[99126]: WARNING keystonemiddleware.auth_token [None req-19c122e9-b92c-40f1-bfa0-0395f6a36cdb None None] AuthToken middleware is set with keystone_authtoken.service_token_roles_required set to False. This is backwards compatible but deprecated behaviour. Please set this to True.
Apr 02 05:56:50.721143 np0000162716 devstack@n-api.service[99123]: WARNING keystonemiddleware.auth_token [None req-03f614e2-380b-4e19-a171-dbf4e57c9f9a None None] AuthToken middleware is set with keystone_authtoken.service_token_roles_required set to False. This is backwards compatible but deprecated behaviour. Please set this to True.
Apr 02 05:56:50.730863 np0000162716 devstack@n-api.service[99126]: WARNING keystonemiddleware.auth_token [None req-19c122e9-b92c-40f1-bfa0-0395f6a36cdb None None] AuthToken middleware is set with keystone_authtoken.service_token_roles_required set to False. This is backwards compatible but deprecated behaviour. Please set this to True.
Apr 02 05:56:50.859297 np0000162716 devstack@n-api.service[99123]: DEBUG nova.api.openstack.wsgi_app [None req-03f614e2-380b-4e19-a171-dbf4e57c9f9a None None] ******************************************************************************** {{(pid=99123) log_opt_values /opt/stack/data/venv/lib/python3.12/site-packages/oslo_config/cfg.py:2979}}
Apr 02 05:56:50.859566 np0000162716 devstack@n-api.service[99123]: DEBUG nova.api.openstack.wsgi_app [None req-03f614e2-380b-4e19-a171-dbf4e57c9f9a None None] Configuration options gathered from: {{(pid=99123) log_opt_values /opt/stack/data/venv/lib/python3.12/site-packages/oslo_config/cfg.py:2980}}
Apr 02 05:56:50.859750 np0000162716 devstack@n-api.service[99123]: DEBUG nova.api.openstack.wsgi_app [None req-03f614e2-380b-4e19-a171-dbf4e57c9f9a None None] command line args: [] {{(pid=99123) log_opt_values /opt/stack/data/venv/lib/python3.12/site-packages/oslo_config/cfg.py:2981}}
Apr 02 05:56:50.859925 np0000162716 devstack@n-api.service[99123]: DEBUG nova.api.openstack.wsgi_app [None req-03f614e2-380b-4e19-a171-dbf4e57c9f9a None None] config files: ['/etc/nova/api-paste.ini', '/etc/nova/nova.conf'] {{(pid=99123) log_opt_values /opt/stack/data/venv/lib/python3.12/site-packages/oslo_config/cfg.py:2982}}
Apr 02 05:56:50.860036 np0000162716 devstack@n-api.service[99123]: DEBUG nova.api.openstack.wsgi_app [None req-03f614e2-380b-4e19-a171-dbf4e57c9f9a None None] ================================================================================ {{(pid=99123) log_opt_values /opt/stack/data/venv/lib/python3.12/site-packages/oslo_config/cfg.py:2987}}
Apr 02 05:56:50.860214 np0000162716 devstack@n-api.service[99123]: DEBUG nova.api.openstack.wsgi_app [None req-03f614e2-380b-4e19-a171-dbf4e57c9f9a None None] allow_resize_to_same_host = True {{(pid=99123) log_opt_values /opt/stack/data/venv/lib/python3.12/site-packages/oslo_config/cfg.py:2995}}
Apr 02 05:56:50.860344 np0000162716 devstack@n-api.service[99123]: DEBUG nova.api.openstack.wsgi_app [None req-03f614e2-380b-4e19-a171-dbf4e57c9f9a None None] arq_binding_timeout = 300 {{(pid=99123) log_opt_values /opt/stack/data/venv/lib/python3.12/site-packages/oslo_config/cfg.py:2995}}
Apr 02 05:56:50.860508 np0000162716 devstack@n-api.service[99123]: DEBUG nova.api.openstack.wsgi_app [None req-03f614e2-380b-4e19-a171-dbf4e57c9f9a None None] block_device_allocate_retries = 60 {{(pid=99123) log_opt_values /opt/stack/data/venv/lib/python3.12/site-packages/oslo_config/cfg.py:2995}}
Apr 02 05:56:50.860682 np0000162716 devstack@n-api.service[99123]: DEBUG nova.api.openstack.wsgi_app [None req-03f614e2-380b-4e19-a171-dbf4e57c9f9a None None] block_device_allocate_retries_interval = 3 {{(pid=99123) log_opt_values /opt/stack/data/venv/lib/python3.12/site-packages/oslo_config/cfg.py:2995}}
Apr 02 05:56:50.860824 np0000162716 devstack@n-api.service[99123]: DEBUG nova.api.openstack.wsgi_app [None req-03f614e2-380b-4e19-a171-dbf4e57c9f9a None None] cell_worker_thread_pool_size = 5 {{(pid=99123) log_opt_values /opt/stack/data/venv/lib/python3.12/site-packages/oslo_config/cfg.py:2995}}
Apr 02 05:56:50.860992 np0000162716 devstack@n-api.service[99123]: DEBUG nova.api.openstack.wsgi_app [None req-03f614e2-380b-4e19-a171-dbf4e57c9f9a None None] cert = self.pem {{(pid=99123) log_opt_values /opt/stack/data/venv/lib/python3.12/site-packages/oslo_config/cfg.py:2995}}
Apr 02 05:56:50.861132 np0000162716 devstack@n-api.service[99123]: DEBUG nova.api.openstack.wsgi_app [None req-03f614e2-380b-4e19-a171-dbf4e57c9f9a None None] compute_driver = libvirt.LibvirtDriver {{(pid=99123) log_opt_values /opt/stack/data/venv/lib/python3.12/site-packages/oslo_config/cfg.py:2995}}
Apr 02 05:56:50.861266 np0000162716 devstack@n-api.service[99123]: DEBUG nova.api.openstack.wsgi_app [None req-03f614e2-380b-4e19-a171-dbf4e57c9f9a None None] compute_monitors = [] {{(pid=99123) log_opt_values /opt/stack/data/venv/lib/python3.12/site-packages/oslo_config/cfg.py:2995}}
Apr 02 05:56:50.861404 np0000162716 devstack@n-api.service[99123]: DEBUG nova.api.openstack.wsgi_app [None req-03f614e2-380b-4e19-a171-dbf4e57c9f9a None None] config_dir = [] {{(pid=99123) log_opt_values /opt/stack/data/venv/lib/python3.12/site-packages/oslo_config/cfg.py:2995}}
Apr 02 05:56:50.861545 np0000162716 devstack@n-api.service[99123]: DEBUG nova.api.openstack.wsgi_app [None req-03f614e2-380b-4e19-a171-dbf4e57c9f9a None None] config_drive_format = iso9660 {{(pid=99123) log_opt_values /opt/stack/data/venv/lib/python3.12/site-packages/oslo_config/cfg.py:2995}}
Apr 02 05:56:50.861693 np0000162716 devstack@n-api.service[99123]: DEBUG nova.api.openstack.wsgi_app [None req-03f614e2-380b-4e19-a171-dbf4e57c9f9a None None] config_file = ['/etc/nova/api-paste.ini', '/etc/nova/nova.conf'] {{(pid=99123) log_opt_values /opt/stack/data/venv/lib/python3.12/site-packages/oslo_config/cfg.py:2995}}
Apr 02 05:56:50.861779 np0000162716 devstack@n-api.service[99123]: DEBUG nova.api.openstack.wsgi_app [None req-03f614e2-380b-4e19-a171-dbf4e57c9f9a None None] config_source = [] {{(pid=99123) log_opt_values /opt/stack/data/venv/lib/python3.12/site-packages/oslo_config/cfg.py:2995}}
Apr 02 05:56:50.861956 np0000162716 devstack@n-api.service[99123]: DEBUG nova.api.openstack.wsgi_app [None req-03f614e2-380b-4e19-a171-dbf4e57c9f9a None None] console_host = np0000162716 {{(pid=99123) log_opt_values /opt/stack/data/venv/lib/python3.12/site-packages/oslo_config/cfg.py:2995}}
Apr 02 05:56:50.862107 np0000162716 devstack@n-api.service[99123]: DEBUG nova.api.openstack.wsgi_app [None req-03f614e2-380b-4e19-a171-dbf4e57c9f9a None None] control_exchange = nova {{(pid=99123) log_opt_values /opt/stack/data/venv/lib/python3.12/site-packages/oslo_config/cfg.py:2995}}
Apr 02 05:56:50.862241 np0000162716 devstack@n-api.service[99123]: DEBUG nova.api.openstack.wsgi_app [None req-03f614e2-380b-4e19-a171-dbf4e57c9f9a None None] cpu_allocation_ratio = None {{(pid=99123) log_opt_values /opt/stack/data/venv/lib/python3.12/site-packages/oslo_config/cfg.py:2995}}
Apr 02 05:56:50.862374 np0000162716 devstack@n-api.service[99123]: DEBUG nova.api.openstack.wsgi_app [None req-03f614e2-380b-4e19-a171-dbf4e57c9f9a None None] daemon = False {{(pid=99123) log_opt_values /opt/stack/data/venv/lib/python3.12/site-packages/oslo_config/cfg.py:2995}}
Apr 02 05:56:50.862501 np0000162716 devstack@n-api.service[99123]: DEBUG nova.api.openstack.wsgi_app [None req-03f614e2-380b-4e19-a171-dbf4e57c9f9a None None] debug = True {{(pid=99123) log_opt_values /opt/stack/data/venv/lib/python3.12/site-packages/oslo_config/cfg.py:2995}}
Apr 02 05:56:50.862665 np0000162716 devstack@n-api.service[99123]: DEBUG nova.api.openstack.wsgi_app [None req-03f614e2-380b-4e19-a171-dbf4e57c9f9a None None] default_access_ip_network_name = None {{(pid=99123) log_opt_values /opt/stack/data/venv/lib/python3.12/site-packages/oslo_config/cfg.py:2995}}
Apr 02 05:56:50.863061 np0000162716 devstack@n-api.service[99123]: DEBUG nova.api.openstack.wsgi_app [None req-03f614e2-380b-4e19-a171-dbf4e57c9f9a None None] default_availability_zone = nova {{(pid=99123) log_opt_values /opt/stack/data/venv/lib/python3.12/site-packages/oslo_config/cfg.py:2995}}
Apr 02 05:56:50.863061 np0000162716 devstack@n-api.service[99123]: DEBUG nova.api.openstack.wsgi_app [None req-03f614e2-380b-4e19-a171-dbf4e57c9f9a None None] default_ephemeral_format = ext4 {{(pid=99123) log_opt_values /opt/stack/data/venv/lib/python3.12/site-packages/oslo_config/cfg.py:2995}}
Apr 02 05:56:50.863061 np0000162716 devstack@n-api.service[99123]: DEBUG nova.api.openstack.wsgi_app [None req-03f614e2-380b-4e19-a171-dbf4e57c9f9a None None] default_green_pool_size = 1000 {{(pid=99123) log_opt_values /opt/stack/data/venv/lib/python3.12/site-packages/oslo_config/cfg.py:2995}}
Apr 02 05:56:50.863293 np0000162716 devstack@n-api.service[99123]: DEBUG nova.api.openstack.wsgi_app [None req-03f614e2-380b-4e19-a171-dbf4e57c9f9a None None] default_log_levels = ['amqp=WARN', 'boto=WARN', 'sqlalchemy=WARN', 'suds=INFO', 'oslo.messaging=INFO', 'oslo_messaging=INFO', 'iso8601=WARN', 'requests.packages.urllib3.connectionpool=WARN', 'urllib3.connectionpool=WARN', 'websocket=WARN', 'requests.packages.urllib3.util.retry=WARN', 'urllib3.util.retry=WARN', 'keystonemiddleware=WARN', 'routes.middleware=WARN', 'stevedore=WARN', 'taskflow=WARN', 'keystoneauth=WARN', 'oslo.cache=INFO', 'oslo_policy=INFO', 'dogpile.core.dogpile=INFO', 'glanceclient=WARN', 'oslo.privsep.daemon=INFO'] {{(pid=99123) log_opt_values /opt/stack/data/venv/lib/python3.12/site-packages/oslo_config/cfg.py:2995}}
Apr 02 05:56:50.863470 np0000162716 devstack@n-api.service[99123]: DEBUG nova.api.openstack.wsgi_app [None req-03f614e2-380b-4e19-a171-dbf4e57c9f9a None None] default_schedule_zone = None {{(pid=99123) log_opt_values /opt/stack/data/venv/lib/python3.12/site-packages/oslo_config/cfg.py:2995}}
Apr 02 05:56:50.863539 np0000162716 devstack@n-api.service[99123]: DEBUG nova.api.openstack.wsgi_app [None req-03f614e2-380b-4e19-a171-dbf4e57c9f9a None None] default_thread_pool_size = 10 {{(pid=99123) log_opt_values /opt/stack/data/venv/lib/python3.12/site-packages/oslo_config/cfg.py:2995}}
Apr 02 05:56:50.863852 np0000162716 devstack@n-api.service[99123]: DEBUG nova.api.openstack.wsgi_app [None req-03f614e2-380b-4e19-a171-dbf4e57c9f9a None None] disk_allocation_ratio = None {{(pid=99123) log_opt_values /opt/stack/data/venv/lib/python3.12/site-packages/oslo_config/cfg.py:2995}}
Apr 02 05:56:50.863852 np0000162716 devstack@n-api.service[99123]: DEBUG nova.api.openstack.wsgi_app [None req-03f614e2-380b-4e19-a171-dbf4e57c9f9a None None] enable_new_services = True {{(pid=99123) log_opt_values /opt/stack/data/venv/lib/python3.12/site-packages/oslo_config/cfg.py:2995}}
Apr 02 05:56:50.864203 np0000162716 devstack@n-api.service[99123]: DEBUG nova.api.openstack.wsgi_app [None req-03f614e2-380b-4e19-a171-dbf4e57c9f9a None None] flat_injected = False {{(pid=99123) log_opt_values /opt/stack/data/venv/lib/python3.12/site-packages/oslo_config/cfg.py:2995}}
Apr 02 05:56:50.864203 np0000162716 devstack@n-api.service[99123]: DEBUG nova.api.openstack.wsgi_app [None req-03f614e2-380b-4e19-a171-dbf4e57c9f9a None None] force_config_drive = False {{(pid=99123) log_opt_values /opt/stack/data/venv/lib/python3.12/site-packages/oslo_config/cfg.py:2995}}
Apr 02 05:56:50.864203 np0000162716 devstack@n-api.service[99123]: DEBUG nova.api.openstack.wsgi_app [None req-03f614e2-380b-4e19-a171-dbf4e57c9f9a None None] force_raw_images = True {{(pid=99123) log_opt_values /opt/stack/data/venv/lib/python3.12/site-packages/oslo_config/cfg.py:2995}}
Apr 02 05:56:50.864615 np0000162716 devstack@n-api.service[99123]: DEBUG nova.api.openstack.wsgi_app [None req-03f614e2-380b-4e19-a171-dbf4e57c9f9a None None] graceful_shutdown_timeout = 5 {{(pid=99123) log_opt_values /opt/stack/data/venv/lib/python3.12/site-packages/oslo_config/cfg.py:2995}}
Apr 02 05:56:50.864615 np0000162716 devstack@n-api.service[99123]: DEBUG nova.api.openstack.wsgi_app [None req-03f614e2-380b-4e19-a171-dbf4e57c9f9a None None] heal_instance_info_cache_interval = -1 {{(pid=99123) log_opt_values /opt/stack/data/venv/lib/python3.12/site-packages/oslo_config/cfg.py:2995}}
Apr 02 05:56:50.864841 np0000162716 devstack@n-api.service[99123]: DEBUG nova.api.openstack.wsgi_app [None req-03f614e2-380b-4e19-a171-dbf4e57c9f9a None None] host = np0000162716 {{(pid=99123) log_opt_values /opt/stack/data/venv/lib/python3.12/site-packages/oslo_config/cfg.py:2995}}
Apr 02 05:56:50.864841 np0000162716 devstack@n-api.service[99123]: DEBUG nova.api.openstack.wsgi_app [None req-03f614e2-380b-4e19-a171-dbf4e57c9f9a None None] initial_cpu_allocation_ratio = 4.0 {{(pid=99123) log_opt_values /opt/stack/data/venv/lib/python3.12/site-packages/oslo_config/cfg.py:2995}}
Apr 02 05:56:50.865143 np0000162716 devstack@n-api.service[99123]: DEBUG nova.api.openstack.wsgi_app [None req-03f614e2-380b-4e19-a171-dbf4e57c9f9a None None] initial_disk_allocation_ratio = 1.0 {{(pid=99123) log_opt_values /opt/stack/data/venv/lib/python3.12/site-packages/oslo_config/cfg.py:2995}}
Apr 02 05:56:50.865143 np0000162716 devstack@n-api.service[99123]: DEBUG nova.api.openstack.wsgi_app [None req-03f614e2-380b-4e19-a171-dbf4e57c9f9a None None] initial_ram_allocation_ratio = 1.0 {{(pid=99123) log_opt_values /opt/stack/data/venv/lib/python3.12/site-packages/oslo_config/cfg.py:2995}}
Apr 02 05:56:50.865419 np0000162716 devstack@n-api.service[99123]: DEBUG nova.api.openstack.wsgi_app [None req-03f614e2-380b-4e19-a171-dbf4e57c9f9a None None] injected_network_template = /opt/stack/nova/nova/virt/interfaces.template {{(pid=99123) log_opt_values /opt/stack/data/venv/lib/python3.12/site-packages/oslo_config/cfg.py:2995}}
Apr 02 05:56:50.865419 np0000162716 devstack@n-api.service[99123]: DEBUG nova.api.openstack.wsgi_app [None req-03f614e2-380b-4e19-a171-dbf4e57c9f9a None None] instance_build_timeout = 0 {{(pid=99123) log_opt_values /opt/stack/data/venv/lib/python3.12/site-packages/oslo_config/cfg.py:2995}}
Apr 02 05:56:50.865684 np0000162716 devstack@n-api.service[99123]: DEBUG nova.api.openstack.wsgi_app [None req-03f614e2-380b-4e19-a171-dbf4e57c9f9a None None] instance_delete_interval = 300 {{(pid=99123) log_opt_values /opt/stack/data/venv/lib/python3.12/site-packages/oslo_config/cfg.py:2995}}
Apr 02 05:56:50.865684 np0000162716 devstack@n-api.service[99123]: DEBUG nova.api.openstack.wsgi_app [None req-03f614e2-380b-4e19-a171-dbf4e57c9f9a None None] instance_format = [instance: %(uuid)s] {{(pid=99123) log_opt_values /opt/stack/data/venv/lib/python3.12/site-packages/oslo_config/cfg.py:2995}}
Apr 02 05:56:50.865965 np0000162716 devstack@n-api.service[99123]: DEBUG nova.api.openstack.wsgi_app [None req-03f614e2-380b-4e19-a171-dbf4e57c9f9a None None] instance_name_template = instance-%08x {{(pid=99123) log_opt_values /opt/stack/data/venv/lib/python3.12/site-packages/oslo_config/cfg.py:2995}}
Apr 02 05:56:50.865965 np0000162716 devstack@n-api.service[99123]: DEBUG nova.api.openstack.wsgi_app [None req-03f614e2-380b-4e19-a171-dbf4e57c9f9a None None] instance_usage_audit = False {{(pid=99123) log_opt_values /opt/stack/data/venv/lib/python3.12/site-packages/oslo_config/cfg.py:2995}}
Apr 02 05:56:50.866227 np0000162716 devstack@n-api.service[99123]: DEBUG nova.api.openstack.wsgi_app [None req-03f614e2-380b-4e19-a171-dbf4e57c9f9a None None] instance_usage_audit_period = month {{(pid=99123) log_opt_values /opt/stack/data/venv/lib/python3.12/site-packages/oslo_config/cfg.py:2995}}
