Mar 23 22:18:26.677413 np0000160379 neutron-periodic-workers[104104]: DEBUG cotyledon.oslo_config_glue [-] ml2.tunnelled_network_rp_name = rp_tunnelled {{(pid=104104) log_opt_values /opt/stack/data/venv/lib/python3.12/site-packages/oslo_config/cfg.py:3006}}
Mar 23 22:18:26.677413 np0000160379 neutron-periodic-workers[104104]: DEBUG cotyledon.oslo_config_glue [-] ml2.type_drivers = ['local', 'flat', 'vlan', 'geneve'] {{(pid=104104) log_opt_values /opt/stack/data/venv/lib/python3.12/site-packages/oslo_config/cfg.py:3006}}
Mar 23 22:18:26.677413 np0000160379 neutron-periodic-workers[104104]: DEBUG cotyledon.oslo_config_glue [-] ml2_type_flat.flat_networks = ['public'] {{(pid=104104) log_opt_values /opt/stack/data/venv/lib/python3.12/site-packages/oslo_config/cfg.py:3006}}
Mar 23 22:18:26.677413 np0000160379 neutron-periodic-workers[104104]: DEBUG cotyledon.oslo_config_glue [-] ml2_type_geneve.max_header_size = 38 {{(pid=104104) log_opt_values /opt/stack/data/venv/lib/python3.12/site-packages/oslo_config/cfg.py:3006}}
Mar 23 22:18:26.677413 np0000160379 neutron-periodic-workers[104104]: DEBUG cotyledon.oslo_config_glue [-] ml2_type_geneve.vni_ranges = ['1:65536'] {{(pid=104104) log_opt_values /opt/stack/data/venv/lib/python3.12/site-packages/oslo_config/cfg.py:3006}}
Mar 23 22:18:26.677413 np0000160379 neutron-periodic-workers[104104]: DEBUG cotyledon.oslo_config_glue [-] ml2_type_vlan.network_vlan_ranges = ['public'] {{(pid=104104) log_opt_values /opt/stack/data/venv/lib/python3.12/site-packages/oslo_config/cfg.py:3006}}
Mar 23 22:18:26.677661 np0000160379 neutron-periodic-workers[104104]: DEBUG cotyledon.oslo_config_glue [-] network_log.burst_limit = 25 {{(pid=104104) log_opt_values /opt/stack/data/venv/lib/python3.12/site-packages/oslo_config/cfg.py:3006}}
Mar 23 22:18:26.677661 np0000160379 neutron-periodic-workers[104104]: DEBUG cotyledon.oslo_config_glue [-] network_log.local_output_log_base = None {{(pid=104104) log_opt_values /opt/stack/data/venv/lib/python3.12/site-packages/oslo_config/cfg.py:3006}}
Mar 23 22:18:26.677661 np0000160379 neutron-periodic-workers[104104]: DEBUG cotyledon.oslo_config_glue [-] network_log.rate_limit = 100 {{(pid=104104) log_opt_values /opt/stack/data/venv/lib/python3.12/site-packages/oslo_config/cfg.py:3006}}
Mar 23 22:18:26.677661 np0000160379 neutron-periodic-workers[104104]: DEBUG cotyledon.oslo_config_glue [-] database.asyncio_connection = **** {{(pid=104104) log_opt_values /opt/stack/data/venv/lib/python3.12/site-packages/oslo_config/cfg.py:3006}}
Mar 23 22:18:26.677661 np0000160379 neutron-periodic-workers[104104]: DEBUG cotyledon.oslo_config_glue [-] database.asyncio_slave_connection = **** {{(pid=104104) log_opt_values /opt/stack/data/venv/lib/python3.12/site-packages/oslo_config/cfg.py:3006}}
Mar 23 22:18:26.677661 np0000160379 neutron-periodic-workers[104104]: DEBUG cotyledon.oslo_config_glue [-] database.backend = sqlalchemy {{(pid=104104) log_opt_values /opt/stack/data/venv/lib/python3.12/site-packages/oslo_config/cfg.py:3006}}
Mar 23 22:18:26.677661 np0000160379 neutron-periodic-workers[104104]: DEBUG cotyledon.oslo_config_glue [-] database.connection = **** {{(pid=104104) log_opt_values /opt/stack/data/venv/lib/python3.12/site-packages/oslo_config/cfg.py:3006}}
Mar 23 22:18:26.677661 np0000160379 neutron-periodic-workers[104104]: DEBUG cotyledon.oslo_config_glue [-] database.connection_debug = 0 {{(pid=104104) log_opt_values /opt/stack/data/venv/lib/python3.12/site-packages/oslo_config/cfg.py:3006}}
Mar 23 22:18:26.677661 np0000160379 neutron-periodic-workers[104104]: DEBUG cotyledon.oslo_config_glue [-] database.connection_parameters = {{(pid=104104) log_opt_values /opt/stack/data/venv/lib/python3.12/site-packages/oslo_config/cfg.py:3006}}
Mar 23 22:18:26.678508 np0000160379 neutron-periodic-workers[104104]: DEBUG cotyledon.oslo_config_glue [-] database.connection_recycle_time = 3600 {{(pid=104104) log_opt_values /opt/stack/data/venv/lib/python3.12/site-packages/oslo_config/cfg.py:3006}}
Mar 23 22:18:26.678508 np0000160379 neutron-periodic-workers[104104]: DEBUG cotyledon.oslo_config_glue [-] database.connection_trace = False {{(pid=104104) log_opt_values /opt/stack/data/venv/lib/python3.12/site-packages/oslo_config/cfg.py:3006}}
Mar 23 22:18:26.678508 np0000160379 neutron-periodic-workers[104104]: DEBUG cotyledon.oslo_config_glue [-] database.db_inc_retry_interval = True {{(pid=104104) log_opt_values /opt/stack/data/venv/lib/python3.12/site-packages/oslo_config/cfg.py:3006}}
Mar 23 22:18:26.678508 np0000160379 neutron-periodic-workers[104104]: DEBUG cotyledon.oslo_config_glue [-] database.db_max_retries = 20 {{(pid=104104) log_opt_values /opt/stack/data/venv/lib/python3.12/site-packages/oslo_config/cfg.py:3006}}
Mar 23 22:18:26.678508 np0000160379 neutron-periodic-workers[104104]: DEBUG cotyledon.oslo_config_glue [-] database.db_max_retry_interval = 10 {{(pid=104104) log_opt_values /opt/stack/data/venv/lib/python3.12/site-packages/oslo_config/cfg.py:3006}}
Mar 23 22:18:26.678508 np0000160379 neutron-periodic-workers[104104]: DEBUG cotyledon.oslo_config_glue [-] database.db_retry_interval = 1 {{(pid=104104) log_opt_values /opt/stack/data/venv/lib/python3.12/site-packages/oslo_config/cfg.py:3006}}
Mar 23 22:18:26.678508 np0000160379 neutron-periodic-workers[104104]: DEBUG cotyledon.oslo_config_glue [-] database.max_overflow = 50 {{(pid=104104) log_opt_values /opt/stack/data/venv/lib/python3.12/site-packages/oslo_config/cfg.py:3006}}
Mar 23 22:18:26.678508 np0000160379 neutron-periodic-workers[104104]: DEBUG cotyledon.oslo_config_glue [-] database.max_pool_size = 5 {{(pid=104104) log_opt_values /opt/stack/data/venv/lib/python3.12/site-packages/oslo_config/cfg.py:3006}}
Mar 23 22:18:26.678508 np0000160379 neutron-periodic-workers[104104]: DEBUG cotyledon.oslo_config_glue [-] database.max_retries = 10 {{(pid=104104) log_opt_values /opt/stack/data/venv/lib/python3.12/site-packages/oslo_config/cfg.py:3006}}
Mar 23 22:18:26.678855 np0000160379 neutron-periodic-workers[104104]: DEBUG cotyledon.oslo_config_glue [-] database.mysql_sql_mode = TRADITIONAL {{(pid=104104) log_opt_values /opt/stack/data/venv/lib/python3.12/site-packages/oslo_config/cfg.py:3006}}
Mar 23 22:18:26.678855 np0000160379 neutron-periodic-workers[104104]: DEBUG cotyledon.oslo_config_glue [-] database.mysql_wsrep_sync_wait = None {{(pid=104104) log_opt_values /opt/stack/data/venv/lib/python3.12/site-packages/oslo_config/cfg.py:3006}}
Mar 23 22:18:26.678855 np0000160379 neutron-periodic-workers[104104]: DEBUG cotyledon.oslo_config_glue [-] database.pool_timeout = None {{(pid=104104) log_opt_values /opt/stack/data/venv/lib/python3.12/site-packages/oslo_config/cfg.py:3006}}
Mar 23 22:18:26.678855 np0000160379 neutron-periodic-workers[104104]: DEBUG cotyledon.oslo_config_glue [-] database.retry_interval = 10 {{(pid=104104) log_opt_values /opt/stack/data/venv/lib/python3.12/site-packages/oslo_config/cfg.py:3006}}
Mar 23 22:18:26.678855 np0000160379 neutron-periodic-workers[104104]: DEBUG cotyledon.oslo_config_glue [-] database.slave_connection = **** {{(pid=104104) log_opt_values /opt/stack/data/venv/lib/python3.12/site-packages/oslo_config/cfg.py:3006}}
Mar 23 22:18:26.678855 np0000160379 neutron-periodic-workers[104104]: DEBUG cotyledon.oslo_config_glue [-] database.sqlite_synchronous = True {{(pid=104104) log_opt_values /opt/stack/data/venv/lib/python3.12/site-packages/oslo_config/cfg.py:3006}}
Mar 23 22:18:26.678855 np0000160379 neutron-periodic-workers[104104]: DEBUG cotyledon.oslo_config_glue [-] database.synchronous_reader = True {{(pid=104104) log_opt_values /opt/stack/data/venv/lib/python3.12/site-packages/oslo_config/cfg.py:3006}}
Mar 23 22:18:26.678855 np0000160379 neutron-periodic-workers[104104]: DEBUG cotyledon.oslo_config_glue [-] database.use_db_reconnect = False {{(pid=104104) log_opt_values /opt/stack/data/venv/lib/python3.12/site-packages/oslo_config/cfg.py:3006}}
Mar 23 22:18:26.678855 np0000160379 neutron-periodic-workers[104104]: DEBUG cotyledon.oslo_config_glue [-] ovn.bfd_min_rx = 1000 {{(pid=104104) log_opt_values /opt/stack/data/venv/lib/python3.12/site-packages/oslo_config/cfg.py:3006}}
Mar 23 22:18:26.679160 np0000160379 neutron-periodic-workers[104104]: DEBUG cotyledon.oslo_config_glue [-] ovn.bfd_min_tx = 100 {{(pid=104104) log_opt_values /opt/stack/data/venv/lib/python3.12/site-packages/oslo_config/cfg.py:3006}}
Mar 23 22:18:26.679160 np0000160379 neutron-periodic-workers[104104]: DEBUG cotyledon.oslo_config_glue [-] ovn.bfd_mult = 3 {{(pid=104104) log_opt_values /opt/stack/data/venv/lib/python3.12/site-packages/oslo_config/cfg.py:3006}}
Mar 23 22:18:26.679160 np0000160379 neutron-periodic-workers[104104]: DEBUG cotyledon.oslo_config_glue [-] ovn.broadcast_arps_to_all_routers = True {{(pid=104104) log_opt_values /opt/stack/data/venv/lib/python3.12/site-packages/oslo_config/cfg.py:3006}}
Mar 23 22:18:26.679160 np0000160379 neutron-periodic-workers[104104]: DEBUG cotyledon.oslo_config_glue [-] ovn.dhcp_default_lease_time = 43200 {{(pid=104104) log_opt_values /opt/stack/data/venv/lib/python3.12/site-packages/oslo_config/cfg.py:3006}}
Mar 23 22:18:26.679160 np0000160379 neutron-periodic-workers[104104]: DEBUG cotyledon.oslo_config_glue [-] ovn.disable_ovn_dhcp_for_baremetal_ports = False {{(pid=104104) log_opt_values /opt/stack/data/venv/lib/python3.12/site-packages/oslo_config/cfg.py:3006}}
Mar 23 22:18:26.679160 np0000160379 neutron-periodic-workers[104104]: DEBUG cotyledon.oslo_config_glue [-] ovn.dns_records_ovn_owned = False {{(pid=104104) log_opt_values /opt/stack/data/venv/lib/python3.12/site-packages/oslo_config/cfg.py:3006}}
Mar 23 22:18:26.679160 np0000160379 neutron-periodic-workers[104104]: DEBUG cotyledon.oslo_config_glue [-] ovn.dns_servers = [] {{(pid=104104) log_opt_values /opt/stack/data/venv/lib/python3.12/site-packages/oslo_config/cfg.py:3006}}
Mar 23 22:18:26.679160 np0000160379 neutron-periodic-workers[104104]: DEBUG cotyledon.oslo_config_glue [-] ovn.enable_distributed_floating_ip = False {{(pid=104104) log_opt_values /opt/stack/data/venv/lib/python3.12/site-packages/oslo_config/cfg.py:3006}}
Mar 23 22:18:26.679160 np0000160379 neutron-periodic-workers[104104]: DEBUG cotyledon.oslo_config_glue [-] ovn.fdb_age_threshold = 300 {{(pid=104104) log_opt_values /opt/stack/data/venv/lib/python3.12/site-packages/oslo_config/cfg.py:3006}}
Mar 23 22:18:26.679408 np0000160379 neutron-periodic-workers[104104]: DEBUG cotyledon.oslo_config_glue [-] ovn.ha_failover_strategy = normal {{(pid=104104) log_opt_values /opt/stack/data/venv/lib/python3.12/site-packages/oslo_config/cfg.py:3006}}
Mar 23 22:18:26.679408 np0000160379 neutron-periodic-workers[104104]: DEBUG cotyledon.oslo_config_glue [-] ovn.live_migration_activation_strategy = rarp {{(pid=104104) log_opt_values /opt/stack/data/venv/lib/python3.12/site-packages/oslo_config/cfg.py:3006}}
Mar 23 22:18:26.679408 np0000160379 neutron-periodic-workers[104104]: DEBUG cotyledon.oslo_config_glue [-] ovn.localnet_learn_fdb = False {{(pid=104104) log_opt_values /opt/stack/data/venv/lib/python3.12/site-packages/oslo_config/cfg.py:3006}}
Mar 23 22:18:26.679408 np0000160379 neutron-periodic-workers[104104]: DEBUG cotyledon.oslo_config_glue [-] ovn.mac_binding_age_threshold = 300 {{(pid=104104) log_opt_values /opt/stack/data/venv/lib/python3.12/site-packages/oslo_config/cfg.py:3006}}
Mar 23 22:18:26.679408 np0000160379 neutron-periodic-workers[104104]: DEBUG cotyledon.oslo_config_glue [-] ovn.neutron_sync_mode = log {{(pid=104104) log_opt_values /opt/stack/data/venv/lib/python3.12/site-packages/oslo_config/cfg.py:3006}}
Mar 23 22:18:26.679408 np0000160379 neutron-periodic-workers[104104]: DEBUG cotyledon.oslo_config_glue [-] ovn.ovn_dhcp4_global_options = {} {{(pid=104104) log_opt_values /opt/stack/data/venv/lib/python3.12/site-packages/oslo_config/cfg.py:3006}}
Mar 23 22:18:26.679408 np0000160379 neutron-periodic-workers[104104]: DEBUG cotyledon.oslo_config_glue [-] ovn.ovn_dhcp6_global_options = {} {{(pid=104104) log_opt_values /opt/stack/data/venv/lib/python3.12/site-packages/oslo_config/cfg.py:3006}}
Mar 23 22:18:26.679408 np0000160379 neutron-periodic-workers[104104]: DEBUG cotyledon.oslo_config_glue [-] ovn.ovn_l3_scheduler = leastloaded {{(pid=104104) log_opt_values /opt/stack/data/venv/lib/python3.12/site-packages/oslo_config/cfg.py:3006}}
Mar 23 22:18:26.679408 np0000160379 neutron-periodic-workers[104104]: DEBUG cotyledon.oslo_config_glue [-] ovn.ovn_metadata_enabled = True {{(pid=104104) log_opt_values /opt/stack/data/venv/lib/python3.12/site-packages/oslo_config/cfg.py:3006}}
Mar 23 22:18:26.679662 np0000160379 neutron-periodic-workers[104104]: DEBUG cotyledon.oslo_config_glue [-] ovn.ovn_nb_ca_cert = /opt/stack/data/CA/int-ca/ca-chain.pem {{(pid=104104) log_opt_values /opt/stack/data/venv/lib/python3.12/site-packages/oslo_config/cfg.py:3006}}
Mar 23 22:18:26.679662 np0000160379 neutron-periodic-workers[104104]: DEBUG cotyledon.oslo_config_glue [-] ovn.ovn_nb_certificate = /opt/stack/data/CA/int-ca/devstack-cert.crt {{(pid=104104) log_opt_values /opt/stack/data/venv/lib/python3.12/site-packages/oslo_config/cfg.py:3006}}
Mar 23 22:18:26.679662 np0000160379 neutron-periodic-workers[104104]: DEBUG cotyledon.oslo_config_glue [-] ovn.ovn_nb_connection = ['ssl:162.253.55.207:6641'] {{(pid=104104) log_opt_values /opt/stack/data/venv/lib/python3.12/site-packages/oslo_config/cfg.py:3006}}
Mar 23 22:18:26.679662 np0000160379 neutron-periodic-workers[104104]: DEBUG cotyledon.oslo_config_glue [-] ovn.ovn_nb_private_key = /opt/stack/data/CA/int-ca/private/devstack-cert.key {{(pid=104104) log_opt_values /opt/stack/data/venv/lib/python3.12/site-packages/oslo_config/cfg.py:3006}}
Mar 23 22:18:26.679662 np0000160379 neutron-periodic-workers[104104]: DEBUG cotyledon.oslo_config_glue [-] ovn.ovn_router_indirect_snat = False {{(pid=104104) log_opt_values /opt/stack/data/venv/lib/python3.12/site-packages/oslo_config/cfg.py:3006}}
Mar 23 22:18:26.679662 np0000160379 neutron-periodic-workers[104104]: DEBUG cotyledon.oslo_config_glue [-] ovn.ovn_sb_ca_cert = /opt/stack/data/CA/int-ca/ca-chain.pem {{(pid=104104) log_opt_values /opt/stack/data/venv/lib/python3.12/site-packages/oslo_config/cfg.py:3006}}
Mar 23 22:18:26.679662 np0000160379 neutron-periodic-workers[104104]: DEBUG cotyledon.oslo_config_glue [-] ovn.ovn_sb_certificate = /opt/stack/data/CA/int-ca/devstack-cert.crt {{(pid=104104) log_opt_values /opt/stack/data/venv/lib/python3.12/site-packages/oslo_config/cfg.py:3006}}
Mar 23 22:18:26.679662 np0000160379 neutron-periodic-workers[104104]: DEBUG cotyledon.oslo_config_glue [-] ovn.ovn_sb_connection = ['ssl:162.253.55.207:6642'] {{(pid=104104) log_opt_values /opt/stack/data/venv/lib/python3.12/site-packages/oslo_config/cfg.py:3006}}
Mar 23 22:18:26.679915 np0000160379 neutron-periodic-workers[104104]: DEBUG cotyledon.oslo_config_glue [-] ovn.ovn_sb_private_key = /opt/stack/data/CA/int-ca/private/devstack-cert.key {{(pid=104104) log_opt_values /opt/stack/data/venv/lib/python3.12/site-packages/oslo_config/cfg.py:3006}}
Mar 23 22:18:26.679915 np0000160379 neutron-periodic-workers[104104]: DEBUG cotyledon.oslo_config_glue [-] ovn.ovs_create_tap = False {{(pid=104104) log_opt_values /opt/stack/data/venv/lib/python3.12/site-packages/oslo_config/cfg.py:3006}}
Mar 23 22:18:26.679915 np0000160379 neutron-periodic-workers[104104]: DEBUG cotyledon.oslo_config_glue [-] ovn.ovsdb_connection_timeout = 180 {{(pid=104104) log_opt_values /opt/stack/data/venv/lib/python3.12/site-packages/oslo_config/cfg.py:3006}}
Mar 23 22:18:26.679915 np0000160379 neutron-periodic-workers[104104]: DEBUG cotyledon.oslo_config_glue [-] ovn.ovsdb_log_level = INFO {{(pid=104104) log_opt_values /opt/stack/data/venv/lib/python3.12/site-packages/oslo_config/cfg.py:3006}}
Mar 23 22:18:26.679915 np0000160379 neutron-periodic-workers[104104]: DEBUG cotyledon.oslo_config_glue [-] ovn.ovsdb_probe_interval = 60000 {{(pid=104104) log_opt_values /opt/stack/data/venv/lib/python3.12/site-packages/oslo_config/cfg.py:3006}}
Mar 23 22:18:26.679915 np0000160379 neutron-periodic-workers[104104]: DEBUG cotyledon.oslo_config_glue [-] ovn.ovsdb_retry_max_interval = 180 {{(pid=104104) log_opt_values /opt/stack/data/venv/lib/python3.12/site-packages/oslo_config/cfg.py:3006}}
Mar 23 22:18:26.679915 np0000160379 neutron-periodic-workers[104104]: DEBUG cotyledon.oslo_config_glue [-] ovn.stateless_nat_enabled = False {{(pid=104104) log_opt_values /opt/stack/data/venv/lib/python3.12/site-packages/oslo_config/cfg.py:3006}}
Mar 23 22:18:26.679915 np0000160379 neutron-periodic-workers[104104]: DEBUG cotyledon.oslo_config_glue [-] ovn.vhost_sock_dir = /var/run/openvswitch {{(pid=104104) log_opt_values /opt/stack/data/venv/lib/python3.12/site-packages/oslo_config/cfg.py:3006}}
Mar 23 22:18:26.679915 np0000160379 neutron-periodic-workers[104104]: DEBUG cotyledon.oslo_config_glue [-] OVS.bridge_mac_table_size = 50000 {{(pid=104104) log_opt_values /opt/stack/data/venv/lib/python3.12/site-packages/oslo_config/cfg.py:3006}}
Mar 23 22:18:26.680174 np0000160379 neutron-periodic-workers[104104]: DEBUG cotyledon.oslo_config_glue [-] OVS.igmp_flood = False {{(pid=104104) log_opt_values /opt/stack/data/venv/lib/python3.12/site-packages/oslo_config/cfg.py:3006}}
Mar 23 22:18:26.680174 np0000160379 neutron-periodic-workers[104104]: DEBUG cotyledon.oslo_config_glue [-] OVS.igmp_flood_reports = True {{(pid=104104) log_opt_values /opt/stack/data/venv/lib/python3.12/site-packages/oslo_config/cfg.py:3006}}
Mar 23 22:18:26.680174 np0000160379 neutron-periodic-workers[104104]: DEBUG cotyledon.oslo_config_glue [-] OVS.igmp_flood_unregistered = False {{(pid=104104) log_opt_values /opt/stack/data/venv/lib/python3.12/site-packages/oslo_config/cfg.py:3006}}
Mar 23 22:18:26.680174 np0000160379 neutron-periodic-workers[104104]: DEBUG cotyledon.oslo_config_glue [-] OVS.igmp_snooping_enable = False {{(pid=104104) log_opt_values /opt/stack/data/venv/lib/python3.12/site-packages/oslo_config/cfg.py:3006}}
Mar 23 22:18:26.680174 np0000160379 neutron-periodic-workers[104104]: DEBUG cotyledon.oslo_config_glue [-] OVS.ovsdb_timeout = 10 {{(pid=104104) log_opt_values /opt/stack/data/venv/lib/python3.12/site-packages/oslo_config/cfg.py:3006}}
Mar 23 22:18:26.680174 np0000160379 neutron-periodic-workers[104104]: DEBUG cotyledon.oslo_config_glue [-] ovn_nb_global.fdb_removal_limit = 0 {{(pid=104104) log_opt_values /opt/stack/data/venv/lib/python3.12/site-packages/oslo_config/cfg.py:3006}}
Mar 23 22:18:26.680174 np0000160379 neutron-periodic-workers[104104]: DEBUG cotyledon.oslo_config_glue [-] ovn_nb_global.ignore_lsp_down = False {{(pid=104104) log_opt_values /opt/stack/data/venv/lib/python3.12/site-packages/oslo_config/cfg.py:3006}}
Mar 23 22:18:26.680174 np0000160379 neutron-periodic-workers[104104]: DEBUG cotyledon.oslo_config_glue [-] ovn_nb_global.mac_binding_removal_limit = 0 {{(pid=104104) log_opt_values /opt/stack/data/venv/lib/python3.12/site-packages/oslo_config/cfg.py:3006}}
Mar 23 22:18:26.680174 np0000160379 neutron-periodic-workers[104104]: DEBUG cotyledon.oslo_config_glue [-] ******************************************************************************** {{(pid=104104) log_opt_values /opt/stack/data/venv/lib/python3.12/site-packages/oslo_config/cfg.py:3013}}
Mar 23 22:18:26.680426 np0000160379 neutron-periodic-workers[104104]: DEBUG cotyledon._service_worker [-] Run service ServiceWrapper(0) [104104] {{(pid=104104) wait_forever /opt/stack/data/venv/lib/python3.12/site-packages/cotyledon/_service_worker.py:218}}
Mar 23 22:18:36.309323 np0000160379 neutron-periodic-workers[103247]: DEBUG dbcounter [-] [103247] Writing DB stats neutron:SELECT=4 {{(pid=103247) stat_writer /opt/stack/data/venv/lib/python3.12/site-packages/dbcounter.py:115}}
Mar 23 22:18:44.622498 np0000160379 neutron-periodic-workers[104074]: DEBUG oslo_db.sqlalchemy.engines [None req-3dabba97-259e-4a22-959b-aba685d63509 None None] Parent process 103247 forked (104074) with an open database connection, which is being discarded and recreated. {{(pid=104074) checkout /opt/stack/data/venv/lib/python3.12/site-packages/oslo_db/sqlalchemy/engines.py:402}}
Mar 23 22:18:44.650855 np0000160379 neutron-periodic-workers[104074]: DEBUG dbcounter [-] [104074] Writer thread running {{(pid=104074) stat_writer /opt/stack/data/venv/lib/python3.12/site-packages/dbcounter.py:102}}
Mar 23 22:18:44.660478 np0000160379 neutron-periodic-workers[104074]: DEBUG oslo.service.backend._threading.loopingcall [None req-3dabba97-259e-4a22-959b-aba685d63509 None None] Fixed interval looping call 'neutron.services.ovn_l3.plugin.L3_NAT_dbonly_mixin._clean_garbage' sleeping for 299.96 seconds {{(pid=104074) _run_loop /opt/stack/data/venv/lib/python3.12/site-packages/oslo_service/backend/_threading/loopingcall.py:125}}
Mar 23 22:18:54.651431 np0000160379 neutron-periodic-workers[104074]: DEBUG dbcounter [-] [104074] Writing DB stats neutron:SELECT=1 {{(pid=104074) stat_writer /opt/stack/data/venv/lib/python3.12/site-packages/dbcounter.py:115}}
Mar 23 22:19:08.684598 np0000160379 neutron-periodic-workers[104095]: DEBUG dbcounter [-] [104095] Writer thread running {{(pid=104095) stat_writer /opt/stack/data/venv/lib/python3.12/site-packages/dbcounter.py:102}}
Mar 23 22:19:08.687660 np0000160379 neutron-periodic-workers[104095]: DEBUG neutron.db.agents_db [None req-333365cc-08d7-4bbc-9e90-120814dff996 None None] Agent healthcheck: found 0 active agents {{(pid=104095) agent_health_check /opt/stack/neutron/neutron/db/agents_db.py:317}}
Mar 23 22:19:08.687832 np0000160379 neutron-periodic-workers[104095]: DEBUG oslo.service.backend._threading.loopingcall [None req-333365cc-08d7-4bbc-9e90-120814dff996 None None] Fixed interval looping call 'neutron.plugins.ml2.plugin.AgentDbMixin.agent_health_check' sleeping for 36.98 seconds {{(pid=104095) _run_loop /opt/stack/data/venv/lib/python3.12/site-packages/oslo_service/backend/_threading/loopingcall.py:125}}
Mar 23 22:19:18.685953 np0000160379 neutron-periodic-workers[104095]: DEBUG dbcounter [-] [104095] Writing DB stats neutron:SELECT=1 {{(pid=104095) stat_writer /opt/stack/data/venv/lib/python3.12/site-packages/dbcounter.py:115}}
Mar 23 22:19:20.652180 np0000160379 neutron-periodic-workers[104083]: DEBUG dbcounter [-] [104083] Writer thread running {{(pid=104083) stat_writer /opt/stack/data/venv/lib/python3.12/site-packages/dbcounter.py:102}}
Mar 23 22:19:20.659835 np0000160379 neutron-periodic-workers[104083]: DEBUG oslo.service.backend._threading.loopingcall [None req-a5be5bc9-1474-4eab-8d07-f17baf5aea9b None None] Fixed interval looping call 'neutron.plugins.ml2.plugin.DhcpAgentSchedulerDbMixin.remove_networks_from_down_agents' sleeping for 36.98 seconds {{(pid=104083) _run_loop /opt/stack/data/venv/lib/python3.12/site-packages/oslo_service/backend/_threading/loopingcall.py:125}}
Mar 23 22:19:30.658963 np0000160379 neutron-periodic-workers[104083]: DEBUG dbcounter [-] [104083] Writing DB stats neutron:SELECT=3 {{(pid=104083) stat_writer /opt/stack/data/venv/lib/python3.12/site-packages/dbcounter.py:115}}
Mar 23 22:19:45.673613 np0000160379 neutron-periodic-workers[104095]: DEBUG neutron.db.agents_db [None req-333365cc-08d7-4bbc-9e90-120814dff996 None None] Agent healthcheck: found 0 active agents {{(pid=104095) agent_health_check /opt/stack/neutron/neutron/db/agents_db.py:317}}
Mar 23 22:19:45.674365 np0000160379 neutron-periodic-workers[104095]: DEBUG oslo.service.backend._threading.loopingcall [None req-333365cc-08d7-4bbc-9e90-120814dff996 None None] Fixed interval looping call 'neutron.plugins.ml2.plugin.AgentDbMixin.agent_health_check' sleeping for 36.99 seconds {{(pid=104095) _run_loop /opt/stack/data/venv/lib/python3.12/site-packages/oslo_service/backend/_threading/loopingcall.py:125}}
Mar 23 22:19:55.672013 np0000160379 neutron-periodic-workers[104095]: DEBUG dbcounter [-] [104095] Writing DB stats neutron:SELECT=1 {{(pid=104095) stat_writer /opt/stack/data/venv/lib/python3.12/site-packages/dbcounter.py:115}}
Mar 23 22:19:57.650183 np0000160379 neutron-periodic-workers[104083]: DEBUG oslo.service.backend._threading.loopingcall [None req-a5be5bc9-1474-4eab-8d07-f17baf5aea9b None None] Fixed interval looping call 'neutron.plugins.ml2.plugin.DhcpAgentSchedulerDbMixin.remove_networks_from_down_agents' sleeping for 36.99 seconds {{(pid=104083) _run_loop /opt/stack/data/venv/lib/python3.12/site-packages/oslo_service/backend/_threading/loopingcall.py:125}}
Mar 23 22:20:07.648569 np0000160379 neutron-periodic-workers[104083]: DEBUG dbcounter [-] [104083] Writing DB stats neutron:SELECT=3 {{(pid=104083) stat_writer /opt/stack/data/venv/lib/python3.12/site-packages/dbcounter.py:115}}
Mar 23 22:20:22.669216 np0000160379 neutron-periodic-workers[104095]: DEBUG neutron.db.agents_db [None req-333365cc-08d7-4bbc-9e90-120814dff996 None None] Agent healthcheck: found 0 active agents {{(pid=104095) agent_health_check /opt/stack/neutron/neutron/db/agents_db.py:317}}
Mar 23 22:20:22.669981 np0000160379 neutron-periodic-workers[104095]: DEBUG oslo.service.backend._threading.loopingcall [None req-333365cc-08d7-4bbc-9e90-120814dff996 None None] Fixed interval looping call 'neutron.plugins.ml2.plugin.AgentDbMixin.agent_health_check' sleeping for 36.99 seconds {{(pid=104095) _run_loop /opt/stack/data/venv/lib/python3.12/site-packages/oslo_service/backend/_threading/loopingcall.py:125}}
Mar 23 22:20:26.689118 np0000160379 neutron-periodic-workers[104104]: DEBUG dbcounter [-] [104104] Writer thread running {{(pid=104104) stat_writer /opt/stack/data/venv/lib/python3.12/site-packages/dbcounter.py:102}}
Mar 23 22:20:26.691187 np0000160379 neutron-periodic-workers[104104]: DEBUG oslo.service.backend._threading.loopingcall [None req-41867659-fdb8-4f0c-a00b-e58251427ac7 None None] Fixed interval looping call 'neutron.db.quota.driver_nolock.DbQuotaNoLockDriver._remove_expired_reservations' sleeping for 119.98 seconds {{(pid=104104) _run_loop /opt/stack/data/venv/lib/python3.12/site-packages/oslo_service/backend/_threading/loopingcall.py:125}}
Mar 23 22:20:32.667488 np0000160379 neutron-periodic-workers[104095]: DEBUG dbcounter [-] [104095] Writing DB stats neutron:SELECT=1 {{(pid=104095) stat_writer /opt/stack/data/venv/lib/python3.12/site-packages/dbcounter.py:115}}
Mar 23 22:20:34.649236 np0000160379 neutron-periodic-workers[104083]: DEBUG oslo.service.backend._threading.loopingcall [None req-a5be5bc9-1474-4eab-8d07-f17baf5aea9b None None] Fixed interval looping call 'neutron.plugins.ml2.plugin.DhcpAgentSchedulerDbMixin.remove_networks_from_down_agents' sleeping for 36.99 seconds {{(pid=104083) _run_loop /opt/stack/data/venv/lib/python3.12/site-packages/oslo_service/backend/_threading/loopingcall.py:125}}
Mar 23 22:20:36.689725 np0000160379 neutron-periodic-workers[104104]: DEBUG dbcounter [-] [104104] Writing DB stats neutron:DELETE=1 {{(pid=104104) stat_writer /opt/stack/data/venv/lib/python3.12/site-packages/dbcounter.py:115}}
Mar 23 22:20:44.648189 np0000160379 neutron-periodic-workers[104083]: DEBUG dbcounter [-] [104083] Writing DB stats neutron:SELECT=3 {{(pid=104083) stat_writer /opt/stack/data/venv/lib/python3.12/site-packages/dbcounter.py:115}}
Mar 23 22:20:59.664872 np0000160379 neutron-periodic-workers[104095]: DEBUG neutron.db.agents_db [None req-333365cc-08d7-4bbc-9e90-120814dff996 None None] Agent healthcheck: found 0 active agents {{(pid=104095) agent_health_check /opt/stack/neutron/neutron/db/agents_db.py:317}}
Mar 23 22:20:59.665254 np0000160379 neutron-periodic-workers[104095]: DEBUG oslo.service.backend._threading.loopingcall [None req-333365cc-08d7-4bbc-9e90-120814dff996 None None] Fixed interval looping call 'neutron.plugins.ml2.plugin.AgentDbMixin.agent_health_check' sleeping for 36.99 seconds {{(pid=104095) _run_loop /opt/stack/data/venv/lib/python3.12/site-packages/oslo_service/backend/_threading/loopingcall.py:125}}
Mar 23 22:21:09.663008 np0000160379 neutron-periodic-workers[104095]: DEBUG dbcounter [-] [104095] Writing DB stats neutron:SELECT=1 {{(pid=104095) stat_writer /opt/stack/data/venv/lib/python3.12/site-packages/dbcounter.py:115}}
Mar 23 22:21:11.651993 np0000160379 neutron-periodic-workers[104083]: DEBUG oslo.service.backend._threading.loopingcall [None req-a5be5bc9-1474-4eab-8d07-f17baf5aea9b None None] Fixed interval looping call 'neutron.plugins.ml2.plugin.DhcpAgentSchedulerDbMixin.remove_networks_from_down_agents' sleeping for 36.99 seconds {{(pid=104083) _run_loop /opt/stack/data/venv/lib/python3.12/site-packages/oslo_service/backend/_threading/loopingcall.py:125}}
Mar 23 22:21:21.650776 np0000160379 neutron-periodic-workers[104083]: DEBUG dbcounter [-] [104083] Writing DB stats neutron:SELECT=3 {{(pid=104083) stat_writer /opt/stack/data/venv/lib/python3.12/site-packages/dbcounter.py:115}}
Mar 23 22:21:36.660533 np0000160379 neutron-periodic-workers[104095]: DEBUG neutron.db.agents_db [None req-333365cc-08d7-4bbc-9e90-120814dff996 None None] Agent healthcheck: found 0 active agents {{(pid=104095) agent_health_check /opt/stack/neutron/neutron/db/agents_db.py:317}}
Mar 23 22:21:36.661040 np0000160379 neutron-periodic-workers[104095]: DEBUG oslo.service.backend._threading.loopingcall [None req-333365cc-08d7-4bbc-9e90-120814dff996 None None] Fixed interval looping call 'neutron.plugins.ml2.plugin.AgentDbMixin.agent_health_check' sleeping for 36.99 seconds {{(pid=104095) _run_loop /opt/stack/data/venv/lib/python3.12/site-packages/oslo_service/backend/_threading/loopingcall.py:125}}
Mar 23 22:21:46.658764 np0000160379 neutron-periodic-workers[104095]: DEBUG dbcounter [-] [104095] Writing DB stats neutron:SELECT=1 {{(pid=104095) stat_writer /opt/stack/data/venv/lib/python3.12/site-packages/dbcounter.py:115}}
Mar 23 22:21:48.651208 np0000160379 neutron-periodic-workers[104083]: DEBUG oslo.service.backend._threading.loopingcall [None req-a5be5bc9-1474-4eab-8d07-f17baf5aea9b None None] Fixed interval looping call 'neutron.plugins.ml2.plugin.DhcpAgentSchedulerDbMixin.remove_networks_from_down_agents' sleeping for 36.99 seconds {{(pid=104083) _run_loop /opt/stack/data/venv/lib/python3.12/site-packages/oslo_service/backend/_threading/loopingcall.py:125}}
Mar 23 22:21:58.650035 np0000160379 neutron-periodic-workers[104083]: DEBUG dbcounter [-] [104083] Writing DB stats neutron:SELECT=3 {{(pid=104083) stat_writer /opt/stack/data/venv/lib/python3.12/site-packages/dbcounter.py:115}}
Mar 23 22:22:13.656461 np0000160379 neutron-periodic-workers[104095]: DEBUG neutron.db.agents_db [None req-333365cc-08d7-4bbc-9e90-120814dff996 None None] Agent healthcheck: found 0 active agents {{(pid=104095) agent_health_check /opt/stack/neutron/neutron/db/agents_db.py:317}}
Mar 23 22:22:13.656461 np0000160379 neutron-periodic-workers[104095]: DEBUG oslo.service.backend._threading.loopingcall [None req-333365cc-08d7-4bbc-9e90-120814dff996 None None] Fixed interval looping call 'neutron.plugins.ml2.plugin.AgentDbMixin.agent_health_check' sleeping for 36.99 seconds {{(pid=104095) _run_loop /opt/stack/data/venv/lib/python3.12/site-packages/oslo_service/backend/_threading/loopingcall.py:125}}
Mar 23 22:22:23.654520 np0000160379 neutron-periodic-workers[104095]: DEBUG dbcounter [-] [104095] Writing DB stats neutron:SELECT=1 {{(pid=104095) stat_writer /opt/stack/data/venv/lib/python3.12/site-packages/dbcounter.py:115}}
Mar 23 22:22:25.651677 np0000160379 neutron-periodic-workers[104083]: DEBUG oslo.service.backend._threading.loopingcall [None req-a5be5bc9-1474-4eab-8d07-f17baf5aea9b None None] Fixed interval looping call 'neutron.plugins.ml2.plugin.DhcpAgentSchedulerDbMixin.remove_networks_from_down_agents' sleeping for 36.99 seconds {{(pid=104083) _run_loop /opt/stack/data/venv/lib/python3.12/site-packages/oslo_service/backend/_threading/loopingcall.py:125}}
Mar 23 22:22:26.677071 np0000160379 neutron-periodic-workers[104104]: DEBUG oslo.service.backend._threading.loopingcall [None req-41867659-fdb8-4f0c-a00b-e58251427ac7 None None] Fixed interval looping call 'neutron.db.quota.driver_nolock.DbQuotaNoLockDriver._remove_expired_reservations' sleeping for 119.99 seconds {{(pid=104104) _run_loop /opt/stack/data/venv/lib/python3.12/site-packages/oslo_service/backend/_threading/loopingcall.py:125}}
Mar 23 22:22:35.651070 np0000160379 neutron-periodic-workers[104083]: DEBUG dbcounter [-] [104083] Writing DB stats neutron:SELECT=3 {{(pid=104083) stat_writer /opt/stack/data/venv/lib/python3.12/site-packages/dbcounter.py:115}}
Mar 23 22:22:36.675635 np0000160379 neutron-periodic-workers[104104]: DEBUG dbcounter [-] [104104] Writing DB stats neutron:DELETE=1 {{(pid=104104) stat_writer /opt/stack/data/venv/lib/python3.12/site-packages/dbcounter.py:115}}
Mar 23 22:22:50.652401 np0000160379 neutron-periodic-workers[104095]: DEBUG neutron.db.agents_db [None req-333365cc-08d7-4bbc-9e90-120814dff996 None None] Agent healthcheck: found 0 active agents {{(pid=104095) agent_health_check /opt/stack/neutron/neutron/db/agents_db.py:317}}
Mar 23 22:22:50.652967 np0000160379 neutron-periodic-workers[104095]: DEBUG oslo.service.backend._threading.loopingcall [None req-333365cc-08d7-4bbc-9e90-120814dff996 None None] Fixed interval looping call 'neutron.plugins.ml2.plugin.AgentDbMixin.agent_health_check' sleeping for 36.99 seconds {{(pid=104095) _run_loop /opt/stack/data/venv/lib/python3.12/site-packages/oslo_service/backend/_threading/loopingcall.py:125}}
Mar 23 22:23:00.650536 np0000160379 neutron-periodic-workers[104095]: DEBUG dbcounter [-] [104095] Writing DB stats neutron:SELECT=1 {{(pid=104095) stat_writer /opt/stack/data/venv/lib/python3.12/site-packages/dbcounter.py:115}}
Mar 23 22:23:02.650155 np0000160379 neutron-periodic-workers[104083]: DEBUG oslo.service.backend._threading.loopingcall [None req-a5be5bc9-1474-4eab-8d07-f17baf5aea9b None None] Fixed interval looping call 'neutron.plugins.ml2.plugin.DhcpAgentSchedulerDbMixin.remove_networks_from_down_agents' sleeping for 36.99 seconds {{(pid=104083) _run_loop /opt/stack/data/venv/lib/python3.12/site-packages/oslo_service/backend/_threading/loopingcall.py:125}}
Mar 23 22:23:12.649171 np0000160379 neutron-periodic-workers[104083]: DEBUG dbcounter [-] [104083] Writing DB stats neutron:SELECT=3 {{(pid=104083) stat_writer /opt/stack/data/venv/lib/python3.12/site-packages/dbcounter.py:115}}
Mar 23 22:23:27.684755 np0000160379 neutron-periodic-workers[104095]: DEBUG neutron.db.agents_db [None req-333365cc-08d7-4bbc-9e90-120814dff996 None None] Agent healthcheck: found 0 active agents {{(pid=104095) agent_health_check /opt/stack/neutron/neutron/db/agents_db.py:317}}
Mar 23 22:23:27.684755 np0000160379 neutron-periodic-workers[104095]: DEBUG oslo.service.backend._threading.loopingcall [None req-333365cc-08d7-4bbc-9e90-120814dff996 None None] Fixed interval looping call 'neutron.plugins.ml2.plugin.AgentDbMixin.agent_health_check' sleeping for 37.00 seconds {{(pid=104095) _run_loop /opt/stack/data/venv/lib/python3.12/site-packages/oslo_service/backend/_threading/loopingcall.py:125}}
Mar 23 22:23:37.645198 np0000160379 neutron-periodic-workers[104095]: DEBUG dbcounter [-] [104095] Writing DB stats neutron:SELECT=1 {{(pid=104095) stat_writer /opt/stack/data/venv/lib/python3.12/site-packages/dbcounter.py:115}}
Mar 23 22:23:39.650786 np0000160379 neutron-periodic-workers[104083]: DEBUG oslo.service.backend._threading.loopingcall [None req-a5be5bc9-1474-4eab-8d07-f17baf5aea9b None None] Fixed interval looping call 'neutron.plugins.ml2.plugin.DhcpAgentSchedulerDbMixin.remove_networks_from_down_agents' sleeping for 36.99 seconds {{(pid=104083) _run_loop /opt/stack/data/venv/lib/python3.12/site-packages/oslo_service/backend/_threading/loopingcall.py:125}}
Mar 23 22:23:44.631619 np0000160379 neutron-periodic-workers[104074]: DEBUG oslo.service.backend._threading.loopingcall [None req-3dabba97-259e-4a22-959b-aba685d63509 None None] Fixed interval looping call 'neutron.services.ovn_l3.plugin.L3_NAT_dbonly_mixin._clean_garbage' sleeping for 299.99 seconds {{(pid=104074) _run_loop /opt/stack/data/venv/lib/python3.12/site-packages/oslo_service/backend/_threading/loopingcall.py:125}}
Mar 23 22:23:49.648865 np0000160379 neutron-periodic-workers[104083]: DEBUG dbcounter [-] [104083] Writing DB stats neutron:SELECT=3 {{(pid=104083) stat_writer /opt/stack/data/venv/lib/python3.12/site-packages/dbcounter.py:115}}
Mar 23 22:23:54.624081 np0000160379 neutron-periodic-workers[104074]: DEBUG dbcounter [-] [104074] Writing DB stats neutron:SELECT=1 {{(pid=104074) stat_writer /opt/stack/data/venv/lib/python3.12/site-packages/dbcounter.py:115}}
Mar 23 22:24:04.651720 np0000160379 neutron-periodic-workers[104095]: DEBUG neutron.db.agents_db [None req-333365cc-08d7-4bbc-9e90-120814dff996 None None] Agent healthcheck: found 0 active agents {{(pid=104095) agent_health_check /opt/stack/neutron/neutron/db/agents_db.py:317}}
Mar 23 22:24:04.652444 np0000160379 neutron-periodic-workers[104095]: DEBUG oslo.service.backend._threading.loopingcall [None req-333365cc-08d7-4bbc-9e90-120814dff996 None None] Fixed interval looping call 'neutron.plugins.ml2.plugin.AgentDbMixin.agent_health_check' sleeping for 36.99 seconds {{(pid=104095) _run_loop /opt/stack/data/venv/lib/python3.12/site-packages/oslo_service/backend/_threading/loopingcall.py:125}}
Mar 23 22:24:14.650204 np0000160379 neutron-periodic-workers[104095]: DEBUG dbcounter [-] [104095] Writing DB stats neutron:SELECT=1 {{(pid=104095) stat_writer /opt/stack/data/venv/lib/python3.12/site-packages/dbcounter.py:115}}
Mar 23 22:24:16.651511 np0000160379 neutron-periodic-workers[104083]: DEBUG oslo.service.backend._threading.loopingcall [None req-a5be5bc9-1474-4eab-8d07-f17baf5aea9b None None] Fixed interval looping call 'neutron.plugins.ml2.plugin.DhcpAgentSchedulerDbMixin.remove_networks_from_down_agents' sleeping for 36.99 seconds {{(pid=104083) _run_loop /opt/stack/data/venv/lib/python3.12/site-packages/oslo_service/backend/_threading/loopingcall.py:125}}
Mar 23 22:24:26.650062 np0000160379 neutron-periodic-workers[104083]: DEBUG dbcounter [-] [104083] Writing DB stats neutron:SELECT=3 {{(pid=104083) stat_writer /opt/stack/data/venv/lib/python3.12/site-packages/dbcounter.py:115}}
Mar 23 22:24:26.677066 np0000160379 neutron-periodic-workers[104104]: DEBUG oslo.service.backend._threading.loopingcall [None req-41867659-fdb8-4f0c-a00b-e58251427ac7 None None] Fixed interval looping call 'neutron.db.quota.driver_nolock.DbQuotaNoLockDriver._remove_expired_reservations' sleeping for 119.99 seconds {{(pid=104104) _run_loop /opt/stack/data/venv/lib/python3.12/site-packages/oslo_service/backend/_threading/loopingcall.py:125}}
Mar 23 22:24:36.670263 np0000160379 neutron-periodic-workers[104104]: DEBUG dbcounter [-] [104104] Writing DB stats neutron:DELETE=1 {{(pid=104104) stat_writer /opt/stack/data/venv/lib/python3.12/site-packages/dbcounter.py:115}}
Mar 23 22:24:41.647722 np0000160379 neutron-periodic-workers[104095]: DEBUG neutron.db.agents_db [None req-333365cc-08d7-4bbc-9e90-120814dff996 None None] Agent healthcheck: found 0 active agents {{(pid=104095) agent_health_check /opt/stack/neutron/neutron/db/agents_db.py:317}}
Mar 23 22:24:41.648360 np0000160379 neutron-periodic-workers[104095]: DEBUG oslo.service.backend._threading.loopingcall [None req-333365cc-08d7-4bbc-9e90-120814dff996 None None] Fixed interval looping call 'neutron.plugins.ml2.plugin.AgentDbMixin.agent_health_check' sleeping for 36.99 seconds {{(pid=104095) _run_loop /opt/stack/data/venv/lib/python3.12/site-packages/oslo_service/backend/_threading/loopingcall.py:125}}
Mar 23 22:24:51.645728 np0000160379 neutron-periodic-workers[104095]: DEBUG dbcounter [-] [104095] Writing DB stats neutron:SELECT=1 {{(pid=104095) stat_writer /opt/stack/data/venv/lib/python3.12/site-packages/dbcounter.py:115}}
Mar 23 22:24:53.649243 np0000160379 neutron-periodic-workers[104083]: DEBUG oslo.service.backend._threading.loopingcall [None req-a5be5bc9-1474-4eab-8d07-f17baf5aea9b None None] Fixed interval looping call 'neutron.plugins.ml2.plugin.DhcpAgentSchedulerDbMixin.remove_networks_from_down_agents' sleeping for 36.99 seconds {{(pid=104083) _run_loop /opt/stack/data/venv/lib/python3.12/site-packages/oslo_service/backend/_threading/loopingcall.py:125}}
Mar 23 22:25:03.648759 np0000160379 neutron-periodic-workers[104083]: DEBUG dbcounter [-] [104083] Writing DB stats neutron:SELECT=3 {{(pid=104083) stat_writer /opt/stack/data/venv/lib/python3.12/site-packages/dbcounter.py:115}}
Mar 23 22:25:18.643291 np0000160379 neutron-periodic-workers[104095]: DEBUG neutron.db.agents_db [None req-333365cc-08d7-4bbc-9e90-120814dff996 None None] Agent healthcheck: found 0 active agents {{(pid=104095) agent_health_check /opt/stack/neutron/neutron/db/agents_db.py:317}}
Mar 23 22:25:18.643913 np0000160379 neutron-periodic-workers[104095]: DEBUG oslo.service.backend._threading.loopingcall [None req-333365cc-08d7-4bbc-9e90-120814dff996 None None] Fixed interval looping call 'neutron.plugins.ml2.plugin.AgentDbMixin.agent_health_check' sleeping for 36.99 seconds {{(pid=104095) _run_loop /opt/stack/data/venv/lib/python3.12/site-packages/oslo_service/backend/_threading/loopingcall.py:125}}
Mar 23 22:25:28.641993 np0000160379 neutron-periodic-workers[104095]: DEBUG dbcounter [-] [104095] Writing DB stats neutron:SELECT=1 {{(pid=104095) stat_writer /opt/stack/data/venv/lib/python3.12/site-packages/dbcounter.py:115}}
Mar 23 22:25:30.649237 np0000160379 neutron-periodic-workers[104083]: DEBUG oslo.service.backend._threading.loopingcall [None req-a5be5bc9-1474-4eab-8d07-f17baf5aea9b None None] Fixed interval looping call 'neutron.plugins.ml2.plugin.DhcpAgentSchedulerDbMixin.remove_networks_from_down_agents' sleeping for 36.99 seconds {{(pid=104083) _run_loop /opt/stack/data/venv/lib/python3.12/site-packages/oslo_service/backend/_threading/loopingcall.py:125}}
Mar 23 22:25:40.647121 np0000160379 neutron-periodic-workers[104083]: DEBUG dbcounter [-] [104083] Writing DB stats neutron:SELECT=3 {{(pid=104083) stat_writer /opt/stack/data/venv/lib/python3.12/site-packages/dbcounter.py:115}}
Mar 23 22:25:55.638606 np0000160379 neutron-periodic-workers[104095]: DEBUG neutron.db.agents_db [None req-333365cc-08d7-4bbc-9e90-120814dff996 None None] Agent healthcheck: found 0 active agents {{(pid=104095) agent_health_check /opt/stack/neutron/neutron/db/agents_db.py:317}}
Mar 23 22:25:55.639439 np0000160379 neutron-periodic-workers[104095]: DEBUG oslo.service.backend._threading.loopingcall [None req-333365cc-08d7-4bbc-9e90-120814dff996 None None] Fixed interval looping call 'neutron.plugins.ml2.plugin.AgentDbMixin.agent_health_check' sleeping for 36.99 seconds {{(pid=104095) _run_loop /opt/stack/data/venv/lib/python3.12/site-packages/oslo_service/backend/_threading/loopingcall.py:125}}
Mar 23 22:26:05.637048 np0000160379 neutron-periodic-workers[104095]: DEBUG dbcounter [-] [104095] Writing DB stats neutron:SELECT=1 {{(pid=104095) stat_writer /opt/stack/data/venv/lib/python3.12/site-packages/dbcounter.py:115}}
Mar 23 22:26:07.650263 np0000160379 neutron-periodic-workers[104083]: DEBUG oslo.service.backend._threading.loopingcall [None req-a5be5bc9-1474-4eab-8d07-f17baf5aea9b None None] Fixed interval looping call 'neutron.plugins.ml2.plugin.DhcpAgentSchedulerDbMixin.remove_networks_from_down_agents' sleeping for 36.99 seconds {{(pid=104083) _run_loop /opt/stack/data/venv/lib/python3.12/site-packages/oslo_service/backend/_threading/loopingcall.py:125}}
Mar 23 22:26:17.649311 np0000160379 neutron-periodic-workers[104083]: DEBUG dbcounter [-] [104083] Writing DB stats neutron:SELECT=3 {{(pid=104083) stat_writer /opt/stack/data/venv/lib/python3.12/site-packages/dbcounter.py:115}}
Mar 23 22:26:26.671022 np0000160379 neutron-periodic-workers[104104]: DEBUG oslo.service.backend._threading.loopingcall [None req-41867659-fdb8-4f0c-a00b-e58251427ac7 None None] Fixed interval looping call 'neutron.db.quota.driver_nolock.DbQuotaNoLockDriver._remove_expired_reservations' sleeping for 120.00 seconds {{(pid=104104) _run_loop /opt/stack/data/venv/lib/python3.12/site-packages/oslo_service/backend/_threading/loopingcall.py:125}}
Mar 23 22:26:32.634203 np0000160379 neutron-periodic-workers[104095]: DEBUG neutron.db.agents_db [None req-333365cc-08d7-4bbc-9e90-120814dff996 None None] Agent healthcheck: found 0 active agents {{(pid=104095) agent_health_check /opt/stack/neutron/neutron/db/agents_db.py:317}}
Mar 23 22:26:32.635356 np0000160379 neutron-periodic-workers[104095]: DEBUG oslo.service.backend._threading.loopingcall [None req-333365cc-08d7-4bbc-9e90-120814dff996 None None] Fixed interval looping call 'neutron.plugins.ml2.plugin.AgentDbMixin.agent_health_check' sleeping for 36.99 seconds {{(pid=104095) _run_loop /opt/stack/data/venv/lib/python3.12/site-packages/oslo_service/backend/_threading/loopingcall.py:125}}
Mar 23 22:26:36.670183 np0000160379 neutron-periodic-workers[104104]: DEBUG dbcounter [-] [104104] Writing DB stats neutron:DELETE=1 {{(pid=104104) stat_writer /opt/stack/data/venv/lib/python3.12/site-packages/dbcounter.py:115}}
Mar 23 22:26:42.632603 np0000160379 neutron-periodic-workers[104095]: DEBUG dbcounter [-] [104095] Writing DB stats neutron:SELECT=1 {{(pid=104095) stat_writer /opt/stack/data/venv/lib/python3.12/site-packages/dbcounter.py:115}}
Mar 23 22:26:44.650826 np0000160379 neutron-periodic-workers[104083]: DEBUG oslo.service.backend._threading.loopingcall [None req-a5be5bc9-1474-4eab-8d07-f17baf5aea9b None None] Fixed interval looping call 'neutron.plugins.ml2.plugin.DhcpAgentSchedulerDbMixin.remove_networks_from_down_agents' sleeping for 36.99 seconds {{(pid=104083) _run_loop /opt/stack/data/venv/lib/python3.12/site-packages/oslo_service/backend/_threading/loopingcall.py:125}}
Mar 23 22:26:54.648998 np0000160379 neutron-periodic-workers[104083]: DEBUG dbcounter [-] [104083] Writing DB stats neutron:SELECT=3 {{(pid=104083) stat_writer /opt/stack/data/venv/lib/python3.12/site-packages/dbcounter.py:115}}
Mar 23 22:27:09.629668 np0000160379 neutron-periodic-workers[104095]: DEBUG neutron.db.agents_db [None req-333365cc-08d7-4bbc-9e90-120814dff996 None None] Agent healthcheck: found 0 active agents {{(pid=104095) agent_health_check /opt/stack/neutron/neutron/db/agents_db.py:317}}
Mar 23 22:27:09.630277 np0000160379 neutron-periodic-workers[104095]: DEBUG oslo.service.backend._threading.loopingcall [None req-333365cc-08d7-4bbc-9e90-120814dff996 None None] Fixed interval looping call 'neutron.plugins.ml2.plugin.AgentDbMixin.agent_health_check' sleeping for 36.99 seconds {{(pid=104095) _run_loop /opt/stack/data/venv/lib/python3.12/site-packages/oslo_service/backend/_threading/loopingcall.py:125}}
Mar 23 22:27:19.628147 np0000160379 neutron-periodic-workers[104095]: DEBUG dbcounter [-] [104095] Writing DB stats neutron:SELECT=1 {{(pid=104095) stat_writer /opt/stack/data/venv/lib/python3.12/site-packages/dbcounter.py:115}}
Mar 23 22:27:21.648834 np0000160379 neutron-periodic-workers[104083]: DEBUG oslo.service.backend._threading.loopingcall [None req-a5be5bc9-1474-4eab-8d07-f17baf5aea9b None None] Fixed interval looping call 'neutron.plugins.ml2.plugin.DhcpAgentSchedulerDbMixin.remove_networks_from_down_agents' sleeping for 36.99 seconds {{(pid=104083) _run_loop /opt/stack/data/venv/lib/python3.12/site-packages/oslo_service/backend/_threading/loopingcall.py:125}}
Mar 23 22:27:31.649715 np0000160379 neutron-periodic-workers[104083]: DEBUG dbcounter [-] [104083] Writing DB stats neutron:SELECT=3 {{(pid=104083) stat_writer /opt/stack/data/venv/lib/python3.12/site-packages/dbcounter.py:115}}
Mar 23 22:27:46.631781 np0000160379 neutron-periodic-workers[104095]: DEBUG neutron.db.agents_db [None req-333365cc-08d7-4bbc-9e90-120814dff996 None None] Agent healthcheck: found 0 active agents {{(pid=104095) agent_health_check /opt/stack/neutron/neutron/db/agents_db.py:317}}
Mar 23 22:27:46.631781 np0000160379 neutron-periodic-workers[104095]: DEBUG oslo.service.backend._threading.loopingcall [None req-333365cc-08d7-4bbc-9e90-120814dff996 None None] Fixed interval looping call 'neutron.plugins.ml2.plugin.AgentDbMixin.agent_health_check' sleeping for 36.99 seconds {{(pid=104095) _run_loop /opt/stack/data/venv/lib/python3.12/site-packages/oslo_service/backend/_threading/loopingcall.py:125}}
Mar 23 22:27:56.627178 np0000160379 neutron-periodic-workers[104095]: DEBUG dbcounter [-] [104095] Writing DB stats neutron:SELECT=1 {{(pid=104095) stat_writer /opt/stack/data/venv/lib/python3.12/site-packages/dbcounter.py:115}}
Mar 23 22:27:58.644390 np0000160379 neutron-periodic-workers[104083]: DEBUG oslo.service.backend._threading.loopingcall [None req-a5be5bc9-1474-4eab-8d07-f17baf5aea9b None None] Fixed interval looping call 'neutron.plugins.ml2.plugin.DhcpAgentSchedulerDbMixin.remove_networks_from_down_agents' sleeping for 36.99 seconds {{(pid=104083) _run_loop /opt/stack/data/venv/lib/python3.12/site-packages/oslo_service/backend/_threading/loopingcall.py:125}}
Mar 23 22:28:08.644212 np0000160379 neutron-periodic-workers[104083]: DEBUG dbcounter [-] [104083] Writing DB stats neutron:SELECT=3 {{(pid=104083) stat_writer /opt/stack/data/venv/lib/python3.12/site-packages/dbcounter.py:115}}
Mar 23 22:28:23.627706 np0000160379 neutron-periodic-workers[104095]: DEBUG neutron.db.agents_db [None req-333365cc-08d7-4bbc-9e90-120814dff996 None None] Agent healthcheck: found 0 active agents {{(pid=104095) agent_health_check /opt/stack/neutron/neutron/db/agents_db.py:317}}
Mar 23 22:28:23.628176 np0000160379 neutron-periodic-workers[104095]: DEBUG oslo.service.backend._threading.loopingcall [None req-333365cc-08d7-4bbc-9e90-120814dff996 None None] Fixed interval looping call 'neutron.plugins.ml2.plugin.AgentDbMixin.agent_health_check' sleeping for 37.00 seconds {{(pid=104095) _run_loop /opt/stack/data/venv/lib/python3.12/site-packages/oslo_service/backend/_threading/loopingcall.py:125}}
