Mar 23 22:18:26.778760 np0000160379 devstack@neutron-api.service[102253]: INFO ovsdbapp.backend.ovs_idl.vlog [None req-010ee8a1-7b78-4031-982d-b7b925498a37 None None] ssl:162.253.55.207:6642: connected
Mar 23 22:18:26.794908 np0000160379 devstack@neutron-api.service[102254]: DEBUG ovsdbapp.backend.ovs_idl [None req-c4d3def3-3c8d-4efb-91d7-d20ffdf5e8c8 None None] Created lookup_table index Chassis.name {{(pid=102254) autocreate_indices /opt/stack/data/venv/lib/python3.12/site-packages/ovsdbapp/backend/ovs_idl/__init__.py:87}}
Mar 23 22:18:26.795008 np0000160379 devstack@neutron-api.service[102254]: DEBUG ovsdbapp.backend.ovs_idl [None req-c4d3def3-3c8d-4efb-91d7-d20ffdf5e8c8 None None] Created lookup_table index Port_Binding.logical_port {{(pid=102254) autocreate_indices /opt/stack/data/venv/lib/python3.12/site-packages/ovsdbapp/backend/ovs_idl/__init__.py:87}}
Mar 23 22:18:26.795108 np0000160379 devstack@neutron-api.service[102254]: DEBUG ovsdbapp.backend.ovs_idl [None req-c4d3def3-3c8d-4efb-91d7-d20ffdf5e8c8 None None] Created schema index Chassis_Private.name {{(pid=102254) autocreate_indices /opt/stack/data/venv/lib/python3.12/site-packages/ovsdbapp/backend/ovs_idl/__init__.py:106}}
Mar 23 22:18:26.795194 np0000160379 devstack@neutron-api.service[102254]: DEBUG ovsdbapp.backend.ovs_idl [None req-c4d3def3-3c8d-4efb-91d7-d20ffdf5e8c8 None None] Created schema index Datapath_Binding.tunnel_key {{(pid=102254) autocreate_indices /opt/stack/data/venv/lib/python3.12/site-packages/ovsdbapp/backend/ovs_idl/__init__.py:106}}
Mar 23 22:18:26.795360 np0000160379 devstack@neutron-api.service[102255]: DEBUG ovsdbapp.backend.ovs_idl [None req-85225881-904c-41f7-8e1f-44b8e3c4d65e None None] Created lookup_table index Chassis.name {{(pid=102255) autocreate_indices /opt/stack/data/venv/lib/python3.12/site-packages/ovsdbapp/backend/ovs_idl/__init__.py:87}}
Mar 23 22:18:26.795464 np0000160379 devstack@neutron-api.service[102255]: DEBUG ovsdbapp.backend.ovs_idl [None req-85225881-904c-41f7-8e1f-44b8e3c4d65e None None] Created lookup_table index Port_Binding.logical_port {{(pid=102255) autocreate_indices /opt/stack/data/venv/lib/python3.12/site-packages/ovsdbapp/backend/ovs_idl/__init__.py:87}}
Mar 23 22:18:26.795557 np0000160379 devstack@neutron-api.service[102255]: DEBUG ovsdbapp.backend.ovs_idl [None req-85225881-904c-41f7-8e1f-44b8e3c4d65e None None] Created schema index Chassis_Private.name {{(pid=102255) autocreate_indices /opt/stack/data/venv/lib/python3.12/site-packages/ovsdbapp/backend/ovs_idl/__init__.py:106}}
Mar 23 22:18:26.795651 np0000160379 devstack@neutron-api.service[102255]: DEBUG ovsdbapp.backend.ovs_idl [None req-85225881-904c-41f7-8e1f-44b8e3c4d65e None None] Created schema index Datapath_Binding.tunnel_key {{(pid=102255) autocreate_indices /opt/stack/data/venv/lib/python3.12/site-packages/ovsdbapp/backend/ovs_idl/__init__.py:106}}
Mar 23 22:18:26.797243 np0000160379 devstack@neutron-api.service[102254]: INFO ovsdbapp.backend.ovs_idl.vlog [None req-c4d3def3-3c8d-4efb-91d7-d20ffdf5e8c8 None None] ssl:162.253.55.207:6642: connecting...
Mar 23 22:18:26.797702 np0000160379 devstack@neutron-api.service[102255]: INFO ovsdbapp.backend.ovs_idl.vlog [None req-85225881-904c-41f7-8e1f-44b8e3c4d65e None None] ssl:162.253.55.207:6642: connecting...
Mar 23 22:18:26.802776 np0000160379 devstack@neutron-api.service[102254]: INFO ovsdbapp.backend.ovs_idl.vlog [None req-c4d3def3-3c8d-4efb-91d7-d20ffdf5e8c8 None None] ssl:162.253.55.207:6642: connected
Mar 23 22:18:26.805742 np0000160379 devstack@neutron-api.service[102255]: INFO ovsdbapp.backend.ovs_idl.vlog [None req-85225881-904c-41f7-8e1f-44b8e3c4d65e None None] ssl:162.253.55.207:6642: connected
Mar 23 22:18:26.816629 np0000160379 devstack@neutron-api.service[102253]: DEBUG neutron.common.ovn.hash_ring_manager [None req-010ee8a1-7b78-4031-982d-b7b925498a37 None None] Allow caching, nodes 4>=4 {{(pid=102253) _wait_startup_before_caching /opt/stack/neutron/neutron/common/ovn/hash_ring_manager.py:65}}
Mar 23 22:18:26.820322 np0000160379 devstack@neutron-api.service[102253]: DEBUG neutron.common.ovn.hash_ring_manager [None req-010ee8a1-7b78-4031-982d-b7b925498a37 None None] Hash Ring loaded. 4 active nodes. 0 offline nodes {{(pid=102253) _load_hash_ring /opt/stack/neutron/neutron/common/ovn/hash_ring_manager.py:102}}
Mar 23 22:18:26.820514 np0000160379 devstack@neutron-api.service[102253]: DEBUG neutron.plugins.ml2.drivers.ovn.mech_driver.ovsdb.ovsdb_monitor [None req-010ee8a1-7b78-4031-982d-b7b925498a37 None None] ChassisOVNAgentWriteEvent : Matched Chassis_Private, create, None None {{(pid=102253) matches /opt/stack/neutron/neutron/plugins/ml2/drivers/ovn/mech_driver/ovsdb/ovsdb_monitor.py:64}}
Mar 23 22:18:26.820593 np0000160379 devstack@neutron-api.service[102253]: DEBUG neutron.plugins.ml2.drivers.ovn.mech_driver.ovsdb.ovsdb_monitor [None req-010ee8a1-7b78-4031-982d-b7b925498a37 None None] ChassisAgentWriteEvent : Matched Chassis_Private, create, None None {{(pid=102253) matches /opt/stack/neutron/neutron/plugins/ml2/drivers/ovn/mech_driver/ovsdb/ovsdb_monitor.py:64}}
Mar 23 22:18:26.823056 np0000160379 devstack@neutron-api.service[102253]: INFO neutron.plugins.ml2.drivers.ovn.mech_driver.mech_driver [None req-010ee8a1-7b78-4031-982d-b7b925498a37 None None] WorkerService process has finished the post initialization
Mar 23 22:18:26.824244 np0000160379 devstack@neutron-api.service[102253]: WSGI app 0 (mountpoint='') ready in 7 seconds on interpreter 0x788f794a3668 pid: 102253 (default app)
Mar 23 22:18:26.838476 np0000160379 devstack@neutron-api.service[102255]: DEBUG neutron.common.ovn.hash_ring_manager [None req-85225881-904c-41f7-8e1f-44b8e3c4d65e None None] Allow caching, nodes 4>=4 {{(pid=102255) _wait_startup_before_caching /opt/stack/neutron/neutron/common/ovn/hash_ring_manager.py:65}}
Mar 23 22:18:26.839813 np0000160379 devstack@neutron-api.service[102254]: DEBUG neutron.common.ovn.hash_ring_manager [None req-c4d3def3-3c8d-4efb-91d7-d20ffdf5e8c8 None None] Allow caching, nodes 4>=4 {{(pid=102254) _wait_startup_before_caching /opt/stack/neutron/neutron/common/ovn/hash_ring_manager.py:65}}
Mar 23 22:18:26.842285 np0000160379 devstack@neutron-api.service[102255]: DEBUG neutron.common.ovn.hash_ring_manager [None req-85225881-904c-41f7-8e1f-44b8e3c4d65e None None] Hash Ring loaded. 4 active nodes. 0 offline nodes {{(pid=102255) _load_hash_ring /opt/stack/neutron/neutron/common/ovn/hash_ring_manager.py:102}}
Mar 23 22:18:26.842434 np0000160379 devstack@neutron-api.service[102255]: DEBUG neutron.plugins.ml2.drivers.ovn.mech_driver.ovsdb.ovsdb_monitor [None req-85225881-904c-41f7-8e1f-44b8e3c4d65e None None] ChassisAgentWriteEvent : Matched Chassis_Private, create, None None {{(pid=102255) matches /opt/stack/neutron/neutron/plugins/ml2/drivers/ovn/mech_driver/ovsdb/ovsdb_monitor.py:64}}
Mar 23 22:18:26.842576 np0000160379 devstack@neutron-api.service[102255]: DEBUG neutron.plugins.ml2.drivers.ovn.mech_driver.ovsdb.ovsdb_monitor [None req-85225881-904c-41f7-8e1f-44b8e3c4d65e None None] ChassisOVNAgentWriteEvent : Matched Chassis_Private, create, None None {{(pid=102255) matches /opt/stack/neutron/neutron/plugins/ml2/drivers/ovn/mech_driver/ovsdb/ovsdb_monitor.py:64}}
Mar 23 22:18:26.842890 np0000160379 devstack@neutron-api.service[102255]: DEBUG neutron.plugins.ml2.drivers.ovn.mech_driver.ovsdb.ovsdb_monitor [None req-85225881-904c-41f7-8e1f-44b8e3c4d65e None None] Hash Ring: Node f05e263134f456cfae21243de05440a1 (host: np0000160379) handling event "create" for row ff30c988-577f-4565-b3ec-8d7bb70820a5 (table: Chassis_Private) {{(pid=102255) notify /opt/stack/neutron/neutron/plugins/ml2/drivers/ovn/mech_driver/ovsdb/ovsdb_monitor.py:906}}
Mar 23 22:18:26.842975 np0000160379 devstack@neutron-api.service[102254]: DEBUG neutron.common.ovn.hash_ring_manager [None req-c4d3def3-3c8d-4efb-91d7-d20ffdf5e8c8 None None] Hash Ring loaded. 4 active nodes. 0 offline nodes {{(pid=102254) _load_hash_ring /opt/stack/neutron/neutron/common/ovn/hash_ring_manager.py:102}}
Mar 23 22:18:26.843128 np0000160379 devstack@neutron-api.service[102254]: DEBUG neutron.plugins.ml2.drivers.ovn.mech_driver.ovsdb.ovsdb_monitor [None req-c4d3def3-3c8d-4efb-91d7-d20ffdf5e8c8 None None] Hash Ring: Node 7bd88308f0e85b35bcc58122debe562c (host: np0000160379) handling event "create" for row 5812b06b-d6d2-4c8f-8fd9-c6b347baa46b (table: Chassis) {{(pid=102254) notify /opt/stack/neutron/neutron/plugins/ml2/drivers/ovn/mech_driver/ovsdb/ovsdb_monitor.py:906}}
Mar 23 22:18:26.843858 np0000160379 devstack@neutron-api.service[102254]: DEBUG ovsdbapp.backend.ovs_idl.event [None req-c4d3def3-3c8d-4efb-91d7-d20ffdf5e8c8 None None] Matched CREATE: ChassisBandwidthConfigEvent(events=('create', 'update'), table='Chassis', conditions=None, old_conditions=None), priority=20 to row=Chassis(uuid=5812b06b-d6d2-4c8f-8fd9-c6b347baa46b, encaps=[2a70dde8-b24e-48cf-a53b-3c6075a9ec7b], external_ids={}, hostname='np0000160379', name='567ca3aa-4219-4e3e-8523-5ddeee78621e', nb_cfg=0, other_config={'ct-commit-nat-v2': 'true', 'ct-commit-to-zone': 'true', 'ct-next-zone': 'true', 'ct-no-masked-label': 'true', 'ct-state-save': 'true', 'datapath-type': 'system', 'fdb-timestamp': 'true', 'iface-types': 'afxdp,afxdp-nonpmd,bareudp,erspan,geneve,gre,gtpu,internal,ip6erspan,ip6gre,lisp,patch,srv6,stt,system,tap,vxlan', 'is-interconn': 'false', 'ls-dpg-column': 'true', 'mac-binding-timestamp': 'true', 'ovn-bridge-mappings': 'public:br-ex', 'ovn-chassis-mac-mappings': '', 'ovn-cms-options': 'enable-chassis-as-gw', 'ovn-ct-lb-related': 'true', 'ovn-enable-lflow-cache': 'true', 'ovn-limit-lflow-cache': '', 'ovn-memlimit-lflow-cache-kb': '', 'ovn-monitor-all': 'false', 'ovn-trim-limit-lflow-cache': '', 'ovn-trim-timeout-ms': '', 'ovn-trim-wmark-perc-lflow-cache': '', 'port-up-notif': 'true'}, transport_zones=[], vtep_logical_switches=[]) old= {{(pid=102254) matches /opt/stack/data/venv/lib/python3.12/site-packages/ovsdbapp/backend/ovs_idl/event.py:55}}
Mar 23 22:18:26.844346 np0000160379 devstack@neutron-api.service[102254]: DEBUG neutron.plugins.ml2.drivers.ovn.mech_driver.ovsdb.ovsdb_monitor [None req-c4d3def3-3c8d-4efb-91d7-d20ffdf5e8c8 None None] ChassisOVNAgentWriteEvent : Matched Chassis_Private, create, None None {{(pid=102254) matches /opt/stack/neutron/neutron/plugins/ml2/drivers/ovn/mech_driver/ovsdb/ovsdb_monitor.py:64}}
Mar 23 22:18:26.844453 np0000160379 devstack@neutron-api.service[102254]: DEBUG neutron.plugins.ml2.drivers.ovn.mech_driver.ovsdb.ovsdb_monitor [None req-c4d3def3-3c8d-4efb-91d7-d20ffdf5e8c8 None None] ChassisAgentWriteEvent : Matched Chassis_Private, create, None None {{(pid=102254) matches /opt/stack/neutron/neutron/plugins/ml2/drivers/ovn/mech_driver/ovsdb/ovsdb_monitor.py:64}}
Mar 23 22:18:26.844758 np0000160379 devstack@neutron-api.service[102254]: DEBUG neutron.plugins.ml2.drivers.ovn.mech_driver.ovsdb.ovsdb_monitor [None req-c4d3def3-3c8d-4efb-91d7-d20ffdf5e8c8 None None] Hash Ring: Node 7bd88308f0e85b35bcc58122debe562c (host: np0000160379) handling event "create" for row 2a70dde8-b24e-48cf-a53b-3c6075a9ec7b (table: Encap) {{(pid=102254) notify /opt/stack/neutron/neutron/plugins/ml2/drivers/ovn/mech_driver/ovsdb/ovsdb_monitor.py:906}}
Mar 23 22:18:26.845465 np0000160379 devstack@neutron-api.service[102255]: INFO neutron.plugins.ml2.drivers.ovn.mech_driver.mech_driver [None req-85225881-904c-41f7-8e1f-44b8e3c4d65e None None] WorkerService process has finished the post initialization
Mar 23 22:18:26.845939 np0000160379 devstack@neutron-api.service[102254]: INFO neutron.plugins.ml2.drivers.ovn.mech_driver.mech_driver [None req-c4d3def3-3c8d-4efb-91d7-d20ffdf5e8c8 None None] WorkerService process has finished the post initialization
Mar 23 22:18:26.846451 np0000160379 devstack@neutron-api.service[102254]: INFO neutron.plugins.ml2.drivers.ovn.mech_driver.ovsdb.extensions.qos [-] Starting OVNClientQosExtension
Mar 23 22:18:26.846554 np0000160379 devstack@neutron-api.service[102254]: INFO neutron.plugins.ml2.drivers.ovn.mech_driver.ovsdb.extensions.placement [-] Starting OVNClientPlacementExtension
Mar 23 22:18:26.846614 np0000160379 devstack@neutron-api.service[102255]: WSGI app 0 (mountpoint='') ready in 7 seconds on interpreter 0x788f794a3668 pid: 102255 (default app)
Mar 23 22:18:26.848196 np0000160379 devstack@neutron-api.service[102254]: WSGI app 0 (mountpoint='') ready in 7 seconds on interpreter 0x788f794a3668 pid: 102254 (default app)
Mar 23 22:18:28.761272 np0000160379 devstack@neutron-api.service[102254]: DEBUG neutron.plugins.ml2.drivers.ovn.mech_driver.ovsdb.ovsdb_monitor [-] Hash Ring: Node 7bd88308f0e85b35bcc58122debe562c (host: np0000160379) handling event "update" for row 8ec1bf46-8abb-48d2-a267-247e7e7f23d4 (table: Connection) {{(pid=102254) notify /opt/stack/neutron/neutron/plugins/ml2/drivers/ovn/mech_driver/ovsdb/ovsdb_monitor.py:906}}
Mar 23 22:18:28.768145 np0000160379 devstack@neutron-api.service[102252]: DEBUG neutron.common.ovn.hash_ring_manager [-] Allow caching, nodes 4>=4 {{(pid=102252) _wait_startup_before_caching /opt/stack/neutron/neutron/common/ovn/hash_ring_manager.py:65}}
Mar 23 22:18:28.768503 np0000160379 devstack@neutron-api.service[102252]: DEBUG neutron.plugins.ml2.drivers.ovn.mech_driver.ovsdb.ovsdb_monitor [-] Hash Ring: Node fc2ba9eebcd05b9ebafb652cfbc9b28a (host: np0000160379) handling event "update" for row 8ec1bf46-8abb-48d2-a267-247e7e7f23d4 (table: Connection) {{(pid=102252) notify /opt/stack/neutron/neutron/plugins/ml2/drivers/ovn/mech_driver/ovsdb/ovsdb_monitor.py:906}}
Mar 23 22:18:32.222066 np0000160379 devstack@neutron-api.service[102252]: DEBUG neutron.api.wsgi [None req-d04d879c-514d-456c-8aef-677464310874 admin admin] Missing Content-Type {{(pid=102252) get_content_type /opt/stack/neutron/neutron/api/wsgi.py:85}}
Mar 23 22:18:32.222815 np0000160379 devstack@neutron-api.service[102252]: DEBUG neutron.api.wsgi [None req-d04d879c-514d-456c-8aef-677464310874 admin admin] https://162.253.55.207/networking/v2.0/extensions returned with HTTP 200 {{(pid=102252) __call__ /opt/stack/neutron/neutron/api/wsgi.py:545}}
Mar 23 22:18:32.222815 np0000160379 devstack@neutron-api.service[102252]: [pid: 102252|app: 0|req: 2/2] 162.253.55.207 () {64 vars in 1323 bytes} [Mon Mar 23 22:18:31 2026] GET /networking/v2.0/extensions => generated 15208 bytes in 258 msecs (HTTP/1.1 200) 4 headers in 159 bytes (1 switches on core 0)
Mar 23 22:18:32.594505 np0000160379 devstack@neutron-api.service[102253]: DEBUG neutron.api.v2.base [None req-b53635ad-f40e-4761-8d3f-a85e15970408 admin admin] Request body: {'subnetpool': {'name': 'shared-default-subnetpool-v4', 'prefixes': ['10.1.0.0/20'], 'shared': True, 'default_prefixlen': 26, 'is_default': True}} {{(pid=102253) prepare_request_body /opt/stack/neutron/neutron/api/v2/base.py:729}}
Mar 23 22:18:32.799128 np0000160379 devstack@neutron-api.service[102253]: DEBUG neutron.policy [None req-b53635ad-f40e-4761-8d3f-a85e15970408 admin admin] Loaded default policies from ['neutron'] under neutron.policies entry points {{(pid=102253) register_rules /opt/stack/neutron/neutron/policy.py:65}}
Mar 23 22:18:32.944108 np0000160379 devstack@neutron-api.service[102253]: DEBUG neutron_lib.callbacks.manager [None req-b53635ad-f40e-4761-8d3f-a85e15970408 admin admin] Publish callbacks ['neutron.objects.securitygroup.RbacNeutronDbObjectMixin.validate_rbac_policy_change-2401695468488', 'neutron.objects.address_group.RbacNeutronDbObjectMixin.validate_rbac_policy_change-2401695442246', 'neutron.objects.network.RbacNeutronDbObjectMixin.validate_rbac_policy_change-2401695568512', 'neutron.objects.qos.policy.RbacNeutronDbObjectMixin.validate_rbac_policy_change-2401695683627', 'neutron.objects.subnetpool.RbacNeutronDbObjectMixin.validate_rbac_policy_change-2401695686404', 'neutron.objects.address_scope.RbacNeutronDbObjectMixin.validate_rbac_policy_change-2401695666740', 'neutron.plugins.ml2.plugin.External_net_db_mixin._process_ext_policy_create-23330', 'neutron.plugins.ml2.plugin.NeutronDbPluginV2.validate_network_rbac_policy_change-30274'] for rbac-policy (None), before_create {{(pid=102253) _notify_loop /opt/stack/data/venv/lib/python3.12/site-packages/neutron_lib/callbacks/manager.py:184}}
Mar 23 22:18:32.991011 np0000160379 devstack@neutron-api.service[102253]: DEBUG neutron_lib.callbacks.manager [None req-b53635ad-f40e-4761-8d3f-a85e15970408 admin admin] Publish callbacks [] for subnetpool (None), before_response {{(pid=102253) _notify_loop /opt/stack/data/venv/lib/python3.12/site-packages/neutron_lib/callbacks/manager.py:184}}
Mar 23 22:18:32.991571 np0000160379 devstack@neutron-api.service[102253]: [pid: 102253|app: 0|req: 1/3] 162.253.55.207 () {68 vars in 1367 bytes} [Mon Mar 23 22:18:32 2026] POST /networking/v2.0/subnetpools => generated 533 bytes in 500 msecs (HTTP/1.1 201) 4 headers in 162 bytes (1 switches on core 0)
Mar 23 22:18:33.299545 np0000160379 devstack@neutron-api.service[102255]: DEBUG neutron.api.v2.base [None req-af5f3102-7632-4510-84e6-f884d5ecfe60 admin admin] Request body: {'subnetpool': {'name': 'shared-default-subnetpool-v6', 'prefixes': ['fdd2:178a:5a99::/56'], 'shared': True, 'default_prefixlen': 64, 'is_default': True}} {{(pid=102255) prepare_request_body /opt/stack/neutron/neutron/api/v2/base.py:729}}
Mar 23 22:18:33.469010 np0000160379 devstack@neutron-api.service[102255]: DEBUG neutron.policy [None req-af5f3102-7632-4510-84e6-f884d5ecfe60 admin admin] Loaded default policies from ['neutron'] under neutron.policies entry points {{(pid=102255) register_rules /opt/stack/neutron/neutron/policy.py:65}}
Mar 23 22:18:33.615255 np0000160379 devstack@neutron-api.service[102255]: DEBUG neutron_lib.callbacks.manager [None req-af5f3102-7632-4510-84e6-f884d5ecfe60 admin admin] Publish callbacks ['neutron.objects.securitygroup.RbacNeutronDbObjectMixin.validate_rbac_policy_change-2401695464526', 'neutron.objects.address_group.RbacNeutronDbObjectMixin.validate_rbac_policy_change-2401695487654', 'neutron.objects.network.RbacNeutronDbObjectMixin.validate_rbac_policy_change-2401695614645', 'neutron.objects.qos.policy.RbacNeutronDbObjectMixin.validate_rbac_policy_change-2401695626155', 'neutron.objects.subnetpool.RbacNeutronDbObjectMixin.validate_rbac_policy_change-2401695632023', 'neutron.objects.address_scope.RbacNeutronDbObjectMixin.validate_rbac_policy_change-2401695660457', 'neutron.plugins.ml2.plugin.External_net_db_mixin._process_ext_policy_create-1251150', 'neutron.plugins.ml2.plugin.NeutronDbPluginV2.validate_network_rbac_policy_change-1259502'] for rbac-policy (None), before_create {{(pid=102255) _notify_loop /opt/stack/data/venv/lib/python3.12/site-packages/neutron_lib/callbacks/manager.py:184}}
Mar 23 22:18:33.661851 np0000160379 devstack@neutron-api.service[102255]: DEBUG neutron_lib.callbacks.manager [None req-af5f3102-7632-4510-84e6-f884d5ecfe60 admin admin] Publish callbacks [] for subnetpool (None), before_response {{(pid=102255) _notify_loop /opt/stack/data/venv/lib/python3.12/site-packages/neutron_lib/callbacks/manager.py:184}}
Mar 23 22:18:33.662471 np0000160379 devstack@neutron-api.service[102255]: [pid: 102255|app: 0|req: 1/4] 162.253.55.207 () {68 vars in 1367 bytes} [Mon Mar 23 22:18:33 2026] POST /networking/v2.0/subnetpools => generated 543 bytes in 468 msecs (HTTP/1.1 201) 4 headers in 162 bytes (1 switches on core 0)
Mar 23 22:18:34.055900 np0000160379 devstack@neutron-api.service[102254]: DEBUG neutron.api.v2.base [None req-cc238863-935d-482b-82bf-a79f50e03aaf admin admin] Request body: {'network': {'name': 'private', 'admin_state_up': True}} {{(pid=102254) prepare_request_body /opt/stack/neutron/neutron/api/v2/base.py:729}}
Mar 23 22:18:34.077133 np0000160379 devstack@neutron-api.service[102254]: DEBUG neutron.pecan_wsgi.hooks.quota_enforcement [None req-cc238863-935d-482b-82bf-a79f50e03aaf admin admin] Made reservation on behalf of 306d5111cf4f4465a4cef9bf2f365085 for: {'network': 1} {{(pid=102254) before /opt/stack/neutron/neutron/pecan_wsgi/hooks/quota_enforcement.py:66}}
Mar 23 22:18:34.265950 np0000160379 devstack@neutron-api.service[102254]: DEBUG neutron.policy [None req-cc238863-935d-482b-82bf-a79f50e03aaf admin admin] Loaded default policies from ['neutron'] under neutron.policies entry points {{(pid=102254) register_rules /opt/stack/neutron/neutron/policy.py:65}}
Mar 23 22:18:34.366413 np0000160379 devstack@neutron-api.service[102254]: DEBUG neutron_lib.callbacks.manager [None req-cc238863-935d-482b-82bf-a79f50e03aaf admin admin] Publish callbacks ['neutron.plugins.ml2.plugin.SecurityGroupDbMixin._ensure_default_security_group_handler-180504'] for network (None), before_create {{(pid=102254) _notify_loop /opt/stack/data/venv/lib/python3.12/site-packages/neutron_lib/callbacks/manager.py:184}}
Mar 23 22:18:34.386046 np0000160379 devstack@neutron-api.service[102254]: DEBUG neutron_lib.callbacks.manager [None req-cc238863-935d-482b-82bf-a79f50e03aaf admin admin] Publish callbacks [] for security_group (None), before_create {{(pid=102254) _notify_loop /opt/stack/data/venv/lib/python3.12/site-packages/neutron_lib/callbacks/manager.py:184}}
Mar 23 22:18:34.480498 np0000160379 devstack@neutron-api.service[102254]: DEBUG neutron_lib.callbacks.manager [None req-cc238863-935d-482b-82bf-a79f50e03aaf admin admin] Publish callbacks ['neutron.plugins.ml2.drivers.ovn.mech_driver.mech_driver.OVNMechanismDriver._create_security_group_precommit-217319'] for security_group (14229151-49ec-4e41-8c52-800d3fceff1f), precommit_create {{(pid=102254) _notify_loop /opt/stack/data/venv/lib/python3.12/site-packages/neutron_lib/callbacks/manager.py:184}}
Mar 23 22:18:34.480600 np0000160379 devstack@neutron-api.service[102254]: DEBUG neutron.db.ovn_revision_numbers_db [None req-cc238863-935d-482b-82bf-a79f50e03aaf admin admin] create_initial_revision uuid=14229151-49ec-4e41-8c52-800d3fceff1f, type=security_groups, rev=-1 {{(pid=102254) create_initial_revision /opt/stack/neutron/neutron/db/ovn_revision_numbers_db.py:98}}
Mar 23 22:18:34.482776 np0000160379 devstack@neutron-api.service[102254]: DEBUG neutron.db.ovn_revision_numbers_db [None req-cc238863-935d-482b-82bf-a79f50e03aaf admin admin] create_initial_revision uuid=821bb55f-33ff-49d8-9326-817e5ae8dd74, type=security_group_rules, rev=-1 {{(pid=102254) create_initial_revision /opt/stack/neutron/neutron/db/ovn_revision_numbers_db.py:98}}
Mar 23 22:18:34.483723 np0000160379 devstack@neutron-api.service[102254]: DEBUG neutron.db.ovn_revision_numbers_db [None req-cc238863-935d-482b-82bf-a79f50e03aaf admin admin] create_initial_revision uuid=ae6ac91c-57b7-4729-8b24-acf0da66002e, type=security_group_rules, rev=-1 {{(pid=102254) create_initial_revision /opt/stack/neutron/neutron/db/ovn_revision_numbers_db.py:98}}
Mar 23 22:18:34.484714 np0000160379 devstack@neutron-api.service[102254]: DEBUG neutron.db.ovn_revision_numbers_db [None req-cc238863-935d-482b-82bf-a79f50e03aaf admin admin] create_initial_revision uuid=bc58b955-5817-4105-88bc-2dbe525f49aa, type=security_group_rules, rev=-1 {{(pid=102254) create_initial_revision /opt/stack/neutron/neutron/db/ovn_revision_numbers_db.py:98}}
Mar 23 22:18:34.485647 np0000160379 devstack@neutron-api.service[102254]: DEBUG neutron.db.ovn_revision_numbers_db [None req-cc238863-935d-482b-82bf-a79f50e03aaf admin admin] create_initial_revision uuid=da90acfb-2fc1-49da-a173-69e038957623, type=security_group_rules, rev=-1 {{(pid=102254) create_initial_revision /opt/stack/neutron/neutron/db/ovn_revision_numbers_db.py:98}}
Mar 23 22:18:34.493571 np0000160379 devstack@neutron-api.service[102254]: DEBUG neutron_lib.callbacks.manager [None req-cc238863-935d-482b-82bf-a79f50e03aaf admin admin] Publish callbacks ['neutron.plugins.ml2.drivers.ovn.mech_driver.mech_driver.OVNMechanismDriver._create_security_group-217329', 'neutron.plugins.ml2.ovo_rpc._ObjectChangeHandler.handle_event-2458359'] for security_group (14229151-49ec-4e41-8c52-800d3fceff1f), after_create {{(pid=102254) _notify_loop /opt/stack/data/venv/lib/python3.12/site-packages/neutron_lib/callbacks/manager.py:184}}
Mar 23 22:18:34.494584 np0000160379 devstack@neutron-api.service[102254]: DEBUG ovsdbapp.backend.ovs_idl.transaction [-] Running txn n=1 command(idx=0): PgAddCommand(_result=None, name=pg_14229151_49ec_4e41_8c52_800d3fceff1f, may_exist=False, columns={'acls': [], 'external_ids': {'neutron:security_group_id': '14229151-49ec-4e41-8c52-800d3fceff1f'}}) {{(pid=102254) do_commit /opt/stack/data/venv/lib/python3.12/site-packages/ovsdbapp/backend/ovs_idl/transaction.py:89}}
Mar 23 22:18:34.495969 np0000160379 devstack@neutron-api.service[102254]: DEBUG ovsdbapp.backend.ovs_idl.transaction [-] Running txn n=1 command(idx=1): PgAclAddCommand(_result=None, entity=pg_14229151_49ec_4e41_8c52_800d3fceff1f, direction=to-lport, priority=1002, match=outport == @pg_14229151_49ec_4e41_8c52_800d3fceff1f && ip6 && ip6.src == $pg_14229151_49ec_4e41_8c52_800d3fceff1f_ip6, action=allow-related, log=False, may_exist=True, severity=[], name=[], meter=[], external_ids={'neutron:security_group_rule_id': '821bb55f-33ff-49d8-9326-817e5ae8dd74'}) {{(pid=102254) do_commit /opt/stack/data/venv/lib/python3.12/site-packages/ovsdbapp/backend/ovs_idl/transaction.py:89}}
Mar 23 22:18:34.496307 np0000160379 devstack@neutron-api.service[102254]: DEBUG ovsdbapp.backend.ovs_idl.transaction [-] Running txn n=1 command(idx=2): PgAclAddCommand(_result=None, entity=pg_14229151_49ec_4e41_8c52_800d3fceff1f, direction=from-lport, priority=1002, match=inport == @pg_14229151_49ec_4e41_8c52_800d3fceff1f && ip6, action=allow-related, log=False, may_exist=True, severity=[], name=[], meter=[], external_ids={'neutron:security_group_rule_id': 'ae6ac91c-57b7-4729-8b24-acf0da66002e'}) {{(pid=102254) do_commit /opt/stack/data/venv/lib/python3.12/site-packages/ovsdbapp/backend/ovs_idl/transaction.py:89}}
Mar 23 22:18:34.496612 np0000160379 devstack@neutron-api.service[102254]: DEBUG ovsdbapp.backend.ovs_idl.transaction [-] Running txn n=1 command(idx=3): PgAclAddCommand(_result=None, entity=pg_14229151_49ec_4e41_8c52_800d3fceff1f, direction=to-lport, priority=1002, match=outport == @pg_14229151_49ec_4e41_8c52_800d3fceff1f && ip4 && ip4.src == $pg_14229151_49ec_4e41_8c52_800d3fceff1f_ip4, action=allow-related, log=False, may_exist=True, severity=[], name=[], meter=[], external_ids={'neutron:security_group_rule_id': 'bc58b955-5817-4105-88bc-2dbe525f49aa'}) {{(pid=102254) do_commit /opt/stack/data/venv/lib/python3.12/site-packages/ovsdbapp/backend/ovs_idl/transaction.py:89}}
Mar 23 22:18:34.496903 np0000160379 devstack@neutron-api.service[102254]: DEBUG ovsdbapp.backend.ovs_idl.transaction [-] Running txn n=1 command(idx=4): PgAclAddCommand(_result=None, entity=pg_14229151_49ec_4e41_8c52_800d3fceff1f, direction=from-lport, priority=1002, match=inport == @pg_14229151_49ec_4e41_8c52_800d3fceff1f && ip4, action=allow-related, log=False, may_exist=True, severity=[], name=[], meter=[], external_ids={'neutron:security_group_rule_id': 'da90acfb-2fc1-49da-a173-69e038957623'}) {{(pid=102254) do_commit /opt/stack/data/venv/lib/python3.12/site-packages/ovsdbapp/backend/ovs_idl/transaction.py:89}}
Mar 23 22:18:34.502830 np0000160379 devstack@neutron-api.service[102254]: DEBUG neutron.plugins.ml2.drivers.ovn.mech_driver.ovsdb.ovsdb_monitor [-] Hash Ring: Node 7bd88308f0e85b35bcc58122debe562c (host: np0000160379) handling event "create" for row 1a2a464e-162b-497a-90d7-5ccfa2aac0ee (table: ACL) {{(pid=102254) notify /opt/stack/neutron/neutron/plugins/ml2/drivers/ovn/mech_driver/ovsdb/ovsdb_monitor.py:906}}
Mar 23 22:18:34.503017 np0000160379 devstack@neutron-api.service[102254]: DEBUG neutron.plugins.ml2.drivers.ovn.mech_driver.ovsdb.ovsdb_monitor [-] Hash Ring: Node 7bd88308f0e85b35bcc58122debe562c (host: np0000160379) handling event "create" for row 2fe399df-bfd8-4f26-b872-9752b64a25a4 (table: ACL) {{(pid=102254) notify /opt/stack/neutron/neutron/plugins/ml2/drivers/ovn/mech_driver/ovsdb/ovsdb_monitor.py:906}}
Mar 23 22:18:34.503086 np0000160379 devstack@neutron-api.service[102254]: DEBUG neutron.plugins.ml2.drivers.ovn.mech_driver.ovsdb.ovsdb_monitor [-] Hash Ring: Node 7bd88308f0e85b35bcc58122debe562c (host: np0000160379) handling event "create" for row a2618ca7-a7fc-403e-8f95-8bef68dc0ccd (table: ACL) {{(pid=102254) notify /opt/stack/neutron/neutron/plugins/ml2/drivers/ovn/mech_driver/ovsdb/ovsdb_monitor.py:906}}
Mar 23 22:18:34.505135 np0000160379 devstack@neutron-api.service[102255]: DEBUG neutron.plugins.ml2.drivers.ovn.mech_driver.ovsdb.ovsdb_monitor [-] Hash Ring: Node f05e263134f456cfae21243de05440a1 (host: np0000160379) handling event "create" for row 5d1917ff-1369-439d-9556-cf17f2b5d2fd (table: Port_Group) {{(pid=102255) notify /opt/stack/neutron/neutron/plugins/ml2/drivers/ovn/mech_driver/ovsdb/ovsdb_monitor.py:906}}
Mar 23 22:18:34.505591 np0000160379 devstack@neutron-api.service[102252]: DEBUG neutron.plugins.ml2.drivers.ovn.mech_driver.ovsdb.ovsdb_monitor [-] Hash Ring: Node fc2ba9eebcd05b9ebafb652cfbc9b28a (host: np0000160379) handling event "create" for row 1a2a464e-162b-497a-90d7-5ccfa2aac0ee (table: ACL) {{(pid=102252) notify /opt/stack/neutron/neutron/plugins/ml2/drivers/ovn/mech_driver/ovsdb/ovsdb_monitor.py:906}}
Mar 23 22:18:34.505860 np0000160379 devstack@neutron-api.service[102252]: DEBUG neutron.plugins.ml2.drivers.ovn.mech_driver.ovsdb.ovsdb_monitor [-] Hash Ring: Node fc2ba9eebcd05b9ebafb652cfbc9b28a (host: np0000160379) handling event "create" for row 2fe399df-bfd8-4f26-b872-9752b64a25a4 (table: ACL) {{(pid=102252) notify /opt/stack/neutron/neutron/plugins/ml2/drivers/ovn/mech_driver/ovsdb/ovsdb_monitor.py:906}}
Mar 23 22:18:34.506266 np0000160379 devstack@neutron-api.service[102252]: DEBUG neutron.plugins.ml2.drivers.ovn.mech_driver.ovsdb.ovsdb_monitor [-] Hash Ring: Node fc2ba9eebcd05b9ebafb652cfbc9b28a (host: np0000160379) handling event "create" for row a2618ca7-a7fc-403e-8f95-8bef68dc0ccd (table: ACL) {{(pid=102252) notify /opt/stack/neutron/neutron/plugins/ml2/drivers/ovn/mech_driver/ovsdb/ovsdb_monitor.py:906}}
Mar 23 22:18:34.506777 np0000160379 devstack@neutron-api.service[102252]: DEBUG neutron.plugins.ml2.drivers.ovn.mech_driver.ovsdb.ovsdb_monitor [-] Hash Ring: Node fc2ba9eebcd05b9ebafb652cfbc9b28a (host: np0000160379) handling event "create" for row dc7563fd-0577-4fed-8926-6769a8b01642 (table: ACL) {{(pid=102252) notify /opt/stack/neutron/neutron/plugins/ml2/drivers/ovn/mech_driver/ovsdb/ovsdb_monitor.py:906}}
Mar 23 22:18:34.507191 np0000160379 devstack@neutron-api.service[102252]: DEBUG neutron.plugins.ml2.drivers.ovn.mech_driver.ovsdb.ovsdb_monitor [-] Hash Ring: Node fc2ba9eebcd05b9ebafb652cfbc9b28a (host: np0000160379) handling event "create" for row 5d1917ff-1369-439d-9556-cf17f2b5d2fd (table: Port_Group) {{(pid=102252) notify /opt/stack/neutron/neutron/plugins/ml2/drivers/ovn/mech_driver/ovsdb/ovsdb_monitor.py:906}}
Mar 23 22:18:34.530634 np0000160379 devstack@neutron-api.service[102254]: INFO neutron.db.ovn_revision_numbers_db [None req-cc238863-935d-482b-82bf-a79f50e03aaf admin admin] Successfully bumped revision number for resource 14229151-49ec-4e41-8c52-800d3fceff1f (type: security_groups) to 1
Mar 23 22:18:34.546251 np0000160379 devstack@neutron-api.service[102254]: INFO neutron.db.ovn_revision_numbers_db [None req-cc238863-935d-482b-82bf-a79f50e03aaf admin admin] Successfully bumped revision number for resource 821bb55f-33ff-49d8-9326-817e5ae8dd74 (type: security_group_rules) to 0
Mar 23 22:18:34.558173 np0000160379 devstack@neutron-api.service[102254]: INFO neutron.db.ovn_revision_numbers_db [None req-cc238863-935d-482b-82bf-a79f50e03aaf admin admin] Successfully bumped revision number for resource ae6ac91c-57b7-4729-8b24-acf0da66002e (type: security_group_rules) to 0
Mar 23 22:18:34.571601 np0000160379 devstack@neutron-api.service[102254]: INFO neutron.db.ovn_revision_numbers_db [None req-cc238863-935d-482b-82bf-a79f50e03aaf admin admin] Successfully bumped revision number for resource bc58b955-5817-4105-88bc-2dbe525f49aa (type: security_group_rules) to 0
Mar 23 22:18:34.583456 np0000160379 devstack@neutron-api.service[102254]: INFO neutron.db.ovn_revision_numbers_db [None req-cc238863-935d-482b-82bf-a79f50e03aaf admin admin] Successfully bumped revision number for resource da90acfb-2fc1-49da-a173-69e038957623 (type: security_group_rules) to 0
Mar 23 22:18:34.608894 np0000160379 devstack@neutron-api.service[102254]: DEBUG neutron.api.rpc.handlers.resources_rpc [None req-cc238863-935d-482b-82bf-a79f50e03aaf admin admin] Pushing event updated for resources: {'SecurityGroup': ['ID=14229151-49ec-4e41-8c52-800d3fceff1f,revision_number=1']} {{(pid=102254) push /opt/stack/neutron/neutron/api/rpc/handlers/resources_rpc.py:237}}
Mar 23 22:18:34.616274 np0000160379 devstack@neutron-api.service[102254]: DEBUG ovsdbapp.backend.ovs_idl.transaction [-] Running txn n=1 command(idx=0): CheckLivenessCommand(_result=None) {{(pid=102254) do_commit /opt/stack/data/venv/lib/python3.12/site-packages/ovsdbapp/backend/ovs_idl/transaction.py:89}}
Mar 23 22:18:34.653738 np0000160379 devstack@neutron-api.service[102252]: DEBUG neutron.plugins.ml2.drivers.ovn.mech_driver.ovsdb.ovsdb_monitor [-] Hash Ring: Node fc2ba9eebcd05b9ebafb652cfbc9b28a (host: np0000160379) handling event "update" for row fe7cefbe-f10d-4166-8541-7659ca7a396f (table: NB_Global) {{(pid=102252) notify /opt/stack/neutron/neutron/plugins/ml2/drivers/ovn/mech_driver/ovsdb/ovsdb_monitor.py:906}}
Mar 23 22:18:34.655078 np0000160379 devstack@neutron-api.service[102252]: DEBUG neutron.plugins.ml2.drivers.ovn.mech_driver.ovsdb.ovsdb_monitor [-] Hash Ring: Node fc2ba9eebcd05b9ebafb652cfbc9b28a (host: np0000160379) handling event "update" for row fe7cefbe-f10d-4166-8541-7659ca7a396f (table: NB_Global) {{(pid=102252) notify /opt/stack/neutron/neutron/plugins/ml2/drivers/ovn/mech_driver/ovsdb/ovsdb_monitor.py:906}}
Mar 23 22:18:34.656413 np0000160379 devstack@neutron-api.service[102254]: DEBUG neutron.api.rpc.callbacks.version_manager [None req-cc238863-935d-482b-82bf-a79f50e03aaf admin admin] Tracked resource versions report:
Mar 23 22:18:34.656413 np0000160379 devstack@neutron-api.service[102254]: pushed versions:
Mar 23 22:18:34.656413 np0000160379 devstack@neutron-api.service[102254]: { 'AddressGroup': {'1.2'},
Mar 23 22:18:34.656413 np0000160379 devstack@neutron-api.service[102254]: 'Agent': {'1.1'},
Mar 23 22:18:34.656413 np0000160379 devstack@neutron-api.service[102254]: 'ConntrackHelper': {'1.0'},
Mar 23 22:18:34.656413 np0000160379 devstack@neutron-api.service[102254]: 'LocalIPAssociation': {'1.0'},
Mar 23 22:18:34.656413 np0000160379 devstack@neutron-api.service[102254]: 'Log': {'1.0'},
Mar 23 22:18:34.656413 np0000160379 devstack@neutron-api.service[102254]: 'NDPProxy': {'1.0'},
Mar 23 22:18:34.656413 np0000160379 devstack@neutron-api.service[102254]: 'Network': {'1.2'},
Mar 23 22:18:34.656413 np0000160379 devstack@neutron-api.service[102254]: 'Port': {'1.10'},
Mar 23 22:18:34.656413 np0000160379 devstack@neutron-api.service[102254]: 'PortForwarding': {'1.3'},
Mar 23 22:18:34.656413 np0000160379 devstack@neutron-api.service[102254]: 'QosPolicy': {'1.10'},
Mar 23 22:18:34.656413 np0000160379 devstack@neutron-api.service[102254]: 'SecurityGroup': {'1.6'},
Mar 23 22:18:34.656413 np0000160379 devstack@neutron-api.service[102254]: 'SecurityGroupRule': {'1.3'},
Mar 23 22:18:34.656413 np0000160379 devstack@neutron-api.service[102254]: 'SubPort': {'1.0'},
Mar 23 22:18:34.656413 np0000160379 devstack@neutron-api.service[102254]: 'Subnet': {'1.2'},
Mar 23 22:18:34.656413 np0000160379 devstack@neutron-api.service[102254]: 'Trunk': {'1.1'}}
Mar 23 22:18:34.656413 np0000160379 devstack@neutron-api.service[102254]: consumer versions:
Mar 23 22:18:34.656413 np0000160379 devstack@neutron-api.service[102254]: {}
Mar 23 22:18:34.656413 np0000160379 devstack@neutron-api.service[102254]: {{(pid=102254) report /opt/stack/neutron/neutron/api/rpc/callbacks/version_manager.py:183}}
Mar 23 22:18:34.657329 np0000160379 devstack@neutron-api.service[102253]: DEBUG neutron.plugins.ml2.drivers.ovn.mech_driver.ovsdb.ovsdb_monitor [-] ChassisAgentWriteEvent : Matched Chassis_Private, update, None None {{(pid=102253) matches /opt/stack/neutron/neutron/plugins/ml2/drivers/ovn/mech_driver/ovsdb/ovsdb_monitor.py:64}}
Mar 23 22:18:34.657732 np0000160379 devstack@neutron-api.service[102252]: DEBUG neutron.plugins.ml2.drivers.ovn.mech_driver.ovsdb.ovsdb_monitor [-] ChassisAgentWriteEvent : Matched Chassis_Private, update, None None {{(pid=102252) matches /opt/stack/neutron/neutron/plugins/ml2/drivers/ovn/mech_driver/ovsdb/ovsdb_monitor.py:64}}
Mar 23 22:18:34.658125 np0000160379 devstack@neutron-api.service[102255]: DEBUG neutron.plugins.ml2.drivers.ovn.mech_driver.ovsdb.ovsdb_monitor [-] ChassisAgentWriteEvent : Matched Chassis_Private, update, None None {{(pid=102255) matches /opt/stack/neutron/neutron/plugins/ml2/drivers/ovn/mech_driver/ovsdb/ovsdb_monitor.py:64}}
Mar 23 22:18:34.659281 np0000160379 devstack@neutron-api.service[102255]: DEBUG neutron.plugins.ml2.drivers.ovn.mech_driver.ovsdb.ovsdb_monitor [-] Hash Ring: Node f05e263134f456cfae21243de05440a1 (host: np0000160379) handling event "update" for row ff30c988-577f-4565-b3ec-8d7bb70820a5 (table: Chassis_Private) {{(pid=102255) notify /opt/stack/neutron/neutron/plugins/ml2/drivers/ovn/mech_driver/ovsdb/ovsdb_monitor.py:906}}
Mar 23 22:18:34.660495 np0000160379 devstack@neutron-api.service[102252]: DEBUG neutron.plugins.ml2.drivers.ovn.mech_driver.ovsdb.ovsdb_monitor [-] Hash Ring: Node fc2ba9eebcd05b9ebafb652cfbc9b28a (host: np0000160379) handling event "update" for row fe7cefbe-f10d-4166-8541-7659ca7a396f (table: NB_Global) {{(pid=102252) notify /opt/stack/neutron/neutron/plugins/ml2/drivers/ovn/mech_driver/ovsdb/ovsdb_monitor.py:906}}
Mar 23 22:18:34.661240 np0000160379 devstack@neutron-api.service[102252]: DEBUG neutron.plugins.ml2.drivers.ovn.mech_driver.ovsdb.ovsdb_monitor [-] Hash Ring: Node fc2ba9eebcd05b9ebafb652cfbc9b28a (host: np0000160379) handling event "update" for row fe7cefbe-f10d-4166-8541-7659ca7a396f (table: NB_Global) {{(pid=102252) notify /opt/stack/neutron/neutron/plugins/ml2/drivers/ovn/mech_driver/ovsdb/ovsdb_monitor.py:906}}
Mar 23 22:18:34.662924 np0000160379 devstack@neutron-api.service[102254]: DEBUG neutron.plugins.ml2.drivers.ovn.mech_driver.ovsdb.ovsdb_monitor [-] ChassisAgentWriteEvent : Matched Chassis_Private, update, None None {{(pid=102254) matches /opt/stack/neutron/neutron/plugins/ml2/drivers/ovn/mech_driver/ovsdb/ovsdb_monitor.py:64}}
Mar 23 22:18:34.663700 np0000160379 devstack@neutron-api.service[102255]: DEBUG neutron.plugins.ml2.drivers.ovn.mech_driver.ovsdb.ovsdb_monitor [-] ChassisOVNAgentWriteEvent : Matched Chassis_Private, update, None None {{(pid=102255) matches /opt/stack/neutron/neutron/plugins/ml2/drivers/ovn/mech_driver/ovsdb/ovsdb_monitor.py:64}}
Mar 23 22:18:34.663781 np0000160379 devstack@neutron-api.service[102252]: DEBUG neutron.common.ovn.hash_ring_manager [-] Allow caching, nodes 4>=4 {{(pid=102252) _wait_startup_before_caching /opt/stack/neutron/neutron/common/ovn/hash_ring_manager.py:65}}
Mar 23 22:18:34.663951 np0000160379 devstack@neutron-api.service[102252]: DEBUG neutron.plugins.ml2.drivers.ovn.mech_driver.ovsdb.ovsdb_monitor [-] Hash Ring: Node fc2ba9eebcd05b9ebafb652cfbc9b28a (host: np0000160379) handling event "update" for row ff30c988-577f-4565-b3ec-8d7bb70820a5 (table: Chassis_Private) {{(pid=102252) notify /opt/stack/neutron/neutron/plugins/ml2/drivers/ovn/mech_driver/ovsdb/ovsdb_monitor.py:906}}
Mar 23 22:18:34.664205 np0000160379 devstack@neutron-api.service[102255]: DEBUG neutron.plugins.ml2.drivers.ovn.mech_driver.ovsdb.ovsdb_monitor [-] Hash Ring: Node f05e263134f456cfae21243de05440a1 (host: np0000160379) handling event "update" for row ff30c988-577f-4565-b3ec-8d7bb70820a5 (table: Chassis_Private) {{(pid=102255) notify /opt/stack/neutron/neutron/plugins/ml2/drivers/ovn/mech_driver/ovsdb/ovsdb_monitor.py:906}}
Mar 23 22:18:34.664601 np0000160379 devstack@neutron-api.service[102253]: DEBUG neutron.plugins.ml2.drivers.ovn.mech_driver.ovsdb.ovsdb_monitor [-] ChassisOVNAgentWriteEvent : Matched Chassis_Private, update, None None {{(pid=102253) matches /opt/stack/neutron/neutron/plugins/ml2/drivers/ovn/mech_driver/ovsdb/ovsdb_monitor.py:64}}
Mar 23 22:18:34.664943 np0000160379 devstack@neutron-api.service[102254]: DEBUG neutron.plugins.ml2.drivers.ovn.mech_driver.ovsdb.ovsdb_monitor [-] ChassisOVNAgentWriteEvent : Matched Chassis_Private, update, None None {{(pid=102254) matches /opt/stack/neutron/neutron/plugins/ml2/drivers/ovn/mech_driver/ovsdb/ovsdb_monitor.py:64}}
Mar 23 22:18:34.665007 np0000160379 devstack@neutron-api.service[102252]: DEBUG neutron.plugins.ml2.drivers.ovn.mech_driver.ovsdb.ovsdb_monitor [-] ChassisOVNAgentWriteEvent : Matched Chassis_Private, update, None None {{(pid=102252) matches /opt/stack/neutron/neutron/plugins/ml2/drivers/ovn/mech_driver/ovsdb/ovsdb_monitor.py:64}}
Mar 23 22:18:34.665299 np0000160379 devstack@neutron-api.service[102252]: DEBUG neutron.plugins.ml2.drivers.ovn.mech_driver.ovsdb.ovsdb_monitor [-] Hash Ring: Node fc2ba9eebcd05b9ebafb652cfbc9b28a (host: np0000160379) handling event "update" for row ff30c988-577f-4565-b3ec-8d7bb70820a5 (table: Chassis_Private) {{(pid=102252) notify /opt/stack/neutron/neutron/plugins/ml2/drivers/ovn/mech_driver/ovsdb/ovsdb_monitor.py:906}}
Mar 23 22:18:34.715981 np0000160379 devstack@neutron-api.service[102254]: DEBUG neutron.plugins.ml2.drivers.helpers [None req-cc238863-935d-482b-82bf-a79f50e03aaf admin admin] geneve segment allocate from pool success with {'geneve_vni': 7399} {{(pid=102254) allocate_partially_specified_segment /opt/stack/neutron/neutron/plugins/ml2/drivers/helpers.py:142}}
Mar 23 22:18:34.724878 np0000160379 devstack@neutron-api.service[102254]: DEBUG neutron_lib.callbacks.manager [None req-cc238863-935d-482b-82bf-a79f50e03aaf admin admin] Publish callbacks ['neutron.services.segments.db._add_segment_host_mapping_for_segment-8284843735274', 'neutron.plugins.ml2.plugin.Ml2Plugin._handle_segment_change-975060'] for segment (801c45ea-8a57-455a-a1ef-c7a0d9412f35), precommit_create {{(pid=102254) _notify_loop /opt/stack/data/venv/lib/python3.12/site-packages/neutron_lib/callbacks/manager.py:184}}
Mar 23 22:18:34.725017 np0000160379 devstack@neutron-api.service[102254]: INFO neutron.db.segments_db [None req-cc238863-935d-482b-82bf-a79f50e03aaf admin admin] Added segment 801c45ea-8a57-455a-a1ef-c7a0d9412f35 of type geneve for network 744875b5-a2eb-4a7d-8308-b57d79f9f497
Mar 23 22:18:34.769116 np0000160379 devstack@neutron-api.service[102254]: DEBUG neutron_lib.callbacks.manager [None req-cc238863-935d-482b-82bf-a79f50e03aaf admin admin] Publish callbacks ['neutron.services.auto_allocate.db._ensure_external_network_default_value_callback-8284841744698'] for network (744875b5-a2eb-4a7d-8308-b57d79f9f497), precommit_create {{(pid=102254) _notify_loop /opt/stack/data/venv/lib/python3.12/site-packages/neutron_lib/callbacks/manager.py:184}}
Mar 23 22:18:34.785135 np0000160379 devstack@neutron-api.service[102254]: DEBUG neutron.plugins.ml2.drivers.ovn.mech_driver.mech_driver [None req-cc238863-935d-482b-82bf-a79f50e03aaf admin admin] Validating network segment with type geneve, segmentation ID 7399, physical network None {{(pid=102254) _validate_network_segments /opt/stack/neutron/neutron/plugins/ml2/drivers/ovn/mech_driver/mech_driver.py:630}}
Mar 23 22:18:34.785241 np0000160379 devstack@neutron-api.service[102254]: DEBUG neutron.db.ovn_revision_numbers_db [None req-cc238863-935d-482b-82bf-a79f50e03aaf admin admin] create_initial_revision uuid=744875b5-a2eb-4a7d-8308-b57d79f9f497, type=networks, rev=-1 {{(pid=102254) create_initial_revision /opt/stack/neutron/neutron/db/ovn_revision_numbers_db.py:98}}
Mar 23 22:18:34.802330 np0000160379 devstack@neutron-api.service[102254]: DEBUG neutron_lib.callbacks.manager [None req-cc238863-935d-482b-82bf-a79f50e03aaf admin admin] Publish callbacks ['neutron.plugins.ml2.ovo_rpc._ObjectChangeHandler.handle_event-2458362'] for network (744875b5-a2eb-4a7d-8308-b57d79f9f497), after_create {{(pid=102254) _notify_loop /opt/stack/data/venv/lib/python3.12/site-packages/neutron_lib/callbacks/manager.py:184}}
Mar 23 22:18:34.849379 np0000160379 devstack@neutron-api.service[102254]: DEBUG neutron.api.rpc.handlers.resources_rpc [None req-cc238863-935d-482b-82bf-a79f50e03aaf admin admin] Pushing event updated for resources: {'Network': ['ID=744875b5-a2eb-4a7d-8308-b57d79f9f497,revision_number=1']} {{(pid=102254) push /opt/stack/neutron/neutron/api/rpc/handlers/resources_rpc.py:237}}
Mar 23 22:18:34.857346 np0000160379 devstack@neutron-api.service[102254]: DEBUG ovsdbapp.backend.ovs_idl.transaction [-] Running txn n=1 command(idx=0): AddNetworkCommand(_result=None, network_uuid=744875b5-a2eb-4a7d-8308-b57d79f9f497, may_exist=True, columns={'external_ids': {'neutron:network_name': 'private', 'neutron:mtu': '1372', 'neutron:revision_number': '1', 'neutron:availability_zone_hints': '', 'neutron:provnet-network-type': 'geneve'}, 'other_config': {'mcast_snoop': 'false', 'mcast_flood_unregistered': 'false', 'vlan-passthru': 'false'}}) {{(pid=102254) do_commit /opt/stack/data/venv/lib/python3.12/site-packages/ovsdbapp/backend/ovs_idl/transaction.py:89}}
Mar 23 22:18:34.858381 np0000160379 devstack@neutron-api.service[102254]: DEBUG neutron.common.ovn.utils [-] OVS persist_uuid supported=True {{(pid=102254) ovs_persist_uuid_supported /opt/stack/neutron/neutron/common/ovn/utils.py:1511}}
Mar 23 22:18:34.863237 np0000160379 devstack@neutron-api.service[102252]: DEBUG neutron.plugins.ml2.drivers.ovn.mech_driver.ovsdb.ovsdb_monitor [-] Hash Ring: Node fc2ba9eebcd05b9ebafb652cfbc9b28a (host: np0000160379) handling event "create" for row 744875b5-a2eb-4a7d-8308-b57d79f9f497 (table: Logical_Switch) {{(pid=102252) notify /opt/stack/neutron/neutron/plugins/ml2/drivers/ovn/mech_driver/ovsdb/ovsdb_monitor.py:906}}
Mar 23 22:18:34.863674 np0000160379 devstack@neutron-api.service[102255]: DEBUG neutron.plugins.ml2.drivers.ovn.mech_driver.ovsdb.ovsdb_monitor [-] Hash Ring: Node f05e263134f456cfae21243de05440a1 (host: np0000160379) handling event "create" for row 744875b5-a2eb-4a7d-8308-b57d79f9f497 (table: Logical_Switch) {{(pid=102255) notify /opt/stack/neutron/neutron/plugins/ml2/drivers/ovn/mech_driver/ovsdb/ovsdb_monitor.py:906}}
Mar 23 22:18:34.868791 np0000160379 devstack@neutron-api.service[102252]: DEBUG neutron.plugins.ml2.drivers.ovn.mech_driver.ovsdb.ovsdb_monitor [-] Hash Ring: Node fc2ba9eebcd05b9ebafb652cfbc9b28a (host: np0000160379) handling event "create" for row bfeae521-e335-4de3-8f2e-2ea4b4d1253c (table: Datapath_Binding) {{(pid=102252) notify /opt/stack/neutron/neutron/plugins/ml2/drivers/ovn/mech_driver/ovsdb/ovsdb_monitor.py:906}}
Mar 23 22:18:34.896166 np0000160379 devstack@neutron-api.service[102254]: INFO neutron.db.ovn_revision_numbers_db [None req-cc238863-935d-482b-82bf-a79f50e03aaf admin admin] Successfully bumped revision number for resource 744875b5-a2eb-4a7d-8308-b57d79f9f497 (type: networks) to 1
Mar 23 22:18:34.957129 np0000160379 devstack@neutron-api.service[102254]: DEBUG neutron_lib.callbacks.manager [None req-cc238863-935d-482b-82bf-a79f50e03aaf admin admin] Publish callbacks ['neutron.plugins.ml2.plugin.SecurityGroupDbMixin._ensure_default_security_group_handler-180504'] for port (None), before_create {{(pid=102254) _notify_loop /opt/stack/data/venv/lib/python3.12/site-packages/neutron_lib/callbacks/manager.py:184}}
Mar 23 22:18:35.056980 np0000160379 devstack@neutron-api.service[102254]: DEBUG neutron_lib.callbacks.manager [None req-cc238863-935d-482b-82bf-a79f50e03aaf admin admin] Publish callbacks ['neutron.plugins.ml2.drivers.ovn.mech_driver.mech_driver.OVNMechanismDriver._validate_allowed_address_pairs-221027'] for allowed_address_pair (d979f943-998a-4fcb-a43c-c73178c3d18b), before_create {{(pid=102254) _notify_loop /opt/stack/data/venv/lib/python3.12/site-packages/neutron_lib/callbacks/manager.py:184}}
Mar 23 22:18:35.057679 np0000160379 devstack@neutron-api.service[102254]: DEBUG neutron_lib.callbacks.manager [None req-cc238863-935d-482b-82bf-a79f50e03aaf admin admin] Publish callbacks [] for port (d979f943-998a-4fcb-a43c-c73178c3d18b), precommit_create {{(pid=102254) _notify_loop /opt/stack/data/venv/lib/python3.12/site-packages/neutron_lib/callbacks/manager.py:184}}
Mar 23 22:18:35.057679 np0000160379 devstack@neutron-api.service[102254]: DEBUG neutron.plugins.ml2.drivers.ovn.mech_driver.mech_driver [None req-cc238863-935d-482b-82bf-a79f50e03aaf admin admin] No provisioning block for port d979f943-998a-4fcb-a43c-c73178c3d18b since it does not have a host {{(pid=102254) _is_port_provisioning_required /opt/stack/neutron/neutron/plugins/ml2/drivers/ovn/mech_driver/mech_driver.py:883}}
Mar 23 22:18:35.057679 np0000160379 devstack@neutron-api.service[102254]: DEBUG neutron.db.ovn_revision_numbers_db [None req-cc238863-935d-482b-82bf-a79f50e03aaf admin admin] create_initial_revision uuid=d979f943-998a-4fcb-a43c-c73178c3d18b, type=ports, rev=-1 {{(pid=102254) create_initial_revision /opt/stack/neutron/neutron/db/ovn_revision_numbers_db.py:98}}
Mar 23 22:18:35.122479 np0000160379 devstack@neutron-api.service[102254]: DEBUG neutron_lib.callbacks.manager [None req-cc238863-935d-482b-82bf-a79f50e03aaf admin admin] Publish callbacks ['neutron.plugins.ml2.ovo_rpc._ObjectChangeHandler.handle_event-2458373'] for port (d979f943-998a-4fcb-a43c-c73178c3d18b), after_create {{(pid=102254) _notify_loop /opt/stack/data/venv/lib/python3.12/site-packages/neutron_lib/callbacks/manager.py:184}}
