Jun 18 01:00:28.740086 np0000181714 devstack@neutron-api.service[107330]: DEBUG neutron_lib.callbacks.manager [None req-733ca107-45ad-4120-af75-f63de0543e19 admin admin] Publish callbacks ['neutron.plugins.ml2.plugin.SecurityGroupDbMixin._ensure_default_security_group_handler-165492'] for network (None), before_create {{(pid=107330) _notify_loop /opt/stack/data/venv/lib/python3.12/site-packages/neutron_lib/callbacks/manager.py:184}}
Jun 18 01:00:28.744557 np0000181714 devstack@neutron-api.service[107330]: DEBUG neutron_lib.callbacks.manager [None req-733ca107-45ad-4120-af75-f63de0543e19 admin admin] Publish callbacks [] for security_group (None), before_create {{(pid=107330) _notify_loop /opt/stack/data/venv/lib/python3.12/site-packages/neutron_lib/callbacks/manager.py:184}}
Jun 18 01:00:28.809354 np0000181714 devstack@neutron-api.service[107330]: DEBUG neutron_lib.callbacks.manager [None req-733ca107-45ad-4120-af75-f63de0543e19 admin admin] Publish callbacks ['neutron.plugins.ml2.drivers.ovn.mech_driver.mech_driver.OVNMechanismDriver._create_security_group_precommit-328963'] for security_group (198c82ac-7076-4010-a9d6-fb4919cafcf6), precommit_create {{(pid=107330) _notify_loop /opt/stack/data/venv/lib/python3.12/site-packages/neutron_lib/callbacks/manager.py:184}}
Jun 18 01:00:28.809563 np0000181714 devstack@neutron-api.service[107330]: DEBUG neutron.db.ovn_revision_numbers_db [None req-733ca107-45ad-4120-af75-f63de0543e19 admin admin] create_initial_revision uuid=198c82ac-7076-4010-a9d6-fb4919cafcf6, type=security_groups, rev=-1 {{(pid=107330) create_initial_revision /opt/stack/neutron/neutron/db/ovn_revision_numbers_db.py:98}}
Jun 18 01:00:28.811051 np0000181714 devstack@neutron-api.service[107330]: DEBUG neutron.db.ovn_revision_numbers_db [None req-733ca107-45ad-4120-af75-f63de0543e19 admin admin] create_initial_revision uuid=123ead9a-9d23-4e04-aaa4-0435e039a790, type=security_group_rules, rev=-1 {{(pid=107330) create_initial_revision /opt/stack/neutron/neutron/db/ovn_revision_numbers_db.py:98}}
Jun 18 01:00:28.812215 np0000181714 devstack@neutron-api.service[107330]: DEBUG neutron.db.ovn_revision_numbers_db [None req-733ca107-45ad-4120-af75-f63de0543e19 admin admin] create_initial_revision uuid=322d84b3-41b5-468b-8b73-77d362ec4f6c, type=security_group_rules, rev=-1 {{(pid=107330) create_initial_revision /opt/stack/neutron/neutron/db/ovn_revision_numbers_db.py:98}}
Jun 18 01:00:28.813444 np0000181714 devstack@neutron-api.service[107330]: DEBUG neutron.db.ovn_revision_numbers_db [None req-733ca107-45ad-4120-af75-f63de0543e19 admin admin] create_initial_revision uuid=66884639-9418-4b34-8924-57e3d23ca73d, type=security_group_rules, rev=-1 {{(pid=107330) create_initial_revision /opt/stack/neutron/neutron/db/ovn_revision_numbers_db.py:98}}
Jun 18 01:00:28.814612 np0000181714 devstack@neutron-api.service[107330]: DEBUG neutron.db.ovn_revision_numbers_db [None req-733ca107-45ad-4120-af75-f63de0543e19 admin admin] create_initial_revision uuid=d0151678-d9e5-4097-8b28-e16762ec400a, type=security_group_rules, rev=-1 {{(pid=107330) create_initial_revision /opt/stack/neutron/neutron/db/ovn_revision_numbers_db.py:98}}
Jun 18 01:00:28.821953 np0000181714 devstack@neutron-api.service[107330]: DEBUG neutron_lib.callbacks.manager [None req-733ca107-45ad-4120-af75-f63de0543e19 admin admin] Publish callbacks ['neutron.plugins.ml2.drivers.ovn.mech_driver.mech_driver.OVNMechanismDriver._create_security_group-328969', 'neutron.plugins.ml2.ovo_rpc._ObjectChangeHandler.handle_event-1742025'] for security_group (198c82ac-7076-4010-a9d6-fb4919cafcf6), after_create {{(pid=107330) _notify_loop /opt/stack/data/venv/lib/python3.12/site-packages/neutron_lib/callbacks/manager.py:184}}
Jun 18 01:00:28.822925 np0000181714 devstack@neutron-api.service[107330]: DEBUG ovsdbapp.backend.ovs_idl.transaction [None req-5d91286e-0944-4942-9ae0-af353e356a52 None None] Running txn n=1 command(idx=0): PgAddCommand(_result=None, name=pg_198c82ac_7076_4010_a9d6_fb4919cafcf6, may_exist=False, columns={'acls': [], 'external_ids': {'neutron:security_group_id': '198c82ac-7076-4010-a9d6-fb4919cafcf6'}}) {{(pid=107330) do_commit /opt/stack/data/venv/lib/python3.12/site-packages/ovsdbapp/backend/ovs_idl/transaction.py:89}}
Jun 18 01:00:28.823548 np0000181714 devstack@neutron-api.service[107330]: DEBUG ovsdbapp.backend.ovs_idl.transaction [None req-5d91286e-0944-4942-9ae0-af353e356a52 None None] Running txn n=1 command(idx=1): PgAclAddCommand(_result=None, entity=pg_198c82ac_7076_4010_a9d6_fb4919cafcf6, direction=from-lport, priority=1002, match=inport == @pg_198c82ac_7076_4010_a9d6_fb4919cafcf6 && ip4, action=allow-related, log=False, may_exist=True, severity=[], name=[], meter=[], external_ids={'neutron:security_group_rule_id': '123ead9a-9d23-4e04-aaa4-0435e039a790'}) {{(pid=107330) do_commit /opt/stack/data/venv/lib/python3.12/site-packages/ovsdbapp/backend/ovs_idl/transaction.py:89}}
Jun 18 01:00:28.824234 np0000181714 devstack@neutron-api.service[107330]: DEBUG ovsdbapp.backend.ovs_idl.transaction [None req-5d91286e-0944-4942-9ae0-af353e356a52 None None] Running txn n=1 command(idx=2): PgAclAddCommand(_result=None, entity=pg_198c82ac_7076_4010_a9d6_fb4919cafcf6, direction=from-lport, priority=1002, match=inport == @pg_198c82ac_7076_4010_a9d6_fb4919cafcf6 && ip6, action=allow-related, log=False, may_exist=True, severity=[], name=[], meter=[], external_ids={'neutron:security_group_rule_id': '322d84b3-41b5-468b-8b73-77d362ec4f6c'}) {{(pid=107330) do_commit /opt/stack/data/venv/lib/python3.12/site-packages/ovsdbapp/backend/ovs_idl/transaction.py:89}}
Jun 18 01:00:28.824751 np0000181714 devstack@neutron-api.service[107330]: DEBUG ovsdbapp.backend.ovs_idl.transaction [None req-5d91286e-0944-4942-9ae0-af353e356a52 None None] Running txn n=1 command(idx=3): PgAclAddCommand(_result=None, entity=pg_198c82ac_7076_4010_a9d6_fb4919cafcf6, direction=to-lport, priority=1002, match=outport == @pg_198c82ac_7076_4010_a9d6_fb4919cafcf6 && ip4 && ip4.src == $pg_198c82ac_7076_4010_a9d6_fb4919cafcf6_ip4, action=allow-related, log=False, may_exist=True, severity=[], name=[], meter=[], external_ids={'neutron:security_group_rule_id': '66884639-9418-4b34-8924-57e3d23ca73d'}) {{(pid=107330) do_commit /opt/stack/data/venv/lib/python3.12/site-packages/ovsdbapp/backend/ovs_idl/transaction.py:89}}
Jun 18 01:00:28.825290 np0000181714 devstack@neutron-api.service[107330]: DEBUG ovsdbapp.backend.ovs_idl.transaction [None req-5d91286e-0944-4942-9ae0-af353e356a52 None None] Running txn n=1 command(idx=4): PgAclAddCommand(_result=None, entity=pg_198c82ac_7076_4010_a9d6_fb4919cafcf6, direction=to-lport, priority=1002, match=outport == @pg_198c82ac_7076_4010_a9d6_fb4919cafcf6 && ip6 && ip6.src == $pg_198c82ac_7076_4010_a9d6_fb4919cafcf6_ip6, action=allow-related, log=False, may_exist=True, severity=[], name=[], meter=[], external_ids={'neutron:security_group_rule_id': 'd0151678-d9e5-4097-8b28-e16762ec400a'}) {{(pid=107330) do_commit /opt/stack/data/venv/lib/python3.12/site-packages/ovsdbapp/backend/ovs_idl/transaction.py:89}}
Jun 18 01:00:28.843179 np0000181714 devstack@neutron-api.service[107330]: DEBUG neutron.common.ovn.hash_ring_manager [None req-5d91286e-0944-4942-9ae0-af353e356a52 None None] Hash Ring loaded. 4 active nodes. 0 offline nodes {{(pid=107330) _load_hash_ring /opt/stack/neutron/neutron/common/ovn/hash_ring_manager.py:110}}
Jun 18 01:00:28.843245 np0000181714 devstack@neutron-api.service[107328]: DEBUG neutron.common.ovn.hash_ring_manager [None req-9680a1a0-3492-4342-b963-45149d329a72 None None] Hash Ring loaded. 4 active nodes. 0 offline nodes {{(pid=107328) _load_hash_ring /opt/stack/neutron/neutron/common/ovn/hash_ring_manager.py:110}}
Jun 18 01:00:28.843466 np0000181714 devstack@neutron-api.service[107330]: DEBUG neutron.plugins.ml2.drivers.ovn.mech_driver.ovsdb.ovsdb_monitor [None req-5d91286e-0944-4942-9ae0-af353e356a52 None None] Hash Ring: Node 8248c98fb39854209d750a8368ae8b46 (host: np0000181714) handling event "create" for row 0f9d70f3-7d8e-4a1a-9964-4248866e5f1d (table: ACL) {{(pid=107330) notify /opt/stack/neutron/neutron/plugins/ml2/drivers/ovn/mech_driver/ovsdb/ovsdb_monitor.py:1015}}
Jun 18 01:00:28.843736 np0000181714 devstack@neutron-api.service[107328]: DEBUG neutron.plugins.ml2.drivers.ovn.mech_driver.ovsdb.ovsdb_monitor [None req-9680a1a0-3492-4342-b963-45149d329a72 None None] Hash Ring: Node 569baba24fe657bc88715a33a92b9966 (host: np0000181714) handling event "create" for row 5cab8df0-6563-42c4-b882-acf01b04211f (table: ACL) {{(pid=107328) notify /opt/stack/neutron/neutron/plugins/ml2/drivers/ovn/mech_driver/ovsdb/ovsdb_monitor.py:1015}}
Jun 18 01:00:28.843785 np0000181714 devstack@neutron-api.service[107330]: DEBUG neutron.plugins.ml2.drivers.ovn.mech_driver.ovsdb.ovsdb_monitor [None req-5d91286e-0944-4942-9ae0-af353e356a52 None None] Hash Ring: Node 8248c98fb39854209d750a8368ae8b46 (host: np0000181714) handling event "create" for row 2c72484b-016a-47c2-a090-7f9eae387181 (table: ACL) {{(pid=107330) notify /opt/stack/neutron/neutron/plugins/ml2/drivers/ovn/mech_driver/ovsdb/ovsdb_monitor.py:1015}}
Jun 18 01:00:28.843785 np0000181714 devstack@neutron-api.service[107330]: DEBUG neutron.plugins.ml2.drivers.ovn.mech_driver.ovsdb.ovsdb_monitor [None req-5d91286e-0944-4942-9ae0-af353e356a52 None None] Hash Ring: Node 8248c98fb39854209d750a8368ae8b46 (host: np0000181714) handling event "create" for row 79d97bdb-0c45-4c62-bd3d-6f5187c1c71b (table: ACL) {{(pid=107330) notify /opt/stack/neutron/neutron/plugins/ml2/drivers/ovn/mech_driver/ovsdb/ovsdb_monitor.py:1015}}
Jun 18 01:00:28.844282 np0000181714 devstack@neutron-api.service[107327]: DEBUG neutron.common.ovn.hash_ring_manager [None req-5fca9446-71ca-4036-85de-c6d94ccdc317 None None] Hash Ring loaded. 4 active nodes. 0 offline nodes {{(pid=107327) _load_hash_ring /opt/stack/neutron/neutron/common/ovn/hash_ring_manager.py:110}}
Jun 18 01:00:28.844593 np0000181714 devstack@neutron-api.service[107327]: DEBUG neutron.plugins.ml2.drivers.ovn.mech_driver.ovsdb.ovsdb_monitor [None req-5fca9446-71ca-4036-85de-c6d94ccdc317 None None] Hash Ring: Node 22bf1ad4c1ca5435be5fada9bedde357 (host: np0000181714) handling event "create" for row a537b077-b477-4d2c-ab9e-12e3c8d51d86 (table: Port_Group) {{(pid=107327) notify /opt/stack/neutron/neutron/plugins/ml2/drivers/ovn/mech_driver/ovsdb/ovsdb_monitor.py:1015}}
Jun 18 01:00:28.846584 np0000181714 devstack@neutron-api.service[107329]: DEBUG neutron.common.ovn.hash_ring_manager [None req-b44b5f49-969d-4387-ae9a-ebcedd505d13 None None] Hash Ring loaded. 4 active nodes. 0 offline nodes {{(pid=107329) _load_hash_ring /opt/stack/neutron/neutron/common/ovn/hash_ring_manager.py:110}}
Jun 18 01:00:28.863093 np0000181714 devstack@neutron-api.service[107330]: INFO neutron.db.ovn_revision_numbers_db [None req-733ca107-45ad-4120-af75-f63de0543e19 admin admin] Successfully bumped revision number for resource 198c82ac-7076-4010-a9d6-fb4919cafcf6 (type: security_groups) to 1
Jun 18 01:00:28.876699 np0000181714 devstack@neutron-api.service[107330]: INFO neutron.db.ovn_revision_numbers_db [None req-733ca107-45ad-4120-af75-f63de0543e19 admin admin] Successfully bumped revision number for resource 123ead9a-9d23-4e04-aaa4-0435e039a790 (type: security_group_rules) to 0
Jun 18 01:00:28.890725 np0000181714 devstack@neutron-api.service[107330]: INFO neutron.db.ovn_revision_numbers_db [None req-733ca107-45ad-4120-af75-f63de0543e19 admin admin] Successfully bumped revision number for resource 322d84b3-41b5-468b-8b73-77d362ec4f6c (type: security_group_rules) to 0
Jun 18 01:00:28.904817 np0000181714 devstack@neutron-api.service[107330]: INFO neutron.db.ovn_revision_numbers_db [None req-733ca107-45ad-4120-af75-f63de0543e19 admin admin] Successfully bumped revision number for resource 66884639-9418-4b34-8924-57e3d23ca73d (type: security_group_rules) to 0
Jun 18 01:00:28.921952 np0000181714 devstack@neutron-api.service[107330]: INFO neutron.db.ovn_revision_numbers_db [None req-733ca107-45ad-4120-af75-f63de0543e19 admin admin] Successfully bumped revision number for resource d0151678-d9e5-4097-8b28-e16762ec400a (type: security_group_rules) to 0
Jun 18 01:00:28.946871 np0000181714 devstack@neutron-api.service[107330]: DEBUG neutron.api.rpc.handlers.resources_rpc [None req-733ca107-45ad-4120-af75-f63de0543e19 admin admin] Pushing event updated for resources: {'SecurityGroup': ['ID=198c82ac-7076-4010-a9d6-fb4919cafcf6,revision_number=1']} {{(pid=107330) push /opt/stack/neutron/neutron/api/rpc/handlers/resources_rpc.py:237}}
Jun 18 01:00:28.952505 np0000181714 devstack@neutron-api.service[107330]: DEBUG ovsdbapp.backend.ovs_idl.transaction [None req-5d91286e-0944-4942-9ae0-af353e356a52 None None] Running txn n=1 command(idx=0): CheckLivenessCommand(_result=None) {{(pid=107330) do_commit /opt/stack/data/venv/lib/python3.12/site-packages/ovsdbapp/backend/ovs_idl/transaction.py:89}}
Jun 18 01:00:28.958781 np0000181714 devstack@neutron-api.service[107328]: DEBUG neutron.plugins.ml2.drivers.ovn.mech_driver.ovsdb.ovsdb_monitor [None req-9680a1a0-3492-4342-b963-45149d329a72 None None] Hash Ring: Node 569baba24fe657bc88715a33a92b9966 (host: np0000181714) handling event "update" for row ed05f82c-7a63-4e68-b4e2-df7e75aed898 (table: NB_Global) {{(pid=107328) notify /opt/stack/neutron/neutron/plugins/ml2/drivers/ovn/mech_driver/ovsdb/ovsdb_monitor.py:1015}}
Jun 18 01:00:28.960342 np0000181714 devstack@neutron-api.service[107328]: DEBUG neutron.plugins.ml2.drivers.ovn.mech_driver.ovsdb.ovsdb_monitor [None req-9680a1a0-3492-4342-b963-45149d329a72 None None] Hash Ring: Node 569baba24fe657bc88715a33a92b9966 (host: np0000181714) handling event "update" for row ed05f82c-7a63-4e68-b4e2-df7e75aed898 (table: NB_Global) {{(pid=107328) notify /opt/stack/neutron/neutron/plugins/ml2/drivers/ovn/mech_driver/ovsdb/ovsdb_monitor.py:1015}}
Jun 18 01:00:28.961347 np0000181714 devstack@neutron-api.service[107327]: DEBUG neutron.plugins.ml2.drivers.ovn.mech_driver.ovsdb.ovsdb_monitor [None req-f939992e-24ef-44ca-a469-0c53e51ebecc None None] ChassisAgentWriteEvent : Matched Chassis_Private, update, None None {{(pid=107327) matches /opt/stack/neutron/neutron/plugins/ml2/drivers/ovn/mech_driver/ovsdb/ovsdb_monitor.py:64}}
Jun 18 01:00:28.962122 np0000181714 devstack@neutron-api.service[107328]: DEBUG neutron.plugins.ml2.drivers.ovn.mech_driver.ovsdb.ovsdb_monitor [None req-9680a1a0-3492-4342-b963-45149d329a72 None None] Hash Ring: Node 569baba24fe657bc88715a33a92b9966 (host: np0000181714) handling event "update" for row ed05f82c-7a63-4e68-b4e2-df7e75aed898 (table: NB_Global) {{(pid=107328) notify /opt/stack/neutron/neutron/plugins/ml2/drivers/ovn/mech_driver/ovsdb/ovsdb_monitor.py:1015}}
Jun 18 01:00:28.963072 np0000181714 devstack@neutron-api.service[107329]: DEBUG neutron.plugins.ml2.drivers.ovn.mech_driver.ovsdb.ovsdb_monitor [None req-d225300c-751c-4cc6-aabb-336129c8f7de None None] ChassisAgentWriteEvent : Matched Chassis_Private, update, None None {{(pid=107329) matches /opt/stack/neutron/neutron/plugins/ml2/drivers/ovn/mech_driver/ovsdb/ovsdb_monitor.py:64}}
Jun 18 01:00:28.964019 np0000181714 devstack@neutron-api.service[107328]: DEBUG neutron.plugins.ml2.drivers.ovn.mech_driver.ovsdb.ovsdb_monitor [None req-2d16d250-8336-445e-a1ab-00b8bdea6cda None None] ChassisAgentWriteEvent : Matched Chassis_Private, update, None None {{(pid=107328) matches /opt/stack/neutron/neutron/plugins/ml2/drivers/ovn/mech_driver/ovsdb/ovsdb_monitor.py:64}}
Jun 18 01:00:28.964744 np0000181714 devstack@neutron-api.service[107330]: DEBUG neutron.plugins.ml2.drivers.ovn.mech_driver.ovsdb.ovsdb_monitor [None req-ef1f9076-a26c-439e-b466-f9260509a8fc None None] ChassisAgentWriteEvent : Matched Chassis_Private, update, None None {{(pid=107330) matches /opt/stack/neutron/neutron/plugins/ml2/drivers/ovn/mech_driver/ovsdb/ovsdb_monitor.py:64}}
Jun 18 01:00:28.969239 np0000181714 devstack@neutron-api.service[107328]: DEBUG neutron.plugins.ml2.drivers.ovn.mech_driver.ovsdb.ovsdb_monitor [None req-9680a1a0-3492-4342-b963-45149d329a72 None None] Hash Ring: Node 569baba24fe657bc88715a33a92b9966 (host: np0000181714) handling event "update" for row ed05f82c-7a63-4e68-b4e2-df7e75aed898 (table: NB_Global) {{(pid=107328) notify /opt/stack/neutron/neutron/plugins/ml2/drivers/ovn/mech_driver/ovsdb/ovsdb_monitor.py:1015}}
Jun 18 01:00:28.972290 np0000181714 devstack@neutron-api.service[107327]: DEBUG neutron.common.ovn.hash_ring_manager [None req-f939992e-24ef-44ca-a469-0c53e51ebecc None None] Hash Ring loaded. 4 active nodes. 0 offline nodes {{(pid=107327) _load_hash_ring /opt/stack/neutron/neutron/common/ovn/hash_ring_manager.py:110}}
Jun 18 01:00:28.973338 np0000181714 devstack@neutron-api.service[107329]: DEBUG neutron.common.ovn.hash_ring_manager [None req-d225300c-751c-4cc6-aabb-336129c8f7de None None] Hash Ring loaded. 4 active nodes. 0 offline nodes {{(pid=107329) _load_hash_ring /opt/stack/neutron/neutron/common/ovn/hash_ring_manager.py:110}}
Jun 18 01:00:28.973882 np0000181714 devstack@neutron-api.service[107328]: DEBUG neutron.common.ovn.hash_ring_manager [None req-2d16d250-8336-445e-a1ab-00b8bdea6cda None None] Hash Ring loaded. 4 active nodes. 0 offline nodes {{(pid=107328) _load_hash_ring /opt/stack/neutron/neutron/common/ovn/hash_ring_manager.py:110}}
Jun 18 01:00:28.978667 np0000181714 devstack@neutron-api.service[107330]: DEBUG neutron.common.ovn.hash_ring_manager [None req-ef1f9076-a26c-439e-b466-f9260509a8fc None None] Hash Ring loaded. 4 active nodes. 0 offline nodes {{(pid=107330) _load_hash_ring /opt/stack/neutron/neutron/common/ovn/hash_ring_manager.py:110}}
Jun 18 01:00:28.979073 np0000181714 devstack@neutron-api.service[107330]: DEBUG neutron.plugins.ml2.drivers.ovn.mech_driver.ovsdb.ovsdb_monitor [None req-ef1f9076-a26c-439e-b466-f9260509a8fc None None] Hash Ring: Node 8248c98fb39854209d750a8368ae8b46 (host: np0000181714) handling event "update" for row f20906e6-23ce-4551-840e-1ec76471ebef (table: Chassis_Private) {{(pid=107330) notify /opt/stack/neutron/neutron/plugins/ml2/drivers/ovn/mech_driver/ovsdb/ovsdb_monitor.py:1015}}
Jun 18 01:00:29.011756 np0000181714 devstack@neutron-api.service[107330]: DEBUG neutron.plugins.ml2.drivers.helpers [None req-733ca107-45ad-4120-af75-f63de0543e19 admin admin] geneve segment allocate from pool success with {'geneve_vni': 63918} {{(pid=107330) allocate_partially_specified_segment /opt/stack/neutron/neutron/plugins/ml2/drivers/helpers.py:142}}
Jun 18 01:00:29.020285 np0000181714 devstack@neutron-api.service[107330]: DEBUG neutron_lib.callbacks.manager [None req-733ca107-45ad-4120-af75-f63de0543e19 admin admin] Publish callbacks ['neutron.services.segments.db._add_segment_host_mapping_for_segment-8496867146816', 'neutron.plugins.ml2.plugin.Ml2Plugin._handle_segment_change-8321216'] for segment (0a9444a1-67ae-4f77-a9fc-5f8e16177d64), precommit_create {{(pid=107330) _notify_loop /opt/stack/data/venv/lib/python3.12/site-packages/neutron_lib/callbacks/manager.py:184}}
Jun 18 01:00:29.020458 np0000181714 devstack@neutron-api.service[107330]: INFO neutron.db.segments_db [None req-733ca107-45ad-4120-af75-f63de0543e19 admin admin] Added segment 0a9444a1-67ae-4f77-a9fc-5f8e16177d64 of type geneve for network 2542dd22-6440-4c46-9da7-05746f9b45ea
Jun 18 01:00:29.032806 np0000181714 devstack@neutron-api.service[107330]: DEBUG neutron_lib.callbacks.manager [None req-733ca107-45ad-4120-af75-f63de0543e19 admin admin] Publish callbacks ['neutron.services.auto_allocate.db._ensure_external_network_default_value_callback-8496864535372'] for network (2542dd22-6440-4c46-9da7-05746f9b45ea), precommit_create {{(pid=107330) _notify_loop /opt/stack/data/venv/lib/python3.12/site-packages/neutron_lib/callbacks/manager.py:184}}
Jun 18 01:00:29.043106 np0000181714 devstack@neutron-api.service[107330]: DEBUG neutron.plugins.ml2.drivers.ovn.mech_driver.mech_driver [None req-733ca107-45ad-4120-af75-f63de0543e19 admin admin] Validating network segment with type geneve, segmentation ID 63918, physical network None {{(pid=107330) _validate_network_segments /opt/stack/neutron/neutron/plugins/ml2/drivers/ovn/mech_driver/mech_driver.py:643}}
Jun 18 01:00:29.043336 np0000181714 devstack@neutron-api.service[107330]: DEBUG neutron.db.ovn_revision_numbers_db [None req-733ca107-45ad-4120-af75-f63de0543e19 admin admin] create_initial_revision uuid=2542dd22-6440-4c46-9da7-05746f9b45ea, type=networks, rev=-1 {{(pid=107330) create_initial_revision /opt/stack/neutron/neutron/db/ovn_revision_numbers_db.py:98}}
Jun 18 01:00:29.063731 np0000181714 devstack@neutron-api.service[107330]: DEBUG neutron_lib.callbacks.manager [None req-733ca107-45ad-4120-af75-f63de0543e19 admin admin] Publish callbacks ['neutron.plugins.ml2.ovo_rpc._ObjectChangeHandler.handle_event-1742069'] for network (2542dd22-6440-4c46-9da7-05746f9b45ea), after_create {{(pid=107330) _notify_loop /opt/stack/data/venv/lib/python3.12/site-packages/neutron_lib/callbacks/manager.py:184}}
Jun 18 01:00:29.088412 np0000181714 devstack@neutron-api.service[107330]: DEBUG neutron.api.rpc.handlers.resources_rpc [None req-733ca107-45ad-4120-af75-f63de0543e19 admin admin] Pushing event updated for resources: {'Network': ['ID=2542dd22-6440-4c46-9da7-05746f9b45ea,revision_number=1']} {{(pid=107330) push /opt/stack/neutron/neutron/api/rpc/handlers/resources_rpc.py:237}}
Jun 18 01:00:29.097498 np0000181714 devstack@neutron-api.service[107330]: DEBUG ovsdbapp.backend.ovs_idl.transaction [None req-5d91286e-0944-4942-9ae0-af353e356a52 None None] Running txn n=1 command(idx=0): AddNetworkCommand(_result=None, network_uuid=2542dd22-6440-4c46-9da7-05746f9b45ea, may_exist=True, columns={'external_ids': {'neutron:network_name': 'admin_net', 'neutron:mtu': '1372', 'neutron:revision_number': '1', 'neutron:availability_zone_hints': '', 'neutron:provnet-network-type': 'geneve'}, 'other_config': {'mcast_snoop': 'false', 'mcast_flood_unregistered': 'false', 'vlan-passthru': 'false'}}) {{(pid=107330) do_commit /opt/stack/data/venv/lib/python3.12/site-packages/ovsdbapp/backend/ovs_idl/transaction.py:89}}
Jun 18 01:00:29.103416 np0000181714 devstack@neutron-api.service[107327]: DEBUG neutron.plugins.ml2.drivers.ovn.mech_driver.ovsdb.ovsdb_monitor [None req-5fca9446-71ca-4036-85de-c6d94ccdc317 None None] Hash Ring: Node 22bf1ad4c1ca5435be5fada9bedde357 (host: np0000181714) handling event "create" for row 2542dd22-6440-4c46-9da7-05746f9b45ea (table: Logical_Switch) {{(pid=107327) notify /opt/stack/neutron/neutron/plugins/ml2/drivers/ovn/mech_driver/ovsdb/ovsdb_monitor.py:1015}}
Jun 18 01:00:29.105990 np0000181714 devstack@neutron-api.service[107327]: DEBUG neutron.plugins.ml2.drivers.ovn.mech_driver.ovsdb.ovsdb_monitor [None req-f939992e-24ef-44ca-a469-0c53e51ebecc None None] Hash Ring: Node 22bf1ad4c1ca5435be5fada9bedde357 (host: np0000181714) handling event "create" for row 05a6f00b-5b0a-4558-a578-20ca427125ad (table: Datapath_Binding) {{(pid=107327) notify /opt/stack/neutron/neutron/plugins/ml2/drivers/ovn/mech_driver/ovsdb/ovsdb_monitor.py:1015}}
Jun 18 01:00:29.124961 np0000181714 devstack@neutron-api.service[107330]: INFO neutron.db.ovn_revision_numbers_db [None req-733ca107-45ad-4120-af75-f63de0543e19 admin admin] Successfully bumped revision number for resource 2542dd22-6440-4c46-9da7-05746f9b45ea (type: networks) to 1
Jun 18 01:00:29.139343 np0000181714 devstack@neutron-api.service[107330]: DEBUG neutron_lib.callbacks.manager [None req-733ca107-45ad-4120-af75-f63de0543e19 admin admin] Publish callbacks ['neutron.plugins.ml2.plugin.SecurityGroupDbMixin._ensure_default_security_group_handler-165492'] for port (None), before_create {{(pid=107330) _notify_loop /opt/stack/data/venv/lib/python3.12/site-packages/neutron_lib/callbacks/manager.py:184}}
Jun 18 01:00:29.209559 np0000181714 devstack@neutron-api.service[107330]: DEBUG neutron_lib.callbacks.manager [None req-733ca107-45ad-4120-af75-f63de0543e19 admin admin] Publish callbacks ['neutron.plugins.ml2.drivers.ovn.mech_driver.mech_driver.OVNMechanismDriver._validate_allowed_address_pairs-329147'] for allowed_address_pair (5d8f1847-a6ba-45a6-8962-cb312ad0d170), before_create {{(pid=107330) _notify_loop /opt/stack/data/venv/lib/python3.12/site-packages/neutron_lib/callbacks/manager.py:184}}
Jun 18 01:00:29.210353 np0000181714 devstack@neutron-api.service[107330]: DEBUG neutron_lib.callbacks.manager [None req-733ca107-45ad-4120-af75-f63de0543e19 admin admin] Publish callbacks [] for port (5d8f1847-a6ba-45a6-8962-cb312ad0d170), precommit_create {{(pid=107330) _notify_loop /opt/stack/data/venv/lib/python3.12/site-packages/neutron_lib/callbacks/manager.py:184}}
Jun 18 01:00:29.210566 np0000181714 devstack@neutron-api.service[107330]: DEBUG neutron.plugins.ml2.drivers.ovn.mech_driver.mech_driver [None req-733ca107-45ad-4120-af75-f63de0543e19 admin admin] No provisioning block for port 5d8f1847-a6ba-45a6-8962-cb312ad0d170 since it does not have a host {{(pid=107330) _is_port_provisioning_required /opt/stack/neutron/neutron/plugins/ml2/drivers/ovn/mech_driver/mech_driver.py:896}}
Jun 18 01:00:29.210736 np0000181714 devstack@neutron-api.service[107330]: DEBUG neutron.db.ovn_revision_numbers_db [None req-733ca107-45ad-4120-af75-f63de0543e19 admin admin] create_initial_revision uuid=5d8f1847-a6ba-45a6-8962-cb312ad0d170, type=ports, rev=-1 {{(pid=107330) create_initial_revision /opt/stack/neutron/neutron/db/ovn_revision_numbers_db.py:98}}
Jun 18 01:00:29.243159 np0000181714 devstack@neutron-api.service[107330]: DEBUG neutron_lib.callbacks.manager [None req-733ca107-45ad-4120-af75-f63de0543e19 admin admin] Publish callbacks ['neutron.plugins.ml2.ovo_rpc._ObjectChangeHandler.handle_event-1742072'] for port (5d8f1847-a6ba-45a6-8962-cb312ad0d170), after_create {{(pid=107330) _notify_loop /opt/stack/data/venv/lib/python3.12/site-packages/neutron_lib/callbacks/manager.py:184}}
Jun 18 01:00:29.276665 np0000181714 devstack@neutron-api.service[107330]: DEBUG neutron.api.rpc.handlers.resources_rpc [None req-733ca107-45ad-4120-af75-f63de0543e19 admin admin] Pushing event updated for resources: {'Port': ['ID=5d8f1847-a6ba-45a6-8962-cb312ad0d170,revision_number=1']} {{(pid=107330) push /opt/stack/neutron/neutron/api/rpc/handlers/resources_rpc.py:237}}
Jun 18 01:00:29.282838 np0000181714 devstack@neutron-api.service[107330]: DEBUG neutron.plugins.ml2.drivers.ovn.mech_driver.ovsdb.commands [None req-733ca107-45ad-4120-af75-f63de0543e19 admin admin] Converting tag [] to a tag_request {{(pid=107330) _tag_column_to_tag_request /opt/stack/neutron/neutron/plugins/ml2/drivers/ovn/mech_driver/ovsdb/commands.py:205}}
Jun 18 01:00:29.284023 np0000181714 devstack@neutron-api.service[107330]: DEBUG ovsdbapp.backend.ovs_idl.transaction [None req-5d91286e-0944-4942-9ae0-af353e356a52 None None] Running txn n=1 command(idx=0): AddLSwitchPortCommand(_result=None, lport=5d8f1847-a6ba-45a6-8962-cb312ad0d170, lswitch=neutron-2542dd22-6440-4c46-9da7-05746f9b45ea, may_exist=True, network_uuid=2542dd22-6440-4c46-9da7-05746f9b45ea, columns={'addresses': ['fa:16:3e:b3:5d:c9'], 'external_ids': {'neutron:port_name': '', 'neutron:device_id': 'ovnmeta-2542dd22-6440-4c46-9da7-05746f9b45ea', 'neutron:project_id': '81918ced15854f84a59e02f2430f163f', 'neutron:cidrs': '', 'neutron:device_owner': 'network:distributed', 'neutron:subnet_pool_addr_scope4': '', 'neutron:subnet_pool_addr_scope6': '', 'neutron:network_name': 'neutron-2542dd22-6440-4c46-9da7-05746f9b45ea', 'neutron:security_group_ids': '', 'neutron:revision_number': '1', 'neutron:vnic_type': 'normal', 'neutron:port_capabilities': '', 'neutron:mtu': '1372'}, 'parent_name': [], 'enabled': True, 'options': {}, 'type': 'localport', 'port_security': [], 'dhcpv4_options': [], 'dhcpv6_options': [], 'tag_request': []}) {{(pid=107330) do_commit /opt/stack/data/venv/lib/python3.12/site-packages/ovsdbapp/backend/ovs_idl/transaction.py:89}}
Jun 18 01:00:29.285011 np0000181714 devstack@neutron-api.service[107330]: DEBUG ovsdbapp.backend.ovs_idl.transaction [None req-5d91286e-0944-4942-9ae0-af353e356a52 None None] Running txn n=1 command(idx=1): QoSDelCommand(_result=None, switch=neutron-2542dd22-6440-4c46-9da7-05746f9b45ea, conditions=[('direction', '=', 'to-lport'), ('priority', '=', 2002), ('match', '=', 'outport == "5d8f1847-a6ba-45a6-8962-cb312ad0d170"')], if_exists=True) {{(pid=107330) do_commit /opt/stack/data/venv/lib/python3.12/site-packages/ovsdbapp/backend/ovs_idl/transaction.py:89}}
Jun 18 01:00:29.285372 np0000181714 devstack@neutron-api.service[107330]: DEBUG ovsdbapp.backend.ovs_idl.transaction [None req-5d91286e-0944-4942-9ae0-af353e356a52 None None] Running txn n=1 command(idx=2): QoSDelCommand(_result=None, switch=neutron-2542dd22-6440-4c46-9da7-05746f9b45ea, conditions=[('direction', '=', 'from-lport'), ('priority', '=', 2002), ('match', '=', 'inport == "5d8f1847-a6ba-45a6-8962-cb312ad0d170"')], if_exists=True) {{(pid=107330) do_commit /opt/stack/data/venv/lib/python3.12/site-packages/ovsdbapp/backend/ovs_idl/transaction.py:89}}
Jun 18 01:00:29.292016 np0000181714 devstack@neutron-api.service[107327]: DEBUG neutron.plugins.ml2.drivers.ovn.mech_driver.ovsdb.ovsdb_monitor [None req-5fca9446-71ca-4036-85de-c6d94ccdc317 None None] Hash Ring: Node 22bf1ad4c1ca5435be5fada9bedde357 (host: np0000181714) handling event "update" for row 2542dd22-6440-4c46-9da7-05746f9b45ea (table: Logical_Switch) {{(pid=107327) notify /opt/stack/neutron/neutron/plugins/ml2/drivers/ovn/mech_driver/ovsdb/ovsdb_monitor.py:1015}}
Jun 18 01:00:29.293869 np0000181714 devstack@neutron-api.service[107328]: DEBUG neutron.plugins.ml2.drivers.ovn.mech_driver.ovsdb.ovsdb_monitor [None req-9680a1a0-3492-4342-b963-45149d329a72 None None] Touching Hash Ring node "569baba24fe657bc88715a33a92b9966" from IDL notify handler {{(pid=107328) notify /opt/stack/neutron/neutron/plugins/ml2/drivers/ovn/mech_driver/ovsdb/ovsdb_monitor.py:1007}}
Jun 18 01:00:29.299166 np0000181714 devstack@neutron-api.service[107330]: DEBUG neutron.plugins.ml2.drivers.ovn.mech_driver.ovsdb.ovsdb_monitor [None req-ef1f9076-a26c-439e-b466-f9260509a8fc None None] Hash Ring: Node 8248c98fb39854209d750a8368ae8b46 (host: np0000181714) handling event "create" for row ea6a8966-967a-4e4d-807d-b1c25531edbb (table: Port_Binding) {{(pid=107330) notify /opt/stack/neutron/neutron/plugins/ml2/drivers/ovn/mech_driver/ovsdb/ovsdb_monitor.py:1015}}
Jun 18 01:00:29.305099 np0000181714 devstack@neutron-api.service[107328]: DEBUG neutron.plugins.ml2.drivers.ovn.mech_driver.ovsdb.ovsdb_monitor [None req-9680a1a0-3492-4342-b963-45149d329a72 None None] Hash Ring: Node 569baba24fe657bc88715a33a92b9966 (host: np0000181714) handling event "create" for row 43e1ce5b-6c78-47c3-bb17-4db2250de3b4 (table: Logical_Switch_Port) {{(pid=107328) notify /opt/stack/neutron/neutron/plugins/ml2/drivers/ovn/mech_driver/ovsdb/ovsdb_monitor.py:1015}}
Jun 18 01:00:29.306156 np0000181714 devstack@neutron-api.service[107328]: DEBUG ovsdbapp.backend.ovs_idl.event [None req-9680a1a0-3492-4342-b963-45149d329a72 None None] Matched CREATE: LogicalSwitchPortCreateEvent(events=('create',), table='Logical_Switch_Port', conditions=[], old_conditions=None), priority=20 to row=Logical_Switch_Port(uuid=43e1ce5b-6c78-47c3-bb17-4db2250de3b4, addresses=['fa:16:3e:b3:5d:c9'], dhcpv4_options=[], dhcpv6_options=[], dynamic_addresses=[], enabled=True, external_ids={'neutron:cidrs': '', 'neutron:device_id': 'ovnmeta-2542dd22-6440-4c46-9da7-05746f9b45ea', 'neutron:device_owner': 'network:distributed', 'neutron:mtu': '1372', 'neutron:network_name': 'neutron-2542dd22-6440-4c46-9da7-05746f9b45ea', 'neutron:port_capabilities': '', 'neutron:port_name': '', 'neutron:project_id': '81918ced15854f84a59e02f2430f163f', 'neutron:revision_number': '1', 'neutron:security_group_ids': '', 'neutron:subnet_pool_addr_scope4': '', 'neutron:subnet_pool_addr_scope6': '', 'neutron:vnic_type': 'normal'}, ha_chassis_group=[], mirror_rules=[], name='5d8f1847-a6ba-45a6-8962-cb312ad0d170', options={}, parent_name=[], port_security=[], tag=[], tag_request=[], type='localport', up=[]) old= {{(pid=107328) matches /opt/stack/data/venv/lib/python3.12/site-packages/ovsdbapp/backend/ovs_idl/event.py:55}}
Jun 18 01:00:29.307147 np0000181714 devstack@neutron-api.service[107328]: INFO neutron.plugins.ml2.drivers.ovn.mech_driver.mech_driver [None req-5c4f2c28-d55d-4998-999b-56dd767e08e4 None None] OVN reports status down for port: 5d8f1847-a6ba-45a6-8962-cb312ad0d170
Jun 18 01:00:29.308920 np0000181714 devstack@neutron-api.service[107328]: DEBUG neutron.plugins.ml2.drivers.ovn.mech_driver.ovsdb.ovsdb_monitor [None req-9680a1a0-3492-4342-b963-45149d329a72 None None] Touching Hash Ring node "569baba24fe657bc88715a33a92b9966" from IDL notify handler {{(pid=107328) notify /opt/stack/neutron/neutron/plugins/ml2/drivers/ovn/mech_driver/ovsdb/ovsdb_monitor.py:1007}}
Jun 18 01:00:29.312566 np0000181714 devstack@neutron-api.service[107328]: DEBUG neutron.plugins.ml2.drivers.ovn.mech_driver.ovsdb.ovsdb_monitor [None req-9680a1a0-3492-4342-b963-45149d329a72 None None] Hash Ring: Node 569baba24fe657bc88715a33a92b9966 (host: np0000181714) handling event "update" for row 43e1ce5b-6c78-47c3-bb17-4db2250de3b4 (table: Logical_Switch_Port) {{(pid=107328) notify /opt/stack/neutron/neutron/plugins/ml2/drivers/ovn/mech_driver/ovsdb/ovsdb_monitor.py:1015}}
Jun 18 01:00:29.325215 np0000181714 devstack@neutron-api.service[107330]: INFO neutron.db.ovn_revision_numbers_db [None req-733ca107-45ad-4120-af75-f63de0543e19 admin admin] Successfully bumped revision number for resource 5d8f1847-a6ba-45a6-8962-cb312ad0d170 (type: ports) to 1
Jun 18 01:00:29.333333 np0000181714 devstack@neutron-api.service[107330]: DEBUG neutron.pecan_wsgi.hooks.policy_enforcement [None req-733ca107-45ad-4120-af75-f63de0543e19 admin admin] Attributes excluded by policy engine: ['standard_attr_id'] {{(pid=107330) _exclude_attributes_by_policy /opt/stack/neutron/neutron/pecan_wsgi/hooks/policy_enforcement.py:259}}
Jun 18 01:00:29.333685 np0000181714 devstack@neutron-api.service[107330]: DEBUG neutron_lib.callbacks.manager [None req-733ca107-45ad-4120-af75-f63de0543e19 admin admin] Publish callbacks [] for network (None), before_response {{(pid=107330) _notify_loop /opt/stack/data/venv/lib/python3.12/site-packages/neutron_lib/callbacks/manager.py:184}}
Jun 18 01:00:29.341990 np0000181714 devstack@neutron-api.service[107328]: DEBUG neutron.db.provisioning_blocks [None req-5c4f2c28-d55d-4998-999b-56dd767e08e4 None None] Transition to ACTIVE for port object 5d8f1847-a6ba-45a6-8962-cb312ad0d170 will not be triggered until provisioned by entity L2. {{(pid=107328) add_provisioning_component /opt/stack/neutron/neutron/db/provisioning_blocks.py:74}}
Jun 18 01:00:29.349014 np0000181714 devstack@neutron-api.service[107330]: [pid: 107330|app: 0|req: 23/93] 199.204.45.38 () {68 vars in 1351 bytes} [Thu Jun 18 01:00:28 2026] POST /networking/v2.0/networks => generated 683 bytes in 631 msecs (HTTP/1.1 201) 4 headers in 162 bytes (1 switches on core 0)
Jun 18 01:00:29.373437 np0000181714 devstack@neutron-api.service[107328]: DEBUG neutron.plugins.ml2.plugin [None req-5c4f2c28-d55d-4998-999b-56dd767e08e4 None None] Current status of the port 5d8f1847-a6ba-45a6-8962-cb312ad0d170 is: DOWN; New status is: DOWN {{(pid=107328) _update_individual_port_db_status /opt/stack/neutron/neutron/plugins/ml2/plugin.py:2470}}
Jun 18 01:00:29.375411 np0000181714 devstack@neutron-api.service[107328]: DEBUG ovsdbapp.backend.ovs_idl.transaction [None req-9680a1a0-3492-4342-b963-45149d329a72 None None] Running txn n=1 command(idx=0): DbRemoveCommand(_result=None, table=Logical_Switch_Port, record=5d8f1847-a6ba-45a6-8962-cb312ad0d170, column=external_ids, values=('neutron:host_id',), keyvalues={}, if_exists=True) {{(pid=107328) do_commit /opt/stack/data/venv/lib/python3.12/site-packages/ovsdbapp/backend/ovs_idl/transaction.py:89}}
Jun 18 01:00:29.455952 np0000181714 devstack@neutron-api.service[107328]: DEBUG futurist.periodics [-] Submitting periodic callback 'neutron.plugins.ml2.drivers.ovn.mech_driver.ovsdb.maintenance.HashRingHealthCheckPeriodics.touch_hash_ring_node' {{(pid=107328) _process_scheduled /opt/stack/data/venv/lib/python3.12/site-packages/futurist/periodics.py:784}}
Jun 18 01:00:29.456238 np0000181714 devstack@neutron-api.service[107328]: DEBUG neutron.plugins.ml2.drivers.ovn.mech_driver.ovsdb.maintenance [-] Touching Hash Ring node "569baba24fe657bc88715a33a92b9966" from periodic health check thread {{(pid=107328) touch_hash_ring_node /opt/stack/neutron/neutron/plugins/ml2/drivers/ovn/mech_driver/ovsdb/maintenance.py:1419}}
Jun 18 01:00:29.475575 np0000181714 devstack@neutron-api.service[107329]: DEBUG futurist.periodics [-] Submitting periodic callback 'neutron.plugins.ml2.drivers.ovn.mech_driver.ovsdb.maintenance.HashRingHealthCheckPeriodics.touch_hash_ring_node' {{(pid=107329) _process_scheduled /opt/stack/data/venv/lib/python3.12/site-packages/futurist/periodics.py:784}}
Jun 18 01:00:29.476488 np0000181714 devstack@neutron-api.service[107329]: DEBUG neutron.plugins.ml2.drivers.ovn.mech_driver.ovsdb.maintenance [-] Touching Hash Ring node "bf0a008c65535bf7b230859c76c1242c" from periodic health check thread {{(pid=107329) touch_hash_ring_node /opt/stack/neutron/neutron/plugins/ml2/drivers/ovn/mech_driver/ovsdb/maintenance.py:1419}}
Jun 18 01:00:29.562872 np0000181714 devstack@neutron-api.service[107327]: INFO neutron.pecan_wsgi.hooks.translation [None req-a28ae084-6d88-49e4-bec2-bbb8d43946b0 admin admin] GET failed (client error): The resource could not be found.
Jun 18 01:00:29.563768 np0000181714 devstack@neutron-api.service[107327]: [pid: 107327|app: 0|req: 25/94] 199.204.45.38 () {64 vars in 1327 bytes} [Thu Jun 18 01:00:29 2026] GET /networking/v2.0/networks/admin_net => generated 111 bytes in 10 msecs (HTTP/1.1 404) 4 headers in 164 bytes (1 switches on core 0)
Jun 18 01:00:29.615647 np0000181714 devstack@neutron-api.service[107329]: DEBUG neutron.pecan_wsgi.hooks.policy_enforcement [None req-dc95672a-db17-474c-831b-59c9084ac54e admin admin] Attributes excluded by policy engine: ['standard_attr_id'] {{(pid=107329) _exclude_attributes_by_policy /opt/stack/neutron/neutron/pecan_wsgi/hooks/policy_enforcement.py:259}}
Jun 18 01:00:29.617089 np0000181714 devstack@neutron-api.service[107329]: [pid: 107329|app: 0|req: 24/95] 199.204.45.38 () {64 vars in 1339 bytes} [Thu Jun 18 01:00:29 2026] GET /networking/v2.0/networks?name=admin_net => generated 667 bytes in 41 msecs (HTTP/1.1 200) 4 headers in 157 bytes (1 switches on core 0)
Jun 18 01:00:29.623698 np0000181714 devstack@neutron-api.service[107330]: DEBUG futurist.periodics [-] Submitting periodic callback 'neutron.plugins.ml2.drivers.ovn.mech_driver.ovsdb.maintenance.HashRingHealthCheckPeriodics.touch_hash_ring_node' {{(pid=107330) _process_scheduled /opt/stack/data/venv/lib/python3.12/site-packages/futurist/periodics.py:784}}
Jun 18 01:00:29.624935 np0000181714 devstack@neutron-api.service[107330]: DEBUG neutron.plugins.ml2.drivers.ovn.mech_driver.ovsdb.maintenance [-] Touching Hash Ring node "8248c98fb39854209d750a8368ae8b46" from periodic health check thread {{(pid=107330) touch_hash_ring_node /opt/stack/neutron/neutron/plugins/ml2/drivers/ovn/mech_driver/ovsdb/maintenance.py:1419}}
Jun 18 01:00:29.836365 np0000181714 devstack@neutron-api.service[107328]: INFO neutron.pecan_wsgi.hooks.translation [None req-2d42d2ab-5328-4f9f-8e1f-5d67cef79cde admin admin] GET failed (client error): The resource could not be found.
Jun 18 01:00:29.837862 np0000181714 devstack@neutron-api.service[107328]: [pid: 107328|app: 0|req: 24/96] 199.204.45.38 () {64 vars in 1333 bytes} [Thu Jun 18 01:00:29 2026] GET /networking/v2.0/subnets/admin_subnet => generated 112 bytes in 13 msecs (HTTP/1.1 404) 4 headers in 164 bytes (1 switches on core 0)
Jun 18 01:00:29.875534 np0000181714 devstack@neutron-api.service[107330]: [pid: 107330|app: 0|req: 24/97] 199.204.45.38 () {64 vars in 1342 bytes} [Thu Jun 18 01:00:29 2026] GET /networking/v2.0/subnets?name=admin_subnet => generated 14 bytes in 25 msecs (HTTP/1.1 200) 4 headers in 156 bytes (1 switches on core 0)
Jun 18 01:00:30.136896 np0000181714 devstack@neutron-api.service[107327]: DEBUG neutron.pecan_wsgi.hooks.policy_enforcement [None req-285072ff-a6d9-4eff-b44c-3792a788b8ac admin admin] Attributes excluded by policy engine: ['standard_attr_id'] {{(pid=107327) _exclude_attributes_by_policy /opt/stack/neutron/neutron/pecan_wsgi/hooks/policy_enforcement.py:259}}
Jun 18 01:00:30.138241 np0000181714 devstack@neutron-api.service[107327]: [pid: 107327|app: 0|req: 26/98] 199.204.45.38 () {64 vars in 1408 bytes} [Thu Jun 18 01:00:30 2026] GET /networking/v2.0/networks/2542dd22-6440-4c46-9da7-05746f9b45ea => generated 664 bytes in 27 msecs (HTTP/1.1 200) 4 headers in 157 bytes (1 switches on core 0)
Jun 18 01:00:30.157062 np0000181714 devstack@neutron-api.service[107329]: DEBUG neutron.api.v2.base [None req-7b4aa95a-31d5-4d16-9202-041a3ca97ad9 admin admin] Request body: {'subnet': {'name': 'admin_subnet', 'project_id': '81918ced15854f84a59e02f2430f163f', 'ip_version': 4, 'gateway_ip': None, 'network_id': '2542dd22-6440-4c46-9da7-05746f9b45ea', 'cidr': '10.2.5.0/24'}} {{(pid=107329) prepare_request_body /opt/stack/neutron/neutron/api/v2/base.py:727}}
Jun 18 01:00:30.175991 np0000181714 devstack@neutron-api.service[107329]: DEBUG neutron.pecan_wsgi.hooks.quota_enforcement [None req-7b4aa95a-31d5-4d16-9202-041a3ca97ad9 admin admin] Made reservation on behalf of 81918ced15854f84a59e02f2430f163f for: {'subnet': 1} {{(pid=107329) before /opt/stack/neutron/neutron/pecan_wsgi/hooks/quota_enforcement.py:66}}
Jun 18 01:00:30.181772 np0000181714 devstack@neutron-api.service[107329]: DEBUG neutron_lib.callbacks.manager [None req-7b4aa95a-31d5-4d16-9202-041a3ca97ad9 admin admin] Publish callbacks [] for subnet (None), before_create {{(pid=107329) _notify_loop /opt/stack/data/venv/lib/python3.12/site-packages/neutron_lib/callbacks/manager.py:184}}
Jun 18 01:00:30.248748 np0000181714 devstack@neutron-api.service[107329]: DEBUG neutron.db.ovn_revision_numbers_db [None req-7b4aa95a-31d5-4d16-9202-041a3ca97ad9 admin admin] create_initial_revision uuid=18131532-20e7-4e0b-860b-3f0a7a4ddec1, type=subnets, rev=-1 {{(pid=107329) create_initial_revision /opt/stack/neutron/neutron/db/ovn_revision_numbers_db.py:98}}
Jun 18 01:00:30.254181 np0000181714 devstack@neutron-api.service[107329]: DEBUG neutron_lib.callbacks.manager [None req-7b4aa95a-31d5-4d16-9202-041a3ca97ad9 admin admin] Publish callbacks ['neutron.plugins.ml2.ovo_rpc._ObjectChangeHandler.handle_event-1741244'] for subnet (18131532-20e7-4e0b-860b-3f0a7a4ddec1), after_create {{(pid=107329) _notify_loop /opt/stack/data/venv/lib/python3.12/site-packages/neutron_lib/callbacks/manager.py:184}}
Jun 18 01:00:30.269985 np0000181714 devstack@neutron-api.service[107329]: DEBUG neutron.api.rpc.handlers.resources_rpc [None req-7b4aa95a-31d5-4d16-9202-041a3ca97ad9 admin admin] Pushing event updated for resources: {'Subnet': ['ID=18131532-20e7-4e0b-860b-3f0a7a4ddec1,revision_number=0']} {{(pid=107329) push /opt/stack/neutron/neutron/api/rpc/handlers/resources_rpc.py:237}}
Jun 18 01:00:30.274629 np0000181714 devstack@neutron-api.service[107329]: DEBUG neutron.api.rpc.callbacks.version_manager [None req-7b4aa95a-31d5-4d16-9202-041a3ca97ad9 admin admin] Tracked resource versions report:
Jun 18 01:00:30.274629 np0000181714 devstack@neutron-api.service[107329]: pushed versions:
Jun 18 01:00:30.274629 np0000181714 devstack@neutron-api.service[107329]: { 'AddressGroup': {'1.2'},
Jun 18 01:00:30.274629 np0000181714 devstack@neutron-api.service[107329]: 'Agent': {'1.1'},
Jun 18 01:00:30.274629 np0000181714 devstack@neutron-api.service[107329]: 'ConntrackHelper': {'1.0'},
Jun 18 01:00:30.274629 np0000181714 devstack@neutron-api.service[107329]: 'LocalIPAssociation': {'1.0'},
Jun 18 01:00:30.274629 np0000181714 devstack@neutron-api.service[107329]: 'Log': {'1.0'},
Jun 18 01:00:30.274629 np0000181714 devstack@neutron-api.service[107329]: 'NDPProxy': {'1.0'},
Jun 18 01:00:30.274629 np0000181714 devstack@neutron-api.service[107329]: 'Network': {'1.3'},
Jun 18 01:00:30.274629 np0000181714 devstack@neutron-api.service[107329]: 'Port': {'1.11'},
Jun 18 01:00:30.274629 np0000181714 devstack@neutron-api.service[107329]: 'PortForwarding': {'1.3'},
Jun 18 01:00:30.274629 np0000181714 devstack@neutron-api.service[107329]: 'QosPolicy': {'1.10'},
Jun 18 01:00:30.274629 np0000181714 devstack@neutron-api.service[107329]: 'SecurityGroup': {'1.6'},
Jun 18 01:00:30.274629 np0000181714 devstack@neutron-api.service[107329]: 'SecurityGroupRule': {'1.3'},
Jun 18 01:00:30.274629 np0000181714 devstack@neutron-api.service[107329]: 'SubPort': {'1.0'},
Jun 18 01:00:30.274629 np0000181714 devstack@neutron-api.service[107329]: 'Subnet': {'1.2'},
Jun 18 01:00:30.274629 np0000181714 devstack@neutron-api.service[107329]: 'Trunk': {'1.1'}}
Jun 18 01:00:30.274629 np0000181714 devstack@neutron-api.service[107329]: consumer versions:
Jun 18 01:00:30.274629 np0000181714 devstack@neutron-api.service[107329]: { OVN Neutron agent@np0000181714: {},
Jun 18 01:00:30.274629 np0000181714 devstack@neutron-api.service[107329]: OVN Controller Gateway agent@np0000181714: {}}
Jun 18 01:00:30.274629 np0000181714 devstack@neutron-api.service[107329]: {{(pid=107329) report /opt/stack/neutron/neutron/api/rpc/callbacks/version_manager.py:183}}
Jun 18 01:00:30.320691 np0000181714 devstack@neutron-api.service[107329]: DEBUG neutron_lib.callbacks.manager [None req-7b4aa95a-31d5-4d16-9202-041a3ca97ad9 admin admin] Publish callbacks ['neutron.plugins.ml2.plugin.SecurityGroupDbMixin._ensure_default_security_group_handler-115508', 'neutron.services.ovn_l3.plugin.OVNL3RouterPlugin._port_update-8496865549476', 'neutron.db.l3_db.L3_NAT_dbonly_mixin._prevent_internal_ip_change_for_fip-8496866991588'] for port (5d8f1847-a6ba-45a6-8962-cb312ad0d170), before_update {{(pid=107329) _notify_loop /opt/stack/data/venv/lib/python3.12/site-packages/neutron_lib/callbacks/manager.py:184}}
Jun 18 01:00:30.406155 np0000181714 devstack@neutron-api.service[107329]: DEBUG neutron.db.db_base_plugin_common [None req-7b4aa95a-31d5-4d16-9202-041a3ca97ad9 admin admin] Allocated IP 10.2.5.1 (2542dd22-6440-4c46-9da7-05746f9b45ea/18131532-20e7-4e0b-860b-3f0a7a4ddec1/5d8f1847-a6ba-45a6-8962-cb312ad0d170) {{(pid=107329) _store_ip_allocation /opt/stack/neutron/neutron/db/db_base_plugin_common.py:131}}
Jun 18 01:00:30.466324 np0000181714 devstack@neutron-api.service[107329]: DEBUG neutron_lib.callbacks.manager [None req-7b4aa95a-31d5-4d16-9202-041a3ca97ad9 admin admin] Publish callbacks [] for port (5d8f1847-a6ba-45a6-8962-cb312ad0d170), precommit_update {{(pid=107329) _notify_loop /opt/stack/data/venv/lib/python3.12/site-packages/neutron_lib/callbacks/manager.py:184}}
Jun 18 01:00:30.466649 np0000181714 devstack@neutron-api.service[107329]: DEBUG neutron.plugins.ml2.drivers.ovn.mech_driver.mech_driver [None req-7b4aa95a-31d5-4d16-9202-041a3ca97ad9 admin admin] No provisioning block for port 5d8f1847-a6ba-45a6-8962-cb312ad0d170 since it does not have a host {{(pid=107329) _is_port_provisioning_required /opt/stack/neutron/neutron/plugins/ml2/drivers/ovn/mech_driver/mech_driver.py:896}}
Jun 18 01:00:30.477867 np0000181714 devstack@neutron-api.service[107329]: DEBUG neutron_lib.callbacks.manager [None req-7b4aa95a-31d5-4d16-9202-041a3ca97ad9 admin admin] Publish callbacks ['neutron.plugins.ml2.ovo_rpc._ObjectChangeHandler.handle_event-1741247', 'neutron.services.ovn_l3.plugin.OVNL3RouterPlugin._port_update-8496865549476'] for port (5d8f1847-a6ba-45a6-8962-cb312ad0d170), after_update {{(pid=107329) _notify_loop /opt/stack/data/venv/lib/python3.12/site-packages/neutron_lib/callbacks/manager.py:184}}
Jun 18 01:00:30.507142 np0000181714 devstack@neutron-api.service[107329]: DEBUG neutron.api.rpc.handlers.resources_rpc [None req-7b4aa95a-31d5-4d16-9202-041a3ca97ad9 admin admin] Pushing event updated for resources: {'Port': ['ID=5d8f1847-a6ba-45a6-8962-cb312ad0d170,revision_number=2']} {{(pid=107329) push /opt/stack/neutron/neutron/api/rpc/handlers/resources_rpc.py:237}}
Jun 18 01:00:30.600932 np0000181714 devstack@neutron-api.service[107329]: DEBUG neutron.plugins.ml2.drivers.ovn.mech_driver.ovsdb.commands [None req-7b4aa95a-31d5-4d16-9202-041a3ca97ad9 admin admin] Converting tag [] to a tag_request {{(pid=107329) _tag_column_to_tag_request /opt/stack/neutron/neutron/plugins/ml2/drivers/ovn/mech_driver/ovsdb/commands.py:205}}
