Feb 19 02:50:24.593772 np0000156492 devstack@m-api.service[100451]: INFO manila.api.openstack.wsgi [None req-860d5e3d-4cd1-4f40-ab5a-56644991b386 c_rally_31959346_qYzdba2b c_rally_31959346_4qxQyTz3] https://199.19.213.223/share/v1/b22ac4941fd84c26bad450aa525bfa92/shares/detail?is_public=True returned with HTTP 200
Feb 19 02:50:24.594109 np0000156492 devstack@m-api.service[100451]: [pid: 100451|app: 0|req: 228/450] 199.19.213.223 () {66 vars in 1426 bytes} [Thu Feb 19 02:50:24 2026] GET /share/v1/b22ac4941fd84c26bad450aa525bfa92/shares/detail?is_public=True => generated 14 bytes in 45 msecs (HTTP/1.1 200) 7 headers in 295 bytes (1 switches on core 0)
Feb 19 02:50:24.854629 np0000156492 devstack@m-api.service[100452]: INFO manila.api.openstack.wsgi [None req-c22ccb24-4aa8-415a-bb6f-a1c5602a47a2 c_rally_31959346_qYzdba2b c_rally_31959346_4qxQyTz3] GET https://199.19.213.223/share/v1/b22ac4941fd84c26bad450aa525bfa92/share-networks/detail
Feb 19 02:50:24.855180 np0000156492 devstack@m-api.service[100452]: DEBUG manila.api.openstack.wsgi [None req-c22ccb24-4aa8-415a-bb6f-a1c5602a47a2 c_rally_31959346_qYzdba2b c_rally_31959346_4qxQyTz3] No Content-Type provided in request {{(pid=100452) get_body /opt/stack/manila/manila/api/openstack/wsgi.py:648}}
Feb 19 02:50:24.855180 np0000156492 devstack@m-api.service[100452]: DEBUG manila.api.openstack.wsgi [None req-c22ccb24-4aa8-415a-bb6f-a1c5602a47a2 c_rally_31959346_qYzdba2b c_rally_31959346_4qxQyTz3] Calling method 'ShareNetworkController.detail' {{(pid=100452) _process_stack /opt/stack/manila/manila/api/openstack/wsgi.py:798}}
Feb 19 02:50:24.864787 np0000156492 devstack@m-api.service[100452]: INFO manila.api.openstack.wsgi [None req-c22ccb24-4aa8-415a-bb6f-a1c5602a47a2 c_rally_31959346_qYzdba2b c_rally_31959346_4qxQyTz3] https://199.19.213.223/share/v1/b22ac4941fd84c26bad450aa525bfa92/share-networks/detail returned with HTTP 200
Feb 19 02:50:24.865392 np0000156492 devstack@m-api.service[100452]: [pid: 100452|app: 0|req: 223/451] 199.19.213.223 () {66 vars in 1421 bytes} [Thu Feb 19 02:50:24 2026] GET /share/v1/b22ac4941fd84c26bad450aa525bfa92/share-networks/detail => generated 22 bytes in 43 msecs (HTTP/1.1 200) 7 headers in 295 bytes (1 switches on core 0)
Feb 19 02:50:25.098244 np0000156492 devstack@m-api.service[100451]: INFO manila.api.openstack.wsgi [None req-fa98ed42-cf19-4dfe-bdcb-3d3b54eeb388 c_rally_31959346_qYzdba2b c_rally_31959346_4qxQyTz3] GET https://199.19.213.223/share/v1/b22ac4941fd84c26bad450aa525bfa92/security-services/detail
Feb 19 02:50:25.098711 np0000156492 devstack@m-api.service[100451]: DEBUG manila.api.openstack.wsgi [None req-fa98ed42-cf19-4dfe-bdcb-3d3b54eeb388 c_rally_31959346_qYzdba2b c_rally_31959346_4qxQyTz3] No Content-Type provided in request {{(pid=100451) get_body /opt/stack/manila/manila/api/openstack/wsgi.py:648}}
Feb 19 02:50:25.099118 np0000156492 devstack@m-api.service[100451]: DEBUG manila.api.openstack.wsgi [None req-fa98ed42-cf19-4dfe-bdcb-3d3b54eeb388 c_rally_31959346_qYzdba2b c_rally_31959346_4qxQyTz3] Calling method 'SecurityServiceController.detail' {{(pid=100451) _process_stack /opt/stack/manila/manila/api/openstack/wsgi.py:798}}
Feb 19 02:50:25.104457 np0000156492 devstack@m-api.service[100451]: DEBUG manila.api.common [None req-fa98ed42-cf19-4dfe-bdcb-3d3b54eeb388 c_rally_31959346_qYzdba2b c_rally_31959346_4qxQyTz3] Removing options '' from query {{(pid=100451) remove_invalid_options /opt/stack/manila/manila/api/common.py:440}}
Feb 19 02:50:25.104782 np0000156492 devstack@m-api.service[100451]: INFO manila.api.openstack.wsgi [None req-fa98ed42-cf19-4dfe-bdcb-3d3b54eeb388 c_rally_31959346_qYzdba2b c_rally_31959346_4qxQyTz3] https://199.19.213.223/share/v1/b22ac4941fd84c26bad450aa525bfa92/security-services/detail returned with HTTP 200
Feb 19 02:50:25.105266 np0000156492 devstack@m-api.service[100451]: [pid: 100451|app: 0|req: 229/452] 199.19.213.223 () {66 vars in 1430 bytes} [Thu Feb 19 02:50:25 2026] GET /share/v1/b22ac4941fd84c26bad450aa525bfa92/security-services/detail => generated 25 bytes in 43 msecs (HTTP/1.1 200) 7 headers in 295 bytes (1 switches on core 0)
Feb 19 02:50:29.681579 np0000156492 devstack@m-api.service[100452]: INFO manila.api.openstack.wsgi [None req-09417622-90b6-488d-a369-be5afccf8fb8 c_rally_8b208d8f_hevPxq0q c_rally_8b208d8f_GuxIfPWl] POST https://199.19.213.223/share/v1/8461c20cb4a24d94a629c707cffa948b/security-services
Feb 19 02:50:29.682540 np0000156492 devstack@m-api.service[100452]: DEBUG manila.api.openstack.wsgi [None req-09417622-90b6-488d-a369-be5afccf8fb8 c_rally_8b208d8f_hevPxq0q c_rally_8b208d8f_GuxIfPWl] Action: 'create', calling method: SecurityServiceController.create, body: {"security_service": {"type": "active_directory", "dns_ip": "fake_dns_ip", "server": "fake-server", "domain": "fake_domain", "user": "fake_user", "password": "***", "name": "s_rally_8b208d8f_Omp39F6p", "description": "}} {{(pid=100452) _process_stack /opt/stack/manila/manila/api/openstack/wsgi.py:796}}
Feb 19 02:50:29.694533 np0000156492 devstack@m-api.service[100452]: INFO manila.api.openstack.wsgi [None req-09417622-90b6-488d-a369-be5afccf8fb8 c_rally_8b208d8f_hevPxq0q c_rally_8b208d8f_GuxIfPWl] https://199.19.213.223/share/v1/8461c20cb4a24d94a629c707cffa948b/security-services returned with HTTP 200
Feb 19 02:50:29.695433 np0000156492 devstack@m-api.service[100452]: [pid: 100452|app: 0|req: 224/453] 199.19.213.223 () {70 vars in 1463 bytes} [Thu Feb 19 02:50:29 2026] POST /share/v1/8461c20cb4a24d94a629c707cffa948b/security-services => generated 424 bytes in 80 msecs (HTTP/1.1 200) 7 headers in 296 bytes (1 switches on core 0)
Feb 19 02:50:29.709498 np0000156492 devstack@m-api.service[100451]: INFO manila.api.openstack.wsgi [None req-92db9f99-f42d-4b1d-8632-6515cba910e3 c_rally_8b208d8f_hevPxq0q c_rally_8b208d8f_GuxIfPWl] POST https://199.19.213.223/share/v1/8461c20cb4a24d94a629c707cffa948b/security-services
Feb 19 02:50:29.711278 np0000156492 devstack@m-api.service[100451]: DEBUG manila.api.openstack.wsgi [None req-92db9f99-f42d-4b1d-8632-6515cba910e3 c_rally_8b208d8f_hevPxq0q c_rally_8b208d8f_GuxIfPWl] Action: 'create', calling method: SecurityServiceController.create, body: {"security_service": {"type": "active_directory", "dns_ip": "fake_dns_ip", "server": "fake-server", "domain": "fake_domain", "user": "fake_user", "password": "***", "name": "s_rally_8b208d8f_3zSAO73g", "description": "}} {{(pid=100451) _process_stack /opt/stack/manila/manila/api/openstack/wsgi.py:796}}
Feb 19 02:50:29.720898 np0000156492 devstack@m-api.service[100451]: INFO manila.api.openstack.wsgi [None req-92db9f99-f42d-4b1d-8632-6515cba910e3 c_rally_8b208d8f_hevPxq0q c_rally_8b208d8f_GuxIfPWl] https://199.19.213.223/share/v1/8461c20cb4a24d94a629c707cffa948b/security-services returned with HTTP 200
Feb 19 02:50:29.721365 np0000156492 devstack@m-api.service[100451]: [pid: 100451|app: 0|req: 230/454] 199.19.213.223 () {70 vars in 1463 bytes} [Thu Feb 19 02:50:29 2026] POST /share/v1/8461c20cb4a24d94a629c707cffa948b/security-services => generated 424 bytes in 94 msecs (HTTP/1.1 200) 7 headers in 296 bytes (1 switches on core 0)
Feb 19 02:50:29.739594 np0000156492 devstack@m-api.service[100452]: INFO manila.api.openstack.wsgi [None req-a90cdd44-2705-4093-9283-e3cac0b2aa90 c_rally_8b208d8f_hevPxq0q c_rally_8b208d8f_GuxIfPWl] POST https://199.19.213.223/share/v1/8461c20cb4a24d94a629c707cffa948b/security-services
Feb 19 02:50:29.740772 np0000156492 devstack@m-api.service[100452]: DEBUG manila.api.openstack.wsgi [None req-a90cdd44-2705-4093-9283-e3cac0b2aa90 c_rally_8b208d8f_hevPxq0q c_rally_8b208d8f_GuxIfPWl] Action: 'create', calling method: SecurityServiceController.create, body: {"security_service": {"type": "active_directory", "dns_ip": "fake_dns_ip", "server": "fake-server", "domain": "fake_domain", "user": "fake_user", "password": "***", "name": "s_rally_8b208d8f_BRYC21i9", "description": "}} {{(pid=100452) _process_stack /opt/stack/manila/manila/api/openstack/wsgi.py:796}}
Feb 19 02:50:29.749415 np0000156492 devstack@m-api.service[100451]: INFO manila.api.openstack.wsgi [None req-19755b21-9e50-4e27-ac96-b28db7f45daa c_rally_8b208d8f_hevPxq0q c_rally_8b208d8f_GuxIfPWl] POST https://199.19.213.223/share/v1/8461c20cb4a24d94a629c707cffa948b/security-services
Feb 19 02:50:29.749895 np0000156492 devstack@m-api.service[100451]: DEBUG manila.api.openstack.wsgi [None req-19755b21-9e50-4e27-ac96-b28db7f45daa c_rally_8b208d8f_hevPxq0q c_rally_8b208d8f_GuxIfPWl] Action: 'create', calling method: SecurityServiceController.create, body: {"security_service": {"type": "active_directory", "dns_ip": "fake_dns_ip", "server": "fake-server", "domain": "fake_domain", "user": "fake_user", "password": "***", "name": "s_rally_8b208d8f_Yxfgh1ma", "description": "}} {{(pid=100451) _process_stack /opt/stack/manila/manila/api/openstack/wsgi.py:796}}
Feb 19 02:50:29.756140 np0000156492 devstack@m-api.service[100452]: INFO manila.api.openstack.wsgi [None req-a90cdd44-2705-4093-9283-e3cac0b2aa90 c_rally_8b208d8f_hevPxq0q c_rally_8b208d8f_GuxIfPWl] https://199.19.213.223/share/v1/8461c20cb4a24d94a629c707cffa948b/security-services returned with HTTP 200
Feb 19 02:50:29.756685 np0000156492 devstack@m-api.service[100452]: [pid: 100452|app: 0|req: 225/455] 199.19.213.223 () {70 vars in 1463 bytes} [Thu Feb 19 02:50:29 2026] POST /share/v1/8461c20cb4a24d94a629c707cffa948b/security-services => generated 424 bytes in 61 msecs (HTTP/1.1 200) 7 headers in 296 bytes (1 switches on core 0)
Feb 19 02:50:29.757938 np0000156492 devstack@m-api.service[100451]: INFO manila.api.openstack.wsgi [None req-19755b21-9e50-4e27-ac96-b28db7f45daa c_rally_8b208d8f_hevPxq0q c_rally_8b208d8f_GuxIfPWl] https://199.19.213.223/share/v1/8461c20cb4a24d94a629c707cffa948b/security-services returned with HTTP 200
Feb 19 02:50:29.758536 np0000156492 devstack@m-api.service[100451]: [pid: 100451|app: 0|req: 231/456] 199.19.213.223 () {70 vars in 1463 bytes} [Thu Feb 19 02:50:29 2026] POST /share/v1/8461c20cb4a24d94a629c707cffa948b/security-services => generated 424 bytes in 37 msecs (HTTP/1.1 200) 7 headers in 296 bytes (1 switches on core 0)
Feb 19 02:50:29.791269 np0000156492 devstack@m-api.service[100452]: INFO manila.api.openstack.wsgi [None req-31b037f0-1c22-421e-98cb-5b8b51957f1f c_rally_8b208d8f_hevPxq0q c_rally_8b208d8f_GuxIfPWl] POST https://199.19.213.223/share/v1/8461c20cb4a24d94a629c707cffa948b/security-services
Feb 19 02:50:29.791656 np0000156492 devstack@m-api.service[100452]: DEBUG manila.api.openstack.wsgi [None req-31b037f0-1c22-421e-98cb-5b8b51957f1f c_rally_8b208d8f_hevPxq0q c_rally_8b208d8f_GuxIfPWl] Action: 'create', calling method: SecurityServiceController.create, body: {"security_service": {"type": "active_directory", "dns_ip": "fake_dns_ip", "server": "fake-server", "domain": "fake_domain", "user": "fake_user", "password": "***", "name": "s_rally_8b208d8f_CndlK4Cx", "description": "}} {{(pid=100452) _process_stack /opt/stack/manila/manila/api/openstack/wsgi.py:796}}
Feb 19 02:50:29.798421 np0000156492 devstack@m-api.service[100452]: INFO manila.api.openstack.wsgi [None req-31b037f0-1c22-421e-98cb-5b8b51957f1f c_rally_8b208d8f_hevPxq0q c_rally_8b208d8f_GuxIfPWl] https://199.19.213.223/share/v1/8461c20cb4a24d94a629c707cffa948b/security-services returned with HTTP 200
Feb 19 02:50:29.798906 np0000156492 devstack@m-api.service[100452]: [pid: 100452|app: 0|req: 226/457] 199.19.213.223 () {70 vars in 1463 bytes} [Thu Feb 19 02:50:29 2026] POST /share/v1/8461c20cb4a24d94a629c707cffa948b/security-services => generated 424 bytes in 42 msecs (HTTP/1.1 200) 7 headers in 296 bytes (1 switches on core 0)
Feb 19 02:50:29.801379 np0000156492 devstack@m-api.service[100451]: INFO manila.api.openstack.wsgi [None req-39a2f1f9-10a8-481a-8eba-fbaaf93d50ac c_rally_8b208d8f_hevPxq0q c_rally_8b208d8f_GuxIfPWl] POST https://199.19.213.223/share/v1/8461c20cb4a24d94a629c707cffa948b/security-services
Feb 19 02:50:29.801987 np0000156492 devstack@m-api.service[100451]: DEBUG manila.api.openstack.wsgi [None req-39a2f1f9-10a8-481a-8eba-fbaaf93d50ac c_rally_8b208d8f_hevPxq0q c_rally_8b208d8f_GuxIfPWl] Action: 'create', calling method: SecurityServiceController.create, body: {"security_service": {"type": "active_directory", "dns_ip": "fake_dns_ip", "server": "fake-server", "domain": "fake_domain", "user": "fake_user", "password": "***", "name": "s_rally_8b208d8f_86JoCGNz", "description": "}} {{(pid=100451) _process_stack /opt/stack/manila/manila/api/openstack/wsgi.py:796}}
Feb 19 02:50:29.813561 np0000156492 devstack@m-api.service[100451]: INFO manila.api.openstack.wsgi [None req-39a2f1f9-10a8-481a-8eba-fbaaf93d50ac c_rally_8b208d8f_hevPxq0q c_rally_8b208d8f_GuxIfPWl] https://199.19.213.223/share/v1/8461c20cb4a24d94a629c707cffa948b/security-services returned with HTTP 200
Feb 19 02:50:29.814061 np0000156492 devstack@m-api.service[100451]: [pid: 100451|app: 0|req: 232/458] 199.19.213.223 () {70 vars in 1463 bytes} [Thu Feb 19 02:50:29 2026] POST /share/v1/8461c20cb4a24d94a629c707cffa948b/security-services => generated 424 bytes in 55 msecs (HTTP/1.1 200) 7 headers in 296 bytes (1 switches on core 0)
Feb 19 02:50:29.816956 np0000156492 devstack@m-api.service[100451]: INFO manila.api.openstack.wsgi [None req-cd9ec245-4d91-4cc5-b3e8-4ae38de6833d c_rally_8b208d8f_hevPxq0q c_rally_8b208d8f_GuxIfPWl] GET https://199.19.213.223/share/v1/8461c20cb4a24d94a629c707cffa948b/security-services/7e6cd4ef-05c2-4550-9824-2068d1ce78da
Feb 19 02:50:29.817192 np0000156492 devstack@m-api.service[100451]: DEBUG manila.api.openstack.wsgi [None req-cd9ec245-4d91-4cc5-b3e8-4ae38de6833d c_rally_8b208d8f_hevPxq0q c_rally_8b208d8f_GuxIfPWl] No Content-Type provided in request {{(pid=100451) get_body /opt/stack/manila/manila/api/openstack/wsgi.py:648}}
Feb 19 02:50:29.817622 np0000156492 devstack@m-api.service[100451]: DEBUG manila.api.openstack.wsgi [None req-cd9ec245-4d91-4cc5-b3e8-4ae38de6833d c_rally_8b208d8f_hevPxq0q c_rally_8b208d8f_GuxIfPWl] Calling method 'SecurityServiceController.show' {{(pid=100451) _process_stack /opt/stack/manila/manila/api/openstack/wsgi.py:798}}
Feb 19 02:50:29.821975 np0000156492 devstack@m-api.service[100451]: INFO manila.api.openstack.wsgi [None req-cd9ec245-4d91-4cc5-b3e8-4ae38de6833d c_rally_8b208d8f_hevPxq0q c_rally_8b208d8f_GuxIfPWl] https://199.19.213.223/share/v1/8461c20cb4a24d94a629c707cffa948b/security-services/7e6cd4ef-05c2-4550-9824-2068d1ce78da returned with HTTP 200
Feb 19 02:50:29.823411 np0000156492 devstack@m-api.service[100451]: [pid: 100451|app: 0|req: 233/459] 199.19.213.223 () {66 vars in 1520 bytes} [Thu Feb 19 02:50:29 2026] GET /share/v1/8461c20cb4a24d94a629c707cffa948b/security-services/7e6cd4ef-05c2-4550-9824-2068d1ce78da => generated 424 bytes in 8 msecs (HTTP/1.1 200) 7 headers in 296 bytes (1 switches on core 0)
Feb 19 02:50:29.838837 np0000156492 devstack@m-api.service[100452]: INFO manila.api.openstack.wsgi [None req-9fc7ea51-749b-47af-bea9-154585d57474 c_rally_8b208d8f_hevPxq0q c_rally_8b208d8f_GuxIfPWl] POST https://199.19.213.223/share/v1/8461c20cb4a24d94a629c707cffa948b/security-services
Feb 19 02:50:29.839664 np0000156492 devstack@m-api.service[100452]: DEBUG manila.api.openstack.wsgi [None req-9fc7ea51-749b-47af-bea9-154585d57474 c_rally_8b208d8f_hevPxq0q c_rally_8b208d8f_GuxIfPWl] Action: 'create', calling method: SecurityServiceController.create, body: {"security_service": {"type": "active_directory", "dns_ip": "fake_dns_ip", "server": "fake-server", "domain": "fake_domain", "user": "fake_user", "password": "***", "name": "s_rally_8b208d8f_WnUgTKJb", "description": "}} {{(pid=100452) _process_stack /opt/stack/manila/manila/api/openstack/wsgi.py:796}}
Feb 19 02:50:29.849390 np0000156492 devstack@m-api.service[100452]: INFO manila.api.openstack.wsgi [None req-9fc7ea51-749b-47af-bea9-154585d57474 c_rally_8b208d8f_hevPxq0q c_rally_8b208d8f_GuxIfPWl] https://199.19.213.223/share/v1/8461c20cb4a24d94a629c707cffa948b/security-services returned with HTTP 200
Feb 19 02:50:29.849864 np0000156492 devstack@m-api.service[100452]: [pid: 100452|app: 0|req: 227/460] 199.19.213.223 () {70 vars in 1463 bytes} [Thu Feb 19 02:50:29 2026] POST /share/v1/8461c20cb4a24d94a629c707cffa948b/security-services => generated 424 bytes in 50 msecs (HTTP/1.1 200) 7 headers in 296 bytes (1 switches on core 0)
Feb 19 02:50:29.853381 np0000156492 devstack@m-api.service[100451]: INFO manila.api.openstack.wsgi [None req-07487565-93b9-43c3-b605-a5f55b70ef00 c_rally_8b208d8f_hevPxq0q c_rally_8b208d8f_GuxIfPWl] POST https://199.19.213.223/share/v1/8461c20cb4a24d94a629c707cffa948b/security-services
Feb 19 02:50:29.853845 np0000156492 devstack@m-api.service[100451]: DEBUG manila.api.openstack.wsgi [None req-07487565-93b9-43c3-b605-a5f55b70ef00 c_rally_8b208d8f_hevPxq0q c_rally_8b208d8f_GuxIfPWl] Action: 'create', calling method: SecurityServiceController.create, body: {"security_service": {"type": "active_directory", "dns_ip": "fake_dns_ip", "server": "fake-server", "domain": "fake_domain", "user": "fake_user", "password": "***", "name": "s_rally_8b208d8f_r47rdhHg", "description": "}} {{(pid=100451) _process_stack /opt/stack/manila/manila/api/openstack/wsgi.py:796}}
Feb 19 02:50:29.863748 np0000156492 devstack@m-api.service[100451]: INFO manila.api.openstack.wsgi [None req-07487565-93b9-43c3-b605-a5f55b70ef00 c_rally_8b208d8f_hevPxq0q c_rally_8b208d8f_GuxIfPWl] https://199.19.213.223/share/v1/8461c20cb4a24d94a629c707cffa948b/security-services returned with HTTP 200
Feb 19 02:50:29.864651 np0000156492 devstack@m-api.service[100451]: [pid: 100451|app: 0|req: 234/461] 199.19.213.223 () {70 vars in 1463 bytes} [Thu Feb 19 02:50:29 2026] POST /share/v1/8461c20cb4a24d94a629c707cffa948b/security-services => generated 424 bytes in 41 msecs (HTTP/1.1 200) 7 headers in 296 bytes (1 switches on core 0)
Feb 19 02:50:29.881561 np0000156492 devstack@m-api.service[100452]: INFO manila.api.openstack.wsgi [None req-74b311c0-8e99-4d94-8165-19ad7a4fd246 c_rally_8b208d8f_hevPxq0q c_rally_8b208d8f_GuxIfPWl] POST https://199.19.213.223/share/v1/8461c20cb4a24d94a629c707cffa948b/security-services
Feb 19 02:50:29.881855 np0000156492 devstack@m-api.service[100452]: DEBUG manila.api.openstack.wsgi [None req-74b311c0-8e99-4d94-8165-19ad7a4fd246 c_rally_8b208d8f_hevPxq0q c_rally_8b208d8f_GuxIfPWl] Action: 'create', calling method: SecurityServiceController.create, body: {"security_service": {"type": "active_directory", "dns_ip": "fake_dns_ip", "server": "fake-server", "domain": "fake_domain", "user": "fake_user", "password": "***", "name": "s_rally_8b208d8f_FgLF6NHP", "description": "}} {{(pid=100452) _process_stack /opt/stack/manila/manila/api/openstack/wsgi.py:796}}
Feb 19 02:50:29.889152 np0000156492 devstack@m-api.service[100452]: INFO manila.api.openstack.wsgi [None req-74b311c0-8e99-4d94-8165-19ad7a4fd246 c_rally_8b208d8f_hevPxq0q c_rally_8b208d8f_GuxIfPWl] https://199.19.213.223/share/v1/8461c20cb4a24d94a629c707cffa948b/security-services returned with HTTP 200
Feb 19 02:50:29.889626 np0000156492 devstack@m-api.service[100452]: [pid: 100452|app: 0|req: 228/462] 199.19.213.223 () {70 vars in 1463 bytes} [Thu Feb 19 02:50:29 2026] POST /share/v1/8461c20cb4a24d94a629c707cffa948b/security-services => generated 424 bytes in 39 msecs (HTTP/1.1 200) 7 headers in 296 bytes (1 switches on core 0)
Feb 19 02:50:29.892435 np0000156492 devstack@m-api.service[100452]: INFO manila.api.openstack.wsgi [None req-24b30fce-24ec-4267-85e1-e6ebbafd8bdf c_rally_8b208d8f_hevPxq0q c_rally_8b208d8f_GuxIfPWl] GET https://199.19.213.223/share/v1/8461c20cb4a24d94a629c707cffa948b/security-services/c472a792-662d-4d73-8fcc-7f719a8c5f67
Feb 19 02:50:29.892652 np0000156492 devstack@m-api.service[100452]: DEBUG manila.api.openstack.wsgi [None req-24b30fce-24ec-4267-85e1-e6ebbafd8bdf c_rally_8b208d8f_hevPxq0q c_rally_8b208d8f_GuxIfPWl] No Content-Type provided in request {{(pid=100452) get_body /opt/stack/manila/manila/api/openstack/wsgi.py:648}}
Feb 19 02:50:29.892930 np0000156492 devstack@m-api.service[100452]: DEBUG manila.api.openstack.wsgi [None req-24b30fce-24ec-4267-85e1-e6ebbafd8bdf c_rally_8b208d8f_hevPxq0q c_rally_8b208d8f_GuxIfPWl] Calling method 'SecurityServiceController.show' {{(pid=100452) _process_stack /opt/stack/manila/manila/api/openstack/wsgi.py:798}}
Feb 19 02:50:29.895685 np0000156492 devstack@m-api.service[100451]: INFO manila.api.openstack.wsgi [None req-40e0d582-3f75-4835-8662-d16f6e7a1123 c_rally_8b208d8f_hevPxq0q c_rally_8b208d8f_GuxIfPWl] POST https://199.19.213.223/share/v1/8461c20cb4a24d94a629c707cffa948b/security-services
Feb 19 02:50:29.897278 np0000156492 devstack@m-api.service[100451]: DEBUG manila.api.openstack.wsgi [None req-40e0d582-3f75-4835-8662-d16f6e7a1123 c_rally_8b208d8f_hevPxq0q c_rally_8b208d8f_GuxIfPWl] Action: 'create', calling method: SecurityServiceController.create, body: {"security_service": {"type": "active_directory", "dns_ip": "fake_dns_ip", "server": "fake-server", "domain": "fake_domain", "user": "fake_user", "password": "***", "name": "s_rally_8b208d8f_GdRgd1bf", "description": "}} {{(pid=100451) _process_stack /opt/stack/manila/manila/api/openstack/wsgi.py:796}}
Feb 19 02:50:29.898914 np0000156492 devstack@m-api.service[100452]: INFO manila.api.openstack.wsgi [None req-24b30fce-24ec-4267-85e1-e6ebbafd8bdf c_rally_8b208d8f_hevPxq0q c_rally_8b208d8f_GuxIfPWl] https://199.19.213.223/share/v1/8461c20cb4a24d94a629c707cffa948b/security-services/c472a792-662d-4d73-8fcc-7f719a8c5f67 returned with HTTP 200
Feb 19 02:50:29.899361 np0000156492 devstack@m-api.service[100452]: [pid: 100452|app: 0|req: 229/463] 199.19.213.223 () {66 vars in 1520 bytes} [Thu Feb 19 02:50:29 2026] GET /share/v1/8461c20cb4a24d94a629c707cffa948b/security-services/c472a792-662d-4d73-8fcc-7f719a8c5f67 => generated 424 bytes in 9 msecs (HTTP/1.1 200) 7 headers in 296 bytes (1 switches on core 0)
Feb 19 02:50:29.901930 np0000156492 devstack@m-api.service[100452]: INFO manila.api.openstack.wsgi [None req-83f17bfb-a1cd-4540-93c1-523dfd4d089a c_rally_8b208d8f_hevPxq0q c_rally_8b208d8f_GuxIfPWl] GET https://199.19.213.223/share/v1/8461c20cb4a24d94a629c707cffa948b/security-services/f9a9bb71-c0cc-4b4f-929b-08ca1a981a7a
Feb 19 02:50:29.902248 np0000156492 devstack@m-api.service[100452]: DEBUG manila.api.openstack.wsgi [None req-83f17bfb-a1cd-4540-93c1-523dfd4d089a c_rally_8b208d8f_hevPxq0q c_rally_8b208d8f_GuxIfPWl] No Content-Type provided in request {{(pid=100452) get_body /opt/stack/manila/manila/api/openstack/wsgi.py:648}}
Feb 19 02:50:29.902452 np0000156492 devstack@m-api.service[100452]: DEBUG manila.api.openstack.wsgi [None req-83f17bfb-a1cd-4540-93c1-523dfd4d089a c_rally_8b208d8f_hevPxq0q c_rally_8b208d8f_GuxIfPWl] Calling method 'SecurityServiceController.show' {{(pid=100452) _process_stack /opt/stack/manila/manila/api/openstack/wsgi.py:798}}
Feb 19 02:50:29.905366 np0000156492 devstack@m-api.service[100451]: INFO manila.api.openstack.wsgi [None req-40e0d582-3f75-4835-8662-d16f6e7a1123 c_rally_8b208d8f_hevPxq0q c_rally_8b208d8f_GuxIfPWl] https://199.19.213.223/share/v1/8461c20cb4a24d94a629c707cffa948b/security-services returned with HTTP 200
Feb 19 02:50:29.906037 np0000156492 devstack@m-api.service[100451]: [pid: 100451|app: 0|req: 235/464] 199.19.213.223 () {70 vars in 1463 bytes} [Thu Feb 19 02:50:29 2026] POST /share/v1/8461c20cb4a24d94a629c707cffa948b/security-services => generated 424 bytes in 41 msecs (HTTP/1.1 200) 7 headers in 296 bytes (1 switches on core 0)
Feb 19 02:50:29.906868 np0000156492 devstack@m-api.service[100452]: INFO manila.api.openstack.wsgi [None req-83f17bfb-a1cd-4540-93c1-523dfd4d089a c_rally_8b208d8f_hevPxq0q c_rally_8b208d8f_GuxIfPWl] https://199.19.213.223/share/v1/8461c20cb4a24d94a629c707cffa948b/security-services/f9a9bb71-c0cc-4b4f-929b-08ca1a981a7a returned with HTTP 200
Feb 19 02:50:29.907448 np0000156492 devstack@m-api.service[100452]: [pid: 100452|app: 0|req: 230/465] 199.19.213.223 () {66 vars in 1520 bytes} [Thu Feb 19 02:50:29 2026] GET /share/v1/8461c20cb4a24d94a629c707cffa948b/security-services/f9a9bb71-c0cc-4b4f-929b-08ca1a981a7a => generated 424 bytes in 8 msecs (HTTP/1.1 200) 7 headers in 296 bytes (1 switches on core 0)
Feb 19 02:50:29.908258 np0000156492 devstack@m-api.service[100451]: INFO manila.api.openstack.wsgi [None req-06bd9867-ae26-4184-9df1-71f3675a885e c_rally_8b208d8f_hevPxq0q c_rally_8b208d8f_GuxIfPWl] GET https://199.19.213.223/share/v1/8461c20cb4a24d94a629c707cffa948b/security-services/775158ae-e5fb-4984-a70d-b2a4fae55f26
Feb 19 02:50:29.908448 np0000156492 devstack@m-api.service[100451]: DEBUG manila.api.openstack.wsgi [None req-06bd9867-ae26-4184-9df1-71f3675a885e c_rally_8b208d8f_hevPxq0q c_rally_8b208d8f_GuxIfPWl] No Content-Type provided in request {{(pid=100451) get_body /opt/stack/manila/manila/api/openstack/wsgi.py:648}}
Feb 19 02:50:29.908882 np0000156492 devstack@m-api.service[100451]: DEBUG manila.api.openstack.wsgi [None req-06bd9867-ae26-4184-9df1-71f3675a885e c_rally_8b208d8f_hevPxq0q c_rally_8b208d8f_GuxIfPWl] Calling method 'SecurityServiceController.show' {{(pid=100451) _process_stack /opt/stack/manila/manila/api/openstack/wsgi.py:798}}
Feb 19 02:50:29.912118 np0000156492 devstack@m-api.service[100452]: INFO manila.api.openstack.wsgi [None req-4e7bd5ce-845c-4e73-a61d-76deac2debdd c_rally_8b208d8f_hevPxq0q c_rally_8b208d8f_GuxIfPWl] GET https://199.19.213.223/share/v1/8461c20cb4a24d94a629c707cffa948b/security-services/918d32fb-99b4-4ce3-868e-61ad2c94ec7a
Feb 19 02:50:29.912267 np0000156492 devstack@m-api.service[100452]: DEBUG manila.api.openstack.wsgi [None req-4e7bd5ce-845c-4e73-a61d-76deac2debdd c_rally_8b208d8f_hevPxq0q c_rally_8b208d8f_GuxIfPWl] No Content-Type provided in request {{(pid=100452) get_body /opt/stack/manila/manila/api/openstack/wsgi.py:648}}
Feb 19 02:50:29.912394 np0000156492 devstack@m-api.service[100452]: DEBUG manila.api.openstack.wsgi [None req-4e7bd5ce-845c-4e73-a61d-76deac2debdd c_rally_8b208d8f_hevPxq0q c_rally_8b208d8f_GuxIfPWl] Calling method 'SecurityServiceController.show' {{(pid=100452) _process_stack /opt/stack/manila/manila/api/openstack/wsgi.py:798}}
Feb 19 02:50:29.915815 np0000156492 devstack@m-api.service[100451]: INFO manila.api.openstack.wsgi [None req-06bd9867-ae26-4184-9df1-71f3675a885e c_rally_8b208d8f_hevPxq0q c_rally_8b208d8f_GuxIfPWl] https://199.19.213.223/share/v1/8461c20cb4a24d94a629c707cffa948b/security-services/775158ae-e5fb-4984-a70d-b2a4fae55f26 returned with HTTP 200
Feb 19 02:50:29.916079 np0000156492 devstack@m-api.service[100451]: [pid: 100451|app: 0|req: 236/466] 199.19.213.223 () {66 vars in 1520 bytes} [Thu Feb 19 02:50:29 2026] GET /share/v1/8461c20cb4a24d94a629c707cffa948b/security-services/775158ae-e5fb-4984-a70d-b2a4fae55f26 => generated 424 bytes in 10 msecs (HTTP/1.1 200) 7 headers in 296 bytes (1 switches on core 0)
Feb 19 02:50:29.916482 np0000156492 devstack@m-api.service[100452]: INFO manila.api.openstack.wsgi [None req-4e7bd5ce-845c-4e73-a61d-76deac2debdd c_rally_8b208d8f_hevPxq0q c_rally_8b208d8f_GuxIfPWl] https://199.19.213.223/share/v1/8461c20cb4a24d94a629c707cffa948b/security-services/918d32fb-99b4-4ce3-868e-61ad2c94ec7a returned with HTTP 200
Feb 19 02:50:29.916846 np0000156492 devstack@m-api.service[100452]: [pid: 100452|app: 0|req: 231/467] 199.19.213.223 () {66 vars in 1520 bytes} [Thu Feb 19 02:50:29 2026] GET /share/v1/8461c20cb4a24d94a629c707cffa948b/security-services/918d32fb-99b4-4ce3-868e-61ad2c94ec7a => generated 424 bytes in 9 msecs (HTTP/1.1 200) 7 headers in 296 bytes (1 switches on core 0)
Feb 19 02:50:29.918928 np0000156492 devstack@m-api.service[100451]: INFO manila.api.openstack.wsgi [None req-59c608f3-f583-46fd-be59-31e2a4165c83 c_rally_8b208d8f_hevPxq0q c_rally_8b208d8f_GuxIfPWl] GET https://199.19.213.223/share/v1/8461c20cb4a24d94a629c707cffa948b/security-services/dee0b237-4b5c-4da0-a7be-e40222fb0bd6
Feb 19 02:50:29.921164 np0000156492 devstack@m-api.service[100451]: DEBUG manila.api.openstack.wsgi [None req-59c608f3-f583-46fd-be59-31e2a4165c83 c_rally_8b208d8f_hevPxq0q c_rally_8b208d8f_GuxIfPWl] No Content-Type provided in request {{(pid=100451) get_body /opt/stack/manila/manila/api/openstack/wsgi.py:648}}
Feb 19 02:50:29.921326 np0000156492 devstack@m-api.service[100451]: DEBUG manila.api.openstack.wsgi [None req-59c608f3-f583-46fd-be59-31e2a4165c83 c_rally_8b208d8f_hevPxq0q c_rally_8b208d8f_GuxIfPWl] Calling method 'SecurityServiceController.show' {{(pid=100451) _process_stack /opt/stack/manila/manila/api/openstack/wsgi.py:798}}
Feb 19 02:50:29.923480 np0000156492 devstack@m-api.service[100452]: INFO manila.api.openstack.wsgi [None req-cbed8f5a-f246-4693-a4ec-3ddc42aad1ba c_rally_8b208d8f_hevPxq0q c_rally_8b208d8f_GuxIfPWl] DELETE https://199.19.213.223/share/v1/8461c20cb4a24d94a629c707cffa948b/security-services/7e6cd4ef-05c2-4550-9824-2068d1ce78da
Feb 19 02:50:29.923823 np0000156492 devstack@m-api.service[100452]: DEBUG manila.api.openstack.wsgi [None req-cbed8f5a-f246-4693-a4ec-3ddc42aad1ba c_rally_8b208d8f_hevPxq0q c_rally_8b208d8f_GuxIfPWl] No Content-Type provided in request {{(pid=100452) get_body /opt/stack/manila/manila/api/openstack/wsgi.py:648}}
Feb 19 02:50:29.924395 np0000156492 devstack@m-api.service[100452]: DEBUG manila.api.openstack.wsgi [None req-cbed8f5a-f246-4693-a4ec-3ddc42aad1ba c_rally_8b208d8f_hevPxq0q c_rally_8b208d8f_GuxIfPWl] Calling method 'SecurityServiceController.delete' {{(pid=100452) _process_stack /opt/stack/manila/manila/api/openstack/wsgi.py:798}}
Feb 19 02:50:29.924627 np0000156492 devstack@m-api.service[100452]: INFO manila.api.v2.security_service [None req-cbed8f5a-f246-4693-a4ec-3ddc42aad1ba c_rally_8b208d8f_hevPxq0q c_rally_8b208d8f_GuxIfPWl] Delete security service with id: 7e6cd4ef-05c2-4550-9824-2068d1ce78da
Feb 19 02:50:29.924660 np0000156492 devstack@m-api.service[100451]: INFO manila.api.openstack.wsgi [None req-59c608f3-f583-46fd-be59-31e2a4165c83 c_rally_8b208d8f_hevPxq0q c_rally_8b208d8f_GuxIfPWl] https://199.19.213.223/share/v1/8461c20cb4a24d94a629c707cffa948b/security-services/dee0b237-4b5c-4da0-a7be-e40222fb0bd6 returned with HTTP 200
Feb 19 02:50:29.925094 np0000156492 devstack@m-api.service[100451]: [pid: 100451|app: 0|req: 237/468] 199.19.213.223 () {66 vars in 1520 bytes} [Thu Feb 19 02:50:29 2026] GET /share/v1/8461c20cb4a24d94a629c707cffa948b/security-services/dee0b237-4b5c-4da0-a7be-e40222fb0bd6 => generated 424 bytes in 8 msecs (HTTP/1.1 200) 7 headers in 296 bytes (1 switches on core 0)
Feb 19 02:50:29.930004 np0000156492 devstack@m-api.service[100451]: INFO manila.api.openstack.wsgi [None req-cac865ec-73b0-495c-a7dd-8bcddbd0ddb7 c_rally_8b208d8f_hevPxq0q c_rally_8b208d8f_GuxIfPWl] GET https://199.19.213.223/share/v1/8461c20cb4a24d94a629c707cffa948b/security-services/8c758f10-8fa4-40a1-87e7-03edd50aa725
Feb 19 02:50:29.930139 np0000156492 devstack@m-api.service[100451]: DEBUG manila.api.openstack.wsgi [None req-cac865ec-73b0-495c-a7dd-8bcddbd0ddb7 c_rally_8b208d8f_hevPxq0q c_rally_8b208d8f_GuxIfPWl] No Content-Type provided in request {{(pid=100451) get_body /opt/stack/manila/manila/api/openstack/wsgi.py:648}}
Feb 19 02:50:29.930292 np0000156492 devstack@m-api.service[100451]: DEBUG manila.api.openstack.wsgi [None req-cac865ec-73b0-495c-a7dd-8bcddbd0ddb7 c_rally_8b208d8f_hevPxq0q c_rally_8b208d8f_GuxIfPWl] Calling method 'SecurityServiceController.show' {{(pid=100451) _process_stack /opt/stack/manila/manila/api/openstack/wsgi.py:798}}
Feb 19 02:50:29.936365 np0000156492 devstack@m-api.service[100451]: INFO manila.api.openstack.wsgi [None req-cac865ec-73b0-495c-a7dd-8bcddbd0ddb7 c_rally_8b208d8f_hevPxq0q c_rally_8b208d8f_GuxIfPWl] https://199.19.213.223/share/v1/8461c20cb4a24d94a629c707cffa948b/security-services/8c758f10-8fa4-40a1-87e7-03edd50aa725 returned with HTTP 200
Feb 19 02:50:29.936883 np0000156492 devstack@m-api.service[100451]: [pid: 100451|app: 0|req: 238/469] 199.19.213.223 () {66 vars in 1520 bytes} [Thu Feb 19 02:50:29 2026] GET /share/v1/8461c20cb4a24d94a629c707cffa948b/security-services/8c758f10-8fa4-40a1-87e7-03edd50aa725 => generated 424 bytes in 11 msecs (HTTP/1.1 200) 7 headers in 296 bytes (1 switches on core 0)
Feb 19 02:50:29.938741 np0000156492 devstack@m-api.service[100451]: INFO manila.api.openstack.wsgi [None req-64a423e4-ea82-459b-94fe-d1947f9a9993 c_rally_8b208d8f_hevPxq0q c_rally_8b208d8f_GuxIfPWl] GET https://199.19.213.223/share/v1/8461c20cb4a24d94a629c707cffa948b/security-services/107b628d-480c-476e-bcad-983e08471e27
Feb 19 02:50:29.939212 np0000156492 devstack@m-api.service[100452]: INFO manila.api.openstack.wsgi [None req-cbed8f5a-f246-4693-a4ec-3ddc42aad1ba c_rally_8b208d8f_hevPxq0q c_rally_8b208d8f_GuxIfPWl] https://199.19.213.223/share/v1/8461c20cb4a24d94a629c707cffa948b/security-services/7e6cd4ef-05c2-4550-9824-2068d1ce78da returned with HTTP 202
Feb 19 02:50:29.940682 np0000156492 devstack@m-api.service[100452]: [pid: 100452|app: 0|req: 232/470] 199.19.213.223 () {68 vars in 1542 bytes} [Thu Feb 19 02:50:29 2026] DELETE /share/v1/8461c20cb4a24d94a629c707cffa948b/security-services/7e6cd4ef-05c2-4550-9824-2068d1ce78da => generated 0 bytes in 22 msecs (HTTP/1.1 202) 7 headers in 308 bytes (1 switches on core 0)
Feb 19 02:50:29.940780 np0000156492 devstack@m-api.service[100451]: DEBUG manila.api.openstack.wsgi [None req-64a423e4-ea82-459b-94fe-d1947f9a9993 c_rally_8b208d8f_hevPxq0q c_rally_8b208d8f_GuxIfPWl] No Content-Type provided in request {{(pid=100451) get_body /opt/stack/manila/manila/api/openstack/wsgi.py:648}}
Feb 19 02:50:29.940889 np0000156492 devstack@m-api.service[100451]: DEBUG manila.api.openstack.wsgi [None req-64a423e4-ea82-459b-94fe-d1947f9a9993 c_rally_8b208d8f_hevPxq0q c_rally_8b208d8f_GuxIfPWl] Calling method 'SecurityServiceController.show' {{(pid=100451) _process_stack /opt/stack/manila/manila/api/openstack/wsgi.py:798}}
Feb 19 02:50:29.941838 np0000156492 devstack@m-api.service[100452]: INFO manila.api.openstack.wsgi [None req-e9f7d330-9cc8-4078-94ab-c95ffa50ac4b c_rally_8b208d8f_hevPxq0q c_rally_8b208d8f_GuxIfPWl] GET https://199.19.213.223/share/v1/8461c20cb4a24d94a629c707cffa948b/security-services/f2ed7fc7-7a20-4d96-adfc-ccaa1367c2d0
Feb 19 02:50:29.941977 np0000156492 devstack@m-api.service[100452]: DEBUG manila.api.openstack.wsgi [None req-e9f7d330-9cc8-4078-94ab-c95ffa50ac4b c_rally_8b208d8f_hevPxq0q c_rally_8b208d8f_GuxIfPWl] No Content-Type provided in request {{(pid=100452) get_body /opt/stack/manila/manila/api/openstack/wsgi.py:648}}
Feb 19 02:50:29.942124 np0000156492 devstack@m-api.service[100452]: DEBUG manila.api.openstack.wsgi [None req-e9f7d330-9cc8-4078-94ab-c95ffa50ac4b c_rally_8b208d8f_hevPxq0q c_rally_8b208d8f_GuxIfPWl] Calling method 'SecurityServiceController.show' {{(pid=100452) _process_stack /opt/stack/manila/manila/api/openstack/wsgi.py:798}}
Feb 19 02:50:29.944686 np0000156492 devstack@m-api.service[100452]: INFO manila.api.openstack.wsgi [None req-e9f7d330-9cc8-4078-94ab-c95ffa50ac4b c_rally_8b208d8f_hevPxq0q c_rally_8b208d8f_GuxIfPWl] https://199.19.213.223/share/v1/8461c20cb4a24d94a629c707cffa948b/security-services/f2ed7fc7-7a20-4d96-adfc-ccaa1367c2d0 returned with HTTP 200
Feb 19 02:50:29.944769 np0000156492 devstack@m-api.service[100451]: INFO manila.api.openstack.wsgi [None req-64a423e4-ea82-459b-94fe-d1947f9a9993 c_rally_8b208d8f_hevPxq0q c_rally_8b208d8f_GuxIfPWl] https://199.19.213.223/share/v1/8461c20cb4a24d94a629c707cffa948b/security-services/107b628d-480c-476e-bcad-983e08471e27 returned with HTTP 200
Feb 19 02:50:29.945090 np0000156492 devstack@m-api.service[100451]: [pid: 100451|app: 0|req: 239/471] 199.19.213.223 () {66 vars in 1520 bytes} [Thu Feb 19 02:50:29 2026] GET /share/v1/8461c20cb4a24d94a629c707cffa948b/security-services/107b628d-480c-476e-bcad-983e08471e27 => generated 424 bytes in 8 msecs (HTTP/1.1 200) 7 headers in 296 bytes (1 switches on core 0)
Feb 19 02:50:29.945206 np0000156492 devstack@m-api.service[100452]: [pid: 100452|app: 0|req: 233/472] 199.19.213.223 () {66 vars in 1520 bytes} [Thu Feb 19 02:50:29 2026] GET /share/v1/8461c20cb4a24d94a629c707cffa948b/security-services/f2ed7fc7-7a20-4d96-adfc-ccaa1367c2d0 => generated 424 bytes in 5 msecs (HTTP/1.1 200) 7 headers in 296 bytes (1 switches on core 0)
Feb 19 02:50:29.961620 np0000156492 devstack@m-api.service[100451]: INFO manila.api.openstack.wsgi [None req-b78cb46e-b252-4b40-8bac-d0496f2ea6ec c_rally_8b208d8f_hevPxq0q c_rally_8b208d8f_GuxIfPWl] DELETE https://199.19.213.223/share/v1/8461c20cb4a24d94a629c707cffa948b/security-services/c472a792-662d-4d73-8fcc-7f719a8c5f67
Feb 19 02:50:29.962198 np0000156492 devstack@m-api.service[100451]: DEBUG manila.api.openstack.wsgi [None req-b78cb46e-b252-4b40-8bac-d0496f2ea6ec c_rally_8b208d8f_hevPxq0q c_rally_8b208d8f_GuxIfPWl] No Content-Type provided in request {{(pid=100451) get_body /opt/stack/manila/manila/api/openstack/wsgi.py:648}}
Feb 19 02:50:29.962198 np0000156492 devstack@m-api.service[100451]: DEBUG manila.api.openstack.wsgi [None req-b78cb46e-b252-4b40-8bac-d0496f2ea6ec c_rally_8b208d8f_hevPxq0q c_rally_8b208d8f_GuxIfPWl] Calling method 'SecurityServiceController.delete' {{(pid=100451) _process_stack /opt/stack/manila/manila/api/openstack/wsgi.py:798}}
Feb 19 02:50:29.962198 np0000156492 devstack@m-api.service[100451]: INFO manila.api.v2.security_service [None req-b78cb46e-b252-4b40-8bac-d0496f2ea6ec c_rally_8b208d8f_hevPxq0q c_rally_8b208d8f_GuxIfPWl] Delete security service with id: c472a792-662d-4d73-8fcc-7f719a8c5f67
Feb 19 02:50:29.965406 np0000156492 devstack@m-api.service[100452]: INFO manila.api.openstack.wsgi [None req-10748ffc-0211-45e3-a9c0-f57226dd3a90 c_rally_8b208d8f_hevPxq0q c_rally_8b208d8f_GuxIfPWl] DELETE https://199.19.213.223/share/v1/8461c20cb4a24d94a629c707cffa948b/security-services/775158ae-e5fb-4984-a70d-b2a4fae55f26
Feb 19 02:50:29.965589 np0000156492 devstack@m-api.service[100452]: DEBUG manila.api.openstack.wsgi [None req-10748ffc-0211-45e3-a9c0-f57226dd3a90 c_rally_8b208d8f_hevPxq0q c_rally_8b208d8f_GuxIfPWl] No Content-Type provided in request {{(pid=100452) get_body /opt/stack/manila/manila/api/openstack/wsgi.py:648}}
Feb 19 02:50:29.965810 np0000156492 devstack@m-api.service[100452]: DEBUG manila.api.openstack.wsgi [None req-10748ffc-0211-45e3-a9c0-f57226dd3a90 c_rally_8b208d8f_hevPxq0q c_rally_8b208d8f_GuxIfPWl] Calling method 'SecurityServiceController.delete' {{(pid=100452) _process_stack /opt/stack/manila/manila/api/openstack/wsgi.py:798}}
Feb 19 02:50:29.965968 np0000156492 devstack@m-api.service[100452]: INFO manila.api.v2.security_service [None req-10748ffc-0211-45e3-a9c0-f57226dd3a90 c_rally_8b208d8f_hevPxq0q c_rally_8b208d8f_GuxIfPWl] Delete security service with id: 775158ae-e5fb-4984-a70d-b2a4fae55f26
Feb 19 02:50:29.975534 np0000156492 devstack@m-api.service[100451]: INFO manila.api.openstack.wsgi [None req-b78cb46e-b252-4b40-8bac-d0496f2ea6ec c_rally_8b208d8f_hevPxq0q c_rally_8b208d8f_GuxIfPWl] https://199.19.213.223/share/v1/8461c20cb4a24d94a629c707cffa948b/security-services/c472a792-662d-4d73-8fcc-7f719a8c5f67 returned with HTTP 202
Feb 19 02:50:29.975948 np0000156492 devstack@m-api.service[100451]: [pid: 100451|app: 0|req: 240/473] 199.19.213.223 () {68 vars in 1542 bytes} [Thu Feb 19 02:50:29 2026] DELETE /share/v1/8461c20cb4a24d94a629c707cffa948b/security-services/c472a792-662d-4d73-8fcc-7f719a8c5f67 => generated 0 bytes in 19 msecs (HTTP/1.1 202) 7 headers in 308 bytes (1 switches on core 0)
Feb 19 02:50:29.977898 np0000156492 devstack@m-api.service[100451]: INFO manila.api.openstack.wsgi [None req-5270732c-b76c-4a68-837e-817e02372b4e c_rally_8b208d8f_hevPxq0q c_rally_8b208d8f_GuxIfPWl] DELETE https://199.19.213.223/share/v1/8461c20cb4a24d94a629c707cffa948b/security-services/918d32fb-99b4-4ce3-868e-61ad2c94ec7a
Feb 19 02:50:29.978034 np0000156492 devstack@m-api.service[100451]: DEBUG manila.api.openstack.wsgi [None req-5270732c-b76c-4a68-837e-817e02372b4e c_rally_8b208d8f_hevPxq0q c_rally_8b208d8f_GuxIfPWl] No Content-Type provided in request {{(pid=100451) get_body /opt/stack/manila/manila/api/openstack/wsgi.py:648}}
Feb 19 02:50:29.978189 np0000156492 devstack@m-api.service[100451]: DEBUG manila.api.openstack.wsgi [None req-5270732c-b76c-4a68-837e-817e02372b4e c_rally_8b208d8f_hevPxq0q c_rally_8b208d8f_GuxIfPWl] Calling method 'SecurityServiceController.delete' {{(pid=100451) _process_stack /opt/stack/manila/manila/api/openstack/wsgi.py:798}}
Feb 19 02:50:29.978290 np0000156492 devstack@m-api.service[100451]: INFO manila.api.v2.security_service [None req-5270732c-b76c-4a68-837e-817e02372b4e c_rally_8b208d8f_hevPxq0q c_rally_8b208d8f_GuxIfPWl] Delete security service with id: 918d32fb-99b4-4ce3-868e-61ad2c94ec7a
Feb 19 02:50:29.979772 np0000156492 devstack@m-api.service[100452]: INFO manila.api.openstack.wsgi [None req-10748ffc-0211-45e3-a9c0-f57226dd3a90 c_rally_8b208d8f_hevPxq0q c_rally_8b208d8f_GuxIfPWl] https://199.19.213.223/share/v1/8461c20cb4a24d94a629c707cffa948b/security-services/775158ae-e5fb-4984-a70d-b2a4fae55f26 returned with HTTP 202
Feb 19 02:50:29.980140 np0000156492 devstack@m-api.service[100452]: [pid: 100452|app: 0|req: 234/474] 199.19.213.223 () {68 vars in 1542 bytes} [Thu Feb 19 02:50:29 2026] DELETE /share/v1/8461c20cb4a24d94a629c707cffa948b/security-services/775158ae-e5fb-4984-a70d-b2a4fae55f26 => generated 0 bytes in 17 msecs (HTTP/1.1 202) 7 headers in 308 bytes (1 switches on core 0)
Feb 19 02:50:29.981953 np0000156492 devstack@m-api.service[100452]: INFO manila.api.openstack.wsgi [None req-30d99a04-4953-4c30-b351-a2e9dbd9e6bd c_rally_8b208d8f_hevPxq0q c_rally_8b208d8f_GuxIfPWl] DELETE https://199.19.213.223/share/v1/8461c20cb4a24d94a629c707cffa948b/security-services/f9a9bb71-c0cc-4b4f-929b-08ca1a981a7a
Feb 19 02:50:29.982139 np0000156492 devstack@m-api.service[100452]: DEBUG manila.api.openstack.wsgi [None req-30d99a04-4953-4c30-b351-a2e9dbd9e6bd c_rally_8b208d8f_hevPxq0q c_rally_8b208d8f_GuxIfPWl] No Content-Type provided in request {{(pid=100452) get_body /opt/stack/manila/manila/api/openstack/wsgi.py:648}}
Feb 19 02:50:29.982339 np0000156492 devstack@m-api.service[100452]: DEBUG manila.api.openstack.wsgi [None req-30d99a04-4953-4c30-b351-a2e9dbd9e6bd c_rally_8b208d8f_hevPxq0q c_rally_8b208d8f_GuxIfPWl] Calling method 'SecurityServiceController.delete' {{(pid=100452) _process_stack /opt/stack/manila/manila/api/openstack/wsgi.py:798}}
Feb 19 02:50:29.982475 np0000156492 devstack@m-api.service[100452]: INFO manila.api.v2.security_service [None req-30d99a04-4953-4c30-b351-a2e9dbd9e6bd c_rally_8b208d8f_hevPxq0q c_rally_8b208d8f_GuxIfPWl] Delete security service with id: f9a9bb71-c0cc-4b4f-929b-08ca1a981a7a
Feb 19 02:50:29.991924 np0000156492 devstack@m-api.service[100451]: INFO manila.api.openstack.wsgi [None req-5270732c-b76c-4a68-837e-817e02372b4e c_rally_8b208d8f_hevPxq0q c_rally_8b208d8f_GuxIfPWl] https://199.19.213.223/share/v1/8461c20cb4a24d94a629c707cffa948b/security-services/918d32fb-99b4-4ce3-868e-61ad2c94ec7a returned with HTTP 202
Feb 19 02:50:29.992236 np0000156492 devstack@m-api.service[100451]: [pid: 100451|app: 0|req: 241/475] 199.19.213.223 () {68 vars in 1542 bytes} [Thu Feb 19 02:50:29 2026] DELETE /share/v1/8461c20cb4a24d94a629c707cffa948b/security-services/918d32fb-99b4-4ce3-868e-61ad2c94ec7a => generated 0 bytes in 16 msecs (HTTP/1.1 202) 7 headers in 308 bytes (1 switches on core 0)
Feb 19 02:50:29.993963 np0000156492 devstack@m-api.service[100451]: INFO manila.api.openstack.wsgi [None req-ecc57aec-94d6-490b-9434-f653274eb2cf c_rally_8b208d8f_hevPxq0q c_rally_8b208d8f_GuxIfPWl] DELETE https://199.19.213.223/share/v1/8461c20cb4a24d94a629c707cffa948b/security-services/dee0b237-4b5c-4da0-a7be-e40222fb0bd6
Feb 19 02:50:29.994097 np0000156492 devstack@m-api.service[100451]: DEBUG manila.api.openstack.wsgi [None req-ecc57aec-94d6-490b-9434-f653274eb2cf c_rally_8b208d8f_hevPxq0q c_rally_8b208d8f_GuxIfPWl] No Content-Type provided in request {{(pid=100451) get_body /opt/stack/manila/manila/api/openstack/wsgi.py:648}}
Feb 19 02:50:29.994246 np0000156492 devstack@m-api.service[100451]: DEBUG manila.api.openstack.wsgi [None req-ecc57aec-94d6-490b-9434-f653274eb2cf c_rally_8b208d8f_hevPxq0q c_rally_8b208d8f_GuxIfPWl] Calling method 'SecurityServiceController.delete' {{(pid=100451) _process_stack /opt/stack/manila/manila/api/openstack/wsgi.py:798}}
Feb 19 02:50:29.994353 np0000156492 devstack@m-api.service[100451]: INFO manila.api.v2.security_service [None req-ecc57aec-94d6-490b-9434-f653274eb2cf c_rally_8b208d8f_hevPxq0q c_rally_8b208d8f_GuxIfPWl] Delete security service with id: dee0b237-4b5c-4da0-a7be-e40222fb0bd6
Feb 19 02:50:29.996090 np0000156492 devstack@m-api.service[100452]: INFO manila.api.openstack.wsgi [None req-30d99a04-4953-4c30-b351-a2e9dbd9e6bd c_rally_8b208d8f_hevPxq0q c_rally_8b208d8f_GuxIfPWl] https://199.19.213.223/share/v1/8461c20cb4a24d94a629c707cffa948b/security-services/f9a9bb71-c0cc-4b4f-929b-08ca1a981a7a returned with HTTP 202
Feb 19 02:50:29.996385 np0000156492 devstack@m-api.service[100452]: [pid: 100452|app: 0|req: 235/476] 199.19.213.223 () {68 vars in 1542 bytes} [Thu Feb 19 02:50:29 2026] DELETE /share/v1/8461c20cb4a24d94a629c707cffa948b/security-services/f9a9bb71-c0cc-4b4f-929b-08ca1a981a7a => generated 0 bytes in 16 msecs (HTTP/1.1 202) 7 headers in 308 bytes (1 switches on core 0)
Feb 19 02:50:29.998528 np0000156492 devstack@m-api.service[100452]: INFO manila.api.openstack.wsgi [None req-9cd5a523-8789-484e-82d7-260cd8d48481 c_rally_8b208d8f_hevPxq0q c_rally_8b208d8f_GuxIfPWl] GET https://199.19.213.223/share/v1/8461c20cb4a24d94a629c707cffa948b/security-services/2cb54411-cdd9-4f65-b9e5-aa6deca6ce94
Feb 19 02:50:29.998741 np0000156492 devstack@m-api.service[100452]: DEBUG manila.api.openstack.wsgi [None req-9cd5a523-8789-484e-82d7-260cd8d48481 c_rally_8b208d8f_hevPxq0q c_rally_8b208d8f_GuxIfPWl] No Content-Type provided in request {{(pid=100452) get_body /opt/stack/manila/manila/api/openstack/wsgi.py:648}}
Feb 19 02:50:29.999411 np0000156492 devstack@m-api.service[100452]: DEBUG manila.api.openstack.wsgi [None req-9cd5a523-8789-484e-82d7-260cd8d48481 c_rally_8b208d8f_hevPxq0q c_rally_8b208d8f_GuxIfPWl] Calling method 'SecurityServiceController.show' {{(pid=100452) _process_stack /opt/stack/manila/manila/api/openstack/wsgi.py:798}}
Feb 19 02:50:30.003218 np0000156492 devstack@m-api.service[100452]: INFO manila.api.openstack.wsgi [None req-9cd5a523-8789-484e-82d7-260cd8d48481 c_rally_8b208d8f_hevPxq0q c_rally_8b208d8f_GuxIfPWl] https://199.19.213.223/share/v1/8461c20cb4a24d94a629c707cffa948b/security-services/2cb54411-cdd9-4f65-b9e5-aa6deca6ce94 returned with HTTP 200
Feb 19 02:50:30.003661 np0000156492 devstack@m-api.service[100452]: [pid: 100452|app: 0|req: 236/477] 199.19.213.223 () {66 vars in 1520 bytes} [Thu Feb 19 02:50:29 2026] GET /share/v1/8461c20cb4a24d94a629c707cffa948b/security-services/2cb54411-cdd9-4f65-b9e5-aa6deca6ce94 => generated 424 bytes in 7 msecs (HTTP/1.1 200) 7 headers in 296 bytes (1 switches on core 0)
Feb 19 02:50:30.005986 np0000156492 devstack@m-api.service[100452]: INFO manila.api.openstack.wsgi [None req-0c5dbc8b-95fe-44b5-b517-b51d38f751fe c_rally_8b208d8f_hevPxq0q c_rally_8b208d8f_GuxIfPWl] DELETE https://199.19.213.223/share/v1/8461c20cb4a24d94a629c707cffa948b/security-services/107b628d-480c-476e-bcad-983e08471e27
Feb 19 02:50:30.006330 np0000156492 devstack@m-api.service[100452]: DEBUG manila.api.openstack.wsgi [None req-0c5dbc8b-95fe-44b5-b517-b51d38f751fe c_rally_8b208d8f_hevPxq0q c_rally_8b208d8f_GuxIfPWl] No Content-Type provided in request {{(pid=100452) get_body /opt/stack/manila/manila/api/openstack/wsgi.py:648}}
Feb 19 02:50:30.006574 np0000156492 devstack@m-api.service[100452]: DEBUG manila.api.openstack.wsgi [None req-0c5dbc8b-95fe-44b5-b517-b51d38f751fe c_rally_8b208d8f_hevPxq0q c_rally_8b208d8f_GuxIfPWl] Calling method 'SecurityServiceController.delete' {{(pid=100452) _process_stack /opt/stack/manila/manila/api/openstack/wsgi.py:798}}
Feb 19 02:50:30.006738 np0000156492 devstack@m-api.service[100452]: INFO manila.api.v2.security_service [None req-0c5dbc8b-95fe-44b5-b517-b51d38f751fe c_rally_8b208d8f_hevPxq0q c_rally_8b208d8f_GuxIfPWl] Delete security service with id: 107b628d-480c-476e-bcad-983e08471e27
Feb 19 02:50:30.012889 np0000156492 devstack@m-api.service[100451]: INFO manila.api.openstack.wsgi [None req-ecc57aec-94d6-490b-9434-f653274eb2cf c_rally_8b208d8f_hevPxq0q c_rally_8b208d8f_GuxIfPWl] https://199.19.213.223/share/v1/8461c20cb4a24d94a629c707cffa948b/security-services/dee0b237-4b5c-4da0-a7be-e40222fb0bd6 returned with HTTP 202
Feb 19 02:50:30.013291 np0000156492 devstack@m-api.service[100451]: [pid: 100451|app: 0|req: 242/478] 199.19.213.223 () {68 vars in 1542 bytes} [Thu Feb 19 02:50:29 2026] DELETE /share/v1/8461c20cb4a24d94a629c707cffa948b/security-services/dee0b237-4b5c-4da0-a7be-e40222fb0bd6 => generated 0 bytes in 21 msecs (HTTP/1.1 202) 7 headers in 308 bytes (1 switches on core 0)
Feb 19 02:50:30.015814 np0000156492 devstack@m-api.service[100451]: INFO manila.api.openstack.wsgi [None req-da2839f1-4236-4cb0-bb05-8cfb78b3d1f7 c_rally_8b208d8f_hevPxq0q c_rally_8b208d8f_GuxIfPWl] GET https://199.19.213.223/share/v1/8461c20cb4a24d94a629c707cffa948b/security-services/7e6cd4ef-05c2-4550-9824-2068d1ce78da
Feb 19 02:50:30.015958 np0000156492 devstack@m-api.service[100451]: DEBUG manila.api.openstack.wsgi [None req-da2839f1-4236-4cb0-bb05-8cfb78b3d1f7 c_rally_8b208d8f_hevPxq0q c_rally_8b208d8f_GuxIfPWl] No Content-Type provided in request {{(pid=100451) get_body /opt/stack/manila/manila/api/openstack/wsgi.py:648}}
Feb 19 02:50:30.016118 np0000156492 devstack@m-api.service[100451]: DEBUG manila.api.openstack.wsgi [None req-da2839f1-4236-4cb0-bb05-8cfb78b3d1f7 c_rally_8b208d8f_hevPxq0q c_rally_8b208d8f_GuxIfPWl] Calling method 'SecurityServiceController.show' {{(pid=100451) _process_stack /opt/stack/manila/manila/api/openstack/wsgi.py:798}}
