Feb 19 02:48:44.121303 np0000156492 devstack@m-api.service[100451]: [pid: 100451|app: 0|req: 64/124] 199.19.213.223 () {66 vars in 1426 bytes} [Thu Feb 19 02:48:43 2026] GET /share/v1/c2c0a764486444eab5b80eadf1c70d4e/shares/detail?is_public=True => generated 14 bytes in 197 msecs (HTTP/1.1 200) 7 headers in 295 bytes (1 switches on core 0)
Feb 19 02:48:44.642593 np0000156492 devstack@m-api.service[100452]: INFO manila.api.openstack.wsgi [None req-ed137b9e-0384-4903-afe5-4ba2e6989a1c c_rally_003fed73_PAeUwThU c_rally_003fed73_k46KC25l] GET https://199.19.213.223/share/v1/560cfe944e434c528a3fb6b8a1890f95/share-networks/detail
Feb 19 02:48:44.643181 np0000156492 devstack@m-api.service[100452]: DEBUG manila.api.openstack.wsgi [None req-ed137b9e-0384-4903-afe5-4ba2e6989a1c c_rally_003fed73_PAeUwThU c_rally_003fed73_k46KC25l] No Content-Type provided in request {{(pid=100452) get_body /opt/stack/manila/manila/api/openstack/wsgi.py:648}}
Feb 19 02:48:44.643181 np0000156492 devstack@m-api.service[100452]: DEBUG manila.api.openstack.wsgi [None req-ed137b9e-0384-4903-afe5-4ba2e6989a1c c_rally_003fed73_PAeUwThU c_rally_003fed73_k46KC25l] Calling method 'ShareNetworkController.detail' {{(pid=100452) _process_stack /opt/stack/manila/manila/api/openstack/wsgi.py:798}}
Feb 19 02:48:44.811875 np0000156492 devstack@m-api.service[100452]: INFO manila.api.openstack.wsgi [None req-ed137b9e-0384-4903-afe5-4ba2e6989a1c c_rally_003fed73_PAeUwThU c_rally_003fed73_k46KC25l] https://199.19.213.223/share/v1/560cfe944e434c528a3fb6b8a1890f95/share-networks/detail returned with HTTP 200
Feb 19 02:48:44.812336 np0000156492 devstack@m-api.service[100452]: [pid: 100452|app: 0|req: 61/125] 199.19.213.223 () {66 vars in 1421 bytes} [Thu Feb 19 02:48:44 2026] GET /share/v1/560cfe944e434c528a3fb6b8a1890f95/share-networks/detail => generated 401 bytes in 372 msecs (HTTP/1.1 200) 7 headers in 296 bytes (1 switches on core 0)
Feb 19 02:48:45.257152 np0000156492 devstack@m-api.service[100451]: INFO manila.api.openstack.wsgi [None req-f36222ad-9b93-4ac9-8069-25d381ded721 c_rally_003fed73_3A8jSaIs c_rally_003fed73_rIwGrCB2] GET https://199.19.213.223/share/v1/c2c0a764486444eab5b80eadf1c70d4e/share-networks/detail
Feb 19 02:48:45.257847 np0000156492 devstack@m-api.service[100451]: DEBUG manila.api.openstack.wsgi [None req-f36222ad-9b93-4ac9-8069-25d381ded721 c_rally_003fed73_3A8jSaIs c_rally_003fed73_rIwGrCB2] No Content-Type provided in request {{(pid=100451) get_body /opt/stack/manila/manila/api/openstack/wsgi.py:648}}
Feb 19 02:48:45.257847 np0000156492 devstack@m-api.service[100451]: DEBUG manila.api.openstack.wsgi [None req-f36222ad-9b93-4ac9-8069-25d381ded721 c_rally_003fed73_3A8jSaIs c_rally_003fed73_rIwGrCB2] Calling method 'ShareNetworkController.detail' {{(pid=100451) _process_stack /opt/stack/manila/manila/api/openstack/wsgi.py:798}}
Feb 19 02:48:45.294574 np0000156492 devstack@m-api.service[100451]: INFO manila.api.openstack.wsgi [None req-f36222ad-9b93-4ac9-8069-25d381ded721 c_rally_003fed73_3A8jSaIs c_rally_003fed73_rIwGrCB2] https://199.19.213.223/share/v1/c2c0a764486444eab5b80eadf1c70d4e/share-networks/detail returned with HTTP 200
Feb 19 02:48:45.295271 np0000156492 devstack@m-api.service[100451]: [pid: 100451|app: 0|req: 65/126] 199.19.213.223 () {66 vars in 1421 bytes} [Thu Feb 19 02:48:45 2026] GET /share/v1/c2c0a764486444eab5b80eadf1c70d4e/share-networks/detail => generated 401 bytes in 215 msecs (HTTP/1.1 200) 7 headers in 296 bytes (1 switches on core 0)
Feb 19 02:48:45.802865 np0000156492 devstack@m-api.service[100452]: INFO manila.api.openstack.wsgi [None req-7a9e9420-a269-475d-abf3-679dcae3f2c2 c_rally_003fed73_3A8jSaIs c_rally_003fed73_rIwGrCB2] DELETE https://199.19.213.223/share/v1/c2c0a764486444eab5b80eadf1c70d4e/share-networks/9f6c0104-65f8-439c-859d-266d5d3ce118
Feb 19 02:48:45.803376 np0000156492 devstack@m-api.service[100452]: DEBUG manila.api.openstack.wsgi [None req-7a9e9420-a269-475d-abf3-679dcae3f2c2 c_rally_003fed73_3A8jSaIs c_rally_003fed73_rIwGrCB2] No Content-Type provided in request {{(pid=100452) get_body /opt/stack/manila/manila/api/openstack/wsgi.py:648}}
Feb 19 02:48:45.803376 np0000156492 devstack@m-api.service[100452]: DEBUG manila.api.openstack.wsgi [None req-7a9e9420-a269-475d-abf3-679dcae3f2c2 c_rally_003fed73_3A8jSaIs c_rally_003fed73_rIwGrCB2] Calling method 'ShareNetworkController.delete' {{(pid=100452) _process_stack /opt/stack/manila/manila/api/openstack/wsgi.py:798}}
Feb 19 02:48:45.830921 np0000156492 devstack@m-api.service[100451]: INFO manila.api.openstack.wsgi [None req-4241d332-b21b-4fc3-ba6c-e198e0af18ed c_rally_003fed73_PAeUwThU c_rally_003fed73_k46KC25l] DELETE https://199.19.213.223/share/v1/560cfe944e434c528a3fb6b8a1890f95/share-networks/ad898450-ac3d-4c85-92a3-a880127f564b
Feb 19 02:48:45.831271 np0000156492 devstack@m-api.service[100451]: DEBUG manila.api.openstack.wsgi [None req-4241d332-b21b-4fc3-ba6c-e198e0af18ed c_rally_003fed73_PAeUwThU c_rally_003fed73_k46KC25l] No Content-Type provided in request {{(pid=100451) get_body /opt/stack/manila/manila/api/openstack/wsgi.py:648}}
Feb 19 02:48:45.831612 np0000156492 devstack@m-api.service[100451]: DEBUG manila.api.openstack.wsgi [None req-4241d332-b21b-4fc3-ba6c-e198e0af18ed c_rally_003fed73_PAeUwThU c_rally_003fed73_k46KC25l] Calling method 'ShareNetworkController.delete' {{(pid=100451) _process_stack /opt/stack/manila/manila/api/openstack/wsgi.py:798}}
Feb 19 02:48:45.902826 np0000156492 devstack@m-api.service[100452]: DEBUG manila.quota [None req-7a9e9420-a269-475d-abf3-679dcae3f2c2 c_rally_003fed73_3A8jSaIs c_rally_003fed73_rIwGrCB2] Created reservations ['afabab22-5af9-43ba-86df-96a2275a32f2'] {{(pid=100452) reserve /opt/stack/manila/manila/quota.py:1038}}
Feb 19 02:48:45.940529 np0000156492 devstack@m-api.service[100452]: DEBUG manila.quota [None req-7a9e9420-a269-475d-abf3-679dcae3f2c2 c_rally_003fed73_3A8jSaIs c_rally_003fed73_rIwGrCB2] Committed reservations ['afabab22-5af9-43ba-86df-96a2275a32f2'] {{(pid=100452) commit /opt/stack/manila/manila/quota.py:1066}}
Feb 19 02:48:45.940905 np0000156492 devstack@m-api.service[100452]: INFO manila.api.openstack.wsgi [None req-7a9e9420-a269-475d-abf3-679dcae3f2c2 c_rally_003fed73_3A8jSaIs c_rally_003fed73_rIwGrCB2] https://199.19.213.223/share/v1/c2c0a764486444eab5b80eadf1c70d4e/share-networks/9f6c0104-65f8-439c-859d-266d5d3ce118 returned with HTTP 202
Feb 19 02:48:45.941803 np0000156492 devstack@m-api.service[100452]: [pid: 100452|app: 0|req: 62/127] 199.19.213.223 () {68 vars in 1533 bytes} [Thu Feb 19 02:48:45 2026] DELETE /share/v1/c2c0a764486444eab5b80eadf1c70d4e/share-networks/9f6c0104-65f8-439c-859d-266d5d3ce118 => generated 0 bytes in 312 msecs (HTTP/1.1 202) 7 headers in 308 bytes (1 switches on core 0)
Feb 19 02:48:45.962089 np0000156492 devstack@m-api.service[100451]: DEBUG manila.quota [None req-4241d332-b21b-4fc3-ba6c-e198e0af18ed c_rally_003fed73_PAeUwThU c_rally_003fed73_k46KC25l] Created reservations ['ee1060e3-1ec9-445d-bb02-4d1f9376ceda'] {{(pid=100451) reserve /opt/stack/manila/manila/quota.py:1038}}
Feb 19 02:48:45.975650 np0000156492 devstack@m-api.service[100451]: DEBUG manila.quota [None req-4241d332-b21b-4fc3-ba6c-e198e0af18ed c_rally_003fed73_PAeUwThU c_rally_003fed73_k46KC25l] Committed reservations ['ee1060e3-1ec9-445d-bb02-4d1f9376ceda'] {{(pid=100451) commit /opt/stack/manila/manila/quota.py:1066}}
Feb 19 02:48:45.975987 np0000156492 devstack@m-api.service[100451]: INFO manila.api.openstack.wsgi [None req-4241d332-b21b-4fc3-ba6c-e198e0af18ed c_rally_003fed73_PAeUwThU c_rally_003fed73_k46KC25l] https://199.19.213.223/share/v1/560cfe944e434c528a3fb6b8a1890f95/share-networks/ad898450-ac3d-4c85-92a3-a880127f564b returned with HTTP 202
Feb 19 02:48:45.977007 np0000156492 devstack@m-api.service[100451]: [pid: 100451|app: 0|req: 66/128] 199.19.213.223 () {68 vars in 1533 bytes} [Thu Feb 19 02:48:45 2026] DELETE /share/v1/560cfe944e434c528a3fb6b8a1890f95/share-networks/ad898450-ac3d-4c85-92a3-a880127f564b => generated 0 bytes in 327 msecs (HTTP/1.1 202) 7 headers in 308 bytes (1 switches on core 0)
Feb 19 02:48:45.990764 np0000156492 devstack@m-api.service[100452]: INFO manila.api.openstack.wsgi [None req-ed73eb4d-013f-4205-b125-b099b3c033ea c_rally_003fed73_3A8jSaIs c_rally_003fed73_rIwGrCB2] GET https://199.19.213.223/share/v1/c2c0a764486444eab5b80eadf1c70d4e/share-networks/9f6c0104-65f8-439c-859d-266d5d3ce118
Feb 19 02:48:45.990992 np0000156492 devstack@m-api.service[100452]: DEBUG manila.api.openstack.wsgi [None req-ed73eb4d-013f-4205-b125-b099b3c033ea c_rally_003fed73_3A8jSaIs c_rally_003fed73_rIwGrCB2] No Content-Type provided in request {{(pid=100452) get_body /opt/stack/manila/manila/api/openstack/wsgi.py:648}}
Feb 19 02:48:45.991226 np0000156492 devstack@m-api.service[100452]: DEBUG manila.api.openstack.wsgi [None req-ed73eb4d-013f-4205-b125-b099b3c033ea c_rally_003fed73_3A8jSaIs c_rally_003fed73_rIwGrCB2] Calling method 'ShareNetworkController.show' {{(pid=100452) _process_stack /opt/stack/manila/manila/api/openstack/wsgi.py:798}}
Feb 19 02:48:46.000952 np0000156492 devstack@m-api.service[100452]: INFO manila.api.openstack.wsgi [None req-ed73eb4d-013f-4205-b125-b099b3c033ea c_rally_003fed73_3A8jSaIs c_rally_003fed73_rIwGrCB2] HTTP exception thrown: Share network 9f6c0104-65f8-439c-859d-266d5d3ce118 could not be found.
Feb 19 02:48:46.001099 np0000156492 devstack@m-api.service[100452]: INFO manila.api.openstack.wsgi [None req-ed73eb4d-013f-4205-b125-b099b3c033ea c_rally_003fed73_3A8jSaIs c_rally_003fed73_rIwGrCB2] https://199.19.213.223/share/v1/c2c0a764486444eab5b80eadf1c70d4e/share-networks/9f6c0104-65f8-439c-859d-266d5d3ce118 returned with HTTP 404
Feb 19 02:48:46.001558 np0000156492 devstack@m-api.service[100452]: [pid: 100452|app: 0|req: 63/129] 199.19.213.223 () {66 vars in 1511 bytes} [Thu Feb 19 02:48:45 2026] GET /share/v1/c2c0a764486444eab5b80eadf1c70d4e/share-networks/9f6c0104-65f8-439c-859d-266d5d3ce118 => generated 116 bytes in 14 msecs (HTTP/1.1 404) 7 headers in 303 bytes (1 switches on core 0)
Feb 19 02:48:46.029106 np0000156492 devstack@m-api.service[100451]: INFO manila.api.openstack.wsgi [None req-ff028c66-c85a-480a-9127-9029cb93c52a c_rally_003fed73_PAeUwThU c_rally_003fed73_k46KC25l] GET https://199.19.213.223/share/v1/560cfe944e434c528a3fb6b8a1890f95/share-networks/ad898450-ac3d-4c85-92a3-a880127f564b
Feb 19 02:48:46.029323 np0000156492 devstack@m-api.service[100451]: DEBUG manila.api.openstack.wsgi [None req-ff028c66-c85a-480a-9127-9029cb93c52a c_rally_003fed73_PAeUwThU c_rally_003fed73_k46KC25l] No Content-Type provided in request {{(pid=100451) get_body /opt/stack/manila/manila/api/openstack/wsgi.py:648}}
Feb 19 02:48:46.029534 np0000156492 devstack@m-api.service[100451]: DEBUG manila.api.openstack.wsgi [None req-ff028c66-c85a-480a-9127-9029cb93c52a c_rally_003fed73_PAeUwThU c_rally_003fed73_k46KC25l] Calling method 'ShareNetworkController.show' {{(pid=100451) _process_stack /opt/stack/manila/manila/api/openstack/wsgi.py:798}}
Feb 19 02:48:46.042209 np0000156492 devstack@m-api.service[100451]: INFO manila.api.openstack.wsgi [None req-ff028c66-c85a-480a-9127-9029cb93c52a c_rally_003fed73_PAeUwThU c_rally_003fed73_k46KC25l] HTTP exception thrown: Share network ad898450-ac3d-4c85-92a3-a880127f564b could not be found.
Feb 19 02:48:46.042398 np0000156492 devstack@m-api.service[100451]: INFO manila.api.openstack.wsgi [None req-ff028c66-c85a-480a-9127-9029cb93c52a c_rally_003fed73_PAeUwThU c_rally_003fed73_k46KC25l] https://199.19.213.223/share/v1/560cfe944e434c528a3fb6b8a1890f95/share-networks/ad898450-ac3d-4c85-92a3-a880127f564b returned with HTTP 404
Feb 19 02:48:46.042836 np0000156492 devstack@m-api.service[100451]: [pid: 100451|app: 0|req: 67/130] 199.19.213.223 () {66 vars in 1511 bytes} [Thu Feb 19 02:48:46 2026] GET /share/v1/560cfe944e434c528a3fb6b8a1890f95/share-networks/ad898450-ac3d-4c85-92a3-a880127f564b => generated 116 bytes in 17 msecs (HTTP/1.1 404) 7 headers in 303 bytes (1 switches on core 0)
Feb 19 02:48:47.525345 np0000156492 devstack@m-api.service[100452]: INFO manila.api.openstack.wsgi [None req-563b9e66-67c0-4f1f-b574-6d9227d538c7 c_rally_003fed73_PAeUwThU c_rally_003fed73_k46KC25l] GET https://199.19.213.223/share/v1/560cfe944e434c528a3fb6b8a1890f95/security-services/detail
Feb 19 02:48:47.525877 np0000156492 devstack@m-api.service[100452]: DEBUG manila.api.openstack.wsgi [None req-563b9e66-67c0-4f1f-b574-6d9227d538c7 c_rally_003fed73_PAeUwThU c_rally_003fed73_k46KC25l] No Content-Type provided in request {{(pid=100452) get_body /opt/stack/manila/manila/api/openstack/wsgi.py:648}}
Feb 19 02:48:47.526023 np0000156492 devstack@m-api.service[100452]: DEBUG manila.api.openstack.wsgi [None req-563b9e66-67c0-4f1f-b574-6d9227d538c7 c_rally_003fed73_PAeUwThU c_rally_003fed73_k46KC25l] Calling method 'SecurityServiceController.detail' {{(pid=100452) _process_stack /opt/stack/manila/manila/api/openstack/wsgi.py:798}}
Feb 19 02:48:47.532814 np0000156492 devstack@m-api.service[100452]: DEBUG manila.api.common [None req-563b9e66-67c0-4f1f-b574-6d9227d538c7 c_rally_003fed73_PAeUwThU c_rally_003fed73_k46KC25l] Removing options '' from query {{(pid=100452) remove_invalid_options /opt/stack/manila/manila/api/common.py:440}}
Feb 19 02:48:47.533008 np0000156492 devstack@m-api.service[100452]: INFO manila.api.openstack.wsgi [None req-563b9e66-67c0-4f1f-b574-6d9227d538c7 c_rally_003fed73_PAeUwThU c_rally_003fed73_k46KC25l] https://199.19.213.223/share/v1/560cfe944e434c528a3fb6b8a1890f95/security-services/detail returned with HTTP 200
Feb 19 02:48:47.533337 np0000156492 devstack@m-api.service[100452]: [pid: 100452|app: 0|req: 64/131] 199.19.213.223 () {66 vars in 1430 bytes} [Thu Feb 19 02:48:47 2026] GET /share/v1/560cfe944e434c528a3fb6b8a1890f95/security-services/detail => generated 25 bytes in 211 msecs (HTTP/1.1 200) 7 headers in 295 bytes (1 switches on core 0)
Feb 19 02:48:48.012038 np0000156492 devstack@m-api.service[100451]: INFO manila.api.openstack.wsgi [None req-1c905c1e-d3ce-42c3-86ef-1159df1642b4 c_rally_003fed73_3A8jSaIs c_rally_003fed73_rIwGrCB2] GET https://199.19.213.223/share/v1/c2c0a764486444eab5b80eadf1c70d4e/security-services/detail
Feb 19 02:48:48.012788 np0000156492 devstack@m-api.service[100451]: DEBUG manila.api.openstack.wsgi [None req-1c905c1e-d3ce-42c3-86ef-1159df1642b4 c_rally_003fed73_3A8jSaIs c_rally_003fed73_rIwGrCB2] No Content-Type provided in request {{(pid=100451) get_body /opt/stack/manila/manila/api/openstack/wsgi.py:648}}
Feb 19 02:48:48.012788 np0000156492 devstack@m-api.service[100451]: DEBUG manila.api.openstack.wsgi [None req-1c905c1e-d3ce-42c3-86ef-1159df1642b4 c_rally_003fed73_3A8jSaIs c_rally_003fed73_rIwGrCB2] Calling method 'SecurityServiceController.detail' {{(pid=100451) _process_stack /opt/stack/manila/manila/api/openstack/wsgi.py:798}}
Feb 19 02:48:48.018693 np0000156492 devstack@m-api.service[100451]: DEBUG manila.api.common [None req-1c905c1e-d3ce-42c3-86ef-1159df1642b4 c_rally_003fed73_3A8jSaIs c_rally_003fed73_rIwGrCB2] Removing options '' from query {{(pid=100451) remove_invalid_options /opt/stack/manila/manila/api/common.py:440}}
Feb 19 02:48:48.018905 np0000156492 devstack@m-api.service[100451]: INFO manila.api.openstack.wsgi [None req-1c905c1e-d3ce-42c3-86ef-1159df1642b4 c_rally_003fed73_3A8jSaIs c_rally_003fed73_rIwGrCB2] https://199.19.213.223/share/v1/c2c0a764486444eab5b80eadf1c70d4e/security-services/detail returned with HTTP 200
Feb 19 02:48:48.019354 np0000156492 devstack@m-api.service[100451]: [pid: 100451|app: 0|req: 68/132] 199.19.213.223 () {66 vars in 1430 bytes} [Thu Feb 19 02:48:47 2026] GET /share/v1/c2c0a764486444eab5b80eadf1c70d4e/security-services/detail => generated 25 bytes in 207 msecs (HTTP/1.1 200) 7 headers in 295 bytes (1 switches on core 0)
Feb 19 02:48:48.498702 np0000156492 devstack@m-api.service[100452]: INFO manila.api.openstack.wsgi [None req-d0eab335-3d9f-4640-8c05-07d681657115 c_rally_003fed73_PAeUwThU c_rally_003fed73_k46KC25l] GET https://199.19.213.223/share/v1/560cfe944e434c528a3fb6b8a1890f95/share-networks/detail
Feb 19 02:48:48.498940 np0000156492 devstack@m-api.service[100452]: DEBUG manila.api.openstack.wsgi [None req-d0eab335-3d9f-4640-8c05-07d681657115 c_rally_003fed73_PAeUwThU c_rally_003fed73_k46KC25l] No Content-Type provided in request {{(pid=100452) get_body /opt/stack/manila/manila/api/openstack/wsgi.py:648}}
Feb 19 02:48:48.499174 np0000156492 devstack@m-api.service[100452]: DEBUG manila.api.openstack.wsgi [None req-d0eab335-3d9f-4640-8c05-07d681657115 c_rally_003fed73_PAeUwThU c_rally_003fed73_k46KC25l] Calling method 'ShareNetworkController.detail' {{(pid=100452) _process_stack /opt/stack/manila/manila/api/openstack/wsgi.py:798}}
Feb 19 02:48:48.510183 np0000156492 devstack@m-api.service[100452]: INFO manila.api.openstack.wsgi [None req-d0eab335-3d9f-4640-8c05-07d681657115 c_rally_003fed73_PAeUwThU c_rally_003fed73_k46KC25l] https://199.19.213.223/share/v1/560cfe944e434c528a3fb6b8a1890f95/share-networks/detail returned with HTTP 200
Feb 19 02:48:48.510602 np0000156492 devstack@m-api.service[100452]: [pid: 100452|app: 0|req: 65/133] 199.19.213.223 () {66 vars in 1421 bytes} [Thu Feb 19 02:48:48 2026] GET /share/v1/560cfe944e434c528a3fb6b8a1890f95/share-networks/detail => generated 22 bytes in 208 msecs (HTTP/1.1 200) 7 headers in 295 bytes (1 switches on core 0)
Feb 19 02:48:48.983158 np0000156492 devstack@m-api.service[100451]: INFO manila.api.openstack.wsgi [None req-ce31c55c-f0c4-4fbf-ab36-2856620f346b c_rally_003fed73_3A8jSaIs c_rally_003fed73_rIwGrCB2] GET https://199.19.213.223/share/v1/c2c0a764486444eab5b80eadf1c70d4e/share-networks/detail
Feb 19 02:48:48.983454 np0000156492 devstack@m-api.service[100451]: DEBUG manila.api.openstack.wsgi [None req-ce31c55c-f0c4-4fbf-ab36-2856620f346b c_rally_003fed73_3A8jSaIs c_rally_003fed73_rIwGrCB2] No Content-Type provided in request {{(pid=100451) get_body /opt/stack/manila/manila/api/openstack/wsgi.py:648}}
Feb 19 02:48:48.983853 np0000156492 devstack@m-api.service[100451]: DEBUG manila.api.openstack.wsgi [None req-ce31c55c-f0c4-4fbf-ab36-2856620f346b c_rally_003fed73_3A8jSaIs c_rally_003fed73_rIwGrCB2] Calling method 'ShareNetworkController.detail' {{(pid=100451) _process_stack /opt/stack/manila/manila/api/openstack/wsgi.py:798}}
Feb 19 02:48:48.996870 np0000156492 devstack@m-api.service[100451]: INFO manila.api.openstack.wsgi [None req-ce31c55c-f0c4-4fbf-ab36-2856620f346b c_rally_003fed73_3A8jSaIs c_rally_003fed73_rIwGrCB2] https://199.19.213.223/share/v1/c2c0a764486444eab5b80eadf1c70d4e/share-networks/detail returned with HTTP 200
Feb 19 02:48:48.997195 np0000156492 devstack@m-api.service[100451]: [pid: 100451|app: 0|req: 69/134] 199.19.213.223 () {66 vars in 1421 bytes} [Thu Feb 19 02:48:48 2026] GET /share/v1/c2c0a764486444eab5b80eadf1c70d4e/share-networks/detail => generated 22 bytes in 200 msecs (HTTP/1.1 200) 7 headers in 295 bytes (1 switches on core 0)
Feb 19 02:48:49.045886 np0000156492 devstack@m-api.service[100452]: INFO manila.api.openstack.wsgi [None req-42f49c40-397e-41d9-81e6-a87ef25b1734 admin admin] DELETE https://199.19.213.223/share/v1/0b7bb56f118c42cd97eb65e8dc3055c9/os-quota-sets/560cfe944e434c528a3fb6b8a1890f95
Feb 19 02:48:49.046330 np0000156492 devstack@m-api.service[100452]: DEBUG manila.api.openstack.wsgi [None req-42f49c40-397e-41d9-81e6-a87ef25b1734 admin admin] No Content-Type provided in request {{(pid=100452) get_body /opt/stack/manila/manila/api/openstack/wsgi.py:648}}
Feb 19 02:48:49.046330 np0000156492 devstack@m-api.service[100452]: DEBUG manila.api.openstack.wsgi [None req-42f49c40-397e-41d9-81e6-a87ef25b1734 admin admin] Calling method 'Controller.__getattribute__..version_select' {{(pid=100452) _process_stack /opt/stack/manila/manila/api/openstack/wsgi.py:798}}
Feb 19 02:48:49.061614 np0000156492 devstack@m-api.service[100452]: INFO manila.api.openstack.wsgi [None req-42f49c40-397e-41d9-81e6-a87ef25b1734 admin admin] https://199.19.213.223/share/v1/0b7bb56f118c42cd97eb65e8dc3055c9/os-quota-sets/560cfe944e434c528a3fb6b8a1890f95 returned with HTTP 202
Feb 19 02:48:49.062076 np0000156492 devstack@m-api.service[100452]: [pid: 100452|app: 0|req: 66/135] 199.19.213.223 () {68 vars in 1518 bytes} [Thu Feb 19 02:48:49 2026] DELETE /share/v1/0b7bb56f118c42cd97eb65e8dc3055c9/os-quota-sets/560cfe944e434c528a3fb6b8a1890f95 => generated 0 bytes in 19 msecs (HTTP/1.1 202) 7 headers in 308 bytes (1 switches on core 0)
Feb 19 02:48:49.102993 np0000156492 devstack@m-api.service[100451]: INFO manila.api.openstack.wsgi [None req-c7f90407-4c13-4e7f-80be-47176385e170 admin admin] DELETE https://199.19.213.223/share/v1/0b7bb56f118c42cd97eb65e8dc3055c9/os-quota-sets/c2c0a764486444eab5b80eadf1c70d4e
Feb 19 02:48:49.103483 np0000156492 devstack@m-api.service[100451]: DEBUG manila.api.openstack.wsgi [None req-c7f90407-4c13-4e7f-80be-47176385e170 admin admin] No Content-Type provided in request {{(pid=100451) get_body /opt/stack/manila/manila/api/openstack/wsgi.py:648}}
Feb 19 02:48:49.103604 np0000156492 devstack@m-api.service[100451]: DEBUG manila.api.openstack.wsgi [None req-c7f90407-4c13-4e7f-80be-47176385e170 admin admin] Calling method 'Controller.__getattribute__..version_select' {{(pid=100451) _process_stack /opt/stack/manila/manila/api/openstack/wsgi.py:798}}
Feb 19 02:48:49.114669 np0000156492 devstack@m-api.service[100451]: INFO manila.api.openstack.wsgi [None req-c7f90407-4c13-4e7f-80be-47176385e170 admin admin] https://199.19.213.223/share/v1/0b7bb56f118c42cd97eb65e8dc3055c9/os-quota-sets/c2c0a764486444eab5b80eadf1c70d4e returned with HTTP 202
Feb 19 02:48:49.115293 np0000156492 devstack@m-api.service[100451]: [pid: 100451|app: 0|req: 70/136] 199.19.213.223 () {68 vars in 1518 bytes} [Thu Feb 19 02:48:49 2026] DELETE /share/v1/0b7bb56f118c42cd97eb65e8dc3055c9/os-quota-sets/c2c0a764486444eab5b80eadf1c70d4e => generated 0 bytes in 15 msecs (HTTP/1.1 202) 7 headers in 308 bytes (1 switches on core 0)
Feb 19 02:48:55.650079 np0000156492 devstack@m-api.service[100452]: INFO manila.api.openstack.wsgi [None req-55c9ab3a-8b51-447e-845e-62dc76011dbf admin admin] PUT https://199.19.213.223/share/v1/0b7bb56f118c42cd97eb65e8dc3055c9/os-quota-sets/67b65cd1e8284c3aad2c2d885f19d75b
Feb 19 02:48:55.650666 np0000156492 devstack@m-api.service[100452]: DEBUG manila.api.openstack.wsgi [None req-55c9ab3a-8b51-447e-845e-62dc76011dbf admin admin] Action: 'update', calling method: Controller.__getattribute__..version_select, body: {"quota_set": {"tenant_id": "67b65cd1e8284c3aad2c2d885f19d75b", "shares": -1, "gigabytes": -1, "share_networks": -1}} {{(pid=100452) _process_stack /opt/stack/manila/manila/api/openstack/wsgi.py:796}}
Feb 19 02:48:55.661320 np0000156492 devstack@m-api.service[100452]: DEBUG manila.api.v2.quota_sets [None req-55c9ab3a-8b51-447e-845e-62dc76011dbf admin admin] Force update quotas: False. {{(pid=100452) _update /opt/stack/manila/manila/api/v2/quota_sets.py:199}}
Feb 19 02:48:55.691626 np0000156492 devstack@m-api.service[100452]: INFO manila.api.openstack.wsgi [None req-55c9ab3a-8b51-447e-845e-62dc76011dbf admin admin] https://199.19.213.223/share/v1/0b7bb56f118c42cd97eb65e8dc3055c9/os-quota-sets/67b65cd1e8284c3aad2c2d885f19d75b returned with HTTP 200
Feb 19 02:48:55.692085 np0000156492 devstack@m-api.service[100452]: [pid: 100452|app: 0|req: 67/137] 199.19.213.223 () {70 vars in 1549 bytes} [Thu Feb 19 02:48:55 2026] PUT /share/v1/0b7bb56f118c42cd97eb65e8dc3055c9/os-quota-sets/67b65cd1e8284c3aad2c2d885f19d75b => generated 113 bytes in 236 msecs (HTTP/1.1 200) 7 headers in 296 bytes (1 switches on core 0)
Feb 19 02:48:55.733608 np0000156492 devstack@m-api.service[100451]: INFO manila.api.openstack.wsgi [None req-4d65ba50-b181-4316-9c18-0caa3e516650 admin admin] PUT https://199.19.213.223/share/v1/0b7bb56f118c42cd97eb65e8dc3055c9/os-quota-sets/ed6695cc033b41d5ab99ec93eb64f28d
Feb 19 02:48:55.734132 np0000156492 devstack@m-api.service[100451]: DEBUG manila.api.openstack.wsgi [None req-4d65ba50-b181-4316-9c18-0caa3e516650 admin admin] Action: 'update', calling method: Controller.__getattribute__..version_select, body: {"quota_set": {"tenant_id": "ed6695cc033b41d5ab99ec93eb64f28d", "shares": -1, "gigabytes": -1, "share_networks": -1}} {{(pid=100451) _process_stack /opt/stack/manila/manila/api/openstack/wsgi.py:796}}
Feb 19 02:48:55.742335 np0000156492 devstack@m-api.service[100451]: DEBUG manila.api.v2.quota_sets [None req-4d65ba50-b181-4316-9c18-0caa3e516650 admin admin] Force update quotas: False. {{(pid=100451) _update /opt/stack/manila/manila/api/v2/quota_sets.py:199}}
Feb 19 02:48:55.783742 np0000156492 devstack@m-api.service[100451]: INFO manila.api.openstack.wsgi [None req-4d65ba50-b181-4316-9c18-0caa3e516650 admin admin] https://199.19.213.223/share/v1/0b7bb56f118c42cd97eb65e8dc3055c9/os-quota-sets/ed6695cc033b41d5ab99ec93eb64f28d returned with HTTP 200
Feb 19 02:48:55.784575 np0000156492 devstack@m-api.service[100451]: [pid: 100451|app: 0|req: 71/138] 199.19.213.223 () {70 vars in 1549 bytes} [Thu Feb 19 02:48:55 2026] PUT /share/v1/0b7bb56f118c42cd97eb65e8dc3055c9/os-quota-sets/ed6695cc033b41d5ab99ec93eb64f28d => generated 113 bytes in 53 msecs (HTTP/1.1 200) 7 headers in 296 bytes (1 switches on core 0)
Feb 19 02:48:56.253076 np0000156492 devstack@m-api.service[100452]: INFO manila.api.openstack.wsgi [None req-8c36089a-81ad-4ce9-8e5d-83115cb22ace c_rally_827125d0_gnVslElq c_rally_827125d0_wiWKIatw] POST https://199.19.213.223/share/v1/67b65cd1e8284c3aad2c2d885f19d75b/share-networks
Feb 19 02:48:56.253435 np0000156492 devstack@m-api.service[100452]: DEBUG manila.api.openstack.wsgi [None req-8c36089a-81ad-4ce9-8e5d-83115cb22ace c_rally_827125d0_gnVslElq c_rally_827125d0_wiWKIatw] Action: 'create', calling method: ShareNetworkController.create, body: {"share_network": {"name": "s_rally_827125d0_phcpJata"}} {{(pid=100452) _process_stack /opt/stack/manila/manila/api/openstack/wsgi.py:796}}
Feb 19 02:48:56.277312 np0000156492 devstack@m-api.service[100452]: DEBUG manila.quota [None req-8c36089a-81ad-4ce9-8e5d-83115cb22ace c_rally_827125d0_gnVslElq c_rally_827125d0_wiWKIatw] Created reservations ['1d59879d-a080-4021-90f2-1f58e2045442'] {{(pid=100452) reserve /opt/stack/manila/manila/quota.py:1038}}
Feb 19 02:48:56.315645 np0000156492 devstack@m-api.service[100452]: DEBUG manila.quota [None req-8c36089a-81ad-4ce9-8e5d-83115cb22ace c_rally_827125d0_gnVslElq c_rally_827125d0_wiWKIatw] Committed reservations ['1d59879d-a080-4021-90f2-1f58e2045442'] {{(pid=100452) commit /opt/stack/manila/manila/quota.py:1066}}
Feb 19 02:48:56.331932 np0000156492 devstack@m-api.service[100452]: INFO manila.api.openstack.wsgi [None req-8c36089a-81ad-4ce9-8e5d-83115cb22ace c_rally_827125d0_gnVslElq c_rally_827125d0_wiWKIatw] https://199.19.213.223/share/v1/67b65cd1e8284c3aad2c2d885f19d75b/share-networks returned with HTTP 200
Feb 19 02:48:56.332583 np0000156492 devstack@m-api.service[100452]: [pid: 100452|app: 0|req: 68/139] 199.19.213.223 () {70 vars in 1453 bytes} [Thu Feb 19 02:48:56 2026] POST /share/v1/67b65cd1e8284c3aad2c2d885f19d75b/share-networks => generated 390 bytes in 260 msecs (HTTP/1.1 200) 7 headers in 296 bytes (1 switches on core 0)
Feb 19 02:48:56.812788 np0000156492 devstack@m-api.service[100451]: INFO manila.api.openstack.wsgi [None req-dee1e92f-cf7d-4107-94e1-ad3cba6b13bf c_rally_827125d0_ezYr8bQj c_rally_827125d0_j35UzAOV] POST https://199.19.213.223/share/v1/ed6695cc033b41d5ab99ec93eb64f28d/share-networks
Feb 19 02:48:56.813193 np0000156492 devstack@m-api.service[100451]: DEBUG manila.api.openstack.wsgi [None req-dee1e92f-cf7d-4107-94e1-ad3cba6b13bf c_rally_827125d0_ezYr8bQj c_rally_827125d0_j35UzAOV] Action: 'create', calling method: ShareNetworkController.create, body: {"share_network": {"name": "s_rally_827125d0_m0fqlsfN"}} {{(pid=100451) _process_stack /opt/stack/manila/manila/api/openstack/wsgi.py:796}}
Feb 19 02:48:56.890071 np0000156492 devstack@m-api.service[100451]: DEBUG manila.quota [None req-dee1e92f-cf7d-4107-94e1-ad3cba6b13bf c_rally_827125d0_ezYr8bQj c_rally_827125d0_j35UzAOV] Created reservations ['20239676-4256-4f0f-8c39-43d31c200db0'] {{(pid=100451) reserve /opt/stack/manila/manila/quota.py:1038}}
Feb 19 02:48:56.998685 np0000156492 devstack@m-api.service[100451]: DEBUG manila.quota [None req-dee1e92f-cf7d-4107-94e1-ad3cba6b13bf c_rally_827125d0_ezYr8bQj c_rally_827125d0_j35UzAOV] Committed reservations ['20239676-4256-4f0f-8c39-43d31c200db0'] {{(pid=100451) commit /opt/stack/manila/manila/quota.py:1066}}
Feb 19 02:48:57.018674 np0000156492 devstack@m-api.service[100451]: INFO manila.api.openstack.wsgi [None req-dee1e92f-cf7d-4107-94e1-ad3cba6b13bf c_rally_827125d0_ezYr8bQj c_rally_827125d0_j35UzAOV] https://199.19.213.223/share/v1/ed6695cc033b41d5ab99ec93eb64f28d/share-networks returned with HTTP 200
Feb 19 02:48:57.019119 np0000156492 devstack@m-api.service[100451]: [pid: 100451|app: 0|req: 72/140] 199.19.213.223 () {70 vars in 1453 bytes} [Thu Feb 19 02:48:56 2026] POST /share/v1/ed6695cc033b41d5ab99ec93eb64f28d/share-networks => generated 390 bytes in 398 msecs (HTTP/1.1 200) 7 headers in 296 bytes (1 switches on core 0)
Feb 19 02:48:57.875577 np0000156492 devstack@m-api.service[100452]: INFO manila.api.openstack.wsgi [None req-70023eff-af98-46db-9a31-abd9604b8570 c_rally_827125d0_gnVslElq c_rally_827125d0_wiWKIatw] POST https://199.19.213.223/share/v1/67b65cd1e8284c3aad2c2d885f19d75b/shares
Feb 19 02:48:57.876433 np0000156492 devstack@m-api.service[100452]: DEBUG manila.api.openstack.wsgi [None req-70023eff-af98-46db-9a31-abd9604b8570 c_rally_827125d0_gnVslElq c_rally_827125d0_wiWKIatw] Action: 'create', calling method: ShareMixin.create, body: {"share": {"size": 1, "snapshot_id": null, "name": "s_rally_827125d0_ZO8UnMrV", "description": null, "metadata": {}, "share_proto": "nfs", "share_network_id": "8aeb2386-12c9-4133-bc1c-fa1318ecd0df", "share_type": "dhss_true", "is_public": false, "availability_zone": null, "scheduler_hints": {}}} {{(pid=100452) _process_stack /opt/stack/manila/manila/api/openstack/wsgi.py:796}}
Feb 19 02:48:57.877309 np0000156492 devstack@m-api.service[100452]: INFO manila.api.v2.shares [None req-70023eff-af98-46db-9a31-abd9604b8570 c_rally_827125d0_gnVslElq c_rally_827125d0_wiWKIatw] Create NFS share of 1 GB
Feb 19 02:48:58.052211 np0000156492 devstack@m-api.service[100451]: INFO manila.api.openstack.wsgi [None req-1bf1e61f-d526-4788-b013-977423efc9a7 c_rally_827125d0_gnVslElq c_rally_827125d0_wiWKIatw] POST https://199.19.213.223/share/v1/67b65cd1e8284c3aad2c2d885f19d75b/shares
Feb 19 02:48:58.052803 np0000156492 devstack@m-api.service[100451]: DEBUG manila.api.openstack.wsgi [None req-1bf1e61f-d526-4788-b013-977423efc9a7 c_rally_827125d0_gnVslElq c_rally_827125d0_wiWKIatw] Action: 'create', calling method: ShareMixin.create, body: {"share": {"size": 1, "snapshot_id": null, "name": "s_rally_827125d0_4GyiVXpX", "description": null, "metadata": {}, "share_proto": "nfs", "share_network_id": "8aeb2386-12c9-4133-bc1c-fa1318ecd0df", "share_type": "dhss_true", "is_public": false, "availability_zone": null, "scheduler_hints": {}}} {{(pid=100451) _process_stack /opt/stack/manila/manila/api/openstack/wsgi.py:796}}
Feb 19 02:48:58.053949 np0000156492 devstack@m-api.service[100451]: INFO manila.api.v2.shares [None req-1bf1e61f-d526-4788-b013-977423efc9a7 c_rally_827125d0_gnVslElq c_rally_827125d0_wiWKIatw] Create NFS share of 1 GB
Feb 19 02:48:58.243615 np0000156492 devstack@m-api.service[100452]: DEBUG manila.quota [None req-70023eff-af98-46db-9a31-abd9604b8570 c_rally_827125d0_gnVslElq c_rally_827125d0_wiWKIatw] Created reservations ['c13747c6-788d-428e-b164-bbb7699288d9', 'fe7cf9a5-2ffe-48f5-97ee-fbc45faaa152', 'bd3c094f-4d6c-4626-9c2b-329602c096b5', 'ec4cc2ed-cfb0-4bc1-83d4-cac382c64f03'] {{(pid=100452) reserve /opt/stack/manila/manila/quota.py:1038}}
Feb 19 02:48:58.463642 np0000156492 devstack@m-api.service[100451]: DEBUG manila.quota [None req-1bf1e61f-d526-4788-b013-977423efc9a7 c_rally_827125d0_gnVslElq c_rally_827125d0_wiWKIatw] Created reservations ['e3e1f8e7-903c-4fb4-aff7-e745575eaf05', '7ef27c0b-86bc-4b29-903e-ed1e0f175026', 'd3455614-f2ad-410f-b8e0-316fbc50dfcc', 'd4ad9119-4336-4fe3-8bf0-bac75d8d567e'] {{(pid=100451) reserve /opt/stack/manila/manila/quota.py:1038}}
Feb 19 02:48:58.613294 np0000156492 devstack@m-api.service[100452]: DEBUG manila.quota [None req-70023eff-af98-46db-9a31-abd9604b8570 c_rally_827125d0_gnVslElq c_rally_827125d0_wiWKIatw] Committed reservations ['c13747c6-788d-428e-b164-bbb7699288d9', 'fe7cf9a5-2ffe-48f5-97ee-fbc45faaa152', 'bd3c094f-4d6c-4626-9c2b-329602c096b5', 'ec4cc2ed-cfb0-4bc1-83d4-cac382c64f03'] {{(pid=100452) commit /opt/stack/manila/manila/quota.py:1066}}
Feb 19 02:48:58.793945 np0000156492 devstack@m-api.service[100452]: INFO manila.api.openstack.wsgi [None req-70023eff-af98-46db-9a31-abd9604b8570 c_rally_827125d0_gnVslElq c_rally_827125d0_wiWKIatw] https://199.19.213.223/share/v1/67b65cd1e8284c3aad2c2d885f19d75b/shares returned with HTTP 200
Feb 19 02:48:58.794557 np0000156492 devstack@m-api.service[100452]: [pid: 100452|app: 0|req: 69/141] 199.19.213.223 () {70 vars in 1430 bytes} [Thu Feb 19 02:48:57 2026] POST /share/v1/67b65cd1e8284c3aad2c2d885f19d75b/shares => generated 798 bytes in 1415 msecs (HTTP/1.1 200) 7 headers in 296 bytes (1 switches on core 0)
Feb 19 02:48:58.911948 np0000156492 devstack@m-api.service[100451]: DEBUG manila.quota [None req-1bf1e61f-d526-4788-b013-977423efc9a7 c_rally_827125d0_gnVslElq c_rally_827125d0_wiWKIatw] Committed reservations ['e3e1f8e7-903c-4fb4-aff7-e745575eaf05', '7ef27c0b-86bc-4b29-903e-ed1e0f175026', 'd3455614-f2ad-410f-b8e0-316fbc50dfcc', 'd4ad9119-4336-4fe3-8bf0-bac75d8d567e'] {{(pid=100451) commit /opt/stack/manila/manila/quota.py:1066}}
Feb 19 02:48:59.019009 np0000156492 devstack@m-api.service[100451]: INFO manila.api.openstack.wsgi [None req-1bf1e61f-d526-4788-b013-977423efc9a7 c_rally_827125d0_gnVslElq c_rally_827125d0_wiWKIatw] https://199.19.213.223/share/v1/67b65cd1e8284c3aad2c2d885f19d75b/shares returned with HTTP 200
Feb 19 02:48:59.019405 np0000156492 devstack@m-api.service[100451]: [pid: 100451|app: 0|req: 73/142] 199.19.213.223 () {70 vars in 1430 bytes} [Thu Feb 19 02:48:57 2026] POST /share/v1/67b65cd1e8284c3aad2c2d885f19d75b/shares => generated 798 bytes in 1633 msecs (HTTP/1.1 200) 7 headers in 296 bytes (1 switches on core 0)
Feb 19 02:48:59.097657 np0000156492 devstack@m-api.service[100452]: INFO manila.api.openstack.wsgi [None req-21124001-5b82-49c6-a33c-81bc4fa69bfd c_rally_827125d0_gnVslElq c_rally_827125d0_wiWKIatw] POST https://199.19.213.223/share/v1/67b65cd1e8284c3aad2c2d885f19d75b/shares
Feb 19 02:48:59.098306 np0000156492 devstack@m-api.service[100452]: DEBUG manila.api.openstack.wsgi [None req-21124001-5b82-49c6-a33c-81bc4fa69bfd c_rally_827125d0_gnVslElq c_rally_827125d0_wiWKIatw] Action: 'create', calling method: ShareMixin.create, body: {"share": {"size": 1, "snapshot_id": null, "name": "s_rally_827125d0_xyCeyDSR", "description": null, "metadata": {}, "share_proto": "nfs", "share_network_id": "8aeb2386-12c9-4133-bc1c-fa1318ecd0df", "share_type": "dhss_true", "is_public": false, "availability_zone": null, "scheduler_hints": {}}} {{(pid=100452) _process_stack /opt/stack/manila/manila/api/openstack/wsgi.py:796}}
Feb 19 02:48:59.098838 np0000156492 devstack@m-api.service[100452]: INFO manila.api.v2.shares [None req-21124001-5b82-49c6-a33c-81bc4fa69bfd c_rally_827125d0_gnVslElq c_rally_827125d0_wiWKIatw] Create NFS share of 1 GB
Feb 19 02:48:59.159670 np0000156492 devstack@m-api.service[100451]: INFO manila.api.openstack.wsgi [None req-e003c13d-9bee-4576-8d0e-cf4a83737c2d c_rally_827125d0_gnVslElq c_rally_827125d0_wiWKIatw] POST https://199.19.213.223/share/v1/67b65cd1e8284c3aad2c2d885f19d75b/shares
Feb 19 02:48:59.160366 np0000156492 devstack@m-api.service[100451]: DEBUG manila.api.openstack.wsgi [None req-e003c13d-9bee-4576-8d0e-cf4a83737c2d c_rally_827125d0_gnVslElq c_rally_827125d0_wiWKIatw] Action: 'create', calling method: ShareMixin.create, body: {"share": {"size": 1, "snapshot_id": null, "name": "s_rally_827125d0_djSVykry", "description": null, "metadata": {}, "share_proto": "nfs", "share_network_id": "8aeb2386-12c9-4133-bc1c-fa1318ecd0df", "share_type": "dhss_true", "is_public": false, "availability_zone": null, "scheduler_hints": {}}} {{(pid=100451) _process_stack /opt/stack/manila/manila/api/openstack/wsgi.py:796}}
Feb 19 02:48:59.162697 np0000156492 devstack@m-api.service[100451]: INFO manila.api.v2.shares [None req-e003c13d-9bee-4576-8d0e-cf4a83737c2d c_rally_827125d0_gnVslElq c_rally_827125d0_wiWKIatw] Create NFS share of 1 GB
Feb 19 02:48:59.217747 np0000156492 devstack@m-api.service[100452]: DEBUG manila.quota [None req-21124001-5b82-49c6-a33c-81bc4fa69bfd c_rally_827125d0_gnVslElq c_rally_827125d0_wiWKIatw] Created reservations ['7a71bab6-2296-4e6a-b9c4-84c07d329182', '21b36d8c-fc69-48a6-8269-217f958c6858', '4407f723-3844-480a-a610-900f1e7dfc75', '746d6144-9d35-4f8f-9612-6f82f529c2fe'] {{(pid=100452) reserve /opt/stack/manila/manila/quota.py:1038}}
Feb 19 02:48:59.313700 np0000156492 devstack@m-api.service[100451]: DEBUG manila.quota [None req-e003c13d-9bee-4576-8d0e-cf4a83737c2d c_rally_827125d0_gnVslElq c_rally_827125d0_wiWKIatw] Created reservations ['177ae65d-d751-497d-9814-9e844b4b022c', '630aa102-7185-4dfa-907a-3d285241f238', '190b62cf-f937-4161-b80f-ce346a338d34', '04f6faca-845d-41a5-8fed-ecf5d27a93a9'] {{(pid=100451) reserve /opt/stack/manila/manila/quota.py:1038}}
Feb 19 02:48:59.508289 np0000156492 devstack@m-api.service[100452]: DEBUG manila.quota [None req-21124001-5b82-49c6-a33c-81bc4fa69bfd c_rally_827125d0_gnVslElq c_rally_827125d0_wiWKIatw] Committed reservations ['7a71bab6-2296-4e6a-b9c4-84c07d329182', '21b36d8c-fc69-48a6-8269-217f958c6858', '4407f723-3844-480a-a610-900f1e7dfc75', '746d6144-9d35-4f8f-9612-6f82f529c2fe'] {{(pid=100452) commit /opt/stack/manila/manila/quota.py:1066}}
Feb 19 02:48:59.562978 np0000156492 devstack@m-api.service[100451]: DEBUG manila.quota [None req-e003c13d-9bee-4576-8d0e-cf4a83737c2d c_rally_827125d0_gnVslElq c_rally_827125d0_wiWKIatw] Committed reservations ['177ae65d-d751-497d-9814-9e844b4b022c', '630aa102-7185-4dfa-907a-3d285241f238', '190b62cf-f937-4161-b80f-ce346a338d34', '04f6faca-845d-41a5-8fed-ecf5d27a93a9'] {{(pid=100451) commit /opt/stack/manila/manila/quota.py:1066}}
Feb 19 02:48:59.610900 np0000156492 devstack@m-api.service[100452]: INFO manila.api.openstack.wsgi [None req-21124001-5b82-49c6-a33c-81bc4fa69bfd c_rally_827125d0_gnVslElq c_rally_827125d0_wiWKIatw] https://199.19.213.223/share/v1/67b65cd1e8284c3aad2c2d885f19d75b/shares returned with HTTP 200
Feb 19 02:48:59.611282 np0000156492 devstack@m-api.service[100452]: [pid: 100452|app: 0|req: 70/143] 199.19.213.223 () {70 vars in 1430 bytes} [Thu Feb 19 02:48:58 2026] POST /share/v1/67b65cd1e8284c3aad2c2d885f19d75b/shares => generated 798 bytes in 816 msecs (HTTP/1.1 200) 7 headers in 296 bytes (1 switches on core 0)
Feb 19 02:48:59.748842 np0000156492 devstack@m-api.service[100451]: INFO manila.api.openstack.wsgi [None req-e003c13d-9bee-4576-8d0e-cf4a83737c2d c_rally_827125d0_gnVslElq c_rally_827125d0_wiWKIatw] https://199.19.213.223/share/v1/67b65cd1e8284c3aad2c2d885f19d75b/shares returned with HTTP 200
Feb 19 02:48:59.748842 np0000156492 devstack@m-api.service[100451]: [pid: 100451|app: 0|req: 74/144] 199.19.213.223 () {70 vars in 1430 bytes} [Thu Feb 19 02:48:59 2026] POST /share/v1/67b65cd1e8284c3aad2c2d885f19d75b/shares => generated 798 bytes in 729 msecs (HTTP/1.1 200) 7 headers in 296 bytes (1 switches on core 0)
Feb 19 02:48:59.762672 np0000156492 devstack@m-api.service[100452]: INFO manila.api.openstack.wsgi [None req-052d1322-b6f7-4601-8b59-a618cccaa6a7 c_rally_827125d0_ezYr8bQj c_rally_827125d0_j35UzAOV] POST https://199.19.213.223/share/v1/ed6695cc033b41d5ab99ec93eb64f28d/shares
Feb 19 02:48:59.763102 np0000156492 devstack@m-api.service[100452]: DEBUG manila.api.openstack.wsgi [None req-052d1322-b6f7-4601-8b59-a618cccaa6a7 c_rally_827125d0_ezYr8bQj c_rally_827125d0_j35UzAOV] Action: 'create', calling method: ShareMixin.create, body: {"share": {"size": 1, "snapshot_id": null, "name": "s_rally_827125d0_dPTeCfqu", "description": null, "metadata": {}, "share_proto": "nfs", "share_network_id": "d571d193-e81c-4a38-bbea-3cf3bd0f1bc5", "share_type": "dhss_true", "is_public": false, "availability_zone": null, "scheduler_hints": {}}} {{(pid=100452) _process_stack /opt/stack/manila/manila/api/openstack/wsgi.py:796}}
Feb 19 02:48:59.764403 np0000156492 devstack@m-api.service[100452]: INFO manila.api.v2.shares [None req-052d1322-b6f7-4601-8b59-a618cccaa6a7 c_rally_827125d0_ezYr8bQj c_rally_827125d0_j35UzAOV] Create NFS share of 1 GB
Feb 19 02:48:59.903398 np0000156492 devstack@m-api.service[100451]: INFO manila.api.openstack.wsgi [None req-19a1614b-cc46-41ff-92fc-69175becf5e1 c_rally_827125d0_ezYr8bQj c_rally_827125d0_j35UzAOV] POST https://199.19.213.223/share/v1/ed6695cc033b41d5ab99ec93eb64f28d/shares
Feb 19 02:48:59.903922 np0000156492 devstack@m-api.service[100451]: DEBUG manila.api.openstack.wsgi [None req-19a1614b-cc46-41ff-92fc-69175becf5e1 c_rally_827125d0_ezYr8bQj c_rally_827125d0_j35UzAOV] Action: 'create', calling method: ShareMixin.create, body: {"share": {"size": 1, "snapshot_id": null, "name": "s_rally_827125d0_8pDroRiH", "description": null, "metadata": {}, "share_proto": "nfs", "share_network_id": "d571d193-e81c-4a38-bbea-3cf3bd0f1bc5", "share_type": "dhss_true", "is_public": false, "availability_zone": null, "scheduler_hints": {}}} {{(pid=100451) _process_stack /opt/stack/manila/manila/api/openstack/wsgi.py:796}}
Feb 19 02:48:59.905810 np0000156492 devstack@m-api.service[100451]: INFO manila.api.v2.shares [None req-19a1614b-cc46-41ff-92fc-69175becf5e1 c_rally_827125d0_ezYr8bQj c_rally_827125d0_j35UzAOV] Create NFS share of 1 GB
Feb 19 02:49:00.294640 np0000156492 devstack@m-api.service[100452]: DEBUG manila.quota [None req-052d1322-b6f7-4601-8b59-a618cccaa6a7 c_rally_827125d0_ezYr8bQj c_rally_827125d0_j35UzAOV] Created reservations ['38ddfe8a-da6a-400f-b7ff-2c9428a08d82', 'e58a1580-cea2-49ea-8cef-f87153576a8c', '25299280-1eaf-48ef-a471-6dcf0d33edc1', 'e37b1291-4847-4940-b66e-0e6d28d0def3'] {{(pid=100452) reserve /opt/stack/manila/manila/quota.py:1038}}
Feb 19 02:49:00.324355 np0000156492 devstack@m-api.service[100451]: DEBUG manila.quota [None req-19a1614b-cc46-41ff-92fc-69175becf5e1 c_rally_827125d0_ezYr8bQj c_rally_827125d0_j35UzAOV] Created reservations ['30c4c260-43d7-4424-abb1-8a007b3a85ef', '705560ba-3e0d-4a34-ab57-d33bca9a0cc2', '9854cf4e-65d3-44ba-834b-a79aaabac90d', '8288b598-9db1-459d-a237-d00390348de5'] {{(pid=100451) reserve /opt/stack/manila/manila/quota.py:1038}}
Feb 19 02:49:00.383811 np0000156492 devstack@m-api.service[100452]: DEBUG manila.quota [None req-052d1322-b6f7-4601-8b59-a618cccaa6a7 c_rally_827125d0_ezYr8bQj c_rally_827125d0_j35UzAOV] Committed reservations ['38ddfe8a-da6a-400f-b7ff-2c9428a08d82', 'e58a1580-cea2-49ea-8cef-f87153576a8c', '25299280-1eaf-48ef-a471-6dcf0d33edc1', 'e37b1291-4847-4940-b66e-0e6d28d0def3'] {{(pid=100452) commit /opt/stack/manila/manila/quota.py:1066}}
Feb 19 02:49:00.509185 np0000156492 devstack@m-api.service[100451]: DEBUG manila.quota [None req-19a1614b-cc46-41ff-92fc-69175becf5e1 c_rally_827125d0_ezYr8bQj c_rally_827125d0_j35UzAOV] Committed reservations ['30c4c260-43d7-4424-abb1-8a007b3a85ef', '705560ba-3e0d-4a34-ab57-d33bca9a0cc2', '9854cf4e-65d3-44ba-834b-a79aaabac90d', '8288b598-9db1-459d-a237-d00390348de5'] {{(pid=100451) commit /opt/stack/manila/manila/quota.py:1066}}
Feb 19 02:49:00.526789 np0000156492 devstack@m-api.service[100452]: INFO manila.api.openstack.wsgi [None req-052d1322-b6f7-4601-8b59-a618cccaa6a7 c_rally_827125d0_ezYr8bQj c_rally_827125d0_j35UzAOV] https://199.19.213.223/share/v1/ed6695cc033b41d5ab99ec93eb64f28d/shares returned with HTTP 200
Feb 19 02:49:00.527280 np0000156492 devstack@m-api.service[100452]: [pid: 100452|app: 0|req: 71/145] 199.19.213.223 () {70 vars in 1430 bytes} [Thu Feb 19 02:48:59 2026] POST /share/v1/ed6695cc033b41d5ab99ec93eb64f28d/shares => generated 798 bytes in 915 msecs (HTTP/1.1 200) 7 headers in 296 bytes (1 switches on core 0)
Feb 19 02:49:00.655639 np0000156492 devstack@m-api.service[100451]: INFO manila.api.openstack.wsgi [None req-19a1614b-cc46-41ff-92fc-69175becf5e1 c_rally_827125d0_ezYr8bQj c_rally_827125d0_j35UzAOV] https://199.19.213.223/share/v1/ed6695cc033b41d5ab99ec93eb64f28d/shares returned with HTTP 200
Feb 19 02:49:00.656056 np0000156492 devstack@m-api.service[100451]: [pid: 100451|app: 0|req: 75/146] 199.19.213.223 () {70 vars in 1430 bytes} [Thu Feb 19 02:48:59 2026] POST /share/v1/ed6695cc033b41d5ab99ec93eb64f28d/shares => generated 798 bytes in 907 msecs (HTTP/1.1 200) 7 headers in 296 bytes (1 switches on core 0)
Feb 19 02:49:00.775476 np0000156492 devstack@m-api.service[100452]: INFO manila.api.openstack.wsgi [None req-f999664a-c460-419f-b8b1-1aa27eb2187f c_rally_827125d0_gnVslElq c_rally_827125d0_wiWKIatw] POST https://199.19.213.223/share/v1/67b65cd1e8284c3aad2c2d885f19d75b/shares
Feb 19 02:49:00.775870 np0000156492 devstack@m-api.service[100452]: DEBUG manila.api.openstack.wsgi [None req-f999664a-c460-419f-b8b1-1aa27eb2187f c_rally_827125d0_gnVslElq c_rally_827125d0_wiWKIatw] Action: 'create', calling method: ShareMixin.create, body: {"share": {"size": 1, "snapshot_id": null, "name": "s_rally_827125d0_msdlDW7Q", "description": null, "metadata": {}, "share_proto": "nfs", "share_network_id": "8aeb2386-12c9-4133-bc1c-fa1318ecd0df", "share_type": "dhss_true", "is_public": false, "availability_zone": null, "scheduler_hints": {}}} {{(pid=100452) _process_stack /opt/stack/manila/manila/api/openstack/wsgi.py:796}}
Feb 19 02:49:00.777306 np0000156492 devstack@m-api.service[100452]: INFO manila.api.v2.shares [None req-f999664a-c460-419f-b8b1-1aa27eb2187f c_rally_827125d0_gnVslElq c_rally_827125d0_wiWKIatw] Create NFS share of 1 GB
Feb 19 02:49:00.792573 np0000156492 devstack@m-api.service[100451]: INFO manila.api.openstack.wsgi [None req-7465699a-9bea-4e9b-a2b0-c821c3c0b922 c_rally_827125d0_ezYr8bQj c_rally_827125d0_j35UzAOV] POST https://199.19.213.223/share/v1/ed6695cc033b41d5ab99ec93eb64f28d/shares
Feb 19 02:49:00.793150 np0000156492 devstack@m-api.service[100451]: DEBUG manila.api.openstack.wsgi [None req-7465699a-9bea-4e9b-a2b0-c821c3c0b922 c_rally_827125d0_ezYr8bQj c_rally_827125d0_j35UzAOV] Action: 'create', calling method: ShareMixin.create, body: {"share": {"size": 1, "snapshot_id": null, "name": "s_rally_827125d0_syXocIVH", "description": null, "metadata": {}, "share_proto": "nfs", "share_network_id": "d571d193-e81c-4a38-bbea-3cf3bd0f1bc5", "share_type": "dhss_true", "is_public": false, "availability_zone": null, "scheduler_hints": {}}} {{(pid=100451) _process_stack /opt/stack/manila/manila/api/openstack/wsgi.py:796}}
Feb 19 02:49:00.794525 np0000156492 devstack@m-api.service[100451]: INFO manila.api.v2.shares [None req-7465699a-9bea-4e9b-a2b0-c821c3c0b922 c_rally_827125d0_ezYr8bQj c_rally_827125d0_j35UzAOV] Create NFS share of 1 GB
Feb 19 02:49:00.899001 np0000156492 devstack@m-api.service[100452]: DEBUG manila.quota [None req-f999664a-c460-419f-b8b1-1aa27eb2187f c_rally_827125d0_gnVslElq c_rally_827125d0_wiWKIatw] Created reservations ['18e10244-8f93-4550-bc8d-8ac4f4de7433', '8bc91199-24d7-4161-82f3-680295e519e1', '35bd377c-0ceb-4d04-8b95-750966703e98', '0f9eedf4-1d09-475b-9b53-cdabdeec7002'] {{(pid=100452) reserve /opt/stack/manila/manila/quota.py:1038}}
Feb 19 02:49:00.936866 np0000156492 devstack@m-api.service[100451]: DEBUG manila.quota [None req-7465699a-9bea-4e9b-a2b0-c821c3c0b922 c_rally_827125d0_ezYr8bQj c_rally_827125d0_j35UzAOV] Created reservations ['77f40aa6-6279-4616-abf7-28d489c7a984', '114d659a-ea02-477c-b371-31904bcee7c0', '2a26ba70-bace-46d1-9836-b42ddc82c491', '50d864d1-e6d1-43fc-a01d-f355ced4ca2b'] {{(pid=100451) reserve /opt/stack/manila/manila/quota.py:1038}}
Feb 19 02:49:01.018223 np0000156492 devstack@m-api.service[100452]: DEBUG manila.quota [None req-f999664a-c460-419f-b8b1-1aa27eb2187f c_rally_827125d0_gnVslElq c_rally_827125d0_wiWKIatw] Committed reservations ['18e10244-8f93-4550-bc8d-8ac4f4de7433', '8bc91199-24d7-4161-82f3-680295e519e1', '35bd377c-0ceb-4d04-8b95-750966703e98', '0f9eedf4-1d09-475b-9b53-cdabdeec7002'] {{(pid=100452) commit /opt/stack/manila/manila/quota.py:1066}}
Feb 19 02:49:01.061703 np0000156492 devstack@m-api.service[100451]: DEBUG manila.quota [None req-7465699a-9bea-4e9b-a2b0-c821c3c0b922 c_rally_827125d0_ezYr8bQj c_rally_827125d0_j35UzAOV] Committed reservations ['77f40aa6-6279-4616-abf7-28d489c7a984', '114d659a-ea02-477c-b371-31904bcee7c0', '2a26ba70-bace-46d1-9836-b42ddc82c491', '50d864d1-e6d1-43fc-a01d-f355ced4ca2b'] {{(pid=100451) commit /opt/stack/manila/manila/quota.py:1066}}
Feb 19 02:49:01.110001 np0000156492 devstack@m-api.service[100452]: INFO manila.api.openstack.wsgi [None req-f999664a-c460-419f-b8b1-1aa27eb2187f c_rally_827125d0_gnVslElq c_rally_827125d0_wiWKIatw] https://199.19.213.223/share/v1/67b65cd1e8284c3aad2c2d885f19d75b/shares returned with HTTP 200
Feb 19 02:49:01.110974 np0000156492 devstack@m-api.service[100452]: [pid: 100452|app: 0|req: 72/147] 199.19.213.223 () {70 vars in 1430 bytes} [Thu Feb 19 02:49:00 2026] POST /share/v1/67b65cd1e8284c3aad2c2d885f19d75b/shares => generated 798 bytes in 583 msecs (HTTP/1.1 200) 7 headers in 296 bytes (1 switches on core 0)
Feb 19 02:49:01.115920 np0000156492 devstack@m-api.service[100451]: INFO manila.api.openstack.wsgi [None req-7465699a-9bea-4e9b-a2b0-c821c3c0b922 c_rally_827125d0_ezYr8bQj c_rally_827125d0_j35UzAOV] https://199.19.213.223/share/v1/ed6695cc033b41d5ab99ec93eb64f28d/shares returned with HTTP 200
