Feb 19 02:50:40.713602 np0000156492 devstack@m-api.service[100451]: DEBUG manila.api.openstack.wsgi [None req-9eebe63d-be79-46db-8a69-9ff25b290164 c_rally_754fdbff_Zl5ckNYr c_rally_754fdbff_MPnFrEDh] Calling method 'ShareNetworkController.show' {{(pid=100451) _process_stack /opt/stack/manila/manila/api/openstack/wsgi.py:798}}
Feb 19 02:50:40.721905 np0000156492 devstack@m-api.service[100451]: INFO manila.api.openstack.wsgi [None req-9eebe63d-be79-46db-8a69-9ff25b290164 c_rally_754fdbff_Zl5ckNYr c_rally_754fdbff_MPnFrEDh] HTTP exception thrown: Share network d1a58e4c-50e9-4b61-afe5-a62c727ea632 could not be found.
Feb 19 02:50:40.722035 np0000156492 devstack@m-api.service[100451]: INFO manila.api.openstack.wsgi [None req-9eebe63d-be79-46db-8a69-9ff25b290164 c_rally_754fdbff_Zl5ckNYr c_rally_754fdbff_MPnFrEDh] https://199.19.213.223/share/v1/dc3bf48350d946bcacff7c1b0ba4a178/share-networks/d1a58e4c-50e9-4b61-afe5-a62c727ea632 returned with HTTP 404
Feb 19 02:50:40.722425 np0000156492 devstack@m-api.service[100451]: [pid: 100451|app: 0|req: 289/561] 199.19.213.223 () {66 vars in 1511 bytes} [Thu Feb 19 02:50:40 2026] GET /share/v1/dc3bf48350d946bcacff7c1b0ba4a178/share-networks/d1a58e4c-50e9-4b61-afe5-a62c727ea632 => generated 116 bytes in 11 msecs (HTTP/1.1 404) 7 headers in 303 bytes (1 switches on core 0)
Feb 19 02:50:40.724055 np0000156492 devstack@m-api.service[100451]: INFO manila.api.openstack.wsgi [None req-bef49a90-4063-4165-ba6b-bea88f581e0a c_rally_754fdbff_Zl5ckNYr c_rally_754fdbff_MPnFrEDh] GET https://199.19.213.223/share/v1/dc3bf48350d946bcacff7c1b0ba4a178/share-networks/f84f82b7-8955-4b48-8166-c05159620d94
Feb 19 02:50:40.724189 np0000156492 devstack@m-api.service[100451]: DEBUG manila.api.openstack.wsgi [None req-bef49a90-4063-4165-ba6b-bea88f581e0a c_rally_754fdbff_Zl5ckNYr c_rally_754fdbff_MPnFrEDh] No Content-Type provided in request {{(pid=100451) get_body /opt/stack/manila/manila/api/openstack/wsgi.py:648}}
Feb 19 02:50:40.724336 np0000156492 devstack@m-api.service[100451]: DEBUG manila.api.openstack.wsgi [None req-bef49a90-4063-4165-ba6b-bea88f581e0a c_rally_754fdbff_Zl5ckNYr c_rally_754fdbff_MPnFrEDh] Calling method 'ShareNetworkController.show' {{(pid=100451) _process_stack /opt/stack/manila/manila/api/openstack/wsgi.py:798}}
Feb 19 02:50:40.733556 np0000156492 devstack@m-api.service[100451]: INFO manila.api.openstack.wsgi [None req-bef49a90-4063-4165-ba6b-bea88f581e0a c_rally_754fdbff_Zl5ckNYr c_rally_754fdbff_MPnFrEDh] HTTP exception thrown: Share network f84f82b7-8955-4b48-8166-c05159620d94 could not be found.
Feb 19 02:50:40.733684 np0000156492 devstack@m-api.service[100451]: INFO manila.api.openstack.wsgi [None req-bef49a90-4063-4165-ba6b-bea88f581e0a c_rally_754fdbff_Zl5ckNYr c_rally_754fdbff_MPnFrEDh] https://199.19.213.223/share/v1/dc3bf48350d946bcacff7c1b0ba4a178/share-networks/f84f82b7-8955-4b48-8166-c05159620d94 returned with HTTP 404
Feb 19 02:50:40.734146 np0000156492 devstack@m-api.service[100451]: [pid: 100451|app: 0|req: 290/562] 199.19.213.223 () {66 vars in 1511 bytes} [Thu Feb 19 02:50:40 2026] GET /share/v1/dc3bf48350d946bcacff7c1b0ba4a178/share-networks/f84f82b7-8955-4b48-8166-c05159620d94 => generated 116 bytes in 11 msecs (HTTP/1.1 404) 7 headers in 303 bytes (1 switches on core 0)
Feb 19 02:50:40.736044 np0000156492 devstack@m-api.service[100451]: INFO manila.api.openstack.wsgi [None req-44522911-1671-4732-93f8-9da09746543c c_rally_754fdbff_Zl5ckNYr c_rally_754fdbff_MPnFrEDh] GET https://199.19.213.223/share/v1/dc3bf48350d946bcacff7c1b0ba4a178/share-networks/edf9fe97-b046-413b-9b02-59c1fbf35082
Feb 19 02:50:40.736786 np0000156492 devstack@m-api.service[100451]: DEBUG manila.api.openstack.wsgi [None req-44522911-1671-4732-93f8-9da09746543c c_rally_754fdbff_Zl5ckNYr c_rally_754fdbff_MPnFrEDh] No Content-Type provided in request {{(pid=100451) get_body /opt/stack/manila/manila/api/openstack/wsgi.py:648}}
Feb 19 02:50:40.736786 np0000156492 devstack@m-api.service[100451]: DEBUG manila.api.openstack.wsgi [None req-44522911-1671-4732-93f8-9da09746543c c_rally_754fdbff_Zl5ckNYr c_rally_754fdbff_MPnFrEDh] Calling method 'ShareNetworkController.show' {{(pid=100451) _process_stack /opt/stack/manila/manila/api/openstack/wsgi.py:798}}
Feb 19 02:50:40.748393 np0000156492 devstack@m-api.service[100451]: INFO manila.api.openstack.wsgi [None req-44522911-1671-4732-93f8-9da09746543c c_rally_754fdbff_Zl5ckNYr c_rally_754fdbff_MPnFrEDh] HTTP exception thrown: Share network edf9fe97-b046-413b-9b02-59c1fbf35082 could not be found.
Feb 19 02:50:40.748592 np0000156492 devstack@m-api.service[100451]: INFO manila.api.openstack.wsgi [None req-44522911-1671-4732-93f8-9da09746543c c_rally_754fdbff_Zl5ckNYr c_rally_754fdbff_MPnFrEDh] https://199.19.213.223/share/v1/dc3bf48350d946bcacff7c1b0ba4a178/share-networks/edf9fe97-b046-413b-9b02-59c1fbf35082 returned with HTTP 404
Feb 19 02:50:40.749538 np0000156492 devstack@m-api.service[100451]: [pid: 100451|app: 0|req: 291/563] 199.19.213.223 () {66 vars in 1511 bytes} [Thu Feb 19 02:50:40 2026] GET /share/v1/dc3bf48350d946bcacff7c1b0ba4a178/share-networks/edf9fe97-b046-413b-9b02-59c1fbf35082 => generated 116 bytes in 15 msecs (HTTP/1.1 404) 7 headers in 303 bytes (1 switches on core 0)
Feb 19 02:50:40.753055 np0000156492 devstack@m-api.service[100451]: INFO manila.api.openstack.wsgi [None req-bcd6ff0c-7485-43dc-9552-b126ed33477a c_rally_754fdbff_Zl5ckNYr c_rally_754fdbff_MPnFrEDh] GET https://199.19.213.223/share/v1/dc3bf48350d946bcacff7c1b0ba4a178/share-networks/68ad63b4-05d4-461c-98b4-2b92ddbeb22c
Feb 19 02:50:40.753252 np0000156492 devstack@m-api.service[100451]: DEBUG manila.api.openstack.wsgi [None req-bcd6ff0c-7485-43dc-9552-b126ed33477a c_rally_754fdbff_Zl5ckNYr c_rally_754fdbff_MPnFrEDh] No Content-Type provided in request {{(pid=100451) get_body /opt/stack/manila/manila/api/openstack/wsgi.py:648}}
Feb 19 02:50:40.753460 np0000156492 devstack@m-api.service[100451]: DEBUG manila.api.openstack.wsgi [None req-bcd6ff0c-7485-43dc-9552-b126ed33477a c_rally_754fdbff_Zl5ckNYr c_rally_754fdbff_MPnFrEDh] Calling method 'ShareNetworkController.show' {{(pid=100451) _process_stack /opt/stack/manila/manila/api/openstack/wsgi.py:798}}
Feb 19 02:50:40.768312 np0000156492 devstack@m-api.service[100452]: DEBUG manila.quota [None req-96ce8941-2480-4895-9c6c-f25210de905f c_rally_754fdbff_Zl5ckNYr c_rally_754fdbff_MPnFrEDh] Created reservations ['acdfc146-0864-41f4-83fb-8ce5f6cca409'] {{(pid=100452) reserve /opt/stack/manila/manila/quota.py:1038}}
Feb 19 02:50:40.768601 np0000156492 devstack@m-api.service[100451]: INFO manila.api.openstack.wsgi [None req-bcd6ff0c-7485-43dc-9552-b126ed33477a c_rally_754fdbff_Zl5ckNYr c_rally_754fdbff_MPnFrEDh] HTTP exception thrown: Share network 68ad63b4-05d4-461c-98b4-2b92ddbeb22c could not be found.
Feb 19 02:50:40.768753 np0000156492 devstack@m-api.service[100451]: INFO manila.api.openstack.wsgi [None req-bcd6ff0c-7485-43dc-9552-b126ed33477a c_rally_754fdbff_Zl5ckNYr c_rally_754fdbff_MPnFrEDh] https://199.19.213.223/share/v1/dc3bf48350d946bcacff7c1b0ba4a178/share-networks/68ad63b4-05d4-461c-98b4-2b92ddbeb22c returned with HTTP 404
Feb 19 02:50:40.769172 np0000156492 devstack@m-api.service[100451]: [pid: 100451|app: 0|req: 292/564] 199.19.213.223 () {66 vars in 1511 bytes} [Thu Feb 19 02:50:40 2026] GET /share/v1/dc3bf48350d946bcacff7c1b0ba4a178/share-networks/68ad63b4-05d4-461c-98b4-2b92ddbeb22c => generated 116 bytes in 19 msecs (HTTP/1.1 404) 7 headers in 303 bytes (1 switches on core 0)
Feb 19 02:50:40.771052 np0000156492 devstack@m-api.service[100451]: INFO manila.api.openstack.wsgi [None req-98def7b0-fd0d-4692-bad9-0427359c1238 c_rally_754fdbff_Zl5ckNYr c_rally_754fdbff_MPnFrEDh] GET https://199.19.213.223/share/v1/dc3bf48350d946bcacff7c1b0ba4a178/share-networks/2800283a-1ef2-4363-b8f8-e17aa0000197
Feb 19 02:50:40.771180 np0000156492 devstack@m-api.service[100451]: DEBUG manila.api.openstack.wsgi [None req-98def7b0-fd0d-4692-bad9-0427359c1238 c_rally_754fdbff_Zl5ckNYr c_rally_754fdbff_MPnFrEDh] No Content-Type provided in request {{(pid=100451) get_body /opt/stack/manila/manila/api/openstack/wsgi.py:648}}
Feb 19 02:50:40.771336 np0000156492 devstack@m-api.service[100451]: DEBUG manila.api.openstack.wsgi [None req-98def7b0-fd0d-4692-bad9-0427359c1238 c_rally_754fdbff_Zl5ckNYr c_rally_754fdbff_MPnFrEDh] Calling method 'ShareNetworkController.show' {{(pid=100451) _process_stack /opt/stack/manila/manila/api/openstack/wsgi.py:798}}
Feb 19 02:50:40.779310 np0000156492 devstack@m-api.service[100451]: INFO manila.api.openstack.wsgi [None req-98def7b0-fd0d-4692-bad9-0427359c1238 c_rally_754fdbff_Zl5ckNYr c_rally_754fdbff_MPnFrEDh] HTTP exception thrown: Share network 2800283a-1ef2-4363-b8f8-e17aa0000197 could not be found.
Feb 19 02:50:40.784309 np0000156492 devstack@m-api.service[100451]: INFO manila.api.openstack.wsgi [None req-98def7b0-fd0d-4692-bad9-0427359c1238 c_rally_754fdbff_Zl5ckNYr c_rally_754fdbff_MPnFrEDh] https://199.19.213.223/share/v1/dc3bf48350d946bcacff7c1b0ba4a178/share-networks/2800283a-1ef2-4363-b8f8-e17aa0000197 returned with HTTP 404
Feb 19 02:50:40.784309 np0000156492 devstack@m-api.service[100451]: [pid: 100451|app: 0|req: 293/565] 199.19.213.223 () {66 vars in 1511 bytes} [Thu Feb 19 02:50:40 2026] GET /share/v1/dc3bf48350d946bcacff7c1b0ba4a178/share-networks/2800283a-1ef2-4363-b8f8-e17aa0000197 => generated 116 bytes in 10 msecs (HTTP/1.1 404) 7 headers in 303 bytes (1 switches on core 0)
Feb 19 02:50:40.784309 np0000156492 devstack@m-api.service[100451]: INFO manila.api.openstack.wsgi [None req-89971b0c-8bb7-4fcb-b4cb-cf26564d90cf c_rally_754fdbff_Zl5ckNYr c_rally_754fdbff_MPnFrEDh] GET https://199.19.213.223/share/v1/dc3bf48350d946bcacff7c1b0ba4a178/share-networks/d87f38b8-e5c8-43bb-ab7d-e4bf971153d6
Feb 19 02:50:40.784309 np0000156492 devstack@m-api.service[100451]: DEBUG manila.api.openstack.wsgi [None req-89971b0c-8bb7-4fcb-b4cb-cf26564d90cf c_rally_754fdbff_Zl5ckNYr c_rally_754fdbff_MPnFrEDh] No Content-Type provided in request {{(pid=100451) get_body /opt/stack/manila/manila/api/openstack/wsgi.py:648}}
Feb 19 02:50:40.784309 np0000156492 devstack@m-api.service[100451]: DEBUG manila.api.openstack.wsgi [None req-89971b0c-8bb7-4fcb-b4cb-cf26564d90cf c_rally_754fdbff_Zl5ckNYr c_rally_754fdbff_MPnFrEDh] Calling method 'ShareNetworkController.show' {{(pid=100451) _process_stack /opt/stack/manila/manila/api/openstack/wsgi.py:798}}
Feb 19 02:50:40.789152 np0000156492 devstack@m-api.service[100451]: INFO manila.api.openstack.wsgi [None req-89971b0c-8bb7-4fcb-b4cb-cf26564d90cf c_rally_754fdbff_Zl5ckNYr c_rally_754fdbff_MPnFrEDh] HTTP exception thrown: Share network d87f38b8-e5c8-43bb-ab7d-e4bf971153d6 could not be found.
Feb 19 02:50:40.789294 np0000156492 devstack@m-api.service[100451]: INFO manila.api.openstack.wsgi [None req-89971b0c-8bb7-4fcb-b4cb-cf26564d90cf c_rally_754fdbff_Zl5ckNYr c_rally_754fdbff_MPnFrEDh] https://199.19.213.223/share/v1/dc3bf48350d946bcacff7c1b0ba4a178/share-networks/d87f38b8-e5c8-43bb-ab7d-e4bf971153d6 returned with HTTP 404
Feb 19 02:50:40.789597 np0000156492 devstack@m-api.service[100451]: [pid: 100451|app: 0|req: 294/566] 199.19.213.223 () {66 vars in 1511 bytes} [Thu Feb 19 02:50:40 2026] GET /share/v1/dc3bf48350d946bcacff7c1b0ba4a178/share-networks/d87f38b8-e5c8-43bb-ab7d-e4bf971153d6 => generated 116 bytes in 9 msecs (HTTP/1.1 404) 7 headers in 303 bytes (1 switches on core 0)
Feb 19 02:50:40.839943 np0000156492 devstack@m-api.service[100452]: DEBUG manila.quota [None req-96ce8941-2480-4895-9c6c-f25210de905f c_rally_754fdbff_Zl5ckNYr c_rally_754fdbff_MPnFrEDh] Committed reservations ['acdfc146-0864-41f4-83fb-8ce5f6cca409'] {{(pid=100452) commit /opt/stack/manila/manila/quota.py:1066}}
Feb 19 02:50:40.840289 np0000156492 devstack@m-api.service[100452]: INFO manila.api.openstack.wsgi [None req-96ce8941-2480-4895-9c6c-f25210de905f c_rally_754fdbff_Zl5ckNYr c_rally_754fdbff_MPnFrEDh] https://199.19.213.223/share/v1/dc3bf48350d946bcacff7c1b0ba4a178/share-networks/da173f85-39d3-4756-80c7-04ed380be5fc returned with HTTP 202
Feb 19 02:50:40.841105 np0000156492 devstack@m-api.service[100452]: [pid: 100452|app: 0|req: 273/567] 199.19.213.223 () {68 vars in 1533 bytes} [Thu Feb 19 02:50:40 2026] DELETE /share/v1/dc3bf48350d946bcacff7c1b0ba4a178/share-networks/da173f85-39d3-4756-80c7-04ed380be5fc => generated 0 bytes in 560 msecs (HTTP/1.1 202) 7 headers in 308 bytes (1 switches on core 0)
Feb 19 02:50:40.886155 np0000156492 devstack@m-api.service[100451]: INFO manila.api.openstack.wsgi [None req-9ba0775e-efba-465a-bfa5-3367f398a309 c_rally_754fdbff_Zl5ckNYr c_rally_754fdbff_MPnFrEDh] GET https://199.19.213.223/share/v1/dc3bf48350d946bcacff7c1b0ba4a178/share-networks/da173f85-39d3-4756-80c7-04ed380be5fc
Feb 19 02:50:40.886645 np0000156492 devstack@m-api.service[100451]: DEBUG manila.api.openstack.wsgi [None req-9ba0775e-efba-465a-bfa5-3367f398a309 c_rally_754fdbff_Zl5ckNYr c_rally_754fdbff_MPnFrEDh] No Content-Type provided in request {{(pid=100451) get_body /opt/stack/manila/manila/api/openstack/wsgi.py:648}}
Feb 19 02:50:40.886965 np0000156492 devstack@m-api.service[100451]: DEBUG manila.api.openstack.wsgi [None req-9ba0775e-efba-465a-bfa5-3367f398a309 c_rally_754fdbff_Zl5ckNYr c_rally_754fdbff_MPnFrEDh] Calling method 'ShareNetworkController.show' {{(pid=100451) _process_stack /opt/stack/manila/manila/api/openstack/wsgi.py:798}}
Feb 19 02:50:40.902508 np0000156492 devstack@m-api.service[100451]: INFO manila.api.openstack.wsgi [None req-9ba0775e-efba-465a-bfa5-3367f398a309 c_rally_754fdbff_Zl5ckNYr c_rally_754fdbff_MPnFrEDh] HTTP exception thrown: Share network da173f85-39d3-4756-80c7-04ed380be5fc could not be found.
Feb 19 02:50:40.902708 np0000156492 devstack@m-api.service[100451]: INFO manila.api.openstack.wsgi [None req-9ba0775e-efba-465a-bfa5-3367f398a309 c_rally_754fdbff_Zl5ckNYr c_rally_754fdbff_MPnFrEDh] https://199.19.213.223/share/v1/dc3bf48350d946bcacff7c1b0ba4a178/share-networks/da173f85-39d3-4756-80c7-04ed380be5fc returned with HTTP 404
Feb 19 02:50:40.903357 np0000156492 devstack@m-api.service[100451]: [pid: 100451|app: 0|req: 295/568] 199.19.213.223 () {66 vars in 1511 bytes} [Thu Feb 19 02:50:40 2026] GET /share/v1/dc3bf48350d946bcacff7c1b0ba4a178/share-networks/da173f85-39d3-4756-80c7-04ed380be5fc => generated 116 bytes in 20 msecs (HTTP/1.1 404) 7 headers in 303 bytes (1 switches on core 0)
Feb 19 02:50:42.147523 np0000156492 devstack@m-api.service[100452]: INFO manila.api.openstack.wsgi [None req-9af839db-7981-45a1-8d97-00dced38b0bd c_rally_754fdbff_Zl5ckNYr c_rally_754fdbff_MPnFrEDh] GET https://199.19.213.223/share/v1/dc3bf48350d946bcacff7c1b0ba4a178/security-services/detail
Feb 19 02:50:42.147523 np0000156492 devstack@m-api.service[100452]: DEBUG manila.api.openstack.wsgi [None req-9af839db-7981-45a1-8d97-00dced38b0bd c_rally_754fdbff_Zl5ckNYr c_rally_754fdbff_MPnFrEDh] No Content-Type provided in request {{(pid=100452) get_body /opt/stack/manila/manila/api/openstack/wsgi.py:648}}
Feb 19 02:50:42.147523 np0000156492 devstack@m-api.service[100452]: DEBUG manila.api.openstack.wsgi [None req-9af839db-7981-45a1-8d97-00dced38b0bd c_rally_754fdbff_Zl5ckNYr c_rally_754fdbff_MPnFrEDh] Calling method 'SecurityServiceController.detail' {{(pid=100452) _process_stack /opt/stack/manila/manila/api/openstack/wsgi.py:798}}
Feb 19 02:50:42.147523 np0000156492 devstack@m-api.service[100452]: DEBUG manila.api.common [None req-9af839db-7981-45a1-8d97-00dced38b0bd c_rally_754fdbff_Zl5ckNYr c_rally_754fdbff_MPnFrEDh] Removing options '' from query {{(pid=100452) remove_invalid_options /opt/stack/manila/manila/api/common.py:440}}
Feb 19 02:50:42.181890 np0000156492 devstack@m-api.service[100452]: INFO manila.api.openstack.wsgi [None req-9af839db-7981-45a1-8d97-00dced38b0bd c_rally_754fdbff_Zl5ckNYr c_rally_754fdbff_MPnFrEDh] https://199.19.213.223/share/v1/dc3bf48350d946bcacff7c1b0ba4a178/security-services/detail returned with HTTP 200
Feb 19 02:50:42.182403 np0000156492 devstack@m-api.service[100452]: [pid: 100452|app: 0|req: 274/569] 199.19.213.223 () {66 vars in 1430 bytes} [Thu Feb 19 02:50:42 2026] GET /share/v1/dc3bf48350d946bcacff7c1b0ba4a178/security-services/detail => generated 3573 bytes in 80 msecs (HTTP/1.1 200) 7 headers in 297 bytes (1 switches on core 0)
Feb 19 02:50:43.646737 np0000156492 devstack@m-api.service[100451]: INFO manila.api.openstack.wsgi [None req-eb106a03-0e7a-4f05-9c87-8bfd4650d136 c_rally_754fdbff_Zl5ckNYr c_rally_754fdbff_MPnFrEDh] DELETE https://199.19.213.223/share/v1/dc3bf48350d946bcacff7c1b0ba4a178/security-services/3707ccdd-6038-46ff-8437-09a60df9aa87
Feb 19 02:50:43.647069 np0000156492 devstack@m-api.service[100451]: DEBUG manila.api.openstack.wsgi [None req-eb106a03-0e7a-4f05-9c87-8bfd4650d136 c_rally_754fdbff_Zl5ckNYr c_rally_754fdbff_MPnFrEDh] No Content-Type provided in request {{(pid=100451) get_body /opt/stack/manila/manila/api/openstack/wsgi.py:648}}
Feb 19 02:50:43.647069 np0000156492 devstack@m-api.service[100451]: DEBUG manila.api.openstack.wsgi [None req-eb106a03-0e7a-4f05-9c87-8bfd4650d136 c_rally_754fdbff_Zl5ckNYr c_rally_754fdbff_MPnFrEDh] Calling method 'SecurityServiceController.delete' {{(pid=100451) _process_stack /opt/stack/manila/manila/api/openstack/wsgi.py:798}}
Feb 19 02:50:43.647152 np0000156492 devstack@m-api.service[100451]: INFO manila.api.v2.security_service [None req-eb106a03-0e7a-4f05-9c87-8bfd4650d136 c_rally_754fdbff_Zl5ckNYr c_rally_754fdbff_MPnFrEDh] Delete security service with id: 3707ccdd-6038-46ff-8437-09a60df9aa87
Feb 19 02:50:43.674054 np0000156492 devstack@m-api.service[100451]: INFO manila.api.openstack.wsgi [None req-eb106a03-0e7a-4f05-9c87-8bfd4650d136 c_rally_754fdbff_Zl5ckNYr c_rally_754fdbff_MPnFrEDh] https://199.19.213.223/share/v1/dc3bf48350d946bcacff7c1b0ba4a178/security-services/3707ccdd-6038-46ff-8437-09a60df9aa87 returned with HTTP 202
Feb 19 02:50:43.674462 np0000156492 devstack@m-api.service[100451]: [pid: 100451|app: 0|req: 296/570] 199.19.213.223 () {68 vars in 1542 bytes} [Thu Feb 19 02:50:43 2026] DELETE /share/v1/dc3bf48350d946bcacff7c1b0ba4a178/security-services/3707ccdd-6038-46ff-8437-09a60df9aa87 => generated 0 bytes in 51 msecs (HTTP/1.1 202) 7 headers in 308 bytes (1 switches on core 0)
Feb 19 02:50:43.756281 np0000156492 devstack@m-api.service[100452]: INFO manila.api.openstack.wsgi [None req-7cb9e6ce-0b9c-4d6f-a7b1-653ef0620296 c_rally_754fdbff_Zl5ckNYr c_rally_754fdbff_MPnFrEDh] DELETE https://199.19.213.223/share/v1/dc3bf48350d946bcacff7c1b0ba4a178/security-services/0006333f-3fe6-44c8-a68c-9c85ccb5399e
Feb 19 02:50:43.756658 np0000156492 devstack@m-api.service[100452]: DEBUG manila.api.openstack.wsgi [None req-7cb9e6ce-0b9c-4d6f-a7b1-653ef0620296 c_rally_754fdbff_Zl5ckNYr c_rally_754fdbff_MPnFrEDh] No Content-Type provided in request {{(pid=100452) get_body /opt/stack/manila/manila/api/openstack/wsgi.py:648}}
Feb 19 02:50:43.756658 np0000156492 devstack@m-api.service[100452]: DEBUG manila.api.openstack.wsgi [None req-7cb9e6ce-0b9c-4d6f-a7b1-653ef0620296 c_rally_754fdbff_Zl5ckNYr c_rally_754fdbff_MPnFrEDh] Calling method 'SecurityServiceController.delete' {{(pid=100452) _process_stack /opt/stack/manila/manila/api/openstack/wsgi.py:798}}
Feb 19 02:50:43.756658 np0000156492 devstack@m-api.service[100452]: INFO manila.api.v2.security_service [None req-7cb9e6ce-0b9c-4d6f-a7b1-653ef0620296 c_rally_754fdbff_Zl5ckNYr c_rally_754fdbff_MPnFrEDh] Delete security service with id: 0006333f-3fe6-44c8-a68c-9c85ccb5399e
Feb 19 02:50:43.791579 np0000156492 devstack@m-api.service[100451]: INFO manila.api.openstack.wsgi [None req-4d887d9c-81a8-430e-a1cf-35ad2c1cc888 c_rally_754fdbff_Zl5ckNYr c_rally_754fdbff_MPnFrEDh] DELETE https://199.19.213.223/share/v1/dc3bf48350d946bcacff7c1b0ba4a178/security-services/41e9c2ef-e751-4129-912e-de75b2652042
Feb 19 02:50:43.791726 np0000156492 devstack@m-api.service[100451]: DEBUG manila.api.openstack.wsgi [None req-4d887d9c-81a8-430e-a1cf-35ad2c1cc888 c_rally_754fdbff_Zl5ckNYr c_rally_754fdbff_MPnFrEDh] No Content-Type provided in request {{(pid=100451) get_body /opt/stack/manila/manila/api/openstack/wsgi.py:648}}
Feb 19 02:50:43.793756 np0000156492 devstack@m-api.service[100451]: DEBUG manila.api.openstack.wsgi [None req-4d887d9c-81a8-430e-a1cf-35ad2c1cc888 c_rally_754fdbff_Zl5ckNYr c_rally_754fdbff_MPnFrEDh] Calling method 'SecurityServiceController.delete' {{(pid=100451) _process_stack /opt/stack/manila/manila/api/openstack/wsgi.py:798}}
Feb 19 02:50:43.793868 np0000156492 devstack@m-api.service[100451]: INFO manila.api.v2.security_service [None req-4d887d9c-81a8-430e-a1cf-35ad2c1cc888 c_rally_754fdbff_Zl5ckNYr c_rally_754fdbff_MPnFrEDh] Delete security service with id: 41e9c2ef-e751-4129-912e-de75b2652042
Feb 19 02:50:43.806554 np0000156492 devstack@m-api.service[100452]: INFO manila.api.openstack.wsgi [None req-7cb9e6ce-0b9c-4d6f-a7b1-653ef0620296 c_rally_754fdbff_Zl5ckNYr c_rally_754fdbff_MPnFrEDh] https://199.19.213.223/share/v1/dc3bf48350d946bcacff7c1b0ba4a178/security-services/0006333f-3fe6-44c8-a68c-9c85ccb5399e returned with HTTP 202
Feb 19 02:50:43.807000 np0000156492 devstack@m-api.service[100452]: [pid: 100452|app: 0|req: 275/571] 199.19.213.223 () {68 vars in 1542 bytes} [Thu Feb 19 02:50:43 2026] DELETE /share/v1/dc3bf48350d946bcacff7c1b0ba4a178/security-services/0006333f-3fe6-44c8-a68c-9c85ccb5399e => generated 0 bytes in 79 msecs (HTTP/1.1 202) 7 headers in 308 bytes (1 switches on core 0)
Feb 19 02:50:43.813204 np0000156492 devstack@m-api.service[100451]: INFO manila.api.openstack.wsgi [None req-4d887d9c-81a8-430e-a1cf-35ad2c1cc888 c_rally_754fdbff_Zl5ckNYr c_rally_754fdbff_MPnFrEDh] https://199.19.213.223/share/v1/dc3bf48350d946bcacff7c1b0ba4a178/security-services/41e9c2ef-e751-4129-912e-de75b2652042 returned with HTTP 202
Feb 19 02:50:43.813543 np0000156492 devstack@m-api.service[100451]: [pid: 100451|app: 0|req: 297/572] 199.19.213.223 () {68 vars in 1542 bytes} [Thu Feb 19 02:50:43 2026] DELETE /share/v1/dc3bf48350d946bcacff7c1b0ba4a178/security-services/41e9c2ef-e751-4129-912e-de75b2652042 => generated 0 bytes in 59 msecs (HTTP/1.1 202) 7 headers in 308 bytes (1 switches on core 0)
Feb 19 02:50:43.840316 np0000156492 devstack@m-api.service[100451]: INFO manila.api.openstack.wsgi [None req-35428c74-78a1-42f2-939c-378f9619cdc5 c_rally_754fdbff_Zl5ckNYr c_rally_754fdbff_MPnFrEDh] DELETE https://199.19.213.223/share/v1/dc3bf48350d946bcacff7c1b0ba4a178/security-services/30df18c5-68b7-4196-a526-a0984f53450d
Feb 19 02:50:43.840457 np0000156492 devstack@m-api.service[100451]: DEBUG manila.api.openstack.wsgi [None req-35428c74-78a1-42f2-939c-378f9619cdc5 c_rally_754fdbff_Zl5ckNYr c_rally_754fdbff_MPnFrEDh] No Content-Type provided in request {{(pid=100451) get_body /opt/stack/manila/manila/api/openstack/wsgi.py:648}}
Feb 19 02:50:43.840609 np0000156492 devstack@m-api.service[100451]: DEBUG manila.api.openstack.wsgi [None req-35428c74-78a1-42f2-939c-378f9619cdc5 c_rally_754fdbff_Zl5ckNYr c_rally_754fdbff_MPnFrEDh] Calling method 'SecurityServiceController.delete' {{(pid=100451) _process_stack /opt/stack/manila/manila/api/openstack/wsgi.py:798}}
Feb 19 02:50:43.840701 np0000156492 devstack@m-api.service[100451]: INFO manila.api.v2.security_service [None req-35428c74-78a1-42f2-939c-378f9619cdc5 c_rally_754fdbff_Zl5ckNYr c_rally_754fdbff_MPnFrEDh] Delete security service with id: 30df18c5-68b7-4196-a526-a0984f53450d
Feb 19 02:50:43.851254 np0000156492 devstack@m-api.service[100452]: INFO manila.api.openstack.wsgi [None req-9086d8e9-20fc-473e-a926-0e8390750af0 c_rally_754fdbff_Zl5ckNYr c_rally_754fdbff_MPnFrEDh] DELETE https://199.19.213.223/share/v1/dc3bf48350d946bcacff7c1b0ba4a178/security-services/9dbdd7c7-80eb-4f8f-b9ed-52965786b7a5
Feb 19 02:50:43.851395 np0000156492 devstack@m-api.service[100452]: DEBUG manila.api.openstack.wsgi [None req-9086d8e9-20fc-473e-a926-0e8390750af0 c_rally_754fdbff_Zl5ckNYr c_rally_754fdbff_MPnFrEDh] No Content-Type provided in request {{(pid=100452) get_body /opt/stack/manila/manila/api/openstack/wsgi.py:648}}
Feb 19 02:50:43.851547 np0000156492 devstack@m-api.service[100452]: DEBUG manila.api.openstack.wsgi [None req-9086d8e9-20fc-473e-a926-0e8390750af0 c_rally_754fdbff_Zl5ckNYr c_rally_754fdbff_MPnFrEDh] Calling method 'SecurityServiceController.delete' {{(pid=100452) _process_stack /opt/stack/manila/manila/api/openstack/wsgi.py:798}}
Feb 19 02:50:43.851649 np0000156492 devstack@m-api.service[100452]: INFO manila.api.v2.security_service [None req-9086d8e9-20fc-473e-a926-0e8390750af0 c_rally_754fdbff_Zl5ckNYr c_rally_754fdbff_MPnFrEDh] Delete security service with id: 9dbdd7c7-80eb-4f8f-b9ed-52965786b7a5
Feb 19 02:50:43.862865 np0000156492 devstack@m-api.service[100451]: INFO manila.api.openstack.wsgi [None req-35428c74-78a1-42f2-939c-378f9619cdc5 c_rally_754fdbff_Zl5ckNYr c_rally_754fdbff_MPnFrEDh] https://199.19.213.223/share/v1/dc3bf48350d946bcacff7c1b0ba4a178/security-services/30df18c5-68b7-4196-a526-a0984f53450d returned with HTTP 202
Feb 19 02:50:43.863539 np0000156492 devstack@m-api.service[100451]: [pid: 100451|app: 0|req: 298/573] 199.19.213.223 () {68 vars in 1542 bytes} [Thu Feb 19 02:50:43 2026] DELETE /share/v1/dc3bf48350d946bcacff7c1b0ba4a178/security-services/30df18c5-68b7-4196-a526-a0984f53450d => generated 0 bytes in 48 msecs (HTTP/1.1 202) 7 headers in 308 bytes (2 switches on core 0)
Feb 19 02:50:43.894749 np0000156492 devstack@m-api.service[100452]: INFO manila.api.openstack.wsgi [None req-9086d8e9-20fc-473e-a926-0e8390750af0 c_rally_754fdbff_Zl5ckNYr c_rally_754fdbff_MPnFrEDh] https://199.19.213.223/share/v1/dc3bf48350d946bcacff7c1b0ba4a178/security-services/9dbdd7c7-80eb-4f8f-b9ed-52965786b7a5 returned with HTTP 202
Feb 19 02:50:43.895245 np0000156492 devstack@m-api.service[100452]: [pid: 100452|app: 0|req: 276/574] 199.19.213.223 () {68 vars in 1542 bytes} [Thu Feb 19 02:50:43 2026] DELETE /share/v1/dc3bf48350d946bcacff7c1b0ba4a178/security-services/9dbdd7c7-80eb-4f8f-b9ed-52965786b7a5 => generated 0 bytes in 88 msecs (HTTP/1.1 202) 7 headers in 308 bytes (1 switches on core 0)
Feb 19 02:50:43.905352 np0000156492 devstack@m-api.service[100451]: INFO manila.api.openstack.wsgi [None req-62b82aad-70c0-404d-bc3c-65967bfc8a4f c_rally_754fdbff_Zl5ckNYr c_rally_754fdbff_MPnFrEDh] DELETE https://199.19.213.223/share/v1/dc3bf48350d946bcacff7c1b0ba4a178/security-services/36f33261-a698-42ca-99a7-c5a526b9e404
Feb 19 02:50:43.905498 np0000156492 devstack@m-api.service[100451]: DEBUG manila.api.openstack.wsgi [None req-62b82aad-70c0-404d-bc3c-65967bfc8a4f c_rally_754fdbff_Zl5ckNYr c_rally_754fdbff_MPnFrEDh] No Content-Type provided in request {{(pid=100451) get_body /opt/stack/manila/manila/api/openstack/wsgi.py:648}}
Feb 19 02:50:43.905671 np0000156492 devstack@m-api.service[100451]: DEBUG manila.api.openstack.wsgi [None req-62b82aad-70c0-404d-bc3c-65967bfc8a4f c_rally_754fdbff_Zl5ckNYr c_rally_754fdbff_MPnFrEDh] Calling method 'SecurityServiceController.delete' {{(pid=100451) _process_stack /opt/stack/manila/manila/api/openstack/wsgi.py:798}}
Feb 19 02:50:43.905783 np0000156492 devstack@m-api.service[100451]: INFO manila.api.v2.security_service [None req-62b82aad-70c0-404d-bc3c-65967bfc8a4f c_rally_754fdbff_Zl5ckNYr c_rally_754fdbff_MPnFrEDh] Delete security service with id: 36f33261-a698-42ca-99a7-c5a526b9e404
Feb 19 02:50:43.926242 np0000156492 devstack@m-api.service[100452]: INFO manila.api.openstack.wsgi [None req-2441f44d-5849-45a9-a83e-2061948d09a1 c_rally_754fdbff_Zl5ckNYr c_rally_754fdbff_MPnFrEDh] DELETE https://199.19.213.223/share/v1/dc3bf48350d946bcacff7c1b0ba4a178/security-services/48841dcc-c88b-461b-97ab-1a1be1f6f725
Feb 19 02:50:43.926388 np0000156492 devstack@m-api.service[100452]: DEBUG manila.api.openstack.wsgi [None req-2441f44d-5849-45a9-a83e-2061948d09a1 c_rally_754fdbff_Zl5ckNYr c_rally_754fdbff_MPnFrEDh] No Content-Type provided in request {{(pid=100452) get_body /opt/stack/manila/manila/api/openstack/wsgi.py:648}}
Feb 19 02:50:43.926537 np0000156492 devstack@m-api.service[100452]: DEBUG manila.api.openstack.wsgi [None req-2441f44d-5849-45a9-a83e-2061948d09a1 c_rally_754fdbff_Zl5ckNYr c_rally_754fdbff_MPnFrEDh] Calling method 'SecurityServiceController.delete' {{(pid=100452) _process_stack /opt/stack/manila/manila/api/openstack/wsgi.py:798}}
Feb 19 02:50:43.926640 np0000156492 devstack@m-api.service[100452]: INFO manila.api.v2.security_service [None req-2441f44d-5849-45a9-a83e-2061948d09a1 c_rally_754fdbff_Zl5ckNYr c_rally_754fdbff_MPnFrEDh] Delete security service with id: 48841dcc-c88b-461b-97ab-1a1be1f6f725
Feb 19 02:50:43.940635 np0000156492 devstack@m-api.service[100451]: INFO manila.api.openstack.wsgi [None req-62b82aad-70c0-404d-bc3c-65967bfc8a4f c_rally_754fdbff_Zl5ckNYr c_rally_754fdbff_MPnFrEDh] https://199.19.213.223/share/v1/dc3bf48350d946bcacff7c1b0ba4a178/security-services/36f33261-a698-42ca-99a7-c5a526b9e404 returned with HTTP 202
Feb 19 02:50:43.941502 np0000156492 devstack@m-api.service[100451]: [pid: 100451|app: 0|req: 299/575] 199.19.213.223 () {68 vars in 1542 bytes} [Thu Feb 19 02:50:43 2026] DELETE /share/v1/dc3bf48350d946bcacff7c1b0ba4a178/security-services/36f33261-a698-42ca-99a7-c5a526b9e404 => generated 0 bytes in 77 msecs (HTTP/1.1 202) 7 headers in 308 bytes (1 switches on core 0)
Feb 19 02:50:43.946231 np0000156492 devstack@m-api.service[100452]: INFO manila.api.openstack.wsgi [None req-2441f44d-5849-45a9-a83e-2061948d09a1 c_rally_754fdbff_Zl5ckNYr c_rally_754fdbff_MPnFrEDh] https://199.19.213.223/share/v1/dc3bf48350d946bcacff7c1b0ba4a178/security-services/48841dcc-c88b-461b-97ab-1a1be1f6f725 returned with HTTP 202
Feb 19 02:50:43.946863 np0000156492 devstack@m-api.service[100452]: [pid: 100452|app: 0|req: 277/576] 199.19.213.223 () {68 vars in 1542 bytes} [Thu Feb 19 02:50:43 2026] DELETE /share/v1/dc3bf48350d946bcacff7c1b0ba4a178/security-services/48841dcc-c88b-461b-97ab-1a1be1f6f725 => generated 0 bytes in 51 msecs (HTTP/1.1 202) 7 headers in 308 bytes (1 switches on core 0)
Feb 19 02:50:43.969954 np0000156492 devstack@m-api.service[100451]: INFO manila.api.openstack.wsgi [None req-5bb10ed7-aa65-49dd-84e5-1461da5d70de c_rally_754fdbff_Zl5ckNYr c_rally_754fdbff_MPnFrEDh] DELETE https://199.19.213.223/share/v1/dc3bf48350d946bcacff7c1b0ba4a178/security-services/154c8ccf-e255-4a03-857b-2bcbff3b70d1
Feb 19 02:50:43.970105 np0000156492 devstack@m-api.service[100451]: DEBUG manila.api.openstack.wsgi [None req-5bb10ed7-aa65-49dd-84e5-1461da5d70de c_rally_754fdbff_Zl5ckNYr c_rally_754fdbff_MPnFrEDh] No Content-Type provided in request {{(pid=100451) get_body /opt/stack/manila/manila/api/openstack/wsgi.py:648}}
Feb 19 02:50:43.970273 np0000156492 devstack@m-api.service[100451]: DEBUG manila.api.openstack.wsgi [None req-5bb10ed7-aa65-49dd-84e5-1461da5d70de c_rally_754fdbff_Zl5ckNYr c_rally_754fdbff_MPnFrEDh] Calling method 'SecurityServiceController.delete' {{(pid=100451) _process_stack /opt/stack/manila/manila/api/openstack/wsgi.py:798}}
Feb 19 02:50:43.970381 np0000156492 devstack@m-api.service[100451]: INFO manila.api.v2.security_service [None req-5bb10ed7-aa65-49dd-84e5-1461da5d70de c_rally_754fdbff_Zl5ckNYr c_rally_754fdbff_MPnFrEDh] Delete security service with id: 154c8ccf-e255-4a03-857b-2bcbff3b70d1
Feb 19 02:50:43.980132 np0000156492 devstack@m-api.service[100452]: INFO manila.api.openstack.wsgi [None req-ac26587a-de0e-4f48-99b6-9fd77badb014 c_rally_754fdbff_Zl5ckNYr c_rally_754fdbff_MPnFrEDh] DELETE https://199.19.213.223/share/v1/dc3bf48350d946bcacff7c1b0ba4a178/security-services/d2f9f27a-7758-46ba-afa2-d6cab7932e6c
Feb 19 02:50:43.980328 np0000156492 devstack@m-api.service[100452]: DEBUG manila.api.openstack.wsgi [None req-ac26587a-de0e-4f48-99b6-9fd77badb014 c_rally_754fdbff_Zl5ckNYr c_rally_754fdbff_MPnFrEDh] No Content-Type provided in request {{(pid=100452) get_body /opt/stack/manila/manila/api/openstack/wsgi.py:648}}
Feb 19 02:50:43.980539 np0000156492 devstack@m-api.service[100452]: DEBUG manila.api.openstack.wsgi [None req-ac26587a-de0e-4f48-99b6-9fd77badb014 c_rally_754fdbff_Zl5ckNYr c_rally_754fdbff_MPnFrEDh] Calling method 'SecurityServiceController.delete' {{(pid=100452) _process_stack /opt/stack/manila/manila/api/openstack/wsgi.py:798}}
Feb 19 02:50:43.980681 np0000156492 devstack@m-api.service[100452]: INFO manila.api.v2.security_service [None req-ac26587a-de0e-4f48-99b6-9fd77badb014 c_rally_754fdbff_Zl5ckNYr c_rally_754fdbff_MPnFrEDh] Delete security service with id: d2f9f27a-7758-46ba-afa2-d6cab7932e6c
Feb 19 02:50:44.055528 np0000156492 devstack@m-api.service[100451]: INFO manila.api.openstack.wsgi [None req-5bb10ed7-aa65-49dd-84e5-1461da5d70de c_rally_754fdbff_Zl5ckNYr c_rally_754fdbff_MPnFrEDh] https://199.19.213.223/share/v1/dc3bf48350d946bcacff7c1b0ba4a178/security-services/154c8ccf-e255-4a03-857b-2bcbff3b70d1 returned with HTTP 202
Feb 19 02:50:44.056580 np0000156492 devstack@m-api.service[100451]: [pid: 100451|app: 0|req: 300/577] 199.19.213.223 () {68 vars in 1542 bytes} [Thu Feb 19 02:50:43 2026] DELETE /share/v1/dc3bf48350d946bcacff7c1b0ba4a178/security-services/154c8ccf-e255-4a03-857b-2bcbff3b70d1 => generated 0 bytes in 114 msecs (HTTP/1.1 202) 7 headers in 308 bytes (1 switches on core 0)
Feb 19 02:50:44.063056 np0000156492 devstack@m-api.service[100452]: INFO manila.api.openstack.wsgi [None req-ac26587a-de0e-4f48-99b6-9fd77badb014 c_rally_754fdbff_Zl5ckNYr c_rally_754fdbff_MPnFrEDh] https://199.19.213.223/share/v1/dc3bf48350d946bcacff7c1b0ba4a178/security-services/d2f9f27a-7758-46ba-afa2-d6cab7932e6c returned with HTTP 202
Feb 19 02:50:44.065077 np0000156492 devstack@m-api.service[100452]: [pid: 100452|app: 0|req: 278/578] 199.19.213.223 () {68 vars in 1542 bytes} [Thu Feb 19 02:50:43 2026] DELETE /share/v1/dc3bf48350d946bcacff7c1b0ba4a178/security-services/d2f9f27a-7758-46ba-afa2-d6cab7932e6c => generated 0 bytes in 117 msecs (HTTP/1.1 202) 7 headers in 308 bytes (1 switches on core 0)
Feb 19 02:50:44.068212 np0000156492 devstack@m-api.service[100452]: INFO manila.api.openstack.wsgi [None req-ddd69c91-0458-4663-a42b-84e02d51b5a1 c_rally_754fdbff_Zl5ckNYr c_rally_754fdbff_MPnFrEDh] GET https://199.19.213.223/share/v1/dc3bf48350d946bcacff7c1b0ba4a178/security-services/3707ccdd-6038-46ff-8437-09a60df9aa87
Feb 19 02:50:44.068404 np0000156492 devstack@m-api.service[100452]: DEBUG manila.api.openstack.wsgi [None req-ddd69c91-0458-4663-a42b-84e02d51b5a1 c_rally_754fdbff_Zl5ckNYr c_rally_754fdbff_MPnFrEDh] No Content-Type provided in request {{(pid=100452) get_body /opt/stack/manila/manila/api/openstack/wsgi.py:648}}
Feb 19 02:50:44.068615 np0000156492 devstack@m-api.service[100452]: DEBUG manila.api.openstack.wsgi [None req-ddd69c91-0458-4663-a42b-84e02d51b5a1 c_rally_754fdbff_Zl5ckNYr c_rally_754fdbff_MPnFrEDh] Calling method 'SecurityServiceController.show' {{(pid=100452) _process_stack /opt/stack/manila/manila/api/openstack/wsgi.py:798}}
Feb 19 02:50:44.072349 np0000156492 devstack@m-api.service[100452]: INFO manila.api.openstack.wsgi [None req-ddd69c91-0458-4663-a42b-84e02d51b5a1 c_rally_754fdbff_Zl5ckNYr c_rally_754fdbff_MPnFrEDh] HTTP exception thrown: The resource could not be found.
Feb 19 02:50:44.072514 np0000156492 devstack@m-api.service[100452]: INFO manila.api.openstack.wsgi [None req-ddd69c91-0458-4663-a42b-84e02d51b5a1 c_rally_754fdbff_Zl5ckNYr c_rally_754fdbff_MPnFrEDh] https://199.19.213.223/share/v1/dc3bf48350d946bcacff7c1b0ba4a178/security-services/3707ccdd-6038-46ff-8437-09a60df9aa87 returned with HTTP 404
Feb 19 02:50:44.073010 np0000156492 devstack@m-api.service[100452]: [pid: 100452|app: 0|req: 279/579] 199.19.213.223 () {66 vars in 1520 bytes} [Thu Feb 19 02:50:44 2026] GET /share/v1/dc3bf48350d946bcacff7c1b0ba4a178/security-services/3707ccdd-6038-46ff-8437-09a60df9aa87 => generated 78 bytes in 9 msecs (HTTP/1.1 404) 7 headers in 302 bytes (1 switches on core 0)
Feb 19 02:50:44.075618 np0000156492 devstack@m-api.service[100452]: INFO manila.api.openstack.wsgi [None req-4b900d41-d833-4826-ba1b-f4a304c74cfd c_rally_754fdbff_Zl5ckNYr c_rally_754fdbff_MPnFrEDh] GET https://199.19.213.223/share/v1/dc3bf48350d946bcacff7c1b0ba4a178/security-services/41e9c2ef-e751-4129-912e-de75b2652042
Feb 19 02:50:44.076379 np0000156492 devstack@m-api.service[100452]: DEBUG manila.api.openstack.wsgi [None req-4b900d41-d833-4826-ba1b-f4a304c74cfd c_rally_754fdbff_Zl5ckNYr c_rally_754fdbff_MPnFrEDh] No Content-Type provided in request {{(pid=100452) get_body /opt/stack/manila/manila/api/openstack/wsgi.py:648}}
Feb 19 02:50:44.076785 np0000156492 devstack@m-api.service[100452]: DEBUG manila.api.openstack.wsgi [None req-4b900d41-d833-4826-ba1b-f4a304c74cfd c_rally_754fdbff_Zl5ckNYr c_rally_754fdbff_MPnFrEDh] Calling method 'SecurityServiceController.show' {{(pid=100452) _process_stack /opt/stack/manila/manila/api/openstack/wsgi.py:798}}
Feb 19 02:50:44.080924 np0000156492 devstack@m-api.service[100452]: INFO manila.api.openstack.wsgi [None req-4b900d41-d833-4826-ba1b-f4a304c74cfd c_rally_754fdbff_Zl5ckNYr c_rally_754fdbff_MPnFrEDh] HTTP exception thrown: The resource could not be found.
Feb 19 02:50:44.081202 np0000156492 devstack@m-api.service[100452]: INFO manila.api.openstack.wsgi [None req-4b900d41-d833-4826-ba1b-f4a304c74cfd c_rally_754fdbff_Zl5ckNYr c_rally_754fdbff_MPnFrEDh] https://199.19.213.223/share/v1/dc3bf48350d946bcacff7c1b0ba4a178/security-services/41e9c2ef-e751-4129-912e-de75b2652042 returned with HTTP 404
Feb 19 02:50:44.082165 np0000156492 devstack@m-api.service[100452]: [pid: 100452|app: 0|req: 280/580] 199.19.213.223 () {66 vars in 1520 bytes} [Thu Feb 19 02:50:44 2026] GET /share/v1/dc3bf48350d946bcacff7c1b0ba4a178/security-services/41e9c2ef-e751-4129-912e-de75b2652042 => generated 78 bytes in 9 msecs (HTTP/1.1 404) 7 headers in 302 bytes (1 switches on core 0)
Feb 19 02:50:44.085448 np0000156492 devstack@m-api.service[100452]: INFO manila.api.openstack.wsgi [None req-6f97ba09-fbb1-4b46-aef9-4357c5fb59d0 c_rally_754fdbff_Zl5ckNYr c_rally_754fdbff_MPnFrEDh] GET https://199.19.213.223/share/v1/dc3bf48350d946bcacff7c1b0ba4a178/security-services/0006333f-3fe6-44c8-a68c-9c85ccb5399e
Feb 19 02:50:44.085581 np0000156492 devstack@m-api.service[100452]: DEBUG manila.api.openstack.wsgi [None req-6f97ba09-fbb1-4b46-aef9-4357c5fb59d0 c_rally_754fdbff_Zl5ckNYr c_rally_754fdbff_MPnFrEDh] No Content-Type provided in request {{(pid=100452) get_body /opt/stack/manila/manila/api/openstack/wsgi.py:648}}
Feb 19 02:50:44.085731 np0000156492 devstack@m-api.service[100452]: DEBUG manila.api.openstack.wsgi [None req-6f97ba09-fbb1-4b46-aef9-4357c5fb59d0 c_rally_754fdbff_Zl5ckNYr c_rally_754fdbff_MPnFrEDh] Calling method 'SecurityServiceController.show' {{(pid=100452) _process_stack /opt/stack/manila/manila/api/openstack/wsgi.py:798}}
Feb 19 02:50:44.088837 np0000156492 devstack@m-api.service[100452]: INFO manila.api.openstack.wsgi [None req-6f97ba09-fbb1-4b46-aef9-4357c5fb59d0 c_rally_754fdbff_Zl5ckNYr c_rally_754fdbff_MPnFrEDh] HTTP exception thrown: The resource could not be found.
Feb 19 02:50:44.088837 np0000156492 devstack@m-api.service[100452]: INFO manila.api.openstack.wsgi [None req-6f97ba09-fbb1-4b46-aef9-4357c5fb59d0 c_rally_754fdbff_Zl5ckNYr c_rally_754fdbff_MPnFrEDh] https://199.19.213.223/share/v1/dc3bf48350d946bcacff7c1b0ba4a178/security-services/0006333f-3fe6-44c8-a68c-9c85ccb5399e returned with HTTP 404
Feb 19 02:50:44.089165 np0000156492 devstack@m-api.service[100452]: [pid: 100452|app: 0|req: 281/581] 199.19.213.223 () {66 vars in 1520 bytes} [Thu Feb 19 02:50:44 2026] GET /share/v1/dc3bf48350d946bcacff7c1b0ba4a178/security-services/0006333f-3fe6-44c8-a68c-9c85ccb5399e => generated 78 bytes in 6 msecs (HTTP/1.1 404) 7 headers in 302 bytes (1 switches on core 0)
Feb 19 02:50:44.091255 np0000156492 devstack@m-api.service[100451]: INFO manila.api.openstack.wsgi [None req-3269aa1e-05cb-4689-bfc6-908591bb8f89 c_rally_754fdbff_Zl5ckNYr c_rally_754fdbff_MPnFrEDh] DELETE https://199.19.213.223/share/v1/dc3bf48350d946bcacff7c1b0ba4a178/security-services/9004a2f6-aa48-47a4-97ee-f04a0deb3fdf
Feb 19 02:50:44.093912 np0000156492 devstack@m-api.service[100451]: DEBUG manila.api.openstack.wsgi [None req-3269aa1e-05cb-4689-bfc6-908591bb8f89 c_rally_754fdbff_Zl5ckNYr c_rally_754fdbff_MPnFrEDh] No Content-Type provided in request {{(pid=100451) get_body /opt/stack/manila/manila/api/openstack/wsgi.py:648}}
Feb 19 02:50:44.110783 np0000156492 devstack@m-api.service[100451]: DEBUG manila.api.openstack.wsgi [None req-3269aa1e-05cb-4689-bfc6-908591bb8f89 c_rally_754fdbff_Zl5ckNYr c_rally_754fdbff_MPnFrEDh] Calling method 'SecurityServiceController.delete' {{(pid=100451) _process_stack /opt/stack/manila/manila/api/openstack/wsgi.py:798}}
Feb 19 02:50:44.110783 np0000156492 devstack@m-api.service[100451]: INFO manila.api.v2.security_service [None req-3269aa1e-05cb-4689-bfc6-908591bb8f89 c_rally_754fdbff_Zl5ckNYr c_rally_754fdbff_MPnFrEDh] Delete security service with id: 9004a2f6-aa48-47a4-97ee-f04a0deb3fdf
Feb 19 02:50:44.118538 np0000156492 devstack@m-api.service[100452]: INFO manila.api.openstack.wsgi [None req-a8f536d3-e561-4da6-b781-00a4929099dc c_rally_754fdbff_Zl5ckNYr c_rally_754fdbff_MPnFrEDh] GET https://199.19.213.223/share/v1/dc3bf48350d946bcacff7c1b0ba4a178/security-services/30df18c5-68b7-4196-a526-a0984f53450d
Feb 19 02:50:44.118665 np0000156492 devstack@m-api.service[100452]: DEBUG manila.api.openstack.wsgi [None req-a8f536d3-e561-4da6-b781-00a4929099dc c_rally_754fdbff_Zl5ckNYr c_rally_754fdbff_MPnFrEDh] No Content-Type provided in request {{(pid=100452) get_body /opt/stack/manila/manila/api/openstack/wsgi.py:648}}
Feb 19 02:50:44.118874 np0000156492 devstack@m-api.service[100452]: DEBUG manila.api.openstack.wsgi [None req-a8f536d3-e561-4da6-b781-00a4929099dc c_rally_754fdbff_Zl5ckNYr c_rally_754fdbff_MPnFrEDh] Calling method 'SecurityServiceController.show' {{(pid=100452) _process_stack /opt/stack/manila/manila/api/openstack/wsgi.py:798}}
Feb 19 02:50:44.120069 np0000156492 devstack@m-api.service[100451]: INFO manila.api.openstack.wsgi [None req-3269aa1e-05cb-4689-bfc6-908591bb8f89 c_rally_754fdbff_Zl5ckNYr c_rally_754fdbff_MPnFrEDh] https://199.19.213.223/share/v1/dc3bf48350d946bcacff7c1b0ba4a178/security-services/9004a2f6-aa48-47a4-97ee-f04a0deb3fdf returned with HTTP 202
Feb 19 02:50:44.120680 np0000156492 devstack@m-api.service[100451]: [pid: 100451|app: 0|req: 301/582] 199.19.213.223 () {68 vars in 1542 bytes} [Thu Feb 19 02:50:44 2026] DELETE /share/v1/dc3bf48350d946bcacff7c1b0ba4a178/security-services/9004a2f6-aa48-47a4-97ee-f04a0deb3fdf => generated 0 bytes in 64 msecs (HTTP/1.1 202) 7 headers in 308 bytes (1 switches on core 0)
Feb 19 02:50:44.121201 np0000156492 devstack@m-api.service[100452]: INFO manila.api.openstack.wsgi [None req-a8f536d3-e561-4da6-b781-00a4929099dc c_rally_754fdbff_Zl5ckNYr c_rally_754fdbff_MPnFrEDh] HTTP exception thrown: The resource could not be found.
Feb 19 02:50:44.121315 np0000156492 devstack@m-api.service[100452]: INFO manila.api.openstack.wsgi [None req-a8f536d3-e561-4da6-b781-00a4929099dc c_rally_754fdbff_Zl5ckNYr c_rally_754fdbff_MPnFrEDh] https://199.19.213.223/share/v1/dc3bf48350d946bcacff7c1b0ba4a178/security-services/30df18c5-68b7-4196-a526-a0984f53450d returned with HTTP 404
Feb 19 02:50:44.121786 np0000156492 devstack@m-api.service[100452]: [pid: 100452|app: 0|req: 282/583] 199.19.213.223 () {66 vars in 1520 bytes} [Thu Feb 19 02:50:44 2026] GET /share/v1/dc3bf48350d946bcacff7c1b0ba4a178/security-services/30df18c5-68b7-4196-a526-a0984f53450d => generated 78 bytes in 4 msecs (HTTP/1.1 404) 7 headers in 302 bytes (2 switches on core 0)
Feb 19 02:50:44.165133 np0000156492 devstack@m-api.service[100451]: INFO manila.api.openstack.wsgi [None req-6034aa7b-6817-4cb3-ac8c-8a70405b6b7d c_rally_754fdbff_Zl5ckNYr c_rally_754fdbff_MPnFrEDh] GET https://199.19.213.223/share/v1/dc3bf48350d946bcacff7c1b0ba4a178/security-services/9dbdd7c7-80eb-4f8f-b9ed-52965786b7a5
Feb 19 02:50:44.165133 np0000156492 devstack@m-api.service[100451]: DEBUG manila.api.openstack.wsgi [None req-6034aa7b-6817-4cb3-ac8c-8a70405b6b7d c_rally_754fdbff_Zl5ckNYr c_rally_754fdbff_MPnFrEDh] No Content-Type provided in request {{(pid=100451) get_body /opt/stack/manila/manila/api/openstack/wsgi.py:648}}
Feb 19 02:50:44.165133 np0000156492 devstack@m-api.service[100451]: DEBUG manila.api.openstack.wsgi [None req-6034aa7b-6817-4cb3-ac8c-8a70405b6b7d c_rally_754fdbff_Zl5ckNYr c_rally_754fdbff_MPnFrEDh] Calling method 'SecurityServiceController.show' {{(pid=100451) _process_stack /opt/stack/manila/manila/api/openstack/wsgi.py:798}}
Feb 19 02:50:44.168179 np0000156492 devstack@m-api.service[100451]: INFO manila.api.openstack.wsgi [None req-6034aa7b-6817-4cb3-ac8c-8a70405b6b7d c_rally_754fdbff_Zl5ckNYr c_rally_754fdbff_MPnFrEDh] HTTP exception thrown: The resource could not be found.
Feb 19 02:50:44.168379 np0000156492 devstack@m-api.service[100451]: INFO manila.api.openstack.wsgi [None req-6034aa7b-6817-4cb3-ac8c-8a70405b6b7d c_rally_754fdbff_Zl5ckNYr c_rally_754fdbff_MPnFrEDh] https://199.19.213.223/share/v1/dc3bf48350d946bcacff7c1b0ba4a178/security-services/9dbdd7c7-80eb-4f8f-b9ed-52965786b7a5 returned with HTTP 404
Feb 19 02:50:44.168907 np0000156492 devstack@m-api.service[100451]: [pid: 100451|app: 0|req: 302/584] 199.19.213.223 () {66 vars in 1520 bytes} [Thu Feb 19 02:50:44 2026] GET /share/v1/dc3bf48350d946bcacff7c1b0ba4a178/security-services/9dbdd7c7-80eb-4f8f-b9ed-52965786b7a5 => generated 78 bytes in 10 msecs (HTTP/1.1 404) 7 headers in 302 bytes (1 switches on core 0)
Feb 19 02:50:44.203373 np0000156492 devstack@m-api.service[100452]: INFO manila.api.openstack.wsgi [None req-2fbc3f9f-c124-488e-963c-8fb3c82b65aa c_rally_754fdbff_Zl5ckNYr c_rally_754fdbff_MPnFrEDh] GET https://199.19.213.223/share/v1/dc3bf48350d946bcacff7c1b0ba4a178/security-services/36f33261-a698-42ca-99a7-c5a526b9e404
Feb 19 02:50:44.203518 np0000156492 devstack@m-api.service[100452]: DEBUG manila.api.openstack.wsgi [None req-2fbc3f9f-c124-488e-963c-8fb3c82b65aa c_rally_754fdbff_Zl5ckNYr c_rally_754fdbff_MPnFrEDh] No Content-Type provided in request {{(pid=100452) get_body /opt/stack/manila/manila/api/openstack/wsgi.py:648}}
Feb 19 02:50:44.203644 np0000156492 devstack@m-api.service[100452]: DEBUG manila.api.openstack.wsgi [None req-2fbc3f9f-c124-488e-963c-8fb3c82b65aa c_rally_754fdbff_Zl5ckNYr c_rally_754fdbff_MPnFrEDh] Calling method 'SecurityServiceController.show' {{(pid=100452) _process_stack /opt/stack/manila/manila/api/openstack/wsgi.py:798}}
Feb 19 02:50:44.205908 np0000156492 devstack@m-api.service[100452]: INFO manila.api.openstack.wsgi [None req-2fbc3f9f-c124-488e-963c-8fb3c82b65aa c_rally_754fdbff_Zl5ckNYr c_rally_754fdbff_MPnFrEDh] HTTP exception thrown: The resource could not be found.
Feb 19 02:50:44.206080 np0000156492 devstack@m-api.service[100452]: INFO manila.api.openstack.wsgi [None req-2fbc3f9f-c124-488e-963c-8fb3c82b65aa c_rally_754fdbff_Zl5ckNYr c_rally_754fdbff_MPnFrEDh] https://199.19.213.223/share/v1/dc3bf48350d946bcacff7c1b0ba4a178/security-services/36f33261-a698-42ca-99a7-c5a526b9e404 returned with HTTP 404
Feb 19 02:50:44.206346 np0000156492 devstack@m-api.service[100452]: [pid: 100452|app: 0|req: 283/585] 199.19.213.223 () {66 vars in 1520 bytes} [Thu Feb 19 02:50:44 2026] GET /share/v1/dc3bf48350d946bcacff7c1b0ba4a178/security-services/36f33261-a698-42ca-99a7-c5a526b9e404 => generated 78 bytes in 4 msecs (HTTP/1.1 404) 7 headers in 302 bytes (1 switches on core 0)
Feb 19 02:50:44.233630 np0000156492 devstack@m-api.service[100451]: INFO manila.api.openstack.wsgi [None req-e9b2a62f-a7b9-4e3c-9d03-ef428fc42f28 c_rally_754fdbff_Zl5ckNYr c_rally_754fdbff_MPnFrEDh] GET https://199.19.213.223/share/v1/dc3bf48350d946bcacff7c1b0ba4a178/security-services/48841dcc-c88b-461b-97ab-1a1be1f6f725
Feb 19 02:50:44.233630 np0000156492 devstack@m-api.service[100451]: DEBUG manila.api.openstack.wsgi [None req-e9b2a62f-a7b9-4e3c-9d03-ef428fc42f28 c_rally_754fdbff_Zl5ckNYr c_rally_754fdbff_MPnFrEDh] No Content-Type provided in request {{(pid=100451) get_body /opt/stack/manila/manila/api/openstack/wsgi.py:648}}
Feb 19 02:50:44.233630 np0000156492 devstack@m-api.service[100451]: DEBUG manila.api.openstack.wsgi [None req-e9b2a62f-a7b9-4e3c-9d03-ef428fc42f28 c_rally_754fdbff_Zl5ckNYr c_rally_754fdbff_MPnFrEDh] Calling method 'SecurityServiceController.show' {{(pid=100451) _process_stack /opt/stack/manila/manila/api/openstack/wsgi.py:798}}
Feb 19 02:50:44.236404 np0000156492 devstack@m-api.service[100451]: INFO manila.api.openstack.wsgi [None req-e9b2a62f-a7b9-4e3c-9d03-ef428fc42f28 c_rally_754fdbff_Zl5ckNYr c_rally_754fdbff_MPnFrEDh] HTTP exception thrown: The resource could not be found.
Feb 19 02:50:44.236643 np0000156492 devstack@m-api.service[100451]: INFO manila.api.openstack.wsgi [None req-e9b2a62f-a7b9-4e3c-9d03-ef428fc42f28 c_rally_754fdbff_Zl5ckNYr c_rally_754fdbff_MPnFrEDh] https://199.19.213.223/share/v1/dc3bf48350d946bcacff7c1b0ba4a178/security-services/48841dcc-c88b-461b-97ab-1a1be1f6f725 returned with HTTP 404
Feb 19 02:50:44.237179 np0000156492 devstack@m-api.service[100451]: [pid: 100451|app: 0|req: 303/586] 199.19.213.223 () {66 vars in 1520 bytes} [Thu Feb 19 02:50:44 2026] GET /share/v1/dc3bf48350d946bcacff7c1b0ba4a178/security-services/48841dcc-c88b-461b-97ab-1a1be1f6f725 => generated 78 bytes in 7 msecs (HTTP/1.1 404) 7 headers in 302 bytes (1 switches on core 0)
Feb 19 02:50:44.247215 np0000156492 devstack@m-api.service[100452]: INFO manila.api.openstack.wsgi [None req-840e1b62-3850-465b-8efa-b9472bb60e3d c_rally_754fdbff_Zl5ckNYr c_rally_754fdbff_MPnFrEDh] GET https://199.19.213.223/share/v1/dc3bf48350d946bcacff7c1b0ba4a178/security-services/154c8ccf-e255-4a03-857b-2bcbff3b70d1
