Feb 19 02:50:44.247348 np0000156492 devstack@m-api.service[100452]: DEBUG manila.api.openstack.wsgi [None req-840e1b62-3850-465b-8efa-b9472bb60e3d c_rally_754fdbff_Zl5ckNYr c_rally_754fdbff_MPnFrEDh] No Content-Type provided in request {{(pid=100452) get_body /opt/stack/manila/manila/api/openstack/wsgi.py:648}}
Feb 19 02:50:44.247486 np0000156492 devstack@m-api.service[100452]: DEBUG manila.api.openstack.wsgi [None req-840e1b62-3850-465b-8efa-b9472bb60e3d c_rally_754fdbff_Zl5ckNYr c_rally_754fdbff_MPnFrEDh] Calling method 'SecurityServiceController.show' {{(pid=100452) _process_stack /opt/stack/manila/manila/api/openstack/wsgi.py:798}}
Feb 19 02:50:44.249816 np0000156492 devstack@m-api.service[100452]: INFO manila.api.openstack.wsgi [None req-840e1b62-3850-465b-8efa-b9472bb60e3d c_rally_754fdbff_Zl5ckNYr c_rally_754fdbff_MPnFrEDh] HTTP exception thrown: The resource could not be found.
Feb 19 02:50:44.249932 np0000156492 devstack@m-api.service[100452]: INFO manila.api.openstack.wsgi [None req-840e1b62-3850-465b-8efa-b9472bb60e3d c_rally_754fdbff_Zl5ckNYr c_rally_754fdbff_MPnFrEDh] https://199.19.213.223/share/v1/dc3bf48350d946bcacff7c1b0ba4a178/security-services/154c8ccf-e255-4a03-857b-2bcbff3b70d1 returned with HTTP 404
Feb 19 02:50:44.250269 np0000156492 devstack@m-api.service[100452]: [pid: 100452|app: 0|req: 284/587] 199.19.213.223 () {66 vars in 1520 bytes} [Thu Feb 19 02:50:44 2026] GET /share/v1/dc3bf48350d946bcacff7c1b0ba4a178/security-services/154c8ccf-e255-4a03-857b-2bcbff3b70d1 => generated 78 bytes in 4 msecs (HTTP/1.1 404) 7 headers in 302 bytes (1 switches on core 0)
Feb 19 02:50:44.257803 np0000156492 devstack@m-api.service[100451]: INFO manila.api.openstack.wsgi [None req-b8bf4c2f-6b3b-4aad-a819-74052c307ace c_rally_754fdbff_Zl5ckNYr c_rally_754fdbff_MPnFrEDh] GET https://199.19.213.223/share/v1/dc3bf48350d946bcacff7c1b0ba4a178/security-services/d2f9f27a-7758-46ba-afa2-d6cab7932e6c
Feb 19 02:50:44.257803 np0000156492 devstack@m-api.service[100451]: DEBUG manila.api.openstack.wsgi [None req-b8bf4c2f-6b3b-4aad-a819-74052c307ace c_rally_754fdbff_Zl5ckNYr c_rally_754fdbff_MPnFrEDh] No Content-Type provided in request {{(pid=100451) get_body /opt/stack/manila/manila/api/openstack/wsgi.py:648}}
Feb 19 02:50:44.258166 np0000156492 devstack@m-api.service[100451]: DEBUG manila.api.openstack.wsgi [None req-b8bf4c2f-6b3b-4aad-a819-74052c307ace c_rally_754fdbff_Zl5ckNYr c_rally_754fdbff_MPnFrEDh] Calling method 'SecurityServiceController.show' {{(pid=100451) _process_stack /opt/stack/manila/manila/api/openstack/wsgi.py:798}}
Feb 19 02:50:44.259432 np0000156492 devstack@m-api.service[100452]: INFO manila.api.openstack.wsgi [None req-d273182b-8659-4901-aced-215242075623 c_rally_754fdbff_Zl5ckNYr c_rally_754fdbff_MPnFrEDh] GET https://199.19.213.223/share/v1/dc3bf48350d946bcacff7c1b0ba4a178/security-services/9004a2f6-aa48-47a4-97ee-f04a0deb3fdf
Feb 19 02:50:44.259536 np0000156492 devstack@m-api.service[100452]: DEBUG manila.api.openstack.wsgi [None req-d273182b-8659-4901-aced-215242075623 c_rally_754fdbff_Zl5ckNYr c_rally_754fdbff_MPnFrEDh] No Content-Type provided in request {{(pid=100452) get_body /opt/stack/manila/manila/api/openstack/wsgi.py:648}}
Feb 19 02:50:44.259684 np0000156492 devstack@m-api.service[100452]: DEBUG manila.api.openstack.wsgi [None req-d273182b-8659-4901-aced-215242075623 c_rally_754fdbff_Zl5ckNYr c_rally_754fdbff_MPnFrEDh] Calling method 'SecurityServiceController.show' {{(pid=100452) _process_stack /opt/stack/manila/manila/api/openstack/wsgi.py:798}}
Feb 19 02:50:44.261678 np0000156492 devstack@m-api.service[100452]: INFO manila.api.openstack.wsgi [None req-d273182b-8659-4901-aced-215242075623 c_rally_754fdbff_Zl5ckNYr c_rally_754fdbff_MPnFrEDh] HTTP exception thrown: The resource could not be found.
Feb 19 02:50:44.261801 np0000156492 devstack@m-api.service[100452]: INFO manila.api.openstack.wsgi [None req-d273182b-8659-4901-aced-215242075623 c_rally_754fdbff_Zl5ckNYr c_rally_754fdbff_MPnFrEDh] https://199.19.213.223/share/v1/dc3bf48350d946bcacff7c1b0ba4a178/security-services/9004a2f6-aa48-47a4-97ee-f04a0deb3fdf returned with HTTP 404
Feb 19 02:50:44.262120 np0000156492 devstack@m-api.service[100452]: [pid: 100452|app: 0|req: 285/588] 199.19.213.223 () {66 vars in 1520 bytes} [Thu Feb 19 02:50:44 2026] GET /share/v1/dc3bf48350d946bcacff7c1b0ba4a178/security-services/9004a2f6-aa48-47a4-97ee-f04a0deb3fdf => generated 78 bytes in 4 msecs (HTTP/1.1 404) 7 headers in 302 bytes (1 switches on core 0)
Feb 19 02:50:44.263184 np0000156492 devstack@m-api.service[100451]: INFO manila.api.openstack.wsgi [None req-b8bf4c2f-6b3b-4aad-a819-74052c307ace c_rally_754fdbff_Zl5ckNYr c_rally_754fdbff_MPnFrEDh] HTTP exception thrown: The resource could not be found.
Feb 19 02:50:44.263607 np0000156492 devstack@m-api.service[100451]: INFO manila.api.openstack.wsgi [None req-b8bf4c2f-6b3b-4aad-a819-74052c307ace c_rally_754fdbff_Zl5ckNYr c_rally_754fdbff_MPnFrEDh] https://199.19.213.223/share/v1/dc3bf48350d946bcacff7c1b0ba4a178/security-services/d2f9f27a-7758-46ba-afa2-d6cab7932e6c returned with HTTP 404
Feb 19 02:50:44.264469 np0000156492 devstack@m-api.service[100451]: [pid: 100451|app: 0|req: 304/589] 199.19.213.223 () {66 vars in 1520 bytes} [Thu Feb 19 02:50:44 2026] GET /share/v1/dc3bf48350d946bcacff7c1b0ba4a178/security-services/d2f9f27a-7758-46ba-afa2-d6cab7932e6c => generated 78 bytes in 10 msecs (HTTP/1.1 404) 7 headers in 302 bytes (1 switches on core 0)
Feb 19 02:50:45.312582 np0000156492 devstack@m-api.service[100452]: INFO manila.api.openstack.wsgi [None req-3dbea2c2-f248-46dd-9e70-a9f365c5ab23 admin admin] DELETE https://199.19.213.223/share/v1/0b7bb56f118c42cd97eb65e8dc3055c9/os-quota-sets/dc3bf48350d946bcacff7c1b0ba4a178
Feb 19 02:50:45.313027 np0000156492 devstack@m-api.service[100452]: DEBUG manila.api.openstack.wsgi [None req-3dbea2c2-f248-46dd-9e70-a9f365c5ab23 admin admin] No Content-Type provided in request {{(pid=100452) get_body /opt/stack/manila/manila/api/openstack/wsgi.py:648}}
Feb 19 02:50:45.313245 np0000156492 devstack@m-api.service[100452]: DEBUG manila.api.openstack.wsgi [None req-3dbea2c2-f248-46dd-9e70-a9f365c5ab23 admin admin] Calling method 'Controller.__getattribute__..version_select' {{(pid=100452) _process_stack /opt/stack/manila/manila/api/openstack/wsgi.py:798}}
Feb 19 02:50:45.415243 np0000156492 devstack@m-api.service[100452]: INFO manila.api.openstack.wsgi [None req-3dbea2c2-f248-46dd-9e70-a9f365c5ab23 admin admin] https://199.19.213.223/share/v1/0b7bb56f118c42cd97eb65e8dc3055c9/os-quota-sets/dc3bf48350d946bcacff7c1b0ba4a178 returned with HTTP 202
Feb 19 02:50:45.416011 np0000156492 devstack@m-api.service[100452]: [pid: 100452|app: 0|req: 286/590] 199.19.213.223 () {68 vars in 1518 bytes} [Thu Feb 19 02:50:45 2026] DELETE /share/v1/0b7bb56f118c42cd97eb65e8dc3055c9/os-quota-sets/dc3bf48350d946bcacff7c1b0ba4a178 => generated 0 bytes in 107 msecs (HTTP/1.1 202) 7 headers in 308 bytes (1 switches on core 0)
Feb 19 02:50:50.435456 np0000156492 devstack@m-api.service[100451]: INFO manila.api.openstack.wsgi [None req-3bd25bdd-4815-4abb-9d70-6517bf74b6b6 admin admin] PUT https://199.19.213.223/share/v1/0b7bb56f118c42cd97eb65e8dc3055c9/os-quota-sets/3b0710f78e5b43e0b8deded69f9fc6ae
Feb 19 02:50:50.436106 np0000156492 devstack@m-api.service[100451]: DEBUG manila.api.openstack.wsgi [None req-3bd25bdd-4815-4abb-9d70-6517bf74b6b6 admin admin] Action: 'update', calling method: Controller.__getattribute__..version_select, body: {"quota_set": {"tenant_id": "3b0710f78e5b43e0b8deded69f9fc6ae", "share_networks": -1}} {{(pid=100451) _process_stack /opt/stack/manila/manila/api/openstack/wsgi.py:796}}
Feb 19 02:50:50.445231 np0000156492 devstack@m-api.service[100451]: DEBUG manila.api.v2.quota_sets [None req-3bd25bdd-4815-4abb-9d70-6517bf74b6b6 admin admin] Force update quotas: False. {{(pid=100451) _update /opt/stack/manila/manila/api/v2/quota_sets.py:199}}
Feb 19 02:50:50.525011 np0000156492 devstack@m-api.service[100451]: INFO manila.api.openstack.wsgi [None req-3bd25bdd-4815-4abb-9d70-6517bf74b6b6 admin admin] https://199.19.213.223/share/v1/0b7bb56f118c42cd97eb65e8dc3055c9/os-quota-sets/3b0710f78e5b43e0b8deded69f9fc6ae returned with HTTP 200
Feb 19 02:50:50.525572 np0000156492 devstack@m-api.service[100451]: [pid: 100451|app: 0|req: 305/591] 199.19.213.223 () {70 vars in 1548 bytes} [Thu Feb 19 02:50:50 2026] PUT /share/v1/0b7bb56f118c42cd97eb65e8dc3055c9/os-quota-sets/3b0710f78e5b43e0b8deded69f9fc6ae => generated 115 bytes in 158 msecs (HTTP/1.1 200) 7 headers in 296 bytes (1 switches on core 0)
Feb 19 02:50:51.011173 np0000156492 devstack@m-api.service[100451]: INFO manila.api.openstack.wsgi [None req-a706362b-04c4-4256-950a-6a46ae41544b c_rally_50efb86c_Zuj9p9mu c_rally_50efb86c_mt6C0z1P] POST https://199.19.213.223/share/v1/3b0710f78e5b43e0b8deded69f9fc6ae/share-networks
Feb 19 02:50:51.011616 np0000156492 devstack@m-api.service[100451]: DEBUG manila.api.openstack.wsgi [None req-a706362b-04c4-4256-950a-6a46ae41544b c_rally_50efb86c_Zuj9p9mu c_rally_50efb86c_mt6C0z1P] Action: 'create', calling method: ShareNetworkController.create, body: {"share_network": {"name": "s_rally_50efb86c_XALGpYJr"}} {{(pid=100451) _process_stack /opt/stack/manila/manila/api/openstack/wsgi.py:796}}
Feb 19 02:50:51.014435 np0000156492 devstack@m-api.service[100452]: INFO manila.api.openstack.wsgi [None req-1083c6bf-99b2-4c71-8bea-003114102739 c_rally_50efb86c_Zuj9p9mu c_rally_50efb86c_mt6C0z1P] POST https://199.19.213.223/share/v1/3b0710f78e5b43e0b8deded69f9fc6ae/share-networks
Feb 19 02:50:51.015953 np0000156492 devstack@m-api.service[100452]: DEBUG manila.api.openstack.wsgi [None req-1083c6bf-99b2-4c71-8bea-003114102739 c_rally_50efb86c_Zuj9p9mu c_rally_50efb86c_mt6C0z1P] Action: 'create', calling method: ShareNetworkController.create, body: {"share_network": {"name": "s_rally_50efb86c_VC1A8CQD"}} {{(pid=100452) _process_stack /opt/stack/manila/manila/api/openstack/wsgi.py:796}}
Feb 19 02:50:51.105695 np0000156492 devstack@m-api.service[100452]: DEBUG manila.quota [None req-1083c6bf-99b2-4c71-8bea-003114102739 c_rally_50efb86c_Zuj9p9mu c_rally_50efb86c_mt6C0z1P] Created reservations ['c20f56c3-f357-46d0-9818-7ac256dafe44'] {{(pid=100452) reserve /opt/stack/manila/manila/quota.py:1038}}
Feb 19 02:50:51.186172 np0000156492 devstack@m-api.service[100451]: DEBUG manila.quota [None req-a706362b-04c4-4256-950a-6a46ae41544b c_rally_50efb86c_Zuj9p9mu c_rally_50efb86c_mt6C0z1P] Created reservations ['212bad50-328d-4111-89eb-5fa7b9c14e23'] {{(pid=100451) reserve /opt/stack/manila/manila/quota.py:1038}}
Feb 19 02:50:51.268074 np0000156492 devstack@m-api.service[100452]: DEBUG manila.quota [None req-1083c6bf-99b2-4c71-8bea-003114102739 c_rally_50efb86c_Zuj9p9mu c_rally_50efb86c_mt6C0z1P] Committed reservations ['c20f56c3-f357-46d0-9818-7ac256dafe44'] {{(pid=100452) commit /opt/stack/manila/manila/quota.py:1066}}
Feb 19 02:50:51.289113 np0000156492 devstack@m-api.service[100452]: INFO manila.api.openstack.wsgi [None req-1083c6bf-99b2-4c71-8bea-003114102739 c_rally_50efb86c_Zuj9p9mu c_rally_50efb86c_mt6C0z1P] https://199.19.213.223/share/v1/3b0710f78e5b43e0b8deded69f9fc6ae/share-networks returned with HTTP 200
Feb 19 02:50:51.289651 np0000156492 devstack@m-api.service[100452]: [pid: 100452|app: 0|req: 287/592] 199.19.213.223 () {70 vars in 1453 bytes} [Thu Feb 19 02:50:50 2026] POST /share/v1/3b0710f78e5b43e0b8deded69f9fc6ae/share-networks => generated 390 bytes in 334 msecs (HTTP/1.1 200) 7 headers in 296 bytes (1 switches on core 0)
Feb 19 02:50:51.322239 np0000156492 devstack@m-api.service[100452]: INFO manila.api.openstack.wsgi [None req-865c2e6c-14a1-4cf9-ad92-a352b3c6977b c_rally_50efb86c_Zuj9p9mu c_rally_50efb86c_mt6C0z1P] POST https://199.19.213.223/share/v1/3b0710f78e5b43e0b8deded69f9fc6ae/share-networks
Feb 19 02:50:51.322870 np0000156492 devstack@m-api.service[100452]: DEBUG manila.api.openstack.wsgi [None req-865c2e6c-14a1-4cf9-ad92-a352b3c6977b c_rally_50efb86c_Zuj9p9mu c_rally_50efb86c_mt6C0z1P] Action: 'create', calling method: ShareNetworkController.create, body: {"share_network": {"name": "s_rally_50efb86c_JFxZjoBI"}} {{(pid=100452) _process_stack /opt/stack/manila/manila/api/openstack/wsgi.py:796}}
Feb 19 02:50:51.513944 np0000156492 devstack@m-api.service[100452]: DEBUG manila.quota [None req-865c2e6c-14a1-4cf9-ad92-a352b3c6977b c_rally_50efb86c_Zuj9p9mu c_rally_50efb86c_mt6C0z1P] Created reservations ['7daeda85-fc86-4e7d-9b2a-8f708a29b3ee'] {{(pid=100452) reserve /opt/stack/manila/manila/quota.py:1038}}
Feb 19 02:50:51.653926 np0000156492 devstack@m-api.service[100451]: DEBUG manila.quota [None req-a706362b-04c4-4256-950a-6a46ae41544b c_rally_50efb86c_Zuj9p9mu c_rally_50efb86c_mt6C0z1P] Committed reservations ['212bad50-328d-4111-89eb-5fa7b9c14e23'] {{(pid=100451) commit /opt/stack/manila/manila/quota.py:1066}}
Feb 19 02:50:51.673514 np0000156492 devstack@m-api.service[100451]: INFO manila.api.openstack.wsgi [None req-a706362b-04c4-4256-950a-6a46ae41544b c_rally_50efb86c_Zuj9p9mu c_rally_50efb86c_mt6C0z1P] https://199.19.213.223/share/v1/3b0710f78e5b43e0b8deded69f9fc6ae/share-networks returned with HTTP 200
Feb 19 02:50:51.673911 np0000156492 devstack@m-api.service[100451]: [pid: 100451|app: 0|req: 306/593] 199.19.213.223 () {70 vars in 1453 bytes} [Thu Feb 19 02:50:50 2026] POST /share/v1/3b0710f78e5b43e0b8deded69f9fc6ae/share-networks => generated 390 bytes in 710 msecs (HTTP/1.1 200) 7 headers in 296 bytes (2 switches on core 0)
Feb 19 02:50:51.702445 np0000156492 devstack@m-api.service[100451]: INFO manila.api.openstack.wsgi [None req-46fa3e3f-d6f4-4f88-be80-9338dd6571ee c_rally_50efb86c_Zuj9p9mu c_rally_50efb86c_mt6C0z1P] POST https://199.19.213.223/share/v1/3b0710f78e5b43e0b8deded69f9fc6ae/share-networks
Feb 19 02:50:51.702835 np0000156492 devstack@m-api.service[100451]: DEBUG manila.api.openstack.wsgi [None req-46fa3e3f-d6f4-4f88-be80-9338dd6571ee c_rally_50efb86c_Zuj9p9mu c_rally_50efb86c_mt6C0z1P] Action: 'create', calling method: ShareNetworkController.create, body: {"share_network": {"name": "s_rally_50efb86c_dMsley27"}} {{(pid=100451) _process_stack /opt/stack/manila/manila/api/openstack/wsgi.py:796}}
Feb 19 02:50:51.742282 np0000156492 devstack@m-api.service[100452]: DEBUG manila.quota [None req-865c2e6c-14a1-4cf9-ad92-a352b3c6977b c_rally_50efb86c_Zuj9p9mu c_rally_50efb86c_mt6C0z1P] Committed reservations ['7daeda85-fc86-4e7d-9b2a-8f708a29b3ee'] {{(pid=100452) commit /opt/stack/manila/manila/quota.py:1066}}
Feb 19 02:50:51.762212 np0000156492 devstack@m-api.service[100452]: INFO manila.api.openstack.wsgi [None req-865c2e6c-14a1-4cf9-ad92-a352b3c6977b c_rally_50efb86c_Zuj9p9mu c_rally_50efb86c_mt6C0z1P] https://199.19.213.223/share/v1/3b0710f78e5b43e0b8deded69f9fc6ae/share-networks returned with HTTP 200
Feb 19 02:50:51.762755 np0000156492 devstack@m-api.service[100452]: [pid: 100452|app: 0|req: 288/594] 199.19.213.223 () {70 vars in 1453 bytes} [Thu Feb 19 02:50:51 2026] POST /share/v1/3b0710f78e5b43e0b8deded69f9fc6ae/share-networks => generated 390 bytes in 473 msecs (HTTP/1.1 200) 7 headers in 296 bytes (1 switches on core 0)
Feb 19 02:50:51.792851 np0000156492 devstack@m-api.service[100451]: DEBUG manila.quota [None req-46fa3e3f-d6f4-4f88-be80-9338dd6571ee c_rally_50efb86c_Zuj9p9mu c_rally_50efb86c_mt6C0z1P] Created reservations ['4d95188e-b26b-451c-a6e7-8800126caba0'] {{(pid=100451) reserve /opt/stack/manila/manila/quota.py:1038}}
Feb 19 02:50:51.793542 np0000156492 devstack@m-api.service[100452]: INFO manila.api.openstack.wsgi [None req-689b0f0e-0a50-4402-8598-da7b7c70838d c_rally_50efb86c_Zuj9p9mu c_rally_50efb86c_mt6C0z1P] POST https://199.19.213.223/share/v1/3b0710f78e5b43e0b8deded69f9fc6ae/share-networks
Feb 19 02:50:51.793931 np0000156492 devstack@m-api.service[100452]: DEBUG manila.api.openstack.wsgi [None req-689b0f0e-0a50-4402-8598-da7b7c70838d c_rally_50efb86c_Zuj9p9mu c_rally_50efb86c_mt6C0z1P] Action: 'create', calling method: ShareNetworkController.create, body: {"share_network": {"name": "s_rally_50efb86c_3AwZgUAg"}} {{(pid=100452) _process_stack /opt/stack/manila/manila/api/openstack/wsgi.py:796}}
Feb 19 02:50:51.912401 np0000156492 devstack@m-api.service[100452]: DEBUG manila.quota [None req-689b0f0e-0a50-4402-8598-da7b7c70838d c_rally_50efb86c_Zuj9p9mu c_rally_50efb86c_mt6C0z1P] Created reservations ['65ac12c5-cfb2-40a9-84f7-bb7ac972ce16'] {{(pid=100452) reserve /opt/stack/manila/manila/quota.py:1038}}
Feb 19 02:50:52.046904 np0000156492 devstack@m-api.service[100451]: DEBUG manila.quota [None req-46fa3e3f-d6f4-4f88-be80-9338dd6571ee c_rally_50efb86c_Zuj9p9mu c_rally_50efb86c_mt6C0z1P] Committed reservations ['4d95188e-b26b-451c-a6e7-8800126caba0'] {{(pid=100451) commit /opt/stack/manila/manila/quota.py:1066}}
Feb 19 02:50:52.062699 np0000156492 devstack@m-api.service[100451]: INFO manila.api.openstack.wsgi [None req-46fa3e3f-d6f4-4f88-be80-9338dd6571ee c_rally_50efb86c_Zuj9p9mu c_rally_50efb86c_mt6C0z1P] https://199.19.213.223/share/v1/3b0710f78e5b43e0b8deded69f9fc6ae/share-networks returned with HTTP 200
Feb 19 02:50:52.063095 np0000156492 devstack@m-api.service[100451]: [pid: 100451|app: 0|req: 307/595] 199.19.213.223 () {70 vars in 1453 bytes} [Thu Feb 19 02:50:51 2026] POST /share/v1/3b0710f78e5b43e0b8deded69f9fc6ae/share-networks => generated 390 bytes in 389 msecs (HTTP/1.1 200) 7 headers in 296 bytes (1 switches on core 0)
Feb 19 02:50:52.083594 np0000156492 devstack@m-api.service[100452]: DEBUG manila.quota [None req-689b0f0e-0a50-4402-8598-da7b7c70838d c_rally_50efb86c_Zuj9p9mu c_rally_50efb86c_mt6C0z1P] Committed reservations ['65ac12c5-cfb2-40a9-84f7-bb7ac972ce16'] {{(pid=100452) commit /opt/stack/manila/manila/quota.py:1066}}
Feb 19 02:50:52.100129 np0000156492 devstack@m-api.service[100451]: INFO manila.api.openstack.wsgi [None req-df3de6d2-3751-412a-9917-4bc384447824 c_rally_50efb86c_Zuj9p9mu c_rally_50efb86c_mt6C0z1P] POST https://199.19.213.223/share/v1/3b0710f78e5b43e0b8deded69f9fc6ae/share-networks
Feb 19 02:50:52.100359 np0000156492 devstack@m-api.service[100452]: INFO manila.api.openstack.wsgi [None req-689b0f0e-0a50-4402-8598-da7b7c70838d c_rally_50efb86c_Zuj9p9mu c_rally_50efb86c_mt6C0z1P] https://199.19.213.223/share/v1/3b0710f78e5b43e0b8deded69f9fc6ae/share-networks returned with HTTP 200
Feb 19 02:50:52.100478 np0000156492 devstack@m-api.service[100451]: DEBUG manila.api.openstack.wsgi [None req-df3de6d2-3751-412a-9917-4bc384447824 c_rally_50efb86c_Zuj9p9mu c_rally_50efb86c_mt6C0z1P] Action: 'create', calling method: ShareNetworkController.create, body: {"share_network": {"name": "s_rally_50efb86c_AuXC4MZj"}} {{(pid=100451) _process_stack /opt/stack/manila/manila/api/openstack/wsgi.py:796}}
Feb 19 02:50:52.100781 np0000156492 devstack@m-api.service[100452]: [pid: 100452|app: 0|req: 289/596] 199.19.213.223 () {70 vars in 1453 bytes} [Thu Feb 19 02:50:51 2026] POST /share/v1/3b0710f78e5b43e0b8deded69f9fc6ae/share-networks => generated 390 bytes in 337 msecs (HTTP/1.1 200) 7 headers in 296 bytes (1 switches on core 0)
Feb 19 02:50:52.127985 np0000156492 devstack@m-api.service[100452]: INFO manila.api.openstack.wsgi [None req-79c16a2a-7bcb-45e1-a68c-e1b02d8a01cc c_rally_50efb86c_Zuj9p9mu c_rally_50efb86c_mt6C0z1P] POST https://199.19.213.223/share/v1/3b0710f78e5b43e0b8deded69f9fc6ae/share-networks
Feb 19 02:50:52.128530 np0000156492 devstack@m-api.service[100452]: DEBUG manila.api.openstack.wsgi [None req-79c16a2a-7bcb-45e1-a68c-e1b02d8a01cc c_rally_50efb86c_Zuj9p9mu c_rally_50efb86c_mt6C0z1P] Action: 'create', calling method: ShareNetworkController.create, body: {"share_network": {"name": "s_rally_50efb86c_gBev4NEF"}} {{(pid=100452) _process_stack /opt/stack/manila/manila/api/openstack/wsgi.py:796}}
Feb 19 02:50:52.155742 np0000156492 devstack@m-api.service[100451]: DEBUG manila.quota [None req-df3de6d2-3751-412a-9917-4bc384447824 c_rally_50efb86c_Zuj9p9mu c_rally_50efb86c_mt6C0z1P] Created reservations ['92b53b2a-3843-4342-b61f-26dd79a636d9'] {{(pid=100451) reserve /opt/stack/manila/manila/quota.py:1038}}
Feb 19 02:50:52.172187 np0000156492 devstack@m-api.service[100452]: DEBUG manila.quota [None req-79c16a2a-7bcb-45e1-a68c-e1b02d8a01cc c_rally_50efb86c_Zuj9p9mu c_rally_50efb86c_mt6C0z1P] Created reservations ['0c5d06d5-eb1e-40ba-abef-1423491fd68c'] {{(pid=100452) reserve /opt/stack/manila/manila/quota.py:1038}}
Feb 19 02:50:52.248268 np0000156492 devstack@m-api.service[100451]: DEBUG manila.quota [None req-df3de6d2-3751-412a-9917-4bc384447824 c_rally_50efb86c_Zuj9p9mu c_rally_50efb86c_mt6C0z1P] Committed reservations ['92b53b2a-3843-4342-b61f-26dd79a636d9'] {{(pid=100451) commit /opt/stack/manila/manila/quota.py:1066}}
Feb 19 02:50:52.274590 np0000156492 devstack@m-api.service[100451]: INFO manila.api.openstack.wsgi [None req-df3de6d2-3751-412a-9917-4bc384447824 c_rally_50efb86c_Zuj9p9mu c_rally_50efb86c_mt6C0z1P] https://199.19.213.223/share/v1/3b0710f78e5b43e0b8deded69f9fc6ae/share-networks returned with HTTP 200
Feb 19 02:50:52.275029 np0000156492 devstack@m-api.service[100451]: [pid: 100451|app: 0|req: 308/597] 199.19.213.223 () {70 vars in 1453 bytes} [Thu Feb 19 02:50:52 2026] POST /share/v1/3b0710f78e5b43e0b8deded69f9fc6ae/share-networks => generated 390 bytes in 211 msecs (HTTP/1.1 200) 7 headers in 296 bytes (1 switches on core 0)
Feb 19 02:50:52.284444 np0000156492 devstack@m-api.service[100452]: DEBUG manila.quota [None req-79c16a2a-7bcb-45e1-a68c-e1b02d8a01cc c_rally_50efb86c_Zuj9p9mu c_rally_50efb86c_mt6C0z1P] Committed reservations ['0c5d06d5-eb1e-40ba-abef-1423491fd68c'] {{(pid=100452) commit /opt/stack/manila/manila/quota.py:1066}}
Feb 19 02:50:52.308149 np0000156492 devstack@m-api.service[100452]: INFO manila.api.openstack.wsgi [None req-79c16a2a-7bcb-45e1-a68c-e1b02d8a01cc c_rally_50efb86c_Zuj9p9mu c_rally_50efb86c_mt6C0z1P] https://199.19.213.223/share/v1/3b0710f78e5b43e0b8deded69f9fc6ae/share-networks returned with HTTP 200
Feb 19 02:50:52.308149 np0000156492 devstack@m-api.service[100452]: [pid: 100452|app: 0|req: 290/598] 199.19.213.223 () {70 vars in 1453 bytes} [Thu Feb 19 02:50:52 2026] POST /share/v1/3b0710f78e5b43e0b8deded69f9fc6ae/share-networks => generated 390 bytes in 199 msecs (HTTP/1.1 200) 7 headers in 296 bytes (1 switches on core 0)
Feb 19 02:50:52.308317 np0000156492 devstack@m-api.service[100451]: INFO manila.api.openstack.wsgi [None req-0e6afc6b-dcb0-47fc-8317-60a0731ab3d4 c_rally_50efb86c_Zuj9p9mu c_rally_50efb86c_mt6C0z1P] POST https://199.19.213.223/share/v1/3b0710f78e5b43e0b8deded69f9fc6ae/share-networks
Feb 19 02:50:52.308317 np0000156492 devstack@m-api.service[100451]: DEBUG manila.api.openstack.wsgi [None req-0e6afc6b-dcb0-47fc-8317-60a0731ab3d4 c_rally_50efb86c_Zuj9p9mu c_rally_50efb86c_mt6C0z1P] Action: 'create', calling method: ShareNetworkController.create, body: {"share_network": {"name": "s_rally_50efb86c_zOQJNa8r"}} {{(pid=100451) _process_stack /opt/stack/manila/manila/api/openstack/wsgi.py:796}}
Feb 19 02:50:52.331951 np0000156492 devstack@m-api.service[100452]: INFO manila.api.openstack.wsgi [None req-788eccde-5bf8-48fd-b244-4a0a6d0f0dda c_rally_50efb86c_Zuj9p9mu c_rally_50efb86c_mt6C0z1P] POST https://199.19.213.223/share/v1/3b0710f78e5b43e0b8deded69f9fc6ae/share-networks
Feb 19 02:50:52.332478 np0000156492 devstack@m-api.service[100452]: DEBUG manila.api.openstack.wsgi [None req-788eccde-5bf8-48fd-b244-4a0a6d0f0dda c_rally_50efb86c_Zuj9p9mu c_rally_50efb86c_mt6C0z1P] Action: 'create', calling method: ShareNetworkController.create, body: {"share_network": {"name": "s_rally_50efb86c_Pp9b11ZQ"}} {{(pid=100452) _process_stack /opt/stack/manila/manila/api/openstack/wsgi.py:796}}
Feb 19 02:50:52.342308 np0000156492 devstack@m-api.service[100451]: DEBUG manila.quota [None req-0e6afc6b-dcb0-47fc-8317-60a0731ab3d4 c_rally_50efb86c_Zuj9p9mu c_rally_50efb86c_mt6C0z1P] Created reservations ['bda845a7-823b-4149-83ee-3280259a5bbf'] {{(pid=100451) reserve /opt/stack/manila/manila/quota.py:1038}}
Feb 19 02:50:52.372933 np0000156492 devstack@m-api.service[100452]: DEBUG manila.quota [None req-788eccde-5bf8-48fd-b244-4a0a6d0f0dda c_rally_50efb86c_Zuj9p9mu c_rally_50efb86c_mt6C0z1P] Created reservations ['cbd03382-a188-484c-95d2-746c556e2bed'] {{(pid=100452) reserve /opt/stack/manila/manila/quota.py:1038}}
Feb 19 02:50:52.488665 np0000156492 devstack@m-api.service[100451]: DEBUG manila.quota [None req-0e6afc6b-dcb0-47fc-8317-60a0731ab3d4 c_rally_50efb86c_Zuj9p9mu c_rally_50efb86c_mt6C0z1P] Committed reservations ['bda845a7-823b-4149-83ee-3280259a5bbf'] {{(pid=100451) commit /opt/stack/manila/manila/quota.py:1066}}
Feb 19 02:50:52.509401 np0000156492 devstack@m-api.service[100451]: INFO manila.api.openstack.wsgi [None req-0e6afc6b-dcb0-47fc-8317-60a0731ab3d4 c_rally_50efb86c_Zuj9p9mu c_rally_50efb86c_mt6C0z1P] https://199.19.213.223/share/v1/3b0710f78e5b43e0b8deded69f9fc6ae/share-networks returned with HTTP 200
Feb 19 02:50:52.509796 np0000156492 devstack@m-api.service[100451]: [pid: 100451|app: 0|req: 309/599] 199.19.213.223 () {70 vars in 1453 bytes} [Thu Feb 19 02:50:52 2026] POST /share/v1/3b0710f78e5b43e0b8deded69f9fc6ae/share-networks => generated 390 bytes in 234 msecs (HTTP/1.1 200) 7 headers in 296 bytes (1 switches on core 0)
Feb 19 02:50:52.545162 np0000156492 devstack@m-api.service[100451]: INFO manila.api.openstack.wsgi [None req-17dc83e1-4240-4eac-a903-b86dbf105679 c_rally_50efb86c_Zuj9p9mu c_rally_50efb86c_mt6C0z1P] POST https://199.19.213.223/share/v1/3b0710f78e5b43e0b8deded69f9fc6ae/share-networks
Feb 19 02:50:52.545692 np0000156492 devstack@m-api.service[100451]: DEBUG manila.api.openstack.wsgi [None req-17dc83e1-4240-4eac-a903-b86dbf105679 c_rally_50efb86c_Zuj9p9mu c_rally_50efb86c_mt6C0z1P] Action: 'create', calling method: ShareNetworkController.create, body: {"share_network": {"name": "s_rally_50efb86c_ue44DTWB"}} {{(pid=100451) _process_stack /opt/stack/manila/manila/api/openstack/wsgi.py:796}}
Feb 19 02:50:52.552042 np0000156492 devstack@m-api.service[100452]: DEBUG manila.quota [None req-788eccde-5bf8-48fd-b244-4a0a6d0f0dda c_rally_50efb86c_Zuj9p9mu c_rally_50efb86c_mt6C0z1P] Committed reservations ['cbd03382-a188-484c-95d2-746c556e2bed'] {{(pid=100452) commit /opt/stack/manila/manila/quota.py:1066}}
Feb 19 02:50:52.570853 np0000156492 devstack@m-api.service[100452]: INFO manila.api.openstack.wsgi [None req-788eccde-5bf8-48fd-b244-4a0a6d0f0dda c_rally_50efb86c_Zuj9p9mu c_rally_50efb86c_mt6C0z1P] https://199.19.213.223/share/v1/3b0710f78e5b43e0b8deded69f9fc6ae/share-networks returned with HTTP 200
Feb 19 02:50:52.571204 np0000156492 devstack@m-api.service[100452]: [pid: 100452|app: 0|req: 291/600] 199.19.213.223 () {70 vars in 1453 bytes} [Thu Feb 19 02:50:52 2026] POST /share/v1/3b0710f78e5b43e0b8deded69f9fc6ae/share-networks => generated 390 bytes in 270 msecs (HTTP/1.1 200) 7 headers in 296 bytes (1 switches on core 0)
Feb 19 02:50:52.576265 np0000156492 devstack@m-api.service[100452]: INFO manila.api.openstack.wsgi [None req-a709b69e-292e-40f7-a778-341764265576 c_rally_50efb86c_Zuj9p9mu c_rally_50efb86c_mt6C0z1P] POST https://199.19.213.223/share/v1/3b0710f78e5b43e0b8deded69f9fc6ae/security-services
Feb 19 02:50:52.576973 np0000156492 devstack@m-api.service[100452]: DEBUG manila.api.openstack.wsgi [None req-a709b69e-292e-40f7-a778-341764265576 c_rally_50efb86c_Zuj9p9mu c_rally_50efb86c_mt6C0z1P] Action: 'create', calling method: SecurityServiceController.create, body: {"security_service": {"type": "kerberos", "name": "s_rally_50efb86c_IRycVe13"}} {{(pid=100452) _process_stack /opt/stack/manila/manila/api/openstack/wsgi.py:796}}
Feb 19 02:50:52.848061 np0000156492 devstack@m-api.service[100451]: DEBUG manila.quota [None req-17dc83e1-4240-4eac-a903-b86dbf105679 c_rally_50efb86c_Zuj9p9mu c_rally_50efb86c_mt6C0z1P] Created reservations ['e5c29c37-1b86-40cd-98c4-a8de7c806514'] {{(pid=100451) reserve /opt/stack/manila/manila/quota.py:1038}}
Feb 19 02:50:52.930141 np0000156492 devstack@m-api.service[100452]: INFO manila.api.openstack.wsgi [None req-a709b69e-292e-40f7-a778-341764265576 c_rally_50efb86c_Zuj9p9mu c_rally_50efb86c_mt6C0z1P] https://199.19.213.223/share/v1/3b0710f78e5b43e0b8deded69f9fc6ae/security-services returned with HTTP 200
Feb 19 02:50:52.931409 np0000156492 devstack@m-api.service[100452]: [pid: 100452|app: 0|req: 292/601] 199.19.213.223 () {70 vars in 1462 bytes} [Thu Feb 19 02:50:52 2026] POST /share/v1/3b0710f78e5b43e0b8deded69f9fc6ae/security-services => generated 357 bytes in 360 msecs (HTTP/1.1 200) 7 headers in 296 bytes (1 switches on core 0)
Feb 19 02:50:52.936447 np0000156492 devstack@m-api.service[100452]: INFO manila.api.openstack.wsgi [None req-17e262c2-528b-47e2-9ebc-a5bc27b8b06c c_rally_50efb86c_Zuj9p9mu c_rally_50efb86c_mt6C0z1P] POST https://199.19.213.223/share/v1/3b0710f78e5b43e0b8deded69f9fc6ae/security-services
Feb 19 02:50:52.937321 np0000156492 devstack@m-api.service[100452]: DEBUG manila.api.openstack.wsgi [None req-17e262c2-528b-47e2-9ebc-a5bc27b8b06c c_rally_50efb86c_Zuj9p9mu c_rally_50efb86c_mt6C0z1P] Action: 'create', calling method: SecurityServiceController.create, body: {"security_service": {"type": "kerberos", "name": "s_rally_50efb86c_T5mUr9Mi"}} {{(pid=100452) _process_stack /opt/stack/manila/manila/api/openstack/wsgi.py:796}}
Feb 19 02:50:53.106817 np0000156492 devstack@m-api.service[100452]: INFO manila.api.openstack.wsgi [None req-17e262c2-528b-47e2-9ebc-a5bc27b8b06c c_rally_50efb86c_Zuj9p9mu c_rally_50efb86c_mt6C0z1P] https://199.19.213.223/share/v1/3b0710f78e5b43e0b8deded69f9fc6ae/security-services returned with HTTP 200
Feb 19 02:50:53.107890 np0000156492 devstack@m-api.service[100452]: [pid: 100452|app: 0|req: 293/602] 199.19.213.223 () {70 vars in 1462 bytes} [Thu Feb 19 02:50:52 2026] POST /share/v1/3b0710f78e5b43e0b8deded69f9fc6ae/security-services => generated 357 bytes in 176 msecs (HTTP/1.1 200) 7 headers in 296 bytes (1 switches on core 0)
Feb 19 02:50:53.111863 np0000156492 devstack@m-api.service[100452]: INFO manila.api.openstack.wsgi [None req-65379785-40c3-4764-b4e3-333bb06727d4 c_rally_50efb86c_Zuj9p9mu c_rally_50efb86c_mt6C0z1P] POST https://199.19.213.223/share/v1/3b0710f78e5b43e0b8deded69f9fc6ae/security-services
Feb 19 02:50:53.113020 np0000156492 devstack@m-api.service[100452]: DEBUG manila.api.openstack.wsgi [None req-65379785-40c3-4764-b4e3-333bb06727d4 c_rally_50efb86c_Zuj9p9mu c_rally_50efb86c_mt6C0z1P] Action: 'create', calling method: SecurityServiceController.create, body: {"security_service": {"type": "kerberos", "name": "s_rally_50efb86c_23E5tlca"}} {{(pid=100452) _process_stack /opt/stack/manila/manila/api/openstack/wsgi.py:796}}
Feb 19 02:50:53.245208 np0000156492 devstack@m-api.service[100452]: INFO manila.api.openstack.wsgi [None req-65379785-40c3-4764-b4e3-333bb06727d4 c_rally_50efb86c_Zuj9p9mu c_rally_50efb86c_mt6C0z1P] https://199.19.213.223/share/v1/3b0710f78e5b43e0b8deded69f9fc6ae/security-services returned with HTTP 200
Feb 19 02:50:53.245993 np0000156492 devstack@m-api.service[100452]: [pid: 100452|app: 0|req: 294/603] 199.19.213.223 () {70 vars in 1462 bytes} [Thu Feb 19 02:50:53 2026] POST /share/v1/3b0710f78e5b43e0b8deded69f9fc6ae/security-services => generated 357 bytes in 138 msecs (HTTP/1.1 200) 7 headers in 296 bytes (1 switches on core 0)
Feb 19 02:50:53.249819 np0000156492 devstack@m-api.service[100452]: INFO manila.api.openstack.wsgi [None req-f2804130-2aa0-41b5-a753-97cbf93756fb c_rally_50efb86c_Zuj9p9mu c_rally_50efb86c_mt6C0z1P] POST https://199.19.213.223/share/v1/3b0710f78e5b43e0b8deded69f9fc6ae/security-services
Feb 19 02:50:53.250161 np0000156492 devstack@m-api.service[100452]: DEBUG manila.api.openstack.wsgi [None req-f2804130-2aa0-41b5-a753-97cbf93756fb c_rally_50efb86c_Zuj9p9mu c_rally_50efb86c_mt6C0z1P] Action: 'create', calling method: SecurityServiceController.create, body: {"security_service": {"type": "kerberos", "name": "s_rally_50efb86c_sAovCXUp"}} {{(pid=100452) _process_stack /opt/stack/manila/manila/api/openstack/wsgi.py:796}}
Feb 19 02:50:53.273178 np0000156492 devstack@m-api.service[100451]: DEBUG manila.quota [None req-17dc83e1-4240-4eac-a903-b86dbf105679 c_rally_50efb86c_Zuj9p9mu c_rally_50efb86c_mt6C0z1P] Committed reservations ['e5c29c37-1b86-40cd-98c4-a8de7c806514'] {{(pid=100451) commit /opt/stack/manila/manila/quota.py:1066}}
Feb 19 02:50:53.290601 np0000156492 devstack@m-api.service[100451]: INFO manila.api.openstack.wsgi [None req-17dc83e1-4240-4eac-a903-b86dbf105679 c_rally_50efb86c_Zuj9p9mu c_rally_50efb86c_mt6C0z1P] https://199.19.213.223/share/v1/3b0710f78e5b43e0b8deded69f9fc6ae/share-networks returned with HTTP 200
Feb 19 02:50:53.290990 np0000156492 devstack@m-api.service[100451]: [pid: 100451|app: 0|req: 310/604] 199.19.213.223 () {70 vars in 1453 bytes} [Thu Feb 19 02:50:52 2026] POST /share/v1/3b0710f78e5b43e0b8deded69f9fc6ae/share-networks => generated 390 bytes in 781 msecs (HTTP/1.1 200) 7 headers in 296 bytes (1 switches on core 0)
Feb 19 02:50:53.293226 np0000156492 devstack@m-api.service[100451]: INFO manila.api.openstack.wsgi [None req-9d12a0ce-fb2f-4cd1-beef-b097a729c5dc c_rally_50efb86c_Zuj9p9mu c_rally_50efb86c_mt6C0z1P] POST https://199.19.213.223/share/v1/3b0710f78e5b43e0b8deded69f9fc6ae/security-services
Feb 19 02:50:53.293348 np0000156492 devstack@m-api.service[100451]: DEBUG manila.api.openstack.wsgi [None req-9d12a0ce-fb2f-4cd1-beef-b097a729c5dc c_rally_50efb86c_Zuj9p9mu c_rally_50efb86c_mt6C0z1P] Action: 'create', calling method: SecurityServiceController.create, body: {"security_service": {"type": "kerberos", "name": "s_rally_50efb86c_erDeLvQn"}} {{(pid=100451) _process_stack /opt/stack/manila/manila/api/openstack/wsgi.py:796}}
Feb 19 02:50:53.347103 np0000156492 devstack@m-api.service[100452]: INFO manila.api.openstack.wsgi [None req-f2804130-2aa0-41b5-a753-97cbf93756fb c_rally_50efb86c_Zuj9p9mu c_rally_50efb86c_mt6C0z1P] https://199.19.213.223/share/v1/3b0710f78e5b43e0b8deded69f9fc6ae/security-services returned with HTTP 200
Feb 19 02:50:53.347805 np0000156492 devstack@m-api.service[100452]: [pid: 100452|app: 0|req: 295/605] 199.19.213.223 () {70 vars in 1462 bytes} [Thu Feb 19 02:50:53 2026] POST /share/v1/3b0710f78e5b43e0b8deded69f9fc6ae/security-services => generated 357 bytes in 101 msecs (HTTP/1.1 200) 7 headers in 296 bytes (1 switches on core 0)
Feb 19 02:50:53.350850 np0000156492 devstack@m-api.service[100452]: INFO manila.api.openstack.wsgi [None req-6485a901-c204-4cf2-a91c-b7a6dca38fd5 c_rally_50efb86c_Zuj9p9mu c_rally_50efb86c_mt6C0z1P] POST https://199.19.213.223/share/v1/3b0710f78e5b43e0b8deded69f9fc6ae/security-services
Feb 19 02:50:53.351258 np0000156492 devstack@m-api.service[100452]: DEBUG manila.api.openstack.wsgi [None req-6485a901-c204-4cf2-a91c-b7a6dca38fd5 c_rally_50efb86c_Zuj9p9mu c_rally_50efb86c_mt6C0z1P] Action: 'create', calling method: SecurityServiceController.create, body: {"security_service": {"type": "kerberos", "name": "s_rally_50efb86c_7YOtotFx"}} {{(pid=100452) _process_stack /opt/stack/manila/manila/api/openstack/wsgi.py:796}}
Feb 19 02:50:53.363215 np0000156492 devstack@m-api.service[100451]: INFO manila.api.openstack.wsgi [None req-9d12a0ce-fb2f-4cd1-beef-b097a729c5dc c_rally_50efb86c_Zuj9p9mu c_rally_50efb86c_mt6C0z1P] https://199.19.213.223/share/v1/3b0710f78e5b43e0b8deded69f9fc6ae/security-services returned with HTTP 200
Feb 19 02:50:53.363550 np0000156492 devstack@m-api.service[100451]: [pid: 100451|app: 0|req: 311/606] 199.19.213.223 () {70 vars in 1462 bytes} [Thu Feb 19 02:50:53 2026] POST /share/v1/3b0710f78e5b43e0b8deded69f9fc6ae/security-services => generated 357 bytes in 72 msecs (HTTP/1.1 200) 7 headers in 296 bytes (1 switches on core 0)
Feb 19 02:50:53.367004 np0000156492 devstack@m-api.service[100451]: INFO manila.api.openstack.wsgi [None req-85a6c101-ad10-4243-99d9-63f96c5afbe4 c_rally_50efb86c_Zuj9p9mu c_rally_50efb86c_mt6C0z1P] POST https://199.19.213.223/share/v1/3b0710f78e5b43e0b8deded69f9fc6ae/security-services
Feb 19 02:50:53.367508 np0000156492 devstack@m-api.service[100451]: DEBUG manila.api.openstack.wsgi [None req-85a6c101-ad10-4243-99d9-63f96c5afbe4 c_rally_50efb86c_Zuj9p9mu c_rally_50efb86c_mt6C0z1P] Action: 'create', calling method: SecurityServiceController.create, body: {"security_service": {"type": "kerberos", "name": "s_rally_50efb86c_yJgXC5oo"}} {{(pid=100451) _process_stack /opt/stack/manila/manila/api/openstack/wsgi.py:796}}
Feb 19 02:50:53.468963 np0000156492 devstack@m-api.service[100452]: INFO manila.api.openstack.wsgi [None req-6485a901-c204-4cf2-a91c-b7a6dca38fd5 c_rally_50efb86c_Zuj9p9mu c_rally_50efb86c_mt6C0z1P] https://199.19.213.223/share/v1/3b0710f78e5b43e0b8deded69f9fc6ae/security-services returned with HTTP 200
Feb 19 02:50:53.470135 np0000156492 devstack@m-api.service[100452]: [pid: 100452|app: 0|req: 296/607] 199.19.213.223 () {70 vars in 1462 bytes} [Thu Feb 19 02:50:53 2026] POST /share/v1/3b0710f78e5b43e0b8deded69f9fc6ae/security-services => generated 357 bytes in 122 msecs (HTTP/1.1 200) 7 headers in 296 bytes (1 switches on core 0)
Feb 19 02:50:53.473868 np0000156492 devstack@m-api.service[100452]: INFO manila.api.openstack.wsgi [None req-be8f7c98-1ef0-4bf3-a995-7fe4fff1d874 c_rally_50efb86c_Zuj9p9mu c_rally_50efb86c_mt6C0z1P] POST https://199.19.213.223/share/v1/3b0710f78e5b43e0b8deded69f9fc6ae/security-services
Feb 19 02:50:53.474393 np0000156492 devstack@m-api.service[100452]: DEBUG manila.api.openstack.wsgi [None req-be8f7c98-1ef0-4bf3-a995-7fe4fff1d874 c_rally_50efb86c_Zuj9p9mu c_rally_50efb86c_mt6C0z1P] Action: 'create', calling method: SecurityServiceController.create, body: {"security_service": {"type": "kerberos", "name": "s_rally_50efb86c_KEM6CR7J"}} {{(pid=100452) _process_stack /opt/stack/manila/manila/api/openstack/wsgi.py:796}}
Feb 19 02:50:53.487928 np0000156492 devstack@m-api.service[100451]: INFO manila.api.openstack.wsgi [None req-85a6c101-ad10-4243-99d9-63f96c5afbe4 c_rally_50efb86c_Zuj9p9mu c_rally_50efb86c_mt6C0z1P] https://199.19.213.223/share/v1/3b0710f78e5b43e0b8deded69f9fc6ae/security-services returned with HTTP 200
Feb 19 02:50:53.488592 np0000156492 devstack@m-api.service[100451]: [pid: 100451|app: 0|req: 312/608] 199.19.213.223 () {70 vars in 1462 bytes} [Thu Feb 19 02:50:53 2026] POST /share/v1/3b0710f78e5b43e0b8deded69f9fc6ae/security-services => generated 357 bytes in 124 msecs (HTTP/1.1 200) 7 headers in 296 bytes (1 switches on core 0)
Feb 19 02:50:53.491333 np0000156492 devstack@m-api.service[100451]: INFO manila.api.openstack.wsgi [None req-53d57dbb-713f-43cb-af11-55f435260d02 c_rally_50efb86c_Zuj9p9mu c_rally_50efb86c_mt6C0z1P] POST https://199.19.213.223/share/v1/3b0710f78e5b43e0b8deded69f9fc6ae/security-services
Feb 19 02:50:53.491677 np0000156492 devstack@m-api.service[100451]: DEBUG manila.api.openstack.wsgi [None req-53d57dbb-713f-43cb-af11-55f435260d02 c_rally_50efb86c_Zuj9p9mu c_rally_50efb86c_mt6C0z1P] Action: 'create', calling method: SecurityServiceController.create, body: {"security_service": {"type": "kerberos", "name": "s_rally_50efb86c_nvgfDq6A"}} {{(pid=100451) _process_stack /opt/stack/manila/manila/api/openstack/wsgi.py:796}}
Feb 19 02:50:53.520932 np0000156492 devstack@m-api.service[100452]: INFO manila.api.openstack.wsgi [None req-be8f7c98-1ef0-4bf3-a995-7fe4fff1d874 c_rally_50efb86c_Zuj9p9mu c_rally_50efb86c_mt6C0z1P] https://199.19.213.223/share/v1/3b0710f78e5b43e0b8deded69f9fc6ae/security-services returned with HTTP 200
Feb 19 02:50:53.521941 np0000156492 devstack@m-api.service[100452]: [pid: 100452|app: 0|req: 297/609] 199.19.213.223 () {70 vars in 1462 bytes} [Thu Feb 19 02:50:53 2026] POST /share/v1/3b0710f78e5b43e0b8deded69f9fc6ae/security-services => generated 357 bytes in 51 msecs (HTTP/1.1 200) 7 headers in 296 bytes (1 switches on core 0)
Feb 19 02:50:53.526089 np0000156492 devstack@m-api.service[100452]: INFO manila.api.openstack.wsgi [None req-f13bc946-9bc4-4fa1-899a-bf118cb850be c_rally_50efb86c_Zuj9p9mu c_rally_50efb86c_mt6C0z1P] GET https://199.19.213.223/share/v1/3b0710f78e5b43e0b8deded69f9fc6ae/security-services/ceaa9631-25c8-4c1f-aaa2-10214e6ec861
Feb 19 02:50:53.526291 np0000156492 devstack@m-api.service[100452]: DEBUG manila.api.openstack.wsgi [None req-f13bc946-9bc4-4fa1-899a-bf118cb850be c_rally_50efb86c_Zuj9p9mu c_rally_50efb86c_mt6C0z1P] No Content-Type provided in request {{(pid=100452) get_body /opt/stack/manila/manila/api/openstack/wsgi.py:648}}
Feb 19 02:50:53.526511 np0000156492 devstack@m-api.service[100452]: DEBUG manila.api.openstack.wsgi [None req-f13bc946-9bc4-4fa1-899a-bf118cb850be c_rally_50efb86c_Zuj9p9mu c_rally_50efb86c_mt6C0z1P] Calling method 'SecurityServiceController.show' {{(pid=100452) _process_stack /opt/stack/manila/manila/api/openstack/wsgi.py:798}}
Feb 19 02:50:53.530605 np0000156492 devstack@m-api.service[100452]: INFO manila.api.openstack.wsgi [None req-f13bc946-9bc4-4fa1-899a-bf118cb850be c_rally_50efb86c_Zuj9p9mu c_rally_50efb86c_mt6C0z1P] https://199.19.213.223/share/v1/3b0710f78e5b43e0b8deded69f9fc6ae/security-services/ceaa9631-25c8-4c1f-aaa2-10214e6ec861 returned with HTTP 200
Feb 19 02:50:53.531167 np0000156492 devstack@m-api.service[100452]: [pid: 100452|app: 0|req: 298/610] 199.19.213.223 () {66 vars in 1520 bytes} [Thu Feb 19 02:50:53 2026] GET /share/v1/3b0710f78e5b43e0b8deded69f9fc6ae/security-services/ceaa9631-25c8-4c1f-aaa2-10214e6ec861 => generated 357 bytes in 9 msecs (HTTP/1.1 200) 7 headers in 296 bytes (1 switches on core 0)
Feb 19 02:50:53.533460 np0000156492 devstack@m-api.service[100452]: INFO manila.api.openstack.wsgi [None req-c2a5e80d-adbf-47db-a83a-0ded417d1e13 c_rally_50efb86c_Zuj9p9mu c_rally_50efb86c_mt6C0z1P] GET https://199.19.213.223/share/v1/3b0710f78e5b43e0b8deded69f9fc6ae/security-services/5ebe92ff-0d52-4f82-86d2-91dbd2fcfbb9
Feb 19 02:50:53.533629 np0000156492 devstack@m-api.service[100452]: DEBUG manila.api.openstack.wsgi [None req-c2a5e80d-adbf-47db-a83a-0ded417d1e13 c_rally_50efb86c_Zuj9p9mu c_rally_50efb86c_mt6C0z1P] No Content-Type provided in request {{(pid=100452) get_body /opt/stack/manila/manila/api/openstack/wsgi.py:648}}
Feb 19 02:50:53.533786 np0000156492 devstack@m-api.service[100452]: DEBUG manila.api.openstack.wsgi [None req-c2a5e80d-adbf-47db-a83a-0ded417d1e13 c_rally_50efb86c_Zuj9p9mu c_rally_50efb86c_mt6C0z1P] Calling method 'SecurityServiceController.show' {{(pid=100452) _process_stack /opt/stack/manila/manila/api/openstack/wsgi.py:798}}
Feb 19 02:50:53.535963 np0000156492 devstack@m-api.service[100452]: INFO manila.api.openstack.wsgi [None req-c2a5e80d-adbf-47db-a83a-0ded417d1e13 c_rally_50efb86c_Zuj9p9mu c_rally_50efb86c_mt6C0z1P] https://199.19.213.223/share/v1/3b0710f78e5b43e0b8deded69f9fc6ae/security-services/5ebe92ff-0d52-4f82-86d2-91dbd2fcfbb9 returned with HTTP 200
Feb 19 02:50:53.536224 np0000156492 devstack@m-api.service[100452]: [pid: 100452|app: 0|req: 299/611] 199.19.213.223 () {66 vars in 1520 bytes} [Thu Feb 19 02:50:53 2026] GET /share/v1/3b0710f78e5b43e0b8deded69f9fc6ae/security-services/5ebe92ff-0d52-4f82-86d2-91dbd2fcfbb9 => generated 357 bytes in 5 msecs (HTTP/1.1 200) 7 headers in 296 bytes (1 switches on core 0)
Feb 19 02:50:53.537777 np0000156492 devstack@m-api.service[100452]: INFO manila.api.openstack.wsgi [None req-5f58624e-924e-434c-9f17-577a792cd599 c_rally_50efb86c_Zuj9p9mu c_rally_50efb86c_mt6C0z1P] GET https://199.19.213.223/share/v1/3b0710f78e5b43e0b8deded69f9fc6ae/security-services/2459bf90-c1b5-4f0b-b463-d812d06510a9
Feb 19 02:50:53.537909 np0000156492 devstack@m-api.service[100452]: DEBUG manila.api.openstack.wsgi [None req-5f58624e-924e-434c-9f17-577a792cd599 c_rally_50efb86c_Zuj9p9mu c_rally_50efb86c_mt6C0z1P] No Content-Type provided in request {{(pid=100452) get_body /opt/stack/manila/manila/api/openstack/wsgi.py:648}}
Feb 19 02:50:53.538051 np0000156492 devstack@m-api.service[100452]: DEBUG manila.api.openstack.wsgi [None req-5f58624e-924e-434c-9f17-577a792cd599 c_rally_50efb86c_Zuj9p9mu c_rally_50efb86c_mt6C0z1P] Calling method 'SecurityServiceController.show' {{(pid=100452) _process_stack /opt/stack/manila/manila/api/openstack/wsgi.py:798}}
Feb 19 02:50:53.540417 np0000156492 devstack@m-api.service[100452]: INFO manila.api.openstack.wsgi [None req-5f58624e-924e-434c-9f17-577a792cd599 c_rally_50efb86c_Zuj9p9mu c_rally_50efb86c_mt6C0z1P] https://199.19.213.223/share/v1/3b0710f78e5b43e0b8deded69f9fc6ae/security-services/2459bf90-c1b5-4f0b-b463-d812d06510a9 returned with HTTP 200
Feb 19 02:50:53.540744 np0000156492 devstack@m-api.service[100452]: [pid: 100452|app: 0|req: 300/612] 199.19.213.223 () {66 vars in 1520 bytes} [Thu Feb 19 02:50:53 2026] GET /share/v1/3b0710f78e5b43e0b8deded69f9fc6ae/security-services/2459bf90-c1b5-4f0b-b463-d812d06510a9 => generated 357 bytes in 4 msecs (HTTP/1.1 200) 7 headers in 296 bytes (1 switches on core 0)
Feb 19 02:50:53.542774 np0000156492 devstack@m-api.service[100452]: INFO manila.api.openstack.wsgi [None req-6fe69f6c-cf2e-4491-bbcb-8cb8b1307591 c_rally_50efb86c_Zuj9p9mu c_rally_50efb86c_mt6C0z1P] POST https://199.19.213.223/share/v1/3b0710f78e5b43e0b8deded69f9fc6ae/security-services
Feb 19 02:50:53.542774 np0000156492 devstack@m-api.service[100452]: DEBUG manila.api.openstack.wsgi [None req-6fe69f6c-cf2e-4491-bbcb-8cb8b1307591 c_rally_50efb86c_Zuj9p9mu c_rally_50efb86c_mt6C0z1P] Action: 'create', calling method: SecurityServiceController.create, body: {"security_service": {"type": "kerberos", "name": "s_rally_50efb86c_LkQYcWO0"}} {{(pid=100452) _process_stack /opt/stack/manila/manila/api/openstack/wsgi.py:796}}
Feb 19 02:50:53.664323 np0000156492 devstack@m-api.service[100451]: INFO manila.api.openstack.wsgi [None req-53d57dbb-713f-43cb-af11-55f435260d02 c_rally_50efb86c_Zuj9p9mu c_rally_50efb86c_mt6C0z1P] https://199.19.213.223/share/v1/3b0710f78e5b43e0b8deded69f9fc6ae/security-services returned with HTTP 200
Feb 19 02:50:53.665210 np0000156492 devstack@m-api.service[100451]: [pid: 100451|app: 0|req: 313/613] 199.19.213.223 () {70 vars in 1462 bytes} [Thu Feb 19 02:50:53 2026] POST /share/v1/3b0710f78e5b43e0b8deded69f9fc6ae/security-services => generated 357 bytes in 176 msecs (HTTP/1.1 200) 7 headers in 296 bytes (1 switches on core 0)
Feb 19 02:50:53.668045 np0000156492 devstack@m-api.service[100451]: INFO manila.api.openstack.wsgi [None req-d4e3ba82-60c4-448c-940e-2c7f89fc089b c_rally_50efb86c_Zuj9p9mu c_rally_50efb86c_mt6C0z1P] GET https://199.19.213.223/share/v1/3b0710f78e5b43e0b8deded69f9fc6ae/security-services/62dda482-eb64-4c31-9259-40aaf8fdd5fe
Feb 19 02:50:53.668219 np0000156492 devstack@m-api.service[100451]: DEBUG manila.api.openstack.wsgi [None req-d4e3ba82-60c4-448c-940e-2c7f89fc089b c_rally_50efb86c_Zuj9p9mu c_rally_50efb86c_mt6C0z1P] No Content-Type provided in request {{(pid=100451) get_body /opt/stack/manila/manila/api/openstack/wsgi.py:648}}
Feb 19 02:50:53.668488 np0000156492 devstack@m-api.service[100451]: DEBUG manila.api.openstack.wsgi [None req-d4e3ba82-60c4-448c-940e-2c7f89fc089b c_rally_50efb86c_Zuj9p9mu c_rally_50efb86c_mt6C0z1P] Calling method 'SecurityServiceController.show' {{(pid=100451) _process_stack /opt/stack/manila/manila/api/openstack/wsgi.py:798}}
Feb 19 02:50:53.672782 np0000156492 devstack@m-api.service[100451]: INFO manila.api.openstack.wsgi [None req-d4e3ba82-60c4-448c-940e-2c7f89fc089b c_rally_50efb86c_Zuj9p9mu c_rally_50efb86c_mt6C0z1P] https://199.19.213.223/share/v1/3b0710f78e5b43e0b8deded69f9fc6ae/security-services/62dda482-eb64-4c31-9259-40aaf8fdd5fe returned with HTTP 200
Feb 19 02:50:53.673238 np0000156492 devstack@m-api.service[100451]: [pid: 100451|app: 0|req: 314/614] 199.19.213.223 () {66 vars in 1520 bytes} [Thu Feb 19 02:50:53 2026] GET /share/v1/3b0710f78e5b43e0b8deded69f9fc6ae/security-services/62dda482-eb64-4c31-9259-40aaf8fdd5fe => generated 357 bytes in 7 msecs (HTTP/1.1 200) 7 headers in 296 bytes (1 switches on core 0)
Feb 19 02:50:53.674928 np0000156492 devstack@m-api.service[100451]: INFO manila.api.openstack.wsgi [None req-3e11d885-30ab-4124-ad9d-caf638a18f29 c_rally_50efb86c_Zuj9p9mu c_rally_50efb86c_mt6C0z1P] GET https://199.19.213.223/share/v1/3b0710f78e5b43e0b8deded69f9fc6ae/security-services/037471f3-74de-4f0f-8376-886e3415cec0
Feb 19 02:50:53.675048 np0000156492 devstack@m-api.service[100451]: DEBUG manila.api.openstack.wsgi [None req-3e11d885-30ab-4124-ad9d-caf638a18f29 c_rally_50efb86c_Zuj9p9mu c_rally_50efb86c_mt6C0z1P] No Content-Type provided in request {{(pid=100451) get_body /opt/stack/manila/manila/api/openstack/wsgi.py:648}}
Feb 19 02:50:53.675215 np0000156492 devstack@m-api.service[100451]: DEBUG manila.api.openstack.wsgi [None req-3e11d885-30ab-4124-ad9d-caf638a18f29 c_rally_50efb86c_Zuj9p9mu c_rally_50efb86c_mt6C0z1P] Calling method 'SecurityServiceController.show' {{(pid=100451) _process_stack /opt/stack/manila/manila/api/openstack/wsgi.py:798}}
Feb 19 02:50:53.677140 np0000156492 devstack@m-api.service[100452]: INFO manila.api.openstack.wsgi [None req-6fe69f6c-cf2e-4491-bbcb-8cb8b1307591 c_rally_50efb86c_Zuj9p9mu c_rally_50efb86c_mt6C0z1P] https://199.19.213.223/share/v1/3b0710f78e5b43e0b8deded69f9fc6ae/security-services returned with HTTP 200
Feb 19 02:50:53.677694 np0000156492 devstack@m-api.service[100452]: [pid: 100452|app: 0|req: 301/615] 199.19.213.223 () {70 vars in 1462 bytes} [Thu Feb 19 02:50:53 2026] POST /share/v1/3b0710f78e5b43e0b8deded69f9fc6ae/security-services => generated 357 bytes in 136 msecs (HTTP/1.1 200) 7 headers in 296 bytes (1 switches on core 0)
Feb 19 02:50:53.677865 np0000156492 devstack@m-api.service[100451]: INFO manila.api.openstack.wsgi [None req-3e11d885-30ab-4124-ad9d-caf638a18f29 c_rally_50efb86c_Zuj9p9mu c_rally_50efb86c_mt6C0z1P] https://199.19.213.223/share/v1/3b0710f78e5b43e0b8deded69f9fc6ae/security-services/037471f3-74de-4f0f-8376-886e3415cec0 returned with HTTP 200
