Feb 19 02:50:53.678199 np0000156492 devstack@m-api.service[100451]: [pid: 100451|app: 0|req: 315/616] 199.19.213.223 () {66 vars in 1520 bytes} [Thu Feb 19 02:50:53 2026] GET /share/v1/3b0710f78e5b43e0b8deded69f9fc6ae/security-services/037471f3-74de-4f0f-8376-886e3415cec0 => generated 357 bytes in 4 msecs (HTTP/1.1 200) 7 headers in 296 bytes (1 switches on core 0)
Feb 19 02:50:53.679873 np0000156492 devstack@m-api.service[100451]: INFO manila.api.openstack.wsgi [None req-7ce9f185-ae07-42e0-a279-e9c9e97f892b c_rally_50efb86c_Zuj9p9mu c_rally_50efb86c_mt6C0z1P] GET https://199.19.213.223/share/v1/3b0710f78e5b43e0b8deded69f9fc6ae/security-services/f5037a01-34fd-4f64-88a5-55b8fe2baf29
Feb 19 02:50:53.680018 np0000156492 devstack@m-api.service[100451]: DEBUG manila.api.openstack.wsgi [None req-7ce9f185-ae07-42e0-a279-e9c9e97f892b c_rally_50efb86c_Zuj9p9mu c_rally_50efb86c_mt6C0z1P] No Content-Type provided in request {{(pid=100451) get_body /opt/stack/manila/manila/api/openstack/wsgi.py:648}}
Feb 19 02:50:53.682098 np0000156492 devstack@m-api.service[100451]: DEBUG manila.api.openstack.wsgi [None req-7ce9f185-ae07-42e0-a279-e9c9e97f892b c_rally_50efb86c_Zuj9p9mu c_rally_50efb86c_mt6C0z1P] Calling method 'SecurityServiceController.show' {{(pid=100451) _process_stack /opt/stack/manila/manila/api/openstack/wsgi.py:798}}
Feb 19 02:50:53.682247 np0000156492 devstack@m-api.service[100452]: INFO manila.api.openstack.wsgi [None req-f3c3e7a6-66e0-4f87-98ea-267b77387fcd c_rally_50efb86c_Zuj9p9mu c_rally_50efb86c_mt6C0z1P] GET https://199.19.213.223/share/v1/3b0710f78e5b43e0b8deded69f9fc6ae/security-services/d1b53c33-8b92-4100-a5ab-9fa4dccb561d
Feb 19 02:50:53.682247 np0000156492 devstack@m-api.service[100452]: DEBUG manila.api.openstack.wsgi [None req-f3c3e7a6-66e0-4f87-98ea-267b77387fcd c_rally_50efb86c_Zuj9p9mu c_rally_50efb86c_mt6C0z1P] No Content-Type provided in request {{(pid=100452) get_body /opt/stack/manila/manila/api/openstack/wsgi.py:648}}
Feb 19 02:50:53.682247 np0000156492 devstack@m-api.service[100452]: DEBUG manila.api.openstack.wsgi [None req-f3c3e7a6-66e0-4f87-98ea-267b77387fcd c_rally_50efb86c_Zuj9p9mu c_rally_50efb86c_mt6C0z1P] Calling method 'SecurityServiceController.show' {{(pid=100452) _process_stack /opt/stack/manila/manila/api/openstack/wsgi.py:798}}
Feb 19 02:50:53.684026 np0000156492 devstack@m-api.service[100451]: INFO manila.api.openstack.wsgi [None req-7ce9f185-ae07-42e0-a279-e9c9e97f892b c_rally_50efb86c_Zuj9p9mu c_rally_50efb86c_mt6C0z1P] https://199.19.213.223/share/v1/3b0710f78e5b43e0b8deded69f9fc6ae/security-services/f5037a01-34fd-4f64-88a5-55b8fe2baf29 returned with HTTP 200
Feb 19 02:50:53.684393 np0000156492 devstack@m-api.service[100451]: [pid: 100451|app: 0|req: 316/617] 199.19.213.223 () {66 vars in 1520 bytes} [Thu Feb 19 02:50:53 2026] GET /share/v1/3b0710f78e5b43e0b8deded69f9fc6ae/security-services/f5037a01-34fd-4f64-88a5-55b8fe2baf29 => generated 357 bytes in 6 msecs (HTTP/1.1 200) 7 headers in 296 bytes (1 switches on core 0)
Feb 19 02:50:53.684532 np0000156492 devstack@m-api.service[100452]: INFO manila.api.openstack.wsgi [None req-f3c3e7a6-66e0-4f87-98ea-267b77387fcd c_rally_50efb86c_Zuj9p9mu c_rally_50efb86c_mt6C0z1P] https://199.19.213.223/share/v1/3b0710f78e5b43e0b8deded69f9fc6ae/security-services/d1b53c33-8b92-4100-a5ab-9fa4dccb561d returned with HTTP 200
Feb 19 02:50:53.684953 np0000156492 devstack@m-api.service[100452]: [pid: 100452|app: 0|req: 302/618] 199.19.213.223 () {66 vars in 1520 bytes} [Thu Feb 19 02:50:53 2026] GET /share/v1/3b0710f78e5b43e0b8deded69f9fc6ae/security-services/d1b53c33-8b92-4100-a5ab-9fa4dccb561d => generated 357 bytes in 7 msecs (HTTP/1.1 200) 7 headers in 296 bytes (1 switches on core 0)
Feb 19 02:50:53.686211 np0000156492 devstack@m-api.service[100451]: INFO manila.api.openstack.wsgi [None req-49300a98-cb42-4dcd-b7e7-cbdfb66cc5c5 c_rally_50efb86c_Zuj9p9mu c_rally_50efb86c_mt6C0z1P] GET https://199.19.213.223/share/v1/3b0710f78e5b43e0b8deded69f9fc6ae/security-services/347e4366-81da-4a7c-8751-dc292ac643e5
Feb 19 02:50:53.686364 np0000156492 devstack@m-api.service[100451]: DEBUG manila.api.openstack.wsgi [None req-49300a98-cb42-4dcd-b7e7-cbdfb66cc5c5 c_rally_50efb86c_Zuj9p9mu c_rally_50efb86c_mt6C0z1P] No Content-Type provided in request {{(pid=100451) get_body /opt/stack/manila/manila/api/openstack/wsgi.py:648}}
Feb 19 02:50:53.686478 np0000156492 devstack@m-api.service[100451]: DEBUG manila.api.openstack.wsgi [None req-49300a98-cb42-4dcd-b7e7-cbdfb66cc5c5 c_rally_50efb86c_Zuj9p9mu c_rally_50efb86c_mt6C0z1P] Calling method 'SecurityServiceController.show' {{(pid=100451) _process_stack /opt/stack/manila/manila/api/openstack/wsgi.py:798}}
Feb 19 02:50:53.686908 np0000156492 devstack@m-api.service[100452]: INFO manila.api.openstack.wsgi [None req-0fd9f73d-c8b8-442b-8794-6b416a36b492 c_rally_50efb86c_Zuj9p9mu c_rally_50efb86c_mt6C0z1P] GET https://199.19.213.223/share/v1/3b0710f78e5b43e0b8deded69f9fc6ae/share-networks/1579e72d-2aca-4367-86d2-56baac554236
Feb 19 02:50:53.687031 np0000156492 devstack@m-api.service[100452]: DEBUG manila.api.openstack.wsgi [None req-0fd9f73d-c8b8-442b-8794-6b416a36b492 c_rally_50efb86c_Zuj9p9mu c_rally_50efb86c_mt6C0z1P] No Content-Type provided in request {{(pid=100452) get_body /opt/stack/manila/manila/api/openstack/wsgi.py:648}}
Feb 19 02:50:53.687167 np0000156492 devstack@m-api.service[100452]: DEBUG manila.api.openstack.wsgi [None req-0fd9f73d-c8b8-442b-8794-6b416a36b492 c_rally_50efb86c_Zuj9p9mu c_rally_50efb86c_mt6C0z1P] Calling method 'ShareNetworkController.show' {{(pid=100452) _process_stack /opt/stack/manila/manila/api/openstack/wsgi.py:798}}
Feb 19 02:50:53.689411 np0000156492 devstack@m-api.service[100451]: INFO manila.api.openstack.wsgi [None req-49300a98-cb42-4dcd-b7e7-cbdfb66cc5c5 c_rally_50efb86c_Zuj9p9mu c_rally_50efb86c_mt6C0z1P] https://199.19.213.223/share/v1/3b0710f78e5b43e0b8deded69f9fc6ae/security-services/347e4366-81da-4a7c-8751-dc292ac643e5 returned with HTTP 200
Feb 19 02:50:53.689702 np0000156492 devstack@m-api.service[100451]: [pid: 100451|app: 0|req: 317/619] 199.19.213.223 () {66 vars in 1520 bytes} [Thu Feb 19 02:50:53 2026] GET /share/v1/3b0710f78e5b43e0b8deded69f9fc6ae/security-services/347e4366-81da-4a7c-8751-dc292ac643e5 => generated 357 bytes in 5 msecs (HTTP/1.1 200) 7 headers in 296 bytes (1 switches on core 0)
Feb 19 02:50:53.691446 np0000156492 devstack@m-api.service[100451]: INFO manila.api.openstack.wsgi [None req-2062cdcc-80f0-4f36-a8e4-12318be9584b c_rally_50efb86c_Zuj9p9mu c_rally_50efb86c_mt6C0z1P] GET https://199.19.213.223/share/v1/3b0710f78e5b43e0b8deded69f9fc6ae/share-networks/ba08953c-003c-4fe3-af05-9c85a5c54f42
Feb 19 02:50:53.691562 np0000156492 devstack@m-api.service[100451]: DEBUG manila.api.openstack.wsgi [None req-2062cdcc-80f0-4f36-a8e4-12318be9584b c_rally_50efb86c_Zuj9p9mu c_rally_50efb86c_mt6C0z1P] No Content-Type provided in request {{(pid=100451) get_body /opt/stack/manila/manila/api/openstack/wsgi.py:648}}
Feb 19 02:50:53.691743 np0000156492 devstack@m-api.service[100451]: DEBUG manila.api.openstack.wsgi [None req-2062cdcc-80f0-4f36-a8e4-12318be9584b c_rally_50efb86c_Zuj9p9mu c_rally_50efb86c_mt6C0z1P] Calling method 'ShareNetworkController.show' {{(pid=100451) _process_stack /opt/stack/manila/manila/api/openstack/wsgi.py:798}}
Feb 19 02:50:53.700920 np0000156492 devstack@m-api.service[100452]: INFO manila.api.openstack.wsgi [None req-0fd9f73d-c8b8-442b-8794-6b416a36b492 c_rally_50efb86c_Zuj9p9mu c_rally_50efb86c_mt6C0z1P] https://199.19.213.223/share/v1/3b0710f78e5b43e0b8deded69f9fc6ae/share-networks/1579e72d-2aca-4367-86d2-56baac554236 returned with HTTP 200
Feb 19 02:50:53.701307 np0000156492 devstack@m-api.service[100452]: [pid: 100452|app: 0|req: 303/620] 199.19.213.223 () {66 vars in 1511 bytes} [Thu Feb 19 02:50:53 2026] GET /share/v1/3b0710f78e5b43e0b8deded69f9fc6ae/share-networks/1579e72d-2aca-4367-86d2-56baac554236 => generated 390 bytes in 16 msecs (HTTP/1.1 200) 7 headers in 296 bytes (1 switches on core 0)
Feb 19 02:50:53.703116 np0000156492 devstack@m-api.service[100452]: INFO manila.api.openstack.wsgi [None req-b27ea987-1f58-4e56-8743-f4ad69414e4a c_rally_50efb86c_Zuj9p9mu c_rally_50efb86c_mt6C0z1P] GET https://199.19.213.223/share/v1/3b0710f78e5b43e0b8deded69f9fc6ae/share-networks/41465258-8845-44b0-ab9c-a5033f2a4d74
Feb 19 02:50:53.703256 np0000156492 devstack@m-api.service[100452]: DEBUG manila.api.openstack.wsgi [None req-b27ea987-1f58-4e56-8743-f4ad69414e4a c_rally_50efb86c_Zuj9p9mu c_rally_50efb86c_mt6C0z1P] No Content-Type provided in request {{(pid=100452) get_body /opt/stack/manila/manila/api/openstack/wsgi.py:648}}
Feb 19 02:50:53.703400 np0000156492 devstack@m-api.service[100452]: DEBUG manila.api.openstack.wsgi [None req-b27ea987-1f58-4e56-8743-f4ad69414e4a c_rally_50efb86c_Zuj9p9mu c_rally_50efb86c_mt6C0z1P] Calling method 'ShareNetworkController.show' {{(pid=100452) _process_stack /opt/stack/manila/manila/api/openstack/wsgi.py:798}}
Feb 19 02:50:53.716197 np0000156492 devstack@m-api.service[100452]: INFO manila.api.openstack.wsgi [None req-b27ea987-1f58-4e56-8743-f4ad69414e4a c_rally_50efb86c_Zuj9p9mu c_rally_50efb86c_mt6C0z1P] https://199.19.213.223/share/v1/3b0710f78e5b43e0b8deded69f9fc6ae/share-networks/41465258-8845-44b0-ab9c-a5033f2a4d74 returned with HTTP 200
Feb 19 02:50:53.716197 np0000156492 devstack@m-api.service[100452]: [pid: 100452|app: 0|req: 304/621] 199.19.213.223 () {66 vars in 1511 bytes} [Thu Feb 19 02:50:53 2026] GET /share/v1/3b0710f78e5b43e0b8deded69f9fc6ae/share-networks/41465258-8845-44b0-ab9c-a5033f2a4d74 => generated 390 bytes in 14 msecs (HTTP/1.1 200) 7 headers in 296 bytes (1 switches on core 0)
Feb 19 02:50:53.718101 np0000156492 devstack@m-api.service[100452]: INFO manila.api.openstack.wsgi [None req-5d2e6bde-e5a2-46e1-a259-0c0c056928bb c_rally_50efb86c_Zuj9p9mu c_rally_50efb86c_mt6C0z1P] GET https://199.19.213.223/share/v1/3b0710f78e5b43e0b8deded69f9fc6ae/security-services/32d1dfac-b54a-4ad9-9b3d-b3831735086f
Feb 19 02:50:53.718230 np0000156492 devstack@m-api.service[100452]: DEBUG manila.api.openstack.wsgi [None req-5d2e6bde-e5a2-46e1-a259-0c0c056928bb c_rally_50efb86c_Zuj9p9mu c_rally_50efb86c_mt6C0z1P] No Content-Type provided in request {{(pid=100452) get_body /opt/stack/manila/manila/api/openstack/wsgi.py:648}}
Feb 19 02:50:53.718279 np0000156492 devstack@m-api.service[100451]: INFO manila.api.openstack.wsgi [None req-2062cdcc-80f0-4f36-a8e4-12318be9584b c_rally_50efb86c_Zuj9p9mu c_rally_50efb86c_mt6C0z1P] https://199.19.213.223/share/v1/3b0710f78e5b43e0b8deded69f9fc6ae/share-networks/ba08953c-003c-4fe3-af05-9c85a5c54f42 returned with HTTP 200
Feb 19 02:50:53.718432 np0000156492 devstack@m-api.service[100452]: DEBUG manila.api.openstack.wsgi [None req-5d2e6bde-e5a2-46e1-a259-0c0c056928bb c_rally_50efb86c_Zuj9p9mu c_rally_50efb86c_mt6C0z1P] Calling method 'SecurityServiceController.show' {{(pid=100452) _process_stack /opt/stack/manila/manila/api/openstack/wsgi.py:798}}
Feb 19 02:50:53.718689 np0000156492 devstack@m-api.service[100451]: [pid: 100451|app: 0|req: 318/622] 199.19.213.223 () {66 vars in 1511 bytes} [Thu Feb 19 02:50:53 2026] GET /share/v1/3b0710f78e5b43e0b8deded69f9fc6ae/share-networks/ba08953c-003c-4fe3-af05-9c85a5c54f42 => generated 390 bytes in 28 msecs (HTTP/1.1 200) 7 headers in 296 bytes (1 switches on core 0)
Feb 19 02:50:53.721194 np0000156492 devstack@m-api.service[100452]: INFO manila.api.openstack.wsgi [None req-5d2e6bde-e5a2-46e1-a259-0c0c056928bb c_rally_50efb86c_Zuj9p9mu c_rally_50efb86c_mt6C0z1P] https://199.19.213.223/share/v1/3b0710f78e5b43e0b8deded69f9fc6ae/security-services/32d1dfac-b54a-4ad9-9b3d-b3831735086f returned with HTTP 200
Feb 19 02:50:53.721479 np0000156492 devstack@m-api.service[100452]: [pid: 100452|app: 0|req: 305/623] 199.19.213.223 () {66 vars in 1520 bytes} [Thu Feb 19 02:50:53 2026] GET /share/v1/3b0710f78e5b43e0b8deded69f9fc6ae/security-services/32d1dfac-b54a-4ad9-9b3d-b3831735086f => generated 357 bytes in 5 msecs (HTTP/1.1 200) 7 headers in 296 bytes (1 switches on core 0)
Feb 19 02:50:53.723250 np0000156492 devstack@m-api.service[100451]: INFO manila.api.openstack.wsgi [None req-f55e3366-e5fd-42cc-b5bd-9249c54eef7f c_rally_50efb86c_Zuj9p9mu c_rally_50efb86c_mt6C0z1P] GET https://199.19.213.223/share/v1/3b0710f78e5b43e0b8deded69f9fc6ae/share-networks/ccd6d28f-ca3d-4f3b-875d-9eecf9c7dbd7
Feb 19 02:50:53.723250 np0000156492 devstack@m-api.service[100451]: DEBUG manila.api.openstack.wsgi [None req-f55e3366-e5fd-42cc-b5bd-9249c54eef7f c_rally_50efb86c_Zuj9p9mu c_rally_50efb86c_mt6C0z1P] No Content-Type provided in request {{(pid=100451) get_body /opt/stack/manila/manila/api/openstack/wsgi.py:648}}
Feb 19 02:50:53.723454 np0000156492 devstack@m-api.service[100451]: DEBUG manila.api.openstack.wsgi [None req-f55e3366-e5fd-42cc-b5bd-9249c54eef7f c_rally_50efb86c_Zuj9p9mu c_rally_50efb86c_mt6C0z1P] Calling method 'ShareNetworkController.show' {{(pid=100451) _process_stack /opt/stack/manila/manila/api/openstack/wsgi.py:798}}
Feb 19 02:50:53.725036 np0000156492 devstack@m-api.service[100452]: INFO manila.api.openstack.wsgi [None req-fb26790a-99f6-4f1b-9cf7-06dc5820d1b1 c_rally_50efb86c_Zuj9p9mu c_rally_50efb86c_mt6C0z1P] GET https://199.19.213.223/share/v1/3b0710f78e5b43e0b8deded69f9fc6ae/share-networks/e3074bbc-3ebc-4da3-b4c1-f061b12a1d1d
Feb 19 02:50:53.725210 np0000156492 devstack@m-api.service[100452]: DEBUG manila.api.openstack.wsgi [None req-fb26790a-99f6-4f1b-9cf7-06dc5820d1b1 c_rally_50efb86c_Zuj9p9mu c_rally_50efb86c_mt6C0z1P] No Content-Type provided in request {{(pid=100452) get_body /opt/stack/manila/manila/api/openstack/wsgi.py:648}}
Feb 19 02:50:53.725345 np0000156492 devstack@m-api.service[100452]: DEBUG manila.api.openstack.wsgi [None req-fb26790a-99f6-4f1b-9cf7-06dc5820d1b1 c_rally_50efb86c_Zuj9p9mu c_rally_50efb86c_mt6C0z1P] Calling method 'ShareNetworkController.show' {{(pid=100452) _process_stack /opt/stack/manila/manila/api/openstack/wsgi.py:798}}
Feb 19 02:50:53.740880 np0000156492 devstack@m-api.service[100451]: INFO manila.api.openstack.wsgi [None req-f55e3366-e5fd-42cc-b5bd-9249c54eef7f c_rally_50efb86c_Zuj9p9mu c_rally_50efb86c_mt6C0z1P] https://199.19.213.223/share/v1/3b0710f78e5b43e0b8deded69f9fc6ae/share-networks/ccd6d28f-ca3d-4f3b-875d-9eecf9c7dbd7 returned with HTTP 200
Feb 19 02:50:53.741202 np0000156492 devstack@m-api.service[100451]: [pid: 100451|app: 0|req: 319/624] 199.19.213.223 () {66 vars in 1511 bytes} [Thu Feb 19 02:50:53 2026] GET /share/v1/3b0710f78e5b43e0b8deded69f9fc6ae/share-networks/ccd6d28f-ca3d-4f3b-875d-9eecf9c7dbd7 => generated 390 bytes in 20 msecs (HTTP/1.1 200) 7 headers in 296 bytes (1 switches on core 0)
Feb 19 02:50:53.741741 np0000156492 devstack@m-api.service[100452]: INFO manila.api.openstack.wsgi [None req-fb26790a-99f6-4f1b-9cf7-06dc5820d1b1 c_rally_50efb86c_Zuj9p9mu c_rally_50efb86c_mt6C0z1P] https://199.19.213.223/share/v1/3b0710f78e5b43e0b8deded69f9fc6ae/share-networks/e3074bbc-3ebc-4da3-b4c1-f061b12a1d1d returned with HTTP 200
Feb 19 02:50:53.742760 np0000156492 devstack@m-api.service[100452]: [pid: 100452|app: 0|req: 306/625] 199.19.213.223 () {66 vars in 1511 bytes} [Thu Feb 19 02:50:53 2026] GET /share/v1/3b0710f78e5b43e0b8deded69f9fc6ae/share-networks/e3074bbc-3ebc-4da3-b4c1-f061b12a1d1d => generated 390 bytes in 18 msecs (HTTP/1.1 200) 7 headers in 296 bytes (1 switches on core 0)
Feb 19 02:50:53.748468 np0000156492 devstack@m-api.service[100451]: INFO manila.api.openstack.wsgi [None req-b8c4be5c-32b8-4537-9e1b-c143c0b281ae c_rally_50efb86c_Zuj9p9mu c_rally_50efb86c_mt6C0z1P] GET https://199.19.213.223/share/v1/3b0710f78e5b43e0b8deded69f9fc6ae/share-networks/1fd13a08-dc27-41d3-86ae-679ad001cf93
Feb 19 02:50:53.748597 np0000156492 devstack@m-api.service[100451]: DEBUG manila.api.openstack.wsgi [None req-b8c4be5c-32b8-4537-9e1b-c143c0b281ae c_rally_50efb86c_Zuj9p9mu c_rally_50efb86c_mt6C0z1P] No Content-Type provided in request {{(pid=100451) get_body /opt/stack/manila/manila/api/openstack/wsgi.py:648}}
Feb 19 02:50:53.749761 np0000156492 devstack@m-api.service[100451]: DEBUG manila.api.openstack.wsgi [None req-b8c4be5c-32b8-4537-9e1b-c143c0b281ae c_rally_50efb86c_Zuj9p9mu c_rally_50efb86c_mt6C0z1P] Calling method 'ShareNetworkController.show' {{(pid=100451) _process_stack /opt/stack/manila/manila/api/openstack/wsgi.py:798}}
Feb 19 02:50:53.752505 np0000156492 devstack@m-api.service[100452]: INFO manila.api.openstack.wsgi [None req-65bee63b-10db-40bf-8888-5077afb654ee c_rally_50efb86c_Zuj9p9mu c_rally_50efb86c_mt6C0z1P] GET https://199.19.213.223/share/v1/3b0710f78e5b43e0b8deded69f9fc6ae/share-networks/6288f458-61cd-4e6f-9a5f-61ae8196f4f3
Feb 19 02:50:53.752827 np0000156492 devstack@m-api.service[100452]: DEBUG manila.api.openstack.wsgi [None req-65bee63b-10db-40bf-8888-5077afb654ee c_rally_50efb86c_Zuj9p9mu c_rally_50efb86c_mt6C0z1P] No Content-Type provided in request {{(pid=100452) get_body /opt/stack/manila/manila/api/openstack/wsgi.py:648}}
Feb 19 02:50:53.753204 np0000156492 devstack@m-api.service[100452]: DEBUG manila.api.openstack.wsgi [None req-65bee63b-10db-40bf-8888-5077afb654ee c_rally_50efb86c_Zuj9p9mu c_rally_50efb86c_mt6C0z1P] Calling method 'ShareNetworkController.show' {{(pid=100452) _process_stack /opt/stack/manila/manila/api/openstack/wsgi.py:798}}
Feb 19 02:50:53.772801 np0000156492 devstack@m-api.service[100452]: INFO manila.api.openstack.wsgi [None req-65bee63b-10db-40bf-8888-5077afb654ee c_rally_50efb86c_Zuj9p9mu c_rally_50efb86c_mt6C0z1P] https://199.19.213.223/share/v1/3b0710f78e5b43e0b8deded69f9fc6ae/share-networks/6288f458-61cd-4e6f-9a5f-61ae8196f4f3 returned with HTTP 200
Feb 19 02:50:53.773397 np0000156492 devstack@m-api.service[100452]: [pid: 100452|app: 0|req: 307/626] 199.19.213.223 () {66 vars in 1511 bytes} [Thu Feb 19 02:50:53 2026] GET /share/v1/3b0710f78e5b43e0b8deded69f9fc6ae/share-networks/6288f458-61cd-4e6f-9a5f-61ae8196f4f3 => generated 390 bytes in 23 msecs (HTTP/1.1 200) 7 headers in 296 bytes (1 switches on core 0)
Feb 19 02:50:53.775486 np0000156492 devstack@m-api.service[100451]: INFO manila.api.openstack.wsgi [None req-b8c4be5c-32b8-4537-9e1b-c143c0b281ae c_rally_50efb86c_Zuj9p9mu c_rally_50efb86c_mt6C0z1P] https://199.19.213.223/share/v1/3b0710f78e5b43e0b8deded69f9fc6ae/share-networks/1fd13a08-dc27-41d3-86ae-679ad001cf93 returned with HTTP 200
Feb 19 02:50:53.775824 np0000156492 devstack@m-api.service[100452]: INFO manila.api.openstack.wsgi [None req-2d5018d2-9eb7-4dcd-8a3f-29376ed19491 c_rally_50efb86c_Zuj9p9mu c_rally_50efb86c_mt6C0z1P] GET https://199.19.213.223/share/v1/3b0710f78e5b43e0b8deded69f9fc6ae/share-networks/7d8eb0d6-33c7-4ba3-9979-1c220735059b
Feb 19 02:50:53.776060 np0000156492 devstack@m-api.service[100451]: [pid: 100451|app: 0|req: 320/627] 199.19.213.223 () {66 vars in 1511 bytes} [Thu Feb 19 02:50:53 2026] GET /share/v1/3b0710f78e5b43e0b8deded69f9fc6ae/share-networks/1fd13a08-dc27-41d3-86ae-679ad001cf93 => generated 390 bytes in 29 msecs (HTTP/1.1 200) 7 headers in 296 bytes (1 switches on core 0)
Feb 19 02:50:53.777361 np0000156492 devstack@m-api.service[100452]: DEBUG manila.api.openstack.wsgi [None req-2d5018d2-9eb7-4dcd-8a3f-29376ed19491 c_rally_50efb86c_Zuj9p9mu c_rally_50efb86c_mt6C0z1P] No Content-Type provided in request {{(pid=100452) get_body /opt/stack/manila/manila/api/openstack/wsgi.py:648}}
Feb 19 02:50:53.777361 np0000156492 devstack@m-api.service[100452]: DEBUG manila.api.openstack.wsgi [None req-2d5018d2-9eb7-4dcd-8a3f-29376ed19491 c_rally_50efb86c_Zuj9p9mu c_rally_50efb86c_mt6C0z1P] Calling method 'ShareNetworkController.show' {{(pid=100452) _process_stack /opt/stack/manila/manila/api/openstack/wsgi.py:798}}
Feb 19 02:50:53.779530 np0000156492 devstack@m-api.service[100451]: INFO manila.api.openstack.wsgi [None req-a58ec495-67ee-4d8f-b32c-87d15b179ebe c_rally_50efb86c_Zuj9p9mu c_rally_50efb86c_mt6C0z1P] POST https://199.19.213.223/share/v1/3b0710f78e5b43e0b8deded69f9fc6ae/share-networks/1579e72d-2aca-4367-86d2-56baac554236/action
Feb 19 02:50:53.779910 np0000156492 devstack@m-api.service[100451]: DEBUG manila.api.openstack.wsgi [None req-a58ec495-67ee-4d8f-b32c-87d15b179ebe c_rally_50efb86c_Zuj9p9mu c_rally_50efb86c_mt6C0z1P] Action body: b'{"add_security_service": {"security_service_id": "ceaa9631-25c8-4c1f-aaa2-10214e6ec861"}}' {{(pid=100451) get_method /opt/stack/manila/manila/api/openstack/wsgi.py:912}}
Feb 19 02:50:53.780056 np0000156492 devstack@m-api.service[100451]: DEBUG manila.api.openstack.wsgi [None req-a58ec495-67ee-4d8f-b32c-87d15b179ebe c_rally_50efb86c_Zuj9p9mu c_rally_50efb86c_mt6C0z1P] Action: 'action', calling method: ShareNetworkController.add_security_service, body: {"add_security_service": {"security_service_id": "ceaa9631-25c8-4c1f-aaa2-10214e6ec861"}} {{(pid=100451) _process_stack /opt/stack/manila/manila/api/openstack/wsgi.py:796}}
Feb 19 02:50:53.793950 np0000156492 devstack@m-api.service[100452]: INFO manila.api.openstack.wsgi [None req-2d5018d2-9eb7-4dcd-8a3f-29376ed19491 c_rally_50efb86c_Zuj9p9mu c_rally_50efb86c_mt6C0z1P] https://199.19.213.223/share/v1/3b0710f78e5b43e0b8deded69f9fc6ae/share-networks/7d8eb0d6-33c7-4ba3-9979-1c220735059b returned with HTTP 200
Feb 19 02:50:53.793950 np0000156492 devstack@m-api.service[100452]: [pid: 100452|app: 0|req: 308/628] 199.19.213.223 () {66 vars in 1511 bytes} [Thu Feb 19 02:50:53 2026] GET /share/v1/3b0710f78e5b43e0b8deded69f9fc6ae/share-networks/7d8eb0d6-33c7-4ba3-9979-1c220735059b => generated 390 bytes in 20 msecs (HTTP/1.1 200) 7 headers in 296 bytes (1 switches on core 0)
Feb 19 02:50:53.798662 np0000156492 devstack@m-api.service[100452]: INFO manila.api.openstack.wsgi [None req-7c897be7-d81a-4b3f-956e-f561231af0d0 c_rally_50efb86c_Zuj9p9mu c_rally_50efb86c_mt6C0z1P] GET https://199.19.213.223/share/v1/3b0710f78e5b43e0b8deded69f9fc6ae/security-services/02e90312-3684-41f3-92c3-963e8d771213
Feb 19 02:50:53.798986 np0000156492 devstack@m-api.service[100452]: DEBUG manila.api.openstack.wsgi [None req-7c897be7-d81a-4b3f-956e-f561231af0d0 c_rally_50efb86c_Zuj9p9mu c_rally_50efb86c_mt6C0z1P] No Content-Type provided in request {{(pid=100452) get_body /opt/stack/manila/manila/api/openstack/wsgi.py:648}}
Feb 19 02:50:53.799307 np0000156492 devstack@m-api.service[100452]: DEBUG manila.api.openstack.wsgi [None req-7c897be7-d81a-4b3f-956e-f561231af0d0 c_rally_50efb86c_Zuj9p9mu c_rally_50efb86c_mt6C0z1P] Calling method 'SecurityServiceController.show' {{(pid=100452) _process_stack /opt/stack/manila/manila/api/openstack/wsgi.py:798}}
Feb 19 02:50:53.804965 np0000156492 devstack@m-api.service[100452]: INFO manila.api.openstack.wsgi [None req-7c897be7-d81a-4b3f-956e-f561231af0d0 c_rally_50efb86c_Zuj9p9mu c_rally_50efb86c_mt6C0z1P] https://199.19.213.223/share/v1/3b0710f78e5b43e0b8deded69f9fc6ae/security-services/02e90312-3684-41f3-92c3-963e8d771213 returned with HTTP 200
Feb 19 02:50:53.805686 np0000156492 devstack@m-api.service[100452]: [pid: 100452|app: 0|req: 309/629] 199.19.213.223 () {66 vars in 1520 bytes} [Thu Feb 19 02:50:53 2026] GET /share/v1/3b0710f78e5b43e0b8deded69f9fc6ae/security-services/02e90312-3684-41f3-92c3-963e8d771213 => generated 357 bytes in 11 msecs (HTTP/1.1 200) 7 headers in 296 bytes (1 switches on core 0)
Feb 19 02:50:53.811801 np0000156492 devstack@m-api.service[100452]: INFO manila.api.openstack.wsgi [None req-3c174af0-5168-4140-a4da-4fd61c721251 c_rally_50efb86c_Zuj9p9mu c_rally_50efb86c_mt6C0z1P] POST https://199.19.213.223/share/v1/3b0710f78e5b43e0b8deded69f9fc6ae/share-networks/ba08953c-003c-4fe3-af05-9c85a5c54f42/action
Feb 19 02:50:53.811801 np0000156492 devstack@m-api.service[100452]: DEBUG manila.api.openstack.wsgi [None req-3c174af0-5168-4140-a4da-4fd61c721251 c_rally_50efb86c_Zuj9p9mu c_rally_50efb86c_mt6C0z1P] Action body: b'{"add_security_service": {"security_service_id": "2459bf90-c1b5-4f0b-b463-d812d06510a9"}}' {{(pid=100452) get_method /opt/stack/manila/manila/api/openstack/wsgi.py:912}}
Feb 19 02:50:53.811801 np0000156492 devstack@m-api.service[100452]: DEBUG manila.api.openstack.wsgi [None req-3c174af0-5168-4140-a4da-4fd61c721251 c_rally_50efb86c_Zuj9p9mu c_rally_50efb86c_mt6C0z1P] Action: 'action', calling method: ShareNetworkController.add_security_service, body: {"add_security_service": {"security_service_id": "2459bf90-c1b5-4f0b-b463-d812d06510a9"}} {{(pid=100452) _process_stack /opt/stack/manila/manila/api/openstack/wsgi.py:796}}
Feb 19 02:50:53.839176 np0000156492 devstack@m-api.service[100451]: INFO manila.api.openstack.wsgi [None req-a58ec495-67ee-4d8f-b32c-87d15b179ebe c_rally_50efb86c_Zuj9p9mu c_rally_50efb86c_mt6C0z1P] https://199.19.213.223/share/v1/3b0710f78e5b43e0b8deded69f9fc6ae/share-networks/1579e72d-2aca-4367-86d2-56baac554236/action returned with HTTP 200
Feb 19 02:50:53.839989 np0000156492 devstack@m-api.service[100451]: [pid: 100451|app: 0|req: 321/630] 199.19.213.223 () {70 vars in 1585 bytes} [Thu Feb 19 02:50:53 2026] POST /share/v1/3b0710f78e5b43e0b8deded69f9fc6ae/share-networks/1579e72d-2aca-4367-86d2-56baac554236/action => generated 390 bytes in 63 msecs (HTTP/1.1 200) 7 headers in 296 bytes (1 switches on core 0)
Feb 19 02:50:53.843173 np0000156492 devstack@m-api.service[100451]: INFO manila.api.openstack.wsgi [None req-42387361-3920-49a0-a1e1-ab50ea6df187 c_rally_50efb86c_Zuj9p9mu c_rally_50efb86c_mt6C0z1P] GET https://199.19.213.223/share/v1/3b0710f78e5b43e0b8deded69f9fc6ae/share-networks/0d5ff11d-2b6c-4941-94ac-52033b9bc35e
Feb 19 02:50:53.843365 np0000156492 devstack@m-api.service[100451]: DEBUG manila.api.openstack.wsgi [None req-42387361-3920-49a0-a1e1-ab50ea6df187 c_rally_50efb86c_Zuj9p9mu c_rally_50efb86c_mt6C0z1P] No Content-Type provided in request {{(pid=100451) get_body /opt/stack/manila/manila/api/openstack/wsgi.py:648}}
Feb 19 02:50:53.844672 np0000156492 devstack@m-api.service[100451]: DEBUG manila.api.openstack.wsgi [None req-42387361-3920-49a0-a1e1-ab50ea6df187 c_rally_50efb86c_Zuj9p9mu c_rally_50efb86c_mt6C0z1P] Calling method 'ShareNetworkController.show' {{(pid=100451) _process_stack /opt/stack/manila/manila/api/openstack/wsgi.py:798}}
Feb 19 02:50:53.895598 np0000156492 devstack@m-api.service[100451]: INFO manila.api.openstack.wsgi [None req-42387361-3920-49a0-a1e1-ab50ea6df187 c_rally_50efb86c_Zuj9p9mu c_rally_50efb86c_mt6C0z1P] https://199.19.213.223/share/v1/3b0710f78e5b43e0b8deded69f9fc6ae/share-networks/0d5ff11d-2b6c-4941-94ac-52033b9bc35e returned with HTTP 200
Feb 19 02:50:53.896351 np0000156492 devstack@m-api.service[100451]: [pid: 100451|app: 0|req: 322/631] 199.19.213.223 () {66 vars in 1511 bytes} [Thu Feb 19 02:50:53 2026] GET /share/v1/3b0710f78e5b43e0b8deded69f9fc6ae/share-networks/0d5ff11d-2b6c-4941-94ac-52033b9bc35e => generated 390 bytes in 56 msecs (HTTP/1.1 200) 7 headers in 296 bytes (1 switches on core 0)
Feb 19 02:50:53.900201 np0000156492 devstack@m-api.service[100451]: INFO manila.api.openstack.wsgi [None req-441c28a1-6236-463b-8008-f4984e5987eb c_rally_50efb86c_Zuj9p9mu c_rally_50efb86c_mt6C0z1P] POST https://199.19.213.223/share/v1/3b0710f78e5b43e0b8deded69f9fc6ae/share-networks/e3074bbc-3ebc-4da3-b4c1-f061b12a1d1d/action
Feb 19 02:50:53.900758 np0000156492 devstack@m-api.service[100451]: DEBUG manila.api.openstack.wsgi [None req-441c28a1-6236-463b-8008-f4984e5987eb c_rally_50efb86c_Zuj9p9mu c_rally_50efb86c_mt6C0z1P] Action body: b'{"add_security_service": {"security_service_id": "f5037a01-34fd-4f64-88a5-55b8fe2baf29"}}' {{(pid=100451) get_method /opt/stack/manila/manila/api/openstack/wsgi.py:912}}
Feb 19 02:50:53.901035 np0000156492 devstack@m-api.service[100451]: DEBUG manila.api.openstack.wsgi [None req-441c28a1-6236-463b-8008-f4984e5987eb c_rally_50efb86c_Zuj9p9mu c_rally_50efb86c_mt6C0z1P] Action: 'action', calling method: ShareNetworkController.add_security_service, body: {"add_security_service": {"security_service_id": "f5037a01-34fd-4f64-88a5-55b8fe2baf29"}} {{(pid=100451) _process_stack /opt/stack/manila/manila/api/openstack/wsgi.py:796}}
Feb 19 02:50:53.972584 np0000156492 devstack@m-api.service[100452]: INFO manila.api.openstack.wsgi [None req-3c174af0-5168-4140-a4da-4fd61c721251 c_rally_50efb86c_Zuj9p9mu c_rally_50efb86c_mt6C0z1P] https://199.19.213.223/share/v1/3b0710f78e5b43e0b8deded69f9fc6ae/share-networks/ba08953c-003c-4fe3-af05-9c85a5c54f42/action returned with HTTP 200
Feb 19 02:50:53.983160 np0000156492 devstack@m-api.service[100452]: [pid: 100452|app: 0|req: 310/632] 199.19.213.223 () {70 vars in 1585 bytes} [Thu Feb 19 02:50:53 2026] POST /share/v1/3b0710f78e5b43e0b8deded69f9fc6ae/share-networks/ba08953c-003c-4fe3-af05-9c85a5c54f42/action => generated 390 bytes in 167 msecs (HTTP/1.1 200) 7 headers in 296 bytes (1 switches on core 0)
Feb 19 02:50:53.983160 np0000156492 devstack@m-api.service[100452]: INFO manila.api.openstack.wsgi [None req-bccefad7-0c29-4756-be85-7edfdb50eae6 c_rally_50efb86c_Zuj9p9mu c_rally_50efb86c_mt6C0z1P] POST https://199.19.213.223/share/v1/3b0710f78e5b43e0b8deded69f9fc6ae/share-networks/ccd6d28f-ca3d-4f3b-875d-9eecf9c7dbd7/action
Feb 19 02:50:53.983160 np0000156492 devstack@m-api.service[100452]: DEBUG manila.api.openstack.wsgi [None req-bccefad7-0c29-4756-be85-7edfdb50eae6 c_rally_50efb86c_Zuj9p9mu c_rally_50efb86c_mt6C0z1P] Action body: b'{"add_security_service": {"security_service_id": "62dda482-eb64-4c31-9259-40aaf8fdd5fe"}}' {{(pid=100452) get_method /opt/stack/manila/manila/api/openstack/wsgi.py:912}}
Feb 19 02:50:53.983160 np0000156492 devstack@m-api.service[100452]: DEBUG manila.api.openstack.wsgi [None req-bccefad7-0c29-4756-be85-7edfdb50eae6 c_rally_50efb86c_Zuj9p9mu c_rally_50efb86c_mt6C0z1P] Action: 'action', calling method: ShareNetworkController.add_security_service, body: {"add_security_service": {"security_service_id": "62dda482-eb64-4c31-9259-40aaf8fdd5fe"}} {{(pid=100452) _process_stack /opt/stack/manila/manila/api/openstack/wsgi.py:796}}
Feb 19 02:50:54.123467 np0000156492 devstack@m-api.service[100451]: INFO manila.api.openstack.wsgi [None req-441c28a1-6236-463b-8008-f4984e5987eb c_rally_50efb86c_Zuj9p9mu c_rally_50efb86c_mt6C0z1P] https://199.19.213.223/share/v1/3b0710f78e5b43e0b8deded69f9fc6ae/share-networks/e3074bbc-3ebc-4da3-b4c1-f061b12a1d1d/action returned with HTTP 200
Feb 19 02:50:54.124281 np0000156492 devstack@m-api.service[100451]: [pid: 100451|app: 0|req: 323/633] 199.19.213.223 () {70 vars in 1585 bytes} [Thu Feb 19 02:50:53 2026] POST /share/v1/3b0710f78e5b43e0b8deded69f9fc6ae/share-networks/e3074bbc-3ebc-4da3-b4c1-f061b12a1d1d/action => generated 390 bytes in 227 msecs (HTTP/1.1 200) 7 headers in 296 bytes (1 switches on core 0)
Feb 19 02:50:54.133552 np0000156492 devstack@m-api.service[100451]: INFO manila.api.openstack.wsgi [None req-dcdc0ff4-0958-4717-a0f9-6f376c2b49f7 c_rally_50efb86c_Zuj9p9mu c_rally_50efb86c_mt6C0z1P] POST https://199.19.213.223/share/v1/3b0710f78e5b43e0b8deded69f9fc6ae/share-networks/41465258-8845-44b0-ab9c-a5033f2a4d74/action
Feb 19 02:50:54.133998 np0000156492 devstack@m-api.service[100451]: DEBUG manila.api.openstack.wsgi [None req-dcdc0ff4-0958-4717-a0f9-6f376c2b49f7 c_rally_50efb86c_Zuj9p9mu c_rally_50efb86c_mt6C0z1P] Action body: b'{"add_security_service": {"security_service_id": "5ebe92ff-0d52-4f82-86d2-91dbd2fcfbb9"}}' {{(pid=100451) get_method /opt/stack/manila/manila/api/openstack/wsgi.py:912}}
Feb 19 02:50:54.134155 np0000156492 devstack@m-api.service[100451]: DEBUG manila.api.openstack.wsgi [None req-dcdc0ff4-0958-4717-a0f9-6f376c2b49f7 c_rally_50efb86c_Zuj9p9mu c_rally_50efb86c_mt6C0z1P] Action: 'action', calling method: ShareNetworkController.add_security_service, body: {"add_security_service": {"security_service_id": "5ebe92ff-0d52-4f82-86d2-91dbd2fcfbb9"}} {{(pid=100451) _process_stack /opt/stack/manila/manila/api/openstack/wsgi.py:796}}
Feb 19 02:50:54.224326 np0000156492 devstack@m-api.service[100452]: INFO manila.api.openstack.wsgi [None req-bccefad7-0c29-4756-be85-7edfdb50eae6 c_rally_50efb86c_Zuj9p9mu c_rally_50efb86c_mt6C0z1P] https://199.19.213.223/share/v1/3b0710f78e5b43e0b8deded69f9fc6ae/share-networks/ccd6d28f-ca3d-4f3b-875d-9eecf9c7dbd7/action returned with HTTP 200
Feb 19 02:50:54.225075 np0000156492 devstack@m-api.service[100452]: [pid: 100452|app: 0|req: 311/634] 199.19.213.223 () {70 vars in 1585 bytes} [Thu Feb 19 02:50:53 2026] POST /share/v1/3b0710f78e5b43e0b8deded69f9fc6ae/share-networks/ccd6d28f-ca3d-4f3b-875d-9eecf9c7dbd7/action => generated 390 bytes in 251 msecs (HTTP/1.1 200) 7 headers in 296 bytes (1 switches on core 0)
Feb 19 02:50:54.227894 np0000156492 devstack@m-api.service[100452]: INFO manila.api.openstack.wsgi [None req-54572c81-c2b5-4b56-bd6c-5c8da440ef8b c_rally_50efb86c_Zuj9p9mu c_rally_50efb86c_mt6C0z1P] POST https://199.19.213.223/share/v1/3b0710f78e5b43e0b8deded69f9fc6ae/share-networks/1fd13a08-dc27-41d3-86ae-679ad001cf93/action
Feb 19 02:50:54.228227 np0000156492 devstack@m-api.service[100452]: DEBUG manila.api.openstack.wsgi [None req-54572c81-c2b5-4b56-bd6c-5c8da440ef8b c_rally_50efb86c_Zuj9p9mu c_rally_50efb86c_mt6C0z1P] Action body: b'{"add_security_service": {"security_service_id": "347e4366-81da-4a7c-8751-dc292ac643e5"}}' {{(pid=100452) get_method /opt/stack/manila/manila/api/openstack/wsgi.py:912}}
Feb 19 02:50:54.228380 np0000156492 devstack@m-api.service[100452]: DEBUG manila.api.openstack.wsgi [None req-54572c81-c2b5-4b56-bd6c-5c8da440ef8b c_rally_50efb86c_Zuj9p9mu c_rally_50efb86c_mt6C0z1P] Action: 'action', calling method: ShareNetworkController.add_security_service, body: {"add_security_service": {"security_service_id": "347e4366-81da-4a7c-8751-dc292ac643e5"}} {{(pid=100452) _process_stack /opt/stack/manila/manila/api/openstack/wsgi.py:796}}
Feb 19 02:50:54.250841 np0000156492 devstack@m-api.service[100451]: INFO manila.api.openstack.wsgi [None req-dcdc0ff4-0958-4717-a0f9-6f376c2b49f7 c_rally_50efb86c_Zuj9p9mu c_rally_50efb86c_mt6C0z1P] https://199.19.213.223/share/v1/3b0710f78e5b43e0b8deded69f9fc6ae/share-networks/41465258-8845-44b0-ab9c-a5033f2a4d74/action returned with HTTP 200
Feb 19 02:50:54.251650 np0000156492 devstack@m-api.service[100451]: [pid: 100451|app: 0|req: 324/635] 199.19.213.223 () {70 vars in 1585 bytes} [Thu Feb 19 02:50:54 2026] POST /share/v1/3b0710f78e5b43e0b8deded69f9fc6ae/share-networks/41465258-8845-44b0-ab9c-a5033f2a4d74/action => generated 390 bytes in 127 msecs (HTTP/1.1 200) 7 headers in 296 bytes (1 switches on core 0)
Feb 19 02:50:54.255677 np0000156492 devstack@m-api.service[100451]: INFO manila.api.openstack.wsgi [None req-64141a3d-b9b3-4123-b307-beedf5a38f36 c_rally_50efb86c_Zuj9p9mu c_rally_50efb86c_mt6C0z1P] POST https://199.19.213.223/share/v1/3b0710f78e5b43e0b8deded69f9fc6ae/share-networks/6288f458-61cd-4e6f-9a5f-61ae8196f4f3/action
Feb 19 02:50:54.256253 np0000156492 devstack@m-api.service[100451]: DEBUG manila.api.openstack.wsgi [None req-64141a3d-b9b3-4123-b307-beedf5a38f36 c_rally_50efb86c_Zuj9p9mu c_rally_50efb86c_mt6C0z1P] Action body: b'{"add_security_service": {"security_service_id": "d1b53c33-8b92-4100-a5ab-9fa4dccb561d"}}' {{(pid=100451) get_method /opt/stack/manila/manila/api/openstack/wsgi.py:912}}
Feb 19 02:50:54.256506 np0000156492 devstack@m-api.service[100451]: DEBUG manila.api.openstack.wsgi [None req-64141a3d-b9b3-4123-b307-beedf5a38f36 c_rally_50efb86c_Zuj9p9mu c_rally_50efb86c_mt6C0z1P] Action: 'action', calling method: ShareNetworkController.add_security_service, body: {"add_security_service": {"security_service_id": "d1b53c33-8b92-4100-a5ab-9fa4dccb561d"}} {{(pid=100451) _process_stack /opt/stack/manila/manila/api/openstack/wsgi.py:796}}
Feb 19 02:50:54.337541 np0000156492 devstack@m-api.service[100452]: INFO manila.api.openstack.wsgi [None req-54572c81-c2b5-4b56-bd6c-5c8da440ef8b c_rally_50efb86c_Zuj9p9mu c_rally_50efb86c_mt6C0z1P] https://199.19.213.223/share/v1/3b0710f78e5b43e0b8deded69f9fc6ae/share-networks/1fd13a08-dc27-41d3-86ae-679ad001cf93/action returned with HTTP 200
Feb 19 02:50:54.338449 np0000156492 devstack@m-api.service[100452]: [pid: 100452|app: 0|req: 312/636] 199.19.213.223 () {70 vars in 1585 bytes} [Thu Feb 19 02:50:54 2026] POST /share/v1/3b0710f78e5b43e0b8deded69f9fc6ae/share-networks/1fd13a08-dc27-41d3-86ae-679ad001cf93/action => generated 390 bytes in 113 msecs (HTTP/1.1 200) 7 headers in 296 bytes (1 switches on core 0)
Feb 19 02:50:54.342916 np0000156492 devstack@m-api.service[100452]: INFO manila.api.openstack.wsgi [None req-b957a8a4-1dc6-44a4-b24f-3fe63b1fd38a c_rally_50efb86c_Zuj9p9mu c_rally_50efb86c_mt6C0z1P] POST https://199.19.213.223/share/v1/3b0710f78e5b43e0b8deded69f9fc6ae/share-networks/7d8eb0d6-33c7-4ba3-9979-1c220735059b/action
Feb 19 02:50:54.343785 np0000156492 devstack@m-api.service[100452]: DEBUG manila.api.openstack.wsgi [None req-b957a8a4-1dc6-44a4-b24f-3fe63b1fd38a c_rally_50efb86c_Zuj9p9mu c_rally_50efb86c_mt6C0z1P] Action body: b'{"add_security_service": {"security_service_id": "037471f3-74de-4f0f-8376-886e3415cec0"}}' {{(pid=100452) get_method /opt/stack/manila/manila/api/openstack/wsgi.py:912}}
Feb 19 02:50:54.344046 np0000156492 devstack@m-api.service[100452]: DEBUG manila.api.openstack.wsgi [None req-b957a8a4-1dc6-44a4-b24f-3fe63b1fd38a c_rally_50efb86c_Zuj9p9mu c_rally_50efb86c_mt6C0z1P] Action: 'action', calling method: ShareNetworkController.add_security_service, body: {"add_security_service": {"security_service_id": "037471f3-74de-4f0f-8376-886e3415cec0"}} {{(pid=100452) _process_stack /opt/stack/manila/manila/api/openstack/wsgi.py:796}}
Feb 19 02:50:54.371170 np0000156492 devstack@m-api.service[100451]: INFO manila.api.openstack.wsgi [None req-64141a3d-b9b3-4123-b307-beedf5a38f36 c_rally_50efb86c_Zuj9p9mu c_rally_50efb86c_mt6C0z1P] https://199.19.213.223/share/v1/3b0710f78e5b43e0b8deded69f9fc6ae/share-networks/6288f458-61cd-4e6f-9a5f-61ae8196f4f3/action returned with HTTP 200
Feb 19 02:50:54.375202 np0000156492 devstack@m-api.service[100451]: [pid: 100451|app: 0|req: 325/637] 199.19.213.223 () {70 vars in 1585 bytes} [Thu Feb 19 02:50:54 2026] POST /share/v1/3b0710f78e5b43e0b8deded69f9fc6ae/share-networks/6288f458-61cd-4e6f-9a5f-61ae8196f4f3/action => generated 390 bytes in 120 msecs (HTTP/1.1 200) 7 headers in 296 bytes (1 switches on core 0)
Feb 19 02:50:54.375299 np0000156492 devstack@m-api.service[100451]: INFO manila.api.openstack.wsgi [None req-6c7c1be3-b8d0-43ce-b275-268045952d31 c_rally_50efb86c_Zuj9p9mu c_rally_50efb86c_mt6C0z1P] GET https://199.19.213.223/share/v1/3b0710f78e5b43e0b8deded69f9fc6ae/share-networks/32c15040-4738-4cce-b0e9-6b74e71a7c21
Feb 19 02:50:54.375484 np0000156492 devstack@m-api.service[100451]: DEBUG manila.api.openstack.wsgi [None req-6c7c1be3-b8d0-43ce-b275-268045952d31 c_rally_50efb86c_Zuj9p9mu c_rally_50efb86c_mt6C0z1P] No Content-Type provided in request {{(pid=100451) get_body /opt/stack/manila/manila/api/openstack/wsgi.py:648}}
Feb 19 02:50:54.375812 np0000156492 devstack@m-api.service[100451]: DEBUG manila.api.openstack.wsgi [None req-6c7c1be3-b8d0-43ce-b275-268045952d31 c_rally_50efb86c_Zuj9p9mu c_rally_50efb86c_mt6C0z1P] Calling method 'ShareNetworkController.show' {{(pid=100451) _process_stack /opt/stack/manila/manila/api/openstack/wsgi.py:798}}
Feb 19 02:50:54.399009 np0000156492 devstack@m-api.service[100451]: INFO manila.api.openstack.wsgi [None req-6c7c1be3-b8d0-43ce-b275-268045952d31 c_rally_50efb86c_Zuj9p9mu c_rally_50efb86c_mt6C0z1P] https://199.19.213.223/share/v1/3b0710f78e5b43e0b8deded69f9fc6ae/share-networks/32c15040-4738-4cce-b0e9-6b74e71a7c21 returned with HTTP 200
Feb 19 02:50:54.399468 np0000156492 devstack@m-api.service[100451]: [pid: 100451|app: 0|req: 326/638] 199.19.213.223 () {66 vars in 1511 bytes} [Thu Feb 19 02:50:54 2026] GET /share/v1/3b0710f78e5b43e0b8deded69f9fc6ae/share-networks/32c15040-4738-4cce-b0e9-6b74e71a7c21 => generated 390 bytes in 27 msecs (HTTP/1.1 200) 7 headers in 296 bytes (1 switches on core 0)
Feb 19 02:50:54.402378 np0000156492 devstack@m-api.service[100451]: INFO manila.api.openstack.wsgi [None req-dde87327-7d8d-45de-bc6a-4204fa7d5a5d c_rally_50efb86c_Zuj9p9mu c_rally_50efb86c_mt6C0z1P] POST https://199.19.213.223/share/v1/3b0710f78e5b43e0b8deded69f9fc6ae/share-networks/0d5ff11d-2b6c-4941-94ac-52033b9bc35e/action
Feb 19 02:50:54.402831 np0000156492 devstack@m-api.service[100451]: DEBUG manila.api.openstack.wsgi [None req-dde87327-7d8d-45de-bc6a-4204fa7d5a5d c_rally_50efb86c_Zuj9p9mu c_rally_50efb86c_mt6C0z1P] Action body: b'{"add_security_service": {"security_service_id": "32d1dfac-b54a-4ad9-9b3d-b3831735086f"}}' {{(pid=100451) get_method /opt/stack/manila/manila/api/openstack/wsgi.py:912}}
Feb 19 02:50:54.403004 np0000156492 devstack@m-api.service[100451]: DEBUG manila.api.openstack.wsgi [None req-dde87327-7d8d-45de-bc6a-4204fa7d5a5d c_rally_50efb86c_Zuj9p9mu c_rally_50efb86c_mt6C0z1P] Action: 'action', calling method: ShareNetworkController.add_security_service, body: {"add_security_service": {"security_service_id": "32d1dfac-b54a-4ad9-9b3d-b3831735086f"}} {{(pid=100451) _process_stack /opt/stack/manila/manila/api/openstack/wsgi.py:796}}
Feb 19 02:50:54.534558 np0000156492 devstack@m-api.service[100452]: INFO manila.api.openstack.wsgi [None req-b957a8a4-1dc6-44a4-b24f-3fe63b1fd38a c_rally_50efb86c_Zuj9p9mu c_rally_50efb86c_mt6C0z1P] https://199.19.213.223/share/v1/3b0710f78e5b43e0b8deded69f9fc6ae/share-networks/7d8eb0d6-33c7-4ba3-9979-1c220735059b/action returned with HTTP 200
Feb 19 02:50:54.534920 np0000156492 devstack@m-api.service[100452]: [pid: 100452|app: 0|req: 313/639] 199.19.213.223 () {70 vars in 1585 bytes} [Thu Feb 19 02:50:54 2026] POST /share/v1/3b0710f78e5b43e0b8deded69f9fc6ae/share-networks/7d8eb0d6-33c7-4ba3-9979-1c220735059b/action => generated 390 bytes in 196 msecs (HTTP/1.1 200) 7 headers in 296 bytes (1 switches on core 0)
Feb 19 02:50:54.540429 np0000156492 devstack@m-api.service[100452]: INFO manila.api.openstack.wsgi [None req-a4b6b960-2cc4-489b-887a-13e00c586914 c_rally_50efb86c_Zuj9p9mu c_rally_50efb86c_mt6C0z1P] POST https://199.19.213.223/share/v1/3b0710f78e5b43e0b8deded69f9fc6ae/share-networks/32c15040-4738-4cce-b0e9-6b74e71a7c21/action
Feb 19 02:50:54.540429 np0000156492 devstack@m-api.service[100452]: DEBUG manila.api.openstack.wsgi [None req-a4b6b960-2cc4-489b-887a-13e00c586914 c_rally_50efb86c_Zuj9p9mu c_rally_50efb86c_mt6C0z1P] Action body: b'{"add_security_service": {"security_service_id": "02e90312-3684-41f3-92c3-963e8d771213"}}' {{(pid=100452) get_method /opt/stack/manila/manila/api/openstack/wsgi.py:912}}
Feb 19 02:50:54.540744 np0000156492 devstack@m-api.service[100452]: DEBUG manila.api.openstack.wsgi [None req-a4b6b960-2cc4-489b-887a-13e00c586914 c_rally_50efb86c_Zuj9p9mu c_rally_50efb86c_mt6C0z1P] Action: 'action', calling method: ShareNetworkController.add_security_service, body: {"add_security_service": {"security_service_id": "02e90312-3684-41f3-92c3-963e8d771213"}} {{(pid=100452) _process_stack /opt/stack/manila/manila/api/openstack/wsgi.py:796}}
Feb 19 02:50:54.556635 np0000156492 devstack@m-api.service[100451]: INFO manila.api.openstack.wsgi [None req-dde87327-7d8d-45de-bc6a-4204fa7d5a5d c_rally_50efb86c_Zuj9p9mu c_rally_50efb86c_mt6C0z1P] https://199.19.213.223/share/v1/3b0710f78e5b43e0b8deded69f9fc6ae/share-networks/0d5ff11d-2b6c-4941-94ac-52033b9bc35e/action returned with HTTP 200
Feb 19 02:50:54.557053 np0000156492 devstack@m-api.service[100451]: [pid: 100451|app: 0|req: 327/640] 199.19.213.223 () {70 vars in 1585 bytes} [Thu Feb 19 02:50:54 2026] POST /share/v1/3b0710f78e5b43e0b8deded69f9fc6ae/share-networks/0d5ff11d-2b6c-4941-94ac-52033b9bc35e/action => generated 390 bytes in 157 msecs (HTTP/1.1 200) 7 headers in 296 bytes (1 switches on core 0)
Feb 19 02:50:54.906488 np0000156492 devstack@m-api.service[100452]: INFO manila.api.openstack.wsgi [None req-a4b6b960-2cc4-489b-887a-13e00c586914 c_rally_50efb86c_Zuj9p9mu c_rally_50efb86c_mt6C0z1P] https://199.19.213.223/share/v1/3b0710f78e5b43e0b8deded69f9fc6ae/share-networks/32c15040-4738-4cce-b0e9-6b74e71a7c21/action returned with HTTP 200
Feb 19 02:50:54.906976 np0000156492 devstack@m-api.service[100452]: [pid: 100452|app: 0|req: 314/641] 199.19.213.223 () {70 vars in 1585 bytes} [Thu Feb 19 02:50:54 2026] POST /share/v1/3b0710f78e5b43e0b8deded69f9fc6ae/share-networks/32c15040-4738-4cce-b0e9-6b74e71a7c21/action => generated 390 bytes in 372 msecs (HTTP/1.1 200) 7 headers in 296 bytes (1 switches on core 0)
Feb 19 02:50:55.192383 np0000156492 devstack@m-api.service[100451]: INFO manila.api.openstack.wsgi [None req-6c49185a-c3f3-4f25-9adc-45443092ac64 c_rally_50efb86c_Zuj9p9mu c_rally_50efb86c_mt6C0z1P] GET https://199.19.213.223/share/v1/3b0710f78e5b43e0b8deded69f9fc6ae/shares/detail?is_public=True
Feb 19 02:50:55.193130 np0000156492 devstack@m-api.service[100451]: DEBUG manila.api.openstack.wsgi [None req-6c49185a-c3f3-4f25-9adc-45443092ac64 c_rally_50efb86c_Zuj9p9mu c_rally_50efb86c_mt6C0z1P] No Content-Type provided in request {{(pid=100451) get_body /opt/stack/manila/manila/api/openstack/wsgi.py:648}}
Feb 19 02:50:55.193130 np0000156492 devstack@m-api.service[100451]: DEBUG manila.api.openstack.wsgi [None req-6c49185a-c3f3-4f25-9adc-45443092ac64 c_rally_50efb86c_Zuj9p9mu c_rally_50efb86c_mt6C0z1P] Calling method 'ShareMixin.detail' {{(pid=100451) _process_stack /opt/stack/manila/manila/api/openstack/wsgi.py:798}}
Feb 19 02:50:55.194581 np0000156492 devstack@m-api.service[100451]: DEBUG manila.api.common [None req-6c49185a-c3f3-4f25-9adc-45443092ac64 c_rally_50efb86c_Zuj9p9mu c_rally_50efb86c_mt6C0z1P] Removing options '' from query {{(pid=100451) remove_invalid_options /opt/stack/manila/manila/api/common.py:440}}
Feb 19 02:50:55.194833 np0000156492 devstack@m-api.service[100451]: DEBUG manila.share.api [None req-6c49185a-c3f3-4f25-9adc-45443092ac64 c_rally_50efb86c_Zuj9p9mu c_rally_50efb86c_mt6C0z1P] Searching for shares by: {'is_public': 'True'} {{(pid=100451) _get_all /opt/stack/manila/manila/share/api.py:2372}}
Feb 19 02:50:55.201098 np0000156492 devstack@m-api.service[100451]: INFO manila.api.openstack.wsgi [None req-6c49185a-c3f3-4f25-9adc-45443092ac64 c_rally_50efb86c_Zuj9p9mu c_rally_50efb86c_mt6C0z1P] https://199.19.213.223/share/v1/3b0710f78e5b43e0b8deded69f9fc6ae/shares/detail?is_public=True returned with HTTP 200
Feb 19 02:50:55.201457 np0000156492 devstack@m-api.service[100451]: [pid: 100451|app: 0|req: 328/642] 199.19.213.223 () {66 vars in 1426 bytes} [Thu Feb 19 02:50:55 2026] GET /share/v1/3b0710f78e5b43e0b8deded69f9fc6ae/shares/detail?is_public=True => generated 14 bytes in 68 msecs (HTTP/1.1 200) 7 headers in 295 bytes (1 switches on core 0)
Feb 19 02:50:55.441198 np0000156492 devstack@m-api.service[100452]: INFO manila.api.openstack.wsgi [None req-788561a4-a909-4c35-be1d-723f1f114692 c_rally_50efb86c_Zuj9p9mu c_rally_50efb86c_mt6C0z1P] GET https://199.19.213.223/share/v1/3b0710f78e5b43e0b8deded69f9fc6ae/share-networks/detail
Feb 19 02:50:55.441782 np0000156492 devstack@m-api.service[100452]: DEBUG manila.api.openstack.wsgi [None req-788561a4-a909-4c35-be1d-723f1f114692 c_rally_50efb86c_Zuj9p9mu c_rally_50efb86c_mt6C0z1P] No Content-Type provided in request {{(pid=100452) get_body /opt/stack/manila/manila/api/openstack/wsgi.py:648}}
Feb 19 02:50:55.441782 np0000156492 devstack@m-api.service[100452]: DEBUG manila.api.openstack.wsgi [None req-788561a4-a909-4c35-be1d-723f1f114692 c_rally_50efb86c_Zuj9p9mu c_rally_50efb86c_mt6C0z1P] Calling method 'ShareNetworkController.detail' {{(pid=100452) _process_stack /opt/stack/manila/manila/api/openstack/wsgi.py:798}}
Feb 19 02:50:55.573058 np0000156492 devstack@m-api.service[100452]: INFO manila.api.openstack.wsgi [None req-788561a4-a909-4c35-be1d-723f1f114692 c_rally_50efb86c_Zuj9p9mu c_rally_50efb86c_mt6C0z1P] https://199.19.213.223/share/v1/3b0710f78e5b43e0b8deded69f9fc6ae/share-networks/detail returned with HTTP 200
Feb 19 02:50:55.573058 np0000156492 devstack@m-api.service[100452]: [pid: 100452|app: 0|req: 315/643] 199.19.213.223 () {66 vars in 1421 bytes} [Thu Feb 19 02:50:55 2026] GET /share/v1/3b0710f78e5b43e0b8deded69f9fc6ae/share-networks/detail => generated 3750 bytes in 150 msecs (HTTP/1.1 200) 7 headers in 297 bytes (1 switches on core 0)
Feb 19 02:50:56.777752 np0000156492 devstack@m-api.service[100451]: INFO manila.api.openstack.wsgi [None req-f5d1d12a-3853-4663-b96f-e718d4f62c17 c_rally_50efb86c_Zuj9p9mu c_rally_50efb86c_mt6C0z1P] DELETE https://199.19.213.223/share/v1/3b0710f78e5b43e0b8deded69f9fc6ae/share-networks/32c15040-4738-4cce-b0e9-6b74e71a7c21
Feb 19 02:50:56.777752 np0000156492 devstack@m-api.service[100451]: DEBUG manila.api.openstack.wsgi [None req-f5d1d12a-3853-4663-b96f-e718d4f62c17 c_rally_50efb86c_Zuj9p9mu c_rally_50efb86c_mt6C0z1P] No Content-Type provided in request {{(pid=100451) get_body /opt/stack/manila/manila/api/openstack/wsgi.py:648}}
Feb 19 02:50:56.777752 np0000156492 devstack@m-api.service[100451]: DEBUG manila.api.openstack.wsgi [None req-f5d1d12a-3853-4663-b96f-e718d4f62c17 c_rally_50efb86c_Zuj9p9mu c_rally_50efb86c_mt6C0z1P] Calling method 'ShareNetworkController.delete' {{(pid=100451) _process_stack /opt/stack/manila/manila/api/openstack/wsgi.py:798}}
Feb 19 02:50:56.881609 np0000156492 devstack@m-api.service[100452]: INFO manila.api.openstack.wsgi [None req-4500d001-e4df-4625-abe3-ff0209803488 c_rally_50efb86c_Zuj9p9mu c_rally_50efb86c_mt6C0z1P] DELETE https://199.19.213.223/share/v1/3b0710f78e5b43e0b8deded69f9fc6ae/share-networks/1fd13a08-dc27-41d3-86ae-679ad001cf93
Feb 19 02:50:56.881937 np0000156492 devstack@m-api.service[100452]: DEBUG manila.api.openstack.wsgi [None req-4500d001-e4df-4625-abe3-ff0209803488 c_rally_50efb86c_Zuj9p9mu c_rally_50efb86c_mt6C0z1P] No Content-Type provided in request {{(pid=100452) get_body /opt/stack/manila/manila/api/openstack/wsgi.py:648}}
