Jun 17 20:31:04.744595 np0000181556 neutron-rpc-server[109429]: DEBUG cotyledon.oslo_config_glue [-] dhcp_agent_notification = False {{(pid=109429) log_opt_values /opt/stack/data/venv/lib/python3.12/site-packages/oslo_config/cfg.py:3242}}
Jun 17 20:31:04.744772 np0000181556 neutron-rpc-server[109414]: DEBUG cotyledon.oslo_config_glue [-] database.db_retry_interval = 1 {{(pid=109414) log_opt_values /opt/stack/data/venv/lib/python3.12/site-packages/oslo_config/cfg.py:3253}}
Jun 17 20:31:04.744981 np0000181556 neutron-rpc-server[109384]: INFO ovsdbapp.backend.ovs_idl.vlog [None req-2b16b560-8560-40d4-8eaf-b1be3ecfe375 None None] ssl:199.19.213.91:6641: connecting...
Jun 17 20:31:04.745147 np0000181556 neutron-rpc-server[109414]: DEBUG cotyledon.oslo_config_glue [-] database.max_overflow = 50 {{(pid=109414) log_opt_values /opt/stack/data/venv/lib/python3.12/site-packages/oslo_config/cfg.py:3253}}
Jun 17 20:31:04.745147 np0000181556 neutron-rpc-server[109414]: DEBUG cotyledon.oslo_config_glue [-] database.max_pool_size = 5 {{(pid=109414) log_opt_values /opt/stack/data/venv/lib/python3.12/site-packages/oslo_config/cfg.py:3253}}
Jun 17 20:31:04.745361 np0000181556 neutron-rpc-server[109429]: DEBUG cotyledon.oslo_config_glue [-] dhcp_agents_per_network = 1 {{(pid=109429) log_opt_values /opt/stack/data/venv/lib/python3.12/site-packages/oslo_config/cfg.py:3242}}
Jun 17 20:31:04.745557 np0000181556 neutron-rpc-server[109414]: DEBUG cotyledon.oslo_config_glue [-] database.max_retries = 10 {{(pid=109414) log_opt_values /opt/stack/data/venv/lib/python3.12/site-packages/oslo_config/cfg.py:3253}}
Jun 17 20:31:04.745557 np0000181556 neutron-rpc-server[109414]: DEBUG cotyledon.oslo_config_glue [-] database.mysql_sql_mode = TRADITIONAL {{(pid=109414) log_opt_values /opt/stack/data/venv/lib/python3.12/site-packages/oslo_config/cfg.py:3253}}
Jun 17 20:31:04.745557 np0000181556 neutron-rpc-server[109414]: DEBUG cotyledon.oslo_config_glue [-] database.mysql_wsrep_sync_wait = None {{(pid=109414) log_opt_values /opt/stack/data/venv/lib/python3.12/site-packages/oslo_config/cfg.py:3253}}
Jun 17 20:31:04.745557 np0000181556 neutron-rpc-server[109414]: DEBUG cotyledon.oslo_config_glue [-] database.pool_timeout = None {{(pid=109414) log_opt_values /opt/stack/data/venv/lib/python3.12/site-packages/oslo_config/cfg.py:3253}}
Jun 17 20:31:04.745557 np0000181556 neutron-rpc-server[109414]: DEBUG cotyledon.oslo_config_glue [-] database.retry_interval = 10 {{(pid=109414) log_opt_values /opt/stack/data/venv/lib/python3.12/site-packages/oslo_config/cfg.py:3253}}
Jun 17 20:31:04.745927 np0000181556 neutron-rpc-server[109429]: DEBUG cotyledon.oslo_config_glue [-] dhcp_lease_duration = 86400 {{(pid=109429) log_opt_values /opt/stack/data/venv/lib/python3.12/site-packages/oslo_config/cfg.py:3242}}
Jun 17 20:31:04.746095 np0000181556 neutron-rpc-server[109414]: DEBUG cotyledon.oslo_config_glue [-] database.slave_connection = **** {{(pid=109414) log_opt_values /opt/stack/data/venv/lib/python3.12/site-packages/oslo_config/cfg.py:3253}}
Jun 17 20:31:04.746095 np0000181556 neutron-rpc-server[109414]: DEBUG cotyledon.oslo_config_glue [-] database.sqlite_synchronous = True {{(pid=109414) log_opt_values /opt/stack/data/venv/lib/python3.12/site-packages/oslo_config/cfg.py:3253}}
Jun 17 20:31:04.746095 np0000181556 neutron-rpc-server[109414]: DEBUG cotyledon.oslo_config_glue [-] database.synchronous_reader = True {{(pid=109414) log_opt_values /opt/stack/data/venv/lib/python3.12/site-packages/oslo_config/cfg.py:3253}}
Jun 17 20:31:04.746095 np0000181556 neutron-rpc-server[109414]: DEBUG cotyledon.oslo_config_glue [-] database.use_db_reconnect = False {{(pid=109414) log_opt_values /opt/stack/data/venv/lib/python3.12/site-packages/oslo_config/cfg.py:3253}}
Jun 17 20:31:04.746457 np0000181556 neutron-rpc-server[109429]: DEBUG cotyledon.oslo_config_glue [-] dhcp_load_type = networks {{(pid=109429) log_opt_values /opt/stack/data/venv/lib/python3.12/site-packages/oslo_config/cfg.py:3242}}
Jun 17 20:31:04.746622 np0000181556 neutron-rpc-server[109414]: DEBUG cotyledon.oslo_config_glue [-] ovn.bfd_min_rx = 1000 {{(pid=109414) log_opt_values /opt/stack/data/venv/lib/python3.12/site-packages/oslo_config/cfg.py:3253}}
Jun 17 20:31:04.746793 np0000181556 neutron-rpc-server[109429]: DEBUG cotyledon.oslo_config_glue [-] dns_domain = openstacklocal {{(pid=109429) log_opt_values /opt/stack/data/venv/lib/python3.12/site-packages/oslo_config/cfg.py:3242}}
Jun 17 20:31:04.746961 np0000181556 neutron-rpc-server[109414]: DEBUG cotyledon.oslo_config_glue [-] ovn.bfd_min_tx = 100 {{(pid=109414) log_opt_values /opt/stack/data/venv/lib/python3.12/site-packages/oslo_config/cfg.py:3253}}
Jun 17 20:31:04.746961 np0000181556 neutron-rpc-server[109414]: DEBUG cotyledon.oslo_config_glue [-] ovn.bfd_mult = 3 {{(pid=109414) log_opt_values /opt/stack/data/venv/lib/python3.12/site-packages/oslo_config/cfg.py:3253}}
Jun 17 20:31:04.747301 np0000181556 neutron-rpc-server[109429]: DEBUG cotyledon.oslo_config_glue [-] dvr_base_mac = fa:16:3f:00:00:00 {{(pid=109429) log_opt_values /opt/stack/data/venv/lib/python3.12/site-packages/oslo_config/cfg.py:3242}}
Jun 17 20:31:04.747484 np0000181556 neutron-rpc-server[109414]: DEBUG cotyledon.oslo_config_glue [-] ovn.broadcast_arps_to_all_routers = True {{(pid=109414) log_opt_values /opt/stack/data/venv/lib/python3.12/site-packages/oslo_config/cfg.py:3253}}
Jun 17 20:31:04.747657 np0000181556 neutron-rpc-server[109429]: DEBUG cotyledon.oslo_config_glue [-] enable_default_route_bfd = False {{(pid=109429) log_opt_values /opt/stack/data/venv/lib/python3.12/site-packages/oslo_config/cfg.py:3242}}
Jun 17 20:31:04.747815 np0000181556 neutron-rpc-server[109414]: DEBUG cotyledon.oslo_config_glue [-] ovn.dhcp_default_lease_time = 43200 {{(pid=109414) log_opt_values /opt/stack/data/venv/lib/python3.12/site-packages/oslo_config/cfg.py:3253}}
Jun 17 20:31:04.747815 np0000181556 neutron-rpc-server[109414]: DEBUG cotyledon.oslo_config_glue [-] ovn.disable_ovn_dhcp_for_baremetal_ports = False {{(pid=109414) log_opt_values /opt/stack/data/venv/lib/python3.12/site-packages/oslo_config/cfg.py:3253}}
Jun 17 20:31:04.747815 np0000181556 neutron-rpc-server[109414]: DEBUG cotyledon.oslo_config_glue [-] ovn.dns_records_ovn_owned = False {{(pid=109414) log_opt_values /opt/stack/data/venv/lib/python3.12/site-packages/oslo_config/cfg.py:3253}}
Jun 17 20:31:04.747815 np0000181556 neutron-rpc-server[109414]: DEBUG cotyledon.oslo_config_glue [-] ovn.dns_servers = [] {{(pid=109414) log_opt_values /opt/stack/data/venv/lib/python3.12/site-packages/oslo_config/cfg.py:3253}}
Jun 17 20:31:04.747815 np0000181556 neutron-rpc-server[109414]: DEBUG cotyledon.oslo_config_glue [-] ovn.enable_distributed_floating_ip = False {{(pid=109414) log_opt_values /opt/stack/data/venv/lib/python3.12/site-packages/oslo_config/cfg.py:3253}}
Jun 17 20:31:04.748184 np0000181556 neutron-rpc-server[109429]: DEBUG cotyledon.oslo_config_glue [-] enable_default_route_ecmp = False {{(pid=109429) log_opt_values /opt/stack/data/venv/lib/python3.12/site-packages/oslo_config/cfg.py:3242}}
Jun 17 20:31:04.748345 np0000181556 neutron-rpc-server[109414]: DEBUG cotyledon.oslo_config_glue [-] ovn.fdb_age_threshold = 300 {{(pid=109414) log_opt_values /opt/stack/data/venv/lib/python3.12/site-packages/oslo_config/cfg.py:3253}}
Jun 17 20:31:04.748345 np0000181556 neutron-rpc-server[109414]: DEBUG cotyledon.oslo_config_glue [-] ovn.ha_failover_strategy = normal {{(pid=109414) log_opt_values /opt/stack/data/venv/lib/python3.12/site-packages/oslo_config/cfg.py:3253}}
Jun 17 20:31:04.748345 np0000181556 neutron-rpc-server[109414]: DEBUG cotyledon.oslo_config_glue [-] ovn.live_migration_activation_strategy = rarp {{(pid=109414) log_opt_values /opt/stack/data/venv/lib/python3.12/site-packages/oslo_config/cfg.py:3253}}
Jun 17 20:31:04.748345 np0000181556 neutron-rpc-server[109414]: DEBUG cotyledon.oslo_config_glue [-] ovn.localnet_learn_fdb = False {{(pid=109414) log_opt_values /opt/stack/data/venv/lib/python3.12/site-packages/oslo_config/cfg.py:3253}}
Jun 17 20:31:04.748711 np0000181556 neutron-rpc-server[109429]: DEBUG cotyledon.oslo_config_glue [-] enable_dvr = True {{(pid=109429) log_opt_values /opt/stack/data/venv/lib/python3.12/site-packages/oslo_config/cfg.py:3242}}
Jun 17 20:31:04.749144 np0000181556 neutron-rpc-server[109414]: DEBUG cotyledon.oslo_config_glue [-] ovn.mac_binding_age_threshold = 300 {{(pid=109414) log_opt_values /opt/stack/data/venv/lib/python3.12/site-packages/oslo_config/cfg.py:3253}}
Jun 17 20:31:04.749144 np0000181556 neutron-rpc-server[109414]: DEBUG cotyledon.oslo_config_glue [-] ovn.neutron_sync_mode = log {{(pid=109414) log_opt_values /opt/stack/data/venv/lib/python3.12/site-packages/oslo_config/cfg.py:3253}}
Jun 17 20:31:04.749144 np0000181556 neutron-rpc-server[109414]: DEBUG cotyledon.oslo_config_glue [-] ovn.ovn_dhcp4_global_options = {} {{(pid=109414) log_opt_values /opt/stack/data/venv/lib/python3.12/site-packages/oslo_config/cfg.py:3253}}
Jun 17 20:31:04.749635 np0000181556 neutron-rpc-server[109429]: DEBUG cotyledon.oslo_config_glue [-] enable_new_agents = True {{(pid=109429) log_opt_values /opt/stack/data/venv/lib/python3.12/site-packages/oslo_config/cfg.py:3242}}
Jun 17 20:31:04.749934 np0000181556 neutron-rpc-server[109414]: DEBUG cotyledon.oslo_config_glue [-] ovn.ovn_dhcp6_global_options = {} {{(pid=109414) log_opt_values /opt/stack/data/venv/lib/python3.12/site-packages/oslo_config/cfg.py:3253}}
Jun 17 20:31:04.749934 np0000181556 neutron-rpc-server[109414]: DEBUG cotyledon.oslo_config_glue [-] ovn.ovn_l3_scheduler = leastloaded {{(pid=109414) log_opt_values /opt/stack/data/venv/lib/python3.12/site-packages/oslo_config/cfg.py:3253}}
Jun 17 20:31:04.750214 np0000181556 neutron-rpc-server[109388]: WARNING neutron.plugins.ml2.drivers.ovn.mech_driver.mech_driver [-] uWSGI is the only supported loader for the Neutron API; it provides, via ``uwsgi`` library, the worker ID. If other loader is used, a random hash ring node UUID will be provided
Jun 17 20:31:04.750611 np0000181556 neutron-rpc-server[109414]: DEBUG cotyledon.oslo_config_glue [-] ovn.ovn_metadata_enabled = True {{(pid=109414) log_opt_values /opt/stack/data/venv/lib/python3.12/site-packages/oslo_config/cfg.py:3253}}
Jun 17 20:31:04.750784 np0000181556 neutron-rpc-server[109429]: DEBUG cotyledon.oslo_config_glue [-] enable_services_on_agents_with_admin_state_down = False {{(pid=109429) log_opt_values /opt/stack/data/venv/lib/python3.12/site-packages/oslo_config/cfg.py:3242}}
Jun 17 20:31:04.751001 np0000181556 neutron-rpc-server[109414]: DEBUG cotyledon.oslo_config_glue [-] ovn.ovn_nb_ca_cert = /opt/stack/data/CA/int-ca/ca-chain.pem {{(pid=109414) log_opt_values /opt/stack/data/venv/lib/python3.12/site-packages/oslo_config/cfg.py:3253}}
Jun 17 20:31:04.751001 np0000181556 neutron-rpc-server[109414]: DEBUG cotyledon.oslo_config_glue [-] ovn.ovn_nb_certificate = /opt/stack/data/CA/int-ca/devstack-cert.crt {{(pid=109414) log_opt_values /opt/stack/data/venv/lib/python3.12/site-packages/oslo_config/cfg.py:3253}}
Jun 17 20:31:04.751228 np0000181556 neutron-rpc-server[109429]: DEBUG cotyledon.oslo_config_glue [-] enable_snat_by_default = True {{(pid=109429) log_opt_values /opt/stack/data/venv/lib/python3.12/site-packages/oslo_config/cfg.py:3242}}
Jun 17 20:31:04.751389 np0000181556 neutron-rpc-server[109414]: DEBUG cotyledon.oslo_config_glue [-] ovn.ovn_nb_connection = ['ssl:199.19.213.91:6641'] {{(pid=109414) log_opt_values /opt/stack/data/venv/lib/python3.12/site-packages/oslo_config/cfg.py:3253}}
Jun 17 20:31:04.751389 np0000181556 neutron-rpc-server[109414]: DEBUG cotyledon.oslo_config_glue [-] ovn.ovn_nb_private_key = /opt/stack/data/CA/int-ca/private/devstack-cert.key {{(pid=109414) log_opt_values /opt/stack/data/venv/lib/python3.12/site-packages/oslo_config/cfg.py:3253}}
Jun 17 20:31:04.751389 np0000181556 neutron-rpc-server[109414]: DEBUG cotyledon.oslo_config_glue [-] ovn.ovn_router_indirect_snat = False {{(pid=109414) log_opt_values /opt/stack/data/venv/lib/python3.12/site-packages/oslo_config/cfg.py:3253}}
Jun 17 20:31:04.751659 np0000181556 neutron-rpc-server[109429]: DEBUG cotyledon.oslo_config_glue [-] enable_traditional_dhcp = True {{(pid=109429) log_opt_values /opt/stack/data/venv/lib/python3.12/site-packages/oslo_config/cfg.py:3242}}
Jun 17 20:31:04.751877 np0000181556 neutron-rpc-server[109414]: DEBUG cotyledon.oslo_config_glue [-] ovn.ovn_sb_ca_cert = /opt/stack/data/CA/int-ca/ca-chain.pem {{(pid=109414) log_opt_values /opt/stack/data/venv/lib/python3.12/site-packages/oslo_config/cfg.py:3253}}
Jun 17 20:31:04.751877 np0000181556 neutron-rpc-server[109414]: DEBUG cotyledon.oslo_config_glue [-] ovn.ovn_sb_certificate = /opt/stack/data/CA/int-ca/devstack-cert.crt {{(pid=109414) log_opt_values /opt/stack/data/venv/lib/python3.12/site-packages/oslo_config/cfg.py:3253}}
Jun 17 20:31:04.751877 np0000181556 neutron-rpc-server[109414]: DEBUG cotyledon.oslo_config_glue [-] ovn.ovn_sb_connection = ['ssl:199.19.213.91:6642'] {{(pid=109414) log_opt_values /opt/stack/data/venv/lib/python3.12/site-packages/oslo_config/cfg.py:3253}}
Jun 17 20:31:04.752201 np0000181556 neutron-rpc-server[109429]: DEBUG cotyledon.oslo_config_glue [-] external_dns_driver = None {{(pid=109429) log_opt_values /opt/stack/data/venv/lib/python3.12/site-packages/oslo_config/cfg.py:3242}}
Jun 17 20:31:04.752201 np0000181556 neutron-rpc-server[109429]: DEBUG cotyledon.oslo_config_glue [-] fatal_deprecations = False {{(pid=109429) log_opt_values /opt/stack/data/venv/lib/python3.12/site-packages/oslo_config/cfg.py:3242}}
Jun 17 20:31:04.752478 np0000181556 neutron-rpc-server[109414]: DEBUG cotyledon.oslo_config_glue [-] ovn.ovn_sb_private_key = /opt/stack/data/CA/int-ca/private/devstack-cert.key {{(pid=109414) log_opt_values /opt/stack/data/venv/lib/python3.12/site-packages/oslo_config/cfg.py:3253}}
Jun 17 20:31:04.752478 np0000181556 neutron-rpc-server[109414]: DEBUG cotyledon.oslo_config_glue [-] ovn.ovs_create_tap = False {{(pid=109414) log_opt_values /opt/stack/data/venv/lib/python3.12/site-packages/oslo_config/cfg.py:3253}}
Jun 17 20:31:04.752712 np0000181556 neutron-rpc-server[109429]: DEBUG cotyledon.oslo_config_glue [-] filter_validation = True {{(pid=109429) log_opt_values /opt/stack/data/venv/lib/python3.12/site-packages/oslo_config/cfg.py:3242}}
Jun 17 20:31:04.752876 np0000181556 neutron-rpc-server[109414]: DEBUG cotyledon.oslo_config_glue [-] ovn.ovsdb_connection_timeout = 180 {{(pid=109414) log_opt_values /opt/stack/data/venv/lib/python3.12/site-packages/oslo_config/cfg.py:3253}}
Jun 17 20:31:04.752876 np0000181556 neutron-rpc-server[109414]: DEBUG cotyledon.oslo_config_glue [-] ovn.ovsdb_log_level = INFO {{(pid=109414) log_opt_values /opt/stack/data/venv/lib/python3.12/site-packages/oslo_config/cfg.py:3253}}
Jun 17 20:31:04.752876 np0000181556 neutron-rpc-server[109414]: DEBUG cotyledon.oslo_config_glue [-] ovn.ovsdb_probe_interval = 60000 {{(pid=109414) log_opt_values /opt/stack/data/venv/lib/python3.12/site-packages/oslo_config/cfg.py:3253}}
Jun 17 20:31:04.752876 np0000181556 neutron-rpc-server[109414]: DEBUG cotyledon.oslo_config_glue [-] ovn.ovsdb_retry_max_interval = 180 {{(pid=109414) log_opt_values /opt/stack/data/venv/lib/python3.12/site-packages/oslo_config/cfg.py:3253}}
Jun 17 20:31:04.753157 np0000181556 neutron-rpc-server[109429]: DEBUG cotyledon.oslo_config_glue [-] global_physnet_mtu = 1430 {{(pid=109429) log_opt_values /opt/stack/data/venv/lib/python3.12/site-packages/oslo_config/cfg.py:3242}}
Jun 17 20:31:04.753435 np0000181556 neutron-rpc-server[109414]: DEBUG cotyledon.oslo_config_glue [-] ovn.stateless_nat_enabled = False {{(pid=109414) log_opt_values /opt/stack/data/venv/lib/python3.12/site-packages/oslo_config/cfg.py:3253}}
Jun 17 20:31:04.753435 np0000181556 neutron-rpc-server[109414]: DEBUG cotyledon.oslo_config_glue [-] ovn.vhost_sock_dir = /var/run/openvswitch {{(pid=109414) log_opt_values /opt/stack/data/venv/lib/python3.12/site-packages/oslo_config/cfg.py:3253}}
Jun 17 20:31:04.753656 np0000181556 neutron-rpc-server[109429]: DEBUG cotyledon.oslo_config_glue [-] graceful_shutdown_timeout = 60 {{(pid=109429) log_opt_values /opt/stack/data/venv/lib/python3.12/site-packages/oslo_config/cfg.py:3242}}
Jun 17 20:31:04.753866 np0000181556 neutron-rpc-server[109414]: DEBUG cotyledon.oslo_config_glue [-] OVS.bridge_mac_table_size = 50000 {{(pid=109414) log_opt_values /opt/stack/data/venv/lib/python3.12/site-packages/oslo_config/cfg.py:3253}}
Jun 17 20:31:04.754063 np0000181556 neutron-rpc-server[109388]: DEBUG ovsdbapp.backend.ovs_idl [None req-c9d9c2b5-16e3-46d4-ab6a-610c4a3a6156 None None] Created lookup_table index Logical_Switch.name {{(pid=109388) autocreate_indices /opt/stack/data/venv/lib/python3.12/site-packages/ovsdbapp/backend/ovs_idl/__init__.py:87}}
Jun 17 20:31:04.754358 np0000181556 neutron-rpc-server[109414]: DEBUG cotyledon.oslo_config_glue [-] OVS.igmp_flood = False {{(pid=109414) log_opt_values /opt/stack/data/venv/lib/python3.12/site-packages/oslo_config/cfg.py:3253}}
Jun 17 20:31:04.754546 np0000181556 neutron-rpc-server[109388]: DEBUG ovsdbapp.backend.ovs_idl [None req-c9d9c2b5-16e3-46d4-ab6a-610c4a3a6156 None None] Created lookup_table index Logical_Router.name {{(pid=109388) autocreate_indices /opt/stack/data/venv/lib/python3.12/site-packages/ovsdbapp/backend/ovs_idl/__init__.py:87}}
Jun 17 20:31:04.754834 np0000181556 neutron-rpc-server[109414]: DEBUG cotyledon.oslo_config_glue [-] OVS.igmp_flood_reports = True {{(pid=109414) log_opt_values /opt/stack/data/venv/lib/python3.12/site-packages/oslo_config/cfg.py:3253}}
Jun 17 20:31:04.755147 np0000181556 neutron-rpc-server[109388]: DEBUG ovsdbapp.backend.ovs_idl [None req-c9d9c2b5-16e3-46d4-ab6a-610c4a3a6156 None None] Created lookup_table index Load_Balancer.name {{(pid=109388) autocreate_indices /opt/stack/data/venv/lib/python3.12/site-packages/ovsdbapp/backend/ovs_idl/__init__.py:87}}
Jun 17 20:31:04.755465 np0000181556 neutron-rpc-server[109414]: DEBUG cotyledon.oslo_config_glue [-] OVS.igmp_flood_unregistered = False {{(pid=109414) log_opt_values /opt/stack/data/venv/lib/python3.12/site-packages/oslo_config/cfg.py:3253}}
Jun 17 20:31:04.755465 np0000181556 neutron-rpc-server[109414]: DEBUG cotyledon.oslo_config_glue [-] OVS.igmp_snooping_enable = False {{(pid=109414) log_opt_values /opt/stack/data/venv/lib/python3.12/site-packages/oslo_config/cfg.py:3253}}
Jun 17 20:31:04.755693 np0000181556 neutron-rpc-server[109381]: DEBUG ovsdbapp.backend.ovs_idl [None req-e49e967a-9e62-4171-bba5-b650be39f5f2 None None] Created lookup_table index Logical_Switch.name {{(pid=109381) autocreate_indices /opt/stack/data/venv/lib/python3.12/site-packages/ovsdbapp/backend/ovs_idl/__init__.py:87}}
Jun 17 20:31:04.755869 np0000181556 neutron-rpc-server[109388]: DEBUG ovsdbapp.backend.ovs_idl [None req-c9d9c2b5-16e3-46d4-ab6a-610c4a3a6156 None None] Created schema index Copp.name {{(pid=109388) autocreate_indices /opt/stack/data/venv/lib/python3.12/site-packages/ovsdbapp/backend/ovs_idl/__init__.py:106}}
Jun 17 20:31:04.756104 np0000181556 neutron-rpc-server[109414]: DEBUG cotyledon.oslo_config_glue [-] OVS.ovsdb_timeout = 10 {{(pid=109414) log_opt_values /opt/stack/data/venv/lib/python3.12/site-packages/oslo_config/cfg.py:3253}}
Jun 17 20:31:04.756321 np0000181556 neutron-rpc-server[109388]: DEBUG ovsdbapp.backend.ovs_idl [None req-c9d9c2b5-16e3-46d4-ab6a-610c4a3a6156 None None] Created schema index Meter.name {{(pid=109388) autocreate_indices /opt/stack/data/venv/lib/python3.12/site-packages/ovsdbapp/backend/ovs_idl/__init__.py:106}}
Jun 17 20:31:04.756947 np0000181556 neutron-rpc-server[109381]: DEBUG ovsdbapp.backend.ovs_idl [None req-e49e967a-9e62-4171-bba5-b650be39f5f2 None None] Created lookup_table index Logical_Router.name {{(pid=109381) autocreate_indices /opt/stack/data/venv/lib/python3.12/site-packages/ovsdbapp/backend/ovs_idl/__init__.py:87}}
Jun 17 20:31:04.757364 np0000181556 neutron-rpc-server[109414]: DEBUG cotyledon.oslo_config_glue [-] ovn_nb_global.fdb_removal_limit = 0 {{(pid=109414) log_opt_values /opt/stack/data/venv/lib/python3.12/site-packages/oslo_config/cfg.py:3253}}
Jun 17 20:31:04.757589 np0000181556 neutron-rpc-server[109388]: DEBUG ovsdbapp.backend.ovs_idl [None req-c9d9c2b5-16e3-46d4-ab6a-610c4a3a6156 None None] Created schema index Load_Balancer_Group.name {{(pid=109388) autocreate_indices /opt/stack/data/venv/lib/python3.12/site-packages/ovsdbapp/backend/ovs_idl/__init__.py:106}}
Jun 17 20:31:04.757779 np0000181556 neutron-rpc-server[109381]: DEBUG ovsdbapp.backend.ovs_idl [None req-e49e967a-9e62-4171-bba5-b650be39f5f2 None None] Created lookup_table index Load_Balancer.name {{(pid=109381) autocreate_indices /opt/stack/data/venv/lib/python3.12/site-packages/ovsdbapp/backend/ovs_idl/__init__.py:87}}
Jun 17 20:31:04.757946 np0000181556 neutron-rpc-server[109414]: DEBUG cotyledon.oslo_config_glue [-] ovn_nb_global.ignore_lsp_down = False {{(pid=109414) log_opt_values /opt/stack/data/venv/lib/python3.12/site-packages/oslo_config/cfg.py:3253}}
Jun 17 20:31:04.758103 np0000181556 neutron-rpc-server[109388]: DEBUG ovsdbapp.backend.ovs_idl [None req-c9d9c2b5-16e3-46d4-ab6a-610c4a3a6156 None None] Created schema index HA_Chassis_Group.name {{(pid=109388) autocreate_indices /opt/stack/data/venv/lib/python3.12/site-packages/ovsdbapp/backend/ovs_idl/__init__.py:106}}
Jun 17 20:31:04.758551 np0000181556 neutron-rpc-server[109414]: DEBUG cotyledon.oslo_config_glue [-] ovn_nb_global.mac_binding_removal_limit = 0 {{(pid=109414) log_opt_values /opt/stack/data/venv/lib/python3.12/site-packages/oslo_config/cfg.py:3253}}
Jun 17 20:31:04.758712 np0000181556 neutron-rpc-server[109381]: DEBUG ovsdbapp.backend.ovs_idl [None req-e49e967a-9e62-4171-bba5-b650be39f5f2 None None] Created schema index Copp.name {{(pid=109381) autocreate_indices /opt/stack/data/venv/lib/python3.12/site-packages/ovsdbapp/backend/ovs_idl/__init__.py:106}}
Jun 17 20:31:04.758879 np0000181556 neutron-rpc-server[109388]: DEBUG ovsdbapp.backend.ovs_idl [None req-c9d9c2b5-16e3-46d4-ab6a-610c4a3a6156 None None] Created schema index Address_Set.name {{(pid=109388) autocreate_indices /opt/stack/data/venv/lib/python3.12/site-packages/ovsdbapp/backend/ovs_idl/__init__.py:106}}
Jun 17 20:31:04.759037 np0000181556 neutron-rpc-server[109414]: DEBUG cotyledon.oslo_config_glue [-] ******************************************************************************** {{(pid=109414) log_opt_values /opt/stack/data/venv/lib/python3.12/site-packages/oslo_config/cfg.py:3260}}
Jun 17 20:31:04.759484 np0000181556 neutron-rpc-server[109381]: DEBUG ovsdbapp.backend.ovs_idl [None req-e49e967a-9e62-4171-bba5-b650be39f5f2 None None] Created schema index Meter.name {{(pid=109381) autocreate_indices /opt/stack/data/venv/lib/python3.12/site-packages/ovsdbapp/backend/ovs_idl/__init__.py:106}}
Jun 17 20:31:04.759629 np0000181556 neutron-rpc-server[109388]: DEBUG ovsdbapp.backend.ovs_idl [None req-c9d9c2b5-16e3-46d4-ab6a-610c4a3a6156 None None] Created schema index Connection.target {{(pid=109388) autocreate_indices /opt/stack/data/venv/lib/python3.12/site-packages/ovsdbapp/backend/ovs_idl/__init__.py:106}}
Jun 17 20:31:04.759629 np0000181556 neutron-rpc-server[109388]: DEBUG ovsdbapp.backend.ovs_idl [None req-c9d9c2b5-16e3-46d4-ab6a-610c4a3a6156 None None] Created schema index Gateway_Chassis.name {{(pid=109388) autocreate_indices /opt/stack/data/venv/lib/python3.12/site-packages/ovsdbapp/backend/ovs_idl/__init__.py:106}}
Jun 17 20:31:04.759852 np0000181556 neutron-rpc-server[109381]: DEBUG ovsdbapp.backend.ovs_idl [None req-e49e967a-9e62-4171-bba5-b650be39f5f2 None None] Created schema index Load_Balancer_Group.name {{(pid=109381) autocreate_indices /opt/stack/data/venv/lib/python3.12/site-packages/ovsdbapp/backend/ovs_idl/__init__.py:106}}
Jun 17 20:31:04.760050 np0000181556 neutron-rpc-server[109388]: DEBUG ovsdbapp.backend.ovs_idl [None req-c9d9c2b5-16e3-46d4-ab6a-610c4a3a6156 None None] Created schema index Mirror.name {{(pid=109388) autocreate_indices /opt/stack/data/venv/lib/python3.12/site-packages/ovsdbapp/backend/ovs_idl/__init__.py:106}}
Jun 17 20:31:04.760206 np0000181556 neutron-rpc-server[109381]: DEBUG ovsdbapp.backend.ovs_idl [None req-e49e967a-9e62-4171-bba5-b650be39f5f2 None None] Created schema index HA_Chassis_Group.name {{(pid=109381) autocreate_indices /opt/stack/data/venv/lib/python3.12/site-packages/ovsdbapp/backend/ovs_idl/__init__.py:106}}
Jun 17 20:31:04.760206 np0000181556 neutron-rpc-server[109381]: DEBUG ovsdbapp.backend.ovs_idl [None req-e49e967a-9e62-4171-bba5-b650be39f5f2 None None] Created schema index Address_Set.name {{(pid=109381) autocreate_indices /opt/stack/data/venv/lib/python3.12/site-packages/ovsdbapp/backend/ovs_idl/__init__.py:106}}
Jun 17 20:31:04.760574 np0000181556 neutron-rpc-server[109388]: DEBUG ovsdbapp.backend.ovs_idl [None req-c9d9c2b5-16e3-46d4-ab6a-610c4a3a6156 None None] Created schema index Chassis_Template_Var.chassis {{(pid=109388) autocreate_indices /opt/stack/data/venv/lib/python3.12/site-packages/ovsdbapp/backend/ovs_idl/__init__.py:106}}
Jun 17 20:31:04.761008 np0000181556 neutron-rpc-server[109414]: DEBUG cotyledon._service_worker [-] Run service ServiceWrapper(5) [109414] {{(pid=109414) wait_forever /opt/stack/data/venv/lib/python3.12/site-packages/cotyledon/_service_worker.py:218}}
Jun 17 20:31:04.761474 np0000181556 neutron-rpc-server[109381]: DEBUG ovsdbapp.backend.ovs_idl [None req-e49e967a-9e62-4171-bba5-b650be39f5f2 None None] Created schema index Connection.target {{(pid=109381) autocreate_indices /opt/stack/data/venv/lib/python3.12/site-packages/ovsdbapp/backend/ovs_idl/__init__.py:106}}
Jun 17 20:31:04.761638 np0000181556 neutron-rpc-server[109388]: DEBUG ovsdbapp.backend.ovs_idl [None req-c9d9c2b5-16e3-46d4-ab6a-610c4a3a6156 None None] Created schema index Logical_Router_Port.name {{(pid=109388) autocreate_indices /opt/stack/data/venv/lib/python3.12/site-packages/ovsdbapp/backend/ovs_idl/__init__.py:106}}
Jun 17 20:31:04.761798 np0000181556 neutron-rpc-server[109381]: DEBUG ovsdbapp.backend.ovs_idl [None req-e49e967a-9e62-4171-bba5-b650be39f5f2 None None] Created schema index Gateway_Chassis.name {{(pid=109381) autocreate_indices /opt/stack/data/venv/lib/python3.12/site-packages/ovsdbapp/backend/ovs_idl/__init__.py:106}}
Jun 17 20:31:04.761976 np0000181556 neutron-rpc-server[109388]: DEBUG ovsdbapp.backend.ovs_idl [None req-c9d9c2b5-16e3-46d4-ab6a-610c4a3a6156 None None] Created schema index Port_Group.name {{(pid=109388) autocreate_indices /opt/stack/data/venv/lib/python3.12/site-packages/ovsdbapp/backend/ovs_idl/__init__.py:106}}
Jun 17 20:31:04.762169 np0000181556 neutron-rpc-server[109381]: DEBUG ovsdbapp.backend.ovs_idl [None req-e49e967a-9e62-4171-bba5-b650be39f5f2 None None] Created schema index Mirror.name {{(pid=109381) autocreate_indices /opt/stack/data/venv/lib/python3.12/site-packages/ovsdbapp/backend/ovs_idl/__init__.py:106}}
Jun 17 20:31:04.762370 np0000181556 neutron-rpc-server[109388]: DEBUG ovsdbapp.backend.ovs_idl [None req-c9d9c2b5-16e3-46d4-ab6a-610c4a3a6156 None None] Created schema index Logical_Switch_Port.name {{(pid=109388) autocreate_indices /opt/stack/data/venv/lib/python3.12/site-packages/ovsdbapp/backend/ovs_idl/__init__.py:106}}
Jun 17 20:31:04.762563 np0000181556 neutron-rpc-server[109381]: DEBUG ovsdbapp.backend.ovs_idl [None req-e49e967a-9e62-4171-bba5-b650be39f5f2 None None] Created schema index Chassis_Template_Var.chassis {{(pid=109381) autocreate_indices /opt/stack/data/venv/lib/python3.12/site-packages/ovsdbapp/backend/ovs_idl/__init__.py:106}}
Jun 17 20:31:04.762563 np0000181556 neutron-rpc-server[109381]: DEBUG ovsdbapp.backend.ovs_idl [None req-e49e967a-9e62-4171-bba5-b650be39f5f2 None None] Created schema index Logical_Router_Port.name {{(pid=109381) autocreate_indices /opt/stack/data/venv/lib/python3.12/site-packages/ovsdbapp/backend/ovs_idl/__init__.py:106}}
Jun 17 20:31:04.762879 np0000181556 neutron-rpc-server[109429]: DEBUG cotyledon.oslo_config_glue [-] host = np0000181556 {{(pid=109429) log_opt_values /opt/stack/data/venv/lib/python3.12/site-packages/oslo_config/cfg.py:3242}}
Jun 17 20:31:04.763045 np0000181556 neutron-rpc-server[109381]: DEBUG ovsdbapp.backend.ovs_idl [None req-e49e967a-9e62-4171-bba5-b650be39f5f2 None None] Created schema index Port_Group.name {{(pid=109381) autocreate_indices /opt/stack/data/venv/lib/python3.12/site-packages/ovsdbapp/backend/ovs_idl/__init__.py:106}}
Jun 17 20:31:04.763045 np0000181556 neutron-rpc-server[109381]: DEBUG ovsdbapp.backend.ovs_idl [None req-e49e967a-9e62-4171-bba5-b650be39f5f2 None None] Created schema index Logical_Switch_Port.name {{(pid=109381) autocreate_indices /opt/stack/data/venv/lib/python3.12/site-packages/ovsdbapp/backend/ovs_idl/__init__.py:106}}
Jun 17 20:31:04.763262 np0000181556 neutron-rpc-server[109429]: DEBUG cotyledon.oslo_config_glue [-] host_dvr_for_dhcp = True {{(pid=109429) log_opt_values /opt/stack/data/venv/lib/python3.12/site-packages/oslo_config/cfg.py:3242}}
Jun 17 20:31:04.763438 np0000181556 neutron-rpc-server[109414]: DEBUG neutron.service [-] RpcWorker start called, description: rpc worker {{(pid=109414) wrapper /opt/stack/neutron/neutron/common/utils.py:197}}
Jun 17 20:31:04.763734 np0000181556 neutron-rpc-server[109429]: DEBUG cotyledon.oslo_config_glue [-] http_retries = 3 {{(pid=109429) log_opt_values /opt/stack/data/venv/lib/python3.12/site-packages/oslo_config/cfg.py:3242}}
Jun 17 20:31:04.763930 np0000181556 neutron-rpc-server[109384]: INFO ovsdbapp.backend.ovs_idl.vlog [None req-2b16b560-8560-40d4-8eaf-b1be3ecfe375 None None] ssl:199.19.213.91:6641: connected
Jun 17 20:31:04.764110 np0000181556 neutron-rpc-server[109414]: DEBUG neutron_lib.callbacks.manager [-] Publish callbacks ['neutron.plugins.ml2.drivers.ovn.mech_driver.mech_driver.OVNMechanismDriver.post_fork_initialize-92958', 'neutron.services.pvlan.drivers.ovn.driver._initialize_pvlan_pg_drop-8163564618202', 'neutron.services.ovn_l3.plugin.OVNL3RouterPlugin._post_fork_initialize-2684866'] for process (None), after_init {{(pid=109414) _notify_loop /opt/stack/data/venv/lib/python3.12/site-packages/neutron_lib/callbacks/manager.py:184}}
Jun 17 20:31:04.764339 np0000181556 neutron-rpc-server[109429]: DEBUG cotyledon.oslo_config_glue [-] instance_format = [instance: %(uuid)s] {{(pid=109429) log_opt_values /opt/stack/data/venv/lib/python3.12/site-packages/oslo_config/cfg.py:3242}}
Jun 17 20:31:04.764339 np0000181556 neutron-rpc-server[109429]: DEBUG cotyledon.oslo_config_glue [-] instance_uuid_format = [instance: %(uuid)s] {{(pid=109429) log_opt_values /opt/stack/data/venv/lib/python3.12/site-packages/oslo_config/cfg.py:3242}}
Jun 17 20:31:04.764339 np0000181556 neutron-rpc-server[109429]: DEBUG cotyledon.oslo_config_glue [-] ipam_driver = internal {{(pid=109429) log_opt_values /opt/stack/data/venv/lib/python3.12/site-packages/oslo_config/cfg.py:3242}}
Jun 17 20:31:04.764339 np0000181556 neutron-rpc-server[109429]: DEBUG cotyledon.oslo_config_glue [-] ipv6_pd_enabled = False {{(pid=109429) log_opt_values /opt/stack/data/venv/lib/python3.12/site-packages/oslo_config/cfg.py:3242}}
Jun 17 20:31:04.764339 np0000181556 neutron-rpc-server[109429]: DEBUG cotyledon.oslo_config_glue [-] l3_ha = False {{(pid=109429) log_opt_values /opt/stack/data/venv/lib/python3.12/site-packages/oslo_config/cfg.py:3242}}
Jun 17 20:31:04.764339 np0000181556 neutron-rpc-server[109429]: DEBUG cotyledon.oslo_config_glue [-] l3_ha_net_cidr = 169.254.192.0/18 {{(pid=109429) log_opt_values /opt/stack/data/venv/lib/python3.12/site-packages/oslo_config/cfg.py:3242}}
Jun 17 20:31:04.764339 np0000181556 neutron-rpc-server[109429]: DEBUG cotyledon.oslo_config_glue [-] l3_ha_network_physical_name = {{(pid=109429) log_opt_values /opt/stack/data/venv/lib/python3.12/site-packages/oslo_config/cfg.py:3242}}
Jun 17 20:31:04.764798 np0000181556 neutron-rpc-server[109414]: INFO neutron.plugins.ml2.drivers.ovn.mech_driver.ovsdb.impl_idl_ovn [-] Getting OvsdbNbOvnIdl for RpcWorker with retry
Jun 17 20:31:04.764978 np0000181556 neutron-rpc-server[109388]: INFO ovsdbapp.backend.ovs_idl.vlog [None req-c9d9c2b5-16e3-46d4-ab6a-610c4a3a6156 None None] ssl:199.19.213.91:6641: connecting...
Jun 17 20:31:04.765138 np0000181556 neutron-rpc-server[109381]: INFO ovsdbapp.backend.ovs_idl.vlog [None req-e49e967a-9e62-4171-bba5-b650be39f5f2 None None] ssl:199.19.213.91:6641: connecting...
Jun 17 20:31:04.765338 np0000181556 neutron-rpc-server[109429]: DEBUG cotyledon.oslo_config_glue [-] l3_ha_network_type = {{(pid=109429) log_opt_values /opt/stack/data/venv/lib/python3.12/site-packages/oslo_config/cfg.py:3242}}
Jun 17 20:31:04.765556 np0000181556 neutron-rpc-server[109396]: WARNING neutron.plugins.ml2.drivers.ovn.mech_driver.mech_driver [-] uWSGI is the only supported loader for the Neutron API; it provides, via ``uwsgi`` library, the worker ID. If other loader is used, a random hash ring node UUID will be provided
Jun 17 20:31:04.765777 np0000181556 neutron-rpc-server[109429]: DEBUG cotyledon.oslo_config_glue [-] log_color = False {{(pid=109429) log_opt_values /opt/stack/data/venv/lib/python3.12/site-packages/oslo_config/cfg.py:3242}}
Jun 17 20:31:04.765777 np0000181556 neutron-rpc-server[109429]: DEBUG cotyledon.oslo_config_glue [-] log_config_append = None {{(pid=109429) log_opt_values /opt/stack/data/venv/lib/python3.12/site-packages/oslo_config/cfg.py:3242}}
Jun 17 20:31:04.765777 np0000181556 neutron-rpc-server[109429]: DEBUG cotyledon.oslo_config_glue [-] log_date_format = %Y-%m-%d %H:%M:%S {{(pid=109429) log_opt_values /opt/stack/data/venv/lib/python3.12/site-packages/oslo_config/cfg.py:3242}}
Jun 17 20:31:04.765777 np0000181556 neutron-rpc-server[109429]: DEBUG cotyledon.oslo_config_glue [-] log_dir = None {{(pid=109429) log_opt_values /opt/stack/data/venv/lib/python3.12/site-packages/oslo_config/cfg.py:3242}}
Jun 17 20:31:04.765777 np0000181556 neutron-rpc-server[109429]: DEBUG cotyledon.oslo_config_glue [-] log_file = None {{(pid=109429) log_opt_values /opt/stack/data/venv/lib/python3.12/site-packages/oslo_config/cfg.py:3242}}
Jun 17 20:31:04.766113 np0000181556 neutron-rpc-server[109396]: DEBUG ovsdbapp.backend.ovs_idl [None req-a0863cca-7bb6-410f-a6c5-98fbf95ea72b None None] Created lookup_table index Logical_Switch.name {{(pid=109396) autocreate_indices /opt/stack/data/venv/lib/python3.12/site-packages/ovsdbapp/backend/ovs_idl/__init__.py:87}}
Jun 17 20:31:04.766113 np0000181556 neutron-rpc-server[109396]: DEBUG ovsdbapp.backend.ovs_idl [None req-a0863cca-7bb6-410f-a6c5-98fbf95ea72b None None] Created lookup_table index Logical_Router.name {{(pid=109396) autocreate_indices /opt/stack/data/venv/lib/python3.12/site-packages/ovsdbapp/backend/ovs_idl/__init__.py:87}}
Jun 17 20:31:04.766113 np0000181556 neutron-rpc-server[109396]: DEBUG ovsdbapp.backend.ovs_idl [None req-a0863cca-7bb6-410f-a6c5-98fbf95ea72b None None] Created lookup_table index Load_Balancer.name {{(pid=109396) autocreate_indices /opt/stack/data/venv/lib/python3.12/site-packages/ovsdbapp/backend/ovs_idl/__init__.py:87}}
Jun 17 20:31:04.766382 np0000181556 neutron-rpc-server[109429]: DEBUG cotyledon.oslo_config_glue [-] log_options = True {{(pid=109429) log_opt_values /opt/stack/data/venv/lib/python3.12/site-packages/oslo_config/cfg.py:3242}}
Jun 17 20:31:04.766382 np0000181556 neutron-rpc-server[109429]: DEBUG cotyledon.oslo_config_glue [-] log_rotate_interval = 1 {{(pid=109429) log_opt_values /opt/stack/data/venv/lib/python3.12/site-packages/oslo_config/cfg.py:3242}}
Jun 17 20:31:04.766382 np0000181556 neutron-rpc-server[109429]: DEBUG cotyledon.oslo_config_glue [-] log_rotate_interval_type = days {{(pid=109429) log_opt_values /opt/stack/data/venv/lib/python3.12/site-packages/oslo_config/cfg.py:3242}}
Jun 17 20:31:04.766382 np0000181556 neutron-rpc-server[109429]: DEBUG cotyledon.oslo_config_glue [-] log_rotation_type = none {{(pid=109429) log_opt_values /opt/stack/data/venv/lib/python3.12/site-packages/oslo_config/cfg.py:3242}}
Jun 17 20:31:04.766382 np0000181556 neutron-rpc-server[109429]: DEBUG cotyledon.oslo_config_glue [-] logging_context_format_string = %(color)s%(levelname)s %(name)s [%(global_request_id)s %(request_id)s %(project_name)s %(user_name)s%(color)s] %(instance)s%(color)s%(message)s {{(pid=109429) log_opt_values /opt/stack/data/venv/lib/python3.12/site-packages/oslo_config/cfg.py:3242}}
Jun 17 20:31:04.766382 np0000181556 neutron-rpc-server[109429]: DEBUG cotyledon.oslo_config_glue [-] logging_debug_format_suffix = {{(pid=%(process)d) %(funcName)s %(pathname)s:%(lineno)d}} {{(pid=109429) log_opt_values /opt/stack/data/venv/lib/python3.12/site-packages/oslo_config/cfg.py:3242}}
Jun 17 20:31:04.766382 np0000181556 neutron-rpc-server[109429]: DEBUG cotyledon.oslo_config_glue [-] logging_default_format_string = %(color)s%(levelname)s %(name)s [-%(color)s] %(instance)s%(color)s%(message)s {{(pid=109429) log_opt_values /opt/stack/data/venv/lib/python3.12/site-packages/oslo_config/cfg.py:3242}}
Jun 17 20:31:04.766844 np0000181556 neutron-rpc-server[109429]: DEBUG cotyledon.oslo_config_glue [-] logging_exception_prefix = ERROR %(name)s %(instance)s {{(pid=109429) log_opt_values /opt/stack/data/venv/lib/python3.12/site-packages/oslo_config/cfg.py:3242}}
Jun 17 20:31:04.766844 np0000181556 neutron-rpc-server[109429]: DEBUG cotyledon.oslo_config_glue [-] logging_user_identity_format = %(user)s %(project)s %(domain)s %(system_scope)s %(user_domain)s %(project_domain)s {{(pid=109429) log_opt_values /opt/stack/data/venv/lib/python3.12/site-packages/oslo_config/cfg.py:3242}}
Jun 17 20:31:04.766844 np0000181556 neutron-rpc-server[109429]: DEBUG cotyledon.oslo_config_glue [-] max_allowed_address_pair = 10 {{(pid=109429) log_opt_values /opt/stack/data/venv/lib/python3.12/site-packages/oslo_config/cfg.py:3242}}
Jun 17 20:31:04.766844 np0000181556 neutron-rpc-server[109429]: DEBUG cotyledon.oslo_config_glue [-] max_dns_nameservers = 5 {{(pid=109429) log_opt_values /opt/stack/data/venv/lib/python3.12/site-packages/oslo_config/cfg.py:3242}}
Jun 17 20:31:04.766844 np0000181556 neutron-rpc-server[109429]: DEBUG cotyledon.oslo_config_glue [-] max_header_line = 16384 {{(pid=109429) log_opt_values /opt/stack/data/venv/lib/python3.12/site-packages/oslo_config/cfg.py:3242}}
Jun 17 20:31:04.766844 np0000181556 neutron-rpc-server[109429]: DEBUG cotyledon.oslo_config_glue [-] max_l3_agents_per_router = 3 {{(pid=109429) log_opt_values /opt/stack/data/venv/lib/python3.12/site-packages/oslo_config/cfg.py:3242}}
Jun 17 20:31:04.766844 np0000181556 neutron-rpc-server[109429]: DEBUG cotyledon.oslo_config_glue [-] max_logfile_count = 30 {{(pid=109429) log_opt_values /opt/stack/data/venv/lib/python3.12/site-packages/oslo_config/cfg.py:3242}}
Jun 17 20:31:04.766844 np0000181556 neutron-rpc-server[109429]: DEBUG cotyledon.oslo_config_glue [-] max_logfile_size_mb = 200 {{(pid=109429) log_opt_values /opt/stack/data/venv/lib/python3.12/site-packages/oslo_config/cfg.py:3242}}
Jun 17 20:31:04.767352 np0000181556 neutron-rpc-server[109381]: INFO ovsdbapp.backend.ovs_idl.vlog [None req-e49e967a-9e62-4171-bba5-b650be39f5f2 None None] ssl:199.19.213.91:6641: connected
Jun 17 20:31:04.767601 np0000181556 neutron-rpc-server[109396]: DEBUG ovsdbapp.backend.ovs_idl [None req-a0863cca-7bb6-410f-a6c5-98fbf95ea72b None None] Created schema index Copp.name {{(pid=109396) autocreate_indices /opt/stack/data/venv/lib/python3.12/site-packages/ovsdbapp/backend/ovs_idl/__init__.py:106}}
Jun 17 20:31:04.767774 np0000181556 neutron-rpc-server[109429]: DEBUG cotyledon.oslo_config_glue [-] max_routes = 30 {{(pid=109429) log_opt_values /opt/stack/data/venv/lib/python3.12/site-packages/oslo_config/cfg.py:3242}}
Jun 17 20:31:04.767774 np0000181556 neutron-rpc-server[109429]: DEBUG cotyledon.oslo_config_glue [-] max_subnet_host_routes = 20 {{(pid=109429) log_opt_values /opt/stack/data/venv/lib/python3.12/site-packages/oslo_config/cfg.py:3242}}
Jun 17 20:31:04.767981 np0000181556 neutron-rpc-server[109396]: DEBUG ovsdbapp.backend.ovs_idl [None req-a0863cca-7bb6-410f-a6c5-98fbf95ea72b None None] Created schema index Meter.name {{(pid=109396) autocreate_indices /opt/stack/data/venv/lib/python3.12/site-packages/ovsdbapp/backend/ovs_idl/__init__.py:106}}
Jun 17 20:31:04.768229 np0000181556 neutron-rpc-server[109429]: DEBUG cotyledon.oslo_config_glue [-] my_ip = 199.19.213.91 {{(pid=109429) log_opt_values /opt/stack/data/venv/lib/python3.12/site-packages/oslo_config/cfg.py:3242}}
Jun 17 20:31:04.768447 np0000181556 neutron-rpc-server[109396]: DEBUG ovsdbapp.backend.ovs_idl [None req-a0863cca-7bb6-410f-a6c5-98fbf95ea72b None None] Created schema index Load_Balancer_Group.name {{(pid=109396) autocreate_indices /opt/stack/data/venv/lib/python3.12/site-packages/ovsdbapp/backend/ovs_idl/__init__.py:106}}
Jun 17 20:31:04.768621 np0000181556 neutron-rpc-server[109429]: DEBUG cotyledon.oslo_config_glue [-] my_ipv6 = 2604:e100:1:0:f816:3eff:fefd:25dd {{(pid=109429) log_opt_values /opt/stack/data/venv/lib/python3.12/site-packages/oslo_config/cfg.py:3242}}
Jun 17 20:31:04.768797 np0000181556 neutron-rpc-server[109396]: DEBUG ovsdbapp.backend.ovs_idl [None req-a0863cca-7bb6-410f-a6c5-98fbf95ea72b None None] Created schema index HA_Chassis_Group.name {{(pid=109396) autocreate_indices /opt/stack/data/venv/lib/python3.12/site-packages/ovsdbapp/backend/ovs_idl/__init__.py:106}}
Jun 17 20:31:04.768797 np0000181556 neutron-rpc-server[109396]: DEBUG ovsdbapp.backend.ovs_idl [None req-a0863cca-7bb6-410f-a6c5-98fbf95ea72b None None] Created schema index Address_Set.name {{(pid=109396) autocreate_indices /opt/stack/data/venv/lib/python3.12/site-packages/ovsdbapp/backend/ovs_idl/__init__.py:106}}
Jun 17 20:31:04.768797 np0000181556 neutron-rpc-server[109396]: DEBUG ovsdbapp.backend.ovs_idl [None req-a0863cca-7bb6-410f-a6c5-98fbf95ea72b None None] Created schema index Connection.target {{(pid=109396) autocreate_indices /opt/stack/data/venv/lib/python3.12/site-packages/ovsdbapp/backend/ovs_idl/__init__.py:106}}
Jun 17 20:31:04.769080 np0000181556 neutron-rpc-server[109429]: DEBUG cotyledon.oslo_config_glue [-] network_auto_schedule = True {{(pid=109429) log_opt_values /opt/stack/data/venv/lib/python3.12/site-packages/oslo_config/cfg.py:3242}}
Jun 17 20:31:04.769282 np0000181556 neutron-rpc-server[109396]: DEBUG ovsdbapp.backend.ovs_idl [None req-a0863cca-7bb6-410f-a6c5-98fbf95ea72b None None] Created schema index Gateway_Chassis.name {{(pid=109396) autocreate_indices /opt/stack/data/venv/lib/python3.12/site-packages/ovsdbapp/backend/ovs_idl/__init__.py:106}}
Jun 17 20:31:04.769282 np0000181556 neutron-rpc-server[109396]: DEBUG ovsdbapp.backend.ovs_idl [None req-a0863cca-7bb6-410f-a6c5-98fbf95ea72b None None] Created schema index Mirror.name {{(pid=109396) autocreate_indices /opt/stack/data/venv/lib/python3.12/site-packages/ovsdbapp/backend/ovs_idl/__init__.py:106}}
Jun 17 20:31:04.769533 np0000181556 neutron-rpc-server[109429]: DEBUG cotyledon.oslo_config_glue [-] network_link_prefix = None {{(pid=109429) log_opt_values /opt/stack/data/venv/lib/python3.12/site-packages/oslo_config/cfg.py:3242}}
Jun 17 20:31:04.769704 np0000181556 neutron-rpc-server[109396]: DEBUG ovsdbapp.backend.ovs_idl [None req-a0863cca-7bb6-410f-a6c5-98fbf95ea72b None None] Created schema index Chassis_Template_Var.chassis {{(pid=109396) autocreate_indices /opt/stack/data/venv/lib/python3.12/site-packages/ovsdbapp/backend/ovs_idl/__init__.py:106}}
Jun 17 20:31:04.769704 np0000181556 neutron-rpc-server[109396]: DEBUG ovsdbapp.backend.ovs_idl [None req-a0863cca-7bb6-410f-a6c5-98fbf95ea72b None None] Created schema index Logical_Router_Port.name {{(pid=109396) autocreate_indices /opt/stack/data/venv/lib/python3.12/site-packages/ovsdbapp/backend/ovs_idl/__init__.py:106}}
Jun 17 20:31:04.769704 np0000181556 neutron-rpc-server[109396]: DEBUG ovsdbapp.backend.ovs_idl [None req-a0863cca-7bb6-410f-a6c5-98fbf95ea72b None None] Created schema index Port_Group.name {{(pid=109396) autocreate_indices /opt/stack/data/venv/lib/python3.12/site-packages/ovsdbapp/backend/ovs_idl/__init__.py:106}}
Jun 17 20:31:04.770104 np0000181556 neutron-rpc-server[109429]: DEBUG cotyledon.oslo_config_glue [-] network_scheduler_driver = neutron.scheduler.dhcp_agent_scheduler.WeightScheduler {{(pid=109429) log_opt_values /opt/stack/data/venv/lib/python3.12/site-packages/oslo_config/cfg.py:3242}}
Jun 17 20:31:04.770312 np0000181556 neutron-rpc-server[109396]: DEBUG ovsdbapp.backend.ovs_idl [None req-a0863cca-7bb6-410f-a6c5-98fbf95ea72b None None] Created schema index Logical_Switch_Port.name {{(pid=109396) autocreate_indices /opt/stack/data/venv/lib/python3.12/site-packages/ovsdbapp/backend/ovs_idl/__init__.py:106}}
Jun 17 20:31:04.770499 np0000181556 neutron-rpc-server[109429]: DEBUG cotyledon.oslo_config_glue [-] notify_nova_on_port_data_changes = True {{(pid=109429) log_opt_values /opt/stack/data/venv/lib/python3.12/site-packages/oslo_config/cfg.py:3242}}
Jun 17 20:31:04.770499 np0000181556 neutron-rpc-server[109429]: DEBUG cotyledon.oslo_config_glue [-] notify_nova_on_port_status_changes = True {{(pid=109429) log_opt_values /opt/stack/data/venv/lib/python3.12/site-packages/oslo_config/cfg.py:3242}}
Jun 17 20:31:04.770499 np0000181556 neutron-rpc-server[109429]: DEBUG cotyledon.oslo_config_glue [-] pagination_max_limit = -1 {{(pid=109429) log_opt_values /opt/stack/data/venv/lib/python3.12/site-packages/oslo_config/cfg.py:3242}}
Jun 17 20:31:04.770499 np0000181556 neutron-rpc-server[109429]: DEBUG cotyledon.oslo_config_glue [-] periodic_fuzzy_delay = 5 {{(pid=109429) log_opt_values /opt/stack/data/venv/lib/python3.12/site-packages/oslo_config/cfg.py:3242}}
Jun 17 20:31:04.770499 np0000181556 neutron-rpc-server[109429]: DEBUG cotyledon.oslo_config_glue [-] periodic_interval = 40 {{(pid=109429) log_opt_values /opt/stack/data/venv/lib/python3.12/site-packages/oslo_config/cfg.py:3242}}
Jun 17 20:31:04.770499 np0000181556 neutron-rpc-server[109429]: DEBUG cotyledon.oslo_config_glue [-] publish_errors = False {{(pid=109429) log_opt_values /opt/stack/data/venv/lib/python3.12/site-packages/oslo_config/cfg.py:3242}}
Jun 17 20:31:04.770499 np0000181556 neutron-rpc-server[109429]: DEBUG cotyledon.oslo_config_glue [-] rate_limit_burst = 0 {{(pid=109429) log_opt_values /opt/stack/data/venv/lib/python3.12/site-packages/oslo_config/cfg.py:3242}}
Jun 17 20:31:04.770499 np0000181556 neutron-rpc-server[109429]: DEBUG cotyledon.oslo_config_glue [-] rate_limit_except_level = CRITICAL {{(pid=109429) log_opt_values /opt/stack/data/venv/lib/python3.12/site-packages/oslo_config/cfg.py:3242}}
Jun 17 20:31:04.770499 np0000181556 neutron-rpc-server[109429]: DEBUG cotyledon.oslo_config_glue [-] rate_limit_interval = 0 {{(pid=109429) log_opt_values /opt/stack/data/venv/lib/python3.12/site-packages/oslo_config/cfg.py:3242}}
Jun 17 20:31:04.770980 np0000181556 neutron-rpc-server[109388]: INFO ovsdbapp.backend.ovs_idl.vlog [None req-c9d9c2b5-16e3-46d4-ab6a-610c4a3a6156 None None] ssl:199.19.213.91:6641: connected
Jun 17 20:31:04.771188 np0000181556 neutron-rpc-server[109429]: DEBUG cotyledon.oslo_config_glue [-] router_distributed = False {{(pid=109429) log_opt_values /opt/stack/data/venv/lib/python3.12/site-packages/oslo_config/cfg.py:3242}}
Jun 17 20:31:04.771188 np0000181556 neutron-rpc-server[109429]: DEBUG cotyledon.oslo_config_glue [-] rpc_resources_processing_step = 20 {{(pid=109429) log_opt_values /opt/stack/data/venv/lib/python3.12/site-packages/oslo_config/cfg.py:3242}}
Jun 17 20:31:04.771462 np0000181556 neutron-rpc-server[109396]: INFO ovsdbapp.backend.ovs_idl.vlog [None req-a0863cca-7bb6-410f-a6c5-98fbf95ea72b None None] ssl:199.19.213.91:6641: connecting...
Jun 17 20:31:04.771633 np0000181556 neutron-rpc-server[109429]: DEBUG cotyledon.oslo_config_glue [-] rpc_response_max_timeout = 600 {{(pid=109429) log_opt_values /opt/stack/data/venv/lib/python3.12/site-packages/oslo_config/cfg.py:3242}}
Jun 17 20:31:04.771633 np0000181556 neutron-rpc-server[109429]: DEBUG cotyledon.oslo_config_glue [-] rpc_response_timeout = 60 {{(pid=109429) log_opt_values /opt/stack/data/venv/lib/python3.12/site-packages/oslo_config/cfg.py:3242}}
Jun 17 20:31:04.771633 np0000181556 neutron-rpc-server[109429]: DEBUG cotyledon.oslo_config_glue [-] rpc_state_report_workers = 0 {{(pid=109429) log_opt_values /opt/stack/data/venv/lib/python3.12/site-packages/oslo_config/cfg.py:3242}}
Jun 17 20:31:04.771633 np0000181556 neutron-rpc-server[109429]: DEBUG cotyledon.oslo_config_glue [-] rpc_workers = None {{(pid=109429) log_opt_values /opt/stack/data/venv/lib/python3.12/site-packages/oslo_config/cfg.py:3242}}
Jun 17 20:31:04.771633 np0000181556 neutron-rpc-server[109429]: DEBUG cotyledon.oslo_config_glue [-] send_events_interval = 2 {{(pid=109429) log_opt_values /opt/stack/data/venv/lib/python3.12/site-packages/oslo_config/cfg.py:3242}}
Jun 17 20:31:04.771633 np0000181556 neutron-rpc-server[109429]: DEBUG cotyledon.oslo_config_glue [-] service_plugins = ['ovn-router'] {{(pid=109429) log_opt_values /opt/stack/data/venv/lib/python3.12/site-packages/oslo_config/cfg.py:3242}}
Jun 17 20:31:04.771633 np0000181556 neutron-rpc-server[109429]: DEBUG cotyledon.oslo_config_glue [-] setproctitle = on {{(pid=109429) log_opt_values /opt/stack/data/venv/lib/python3.12/site-packages/oslo_config/cfg.py:3242}}
Jun 17 20:31:04.771633 np0000181556 neutron-rpc-server[109429]: DEBUG cotyledon.oslo_config_glue [-] shell_completion = None {{(pid=109429) log_opt_values /opt/stack/data/venv/lib/python3.12/site-packages/oslo_config/cfg.py:3242}}
Jun 17 20:31:04.771633 np0000181556 neutron-rpc-server[109429]: DEBUG cotyledon.oslo_config_glue [-] state_path = /opt/stack/data/neutron {{(pid=109429) log_opt_values /opt/stack/data/venv/lib/python3.12/site-packages/oslo_config/cfg.py:3242}}
