Apr 24 19:14:53.263707 np0000170086 devstack@neutron-api.service[104215]: DEBUG dbcounter [-] [104215] Writing DB stats neutron:SELECT=182,neutron:UPDATE=13,neutron:INSERT=11,neutron:DELETE=2 {{(pid=104215) stat_writer /opt/stack/data/venv/lib/python3.12/site-packages/dbcounter.py:115}}
Apr 24 19:14:53.670552 np0000170086 devstack@neutron-api.service[104213]: DEBUG futurist.periodics [-] Submitting periodic callback 'neutron.plugins.ml2.drivers.ovn.mech_driver.ovsdb.maintenance.HashRingHealthCheckPeriodics.touch_hash_ring_node' {{(pid=104213) _process_scheduled /opt/stack/data/venv/lib/python3.12/site-packages/futurist/periodics.py:784}}
Apr 24 19:14:53.671240 np0000170086 devstack@neutron-api.service[104213]: DEBUG neutron.plugins.ml2.drivers.ovn.mech_driver.ovsdb.maintenance [-] Touching Hash Ring node "80091699aad8598eae5ffe28f33cfaff" from periodic health check thread {{(pid=104213) touch_hash_ring_node /opt/stack/neutron/neutron/plugins/ml2/drivers/ovn/mech_driver/ovsdb/maintenance.py:1449}}
Apr 24 19:14:54.459166 np0000170086 devstack@neutron-api.service[104216]: DEBUG dbcounter [-] [104216] Writing DB stats neutron:SELECT=321,neutron:INSERT=29,neutron:UPDATE=27,neutron:DELETE=3 {{(pid=104216) stat_writer /opt/stack/data/venv/lib/python3.12/site-packages/dbcounter.py:115}}
Apr 24 19:14:54.497102 np0000170086 devstack@neutron-api.service[104215]: DEBUG futurist.periodics [-] Submitting periodic callback 'neutron.plugins.ml2.drivers.ovn.mech_driver.ovsdb.maintenance.HashRingHealthCheckPeriodics.touch_hash_ring_node' {{(pid=104215) _process_scheduled /opt/stack/data/venv/lib/python3.12/site-packages/futurist/periodics.py:784}}
Apr 24 19:14:54.497684 np0000170086 devstack@neutron-api.service[104215]: DEBUG neutron.plugins.ml2.drivers.ovn.mech_driver.ovsdb.maintenance [-] Touching Hash Ring node "3d96667703345606af2cac2491e45855" from periodic health check thread {{(pid=104215) touch_hash_ring_node /opt/stack/neutron/neutron/plugins/ml2/drivers/ovn/mech_driver/ovsdb/maintenance.py:1449}}
Apr 24 19:14:54.508813 np0000170086 devstack@neutron-api.service[104214]: DEBUG futurist.periodics [-] Submitting periodic callback 'neutron.plugins.ml2.drivers.ovn.mech_driver.ovsdb.maintenance.HashRingHealthCheckPeriodics.touch_hash_ring_node' {{(pid=104214) _process_scheduled /opt/stack/data/venv/lib/python3.12/site-packages/futurist/periodics.py:784}}
Apr 24 19:14:54.509267 np0000170086 devstack@neutron-api.service[104214]: DEBUG neutron.plugins.ml2.drivers.ovn.mech_driver.ovsdb.maintenance [-] Touching Hash Ring node "4a2d69e4beaf5a00982f4d08d7e7d6c6" from periodic health check thread {{(pid=104214) touch_hash_ring_node /opt/stack/neutron/neutron/plugins/ml2/drivers/ovn/mech_driver/ovsdb/maintenance.py:1449}}
Apr 24 19:14:54.531806 np0000170086 devstack@neutron-api.service[104216]: DEBUG futurist.periodics [-] Submitting periodic callback 'neutron.plugins.ml2.drivers.ovn.mech_driver.ovsdb.maintenance.HashRingHealthCheckPeriodics.touch_hash_ring_node' {{(pid=104216) _process_scheduled /opt/stack/data/venv/lib/python3.12/site-packages/futurist/periodics.py:784}}
Apr 24 19:14:54.532444 np0000170086 devstack@neutron-api.service[104216]: DEBUG neutron.plugins.ml2.drivers.ovn.mech_driver.ovsdb.maintenance [-] Touching Hash Ring node "0399a131ec045a339705bf5c09f463a3" from periodic health check thread {{(pid=104216) touch_hash_ring_node /opt/stack/neutron/neutron/plugins/ml2/drivers/ovn/mech_driver/ovsdb/maintenance.py:1449}}
Apr 24 19:14:59.867562 np0000170086 devstack@neutron-api.service[104215]: DEBUG neutron.pecan_wsgi.hooks.policy_enforcement [None req-45831fbe-91c8-4c8d-978c-5437626e4251 demo demo] Attributes excluded by policy engine: ['standard_attr_id', 'provider:network_type', 'provider:physical_network', 'provider:segmentation_id'] {{(pid=104215) _exclude_attributes_by_policy /opt/stack/neutron/neutron/pecan_wsgi/hooks/policy_enforcement.py:256}}
Apr 24 19:14:59.868452 np0000170086 devstack@neutron-api.service[104215]: [pid: 104215|app: 0|req: 27/108] 199.204.45.138 () {64 vars in 1304 bytes} [Fri Apr 24 19:14:59 2026] GET /networking/v2.0/networks?router%3Aexternal=True => generated 659 bytes in 50 msecs (HTTP/1.1 200) 4 headers in 157 bytes (1 switches on core 0)
Apr 24 19:15:03.680699 np0000170086 devstack@neutron-api.service[104213]: DEBUG dbcounter [-] [104213] Writing DB stats neutron:SELECT=48,neutron:UPDATE=5,neutron:INSERT=1 {{(pid=104213) stat_writer /opt/stack/data/venv/lib/python3.12/site-packages/dbcounter.py:115}}
Apr 24 19:15:04.519688 np0000170086 devstack@neutron-api.service[104214]: DEBUG dbcounter [-] [104214] Writing DB stats neutron:SELECT=256,neutron:UPDATE=16,neutron:INSERT=11,neutron:DELETE=2 {{(pid=104214) stat_writer /opt/stack/data/venv/lib/python3.12/site-packages/dbcounter.py:115}}
Apr 24 19:15:04.542970 np0000170086 devstack@neutron-api.service[104216]: DEBUG dbcounter [-] [104216] Writing DB stats neutron:UPDATE=1,neutron:SELECT=1 {{(pid=104216) stat_writer /opt/stack/data/venv/lib/python3.12/site-packages/dbcounter.py:115}}
Apr 24 19:15:04.931992 np0000170086 devstack@neutron-api.service[104216]: DEBUG neutron.pecan_wsgi.hooks.policy_enforcement [None req-18e562ba-24c7-4bed-80b7-cc1bd5ad2c16 demo demo] Attributes excluded by policy engine: ['standard_attr_id', 'provider:network_type', 'provider:physical_network', 'provider:segmentation_id'] {{(pid=104216) _exclude_attributes_by_policy /opt/stack/neutron/neutron/pecan_wsgi/hooks/policy_enforcement.py:256}}
Apr 24 19:15:04.933006 np0000170086 devstack@neutron-api.service[104216]: [pid: 104216|app: 0|req: 27/109] 199.204.45.138 () {64 vars in 1304 bytes} [Fri Apr 24 19:15:04 2026] GET /networking/v2.0/networks?router%3Aexternal=True => generated 659 bytes in 56 msecs (HTTP/1.1 200) 4 headers in 157 bytes (1 switches on core 0)
Apr 24 19:15:08.671350 np0000170086 devstack@neutron-api.service[104213]: DEBUG futurist.periodics [-] Submitting periodic callback 'neutron.plugins.ml2.drivers.ovn.mech_driver.ovsdb.maintenance.HashRingHealthCheckPeriodics.touch_hash_ring_node' {{(pid=104213) _process_scheduled /opt/stack/data/venv/lib/python3.12/site-packages/futurist/periodics.py:784}}
Apr 24 19:15:08.671864 np0000170086 devstack@neutron-api.service[104213]: DEBUG neutron.plugins.ml2.drivers.ovn.mech_driver.ovsdb.maintenance [-] Touching Hash Ring node "80091699aad8598eae5ffe28f33cfaff" from periodic health check thread {{(pid=104213) touch_hash_ring_node /opt/stack/neutron/neutron/plugins/ml2/drivers/ovn/mech_driver/ovsdb/maintenance.py:1449}}
Apr 24 19:15:09.497763 np0000170086 devstack@neutron-api.service[104215]: DEBUG futurist.periodics [-] Submitting periodic callback 'neutron.plugins.ml2.drivers.ovn.mech_driver.ovsdb.maintenance.HashRingHealthCheckPeriodics.touch_hash_ring_node' {{(pid=104215) _process_scheduled /opt/stack/data/venv/lib/python3.12/site-packages/futurist/periodics.py:784}}
Apr 24 19:15:09.498625 np0000170086 devstack@neutron-api.service[104215]: DEBUG neutron.plugins.ml2.drivers.ovn.mech_driver.ovsdb.maintenance [-] Touching Hash Ring node "3d96667703345606af2cac2491e45855" from periodic health check thread {{(pid=104215) touch_hash_ring_node /opt/stack/neutron/neutron/plugins/ml2/drivers/ovn/mech_driver/ovsdb/maintenance.py:1449}}
Apr 24 19:15:09.509795 np0000170086 devstack@neutron-api.service[104214]: DEBUG futurist.periodics [-] Submitting periodic callback 'neutron.plugins.ml2.drivers.ovn.mech_driver.ovsdb.maintenance.HashRingHealthCheckPeriodics.touch_hash_ring_node' {{(pid=104214) _process_scheduled /opt/stack/data/venv/lib/python3.12/site-packages/futurist/periodics.py:784}}
Apr 24 19:15:09.510514 np0000170086 devstack@neutron-api.service[104214]: DEBUG neutron.plugins.ml2.drivers.ovn.mech_driver.ovsdb.maintenance [-] Touching Hash Ring node "4a2d69e4beaf5a00982f4d08d7e7d6c6" from periodic health check thread {{(pid=104214) touch_hash_ring_node /opt/stack/neutron/neutron/plugins/ml2/drivers/ovn/mech_driver/ovsdb/maintenance.py:1449}}
Apr 24 19:15:09.532500 np0000170086 devstack@neutron-api.service[104216]: DEBUG futurist.periodics [-] Submitting periodic callback 'neutron.plugins.ml2.drivers.ovn.mech_driver.ovsdb.maintenance.HashRingHealthCheckPeriodics.touch_hash_ring_node' {{(pid=104216) _process_scheduled /opt/stack/data/venv/lib/python3.12/site-packages/futurist/periodics.py:784}}
Apr 24 19:15:09.534895 np0000170086 devstack@neutron-api.service[104216]: DEBUG neutron.plugins.ml2.drivers.ovn.mech_driver.ovsdb.maintenance [-] Touching Hash Ring node "0399a131ec045a339705bf5c09f463a3" from periodic health check thread {{(pid=104216) touch_hash_ring_node /opt/stack/neutron/neutron/plugins/ml2/drivers/ovn/mech_driver/ovsdb/maintenance.py:1449}}
Apr 24 19:15:12.873542 np0000170086 devstack@neutron-api.service[104213]: DEBUG neutron.pecan_wsgi.hooks.policy_enforcement [None req-db3371a3-8261-4bf3-9e1d-ee69579ee326 demo demo] Attributes excluded by policy engine: ['standard_attr_id', 'provider:network_type', 'provider:physical_network', 'provider:segmentation_id'] {{(pid=104213) _exclude_attributes_by_policy /opt/stack/neutron/neutron/pecan_wsgi/hooks/policy_enforcement.py:256}}
Apr 24 19:15:12.874234 np0000170086 devstack@neutron-api.service[104213]: [pid: 104213|app: 0|req: 29/110] 199.204.45.138 () {64 vars in 1328 bytes} [Fri Apr 24 19:15:12 2026] GET /networking/v2.0/networks?name=public&router%3Aexternal=True => generated 659 bytes in 46 msecs (HTTP/1.1 200) 4 headers in 157 bytes (1 switches on core 0)
Apr 24 19:15:13.501901 np0000170086 devstack@neutron-api.service[104214]: [pid: 104214|app: 0|req: 28/111] 199.204.45.138 () {64 vars in 1267 bytes} [Fri Apr 24 19:15:13 2026] GET /networking/ => generated 130 bytes in 3 msecs (HTTP/1.1 200) 3 headers in 91 bytes (1 switches on core 0)
Apr 24 19:15:13.688661 np0000170086 devstack@neutron-api.service[104215]: DEBUG neutron.pecan_wsgi.hooks.policy_enforcement [None req-53c6da76-8b1a-41e7-9039-6a6578926bac demo demo] Attributes excluded by policy engine: ['standard_attr_id', 'provider:network_type', 'provider:physical_network', 'provider:segmentation_id'] {{(pid=104215) _exclude_attributes_by_policy /opt/stack/neutron/neutron/pecan_wsgi/hooks/policy_enforcement.py:256}}
Apr 24 19:15:13.689295 np0000170086 devstack@neutron-api.service[104215]: [pid: 104215|app: 0|req: 28/112] 199.204.45.138 () {64 vars in 1416 bytes} [Fri Apr 24 19:15:13 2026] GET /networking/v2.0/networks/213a8009-1cfd-4e9c-a717-9b3b8a5bc694 => generated 656 bytes in 177 msecs (HTTP/1.1 200) 4 headers in 157 bytes (1 switches on core 0)
Apr 24 19:15:13.721482 np0000170086 devstack@neutron-api.service[104216]: [pid: 104216|app: 0|req: 28/113] 199.204.45.138 () {64 vars in 1410 bytes} [Fri Apr 24 19:15:13 2026] GET /networking/v2.0/networks?name=k8s-clusterapi-cluster-magnum-system-kube-pr88y => generated 15 bytes in 24 msecs (HTTP/1.1 200) 4 headers in 156 bytes (1 switches on core 0)
Apr 24 19:15:13.730299 np0000170086 devstack@neutron-api.service[104213]: DEBUG neutron.api.v2.base [None req-8e931fa6-b1aa-4937-acab-2a1d77a7f41b demo demo] Request body: {'network': {'admin_state_up': True, 'name': 'k8s-clusterapi-cluster-magnum-system-kube-pr88y'}} {{(pid=104213) prepare_request_body /opt/stack/neutron/neutron/api/v2/base.py:727}}
Apr 24 19:15:13.751858 np0000170086 devstack@neutron-api.service[104213]: DEBUG neutron.pecan_wsgi.hooks.quota_enforcement [None req-8e931fa6-b1aa-4937-acab-2a1d77a7f41b demo demo] Made reservation on behalf of 8aff4ccb80164d4db2cd29d898999926 for: {'network': 1} {{(pid=104213) before /opt/stack/neutron/neutron/pecan_wsgi/hooks/quota_enforcement.py:66}}
Apr 24 19:15:13.756499 np0000170086 devstack@neutron-api.service[104213]: DEBUG neutron_lib.callbacks.manager [None req-8e931fa6-b1aa-4937-acab-2a1d77a7f41b demo demo] Publish callbacks ['neutron.plugins.ml2.plugin.SecurityGroupDbMixin._ensure_default_security_group_handler-1072329'] for network (None), before_create {{(pid=104213) _notify_loop /opt/stack/data/venv/lib/python3.12/site-packages/neutron_lib/callbacks/manager.py:184}}
Apr 24 19:15:13.761466 np0000170086 devstack@neutron-api.service[104213]: DEBUG neutron_lib.callbacks.manager [None req-8e931fa6-b1aa-4937-acab-2a1d77a7f41b demo demo] Publish callbacks [] for security_group (None), before_create {{(pid=104213) _notify_loop /opt/stack/data/venv/lib/python3.12/site-packages/neutron_lib/callbacks/manager.py:184}}
Apr 24 19:15:13.828157 np0000170086 devstack@neutron-api.service[104213]: DEBUG neutron_lib.callbacks.manager [None req-8e931fa6-b1aa-4937-acab-2a1d77a7f41b demo demo] Publish callbacks ['neutron.plugins.ml2.drivers.ovn.mech_driver.mech_driver.OVNMechanismDriver._create_security_group_precommit-8202556'] for security_group (18a5f23f-561e-447a-a33d-9bb9d2823f67), precommit_create {{(pid=104213) _notify_loop /opt/stack/data/venv/lib/python3.12/site-packages/neutron_lib/callbacks/manager.py:184}}
Apr 24 19:15:13.828308 np0000170086 devstack@neutron-api.service[104213]: DEBUG neutron.db.ovn_revision_numbers_db [None req-8e931fa6-b1aa-4937-acab-2a1d77a7f41b demo demo] create_initial_revision uuid=18a5f23f-561e-447a-a33d-9bb9d2823f67, type=security_groups, rev=-1 {{(pid=104213) create_initial_revision /opt/stack/neutron/neutron/db/ovn_revision_numbers_db.py:98}}
Apr 24 19:15:13.829386 np0000170086 devstack@neutron-api.service[104213]: DEBUG neutron.db.ovn_revision_numbers_db [None req-8e931fa6-b1aa-4937-acab-2a1d77a7f41b demo demo] create_initial_revision uuid=45804e28-fcd0-4659-b4d6-ffea9fff4ca2, type=security_group_rules, rev=-1 {{(pid=104213) create_initial_revision /opt/stack/neutron/neutron/db/ovn_revision_numbers_db.py:98}}
Apr 24 19:15:13.830317 np0000170086 devstack@neutron-api.service[104213]: DEBUG neutron.db.ovn_revision_numbers_db [None req-8e931fa6-b1aa-4937-acab-2a1d77a7f41b demo demo] create_initial_revision uuid=eabf402e-1efd-44f3-bde0-6f1bad069970, type=security_group_rules, rev=-1 {{(pid=104213) create_initial_revision /opt/stack/neutron/neutron/db/ovn_revision_numbers_db.py:98}}
Apr 24 19:15:13.831202 np0000170086 devstack@neutron-api.service[104213]: DEBUG neutron.db.ovn_revision_numbers_db [None req-8e931fa6-b1aa-4937-acab-2a1d77a7f41b demo demo] create_initial_revision uuid=f250a384-defe-40ce-8d70-f0d2836a0ce6, type=security_group_rules, rev=-1 {{(pid=104213) create_initial_revision /opt/stack/neutron/neutron/db/ovn_revision_numbers_db.py:98}}
Apr 24 19:15:13.832063 np0000170086 devstack@neutron-api.service[104213]: DEBUG neutron.db.ovn_revision_numbers_db [None req-8e931fa6-b1aa-4937-acab-2a1d77a7f41b demo demo] create_initial_revision uuid=fe952881-81de-477e-a742-b422f2f067e9, type=security_group_rules, rev=-1 {{(pid=104213) create_initial_revision /opt/stack/neutron/neutron/db/ovn_revision_numbers_db.py:98}}
Apr 24 19:15:13.837536 np0000170086 devstack@neutron-api.service[104213]: DEBUG neutron_lib.callbacks.manager [None req-8e931fa6-b1aa-4937-acab-2a1d77a7f41b demo demo] Publish callbacks ['neutron.plugins.ml2.drivers.ovn.mech_driver.mech_driver.OVNMechanismDriver._create_security_group-8202550', 'neutron.plugins.ml2.ovo_rpc._ObjectChangeHandler.handle_event-7410259'] for security_group (18a5f23f-561e-447a-a33d-9bb9d2823f67), after_create {{(pid=104213) _notify_loop /opt/stack/data/venv/lib/python3.12/site-packages/neutron_lib/callbacks/manager.py:184}}
Apr 24 19:15:13.839325 np0000170086 devstack@neutron-api.service[104213]: DEBUG ovsdbapp.backend.ovs_idl.transaction [None req-0a15b3fd-e00b-490d-b0b9-434040ce44a5 None None] Running txn n=1 command(idx=0): PgAddCommand(_result=None, name=pg_18a5f23f_561e_447a_a33d_9bb9d2823f67, may_exist=False, columns={'acls': [], 'external_ids': {'neutron:security_group_id': '18a5f23f-561e-447a-a33d-9bb9d2823f67'}}) {{(pid=104213) do_commit /opt/stack/data/venv/lib/python3.12/site-packages/ovsdbapp/backend/ovs_idl/transaction.py:89}}
Apr 24 19:15:13.839325 np0000170086 devstack@neutron-api.service[104213]: DEBUG ovsdbapp.backend.ovs_idl.transaction [None req-0a15b3fd-e00b-490d-b0b9-434040ce44a5 None None] Running txn n=1 command(idx=1): PgAclAddCommand(_result=None, entity=pg_18a5f23f_561e_447a_a33d_9bb9d2823f67, direction=from-lport, priority=1002, match=inport == @pg_18a5f23f_561e_447a_a33d_9bb9d2823f67 && ip4, action=allow-related, log=False, may_exist=True, severity=[], name=[], meter=[], external_ids={'neutron:security_group_rule_id': '45804e28-fcd0-4659-b4d6-ffea9fff4ca2'}) {{(pid=104213) do_commit /opt/stack/data/venv/lib/python3.12/site-packages/ovsdbapp/backend/ovs_idl/transaction.py:89}}
Apr 24 19:15:13.839727 np0000170086 devstack@neutron-api.service[104213]: DEBUG ovsdbapp.backend.ovs_idl.transaction [None req-0a15b3fd-e00b-490d-b0b9-434040ce44a5 None None] Running txn n=1 command(idx=2): PgAclAddCommand(_result=None, entity=pg_18a5f23f_561e_447a_a33d_9bb9d2823f67, direction=to-lport, priority=1002, match=outport == @pg_18a5f23f_561e_447a_a33d_9bb9d2823f67 && ip4 && ip4.src == $pg_18a5f23f_561e_447a_a33d_9bb9d2823f67_ip4, action=allow-related, log=False, may_exist=True, severity=[], name=[], meter=[], external_ids={'neutron:security_group_rule_id': 'eabf402e-1efd-44f3-bde0-6f1bad069970'}) {{(pid=104213) do_commit /opt/stack/data/venv/lib/python3.12/site-packages/ovsdbapp/backend/ovs_idl/transaction.py:89}}
Apr 24 19:15:13.840099 np0000170086 devstack@neutron-api.service[104213]: DEBUG ovsdbapp.backend.ovs_idl.transaction [None req-0a15b3fd-e00b-490d-b0b9-434040ce44a5 None None] Running txn n=1 command(idx=3): PgAclAddCommand(_result=None, entity=pg_18a5f23f_561e_447a_a33d_9bb9d2823f67, direction=from-lport, priority=1002, match=inport == @pg_18a5f23f_561e_447a_a33d_9bb9d2823f67 && ip6, action=allow-related, log=False, may_exist=True, severity=[], name=[], meter=[], external_ids={'neutron:security_group_rule_id': 'f250a384-defe-40ce-8d70-f0d2836a0ce6'}) {{(pid=104213) do_commit /opt/stack/data/venv/lib/python3.12/site-packages/ovsdbapp/backend/ovs_idl/transaction.py:89}}
Apr 24 19:15:13.840384 np0000170086 devstack@neutron-api.service[104213]: DEBUG ovsdbapp.backend.ovs_idl.transaction [None req-0a15b3fd-e00b-490d-b0b9-434040ce44a5 None None] Running txn n=1 command(idx=4): PgAclAddCommand(_result=None, entity=pg_18a5f23f_561e_447a_a33d_9bb9d2823f67, direction=to-lport, priority=1002, match=outport == @pg_18a5f23f_561e_447a_a33d_9bb9d2823f67 && ip6 && ip6.src == $pg_18a5f23f_561e_447a_a33d_9bb9d2823f67_ip6, action=allow-related, log=False, may_exist=True, severity=[], name=[], meter=[], external_ids={'neutron:security_group_rule_id': 'fe952881-81de-477e-a742-b422f2f067e9'}) {{(pid=104213) do_commit /opt/stack/data/venv/lib/python3.12/site-packages/ovsdbapp/backend/ovs_idl/transaction.py:89}}
Apr 24 19:15:13.846062 np0000170086 devstack@neutron-api.service[104213]: DEBUG neutron.plugins.ml2.drivers.ovn.mech_driver.ovsdb.ovsdb_monitor [None req-0a15b3fd-e00b-490d-b0b9-434040ce44a5 None None] Touching Hash Ring node "80091699aad8598eae5ffe28f33cfaff" from IDL notify handler {{(pid=104213) notify /opt/stack/neutron/neutron/plugins/ml2/drivers/ovn/mech_driver/ovsdb/ovsdb_monitor.py:906}}
Apr 24 19:15:13.847763 np0000170086 devstack@neutron-api.service[104216]: DEBUG neutron.plugins.ml2.drivers.ovn.mech_driver.ovsdb.ovsdb_monitor [None req-5c9b965c-e099-4e57-92d2-c26d70f20793 None None] Touching Hash Ring node "0399a131ec045a339705bf5c09f463a3" from IDL notify handler {{(pid=104216) notify /opt/stack/neutron/neutron/plugins/ml2/drivers/ovn/mech_driver/ovsdb/ovsdb_monitor.py:906}}
Apr 24 19:15:13.854971 np0000170086 devstack@neutron-api.service[104216]: DEBUG neutron.plugins.ml2.drivers.ovn.mech_driver.ovsdb.ovsdb_monitor [None req-5c9b965c-e099-4e57-92d2-c26d70f20793 None None] Hash Ring: Node 0399a131ec045a339705bf5c09f463a3 (host: np0000170086) handling event "create" for row 0c7367d3-58d8-4d96-ad98-52fc3bbd039c (table: ACL) {{(pid=104216) notify /opt/stack/neutron/neutron/plugins/ml2/drivers/ovn/mech_driver/ovsdb/ovsdb_monitor.py:914}}
Apr 24 19:15:13.855796 np0000170086 devstack@neutron-api.service[104216]: DEBUG neutron.plugins.ml2.drivers.ovn.mech_driver.ovsdb.ovsdb_monitor [None req-5c9b965c-e099-4e57-92d2-c26d70f20793 None None] Touching Hash Ring node "0399a131ec045a339705bf5c09f463a3" from IDL notify handler {{(pid=104216) notify /opt/stack/neutron/neutron/plugins/ml2/drivers/ovn/mech_driver/ovsdb/ovsdb_monitor.py:906}}
Apr 24 19:15:13.856133 np0000170086 devstack@neutron-api.service[104213]: DEBUG neutron.plugins.ml2.drivers.ovn.mech_driver.ovsdb.ovsdb_monitor [None req-0a15b3fd-e00b-490d-b0b9-434040ce44a5 None None] Hash Ring: Node 80091699aad8598eae5ffe28f33cfaff (host: np0000170086) handling event "create" for row 5e8fc88e-d099-4cd9-8ba4-d895e25f74ac (table: ACL) {{(pid=104213) notify /opt/stack/neutron/neutron/plugins/ml2/drivers/ovn/mech_driver/ovsdb/ovsdb_monitor.py:914}}
Apr 24 19:15:13.858901 np0000170086 devstack@neutron-api.service[104216]: DEBUG neutron.plugins.ml2.drivers.ovn.mech_driver.ovsdb.ovsdb_monitor [None req-5c9b965c-e099-4e57-92d2-c26d70f20793 None None] Hash Ring: Node 0399a131ec045a339705bf5c09f463a3 (host: np0000170086) handling event "create" for row d2891a2a-86ac-415d-9f81-5ad98a3d5445 (table: ACL) {{(pid=104216) notify /opt/stack/neutron/neutron/plugins/ml2/drivers/ovn/mech_driver/ovsdb/ovsdb_monitor.py:914}}
Apr 24 19:15:13.860181 np0000170086 devstack@neutron-api.service[104216]: DEBUG neutron.plugins.ml2.drivers.ovn.mech_driver.ovsdb.ovsdb_monitor [None req-5c9b965c-e099-4e57-92d2-c26d70f20793 None None] Touching Hash Ring node "0399a131ec045a339705bf5c09f463a3" from IDL notify handler {{(pid=104216) notify /opt/stack/neutron/neutron/plugins/ml2/drivers/ovn/mech_driver/ovsdb/ovsdb_monitor.py:906}}
Apr 24 19:15:13.863337 np0000170086 devstack@neutron-api.service[104216]: DEBUG neutron.plugins.ml2.drivers.ovn.mech_driver.ovsdb.ovsdb_monitor [None req-5c9b965c-e099-4e57-92d2-c26d70f20793 None None] Hash Ring: Node 0399a131ec045a339705bf5c09f463a3 (host: np0000170086) handling event "create" for row e9ab8868-df84-4dc2-a18e-17305b0984ed (table: ACL) {{(pid=104216) notify /opt/stack/neutron/neutron/plugins/ml2/drivers/ovn/mech_driver/ovsdb/ovsdb_monitor.py:914}}
Apr 24 19:15:13.864487 np0000170086 devstack@neutron-api.service[104216]: DEBUG neutron.plugins.ml2.drivers.ovn.mech_driver.ovsdb.ovsdb_monitor [None req-5c9b965c-e099-4e57-92d2-c26d70f20793 None None] Touching Hash Ring node "0399a131ec045a339705bf5c09f463a3" from IDL notify handler {{(pid=104216) notify /opt/stack/neutron/neutron/plugins/ml2/drivers/ovn/mech_driver/ovsdb/ovsdb_monitor.py:906}}
Apr 24 19:15:13.866831 np0000170086 devstack@neutron-api.service[104216]: DEBUG neutron.plugins.ml2.drivers.ovn.mech_driver.ovsdb.ovsdb_monitor [None req-5c9b965c-e099-4e57-92d2-c26d70f20793 None None] Hash Ring: Node 0399a131ec045a339705bf5c09f463a3 (host: np0000170086) handling event "create" for row 64cd80bb-c4b7-41ee-bf3a-d2c51cba4c1a (table: Port_Group) {{(pid=104216) notify /opt/stack/neutron/neutron/plugins/ml2/drivers/ovn/mech_driver/ovsdb/ovsdb_monitor.py:914}}
Apr 24 19:15:13.882221 np0000170086 devstack@neutron-api.service[104213]: INFO neutron.db.ovn_revision_numbers_db [None req-8e931fa6-b1aa-4937-acab-2a1d77a7f41b demo demo] Successfully bumped revision number for resource 18a5f23f-561e-447a-a33d-9bb9d2823f67 (type: security_groups) to 1
Apr 24 19:15:13.892223 np0000170086 devstack@neutron-api.service[104213]: INFO neutron.db.ovn_revision_numbers_db [None req-8e931fa6-b1aa-4937-acab-2a1d77a7f41b demo demo] Successfully bumped revision number for resource 45804e28-fcd0-4659-b4d6-ffea9fff4ca2 (type: security_group_rules) to 0
Apr 24 19:15:13.911293 np0000170086 devstack@neutron-api.service[104213]: INFO neutron.db.ovn_revision_numbers_db [None req-8e931fa6-b1aa-4937-acab-2a1d77a7f41b demo demo] Successfully bumped revision number for resource eabf402e-1efd-44f3-bde0-6f1bad069970 (type: security_group_rules) to 0
Apr 24 19:15:13.921301 np0000170086 devstack@neutron-api.service[104213]: INFO neutron.db.ovn_revision_numbers_db [None req-8e931fa6-b1aa-4937-acab-2a1d77a7f41b demo demo] Successfully bumped revision number for resource f250a384-defe-40ce-8d70-f0d2836a0ce6 (type: security_group_rules) to 0
Apr 24 19:15:13.936554 np0000170086 devstack@neutron-api.service[104213]: INFO neutron.db.ovn_revision_numbers_db [None req-8e931fa6-b1aa-4937-acab-2a1d77a7f41b demo demo] Successfully bumped revision number for resource fe952881-81de-477e-a742-b422f2f067e9 (type: security_group_rules) to 0
Apr 24 19:15:14.162459 np0000170086 devstack@neutron-api.service[104213]: DEBUG neutron.api.rpc.handlers.resources_rpc [None req-8e931fa6-b1aa-4937-acab-2a1d77a7f41b demo demo] Pushing event updated for resources: {'SecurityGroup': ['ID=18a5f23f-561e-447a-a33d-9bb9d2823f67,revision_number=1']} {{(pid=104213) push /opt/stack/neutron/neutron/api/rpc/handlers/resources_rpc.py:237}}
Apr 24 19:15:14.166415 np0000170086 devstack@neutron-api.service[104213]: DEBUG ovsdbapp.backend.ovs_idl.transaction [None req-0a15b3fd-e00b-490d-b0b9-434040ce44a5 None None] Running txn n=1 command(idx=0): CheckLivenessCommand(_result=None) {{(pid=104213) do_commit /opt/stack/data/venv/lib/python3.12/site-packages/ovsdbapp/backend/ovs_idl/transaction.py:89}}
Apr 24 19:15:14.170350 np0000170086 devstack@neutron-api.service[104213]: DEBUG neutron.api.rpc.callbacks.version_manager [None req-8e931fa6-b1aa-4937-acab-2a1d77a7f41b demo demo] Tracked resource versions report:
Apr 24 19:15:14.170350 np0000170086 devstack@neutron-api.service[104213]: pushed versions:
Apr 24 19:15:14.170350 np0000170086 devstack@neutron-api.service[104213]: { 'AddressGroup': {'1.2'},
Apr 24 19:15:14.170350 np0000170086 devstack@neutron-api.service[104213]: 'Agent': {'1.1'},
Apr 24 19:15:14.170350 np0000170086 devstack@neutron-api.service[104213]: 'ConntrackHelper': {'1.0'},
Apr 24 19:15:14.170350 np0000170086 devstack@neutron-api.service[104213]: 'LocalIPAssociation': {'1.0'},
Apr 24 19:15:14.170350 np0000170086 devstack@neutron-api.service[104213]: 'Log': {'1.0'},
Apr 24 19:15:14.170350 np0000170086 devstack@neutron-api.service[104213]: 'NDPProxy': {'1.0'},
Apr 24 19:15:14.170350 np0000170086 devstack@neutron-api.service[104213]: 'Network': {'1.2'},
Apr 24 19:15:14.170350 np0000170086 devstack@neutron-api.service[104213]: 'Port': {'1.10'},
Apr 24 19:15:14.170350 np0000170086 devstack@neutron-api.service[104213]: 'PortForwarding': {'1.3'},
Apr 24 19:15:14.170350 np0000170086 devstack@neutron-api.service[104213]: 'QosPolicy': {'1.10'},
Apr 24 19:15:14.170350 np0000170086 devstack@neutron-api.service[104213]: 'SecurityGroup': {'1.6'},
Apr 24 19:15:14.170350 np0000170086 devstack@neutron-api.service[104213]: 'SecurityGroupRule': {'1.3'},
Apr 24 19:15:14.170350 np0000170086 devstack@neutron-api.service[104213]: 'SubPort': {'1.0'},
Apr 24 19:15:14.170350 np0000170086 devstack@neutron-api.service[104213]: 'Subnet': {'1.2'},
Apr 24 19:15:14.170350 np0000170086 devstack@neutron-api.service[104213]: 'Trunk': {'1.1'}}
Apr 24 19:15:14.170350 np0000170086 devstack@neutron-api.service[104213]: consumer versions:
Apr 24 19:15:14.170350 np0000170086 devstack@neutron-api.service[104213]: { OVN Neutron agent@np0000170086: {},
Apr 24 19:15:14.170350 np0000170086 devstack@neutron-api.service[104213]: OVN Controller Gateway agent@np0000170086: {}}
Apr 24 19:15:14.170350 np0000170086 devstack@neutron-api.service[104213]: {{(pid=104213) report /opt/stack/neutron/neutron/api/rpc/callbacks/version_manager.py:183}}
Apr 24 19:15:14.172880 np0000170086 devstack@neutron-api.service[104214]: DEBUG neutron.plugins.ml2.drivers.ovn.mech_driver.ovsdb.ovsdb_monitor [None req-8812f648-bed2-497f-9902-ed22d964f0f7 None None] Touching Hash Ring node "4a2d69e4beaf5a00982f4d08d7e7d6c6" from IDL notify handler {{(pid=104214) notify /opt/stack/neutron/neutron/plugins/ml2/drivers/ovn/mech_driver/ovsdb/ovsdb_monitor.py:906}}
Apr 24 19:15:14.177419 np0000170086 devstack@neutron-api.service[104213]: DEBUG neutron.plugins.ml2.drivers.ovn.mech_driver.ovsdb.ovsdb_monitor [None req-7284804a-4cb5-445e-87ec-b56c3415df46 None None] ChassisAgentWriteEvent : Matched Chassis_Private, update, None None {{(pid=104213) matches /opt/stack/neutron/neutron/plugins/ml2/drivers/ovn/mech_driver/ovsdb/ovsdb_monitor.py:64}}
Apr 24 19:15:14.177984 np0000170086 devstack@neutron-api.service[104216]: DEBUG neutron.plugins.ml2.drivers.ovn.mech_driver.ovsdb.ovsdb_monitor [None req-118c1e1d-22db-4cd1-83bb-a12a5eaa9bc2 None None] ChassisAgentWriteEvent : Matched Chassis_Private, update, None None {{(pid=104216) matches /opt/stack/neutron/neutron/plugins/ml2/drivers/ovn/mech_driver/ovsdb/ovsdb_monitor.py:64}}
Apr 24 19:15:14.178944 np0000170086 devstack@neutron-api.service[104214]: DEBUG neutron.plugins.ml2.drivers.ovn.mech_driver.ovsdb.ovsdb_monitor [None req-09d3891c-7fc9-4785-8d42-01d337d42337 None None] ChassisAgentWriteEvent : Matched Chassis_Private, update, None None {{(pid=104214) matches /opt/stack/neutron/neutron/plugins/ml2/drivers/ovn/mech_driver/ovsdb/ovsdb_monitor.py:64}}
Apr 24 19:15:14.179850 np0000170086 devstack@neutron-api.service[104215]: DEBUG neutron.plugins.ml2.drivers.ovn.mech_driver.ovsdb.ovsdb_monitor [None req-451b2b9b-cb49-4f22-a38d-bcdb70d19480 None None] ChassisAgentWriteEvent : Matched Chassis_Private, update, None None {{(pid=104215) matches /opt/stack/neutron/neutron/plugins/ml2/drivers/ovn/mech_driver/ovsdb/ovsdb_monitor.py:64}}
Apr 24 19:15:14.181165 np0000170086 devstack@neutron-api.service[104216]: DEBUG neutron.plugins.ml2.drivers.ovn.mech_driver.ovsdb.ovsdb_monitor [None req-118c1e1d-22db-4cd1-83bb-a12a5eaa9bc2 None None] Touching Hash Ring node "0399a131ec045a339705bf5c09f463a3" from IDL notify handler {{(pid=104216) notify /opt/stack/neutron/neutron/plugins/ml2/drivers/ovn/mech_driver/ovsdb/ovsdb_monitor.py:906}}
Apr 24 19:15:14.181572 np0000170086 devstack@neutron-api.service[104214]: DEBUG neutron.plugins.ml2.drivers.ovn.mech_driver.ovsdb.ovsdb_monitor [None req-8812f648-bed2-497f-9902-ed22d964f0f7 None None] Hash Ring: Node 4a2d69e4beaf5a00982f4d08d7e7d6c6 (host: np0000170086) handling event "update" for row 72497b37-a991-4c07-9cc5-22f3dedb3b4c (table: NB_Global) {{(pid=104214) notify /opt/stack/neutron/neutron/plugins/ml2/drivers/ovn/mech_driver/ovsdb/ovsdb_monitor.py:914}}
Apr 24 19:15:14.182920 np0000170086 devstack@neutron-api.service[104214]: DEBUG neutron.plugins.ml2.drivers.ovn.mech_driver.ovsdb.ovsdb_monitor [None req-8812f648-bed2-497f-9902-ed22d964f0f7 None None] Touching Hash Ring node "4a2d69e4beaf5a00982f4d08d7e7d6c6" from IDL notify handler {{(pid=104214) notify /opt/stack/neutron/neutron/plugins/ml2/drivers/ovn/mech_driver/ovsdb/ovsdb_monitor.py:906}}
Apr 24 19:15:14.185261 np0000170086 devstack@neutron-api.service[104214]: DEBUG neutron.plugins.ml2.drivers.ovn.mech_driver.ovsdb.ovsdb_monitor [None req-8812f648-bed2-497f-9902-ed22d964f0f7 None None] Hash Ring: Node 4a2d69e4beaf5a00982f4d08d7e7d6c6 (host: np0000170086) handling event "update" for row 72497b37-a991-4c07-9cc5-22f3dedb3b4c (table: NB_Global) {{(pid=104214) notify /opt/stack/neutron/neutron/plugins/ml2/drivers/ovn/mech_driver/ovsdb/ovsdb_monitor.py:914}}
Apr 24 19:15:14.185301 np0000170086 devstack@neutron-api.service[104216]: DEBUG neutron.plugins.ml2.drivers.ovn.mech_driver.ovsdb.ovsdb_monitor [None req-118c1e1d-22db-4cd1-83bb-a12a5eaa9bc2 None None] Hash Ring: Node 0399a131ec045a339705bf5c09f463a3 (host: np0000170086) handling event "update" for row 16e3164b-0506-443c-8d98-9670aced5721 (table: Chassis_Private) {{(pid=104216) notify /opt/stack/neutron/neutron/plugins/ml2/drivers/ovn/mech_driver/ovsdb/ovsdb_monitor.py:914}}
Apr 24 19:15:14.186675 np0000170086 devstack@neutron-api.service[104214]: DEBUG neutron.plugins.ml2.drivers.ovn.mech_driver.ovsdb.ovsdb_monitor [None req-8812f648-bed2-497f-9902-ed22d964f0f7 None None] Touching Hash Ring node "4a2d69e4beaf5a00982f4d08d7e7d6c6" from IDL notify handler {{(pid=104214) notify /opt/stack/neutron/neutron/plugins/ml2/drivers/ovn/mech_driver/ovsdb/ovsdb_monitor.py:906}}
Apr 24 19:15:14.188624 np0000170086 devstack@neutron-api.service[104214]: DEBUG neutron.plugins.ml2.drivers.ovn.mech_driver.ovsdb.ovsdb_monitor [None req-8812f648-bed2-497f-9902-ed22d964f0f7 None None] Hash Ring: Node 4a2d69e4beaf5a00982f4d08d7e7d6c6 (host: np0000170086) handling event "update" for row 72497b37-a991-4c07-9cc5-22f3dedb3b4c (table: NB_Global) {{(pid=104214) notify /opt/stack/neutron/neutron/plugins/ml2/drivers/ovn/mech_driver/ovsdb/ovsdb_monitor.py:914}}
Apr 24 19:15:14.189896 np0000170086 devstack@neutron-api.service[104214]: DEBUG neutron.plugins.ml2.drivers.ovn.mech_driver.ovsdb.ovsdb_monitor [None req-8812f648-bed2-497f-9902-ed22d964f0f7 None None] Touching Hash Ring node "4a2d69e4beaf5a00982f4d08d7e7d6c6" from IDL notify handler {{(pid=104214) notify /opt/stack/neutron/neutron/plugins/ml2/drivers/ovn/mech_driver/ovsdb/ovsdb_monitor.py:906}}
Apr 24 19:15:14.191890 np0000170086 devstack@neutron-api.service[104214]: DEBUG neutron.plugins.ml2.drivers.ovn.mech_driver.ovsdb.ovsdb_monitor [None req-8812f648-bed2-497f-9902-ed22d964f0f7 None None] Hash Ring: Node 4a2d69e4beaf5a00982f4d08d7e7d6c6 (host: np0000170086) handling event "update" for row 72497b37-a991-4c07-9cc5-22f3dedb3b4c (table: NB_Global) {{(pid=104214) notify /opt/stack/neutron/neutron/plugins/ml2/drivers/ovn/mech_driver/ovsdb/ovsdb_monitor.py:914}}
Apr 24 19:15:14.213210 np0000170086 devstack@neutron-api.service[104213]: DEBUG neutron.plugins.ml2.drivers.helpers [None req-8e931fa6-b1aa-4937-acab-2a1d77a7f41b demo demo] geneve segment allocate from pool success with {'geneve_vni': 30544} {{(pid=104213) allocate_partially_specified_segment /opt/stack/neutron/neutron/plugins/ml2/drivers/helpers.py:142}}
Apr 24 19:15:14.223822 np0000170086 devstack@neutron-api.service[104213]: DEBUG neutron_lib.callbacks.manager [None req-8e931fa6-b1aa-4937-acab-2a1d77a7f41b demo demo] Publish callbacks ['neutron.services.segments.db._add_segment_host_mapping_for_segment-7867176523276', 'neutron.plugins.ml2.plugin.Ml2Plugin._handle_segment_change-1361111'] for segment (515e76b0-06b0-4cf9-8c49-9ad23bcc10f7), precommit_create {{(pid=104213) _notify_loop /opt/stack/data/venv/lib/python3.12/site-packages/neutron_lib/callbacks/manager.py:184}}
Apr 24 19:15:14.223937 np0000170086 devstack@neutron-api.service[104213]: INFO neutron.db.segments_db [None req-8e931fa6-b1aa-4937-acab-2a1d77a7f41b demo demo] Added segment 515e76b0-06b0-4cf9-8c49-9ad23bcc10f7 of type geneve for network a0c880c1-e3d9-417d-b872-e423241728ef
Apr 24 19:15:14.248002 np0000170086 devstack@neutron-api.service[104213]: DEBUG neutron_lib.callbacks.manager [None req-8e931fa6-b1aa-4937-acab-2a1d77a7f41b demo demo] Publish callbacks ['neutron.services.auto_allocate.db._ensure_external_network_default_value_callback-7867174904802'] for network (a0c880c1-e3d9-417d-b872-e423241728ef), precommit_create {{(pid=104213) _notify_loop /opt/stack/data/venv/lib/python3.12/site-packages/neutron_lib/callbacks/manager.py:184}}
Apr 24 19:15:14.260589 np0000170086 devstack@neutron-api.service[104213]: DEBUG neutron.plugins.ml2.drivers.ovn.mech_driver.mech_driver [None req-8e931fa6-b1aa-4937-acab-2a1d77a7f41b demo demo] Validating network segment with type geneve, segmentation ID 30544, physical network None {{(pid=104213) _validate_network_segments /opt/stack/neutron/neutron/plugins/ml2/drivers/ovn/mech_driver/mech_driver.py:641}}
Apr 24 19:15:14.260718 np0000170086 devstack@neutron-api.service[104213]: DEBUG neutron.db.ovn_revision_numbers_db [None req-8e931fa6-b1aa-4937-acab-2a1d77a7f41b demo demo] create_initial_revision uuid=a0c880c1-e3d9-417d-b872-e423241728ef, type=networks, rev=-1 {{(pid=104213) create_initial_revision /opt/stack/neutron/neutron/db/ovn_revision_numbers_db.py:98}}
Apr 24 19:15:14.273746 np0000170086 devstack@neutron-api.service[104213]: DEBUG neutron_lib.callbacks.manager [None req-8e931fa6-b1aa-4937-acab-2a1d77a7f41b demo demo] Publish callbacks ['neutron.plugins.ml2.ovo_rpc._ObjectChangeHandler.handle_event-7410262'] for network (a0c880c1-e3d9-417d-b872-e423241728ef), after_create {{(pid=104213) _notify_loop /opt/stack/data/venv/lib/python3.12/site-packages/neutron_lib/callbacks/manager.py:184}}
Apr 24 19:15:14.304553 np0000170086 devstack@neutron-api.service[104213]: DEBUG neutron.api.rpc.handlers.resources_rpc [None req-8e931fa6-b1aa-4937-acab-2a1d77a7f41b demo demo] Pushing event updated for resources: {'Network': ['ID=a0c880c1-e3d9-417d-b872-e423241728ef,revision_number=1']} {{(pid=104213) push /opt/stack/neutron/neutron/api/rpc/handlers/resources_rpc.py:237}}
Apr 24 19:15:14.313354 np0000170086 devstack@neutron-api.service[104213]: DEBUG ovsdbapp.backend.ovs_idl.transaction [None req-0a15b3fd-e00b-490d-b0b9-434040ce44a5 None None] Running txn n=1 command(idx=0): AddNetworkCommand(_result=None, network_uuid=a0c880c1-e3d9-417d-b872-e423241728ef, may_exist=True, columns={'external_ids': {'neutron:network_name': 'k8s-clusterapi-cluster-magnum-system-kube-pr88y', 'neutron:mtu': '1372', 'neutron:revision_number': '1', 'neutron:availability_zone_hints': '', 'neutron:provnet-network-type': 'geneve'}, 'other_config': {'mcast_snoop': 'false', 'mcast_flood_unregistered': 'false', 'vlan-passthru': 'false'}}) {{(pid=104213) do_commit /opt/stack/data/venv/lib/python3.12/site-packages/ovsdbapp/backend/ovs_idl/transaction.py:89}}
Apr 24 19:15:14.313560 np0000170086 devstack@neutron-api.service[104213]: DEBUG neutron.common.ovn.utils [None req-0a15b3fd-e00b-490d-b0b9-434040ce44a5 None None] OVS persist_uuid supported=True {{(pid=104213) ovs_persist_uuid_supported /opt/stack/neutron/neutron/common/ovn/utils.py:1537}}
Apr 24 19:15:14.316356 np0000170086 devstack@neutron-api.service[104213]: DEBUG neutron.plugins.ml2.drivers.ovn.mech_driver.ovsdb.ovsdb_monitor [None req-0a15b3fd-e00b-490d-b0b9-434040ce44a5 None None] Touching Hash Ring node "80091699aad8598eae5ffe28f33cfaff" from IDL notify handler {{(pid=104213) notify /opt/stack/neutron/neutron/plugins/ml2/drivers/ovn/mech_driver/ovsdb/ovsdb_monitor.py:906}}
Apr 24 19:15:14.321436 np0000170086 devstack@neutron-api.service[104213]: DEBUG neutron.plugins.ml2.drivers.ovn.mech_driver.ovsdb.ovsdb_monitor [None req-0a15b3fd-e00b-490d-b0b9-434040ce44a5 None None] Hash Ring: Node 80091699aad8598eae5ffe28f33cfaff (host: np0000170086) handling event "create" for row a0c880c1-e3d9-417d-b872-e423241728ef (table: Logical_Switch) {{(pid=104213) notify /opt/stack/neutron/neutron/plugins/ml2/drivers/ovn/mech_driver/ovsdb/ovsdb_monitor.py:914}}
Apr 24 19:15:14.325661 np0000170086 devstack@neutron-api.service[104213]: DEBUG neutron.plugins.ml2.drivers.ovn.mech_driver.ovsdb.ovsdb_monitor [None req-7284804a-4cb5-445e-87ec-b56c3415df46 None None] Touching Hash Ring node "80091699aad8598eae5ffe28f33cfaff" from IDL notify handler {{(pid=104213) notify /opt/stack/neutron/neutron/plugins/ml2/drivers/ovn/mech_driver/ovsdb/ovsdb_monitor.py:906}}
Apr 24 19:15:14.336203 np0000170086 devstack@neutron-api.service[104213]: DEBUG neutron.plugins.ml2.drivers.ovn.mech_driver.ovsdb.ovsdb_monitor [None req-7284804a-4cb5-445e-87ec-b56c3415df46 None None] Hash Ring: Node 80091699aad8598eae5ffe28f33cfaff (host: np0000170086) handling event "create" for row 05651456-9e0d-49b1-a5d6-9a2b64139ca6 (table: Datapath_Binding) {{(pid=104213) notify /opt/stack/neutron/neutron/plugins/ml2/drivers/ovn/mech_driver/ovsdb/ovsdb_monitor.py:914}}
Apr 24 19:15:14.344894 np0000170086 devstack@neutron-api.service[104213]: INFO neutron.db.ovn_revision_numbers_db [None req-8e931fa6-b1aa-4937-acab-2a1d77a7f41b demo demo] Successfully bumped revision number for resource a0c880c1-e3d9-417d-b872-e423241728ef (type: networks) to 1
Apr 24 19:15:14.391994 np0000170086 devstack@neutron-api.service[104213]: DEBUG neutron_lib.callbacks.manager [None req-8e931fa6-b1aa-4937-acab-2a1d77a7f41b demo demo] Publish callbacks ['neutron.plugins.ml2.plugin.SecurityGroupDbMixin._ensure_default_security_group_handler-1072329'] for port (None), before_create {{(pid=104213) _notify_loop /opt/stack/data/venv/lib/python3.12/site-packages/neutron_lib/callbacks/manager.py:184}}
Apr 24 19:15:14.500575 np0000170086 devstack@neutron-api.service[104213]: DEBUG neutron_lib.callbacks.manager [None req-8e931fa6-b1aa-4937-acab-2a1d77a7f41b demo demo] Publish callbacks ['neutron.plugins.ml2.drivers.ovn.mech_driver.mech_driver.OVNMechanismDriver._validate_allowed_address_pairs-8202916'] for allowed_address_pair (229abb37-0108-4ae9-a308-e24aad70745d), before_create {{(pid=104213) _notify_loop /opt/stack/data/venv/lib/python3.12/site-packages/neutron_lib/callbacks/manager.py:184}}
Apr 24 19:15:14.500768 np0000170086 devstack@neutron-api.service[104213]: DEBUG neutron_lib.callbacks.manager [None req-8e931fa6-b1aa-4937-acab-2a1d77a7f41b demo demo] Publish callbacks [] for port (229abb37-0108-4ae9-a308-e24aad70745d), precommit_create {{(pid=104213) _notify_loop /opt/stack/data/venv/lib/python3.12/site-packages/neutron_lib/callbacks/manager.py:184}}
Apr 24 19:15:14.500858 np0000170086 devstack@neutron-api.service[104213]: DEBUG neutron.plugins.ml2.drivers.ovn.mech_driver.mech_driver [None req-8e931fa6-b1aa-4937-acab-2a1d77a7f41b demo demo] No provisioning block for port 229abb37-0108-4ae9-a308-e24aad70745d since it does not have a host {{(pid=104213) _is_port_provisioning_required /opt/stack/neutron/neutron/plugins/ml2/drivers/ovn/mech_driver/mech_driver.py:894}}
Apr 24 19:15:14.500926 np0000170086 devstack@neutron-api.service[104213]: DEBUG neutron.db.ovn_revision_numbers_db [None req-8e931fa6-b1aa-4937-acab-2a1d77a7f41b demo demo] create_initial_revision uuid=229abb37-0108-4ae9-a308-e24aad70745d, type=ports, rev=-1 {{(pid=104213) create_initial_revision /opt/stack/neutron/neutron/db/ovn_revision_numbers_db.py:98}}
Apr 24 19:15:14.539886 np0000170086 devstack@neutron-api.service[104213]: DEBUG neutron_lib.callbacks.manager [None req-8e931fa6-b1aa-4937-acab-2a1d77a7f41b demo demo] Publish callbacks ['neutron.plugins.ml2.ovo_rpc._ObjectChangeHandler.handle_event-7410254'] for port (229abb37-0108-4ae9-a308-e24aad70745d), after_create {{(pid=104213) _notify_loop /opt/stack/data/venv/lib/python3.12/site-packages/neutron_lib/callbacks/manager.py:184}}
Apr 24 19:15:14.594004 np0000170086 devstack@neutron-api.service[104213]: DEBUG neutron.api.rpc.handlers.resources_rpc [None req-8e931fa6-b1aa-4937-acab-2a1d77a7f41b demo demo] Pushing event updated for resources: {'Port': ['ID=229abb37-0108-4ae9-a308-e24aad70745d,revision_number=1']} {{(pid=104213) push /opt/stack/neutron/neutron/api/rpc/handlers/resources_rpc.py:237}}
Apr 24 19:15:14.607839 np0000170086 devstack@neutron-api.service[104213]: DEBUG ovsdbapp.backend.ovs_idl.transaction [None req-0a15b3fd-e00b-490d-b0b9-434040ce44a5 None None] Running txn n=1 command(idx=0): AddLSwitchPortCommand(_result=None, lport=229abb37-0108-4ae9-a308-e24aad70745d, lswitch=neutron-a0c880c1-e3d9-417d-b872-e423241728ef, may_exist=True, network_uuid=a0c880c1-e3d9-417d-b872-e423241728ef, columns={'addresses': ['fa:16:3e:f1:89:e2'], 'external_ids': {'neutron:port_name': '', 'neutron:device_id': 'ovnmeta-a0c880c1-e3d9-417d-b872-e423241728ef', 'neutron:project_id': '8aff4ccb80164d4db2cd29d898999926', 'neutron:cidrs': '', 'neutron:device_owner': 'network:distributed', 'neutron:subnet_pool_addr_scope4': '', 'neutron:subnet_pool_addr_scope6': '', 'neutron:network_name': 'neutron-a0c880c1-e3d9-417d-b872-e423241728ef', 'neutron:security_group_ids': '', 'neutron:revision_number': '1', 'neutron:vnic_type': 'normal', 'neutron:port_capabilities': '', 'neutron:mtu': ''}, 'parent_name': [], 'tag': [], 'enabled': True, 'options': {}, 'type': 'localport', 'port_security': [], 'dhcpv4_options': [], 'dhcpv6_options': []}) {{(pid=104213) do_commit /opt/stack/data/venv/lib/python3.12/site-packages/ovsdbapp/backend/ovs_idl/transaction.py:89}}
Apr 24 19:15:14.608828 np0000170086 devstack@neutron-api.service[104213]: DEBUG ovsdbapp.backend.ovs_idl.transaction [None req-0a15b3fd-e00b-490d-b0b9-434040ce44a5 None None] Running txn n=1 command(idx=1): QoSDelCommand(_result=None, switch=neutron-a0c880c1-e3d9-417d-b872-e423241728ef, conditions=[('direction', '=', 'to-lport'), ('priority', '=', 2002), ('match', '=', 'outport == "229abb37-0108-4ae9-a308-e24aad70745d"')], if_exists=True) {{(pid=104213) do_commit /opt/stack/data/venv/lib/python3.12/site-packages/ovsdbapp/backend/ovs_idl/transaction.py:89}}
Apr 24 19:15:14.609179 np0000170086 devstack@neutron-api.service[104213]: DEBUG ovsdbapp.backend.ovs_idl.transaction [None req-0a15b3fd-e00b-490d-b0b9-434040ce44a5 None None] Running txn n=1 command(idx=2): QoSDelCommand(_result=None, switch=neutron-a0c880c1-e3d9-417d-b872-e423241728ef, conditions=[('direction', '=', 'from-lport'), ('priority', '=', 2002), ('match', '=', 'inport == "229abb37-0108-4ae9-a308-e24aad70745d"')], if_exists=True) {{(pid=104213) do_commit /opt/stack/data/venv/lib/python3.12/site-packages/ovsdbapp/backend/ovs_idl/transaction.py:89}}
Apr 24 19:15:14.660891 np0000170086 devstack@neutron-api.service[104213]: DEBUG neutron.plugins.ml2.drivers.ovn.mech_driver.ovsdb.ovsdb_monitor [None req-0a15b3fd-e00b-490d-b0b9-434040ce44a5 None None] Touching Hash Ring node "80091699aad8598eae5ffe28f33cfaff" from IDL notify handler {{(pid=104213) notify /opt/stack/neutron/neutron/plugins/ml2/drivers/ovn/mech_driver/ovsdb/ovsdb_monitor.py:906}}
Apr 24 19:15:14.662437 np0000170086 devstack@neutron-api.service[104214]: DEBUG neutron.plugins.ml2.drivers.ovn.mech_driver.ovsdb.ovsdb_monitor [None req-8812f648-bed2-497f-9902-ed22d964f0f7 None None] Touching Hash Ring node "4a2d69e4beaf5a00982f4d08d7e7d6c6" from IDL notify handler {{(pid=104214) notify /opt/stack/neutron/neutron/plugins/ml2/drivers/ovn/mech_driver/ovsdb/ovsdb_monitor.py:906}}
Apr 24 19:15:14.670116 np0000170086 devstack@neutron-api.service[104215]: DEBUG neutron.plugins.ml2.drivers.ovn.mech_driver.ovsdb.ovsdb_monitor [None req-451b2b9b-cb49-4f22-a38d-bcdb70d19480 None None] Touching Hash Ring node "3d96667703345606af2cac2491e45855" from IDL notify handler {{(pid=104215) notify /opt/stack/neutron/neutron/plugins/ml2/drivers/ovn/mech_driver/ovsdb/ovsdb_monitor.py:906}}
Apr 24 19:15:14.674237 np0000170086 devstack@neutron-api.service[104213]: DEBUG neutron.plugins.ml2.drivers.ovn.mech_driver.ovsdb.ovsdb_monitor [None req-0a15b3fd-e00b-490d-b0b9-434040ce44a5 None None] Hash Ring: Node 80091699aad8598eae5ffe28f33cfaff (host: np0000170086) handling event "update" for row a0c880c1-e3d9-417d-b872-e423241728ef (table: Logical_Switch) {{(pid=104213) notify /opt/stack/neutron/neutron/plugins/ml2/drivers/ovn/mech_driver/ovsdb/ovsdb_monitor.py:914}}
Apr 24 19:15:14.675855 np0000170086 devstack@neutron-api.service[104214]: DEBUG neutron.plugins.ml2.drivers.ovn.mech_driver.ovsdb.ovsdb_monitor [None req-8812f648-bed2-497f-9902-ed22d964f0f7 None None] Hash Ring: Node 4a2d69e4beaf5a00982f4d08d7e7d6c6 (host: np0000170086) handling event "create" for row 3ebb8032-4e70-4ef3-9bc9-0cda51ee000a (table: Logical_Switch_Port) {{(pid=104214) notify /opt/stack/neutron/neutron/plugins/ml2/drivers/ovn/mech_driver/ovsdb/ovsdb_monitor.py:914}}
Apr 24 19:15:14.676884 np0000170086 devstack@neutron-api.service[104214]: DEBUG ovsdbapp.backend.ovs_idl.event [None req-8812f648-bed2-497f-9902-ed22d964f0f7 None None] Matched CREATE: LogicalSwitchPortCreateEvent(events=('create',), table='Logical_Switch_Port', conditions=[], old_conditions=None), priority=20 to row=Logical_Switch_Port(uuid=3ebb8032-4e70-4ef3-9bc9-0cda51ee000a, addresses=['fa:16:3e:f1:89:e2'], dhcpv4_options=[], dhcpv6_options=[], dynamic_addresses=[], enabled=True, external_ids={'neutron:cidrs': '', 'neutron:device_id': 'ovnmeta-a0c880c1-e3d9-417d-b872-e423241728ef', 'neutron:device_owner': 'network:distributed', 'neutron:mtu': '', 'neutron:network_name': 'neutron-a0c880c1-e3d9-417d-b872-e423241728ef', 'neutron:port_capabilities': '', 'neutron:port_name': '', 'neutron:project_id': '8aff4ccb80164d4db2cd29d898999926', 'neutron:revision_number': '1', 'neutron:security_group_ids': '', 'neutron:subnet_pool_addr_scope4': '', 'neutron:subnet_pool_addr_scope6': '', 'neutron:vnic_type': 'normal'}, ha_chassis_group=[], mirror_rules=[], name='229abb37-0108-4ae9-a308-e24aad70745d', options={}, parent_name=[], port_security=[], tag=[], tag_request=[], type='localport', up=[]) old= {{(pid=104214) matches /opt/stack/data/venv/lib/python3.12/site-packages/ovsdbapp/backend/ovs_idl/event.py:55}}
Apr 24 19:15:14.677727 np0000170086 devstack@neutron-api.service[104214]: INFO neutron.plugins.ml2.drivers.ovn.mech_driver.mech_driver [None req-2f314241-905d-45d5-8f48-02643af46173 None None] OVN reports status down for port: 229abb37-0108-4ae9-a308-e24aad70745d
Apr 24 19:15:14.679691 np0000170086 devstack@neutron-api.service[104214]: DEBUG neutron.plugins.ml2.drivers.ovn.mech_driver.ovsdb.ovsdb_monitor [None req-8812f648-bed2-497f-9902-ed22d964f0f7 None None] Touching Hash Ring node "4a2d69e4beaf5a00982f4d08d7e7d6c6" from IDL notify handler {{(pid=104214) notify /opt/stack/neutron/neutron/plugins/ml2/drivers/ovn/mech_driver/ovsdb/ovsdb_monitor.py:906}}
Apr 24 19:15:14.680379 np0000170086 devstack@neutron-api.service[104215]: DEBUG neutron.plugins.ml2.drivers.ovn.mech_driver.ovsdb.ovsdb_monitor [None req-451b2b9b-cb49-4f22-a38d-bcdb70d19480 None None] Hash Ring: Node 3d96667703345606af2cac2491e45855 (host: np0000170086) handling event "create" for row da2d9c73-c9fb-47f6-8899-bc3c806f2150 (table: Port_Binding) {{(pid=104215) notify /opt/stack/neutron/neutron/plugins/ml2/drivers/ovn/mech_driver/ovsdb/ovsdb_monitor.py:914}}
