Mar 17 10:20:01.691630 np0000158998 systemd[1]: Starting devstack@n-api-meta.service - Devstack devstack@n-api-meta.service...
Mar 17 10:20:01.698791 np0000158998 devstack@n-api-meta.service[112942]: [uWSGI] getting INI configuration from /etc/nova/nova-metadata-uwsgi.ini
Mar 17 10:20:01.698791 np0000158998 devstack@n-api-meta.service[112942]: open("./http_plugin.so"): No such file or directory [core/utils.c line 3709]
Mar 17 10:20:01.699535 np0000158998 devstack@n-api-meta.service[112942]: !!! UNABLE to load uWSGI plugin: ./http_plugin.so: cannot open shared object file: No such file or directory !!!
Mar 17 10:20:01.699535 np0000158998 devstack@n-api-meta.service[112942]: open("./python3_plugin.so"): No such file or directory [core/utils.c line 3709]
Mar 17 10:20:01.699535 np0000158998 devstack@n-api-meta.service[112942]: !!! UNABLE to load uWSGI plugin: ./python3_plugin.so: cannot open shared object file: No such file or directory !!!
Mar 17 10:20:01.699535 np0000158998 devstack@n-api-meta.service[112942]: *** Starting uWSGI 2.0.31 (64bit) on [Tue Mar 17 10:20:01 2026] ***
Mar 17 10:20:01.699535 np0000158998 devstack@n-api-meta.service[112942]: compiled with version: 13.3.0 on 17 March 2026 10:09:47
Mar 17 10:20:01.699535 np0000158998 devstack@n-api-meta.service[112942]: os: Linux-6.8.0-101-generic #101-Ubuntu SMP PREEMPT_DYNAMIC Mon Feb 9 10:15:05 UTC 2026
Mar 17 10:20:01.699535 np0000158998 devstack@n-api-meta.service[112942]: nodename: np0000158998
Mar 17 10:20:01.699535 np0000158998 devstack@n-api-meta.service[112942]: machine: x86_64
Mar 17 10:20:01.699535 np0000158998 devstack@n-api-meta.service[112942]: clock source: unix
Mar 17 10:20:01.699535 np0000158998 devstack@n-api-meta.service[112942]: pcre jit disabled
Mar 17 10:20:01.699535 np0000158998 devstack@n-api-meta.service[112942]: detected number of CPU cores: 16
Mar 17 10:20:01.699535 np0000158998 devstack@n-api-meta.service[112942]: current working directory: /
Mar 17 10:20:01.699535 np0000158998 devstack@n-api-meta.service[112942]: detected binary path: /opt/stack/data/venv/bin/uwsgi
Mar 17 10:20:01.699535 np0000158998 devstack@n-api-meta.service[112942]: your processes number limit is 256917
Mar 17 10:20:01.699535 np0000158998 devstack@n-api-meta.service[112942]: your memory page size is 4096 bytes
Mar 17 10:20:01.699535 np0000158998 devstack@n-api-meta.service[112942]: detected max file descriptor number: 2048
Mar 17 10:20:01.699535 np0000158998 devstack@n-api-meta.service[112942]: lock engine: pthread robust mutexes
Mar 17 10:20:01.699535 np0000158998 devstack@n-api-meta.service[112942]: thunder lock: enabled
Mar 17 10:20:01.699535 np0000158998 devstack@n-api-meta.service[112942]: uWSGI http bound on 0.0.0.0:8775 fd 5
Mar 17 10:20:01.699535 np0000158998 devstack@n-api-meta.service[112942]: uwsgi socket 0 bound to TCP address 127.0.0.1:42181 (port auto-assigned) fd 4
Mar 17 10:20:01.699535 np0000158998 devstack@n-api-meta.service[112942]: Python version: 3.12.3 (main, Mar 3 2026, 12:15:18) [GCC 13.3.0]
Mar 17 10:20:01.699535 np0000158998 devstack@n-api-meta.service[112942]: PEP 405 virtualenv detected: /opt/stack/data/venv
Mar 17 10:20:01.699535 np0000158998 devstack@n-api-meta.service[112942]: Set PythonHome to /opt/stack/data/venv
Mar 17 10:20:01.735137 np0000158998 devstack@n-api-meta.service[112942]: Python main interpreter initialized at 0x7c7c1c8a3668
Mar 17 10:20:01.735137 np0000158998 devstack@n-api-meta.service[112942]: python threads support enabled
Mar 17 10:20:01.735137 np0000158998 devstack@n-api-meta.service[112942]: your server socket listen backlog is limited to 100 connections
Mar 17 10:20:01.735137 np0000158998 devstack@n-api-meta.service[112942]: your mercy for graceful operations on workers is 80 seconds
Mar 17 10:20:01.735748 np0000158998 devstack@n-api-meta.service[112942]: mapped 671795 bytes (656 KB) for 4 cores
Mar 17 10:20:01.735995 np0000158998 devstack@n-api-meta.service[112942]: *** Operational MODE: preforking ***
Mar 17 10:20:01.736264 np0000158998 devstack@n-api-meta.service[112942]: *** uWSGI is running in multiple interpreter mode ***
Mar 17 10:20:01.736264 np0000158998 devstack@n-api-meta.service[112942]: spawned uWSGI master process (pid: 112942)
Mar 17 10:20:01.736498 np0000158998 systemd[1]: Started devstack@n-api-meta.service - Devstack devstack@n-api-meta.service.
Mar 17 10:20:01.737080 np0000158998 devstack@n-api-meta.service[112942]: spawned uWSGI worker 1 (pid: 112945, cores: 1)
Mar 17 10:20:01.737741 np0000158998 devstack@n-api-meta.service[112942]: spawned uWSGI worker 2 (pid: 112946, cores: 1)
Mar 17 10:20:01.738284 np0000158998 devstack@n-api-meta.service[112942]: spawned uWSGI worker 3 (pid: 112947, cores: 1)
Mar 17 10:20:01.738848 np0000158998 devstack@n-api-meta.service[112942]: spawned uWSGI worker 4 (pid: 112948, cores: 1)
Mar 17 10:20:01.739319 np0000158998 devstack@n-api-meta.service[112942]: spawned uWSGI http 1 (pid: 112949)
Mar 17 10:20:01.739319 np0000158998 devstack@n-api-meta.service[112942]: running "unix_signal:15 gracefully_kill_them_all" (master-start)...
Mar 17 10:20:02.103097 np0000158998 devstack@n-api-meta.service[112948]: Service is starting with native threading. This is currently experimental. Do not use it in production without first testing it in pre-production.
Mar 17 10:20:02.111782 np0000158998 devstack@n-api-meta.service[112946]: Service is starting with native threading. This is currently experimental. Do not use it in production without first testing it in pre-production.
Mar 17 10:20:02.113748 np0000158998 devstack@n-api-meta.service[112945]: Service is starting with native threading. This is currently experimental. Do not use it in production without first testing it in pre-production.
Mar 17 10:20:02.132601 np0000158998 devstack@n-api-meta.service[112947]: Service is starting with native threading. This is currently experimental. Do not use it in production without first testing it in pre-production.
Mar 17 10:20:03.567974 np0000158998 devstack@n-api-meta.service[112946]: INFO dbcounter [None req-b062e4af-693b-41d5-a64f-9daa9c8478d3 None None] Registered counter for database nova_api
Mar 17 10:20:03.584158 np0000158998 devstack@n-api-meta.service[112946]: DEBUG oslo_db.sqlalchemy.engines [None req-b062e4af-693b-41d5-a64f-9daa9c8478d3 None None] MySQL server mode set to STRICT_TRANS_TABLES,STRICT_ALL_TABLES,NO_ZERO_IN_DATE,NO_ZERO_DATE,ERROR_FOR_DIVISION_BY_ZERO,TRADITIONAL,NO_ENGINE_SUBSTITUTION {{(pid=112946) _check_effective_sql_mode /opt/stack/data/venv/lib/python3.12/site-packages/oslo_db/sqlalchemy/engines.py:325}}
Mar 17 10:20:03.592166 np0000158998 devstack@n-api-meta.service[112945]: INFO dbcounter [None req-d36934f2-7e05-492d-be9d-6528af2be5f8 None None] Registered counter for database nova_api
Mar 17 10:20:03.608679 np0000158998 devstack@n-api-meta.service[112945]: DEBUG oslo_db.sqlalchemy.engines [None req-d36934f2-7e05-492d-be9d-6528af2be5f8 None None] MySQL server mode set to STRICT_TRANS_TABLES,STRICT_ALL_TABLES,NO_ZERO_IN_DATE,NO_ZERO_DATE,ERROR_FOR_DIVISION_BY_ZERO,TRADITIONAL,NO_ENGINE_SUBSTITUTION {{(pid=112945) _check_effective_sql_mode /opt/stack/data/venv/lib/python3.12/site-packages/oslo_db/sqlalchemy/engines.py:325}}
Mar 17 10:20:03.613701 np0000158998 devstack@n-api-meta.service[112948]: INFO dbcounter [None req-e57c9dd2-471d-4110-a1d2-0edacb943727 None None] Registered counter for database nova_api
Mar 17 10:20:03.618292 np0000158998 devstack@n-api-meta.service[112946]: DEBUG dbcounter [-] [112946] Writer thread running {{(pid=112946) stat_writer /opt/stack/data/venv/lib/python3.12/site-packages/dbcounter.py:102}}
Mar 17 10:20:03.621624 np0000158998 devstack@n-api-meta.service[112946]: DEBUG nova.context [None req-b062e4af-693b-41d5-a64f-9daa9c8478d3 None None] Found 2 cells: 00000000-0000-0000-0000-000000000000(cell0),21c710ab-c314-40c6-a1b8-259fdeab8768(cell1) {{(pid=112946) load_cells /opt/stack/nova/nova/context.py:509}}
Mar 17 10:20:03.622068 np0000158998 devstack@n-api-meta.service[112946]: INFO nova.utils [None req-b062e4af-693b-41d5-a64f-9daa9c8478d3 None None] The cell worker thread pool MainProcess.cell_worker is initialized
Mar 17 10:20:03.625768 np0000158998 devstack@n-api-meta.service[112946]: DEBUG oslo_concurrency.lockutils [None req-b062e4af-693b-41d5-a64f-9daa9c8478d3 None None] Acquiring lock "00000000-0000-0000-0000-000000000000" by "nova.context.set_target_cell..get_or_set_cached_cell_and_set_connections" {{(pid=112946) inner /opt/stack/data/venv/lib/python3.12/site-packages/oslo_concurrency/lockutils.py:506}}
Mar 17 10:20:03.626098 np0000158998 devstack@n-api-meta.service[112946]: DEBUG oslo_concurrency.lockutils [None req-b062e4af-693b-41d5-a64f-9daa9c8478d3 None None] Lock "00000000-0000-0000-0000-000000000000" acquired by "nova.context.set_target_cell..get_or_set_cached_cell_and_set_connections" :: waited 0.000s {{(pid=112946) inner /opt/stack/data/venv/lib/python3.12/site-packages/oslo_concurrency/lockutils.py:519}}
Mar 17 10:20:03.626871 np0000158998 devstack@n-api-meta.service[112946]: DEBUG oslo_concurrency.lockutils [None req-b062e4af-693b-41d5-a64f-9daa9c8478d3 None None] Lock "00000000-0000-0000-0000-000000000000" "released" by "nova.context.set_target_cell..get_or_set_cached_cell_and_set_connections" :: held 0.001s {{(pid=112946) inner /opt/stack/data/venv/lib/python3.12/site-packages/oslo_concurrency/lockutils.py:538}}
Mar 17 10:20:03.628423 np0000158998 devstack@n-api-meta.service[112946]: DEBUG oslo_concurrency.lockutils [None req-b062e4af-693b-41d5-a64f-9daa9c8478d3 None None] Acquiring lock "21c710ab-c314-40c6-a1b8-259fdeab8768" by "nova.context.set_target_cell..get_or_set_cached_cell_and_set_connections" {{(pid=112946) inner /opt/stack/data/venv/lib/python3.12/site-packages/oslo_concurrency/lockutils.py:506}}
Mar 17 10:20:03.628621 np0000158998 devstack@n-api-meta.service[112946]: DEBUG oslo_concurrency.lockutils [None req-b062e4af-693b-41d5-a64f-9daa9c8478d3 None None] Lock "21c710ab-c314-40c6-a1b8-259fdeab8768" acquired by "nova.context.set_target_cell..get_or_set_cached_cell_and_set_connections" :: waited 0.000s {{(pid=112946) inner /opt/stack/data/venv/lib/python3.12/site-packages/oslo_concurrency/lockutils.py:519}}
Mar 17 10:20:03.629524 np0000158998 devstack@n-api-meta.service[112946]: DEBUG oslo_concurrency.lockutils [None req-b062e4af-693b-41d5-a64f-9daa9c8478d3 None None] Lock "21c710ab-c314-40c6-a1b8-259fdeab8768" "released" by "nova.context.set_target_cell..get_or_set_cached_cell_and_set_connections" :: held 0.001s {{(pid=112946) inner /opt/stack/data/venv/lib/python3.12/site-packages/oslo_concurrency/lockutils.py:538}}
Mar 17 10:20:03.631958 np0000158998 devstack@n-api-meta.service[112948]: DEBUG oslo_db.sqlalchemy.engines [None req-e57c9dd2-471d-4110-a1d2-0edacb943727 None None] MySQL server mode set to STRICT_TRANS_TABLES,STRICT_ALL_TABLES,NO_ZERO_IN_DATE,NO_ZERO_DATE,ERROR_FOR_DIVISION_BY_ZERO,TRADITIONAL,NO_ENGINE_SUBSTITUTION {{(pid=112948) _check_effective_sql_mode /opt/stack/data/venv/lib/python3.12/site-packages/oslo_db/sqlalchemy/engines.py:325}}
Mar 17 10:20:03.633447 np0000158998 devstack@n-api-meta.service[112946]: INFO dbcounter [None req-b062e4af-693b-41d5-a64f-9daa9c8478d3 None None] Registered counter for database nova_cell0
Mar 17 10:20:03.640824 np0000158998 devstack@n-api-meta.service[112946]: INFO dbcounter [None req-b062e4af-693b-41d5-a64f-9daa9c8478d3 None None] Registered counter for database nova_cell1
Mar 17 10:20:03.646852 np0000158998 devstack@n-api-meta.service[112945]: DEBUG dbcounter [-] [112945] Writer thread running {{(pid=112945) stat_writer /opt/stack/data/venv/lib/python3.12/site-packages/dbcounter.py:102}}
Mar 17 10:20:03.650217 np0000158998 devstack@n-api-meta.service[112945]: DEBUG nova.context [None req-d36934f2-7e05-492d-be9d-6528af2be5f8 None None] Found 2 cells: 00000000-0000-0000-0000-000000000000(cell0),21c710ab-c314-40c6-a1b8-259fdeab8768(cell1) {{(pid=112945) load_cells /opt/stack/nova/nova/context.py:509}}
Mar 17 10:20:03.650465 np0000158998 devstack@n-api-meta.service[112945]: INFO nova.utils [None req-d36934f2-7e05-492d-be9d-6528af2be5f8 None None] The cell worker thread pool MainProcess.cell_worker is initialized
Mar 17 10:20:03.655473 np0000158998 devstack@n-api-meta.service[112945]: DEBUG oslo_concurrency.lockutils [None req-d36934f2-7e05-492d-be9d-6528af2be5f8 None None] Acquiring lock "00000000-0000-0000-0000-000000000000" by "nova.context.set_target_cell..get_or_set_cached_cell_and_set_connections" {{(pid=112945) inner /opt/stack/data/venv/lib/python3.12/site-packages/oslo_concurrency/lockutils.py:506}}
Mar 17 10:20:03.655473 np0000158998 devstack@n-api-meta.service[112945]: DEBUG oslo_concurrency.lockutils [None req-d36934f2-7e05-492d-be9d-6528af2be5f8 None None] Lock "00000000-0000-0000-0000-000000000000" acquired by "nova.context.set_target_cell..get_or_set_cached_cell_and_set_connections" :: waited 0.000s {{(pid=112945) inner /opt/stack/data/venv/lib/python3.12/site-packages/oslo_concurrency/lockutils.py:519}}
Mar 17 10:20:03.655473 np0000158998 devstack@n-api-meta.service[112945]: DEBUG oslo_concurrency.lockutils [None req-d36934f2-7e05-492d-be9d-6528af2be5f8 None None] Lock "00000000-0000-0000-0000-000000000000" "released" by "nova.context.set_target_cell..get_or_set_cached_cell_and_set_connections" :: held 0.000s {{(pid=112945) inner /opt/stack/data/venv/lib/python3.12/site-packages/oslo_concurrency/lockutils.py:538}}
Mar 17 10:20:03.655676 np0000158998 devstack@n-api-meta.service[112946]: DEBUG oslo_db.sqlalchemy.engines [None req-b062e4af-693b-41d5-a64f-9daa9c8478d3 None None] MySQL server mode set to STRICT_TRANS_TABLES,STRICT_ALL_TABLES,NO_ZERO_IN_DATE,NO_ZERO_DATE,ERROR_FOR_DIVISION_BY_ZERO,TRADITIONAL,NO_ENGINE_SUBSTITUTION {{(pid=112946) _check_effective_sql_mode /opt/stack/data/venv/lib/python3.12/site-packages/oslo_db/sqlalchemy/engines.py:325}}
Mar 17 10:20:03.655734 np0000158998 devstack@n-api-meta.service[112945]: DEBUG oslo_concurrency.lockutils [None req-d36934f2-7e05-492d-be9d-6528af2be5f8 None None] Acquiring lock "21c710ab-c314-40c6-a1b8-259fdeab8768" by "nova.context.set_target_cell..get_or_set_cached_cell_and_set_connections" {{(pid=112945) inner /opt/stack/data/venv/lib/python3.12/site-packages/oslo_concurrency/lockutils.py:506}}
Mar 17 10:20:03.655734 np0000158998 devstack@n-api-meta.service[112945]: DEBUG oslo_concurrency.lockutils [None req-d36934f2-7e05-492d-be9d-6528af2be5f8 None None] Lock "21c710ab-c314-40c6-a1b8-259fdeab8768" acquired by "nova.context.set_target_cell..get_or_set_cached_cell_and_set_connections" :: waited 0.000s {{(pid=112945) inner /opt/stack/data/venv/lib/python3.12/site-packages/oslo_concurrency/lockutils.py:519}}
Mar 17 10:20:03.655734 np0000158998 devstack@n-api-meta.service[112945]: DEBUG oslo_concurrency.lockutils [None req-d36934f2-7e05-492d-be9d-6528af2be5f8 None None] Lock "21c710ab-c314-40c6-a1b8-259fdeab8768" "released" by "nova.context.set_target_cell..get_or_set_cached_cell_and_set_connections" :: held 0.001s {{(pid=112945) inner /opt/stack/data/venv/lib/python3.12/site-packages/oslo_concurrency/lockutils.py:538}}
Mar 17 10:20:03.656004 np0000158998 devstack@n-api-meta.service[112945]: INFO dbcounter [None req-d36934f2-7e05-492d-be9d-6528af2be5f8 None None] Registered counter for database nova_cell0
Mar 17 10:20:03.657581 np0000158998 devstack@n-api-meta.service[112946]: DEBUG oslo_db.sqlalchemy.engines [None req-b062e4af-693b-41d5-a64f-9daa9c8478d3 None None] MySQL server mode set to STRICT_TRANS_TABLES,STRICT_ALL_TABLES,NO_ZERO_IN_DATE,NO_ZERO_DATE,ERROR_FOR_DIVISION_BY_ZERO,TRADITIONAL,NO_ENGINE_SUBSTITUTION {{(pid=112946) _check_effective_sql_mode /opt/stack/data/venv/lib/python3.12/site-packages/oslo_db/sqlalchemy/engines.py:325}}
Mar 17 10:20:03.659814 np0000158998 devstack@n-api-meta.service[112945]: INFO dbcounter [None req-d36934f2-7e05-492d-be9d-6528af2be5f8 None None] Registered counter for database nova_cell1
Mar 17 10:20:03.670078 np0000158998 devstack@n-api-meta.service[112948]: DEBUG dbcounter [-] [112948] Writer thread running {{(pid=112948) stat_writer /opt/stack/data/venv/lib/python3.12/site-packages/dbcounter.py:102}}
Mar 17 10:20:03.670402 np0000158998 devstack@n-api-meta.service[112945]: DEBUG oslo_db.sqlalchemy.engines [None req-d36934f2-7e05-492d-be9d-6528af2be5f8 None None] MySQL server mode set to STRICT_TRANS_TABLES,STRICT_ALL_TABLES,NO_ZERO_IN_DATE,NO_ZERO_DATE,ERROR_FOR_DIVISION_BY_ZERO,TRADITIONAL,NO_ENGINE_SUBSTITUTION {{(pid=112945) _check_effective_sql_mode /opt/stack/data/venv/lib/python3.12/site-packages/oslo_db/sqlalchemy/engines.py:325}}
Mar 17 10:20:03.672844 np0000158998 devstack@n-api-meta.service[112948]: DEBUG nova.context [None req-e57c9dd2-471d-4110-a1d2-0edacb943727 None None] Found 2 cells: 00000000-0000-0000-0000-000000000000(cell0),21c710ab-c314-40c6-a1b8-259fdeab8768(cell1) {{(pid=112948) load_cells /opt/stack/nova/nova/context.py:509}}
Mar 17 10:20:03.673210 np0000158998 devstack@n-api-meta.service[112948]: INFO nova.utils [None req-e57c9dd2-471d-4110-a1d2-0edacb943727 None None] The cell worker thread pool MainProcess.cell_worker is initialized
Mar 17 10:20:03.677261 np0000158998 devstack@n-api-meta.service[112948]: DEBUG oslo_concurrency.lockutils [None req-e57c9dd2-471d-4110-a1d2-0edacb943727 None None] Acquiring lock "00000000-0000-0000-0000-000000000000" by "nova.context.set_target_cell..get_or_set_cached_cell_and_set_connections" {{(pid=112948) inner /opt/stack/data/venv/lib/python3.12/site-packages/oslo_concurrency/lockutils.py:506}}
Mar 17 10:20:03.677364 np0000158998 devstack@n-api-meta.service[112945]: DEBUG oslo_db.sqlalchemy.engines [None req-d36934f2-7e05-492d-be9d-6528af2be5f8 None None] MySQL server mode set to STRICT_TRANS_TABLES,STRICT_ALL_TABLES,NO_ZERO_IN_DATE,NO_ZERO_DATE,ERROR_FOR_DIVISION_BY_ZERO,TRADITIONAL,NO_ENGINE_SUBSTITUTION {{(pid=112945) _check_effective_sql_mode /opt/stack/data/venv/lib/python3.12/site-packages/oslo_db/sqlalchemy/engines.py:325}}
Mar 17 10:20:03.677430 np0000158998 devstack@n-api-meta.service[112948]: DEBUG oslo_concurrency.lockutils [None req-e57c9dd2-471d-4110-a1d2-0edacb943727 None None] Lock "00000000-0000-0000-0000-000000000000" acquired by "nova.context.set_target_cell..get_or_set_cached_cell_and_set_connections" :: waited 0.000s {{(pid=112948) inner /opt/stack/data/venv/lib/python3.12/site-packages/oslo_concurrency/lockutils.py:519}}
Mar 17 10:20:03.677528 np0000158998 devstack@n-api-meta.service[112948]: DEBUG oslo_concurrency.lockutils [None req-e57c9dd2-471d-4110-a1d2-0edacb943727 None None] Lock "00000000-0000-0000-0000-000000000000" "released" by "nova.context.set_target_cell..get_or_set_cached_cell_and_set_connections" :: held 0.001s {{(pid=112948) inner /opt/stack/data/venv/lib/python3.12/site-packages/oslo_concurrency/lockutils.py:538}}
Mar 17 10:20:03.678570 np0000158998 devstack@n-api-meta.service[112948]: DEBUG oslo_concurrency.lockutils [None req-e57c9dd2-471d-4110-a1d2-0edacb943727 None None] Acquiring lock "21c710ab-c314-40c6-a1b8-259fdeab8768" by "nova.context.set_target_cell..get_or_set_cached_cell_and_set_connections" {{(pid=112948) inner /opt/stack/data/venv/lib/python3.12/site-packages/oslo_concurrency/lockutils.py:506}}
Mar 17 10:20:03.678839 np0000158998 devstack@n-api-meta.service[112948]: DEBUG oslo_concurrency.lockutils [None req-e57c9dd2-471d-4110-a1d2-0edacb943727 None None] Lock "21c710ab-c314-40c6-a1b8-259fdeab8768" acquired by "nova.context.set_target_cell..get_or_set_cached_cell_and_set_connections" :: waited 0.000s {{(pid=112948) inner /opt/stack/data/venv/lib/python3.12/site-packages/oslo_concurrency/lockutils.py:519}}
Mar 17 10:20:03.680354 np0000158998 devstack@n-api-meta.service[112948]: DEBUG oslo_concurrency.lockutils [None req-e57c9dd2-471d-4110-a1d2-0edacb943727 None None] Lock "21c710ab-c314-40c6-a1b8-259fdeab8768" "released" by "nova.context.set_target_cell..get_or_set_cached_cell_and_set_connections" :: held 0.001s {{(pid=112948) inner /opt/stack/data/venv/lib/python3.12/site-packages/oslo_concurrency/lockutils.py:538}}
Mar 17 10:20:03.683004 np0000158998 devstack@n-api-meta.service[112948]: INFO dbcounter [None req-e57c9dd2-471d-4110-a1d2-0edacb943727 None None] Registered counter for database nova_cell0
Mar 17 10:20:03.687196 np0000158998 devstack@n-api-meta.service[112948]: INFO dbcounter [None req-e57c9dd2-471d-4110-a1d2-0edacb943727 None None] Registered counter for database nova_cell1
Mar 17 10:20:03.695152 np0000158998 devstack@n-api-meta.service[112948]: DEBUG oslo_db.sqlalchemy.engines [None req-e57c9dd2-471d-4110-a1d2-0edacb943727 None None] MySQL server mode set to STRICT_TRANS_TABLES,STRICT_ALL_TABLES,NO_ZERO_IN_DATE,NO_ZERO_DATE,ERROR_FOR_DIVISION_BY_ZERO,TRADITIONAL,NO_ENGINE_SUBSTITUTION {{(pid=112948) _check_effective_sql_mode /opt/stack/data/venv/lib/python3.12/site-packages/oslo_db/sqlalchemy/engines.py:325}}
Mar 17 10:20:03.712186 np0000158998 devstack@n-api-meta.service[112948]: DEBUG oslo_db.sqlalchemy.engines [None req-e57c9dd2-471d-4110-a1d2-0edacb943727 None None] MySQL server mode set to STRICT_TRANS_TABLES,STRICT_ALL_TABLES,NO_ZERO_IN_DATE,NO_ZERO_DATE,ERROR_FOR_DIVISION_BY_ZERO,TRADITIONAL,NO_ENGINE_SUBSTITUTION {{(pid=112948) _check_effective_sql_mode /opt/stack/data/venv/lib/python3.12/site-packages/oslo_db/sqlalchemy/engines.py:325}}
Mar 17 10:20:03.740497 np0000158998 devstack@n-api-meta.service[112947]: INFO dbcounter [None req-04ec9dcf-752a-47aa-b31a-0fd85b9fcc75 None None] Registered counter for database nova_api
Mar 17 10:20:03.755180 np0000158998 devstack@n-api-meta.service[112947]: DEBUG oslo_db.sqlalchemy.engines [None req-04ec9dcf-752a-47aa-b31a-0fd85b9fcc75 None None] MySQL server mode set to STRICT_TRANS_TABLES,STRICT_ALL_TABLES,NO_ZERO_IN_DATE,NO_ZERO_DATE,ERROR_FOR_DIVISION_BY_ZERO,TRADITIONAL,NO_ENGINE_SUBSTITUTION {{(pid=112947) _check_effective_sql_mode /opt/stack/data/venv/lib/python3.12/site-packages/oslo_db/sqlalchemy/engines.py:325}}
Mar 17 10:20:03.758933 np0000158998 devstack@n-api-meta.service[112946]: DEBUG dbcounter [-] [112946] Writer thread running {{(pid=112946) stat_writer /opt/stack/data/venv/lib/python3.12/site-packages/dbcounter.py:102}}
Mar 17 10:20:03.761171 np0000158998 devstack@n-api-meta.service[112946]: DEBUG dbcounter [-] [112946] Writer thread running {{(pid=112946) stat_writer /opt/stack/data/venv/lib/python3.12/site-packages/dbcounter.py:102}}
Mar 17 10:20:03.768361 np0000158998 devstack@n-api-meta.service[112946]: INFO dbcounter [None req-b062e4af-693b-41d5-a64f-9daa9c8478d3 None None] Registered counter for database nova_cell0
Mar 17 10:20:03.773798 np0000158998 devstack@n-api-meta.service[112945]: DEBUG dbcounter [-] [112945] Writer thread running {{(pid=112945) stat_writer /opt/stack/data/venv/lib/python3.12/site-packages/dbcounter.py:102}}
Mar 17 10:20:03.774462 np0000158998 devstack@n-api-meta.service[112945]: DEBUG dbcounter [-] [112945] Writer thread running {{(pid=112945) stat_writer /opt/stack/data/venv/lib/python3.12/site-packages/dbcounter.py:102}}
Mar 17 10:20:03.778335 np0000158998 devstack@n-api-meta.service[112946]: DEBUG oslo_db.sqlalchemy.engines [None req-b062e4af-693b-41d5-a64f-9daa9c8478d3 None None] MySQL server mode set to STRICT_TRANS_TABLES,STRICT_ALL_TABLES,NO_ZERO_IN_DATE,NO_ZERO_DATE,ERROR_FOR_DIVISION_BY_ZERO,TRADITIONAL,NO_ENGINE_SUBSTITUTION {{(pid=112946) _check_effective_sql_mode /opt/stack/data/venv/lib/python3.12/site-packages/oslo_db/sqlalchemy/engines.py:325}}
Mar 17 10:20:03.778668 np0000158998 devstack@n-api-meta.service[112945]: INFO dbcounter [None req-d36934f2-7e05-492d-be9d-6528af2be5f8 None None] Registered counter for database nova_cell0
Mar 17 10:20:03.787115 np0000158998 devstack@n-api-meta.service[112945]: DEBUG oslo_db.sqlalchemy.engines [None req-d36934f2-7e05-492d-be9d-6528af2be5f8 None None] MySQL server mode set to STRICT_TRANS_TABLES,STRICT_ALL_TABLES,NO_ZERO_IN_DATE,NO_ZERO_DATE,ERROR_FOR_DIVISION_BY_ZERO,TRADITIONAL,NO_ENGINE_SUBSTITUTION {{(pid=112945) _check_effective_sql_mode /opt/stack/data/venv/lib/python3.12/site-packages/oslo_db/sqlalchemy/engines.py:325}}
Mar 17 10:20:03.787805 np0000158998 devstack@n-api-meta.service[112947]: DEBUG dbcounter [-] [112947] Writer thread running {{(pid=112947) stat_writer /opt/stack/data/venv/lib/python3.12/site-packages/dbcounter.py:102}}
Mar 17 10:20:03.789717 np0000158998 devstack@n-api-meta.service[112946]: DEBUG dbcounter [-] [112946] Writer thread running {{(pid=112946) stat_writer /opt/stack/data/venv/lib/python3.12/site-packages/dbcounter.py:102}}
Mar 17 10:20:03.790209 np0000158998 devstack@n-api-meta.service[112947]: DEBUG nova.context [None req-04ec9dcf-752a-47aa-b31a-0fd85b9fcc75 None None] Found 2 cells: 00000000-0000-0000-0000-000000000000(cell0),21c710ab-c314-40c6-a1b8-259fdeab8768(cell1) {{(pid=112947) load_cells /opt/stack/nova/nova/context.py:509}}
Mar 17 10:20:03.790640 np0000158998 devstack@n-api-meta.service[112947]: INFO nova.utils [None req-04ec9dcf-752a-47aa-b31a-0fd85b9fcc75 None None] The cell worker thread pool MainProcess.cell_worker is initialized
Mar 17 10:20:03.792178 np0000158998 devstack@n-api-meta.service[112947]: DEBUG oslo_concurrency.lockutils [None req-04ec9dcf-752a-47aa-b31a-0fd85b9fcc75 None None] Acquiring lock "00000000-0000-0000-0000-000000000000" by "nova.context.set_target_cell..get_or_set_cached_cell_and_set_connections" {{(pid=112947) inner /opt/stack/data/venv/lib/python3.12/site-packages/oslo_concurrency/lockutils.py:506}}
Mar 17 10:20:03.792369 np0000158998 devstack@n-api-meta.service[112947]: DEBUG oslo_concurrency.lockutils [None req-04ec9dcf-752a-47aa-b31a-0fd85b9fcc75 None None] Lock "00000000-0000-0000-0000-000000000000" acquired by "nova.context.set_target_cell..get_or_set_cached_cell_and_set_connections" :: waited 0.000s {{(pid=112947) inner /opt/stack/data/venv/lib/python3.12/site-packages/oslo_concurrency/lockutils.py:519}}
Mar 17 10:20:03.792583 np0000158998 devstack@n-api-meta.service[112948]: DEBUG dbcounter [-] [112948] Writer thread running {{(pid=112948) stat_writer /opt/stack/data/venv/lib/python3.12/site-packages/dbcounter.py:102}}
Mar 17 10:20:03.792855 np0000158998 devstack@n-api-meta.service[112947]: DEBUG oslo_concurrency.lockutils [None req-04ec9dcf-752a-47aa-b31a-0fd85b9fcc75 None None] Lock "00000000-0000-0000-0000-000000000000" "released" by "nova.context.set_target_cell..get_or_set_cached_cell_and_set_connections" :: held 0.000s {{(pid=112947) inner /opt/stack/data/venv/lib/python3.12/site-packages/oslo_concurrency/lockutils.py:538}}
Mar 17 10:20:03.793605 np0000158998 devstack@n-api-meta.service[112947]: DEBUG oslo_concurrency.lockutils [None req-04ec9dcf-752a-47aa-b31a-0fd85b9fcc75 None None] Acquiring lock "21c710ab-c314-40c6-a1b8-259fdeab8768" by "nova.context.set_target_cell..get_or_set_cached_cell_and_set_connections" {{(pid=112947) inner /opt/stack/data/venv/lib/python3.12/site-packages/oslo_concurrency/lockutils.py:506}}
Mar 17 10:20:03.793737 np0000158998 devstack@n-api-meta.service[112947]: DEBUG oslo_concurrency.lockutils [None req-04ec9dcf-752a-47aa-b31a-0fd85b9fcc75 None None] Lock "21c710ab-c314-40c6-a1b8-259fdeab8768" acquired by "nova.context.set_target_cell..get_or_set_cached_cell_and_set_connections" :: waited 0.000s {{(pid=112947) inner /opt/stack/data/venv/lib/python3.12/site-packages/oslo_concurrency/lockutils.py:519}}
Mar 17 10:20:03.794546 np0000158998 devstack@n-api-meta.service[112947]: DEBUG oslo_concurrency.lockutils [None req-04ec9dcf-752a-47aa-b31a-0fd85b9fcc75 None None] Lock "21c710ab-c314-40c6-a1b8-259fdeab8768" "released" by "nova.context.set_target_cell..get_or_set_cached_cell_and_set_connections" :: held 0.001s {{(pid=112947) inner /opt/stack/data/venv/lib/python3.12/site-packages/oslo_concurrency/lockutils.py:538}}
Mar 17 10:20:03.797952 np0000158998 devstack@n-api-meta.service[112947]: INFO dbcounter [None req-04ec9dcf-752a-47aa-b31a-0fd85b9fcc75 None None] Registered counter for database nova_cell0
Mar 17 10:20:03.798561 np0000158998 devstack@n-api-meta.service[112945]: DEBUG dbcounter [-] [112945] Writer thread running {{(pid=112945) stat_writer /opt/stack/data/venv/lib/python3.12/site-packages/dbcounter.py:102}}
Mar 17 10:20:03.798627 np0000158998 devstack@n-api-meta.service[112948]: DEBUG dbcounter [-] [112948] Writer thread running {{(pid=112948) stat_writer /opt/stack/data/venv/lib/python3.12/site-packages/dbcounter.py:102}}
Mar 17 10:20:03.803557 np0000158998 devstack@n-api-meta.service[112947]: INFO dbcounter [None req-04ec9dcf-752a-47aa-b31a-0fd85b9fcc75 None None] Registered counter for database nova_cell1
Mar 17 10:20:03.803726 np0000158998 devstack@n-api-meta.service[112948]: INFO dbcounter [None req-e57c9dd2-471d-4110-a1d2-0edacb943727 None None] Registered counter for database nova_cell0
Mar 17 10:20:03.811923 np0000158998 devstack@n-api-meta.service[112948]: DEBUG oslo_db.sqlalchemy.engines [None req-e57c9dd2-471d-4110-a1d2-0edacb943727 None None] MySQL server mode set to STRICT_TRANS_TABLES,STRICT_ALL_TABLES,NO_ZERO_IN_DATE,NO_ZERO_DATE,ERROR_FOR_DIVISION_BY_ZERO,TRADITIONAL,NO_ENGINE_SUBSTITUTION {{(pid=112948) _check_effective_sql_mode /opt/stack/data/venv/lib/python3.12/site-packages/oslo_db/sqlalchemy/engines.py:325}}
Mar 17 10:20:03.818070 np0000158998 devstack@n-api-meta.service[112947]: DEBUG oslo_db.sqlalchemy.engines [None req-04ec9dcf-752a-47aa-b31a-0fd85b9fcc75 None None] MySQL server mode set to STRICT_TRANS_TABLES,STRICT_ALL_TABLES,NO_ZERO_IN_DATE,NO_ZERO_DATE,ERROR_FOR_DIVISION_BY_ZERO,TRADITIONAL,NO_ENGINE_SUBSTITUTION {{(pid=112947) _check_effective_sql_mode /opt/stack/data/venv/lib/python3.12/site-packages/oslo_db/sqlalchemy/engines.py:325}}
Mar 17 10:20:03.818839 np0000158998 devstack@n-api-meta.service[112948]: DEBUG dbcounter [-] [112948] Writer thread running {{(pid=112948) stat_writer /opt/stack/data/venv/lib/python3.12/site-packages/dbcounter.py:102}}
Mar 17 10:20:03.837850 np0000158998 devstack@n-api-meta.service[112946]: WARNING nova.api.metadata.handler [None req-b062e4af-693b-41d5-a64f-9daa9c8478d3 None None] metadata_proxy_shared_secret is not configured, the metadata information returned by the proxy cannot be trusted
Mar 17 10:20:03.839792 np0000158998 devstack@n-api-meta.service[112947]: DEBUG oslo_db.sqlalchemy.engines [None req-04ec9dcf-752a-47aa-b31a-0fd85b9fcc75 None None] MySQL server mode set to STRICT_TRANS_TABLES,STRICT_ALL_TABLES,NO_ZERO_IN_DATE,NO_ZERO_DATE,ERROR_FOR_DIVISION_BY_ZERO,TRADITIONAL,NO_ENGINE_SUBSTITUTION {{(pid=112947) _check_effective_sql_mode /opt/stack/data/venv/lib/python3.12/site-packages/oslo_db/sqlalchemy/engines.py:325}}
Mar 17 10:20:03.840198 np0000158998 devstack@n-api-meta.service[112946]: DEBUG nova.api.openstack.wsgi_app [None req-b062e4af-693b-41d5-a64f-9daa9c8478d3 None None] ******************************************************************************** {{(pid=112946) log_opt_values /opt/stack/data/venv/lib/python3.12/site-packages/oslo_config/cfg.py:2979}}
Mar 17 10:20:03.840338 np0000158998 devstack@n-api-meta.service[112946]: DEBUG nova.api.openstack.wsgi_app [None req-b062e4af-693b-41d5-a64f-9daa9c8478d3 None None] Configuration options gathered from: {{(pid=112946) log_opt_values /opt/stack/data/venv/lib/python3.12/site-packages/oslo_config/cfg.py:2980}}
Mar 17 10:20:03.840457 np0000158998 devstack@n-api-meta.service[112946]: DEBUG nova.api.openstack.wsgi_app [None req-b062e4af-693b-41d5-a64f-9daa9c8478d3 None None] command line args: [] {{(pid=112946) log_opt_values /opt/stack/data/venv/lib/python3.12/site-packages/oslo_config/cfg.py:2981}}
Mar 17 10:20:03.840613 np0000158998 devstack@n-api-meta.service[112946]: DEBUG nova.api.openstack.wsgi_app [None req-b062e4af-693b-41d5-a64f-9daa9c8478d3 None None] config files: ['/etc/nova/api-paste.ini', '/etc/nova/nova.conf'] {{(pid=112946) log_opt_values /opt/stack/data/venv/lib/python3.12/site-packages/oslo_config/cfg.py:2982}}
Mar 17 10:20:03.840715 np0000158998 devstack@n-api-meta.service[112946]: DEBUG nova.api.openstack.wsgi_app [None req-b062e4af-693b-41d5-a64f-9daa9c8478d3 None None] ================================================================================ {{(pid=112946) log_opt_values /opt/stack/data/venv/lib/python3.12/site-packages/oslo_config/cfg.py:2987}}
Mar 17 10:20:03.840891 np0000158998 devstack@n-api-meta.service[112946]: DEBUG nova.api.openstack.wsgi_app [None req-b062e4af-693b-41d5-a64f-9daa9c8478d3 None None] allow_resize_to_same_host = True {{(pid=112946) log_opt_values /opt/stack/data/venv/lib/python3.12/site-packages/oslo_config/cfg.py:2995}}
Mar 17 10:20:03.841065 np0000158998 devstack@n-api-meta.service[112946]: DEBUG nova.api.openstack.wsgi_app [None req-b062e4af-693b-41d5-a64f-9daa9c8478d3 None None] arq_binding_timeout = 300 {{(pid=112946) log_opt_values /opt/stack/data/venv/lib/python3.12/site-packages/oslo_config/cfg.py:2995}}
Mar 17 10:20:03.841188 np0000158998 devstack@n-api-meta.service[112946]: DEBUG nova.api.openstack.wsgi_app [None req-b062e4af-693b-41d5-a64f-9daa9c8478d3 None None] block_device_allocate_retries = 60 {{(pid=112946) log_opt_values /opt/stack/data/venv/lib/python3.12/site-packages/oslo_config/cfg.py:2995}}
Mar 17 10:20:03.841336 np0000158998 devstack@n-api-meta.service[112946]: DEBUG nova.api.openstack.wsgi_app [None req-b062e4af-693b-41d5-a64f-9daa9c8478d3 None None] block_device_allocate_retries_interval = 3 {{(pid=112946) log_opt_values /opt/stack/data/venv/lib/python3.12/site-packages/oslo_config/cfg.py:2995}}
Mar 17 10:20:03.841473 np0000158998 devstack@n-api-meta.service[112946]: DEBUG nova.api.openstack.wsgi_app [None req-b062e4af-693b-41d5-a64f-9daa9c8478d3 None None] cell_worker_thread_pool_size = 5 {{(pid=112946) log_opt_values /opt/stack/data/venv/lib/python3.12/site-packages/oslo_config/cfg.py:2995}}
Mar 17 10:20:03.841687 np0000158998 devstack@n-api-meta.service[112946]: DEBUG nova.api.openstack.wsgi_app [None req-b062e4af-693b-41d5-a64f-9daa9c8478d3 None None] cert = self.pem {{(pid=112946) log_opt_values /opt/stack/data/venv/lib/python3.12/site-packages/oslo_config/cfg.py:2995}}
Mar 17 10:20:03.841801 np0000158998 devstack@n-api-meta.service[112946]: DEBUG nova.api.openstack.wsgi_app [None req-b062e4af-693b-41d5-a64f-9daa9c8478d3 None None] compute_driver = libvirt.LibvirtDriver {{(pid=112946) log_opt_values /opt/stack/data/venv/lib/python3.12/site-packages/oslo_config/cfg.py:2995}}
Mar 17 10:20:03.841932 np0000158998 devstack@n-api-meta.service[112946]: DEBUG nova.api.openstack.wsgi_app [None req-b062e4af-693b-41d5-a64f-9daa9c8478d3 None None] compute_monitors = [] {{(pid=112946) log_opt_values /opt/stack/data/venv/lib/python3.12/site-packages/oslo_config/cfg.py:2995}}
Mar 17 10:20:03.842067 np0000158998 devstack@n-api-meta.service[112946]: DEBUG nova.api.openstack.wsgi_app [None req-b062e4af-693b-41d5-a64f-9daa9c8478d3 None None] config_dir = [] {{(pid=112946) log_opt_values /opt/stack/data/venv/lib/python3.12/site-packages/oslo_config/cfg.py:2995}}
Mar 17 10:20:03.842203 np0000158998 devstack@n-api-meta.service[112946]: DEBUG nova.api.openstack.wsgi_app [None req-b062e4af-693b-41d5-a64f-9daa9c8478d3 None None] config_drive_format = iso9660 {{(pid=112946) log_opt_values /opt/stack/data/venv/lib/python3.12/site-packages/oslo_config/cfg.py:2995}}
Mar 17 10:20:03.842347 np0000158998 devstack@n-api-meta.service[112946]: DEBUG nova.api.openstack.wsgi_app [None req-b062e4af-693b-41d5-a64f-9daa9c8478d3 None None] config_file = ['/etc/nova/api-paste.ini', '/etc/nova/nova.conf'] {{(pid=112946) log_opt_values /opt/stack/data/venv/lib/python3.12/site-packages/oslo_config/cfg.py:2995}}
Mar 17 10:20:03.842447 np0000158998 devstack@n-api-meta.service[112946]: DEBUG nova.api.openstack.wsgi_app [None req-b062e4af-693b-41d5-a64f-9daa9c8478d3 None None] config_source = [] {{(pid=112946) log_opt_values /opt/stack/data/venv/lib/python3.12/site-packages/oslo_config/cfg.py:2995}}
Mar 17 10:20:03.842592 np0000158998 devstack@n-api-meta.service[112946]: DEBUG nova.api.openstack.wsgi_app [None req-b062e4af-693b-41d5-a64f-9daa9c8478d3 None None] console_host = np0000158998 {{(pid=112946) log_opt_values /opt/stack/data/venv/lib/python3.12/site-packages/oslo_config/cfg.py:2995}}
Mar 17 10:20:03.842719 np0000158998 devstack@n-api-meta.service[112946]: DEBUG nova.api.openstack.wsgi_app [None req-b062e4af-693b-41d5-a64f-9daa9c8478d3 None None] control_exchange = nova {{(pid=112946) log_opt_values /opt/stack/data/venv/lib/python3.12/site-packages/oslo_config/cfg.py:2995}}
Mar 17 10:20:03.842845 np0000158998 devstack@n-api-meta.service[112946]: DEBUG nova.api.openstack.wsgi_app [None req-b062e4af-693b-41d5-a64f-9daa9c8478d3 None None] cpu_allocation_ratio = None {{(pid=112946) log_opt_values /opt/stack/data/venv/lib/python3.12/site-packages/oslo_config/cfg.py:2995}}
Mar 17 10:20:03.842971 np0000158998 devstack@n-api-meta.service[112946]: DEBUG nova.api.openstack.wsgi_app [None req-b062e4af-693b-41d5-a64f-9daa9c8478d3 None None] daemon = False {{(pid=112946) log_opt_values /opt/stack/data/venv/lib/python3.12/site-packages/oslo_config/cfg.py:2995}}
Mar 17 10:20:03.843101 np0000158998 devstack@n-api-meta.service[112946]: DEBUG nova.api.openstack.wsgi_app [None req-b062e4af-693b-41d5-a64f-9daa9c8478d3 None None] debug = True {{(pid=112946) log_opt_values /opt/stack/data/venv/lib/python3.12/site-packages/oslo_config/cfg.py:2995}}
Mar 17 10:20:03.843276 np0000158998 devstack@n-api-meta.service[112946]: DEBUG nova.api.openstack.wsgi_app [None req-b062e4af-693b-41d5-a64f-9daa9c8478d3 None None] default_access_ip_network_name = None {{(pid=112946) log_opt_values /opt/stack/data/venv/lib/python3.12/site-packages/oslo_config/cfg.py:2995}}
Mar 17 10:20:03.843417 np0000158998 devstack@n-api-meta.service[112946]: DEBUG nova.api.openstack.wsgi_app [None req-b062e4af-693b-41d5-a64f-9daa9c8478d3 None None] default_availability_zone = nova {{(pid=112946) log_opt_values /opt/stack/data/venv/lib/python3.12/site-packages/oslo_config/cfg.py:2995}}
Mar 17 10:20:03.843517 np0000158998 devstack@n-api-meta.service[112946]: DEBUG nova.api.openstack.wsgi_app [None req-b062e4af-693b-41d5-a64f-9daa9c8478d3 None None] default_ephemeral_format = ext4 {{(pid=112946) log_opt_values /opt/stack/data/venv/lib/python3.12/site-packages/oslo_config/cfg.py:2995}}
Mar 17 10:20:03.843656 np0000158998 devstack@n-api-meta.service[112946]: DEBUG nova.api.openstack.wsgi_app [None req-b062e4af-693b-41d5-a64f-9daa9c8478d3 None None] default_green_pool_size = 1000 {{(pid=112946) log_opt_values /opt/stack/data/venv/lib/python3.12/site-packages/oslo_config/cfg.py:2995}}
Mar 17 10:20:03.843854 np0000158998 devstack@n-api-meta.service[112946]: DEBUG nova.api.openstack.wsgi_app [None req-b062e4af-693b-41d5-a64f-9daa9c8478d3 None None] default_log_levels = ['amqp=WARN', 'boto=WARN', 'sqlalchemy=WARN', 'suds=INFO', 'oslo.messaging=INFO', 'oslo_messaging=INFO', 'iso8601=WARN', 'requests.packages.urllib3.connectionpool=WARN', 'urllib3.connectionpool=WARN', 'websocket=WARN', 'requests.packages.urllib3.util.retry=WARN', 'urllib3.util.retry=WARN', 'keystonemiddleware=WARN', 'routes.middleware=WARN', 'stevedore=WARN', 'taskflow=WARN', 'keystoneauth=WARN', 'oslo.cache=INFO', 'oslo_policy=INFO', 'dogpile.core.dogpile=INFO', 'glanceclient=WARN', 'oslo.privsep.daemon=INFO'] {{(pid=112946) log_opt_values /opt/stack/data/venv/lib/python3.12/site-packages/oslo_config/cfg.py:2995}}
Mar 17 10:20:03.843987 np0000158998 devstack@n-api-meta.service[112946]: DEBUG nova.api.openstack.wsgi_app [None req-b062e4af-693b-41d5-a64f-9daa9c8478d3 None None] default_schedule_zone = None {{(pid=112946) log_opt_values /opt/stack/data/venv/lib/python3.12/site-packages/oslo_config/cfg.py:2995}}
Mar 17 10:20:03.844102 np0000158998 devstack@n-api-meta.service[112946]: DEBUG nova.api.openstack.wsgi_app [None req-b062e4af-693b-41d5-a64f-9daa9c8478d3 None None] default_thread_pool_size = 10 {{(pid=112946) log_opt_values /opt/stack/data/venv/lib/python3.12/site-packages/oslo_config/cfg.py:2995}}
Mar 17 10:20:03.844257 np0000158998 devstack@n-api-meta.service[112946]: DEBUG nova.api.openstack.wsgi_app [None req-b062e4af-693b-41d5-a64f-9daa9c8478d3 None None] disk_allocation_ratio = None {{(pid=112946) log_opt_values /opt/stack/data/venv/lib/python3.12/site-packages/oslo_config/cfg.py:2995}}
Mar 17 10:20:03.844397 np0000158998 devstack@n-api-meta.service[112946]: DEBUG nova.api.openstack.wsgi_app [None req-b062e4af-693b-41d5-a64f-9daa9c8478d3 None None] enable_new_services = True {{(pid=112946) log_opt_values /opt/stack/data/venv/lib/python3.12/site-packages/oslo_config/cfg.py:2995}}
Mar 17 10:20:03.844526 np0000158998 devstack@n-api-meta.service[112946]: DEBUG nova.api.openstack.wsgi_app [None req-b062e4af-693b-41d5-a64f-9daa9c8478d3 None None] flat_injected = False {{(pid=112946) log_opt_values /opt/stack/data/venv/lib/python3.12/site-packages/oslo_config/cfg.py:2995}}
Mar 17 10:20:03.844658 np0000158998 devstack@n-api-meta.service[112946]: DEBUG nova.api.openstack.wsgi_app [None req-b062e4af-693b-41d5-a64f-9daa9c8478d3 None None] force_config_drive = False {{(pid=112946) log_opt_values /opt/stack/data/venv/lib/python3.12/site-packages/oslo_config/cfg.py:2995}}
Mar 17 10:20:03.844785 np0000158998 devstack@n-api-meta.service[112946]: DEBUG nova.api.openstack.wsgi_app [None req-b062e4af-693b-41d5-a64f-9daa9c8478d3 None None] force_raw_images = True {{(pid=112946) log_opt_values /opt/stack/data/venv/lib/python3.12/site-packages/oslo_config/cfg.py:2995}}
Mar 17 10:20:03.844921 np0000158998 devstack@n-api-meta.service[112946]: DEBUG nova.api.openstack.wsgi_app [None req-b062e4af-693b-41d5-a64f-9daa9c8478d3 None None] graceful_shutdown_timeout = 5 {{(pid=112946) log_opt_values /opt/stack/data/venv/lib/python3.12/site-packages/oslo_config/cfg.py:2995}}
Mar 17 10:20:03.845080 np0000158998 devstack@n-api-meta.service[112946]: DEBUG nova.api.openstack.wsgi_app [None req-b062e4af-693b-41d5-a64f-9daa9c8478d3 None None] heal_instance_info_cache_interval = -1 {{(pid=112946) log_opt_values /opt/stack/data/venv/lib/python3.12/site-packages/oslo_config/cfg.py:2995}}
Mar 17 10:20:03.845274 np0000158998 devstack@n-api-meta.service[112946]: DEBUG nova.api.openstack.wsgi_app [None req-b062e4af-693b-41d5-a64f-9daa9c8478d3 None None] host = np0000158998 {{(pid=112946) log_opt_values /opt/stack/data/venv/lib/python3.12/site-packages/oslo_config/cfg.py:2995}}
Mar 17 10:20:03.845408 np0000158998 devstack@n-api-meta.service[112946]: DEBUG nova.api.openstack.wsgi_app [None req-b062e4af-693b-41d5-a64f-9daa9c8478d3 None None] initial_cpu_allocation_ratio = 4.0 {{(pid=112946) log_opt_values /opt/stack/data/venv/lib/python3.12/site-packages/oslo_config/cfg.py:2995}}
Mar 17 10:20:03.845538 np0000158998 devstack@n-api-meta.service[112946]: DEBUG nova.api.openstack.wsgi_app [None req-b062e4af-693b-41d5-a64f-9daa9c8478d3 None None] initial_disk_allocation_ratio = 1.0 {{(pid=112946) log_opt_values /opt/stack/data/venv/lib/python3.12/site-packages/oslo_config/cfg.py:2995}}
Mar 17 10:20:03.845695 np0000158998 devstack@n-api-meta.service[112946]: DEBUG nova.api.openstack.wsgi_app [None req-b062e4af-693b-41d5-a64f-9daa9c8478d3 None None] initial_ram_allocation_ratio = 1.0 {{(pid=112946) log_opt_values /opt/stack/data/venv/lib/python3.12/site-packages/oslo_config/cfg.py:2995}}
Mar 17 10:20:03.845843 np0000158998 devstack@n-api-meta.service[112945]: WARNING nova.api.metadata.handler [None req-d36934f2-7e05-492d-be9d-6528af2be5f8 None None] metadata_proxy_shared_secret is not configured, the metadata information returned by the proxy cannot be trusted
Mar 17 10:20:03.845938 np0000158998 devstack@n-api-meta.service[112946]: DEBUG nova.api.openstack.wsgi_app [None req-b062e4af-693b-41d5-a64f-9daa9c8478d3 None None] injected_network_template = /opt/stack/nova/nova/virt/interfaces.template {{(pid=112946) log_opt_values /opt/stack/data/venv/lib/python3.12/site-packages/oslo_config/cfg.py:2995}}
Mar 17 10:20:03.846003 np0000158998 devstack@n-api-meta.service[112946]: DEBUG nova.api.openstack.wsgi_app [None req-b062e4af-693b-41d5-a64f-9daa9c8478d3 None None] instance_build_timeout = 0 {{(pid=112946) log_opt_values /opt/stack/data/venv/lib/python3.12/site-packages/oslo_config/cfg.py:2995}}
Mar 17 10:20:03.846126 np0000158998 devstack@n-api-meta.service[112946]: DEBUG nova.api.openstack.wsgi_app [None req-b062e4af-693b-41d5-a64f-9daa9c8478d3 None None] instance_delete_interval = 300 {{(pid=112946) log_opt_values /opt/stack/data/venv/lib/python3.12/site-packages/oslo_config/cfg.py:2995}}
Mar 17 10:20:03.846272 np0000158998 devstack@n-api-meta.service[112946]: DEBUG nova.api.openstack.wsgi_app [None req-b062e4af-693b-41d5-a64f-9daa9c8478d3 None None] instance_format = [instance: %(uuid)s] {{(pid=112946) log_opt_values /opt/stack/data/venv/lib/python3.12/site-packages/oslo_config/cfg.py:2995}}
Mar 17 10:20:03.846407 np0000158998 devstack@n-api-meta.service[112946]: DEBUG nova.api.openstack.wsgi_app [None req-b062e4af-693b-41d5-a64f-9daa9c8478d3 None None] instance_name_template = instance-%08x {{(pid=112946) log_opt_values /opt/stack/data/venv/lib/python3.12/site-packages/oslo_config/cfg.py:2995}}
Mar 17 10:20:03.846534 np0000158998 devstack@n-api-meta.service[112946]: DEBUG nova.api.openstack.wsgi_app [None req-b062e4af-693b-41d5-a64f-9daa9c8478d3 None None] instance_usage_audit = False {{(pid=112946) log_opt_values /opt/stack/data/venv/lib/python3.12/site-packages/oslo_config/cfg.py:2995}}
Mar 17 10:20:03.846670 np0000158998 devstack@n-api-meta.service[112946]: DEBUG nova.api.openstack.wsgi_app [None req-b062e4af-693b-41d5-a64f-9daa9c8478d3 None None] instance_usage_audit_period = month {{(pid=112946) log_opt_values /opt/stack/data/venv/lib/python3.12/site-packages/oslo_config/cfg.py:2995}}
Mar 17 10:20:03.846803 np0000158998 devstack@n-api-meta.service[112946]: DEBUG nova.api.openstack.wsgi_app [None req-b062e4af-693b-41d5-a64f-9daa9c8478d3 None None] instance_uuid_format = [instance: %(uuid)s] {{(pid=112946) log_opt_values /opt/stack/data/venv/lib/python3.12/site-packages/oslo_config/cfg.py:2995}}
Mar 17 10:20:03.846935 np0000158998 devstack@n-api-meta.service[112946]: DEBUG nova.api.openstack.wsgi_app [None req-b062e4af-693b-41d5-a64f-9daa9c8478d3 None None] instances_path = /opt/stack/data/nova/instances {{(pid=112946) log_opt_values /opt/stack/data/venv/lib/python3.12/site-packages/oslo_config/cfg.py:2995}}
Mar 17 10:20:03.847066 np0000158998 devstack@n-api-meta.service[112946]: DEBUG nova.api.openstack.wsgi_app [None req-b062e4af-693b-41d5-a64f-9daa9c8478d3 None None] internal_service_availability_zone = internal {{(pid=112946) log_opt_values /opt/stack/data/venv/lib/python3.12/site-packages/oslo_config/cfg.py:2995}}
Mar 17 10:20:03.847193 np0000158998 devstack@n-api-meta.service[112946]: DEBUG nova.api.openstack.wsgi_app [None req-b062e4af-693b-41d5-a64f-9daa9c8478d3 None None] key = None {{(pid=112946) log_opt_values /opt/stack/data/venv/lib/python3.12/site-packages/oslo_config/cfg.py:2995}}
Mar 17 10:20:03.847338 np0000158998 devstack@n-api-meta.service[112946]: DEBUG nova.api.openstack.wsgi_app [None req-b062e4af-693b-41d5-a64f-9daa9c8478d3 None None] live_migration_retry_count = 30 {{(pid=112946) log_opt_values /opt/stack/data/venv/lib/python3.12/site-packages/oslo_config/cfg.py:2995}}
Mar 17 10:20:03.847471 np0000158998 devstack@n-api-meta.service[112946]: DEBUG nova.api.openstack.wsgi_app [None req-b062e4af-693b-41d5-a64f-9daa9c8478d3 None None] log_color = False {{(pid=112946) log_opt_values /opt/stack/data/venv/lib/python3.12/site-packages/oslo_config/cfg.py:2995}}
Mar 17 10:20:03.847601 np0000158998 devstack@n-api-meta.service[112946]: DEBUG nova.api.openstack.wsgi_app [None req-b062e4af-693b-41d5-a64f-9daa9c8478d3 None None] log_config_append = None {{(pid=112946) log_opt_values /opt/stack/data/venv/lib/python3.12/site-packages/oslo_config/cfg.py:2995}}
Mar 17 10:20:03.847743 np0000158998 devstack@n-api-meta.service[112946]: DEBUG nova.api.openstack.wsgi_app [None req-b062e4af-693b-41d5-a64f-9daa9c8478d3 None None] log_date_format = %Y-%m-%d %H:%M:%S {{(pid=112946) log_opt_values /opt/stack/data/venv/lib/python3.12/site-packages/oslo_config/cfg.py:2995}}
Mar 17 10:20:03.847870 np0000158998 devstack@n-api-meta.service[112946]: DEBUG nova.api.openstack.wsgi_app [None req-b062e4af-693b-41d5-a64f-9daa9c8478d3 None None] log_dir = None {{(pid=112946) log_opt_values /opt/stack/data/venv/lib/python3.12/site-packages/oslo_config/cfg.py:2995}}
Mar 17 10:20:03.847994 np0000158998 devstack@n-api-meta.service[112946]: DEBUG nova.api.openstack.wsgi_app [None req-b062e4af-693b-41d5-a64f-9daa9c8478d3 None None] log_file = None {{(pid=112946) log_opt_values /opt/stack/data/venv/lib/python3.12/site-packages/oslo_config/cfg.py:2995}}
Mar 17 10:20:03.848096 np0000158998 devstack@n-api-meta.service[112946]: DEBUG nova.api.openstack.wsgi_app [None req-b062e4af-693b-41d5-a64f-9daa9c8478d3 None None] log_options = True {{(pid=112946) log_opt_values /opt/stack/data/venv/lib/python3.12/site-packages/oslo_config/cfg.py:2995}}
Mar 17 10:20:03.848191 np0000158998 devstack@n-api-meta.service[112945]: DEBUG nova.api.openstack.wsgi_app [None req-d36934f2-7e05-492d-be9d-6528af2be5f8 None None] ******************************************************************************** {{(pid=112945) log_opt_values /opt/stack/data/venv/lib/python3.12/site-packages/oslo_config/cfg.py:2979}}
Mar 17 10:20:03.848285 np0000158998 devstack@n-api-meta.service[112946]: DEBUG nova.api.openstack.wsgi_app [None req-b062e4af-693b-41d5-a64f-9daa9c8478d3 None None] log_rotate_interval = 1 {{(pid=112946) log_opt_values /opt/stack/data/venv/lib/python3.12/site-packages/oslo_config/cfg.py:2995}}
