Apr 03 02:58:41.486037 np0000163383 devstack@neutron-api.service[102181]: INFO neutron.manager [None req-b674bb3d-06cb-4a4d-b84d-f111508a15be None None] Loading Plugin: tag
Apr 03 02:58:41.486706 np0000163383 devstack@neutron-api.service[102178]: DEBUG neutron_lib.callbacks.manager [None req-c7e3f9af-23d8-4df1-8d1a-b8b7ebedfc6e None None] Subscribe: > process after_init 55550000, True {{(pid=102178) subscribe /opt/stack/data/venv/lib/python3.12/site-packages/neutron_lib/callbacks/manager.py:52}}
Apr 03 02:58:41.486706 np0000163383 devstack@neutron-api.service[102178]: DEBUG neutron_lib.callbacks.manager [None req-c7e3f9af-23d8-4df1-8d1a-b8b7ebedfc6e None None] Subscribe: > segment after_create 55550000, False {{(pid=102178) subscribe /opt/stack/data/venv/lib/python3.12/site-packages/neutron_lib/callbacks/manager.py:52}}
Apr 03 02:58:41.486706 np0000163383 devstack@neutron-api.service[102178]: DEBUG neutron_lib.callbacks.manager [None req-c7e3f9af-23d8-4df1-8d1a-b8b7ebedfc6e None None] Subscribe: > segment after_create 55550000, False {{(pid=102178) subscribe /opt/stack/data/venv/lib/python3.12/site-packages/neutron_lib/callbacks/manager.py:52}}
Apr 03 02:58:41.486706 np0000163383 devstack@neutron-api.service[102178]: DEBUG neutron_lib.callbacks.manager [None req-c7e3f9af-23d8-4df1-8d1a-b8b7ebedfc6e None None] Subscribe: > segment after_delete 55550000, False {{(pid=102178) subscribe /opt/stack/data/venv/lib/python3.12/site-packages/neutron_lib/callbacks/manager.py:52}}
Apr 03 02:58:41.487203 np0000163383 devstack@neutron-api.service[102178]: DEBUG neutron_lib.callbacks.manager [None req-c7e3f9af-23d8-4df1-8d1a-b8b7ebedfc6e None None] Subscribe: > allowed_address_pair before_create 55550000, False {{(pid=102178) subscribe /opt/stack/data/venv/lib/python3.12/site-packages/neutron_lib/callbacks/manager.py:52}}
Apr 03 02:58:41.487477 np0000163383 devstack@neutron-api.service[102179]: DEBUG neutron_lib.callbacks.manager [None req-5d4fde98-40ec-4337-8a19-ed50836b0d5c None None] Subscribe: > process before_spawn 55550000, False {{(pid=102179) subscribe /opt/stack/data/venv/lib/python3.12/site-packages/neutron_lib/callbacks/manager.py:52}}
Apr 03 02:58:41.487733 np0000163383 devstack@neutron-api.service[102178]: DEBUG neutron_lib.callbacks.manager [None req-c7e3f9af-23d8-4df1-8d1a-b8b7ebedfc6e None None] Subscribe: > security_group precommit_create 55550000, False {{(pid=102178) subscribe /opt/stack/data/venv/lib/python3.12/site-packages/neutron_lib/callbacks/manager.py:52}}
Apr 03 02:58:41.487832 np0000163383 devstack@neutron-api.service[102179]: DEBUG neutron_lib.callbacks.manager [None req-5d4fde98-40ec-4337-8a19-ed50836b0d5c None None] Subscribe: > process after_init 55550000, True {{(pid=102179) subscribe /opt/stack/data/venv/lib/python3.12/site-packages/neutron_lib/callbacks/manager.py:52}}
Apr 03 02:58:41.487862 np0000163383 devstack@neutron-api.service[102178]: DEBUG neutron_lib.callbacks.manager [None req-c7e3f9af-23d8-4df1-8d1a-b8b7ebedfc6e None None] Subscribe: > security_group after_update 55550000, False {{(pid=102178) subscribe /opt/stack/data/venv/lib/python3.12/site-packages/neutron_lib/callbacks/manager.py:52}}
Apr 03 02:58:41.487886 np0000163383 devstack@neutron-api.service[102179]: DEBUG neutron_lib.callbacks.manager [None req-5d4fde98-40ec-4337-8a19-ed50836b0d5c None None] Subscribe: > segment after_create 55550000, False {{(pid=102179) subscribe /opt/stack/data/venv/lib/python3.12/site-packages/neutron_lib/callbacks/manager.py:52}}
Apr 03 02:58:41.487991 np0000163383 devstack@neutron-api.service[102178]: DEBUG neutron_lib.callbacks.manager [None req-c7e3f9af-23d8-4df1-8d1a-b8b7ebedfc6e None None] Subscribe: > security_group after_create 55550000, False {{(pid=102178) subscribe /opt/stack/data/venv/lib/python3.12/site-packages/neutron_lib/callbacks/manager.py:52}}
Apr 03 02:58:41.488070 np0000163383 devstack@neutron-api.service[102179]: DEBUG neutron_lib.callbacks.manager [None req-5d4fde98-40ec-4337-8a19-ed50836b0d5c None None] Subscribe: > segment after_create 55550000, False {{(pid=102179) subscribe /opt/stack/data/venv/lib/python3.12/site-packages/neutron_lib/callbacks/manager.py:52}}
Apr 03 02:58:41.488123 np0000163383 devstack@neutron-api.service[102178]: DEBUG neutron_lib.callbacks.manager [None req-c7e3f9af-23d8-4df1-8d1a-b8b7ebedfc6e None None] Subscribe: > security_group precommit_delete 55550000, False {{(pid=102178) subscribe /opt/stack/data/venv/lib/python3.12/site-packages/neutron_lib/callbacks/manager.py:52}}
Apr 03 02:58:41.488196 np0000163383 devstack@neutron-api.service[102179]: DEBUG neutron_lib.callbacks.manager [None req-5d4fde98-40ec-4337-8a19-ed50836b0d5c None None] Subscribe: > segment after_delete 55550000, False {{(pid=102179) subscribe /opt/stack/data/venv/lib/python3.12/site-packages/neutron_lib/callbacks/manager.py:52}}
Apr 03 02:58:41.488221 np0000163383 devstack@neutron-api.service[102178]: DEBUG neutron_lib.callbacks.manager [None req-c7e3f9af-23d8-4df1-8d1a-b8b7ebedfc6e None None] Subscribe: > security_group after_delete 55550000, False {{(pid=102178) subscribe /opt/stack/data/venv/lib/python3.12/site-packages/neutron_lib/callbacks/manager.py:52}}
Apr 03 02:58:41.488299 np0000163383 devstack@neutron-api.service[102179]: DEBUG neutron_lib.callbacks.manager [None req-5d4fde98-40ec-4337-8a19-ed50836b0d5c None None] Subscribe: > allowed_address_pair before_create 55550000, False {{(pid=102179) subscribe /opt/stack/data/venv/lib/python3.12/site-packages/neutron_lib/callbacks/manager.py:52}}
Apr 03 02:58:41.488372 np0000163383 devstack@neutron-api.service[102178]: DEBUG neutron_lib.callbacks.manager [None req-c7e3f9af-23d8-4df1-8d1a-b8b7ebedfc6e None None] Subscribe: > security_group_rule precommit_create 55550000, False {{(pid=102178) subscribe /opt/stack/data/venv/lib/python3.12/site-packages/neutron_lib/callbacks/manager.py:52}}
Apr 03 02:58:41.488420 np0000163383 devstack@neutron-api.service[102179]: DEBUG neutron_lib.callbacks.manager [None req-5d4fde98-40ec-4337-8a19-ed50836b0d5c None None] Subscribe: > security_group precommit_create 55550000, False {{(pid=102179) subscribe /opt/stack/data/venv/lib/python3.12/site-packages/neutron_lib/callbacks/manager.py:52}}
Apr 03 02:58:41.488503 np0000163383 devstack@neutron-api.service[102178]: DEBUG neutron_lib.callbacks.manager [None req-c7e3f9af-23d8-4df1-8d1a-b8b7ebedfc6e None None] Subscribe: > security_group_rule after_create 55550000, False {{(pid=102178) subscribe /opt/stack/data/venv/lib/python3.12/site-packages/neutron_lib/callbacks/manager.py:52}}
Apr 03 02:58:41.488576 np0000163383 devstack@neutron-api.service[102179]: DEBUG neutron_lib.callbacks.manager [None req-5d4fde98-40ec-4337-8a19-ed50836b0d5c None None] Subscribe: > security_group after_update 55550000, False {{(pid=102179) subscribe /opt/stack/data/venv/lib/python3.12/site-packages/neutron_lib/callbacks/manager.py:52}}
Apr 03 02:58:41.488655 np0000163383 devstack@neutron-api.service[102178]: DEBUG neutron_lib.callbacks.manager [None req-c7e3f9af-23d8-4df1-8d1a-b8b7ebedfc6e None None] Subscribe: > security_group_rule before_delete 55550000, False {{(pid=102178) subscribe /opt/stack/data/venv/lib/python3.12/site-packages/neutron_lib/callbacks/manager.py:52}}
Apr 03 02:58:41.488709 np0000163383 devstack@neutron-api.service[102179]: DEBUG neutron_lib.callbacks.manager [None req-5d4fde98-40ec-4337-8a19-ed50836b0d5c None None] Subscribe: > security_group after_create 55550000, False {{(pid=102179) subscribe /opt/stack/data/venv/lib/python3.12/site-packages/neutron_lib/callbacks/manager.py:52}}
Apr 03 02:58:41.488788 np0000163383 devstack@neutron-api.service[102178]: DEBUG neutron_lib.callbacks.manager [None req-c7e3f9af-23d8-4df1-8d1a-b8b7ebedfc6e None None] Subscribe: > address_group after_create 55550000, False {{(pid=102178) subscribe /opt/stack/data/venv/lib/python3.12/site-packages/neutron_lib/callbacks/manager.py:52}}
Apr 03 02:58:41.488861 np0000163383 devstack@neutron-api.service[102179]: DEBUG neutron_lib.callbacks.manager [None req-5d4fde98-40ec-4337-8a19-ed50836b0d5c None None] Subscribe: > security_group precommit_delete 55550000, False {{(pid=102179) subscribe /opt/stack/data/venv/lib/python3.12/site-packages/neutron_lib/callbacks/manager.py:52}}
Apr 03 02:58:41.488912 np0000163383 devstack@neutron-api.service[102178]: DEBUG neutron_lib.callbacks.manager [None req-c7e3f9af-23d8-4df1-8d1a-b8b7ebedfc6e None None] Subscribe: > address_group after_update 55550000, False {{(pid=102178) subscribe /opt/stack/data/venv/lib/python3.12/site-packages/neutron_lib/callbacks/manager.py:52}}
Apr 03 02:58:41.490500 np0000163383 devstack@neutron-api.service[102179]: DEBUG neutron_lib.callbacks.manager [None req-5d4fde98-40ec-4337-8a19-ed50836b0d5c None None] Subscribe: > security_group after_delete 55550000, False {{(pid=102179) subscribe /opt/stack/data/venv/lib/python3.12/site-packages/neutron_lib/callbacks/manager.py:52}}
Apr 03 02:58:41.491221 np0000163383 devstack@neutron-api.service[102178]: DEBUG neutron_lib.callbacks.manager [None req-c7e3f9af-23d8-4df1-8d1a-b8b7ebedfc6e None None] Subscribe: > address_group after_delete 55550000, False {{(pid=102178) subscribe /opt/stack/data/venv/lib/python3.12/site-packages/neutron_lib/callbacks/manager.py:52}}
Apr 03 02:58:41.491627 np0000163383 devstack@neutron-api.service[102179]: DEBUG neutron_lib.callbacks.manager [None req-5d4fde98-40ec-4337-8a19-ed50836b0d5c None None] Subscribe: > security_group_rule precommit_create 55550000, False {{(pid=102179) subscribe /opt/stack/data/venv/lib/python3.12/site-packages/neutron_lib/callbacks/manager.py:52}}
Apr 03 02:58:41.491627 np0000163383 devstack@neutron-api.service[102179]: DEBUG neutron_lib.callbacks.manager [None req-5d4fde98-40ec-4337-8a19-ed50836b0d5c None None] Subscribe: > security_group_rule after_create 55550000, False {{(pid=102179) subscribe /opt/stack/data/venv/lib/python3.12/site-packages/neutron_lib/callbacks/manager.py:52}}
Apr 03 02:58:41.492095 np0000163383 devstack@neutron-api.service[102178]: DEBUG neutron_lib.callbacks.manager [None req-c7e3f9af-23d8-4df1-8d1a-b8b7ebedfc6e None None] Subscribe: > qos_plugin after_init 55550000, False {{(pid=102178) subscribe /opt/stack/data/venv/lib/python3.12/site-packages/neutron_lib/callbacks/manager.py:52}}
Apr 03 02:58:41.492441 np0000163383 devstack@neutron-api.service[102179]: DEBUG neutron_lib.callbacks.manager [None req-5d4fde98-40ec-4337-8a19-ed50836b0d5c None None] Subscribe: > security_group_rule before_delete 55550000, False {{(pid=102179) subscribe /opt/stack/data/venv/lib/python3.12/site-packages/neutron_lib/callbacks/manager.py:52}}
Apr 03 02:58:41.492839 np0000163383 devstack@neutron-api.service[102178]: DEBUG neutron_lib.callbacks.manager [None req-c7e3f9af-23d8-4df1-8d1a-b8b7ebedfc6e None None] Subscribe: > trunk_plugin after_init 55550000, False {{(pid=102178) subscribe /opt/stack/data/venv/lib/python3.12/site-packages/neutron_lib/callbacks/manager.py:52}}
Apr 03 02:58:41.493176 np0000163383 devstack@neutron-api.service[102179]: DEBUG neutron_lib.callbacks.manager [None req-5d4fde98-40ec-4337-8a19-ed50836b0d5c None None] Subscribe: > address_group after_create 55550000, False {{(pid=102179) subscribe /opt/stack/data/venv/lib/python3.12/site-packages/neutron_lib/callbacks/manager.py:52}}
Apr 03 02:58:41.493176 np0000163383 devstack@neutron-api.service[102179]: DEBUG neutron_lib.callbacks.manager [None req-5d4fde98-40ec-4337-8a19-ed50836b0d5c None None] Subscribe: > address_group after_update 55550000, False {{(pid=102179) subscribe /opt/stack/data/venv/lib/python3.12/site-packages/neutron_lib/callbacks/manager.py:52}}
Apr 03 02:58:41.493176 np0000163383 devstack@neutron-api.service[102179]: DEBUG neutron_lib.callbacks.manager [None req-5d4fde98-40ec-4337-8a19-ed50836b0d5c None None] Subscribe: > address_group after_delete 55550000, False {{(pid=102179) subscribe /opt/stack/data/venv/lib/python3.12/site-packages/neutron_lib/callbacks/manager.py:52}}
Apr 03 02:58:41.493357 np0000163383 devstack@neutron-api.service[102178]: DEBUG neutron_lib.callbacks.manager [None req-c7e3f9af-23d8-4df1-8d1a-b8b7ebedfc6e None None] Subscribe: > logging-plugin after_init 55550000, False {{(pid=102178) subscribe /opt/stack/data/venv/lib/python3.12/site-packages/neutron_lib/callbacks/manager.py:52}}
Apr 03 02:58:41.493430 np0000163383 devstack@neutron-api.service[102179]: DEBUG neutron_lib.callbacks.manager [None req-5d4fde98-40ec-4337-8a19-ed50836b0d5c None None] Subscribe: > qos_plugin after_init 55550000, False {{(pid=102179) subscribe /opt/stack/data/venv/lib/python3.12/site-packages/neutron_lib/callbacks/manager.py:52}}
Apr 03 02:58:41.493430 np0000163383 devstack@neutron-api.service[102179]: DEBUG neutron_lib.callbacks.manager [None req-5d4fde98-40ec-4337-8a19-ed50836b0d5c None None] Subscribe: > trunk_plugin after_init 55550000, False {{(pid=102179) subscribe /opt/stack/data/venv/lib/python3.12/site-packages/neutron_lib/callbacks/manager.py:52}}
Apr 03 02:58:41.493479 np0000163383 devstack@neutron-api.service[102178]: INFO neutron.services.logapi.drivers.ovn.driver [None req-c7e3f9af-23d8-4df1-8d1a-b8b7ebedfc6e None None] OVN logging driver registered
Apr 03 02:58:41.493526 np0000163383 devstack@neutron-api.service[102181]: DEBUG neutron.manager [None req-b674bb3d-06cb-4a4d-b84d-f111508a15be None None] Successfully loaded TAG plugin. Description: Tag support {{(pid=102181) _create_and_add_service_plugin /opt/stack/neutron/neutron/manager.py:239}}
Apr 03 02:58:41.493526 np0000163383 devstack@neutron-api.service[102181]: INFO neutron.manager [None req-b674bb3d-06cb-4a4d-b84d-f111508a15be None None] Loading Plugin: timestamp
Apr 03 02:58:41.493575 np0000163383 devstack@neutron-api.service[102179]: DEBUG neutron_lib.callbacks.manager [None req-5d4fde98-40ec-4337-8a19-ed50836b0d5c None None] Subscribe: > logging-plugin after_init 55550000, False {{(pid=102179) subscribe /opt/stack/data/venv/lib/python3.12/site-packages/neutron_lib/callbacks/manager.py:52}}
Apr 03 02:58:41.493575 np0000163383 devstack@neutron-api.service[102179]: INFO neutron.services.logapi.drivers.ovn.driver [None req-5d4fde98-40ec-4337-8a19-ed50836b0d5c None None] OVN logging driver registered
Apr 03 02:58:41.493666 np0000163383 devstack@neutron-api.service[102181]: DEBUG neutron.manager [None req-b674bb3d-06cb-4a4d-b84d-f111508a15be None None] Successfully loaded timestamp plugin. Description: Adds timestamps to Neutron resources with standard attributes {{(pid=102181) _create_and_add_service_plugin /opt/stack/neutron/neutron/manager.py:239}}
Apr 03 02:58:41.493666 np0000163383 devstack@neutron-api.service[102181]: INFO neutron.manager [None req-b674bb3d-06cb-4a4d-b84d-f111508a15be None None] Loading Plugin: network_ip_availability
Apr 03 02:58:41.493710 np0000163383 devstack@neutron-api.service[102178]: DEBUG neutron.plugins.ml2.plugin [None req-c7e3f9af-23d8-4df1-8d1a-b8b7ebedfc6e None None] neutron.plugins.ml2.plugin.Ml2Plugin method _start_rpc_notifiers called with arguments () {} {{(pid=102178) wrapper /opt/stack/data/venv/lib/python3.12/site-packages/oslo_log/helpers.py:77}}
Apr 03 02:58:41.493710 np0000163383 devstack@neutron-api.service[102178]: DEBUG neutron_lib.callbacks.manager [None req-c7e3f9af-23d8-4df1-8d1a-b8b7ebedfc6e None None] Subscribe: > port after_create 55550000, False {{(pid=102178) subscribe /opt/stack/data/venv/lib/python3.12/site-packages/neutron_lib/callbacks/manager.py:52}}
Apr 03 02:58:41.493710 np0000163383 devstack@neutron-api.service[102178]: DEBUG neutron_lib.callbacks.manager [None req-c7e3f9af-23d8-4df1-8d1a-b8b7ebedfc6e None None] Subscribe: > port after_update 55550000, False {{(pid=102178) subscribe /opt/stack/data/venv/lib/python3.12/site-packages/neutron_lib/callbacks/manager.py:52}}
Apr 03 02:58:41.493710 np0000163383 devstack@neutron-api.service[102178]: DEBUG neutron_lib.callbacks.manager [None req-c7e3f9af-23d8-4df1-8d1a-b8b7ebedfc6e None None] Subscribe: > port after_delete 55550000, False {{(pid=102178) subscribe /opt/stack/data/venv/lib/python3.12/site-packages/neutron_lib/callbacks/manager.py:52}}
Apr 03 02:58:41.493845 np0000163383 devstack@neutron-api.service[102179]: DEBUG neutron.plugins.ml2.plugin [None req-5d4fde98-40ec-4337-8a19-ed50836b0d5c None None] neutron.plugins.ml2.plugin.Ml2Plugin method _start_rpc_notifiers called with arguments () {} {{(pid=102179) wrapper /opt/stack/data/venv/lib/python3.12/site-packages/oslo_log/helpers.py:77}}
Apr 03 02:58:41.493870 np0000163383 devstack@neutron-api.service[102178]: DEBUG neutron_lib.callbacks.manager [None req-c7e3f9af-23d8-4df1-8d1a-b8b7ebedfc6e None None] Subscribe: > subnet after_create 55550000, False {{(pid=102178) subscribe /opt/stack/data/venv/lib/python3.12/site-packages/neutron_lib/callbacks/manager.py:52}}
Apr 03 02:58:41.493870 np0000163383 devstack@neutron-api.service[102178]: DEBUG neutron_lib.callbacks.manager [None req-c7e3f9af-23d8-4df1-8d1a-b8b7ebedfc6e None None] Subscribe: > subnet after_update 55550000, False {{(pid=102178) subscribe /opt/stack/data/venv/lib/python3.12/site-packages/neutron_lib/callbacks/manager.py:52}}
Apr 03 02:58:41.493870 np0000163383 devstack@neutron-api.service[102178]: DEBUG neutron_lib.callbacks.manager [None req-c7e3f9af-23d8-4df1-8d1a-b8b7ebedfc6e None None] Subscribe: > subnet after_delete 55550000, False {{(pid=102178) subscribe /opt/stack/data/venv/lib/python3.12/site-packages/neutron_lib/callbacks/manager.py:52}}
Apr 03 02:58:41.494385 np0000163383 devstack@neutron-api.service[102179]: DEBUG neutron_lib.callbacks.manager [None req-5d4fde98-40ec-4337-8a19-ed50836b0d5c None None] Subscribe: > port after_create 55550000, False {{(pid=102179) subscribe /opt/stack/data/venv/lib/python3.12/site-packages/neutron_lib/callbacks/manager.py:52}}
Apr 03 02:58:41.494692 np0000163383 devstack@neutron-api.service[102178]: DEBUG neutron_lib.callbacks.manager [None req-c7e3f9af-23d8-4df1-8d1a-b8b7ebedfc6e None None] Subscribe: > network after_create 55550000, False {{(pid=102178) subscribe /opt/stack/data/venv/lib/python3.12/site-packages/neutron_lib/callbacks/manager.py:52}}
Apr 03 02:58:41.494934 np0000163383 devstack@neutron-api.service[102179]: DEBUG neutron_lib.callbacks.manager [None req-5d4fde98-40ec-4337-8a19-ed50836b0d5c None None] Subscribe: > port after_update 55550000, False {{(pid=102179) subscribe /opt/stack/data/venv/lib/python3.12/site-packages/neutron_lib/callbacks/manager.py:52}}
Apr 03 02:58:41.495199 np0000163383 devstack@neutron-api.service[102178]: DEBUG neutron_lib.callbacks.manager [None req-c7e3f9af-23d8-4df1-8d1a-b8b7ebedfc6e None None] Subscribe: > network after_update 55550000, False {{(pid=102178) subscribe /opt/stack/data/venv/lib/python3.12/site-packages/neutron_lib/callbacks/manager.py:52}}
Apr 03 02:58:41.495359 np0000163383 devstack@neutron-api.service[102179]: DEBUG neutron_lib.callbacks.manager [None req-5d4fde98-40ec-4337-8a19-ed50836b0d5c None None] Subscribe: > port after_delete 55550000, False {{(pid=102179) subscribe /opt/stack/data/venv/lib/python3.12/site-packages/neutron_lib/callbacks/manager.py:52}}
Apr 03 02:58:41.495520 np0000163383 devstack@neutron-api.service[102178]: DEBUG neutron_lib.callbacks.manager [None req-c7e3f9af-23d8-4df1-8d1a-b8b7ebedfc6e None None] Subscribe: > network after_delete 55550000, False {{(pid=102178) subscribe /opt/stack/data/venv/lib/python3.12/site-packages/neutron_lib/callbacks/manager.py:52}}
Apr 03 02:58:41.495734 np0000163383 devstack@neutron-api.service[102179]: DEBUG neutron_lib.callbacks.manager [None req-5d4fde98-40ec-4337-8a19-ed50836b0d5c None None] Subscribe: > subnet after_create 55550000, False {{(pid=102179) subscribe /opt/stack/data/venv/lib/python3.12/site-packages/neutron_lib/callbacks/manager.py:52}}
Apr 03 02:58:41.495966 np0000163383 devstack@neutron-api.service[102178]: DEBUG neutron_lib.callbacks.manager [None req-c7e3f9af-23d8-4df1-8d1a-b8b7ebedfc6e None None] Subscribe: > security_group after_create 55550000, False {{(pid=102178) subscribe /opt/stack/data/venv/lib/python3.12/site-packages/neutron_lib/callbacks/manager.py:52}}
Apr 03 02:58:41.496153 np0000163383 devstack@neutron-api.service[102179]: DEBUG neutron_lib.callbacks.manager [None req-5d4fde98-40ec-4337-8a19-ed50836b0d5c None None] Subscribe: > subnet after_update 55550000, False {{(pid=102179) subscribe /opt/stack/data/venv/lib/python3.12/site-packages/neutron_lib/callbacks/manager.py:52}}
Apr 03 02:58:41.496235 np0000163383 devstack@neutron-api.service[102178]: DEBUG neutron_lib.callbacks.manager [None req-c7e3f9af-23d8-4df1-8d1a-b8b7ebedfc6e None None] Subscribe: > security_group after_update 55550000, False {{(pid=102178) subscribe /opt/stack/data/venv/lib/python3.12/site-packages/neutron_lib/callbacks/manager.py:52}}
Apr 03 02:58:41.496261 np0000163383 devstack@neutron-api.service[102179]: DEBUG neutron_lib.callbacks.manager [None req-5d4fde98-40ec-4337-8a19-ed50836b0d5c None None] Subscribe: > subnet after_delete 55550000, False {{(pid=102179) subscribe /opt/stack/data/venv/lib/python3.12/site-packages/neutron_lib/callbacks/manager.py:52}}
Apr 03 02:58:41.496308 np0000163383 devstack@neutron-api.service[102178]: DEBUG neutron_lib.callbacks.manager [None req-c7e3f9af-23d8-4df1-8d1a-b8b7ebedfc6e None None] Subscribe: > security_group after_delete 55550000, False {{(pid=102178) subscribe /opt/stack/data/venv/lib/python3.12/site-packages/neutron_lib/callbacks/manager.py:52}}
Apr 03 02:58:41.496333 np0000163383 devstack@neutron-api.service[102181]: DEBUG neutron.manager [None req-b674bb3d-06cb-4a4d-b84d-f111508a15be None None] Successfully loaded network-ip-availability plugin. Description: Provides IP availability data for each network and subnet. {{(pid=102181) _create_and_add_service_plugin /opt/stack/neutron/neutron/manager.py:239}}
Apr 03 02:58:41.496388 np0000163383 devstack@neutron-api.service[102179]: DEBUG neutron_lib.callbacks.manager [None req-5d4fde98-40ec-4337-8a19-ed50836b0d5c None None] Subscribe: > network after_create 55550000, False {{(pid=102179) subscribe /opt/stack/data/venv/lib/python3.12/site-packages/neutron_lib/callbacks/manager.py:52}}
Apr 03 02:58:41.496413 np0000163383 devstack@neutron-api.service[102178]: DEBUG neutron_lib.callbacks.manager [None req-c7e3f9af-23d8-4df1-8d1a-b8b7ebedfc6e None None] Subscribe: > security_group_rule after_create 55550000, False {{(pid=102178) subscribe /opt/stack/data/venv/lib/python3.12/site-packages/neutron_lib/callbacks/manager.py:52}}
Apr 03 02:58:41.496460 np0000163383 devstack@neutron-api.service[102181]: INFO neutron.manager [None req-b674bb3d-06cb-4a4d-b84d-f111508a15be None None] Loading Plugin: flavors
Apr 03 02:58:41.496483 np0000163383 devstack@neutron-api.service[102179]: DEBUG neutron_lib.callbacks.manager [None req-5d4fde98-40ec-4337-8a19-ed50836b0d5c None None] Subscribe: > network after_update 55550000, False {{(pid=102179) subscribe /opt/stack/data/venv/lib/python3.12/site-packages/neutron_lib/callbacks/manager.py:52}}
Apr 03 02:58:41.496538 np0000163383 devstack@neutron-api.service[102178]: DEBUG neutron_lib.callbacks.manager [None req-c7e3f9af-23d8-4df1-8d1a-b8b7ebedfc6e None None] Subscribe: > security_group_rule after_update 55550000, False {{(pid=102178) subscribe /opt/stack/data/venv/lib/python3.12/site-packages/neutron_lib/callbacks/manager.py:52}}
Apr 03 02:58:41.496567 np0000163383 devstack@neutron-api.service[102179]: DEBUG neutron_lib.callbacks.manager [None req-5d4fde98-40ec-4337-8a19-ed50836b0d5c None None] Subscribe: > network after_delete 55550000, False {{(pid=102179) subscribe /opt/stack/data/venv/lib/python3.12/site-packages/neutron_lib/callbacks/manager.py:52}}
Apr 03 02:58:41.496615 np0000163383 devstack@neutron-api.service[102178]: DEBUG neutron_lib.callbacks.manager [None req-c7e3f9af-23d8-4df1-8d1a-b8b7ebedfc6e None None] Subscribe: > security_group_rule after_delete 55550000, False {{(pid=102178) subscribe /opt/stack/data/venv/lib/python3.12/site-packages/neutron_lib/callbacks/manager.py:52}}
Apr 03 02:58:41.496640 np0000163383 devstack@neutron-api.service[102179]: DEBUG neutron_lib.callbacks.manager [None req-5d4fde98-40ec-4337-8a19-ed50836b0d5c None None] Subscribe: > security_group after_create 55550000, False {{(pid=102179) subscribe /opt/stack/data/venv/lib/python3.12/site-packages/neutron_lib/callbacks/manager.py:52}}
Apr 03 02:58:41.496688 np0000163383 devstack@neutron-api.service[102178]: DEBUG neutron_lib.callbacks.manager [None req-c7e3f9af-23d8-4df1-8d1a-b8b7ebedfc6e None None] Subscribe: > address_group after_create 55550000, False {{(pid=102178) subscribe /opt/stack/data/venv/lib/python3.12/site-packages/neutron_lib/callbacks/manager.py:52}}
Apr 03 02:58:41.496720 np0000163383 devstack@neutron-api.service[102179]: DEBUG neutron_lib.callbacks.manager [None req-5d4fde98-40ec-4337-8a19-ed50836b0d5c None None] Subscribe: > security_group after_update 55550000, False {{(pid=102179) subscribe /opt/stack/data/venv/lib/python3.12/site-packages/neutron_lib/callbacks/manager.py:52}}
Apr 03 02:58:41.496769 np0000163383 devstack@neutron-api.service[102178]: DEBUG neutron_lib.callbacks.manager [None req-c7e3f9af-23d8-4df1-8d1a-b8b7ebedfc6e None None] Subscribe: > address_group after_update 55550000, False {{(pid=102178) subscribe /opt/stack/data/venv/lib/python3.12/site-packages/neutron_lib/callbacks/manager.py:52}}
Apr 03 02:58:41.496793 np0000163383 devstack@neutron-api.service[102179]: DEBUG neutron_lib.callbacks.manager [None req-5d4fde98-40ec-4337-8a19-ed50836b0d5c None None] Subscribe: > security_group after_delete 55550000, False {{(pid=102179) subscribe /opt/stack/data/venv/lib/python3.12/site-packages/neutron_lib/callbacks/manager.py:52}}
Apr 03 02:58:41.496842 np0000163383 devstack@neutron-api.service[102178]: DEBUG neutron_lib.callbacks.manager [None req-c7e3f9af-23d8-4df1-8d1a-b8b7ebedfc6e None None] Subscribe: > address_group after_delete 55550000, False {{(pid=102178) subscribe /opt/stack/data/venv/lib/python3.12/site-packages/neutron_lib/callbacks/manager.py:52}}
Apr 03 02:58:41.496870 np0000163383 devstack@neutron-api.service[102179]: DEBUG neutron_lib.callbacks.manager [None req-5d4fde98-40ec-4337-8a19-ed50836b0d5c None None] Subscribe: > security_group_rule after_create 55550000, False {{(pid=102179) subscribe /opt/stack/data/venv/lib/python3.12/site-packages/neutron_lib/callbacks/manager.py:52}}
Apr 03 02:58:41.496921 np0000163383 devstack@neutron-api.service[102178]: DEBUG neutron.plugins.ml2.ovo_rpc [None req-c7e3f9af-23d8-4df1-8d1a-b8b7ebedfc6e None None] ML2 OVO RPC backend initialized. {{(pid=102178) __init__ /opt/stack/neutron/neutron/plugins/ml2/ovo_rpc.py:117}}
Apr 03 02:58:41.496961 np0000163383 devstack@neutron-api.service[102179]: DEBUG neutron_lib.callbacks.manager [None req-5d4fde98-40ec-4337-8a19-ed50836b0d5c None None] Subscribe: > security_group_rule after_update 55550000, False {{(pid=102179) subscribe /opt/stack/data/venv/lib/python3.12/site-packages/neutron_lib/callbacks/manager.py:52}}
Apr 03 02:58:41.496961 np0000163383 devstack@neutron-api.service[102179]: DEBUG neutron_lib.callbacks.manager [None req-5d4fde98-40ec-4337-8a19-ed50836b0d5c None None] Subscribe: > security_group_rule after_delete 55550000, False {{(pid=102179) subscribe /opt/stack/data/venv/lib/python3.12/site-packages/neutron_lib/callbacks/manager.py:52}}
Apr 03 02:58:41.496961 np0000163383 devstack@neutron-api.service[102179]: DEBUG neutron_lib.callbacks.manager [None req-5d4fde98-40ec-4337-8a19-ed50836b0d5c None None] Subscribe: > address_group after_create 55550000, False {{(pid=102179) subscribe /opt/stack/data/venv/lib/python3.12/site-packages/neutron_lib/callbacks/manager.py:52}}
Apr 03 02:58:41.497028 np0000163383 devstack@neutron-api.service[102181]: DEBUG neutron.manager [None req-b674bb3d-06cb-4a4d-b84d-f111508a15be None None] Successfully loaded FLAVORS plugin. Description: Neutron Flavors and Service Profiles manager plugin {{(pid=102181) _create_and_add_service_plugin /opt/stack/neutron/neutron/manager.py:239}}
Apr 03 02:58:41.497105 np0000163383 devstack@neutron-api.service[102179]: DEBUG neutron_lib.callbacks.manager [None req-5d4fde98-40ec-4337-8a19-ed50836b0d5c None None] Subscribe: > address_group after_update 55550000, False {{(pid=102179) subscribe /opt/stack/data/venv/lib/python3.12/site-packages/neutron_lib/callbacks/manager.py:52}}
Apr 03 02:58:41.497129 np0000163383 devstack@neutron-api.service[102181]: INFO neutron.manager [None req-b674bb3d-06cb-4a4d-b84d-f111508a15be None None] Loading Plugin: revisions
Apr 03 02:58:41.497153 np0000163383 devstack@neutron-api.service[102179]: DEBUG neutron_lib.callbacks.manager [None req-5d4fde98-40ec-4337-8a19-ed50836b0d5c None None] Subscribe: > address_group after_delete 55550000, False {{(pid=102179) subscribe /opt/stack/data/venv/lib/python3.12/site-packages/neutron_lib/callbacks/manager.py:52}}
Apr 03 02:58:41.497153 np0000163383 devstack@neutron-api.service[102179]: DEBUG neutron.plugins.ml2.ovo_rpc [None req-5d4fde98-40ec-4337-8a19-ed50836b0d5c None None] ML2 OVO RPC backend initialized. {{(pid=102179) __init__ /opt/stack/neutron/neutron/plugins/ml2/ovo_rpc.py:117}}
Apr 03 02:58:41.497253 np0000163383 devstack@neutron-api.service[102178]: INFO neutron.quota [None req-c7e3f9af-23d8-4df1-8d1a-b8b7ebedfc6e None None] Loaded quota_driver: .
Apr 03 02:58:41.497253 np0000163383 devstack@neutron-api.service[102178]: INFO neutron.plugins.ml2.plugin [None req-c7e3f9af-23d8-4df1-8d1a-b8b7ebedfc6e None None] Modular L2 Plugin initialization complete
Apr 03 02:58:41.497253 np0000163383 devstack@neutron-api.service[102178]: DEBUG neutron.manager [None req-c7e3f9af-23d8-4df1-8d1a-b8b7ebedfc6e None None] Loading services supported by the core plugin {{(pid=102178) _load_services_from_core_plugin /opt/stack/neutron/neutron/manager.py:170}}
Apr 03 02:58:41.497253 np0000163383 devstack@neutron-api.service[102178]: INFO neutron.plugins.ml2.managers [None req-c7e3f9af-23d8-4df1-8d1a-b8b7ebedfc6e None None] Got port-security extension from driver 'port_security'
Apr 03 02:58:41.497390 np0000163383 devstack@neutron-api.service[102179]: INFO neutron.quota [None req-5d4fde98-40ec-4337-8a19-ed50836b0d5c None None] Loaded quota_driver: .
Apr 03 02:58:41.497423 np0000163383 devstack@neutron-api.service[102178]: DEBUG neutron.manager [None req-c7e3f9af-23d8-4df1-8d1a-b8b7ebedfc6e None None] Loading service plugins: ['ovn-router', 'auto_allocate', 'tag', 'timestamp', 'network_ip_availability', 'flavors', 'revisions'] {{(pid=102178) _load_service_plugins /opt/stack/neutron/neutron/manager.py:195}}
Apr 03 02:58:41.497471 np0000163383 devstack@neutron-api.service[102179]: INFO neutron.plugins.ml2.plugin [None req-5d4fde98-40ec-4337-8a19-ed50836b0d5c None None] Modular L2 Plugin initialization complete
Apr 03 02:58:41.497523 np0000163383 devstack@neutron-api.service[102181]: DEBUG neutron.manager [None req-b674bb3d-06cb-4a4d-b84d-f111508a15be None None] Successfully loaded revision_plugin plugin. Description: Adds revision numbers to resources. {{(pid=102181) _create_and_add_service_plugin /opt/stack/neutron/neutron/manager.py:239}}
Apr 03 02:58:41.497605 np0000163383 devstack@neutron-api.service[102178]: INFO neutron.manager [None req-c7e3f9af-23d8-4df1-8d1a-b8b7ebedfc6e None None] Loading Plugin: ovn-router
Apr 03 02:58:41.497628 np0000163383 devstack@neutron-api.service[102179]: DEBUG neutron.manager [None req-5d4fde98-40ec-4337-8a19-ed50836b0d5c None None] Loading services supported by the core plugin {{(pid=102179) _load_services_from_core_plugin /opt/stack/neutron/neutron/manager.py:170}}
Apr 03 02:58:41.497701 np0000163383 devstack@neutron-api.service[102181]: DEBUG oslo_concurrency.lockutils [None req-b674bb3d-06cb-4a4d-b84d-f111508a15be None None] Lock "manager" "released" by "neutron.manager.NeutronManager._create_instance" :: held 4.589s {{(pid=102181) inner /opt/stack/data/venv/lib/python3.12/site-packages/oslo_concurrency/lockutils.py:538}}
Apr 03 02:58:41.497784 np0000163383 devstack@neutron-api.service[102179]: INFO neutron.plugins.ml2.managers [None req-5d4fde98-40ec-4337-8a19-ed50836b0d5c None None] Got port-security extension from driver 'port_security'
Apr 03 02:58:41.497855 np0000163383 devstack@neutron-api.service[102181]: DEBUG neutron.api.extensions [None req-b674bb3d-06cb-4a4d-b84d-f111508a15be None None] get_extension_paths = OrderedDict({'/opt/stack/neutron/neutron/extensions': 1}) {{(pid=102181) get_extensions_path /opt/stack/neutron/neutron/api/extensions.py:640}}
Apr 03 02:58:41.497855 np0000163383 devstack@neutron-api.service[102181]: INFO neutron.api.extensions [None req-b674bb3d-06cb-4a4d-b84d-f111508a15be None None] Initializing extension manager.
Apr 03 02:58:41.498437 np0000163383 devstack@neutron-api.service[102179]: DEBUG neutron.manager [None req-5d4fde98-40ec-4337-8a19-ed50836b0d5c None None] Loading service plugins: ['ovn-router', 'auto_allocate', 'tag', 'timestamp', 'network_ip_availability', 'flavors', 'revisions'] {{(pid=102179) _load_service_plugins /opt/stack/neutron/neutron/manager.py:195}}
Apr 03 02:58:41.498437 np0000163383 devstack@neutron-api.service[102179]: INFO neutron.manager [None req-5d4fde98-40ec-4337-8a19-ed50836b0d5c None None] Loading Plugin: ovn-router
Apr 03 02:58:41.499154 np0000163383 devstack@neutron-api.service[102181]: DEBUG neutron.api.extensions [None req-b674bb3d-06cb-4a4d-b84d-f111508a15be None None] Loading extension file: __init__.py {{(pid=102181) _load_all_extensions_from_path /opt/stack/neutron/neutron/api/extensions.py:449}}
Apr 03 02:58:41.499154 np0000163383 devstack@neutron-api.service[102181]: DEBUG neutron.api.extensions [None req-b674bb3d-06cb-4a4d-b84d-f111508a15be None None] Loading extension file: __pycache__ {{(pid=102181) _load_all_extensions_from_path /opt/stack/neutron/neutron/api/extensions.py:449}}
Apr 03 02:58:41.499154 np0000163383 devstack@neutron-api.service[102181]: DEBUG neutron.api.extensions [None req-b674bb3d-06cb-4a4d-b84d-f111508a15be None None] Loading extension file: address_group.py {{(pid=102181) _load_all_extensions_from_path /opt/stack/neutron/neutron/api/extensions.py:449}}
Apr 03 02:58:41.499154 np0000163383 devstack@neutron-api.service[102181]: DEBUG neutron.api.extensions [None req-b674bb3d-06cb-4a4d-b84d-f111508a15be None None] Ext name="Address group" alias="address-group" description="Support address group" updated="2020-07-15T10:00:00-00:00" {{(pid=102181) _check_extension /opt/stack/neutron/neutron/api/extensions.py:415}}
Apr 03 02:58:41.499154 np0000163383 devstack@neutron-api.service[102181]: INFO neutron.api.extensions [None req-b674bb3d-06cb-4a4d-b84d-f111508a15be None None] Loaded extension: address-group
Apr 03 02:58:41.499154 np0000163383 devstack@neutron-api.service[102181]: DEBUG neutron.api.extensions [None req-b674bb3d-06cb-4a4d-b84d-f111508a15be None None] Loading extension file: address_scope.py {{(pid=102181) _load_all_extensions_from_path /opt/stack/neutron/neutron/api/extensions.py:449}}
Apr 03 02:58:41.499154 np0000163383 devstack@neutron-api.service[102181]: DEBUG neutron.api.extensions [None req-b674bb3d-06cb-4a4d-b84d-f111508a15be None None] Ext name="Address scope" alias="address-scope" description="Address scopes extension." updated="2015-07-26T10:00:00-00:00" {{(pid=102181) _check_extension /opt/stack/neutron/neutron/api/extensions.py:415}}
Apr 03 02:58:41.499154 np0000163383 devstack@neutron-api.service[102181]: INFO neutron.api.extensions [None req-b674bb3d-06cb-4a4d-b84d-f111508a15be None None] Loaded extension: address-scope
Apr 03 02:58:41.500215 np0000163383 devstack@neutron-api.service[102181]: DEBUG neutron.api.extensions [None req-b674bb3d-06cb-4a4d-b84d-f111508a15be None None] Loading extension file: admin_state_down_before_update.py {{(pid=102181) _load_all_extensions_from_path /opt/stack/neutron/neutron/api/extensions.py:449}}
Apr 03 02:58:41.500215 np0000163383 devstack@neutron-api.service[102181]: DEBUG neutron.api.extensions [None req-b674bb3d-06cb-4a4d-b84d-f111508a15be None None] Ext name="Enforce Router's Admin State Down Before Update Extension" alias="router-admin-state-down-before-update" description="Ensure that the admin state of a router is DOWN (admin_state_up=False) before updating the distributed attribute" updated="2019-07-02T15:56:00" {{(pid=102181) _check_extension /opt/stack/neutron/neutron/api/extensions.py:415}}
Apr 03 02:58:41.500215 np0000163383 devstack@neutron-api.service[102181]: INFO neutron.api.extensions [None req-b674bb3d-06cb-4a4d-b84d-f111508a15be None None] Extension router-admin-state-down-before-update not supported by any of loaded plugins
Apr 03 02:58:41.500215 np0000163383 devstack@neutron-api.service[102181]: DEBUG neutron.api.extensions [None req-b674bb3d-06cb-4a4d-b84d-f111508a15be None None] Loading extension file: agent.py {{(pid=102181) _load_all_extensions_from_path /opt/stack/neutron/neutron/api/extensions.py:449}}
Apr 03 02:58:41.500215 np0000163383 devstack@neutron-api.service[102181]: DEBUG neutron.api.extensions [None req-b674bb3d-06cb-4a4d-b84d-f111508a15be None None] Ext name="agent" alias="agent" description="The agent management extension." updated="2013-02-03T10:00:00-00:00" {{(pid=102181) _check_extension /opt/stack/neutron/neutron/api/extensions.py:415}}
Apr 03 02:58:41.500215 np0000163383 devstack@neutron-api.service[102181]: INFO neutron.api.extensions [None req-b674bb3d-06cb-4a4d-b84d-f111508a15be None None] Loaded extension: agent
Apr 03 02:58:41.500215 np0000163383 devstack@neutron-api.service[102181]: DEBUG neutron.api.extensions [None req-b674bb3d-06cb-4a4d-b84d-f111508a15be None None] Loading extension file: agent_resources_synced.py {{(pid=102181) _load_all_extensions_from_path /opt/stack/neutron/neutron/api/extensions.py:449}}
Apr 03 02:58:41.501217 np0000163383 devstack@neutron-api.service[102181]: DEBUG neutron.api.extensions [None req-b674bb3d-06cb-4a4d-b84d-f111508a15be None None] Ext name="Agent's Resource View Synced to Placement" alias="agent-resources-synced" description="Stores success/failure of last sync to Placement" updated="2018-12-19T00:00:00-00:00" {{(pid=102181) _check_extension /opt/stack/neutron/neutron/api/extensions.py:415}}
Apr 03 02:58:41.501217 np0000163383 devstack@neutron-api.service[102181]: INFO neutron.api.extensions [None req-b674bb3d-06cb-4a4d-b84d-f111508a15be None None] Extension agent-resources-synced not supported by any of loaded plugins
Apr 03 02:58:41.501217 np0000163383 devstack@neutron-api.service[102181]: DEBUG neutron.api.extensions [None req-b674bb3d-06cb-4a4d-b84d-f111508a15be None None] Loading extension file: allowedaddresspairs.py {{(pid=102181) _load_all_extensions_from_path /opt/stack/neutron/neutron/api/extensions.py:449}}
Apr 03 02:58:41.501217 np0000163383 devstack@neutron-api.service[102181]: DEBUG neutron.api.extensions [None req-b674bb3d-06cb-4a4d-b84d-f111508a15be None None] Ext name="Allowed Address Pairs" alias="allowed-address-pairs" description="Provides allowed address pairs" updated="2013-07-23T10:00:00-00:00" {{(pid=102181) _check_extension /opt/stack/neutron/neutron/api/extensions.py:415}}
Apr 03 02:58:41.501217 np0000163383 devstack@neutron-api.service[102181]: INFO neutron.api.extensions [None req-b674bb3d-06cb-4a4d-b84d-f111508a15be None None] Loaded extension: allowed-address-pairs
Apr 03 02:58:41.501217 np0000163383 devstack@neutron-api.service[102181]: DEBUG neutron.api.extensions [None req-b674bb3d-06cb-4a4d-b84d-f111508a15be None None] Loading extension file: auto_allocated_topology.py {{(pid=102181) _load_all_extensions_from_path /opt/stack/neutron/neutron/api/extensions.py:449}}
Apr 03 02:58:41.501217 np0000163383 devstack@neutron-api.service[102181]: DEBUG neutron.api.extensions [None req-b674bb3d-06cb-4a4d-b84d-f111508a15be None None] Ext name="Auto Allocated Topology Services" alias="auto-allocated-topology" description="Auto Allocated Topology Services." updated="2016-01-01T00:00:00-00:00" {{(pid=102181) _check_extension /opt/stack/neutron/neutron/api/extensions.py:415}}
Apr 03 02:58:41.502041 np0000163383 devstack@neutron-api.service[102181]: INFO neutron.api.extensions [None req-b674bb3d-06cb-4a4d-b84d-f111508a15be None None] Loaded extension: auto-allocated-topology
Apr 03 02:58:41.502041 np0000163383 devstack@neutron-api.service[102181]: DEBUG neutron.api.extensions [None req-b674bb3d-06cb-4a4d-b84d-f111508a15be None None] Loading extension file: availability_zone.py {{(pid=102181) _load_all_extensions_from_path /opt/stack/neutron/neutron/api/extensions.py:449}}
Apr 03 02:58:41.502041 np0000163383 devstack@neutron-api.service[102181]: DEBUG neutron.api.extensions [None req-b674bb3d-06cb-4a4d-b84d-f111508a15be None None] Ext name="Availability Zone" alias="availability_zone" description="The availability zone extension." updated="2015-01-01T10:00:00-00:00" {{(pid=102181) _check_extension /opt/stack/neutron/neutron/api/extensions.py:415}}
Apr 03 02:58:41.502041 np0000163383 devstack@neutron-api.service[102181]: INFO neutron.api.extensions [None req-b674bb3d-06cb-4a4d-b84d-f111508a15be None None] Loaded extension: availability_zone
Apr 03 02:58:41.502041 np0000163383 devstack@neutron-api.service[102181]: DEBUG neutron.api.extensions [None req-b674bb3d-06cb-4a4d-b84d-f111508a15be None None] Loading extension file: availability_zone_filter.py {{(pid=102181) _load_all_extensions_from_path /opt/stack/neutron/neutron/api/extensions.py:449}}
Apr 03 02:58:41.502041 np0000163383 devstack@neutron-api.service[102181]: DEBUG neutron.api.extensions [None req-b674bb3d-06cb-4a4d-b84d-f111508a15be None None] Ext name="Availability Zone Filter Extension" alias="availability_zone_filter" description="Add filter parameters to AvailabilityZone resource" updated="2018-06-22T10:00:00-00:00" {{(pid=102181) _check_extension /opt/stack/neutron/neutron/api/extensions.py:415}}
Apr 03 02:58:41.502041 np0000163383 devstack@neutron-api.service[102181]: INFO neutron.api.extensions [None req-b674bb3d-06cb-4a4d-b84d-f111508a15be None None] Extension availability_zone_filter not supported by any of loaded plugins
Apr 03 02:58:41.502552 np0000163383 devstack@neutron-api.service[102181]: DEBUG neutron.api.extensions [None req-b674bb3d-06cb-4a4d-b84d-f111508a15be None None] Loading extension file: data_plane_status.py {{(pid=102181) _load_all_extensions_from_path /opt/stack/neutron/neutron/api/extensions.py:449}}
Apr 03 02:58:41.502552 np0000163383 devstack@neutron-api.service[102181]: DEBUG neutron.api.extensions [None req-b674bb3d-06cb-4a4d-b84d-f111508a15be None None] Ext name="Port data plane status extension" alias="data-plane-status" description="Expose status of underlying data plane" updated="2017-01-24T10:00:00-00:00" {{(pid=102181) _check_extension /opt/stack/neutron/neutron/api/extensions.py:415}}
Apr 03 02:58:41.502552 np0000163383 devstack@neutron-api.service[102181]: INFO neutron.api.extensions [None req-b674bb3d-06cb-4a4d-b84d-f111508a15be None None] Extension data-plane-status not supported by any of loaded plugins
Apr 03 02:58:41.502552 np0000163383 devstack@neutron-api.service[102181]: DEBUG neutron.api.extensions [None req-b674bb3d-06cb-4a4d-b84d-f111508a15be None None] Loading extension file: default_subnetpools.py {{(pid=102181) _load_all_extensions_from_path /opt/stack/neutron/neutron/api/extensions.py:449}}
Apr 03 02:58:41.502552 np0000163383 devstack@neutron-api.service[102181]: DEBUG neutron.api.extensions [None req-b674bb3d-06cb-4a4d-b84d-f111508a15be None None] Ext name="Default Subnetpools" alias="default-subnetpools" description="Provides ability to mark and use a subnetpool as the default." updated="2016-02-18T18:00:00-00:00" {{(pid=102181) _check_extension /opt/stack/neutron/neutron/api/extensions.py:415}}
Apr 03 02:58:41.502552 np0000163383 devstack@neutron-api.service[102181]: INFO neutron.api.extensions [None req-b674bb3d-06cb-4a4d-b84d-f111508a15be None None] Loaded extension: default-subnetpools
Apr 03 02:58:41.502552 np0000163383 devstack@neutron-api.service[102181]: DEBUG neutron.api.extensions [None req-b674bb3d-06cb-4a4d-b84d-f111508a15be None None] Loading extension file: dhcpagentscheduler.py {{(pid=102181) _load_all_extensions_from_path /opt/stack/neutron/neutron/api/extensions.py:449}}
Apr 03 02:58:41.502856 np0000163383 devstack@neutron-api.service[102181]: DEBUG neutron.api.extensions [None req-b674bb3d-06cb-4a4d-b84d-f111508a15be None None] Ext name="DHCP Agent Scheduler" alias="dhcp_agent_scheduler" description="Schedule networks among dhcp agents" updated="2013-02-07T10:00:00-00:00" {{(pid=102181) _check_extension /opt/stack/neutron/neutron/api/extensions.py:415}}
Apr 03 02:58:41.502856 np0000163383 devstack@neutron-api.service[102181]: INFO neutron.api.extensions [None req-b674bb3d-06cb-4a4d-b84d-f111508a15be None None] Loaded extension: dhcp_agent_scheduler
Apr 03 02:58:41.502856 np0000163383 devstack@neutron-api.service[102181]: DEBUG neutron.api.extensions [None req-b674bb3d-06cb-4a4d-b84d-f111508a15be None None] Loading extension file: dns.py {{(pid=102181) _load_all_extensions_from_path /opt/stack/neutron/neutron/api/extensions.py:449}}
Apr 03 02:58:41.502856 np0000163383 devstack@neutron-api.service[102181]: DEBUG neutron.api.extensions [None req-b674bb3d-06cb-4a4d-b84d-f111508a15be None None] Ext name="DNS Integration" alias="dns-integration" description="Provides integration with DNS." updated="2015-08-15T18:00:00-00:00" {{(pid=102181) _check_extension /opt/stack/neutron/neutron/api/extensions.py:415}}
Apr 03 02:58:41.502856 np0000163383 devstack@neutron-api.service[102181]: INFO neutron.api.extensions [None req-b674bb3d-06cb-4a4d-b84d-f111508a15be None None] Loaded extension: dns-integration
Apr 03 02:58:41.502856 np0000163383 devstack@neutron-api.service[102181]: DEBUG neutron.api.extensions [None req-b674bb3d-06cb-4a4d-b84d-f111508a15be None None] Loading extension file: dns_domain_ports.py {{(pid=102181) _load_all_extensions_from_path /opt/stack/neutron/neutron/api/extensions.py:449}}
Apr 03 02:58:41.502856 np0000163383 devstack@neutron-api.service[102181]: DEBUG neutron.api.extensions [None req-b674bb3d-06cb-4a4d-b84d-f111508a15be None None] Ext name="dns_domain for ports" alias="dns-domain-ports" description="Allows the DNS domain to be specified for a network port." updated="2017-04-24T10:00:00-00:00" {{(pid=102181) _check_extension /opt/stack/neutron/neutron/api/extensions.py:415}}
Apr 03 02:58:41.503965 np0000163383 devstack@neutron-api.service[102181]: INFO neutron.api.extensions [None req-b674bb3d-06cb-4a4d-b84d-f111508a15be None None] Loaded extension: dns-domain-ports
Apr 03 02:58:41.504303 np0000163383 devstack@neutron-api.service[102178]: DEBUG neutron_lib.callbacks.manager [None req-c7e3f9af-23d8-4df1-8d1a-b8b7ebedfc6e None None] Subscribe: > router before_delete 55550000, False {{(pid=102178) subscribe /opt/stack/data/venv/lib/python3.12/site-packages/neutron_lib/callbacks/manager.py:52}}
Apr 03 02:58:41.504572 np0000163383 devstack@neutron-api.service[102181]: DEBUG neutron.api.extensions [None req-b674bb3d-06cb-4a4d-b84d-f111508a15be None None] Loading extension file: dns_integration_domain_keywords.py {{(pid=102181) _load_all_extensions_from_path /opt/stack/neutron/neutron/api/extensions.py:449}}
Apr 03 02:58:41.505053 np0000163383 devstack@neutron-api.service[102178]: DEBUG neutron_lib.callbacks.manager [None req-c7e3f9af-23d8-4df1-8d1a-b8b7ebedfc6e None None] Subscribe: port after_update 55550000, False {{(pid=102178) subscribe /opt/stack/data/venv/lib/python3.12/site-packages/neutron_lib/callbacks/manager.py:52}}
Apr 03 02:58:41.505053 np0000163383 devstack@neutron-api.service[102178]: DEBUG neutron_lib.callbacks.manager [None req-c7e3f9af-23d8-4df1-8d1a-b8b7ebedfc6e None None] Subscribe: port after_delete 55550000, False {{(pid=102178) subscribe /opt/stack/data/venv/lib/python3.12/site-packages/neutron_lib/callbacks/manager.py:52}}
Apr 03 02:58:41.505954 np0000163383 devstack@neutron-api.service[102181]: DEBUG neutron.api.extensions [None req-b674bb3d-06cb-4a4d-b84d-f111508a15be None None] Ext name="DNS domain names with keywords allowed" alias="dns-integration-domain-keywords" description="Allows to use keywords like , , and as DNS domain name" updated="2020-06-15T18:00:00-00:00" {{(pid=102181) _check_extension /opt/stack/neutron/neutron/api/extensions.py:415}}
Apr 03 02:58:41.506388 np0000163383 devstack@neutron-api.service[102178]: DEBUG neutron_lib.callbacks.manager [None req-c7e3f9af-23d8-4df1-8d1a-b8b7ebedfc6e None None] Subscribe: subnet after_update 55550000, False {{(pid=102178) subscribe /opt/stack/data/venv/lib/python3.12/site-packages/neutron_lib/callbacks/manager.py:52}}
Apr 03 02:58:41.506900 np0000163383 devstack@neutron-api.service[102179]: DEBUG neutron_lib.callbacks.manager [None req-5d4fde98-40ec-4337-8a19-ed50836b0d5c None None] Subscribe: > router before_delete 55550000, False {{(pid=102179) subscribe /opt/stack/data/venv/lib/python3.12/site-packages/neutron_lib/callbacks/manager.py:52}}
Apr 03 02:58:41.507177 np0000163383 devstack@neutron-api.service[102181]: INFO neutron.api.extensions [None req-b674bb3d-06cb-4a4d-b84d-f111508a15be None None] Loaded extension: dns-integration-domain-keywords
Apr 03 02:58:41.507592 np0000163383 devstack@neutron-api.service[102178]: DEBUG neutron_lib.callbacks.manager [None req-c7e3f9af-23d8-4df1-8d1a-b8b7ebedfc6e None None] Subscribe: subnetpool_address_scope after_update 55550000, False {{(pid=102178) subscribe /opt/stack/data/venv/lib/python3.12/site-packages/neutron_lib/callbacks/manager.py:52}}
Apr 03 02:58:41.507863 np0000163383 devstack@neutron-api.service[102181]: DEBUG neutron.api.extensions [None req-b674bb3d-06cb-4a4d-b84d-f111508a15be None None] Loading extension file: dvr.py {{(pid=102181) _load_all_extensions_from_path /opt/stack/neutron/neutron/api/extensions.py:449}}
