2026-07-01 02:00:03.337 8 INFO placement.requestlog [req-55ea1676-b505-458c-8ee4-a138106be017 req-6c4f43b5-aa01-44b9-8c51-7c149dd81704 3f5f644680774252b72411bbdeb0b527 65db24e19f06419bb64765871178f202 - - 97ac84c9e47b4042887ca80f2edf635c 97ac84c9e47b4042887ca80f2edf635c] 199.204.45.205 "GET /resource_providers/e1020080-c2e9-4b13-a216-4b71b24f567f/inventories" status: 200 len: 400 microversion: 1.0 [pid: 8|app: 0|req: 290/580] 199.204.45.205 () {32 vars in 856 bytes} [Wed Jul 1 02:00:03 2026] GET /resource_providers/e1020080-c2e9-4b13-a216-4b71b24f567f/inventories => generated 400 bytes in 16 msecs (HTTP/1.1 200) 6 headers in 224 bytes (1 switches on core 0)
2026-07-01 02:00:03.353 7 INFO placement.requestlog [req-55ea1676-b505-458c-8ee4-a138106be017 req-9982d67f-abfa-4e9a-8419-8775248010d5 3f5f644680774252b72411bbdeb0b527 65db24e19f06419bb64765871178f202 - - 97ac84c9e47b4042887ca80f2edf635c 97ac84c9e47b4042887ca80f2edf635c] 199.204.45.205 "GET /resource_providers/e1020080-c2e9-4b13-a216-4b71b24f567f/aggregates" status: 200 len: 53 microversion: 1.19 [pid: 7|app: 0|req: 291/581] 199.204.45.205 () {34 vars in 898 bytes} [Wed Jul 1 02:00:03 2026] GET /resource_providers/e1020080-c2e9-4b13-a216-4b71b24f567f/aggregates => generated 53 bytes in 10 msecs (HTTP/1.1 200) 8 headers in 295 bytes (1 switches on core 0)
2026-07-01 02:00:03.384 8 INFO placement.requestlog [req-55ea1676-b505-458c-8ee4-a138106be017 req-2f1a7420-db0f-4a4a-870e-cff676673ba6 3f5f644680774252b72411bbdeb0b527 65db24e19f06419bb64765871178f202 - - 97ac84c9e47b4042887ca80f2edf635c 97ac84c9e47b4042887ca80f2edf635c] 199.204.45.205 "GET /resource_providers/e1020080-c2e9-4b13-a216-4b71b24f567f/traits" status: 200 len: 1977 microversion: 1.6 [pid: 8|app: 0|req: 291/582] 199.204.45.205 () {34 vars in 889 bytes} [Wed Jul 1 02:00:03 2026] GET /resource_providers/e1020080-c2e9-4b13-a216-4b71b24f567f/traits => generated 1977 bytes in 24 msecs (HTTP/1.1 200) 6 headers in 225 bytes (1 switches on core 0)
2026-07-01 02:00:03.406 7 INFO placement.requestlog [req-55ea1676-b505-458c-8ee4-a138106be017 req-490aa0e7-2008-4f36-a22e-9b5dea0e5e1b 3f5f644680774252b72411bbdeb0b527 65db24e19f06419bb64765871178f202 - - 97ac84c9e47b4042887ca80f2edf635c 97ac84c9e47b4042887ca80f2edf635c] 199.204.45.205 "GET /resource_providers/e1020080-c2e9-4b13-a216-4b71b24f567f/allocations" status: 200 len: 54 microversion: 1.0 [pid: 7|app: 0|req: 292/583] 199.204.45.205 () {32 vars in 856 bytes} [Wed Jul 1 02:00:03 2026] GET /resource_providers/e1020080-c2e9-4b13-a216-4b71b24f567f/allocations => generated 54 bytes in 15 msecs (HTTP/1.1 200) 6 headers in 223 bytes (1 switches on core 0)
2026-07-01 02:00:04.563 8 INFO placement.requestlog [None req-a52b8066-8686-4153-a408-9c8353bcdfcf - - - - - -] 10.0.0.76 "GET /" status: 200 len: 136 microversion: 1.0
2026-07-01 02:00:04.564 7 INFO placement.requestlog [None req-764e45c8-b541-4d13-88f0-8127cea0f7fe - - - - - -] 10.0.0.76 "GET /" status: 200 len: 136 microversion: 1.0
2026-07-01 02:00:05.146 8 INFO placement.requestlog [req-b2bf3505-d08f-42d6-88e2-87140e24db40 req-fd485473-7ff5-4ae4-b84b-a3e34fd700d9 3f5f644680774252b72411bbdeb0b527 65db24e19f06419bb64765871178f202 - - 97ac84c9e47b4042887ca80f2edf635c 97ac84c9e47b4042887ca80f2edf635c] 10.0.0.101 "GET /allocation_candidates?limit=1000&resources=DISK_GB%3A1%2CMEMORY_MB%3A512%2CVCPU%3A1&root_required=%21COMPUTE_STATUS_DISABLED" status: 200 len: 2442 microversion: 1.36 [pid: 8|app: 0|req: 293/586] 10.0.0.101 () {34 vars in 1011 bytes} [Wed Jul 1 02:00:05 2026] GET /allocation_candidates?limit=1000&resources=DISK_GB%3A1%2CMEMORY_MB%3A512%2CVCPU%3A1&root_required=%21COMPUTE_STATUS_DISABLED => generated 2442 bytes in 99 msecs (HTTP/1.1 200) 8 headers in 297 bytes (1 switches on core 0)
2026-07-01 02:00:05.192 7 INFO placement.requestlog [req-b2bf3505-d08f-42d6-88e2-87140e24db40 req-18a1c009-a642-4b2b-a7fc-ac8e63038445 3f5f644680774252b72411bbdeb0b527 65db24e19f06419bb64765871178f202 - - 97ac84c9e47b4042887ca80f2edf635c 97ac84c9e47b4042887ca80f2edf635c] 10.0.0.101 "GET /allocations/6b386ff0-eaf1-4b9d-9852-47432f221074" status: 200 len: 19 microversion: 1.28 [pid: 7|app: 0|req: 294/587] 10.0.0.101 () {34 vars in 860 bytes} [Wed Jul 1 02:00:05 2026] GET /allocations/6b386ff0-eaf1-4b9d-9852-47432f221074 => generated 19 bytes in 17 msecs (HTTP/1.1 200) 8 headers in 295 bytes (1 switches on core 0)
2026-07-01 02:00:05.273 8 INFO placement.requestlog [req-b2bf3505-d08f-42d6-88e2-87140e24db40 req-35905279-4afd-4cde-b5ff-f0337aebe886 3f5f644680774252b72411bbdeb0b527 65db24e19f06419bb64765871178f202 - - 97ac84c9e47b4042887ca80f2edf635c 97ac84c9e47b4042887ca80f2edf635c] 10.0.0.101 "PUT /allocations/6b386ff0-eaf1-4b9d-9852-47432f221074" status: 204 len: 0 microversion: 1.36 [pid: 8|app: 0|req: 294/588] 10.0.0.101 () {38 vars in 913 bytes} [Wed Jul 1 02:00:05 2026] PUT /allocations/6b386ff0-eaf1-4b9d-9852-47432f221074 => generated 0 bytes in 74 msecs (HTTP/1.1 204) 5 headers in 199 bytes (1 switches on core 0)
2026-07-01 02:00:06.923 7 INFO placement.requestlog [req-b2bf3505-d08f-42d6-88e2-87140e24db40 req-eb01f7e7-a0ef-409a-b4fc-9bd748de30d0 3f5f644680774252b72411bbdeb0b527 65db24e19f06419bb64765871178f202 - - 97ac84c9e47b4042887ca80f2edf635c 97ac84c9e47b4042887ca80f2edf635c] 199.204.45.205 "GET /allocations/6b386ff0-eaf1-4b9d-9852-47432f221074" status: 200 len: 257 microversion: 1.28 [pid: 7|app: 0|req: 295/589] 199.204.45.205 () {34 vars in 862 bytes} [Wed Jul 1 02:00:06 2026] GET /allocations/6b386ff0-eaf1-4b9d-9852-47432f221074 => generated 257 bytes in 17 msecs (HTTP/1.1 200) 8 headers in 296 bytes (1 switches on core 0)
2026-07-01 02:00:07.967 8 INFO placement.requestlog [req-b2bf3505-d08f-42d6-88e2-87140e24db40 req-82dce74d-3344-4350-99a4-cc4cc41ae1d4 3f5f644680774252b72411bbdeb0b527 65db24e19f06419bb64765871178f202 - - 97ac84c9e47b4042887ca80f2edf635c 97ac84c9e47b4042887ca80f2edf635c] 199.204.45.205 "GET /resource_providers/e1020080-c2e9-4b13-a216-4b71b24f567f/allocations" status: 200 len: 152 microversion: 1.0 [pid: 8|app: 0|req: 295/590] 199.204.45.205 () {32 vars in 856 bytes} [Wed Jul 1 02:00:07 2026] GET /resource_providers/e1020080-c2e9-4b13-a216-4b71b24f567f/allocations => generated 152 bytes in 20 msecs (HTTP/1.1 200) 6 headers in 224 bytes (1 switches on core 0)
2026-07-01 02:00:07.988 7 INFO placement.requestlog [req-b2bf3505-d08f-42d6-88e2-87140e24db40 req-12c90f40-7d64-44ed-aabf-45370651fc37 3f5f644680774252b72411bbdeb0b527 65db24e19f06419bb64765871178f202 - - 97ac84c9e47b4042887ca80f2edf635c 97ac84c9e47b4042887ca80f2edf635c] 199.204.45.205 "GET /allocations/6b386ff0-eaf1-4b9d-9852-47432f221074" status: 200 len: 257 microversion: 1.28 [pid: 7|app: 0|req: 296/591] 199.204.45.205 () {34 vars in 862 bytes} [Wed Jul 1 02:00:07 2026] GET /allocations/6b386ff0-eaf1-4b9d-9852-47432f221074 => generated 257 bytes in 14 msecs (HTTP/1.1 200) 8 headers in 296 bytes (1 switches on core 0)
2026-07-01 02:00:09.733 8 INFO placement.requestlog [None req-528905b0-e3e4-4f66-beef-cccace181080 06a954f5ef5f4d7db1599a7ff7ca1652 65db24e19f06419bb64765871178f202 - - 97ac84c9e47b4042887ca80f2edf635c 97ac84c9e47b4042887ca80f2edf635c] 10.0.0.91 "GET /resource_providers/e5d2cc24-70cf-42aa-9751-5b64509f0d04/aggregates" status: 404 len: 235 microversion: 1.1 [pid: 8|app: 0|req: 296/592] 10.0.0.91 () {32 vars in 814 bytes} [Wed Jul 1 02:00:09 2026] GET /resource_providers/e5d2cc24-70cf-42aa-9751-5b64509f0d04/aggregates => generated 235 bytes in 125 msecs (HTTP/1.1 404) 5 headers in 202 bytes (1 switches on core 0)
2026-07-01 02:00:09.764 8 INFO placement.requestlog [None req-79460578-b25d-47f3-b675-67ac2663b0ec 06a954f5ef5f4d7db1599a7ff7ca1652 65db24e19f06419bb64765871178f202 - - 97ac84c9e47b4042887ca80f2edf635c 97ac84c9e47b4042887ca80f2edf635c] 10.0.0.91 "DELETE /resource_providers/e5d2cc24-70cf-42aa-9751-5b64509f0d04" status: 404 len: 246 microversion: 1.1 [pid: 8|app: 0|req: 297/593] 10.0.0.91 () {34 vars in 814 bytes} [Wed Jul 1 02:00:09 2026] DELETE /resource_providers/e5d2cc24-70cf-42aa-9751-5b64509f0d04 => generated 246 bytes in 9 msecs (HTTP/1.1 404) 6 headers in 231 bytes (1 switches on core 0)
2026-07-01 02:00:09.805 7 INFO placement.requestlog [None req-88b98ed5-8089-49e9-82c8-6774dbb5a304 06a954f5ef5f4d7db1599a7ff7ca1652 65db24e19f06419bb64765871178f202 - - 97ac84c9e47b4042887ca80f2edf635c 97ac84c9e47b4042887ca80f2edf635c] 10.0.0.91 "GET /resource_providers/e5d2cc24-70cf-42aa-9751-5b64509f0d04/aggregates" status: 404 len: 235 microversion: 1.1 [pid: 7|app: 0|req: 297/594] 10.0.0.91 () {32 vars in 814 bytes} [Wed Jul 1 02:00:09 2026] GET /resource_providers/e5d2cc24-70cf-42aa-9751-5b64509f0d04/aggregates => generated 235 bytes in 136 msecs (HTTP/1.1 404) 5 headers in 202 bytes (1 switches on core 0)
2026-07-01 02:00:09.831 8 INFO placement.requestlog [None req-b59f1502-5563-4bea-a3ee-0209866bf8b9 06a954f5ef5f4d7db1599a7ff7ca1652 65db24e19f06419bb64765871178f202 - - 97ac84c9e47b4042887ca80f2edf635c 97ac84c9e47b4042887ca80f2edf635c] 10.0.0.91 "DELETE /resource_providers/e5d2cc24-70cf-42aa-9751-5b64509f0d04" status: 404 len: 246 microversion: 1.1 [pid: 8|app: 0|req: 298/595] 10.0.0.91 () {34 vars in 814 bytes} [Wed Jul 1 02:00:09 2026] DELETE /resource_providers/e5d2cc24-70cf-42aa-9751-5b64509f0d04 => generated 246 bytes in 17 msecs (HTTP/1.1 404) 6 headers in 231 bytes (1 switches on core 0)
2026-07-01 02:00:10.604 8 INFO placement.requestlog [None req-cb9c2f04-c3ae-4547-b197-4a599b50006e 06a954f5ef5f4d7db1599a7ff7ca1652 65db24e19f06419bb64765871178f202 - - 97ac84c9e47b4042887ca80f2edf635c 97ac84c9e47b4042887ca80f2edf635c] 10.0.0.91 "GET /resource_providers/d95da639-eced-4b58-be69-45da646cbe54/aggregates" status: 404 len: 235 microversion: 1.1 [pid: 8|app: 0|req: 299/596] 10.0.0.91 () {32 vars in 814 bytes} [Wed Jul 1 02:00:10 2026] GET /resource_providers/d95da639-eced-4b58-be69-45da646cbe54/aggregates => generated 235 bytes in 108 msecs (HTTP/1.1 404) 5 headers in 202 bytes (1 switches on core 0)
2026-07-01 02:00:10.626 8 INFO placement.requestlog [None req-fff2d872-3bf7-4172-b264-f0dd4e6ea574 06a954f5ef5f4d7db1599a7ff7ca1652 65db24e19f06419bb64765871178f202 - - 97ac84c9e47b4042887ca80f2edf635c 97ac84c9e47b4042887ca80f2edf635c] 10.0.0.91 "DELETE /resource_providers/d95da639-eced-4b58-be69-45da646cbe54" status: 404 len: 246 microversion: 1.1 [pid: 8|app: 0|req: 300/597] 10.0.0.91 () {34 vars in 814 bytes} [Wed Jul 1 02:00:10 2026] DELETE /resource_providers/d95da639-eced-4b58-be69-45da646cbe54 => generated 246 bytes in 10 msecs (HTTP/1.1 404) 6 headers in 231 bytes (1 switches on core 0)
2026-07-01 02:00:10.649 7 INFO placement.requestlog [None req-27e97199-7755-431c-994c-adb3ddfc9f9e 06a954f5ef5f4d7db1599a7ff7ca1652 65db24e19f06419bb64765871178f202 - - 97ac84c9e47b4042887ca80f2edf635c 97ac84c9e47b4042887ca80f2edf635c] 10.0.0.91 "GET /resource_providers/d95da639-eced-4b58-be69-45da646cbe54/aggregates" status: 404 len: 235 microversion: 1.1 [pid: 7|app: 0|req: 298/598] 10.0.0.91 () {32 vars in 814 bytes} [Wed Jul 1 02:00:10 2026] GET /resource_providers/d95da639-eced-4b58-be69-45da646cbe54/aggregates => generated 235 bytes in 163 msecs (HTTP/1.1 404) 5 headers in 202 bytes (1 switches on core 0)
2026-07-01 02:00:10.688 8 INFO placement.requestlog [None req-ec354bcb-0d38-4693-abf3-add9501b6ad6 06a954f5ef5f4d7db1599a7ff7ca1652 65db24e19f06419bb64765871178f202 - - 97ac84c9e47b4042887ca80f2edf635c 97ac84c9e47b4042887ca80f2edf635c] 10.0.0.91 "DELETE /resource_providers/d95da639-eced-4b58-be69-45da646cbe54" status: 404 len: 246 microversion: 1.1 [pid: 8|app: 0|req: 301/599] 10.0.0.91 () {34 vars in 814 bytes} [Wed Jul 1 02:00:10 2026] DELETE /resource_providers/d95da639-eced-4b58-be69-45da646cbe54 => generated 246 bytes in 11 msecs (HTTP/1.1 404) 6 headers in 231 bytes (1 switches on core 0)
2026-07-01 02:00:11.439 7 INFO placement.requestlog [req-e67d8fee-a666-4596-98be-901f2715b606 req-41a24045-bec6-4740-a49c-3deac4dce542 3f5f644680774252b72411bbdeb0b527 65db24e19f06419bb64765871178f202 - - 97ac84c9e47b4042887ca80f2edf635c 97ac84c9e47b4042887ca80f2edf635c] 10.0.0.101 "GET /allocation_candidates?limit=1000&resources=MEMORY_MB%3A512%2CVCPU%3A1&root_required=%21COMPUTE_STATUS_DISABLED" status: 200 len: 2430 microversion: 1.36 [pid: 7|app: 0|req: 299/600] 10.0.0.101 () {34 vars in 983 bytes} [Wed Jul 1 02:00:11 2026] GET /allocation_candidates?limit=1000&resources=MEMORY_MB%3A512%2CVCPU%3A1&root_required=%21COMPUTE_STATUS_DISABLED => generated 2430 bytes in 75 msecs (HTTP/1.1 200) 8 headers in 297 bytes (1 switches on core 0)
2026-07-01 02:00:11.493 8 INFO placement.requestlog [req-e67d8fee-a666-4596-98be-901f2715b606 req-0cbce595-926f-4c7e-8759-915f1f7eafc6 3f5f644680774252b72411bbdeb0b527 65db24e19f06419bb64765871178f202 - - 97ac84c9e47b4042887ca80f2edf635c 97ac84c9e47b4042887ca80f2edf635c] 10.0.0.101 "GET /allocations/66e6707d-1926-4a8f-a8b8-64d2b59beb0c" status: 200 len: 19 microversion: 1.28 [pid: 8|app: 0|req: 302/601] 10.0.0.101 () {34 vars in 860 bytes} [Wed Jul 1 02:00:11 2026] GET /allocations/66e6707d-1926-4a8f-a8b8-64d2b59beb0c => generated 19 bytes in 14 msecs (HTTP/1.1 200) 8 headers in 295 bytes (1 switches on core 0)
2026-07-01 02:00:11.604 7 INFO placement.requestlog [req-e67d8fee-a666-4596-98be-901f2715b606 req-197242e8-0ce5-4b40-b040-c4cce3d25a87 3f5f644680774252b72411bbdeb0b527 65db24e19f06419bb64765871178f202 - - 97ac84c9e47b4042887ca80f2edf635c 97ac84c9e47b4042887ca80f2edf635c] 10.0.0.101 "PUT /allocations/66e6707d-1926-4a8f-a8b8-64d2b59beb0c" status: 204 len: 0 microversion: 1.36 [pid: 7|app: 0|req: 300/602] 10.0.0.101 () {38 vars in 913 bytes} [Wed Jul 1 02:00:11 2026] PUT /allocations/66e6707d-1926-4a8f-a8b8-64d2b59beb0c => generated 0 bytes in 98 msecs (HTTP/1.1 204) 5 headers in 199 bytes (1 switches on core 0)
2026-07-01 02:00:13.220 8 INFO placement.requestlog [req-e67d8fee-a666-4596-98be-901f2715b606 req-3a7e753d-7357-45ab-8f7a-bbfcd9a21ab3 3f5f644680774252b72411bbdeb0b527 65db24e19f06419bb64765871178f202 - - 97ac84c9e47b4042887ca80f2edf635c 97ac84c9e47b4042887ca80f2edf635c] 199.204.45.205 "GET /allocations/66e6707d-1926-4a8f-a8b8-64d2b59beb0c" status: 200 len: 243 microversion: 1.28 [pid: 8|app: 0|req: 303/603] 199.204.45.205 () {34 vars in 862 bytes} [Wed Jul 1 02:00:13 2026] GET /allocations/66e6707d-1926-4a8f-a8b8-64d2b59beb0c => generated 243 bytes in 24 msecs (HTTP/1.1 200) 8 headers in 296 bytes (1 switches on core 0)
2026-07-01 02:00:14.267 7 INFO placement.requestlog [req-e67d8fee-a666-4596-98be-901f2715b606 req-44b36704-bd07-487c-9ed3-37ff0a8443e3 3f5f644680774252b72411bbdeb0b527 65db24e19f06419bb64765871178f202 - - 97ac84c9e47b4042887ca80f2edf635c 97ac84c9e47b4042887ca80f2edf635c] 199.204.45.205 "GET /resource_providers/e1020080-c2e9-4b13-a216-4b71b24f567f/allocations" status: 200 len: 238 microversion: 1.0 [pid: 7|app: 0|req: 301/604] 199.204.45.205 () {32 vars in 856 bytes} [Wed Jul 1 02:00:14 2026] GET /resource_providers/e1020080-c2e9-4b13-a216-4b71b24f567f/allocations => generated 238 bytes in 24 msecs (HTTP/1.1 200) 6 headers in 224 bytes (1 switches on core 0)
2026-07-01 02:00:14.295 8 INFO placement.requestlog [req-e67d8fee-a666-4596-98be-901f2715b606 req-d4e9f625-d770-438d-b5bd-fbcbae4a587a 3f5f644680774252b72411bbdeb0b527 65db24e19f06419bb64765871178f202 - - 97ac84c9e47b4042887ca80f2edf635c 97ac84c9e47b4042887ca80f2edf635c] 199.204.45.205 "GET /allocations/66e6707d-1926-4a8f-a8b8-64d2b59beb0c" status: 200 len: 243 microversion: 1.28 [pid: 8|app: 0|req: 304/605] 199.204.45.205 () {34 vars in 862 bytes} [Wed Jul 1 02:00:14 2026] GET /allocations/66e6707d-1926-4a8f-a8b8-64d2b59beb0c => generated 243 bytes in 20 msecs (HTTP/1.1 200) 8 headers in 296 bytes (1 switches on core 0)
2026-07-01 02:00:14.318 7 INFO placement.requestlog [req-e67d8fee-a666-4596-98be-901f2715b606 req-39f02b19-78c9-47a0-950f-3a66a7514c4a 3f5f644680774252b72411bbdeb0b527 65db24e19f06419bb64765871178f202 - - 97ac84c9e47b4042887ca80f2edf635c 97ac84c9e47b4042887ca80f2edf635c] 199.204.45.205 "GET /allocations/6b386ff0-eaf1-4b9d-9852-47432f221074" status: 200 len: 257 microversion: 1.28 [pid: 7|app: 0|req: 302/606] 199.204.45.205 () {34 vars in 862 bytes} [Wed Jul 1 02:00:14 2026] GET /allocations/6b386ff0-eaf1-4b9d-9852-47432f221074 => generated 257 bytes in 18 msecs (HTTP/1.1 200) 8 headers in 296 bytes (1 switches on core 0)
2026-07-01 02:00:14.562 7 INFO placement.requestlog [None req-ca9e310c-d525-4a7f-8027-de385cb1436c - - - - - -] 10.0.0.76 "GET /" status: 200 len: 136 microversion: 1.0
2026-07-01 02:00:14.565 8 INFO placement.requestlog [None req-38d530dd-66cb-4e62-8d8f-3f1bd5217256 - - - - - -] 10.0.0.76 "GET /" status: 200 len: 136 microversion: 1.0
2026-07-01 02:00:22.345 7 INFO placement.requestlog [req-bbd797be-0470-4c1c-94d0-bc6816dcc06a req-db846e64-b104-4ade-913b-777f4070e0db 3f5f644680774252b72411bbdeb0b527 65db24e19f06419bb64765871178f202 - - 97ac84c9e47b4042887ca80f2edf635c 97ac84c9e47b4042887ca80f2edf635c] 10.0.0.101 "GET /allocation_candidates?limit=1000&resources=DISK_GB%3A1%2CMEMORY_MB%3A512%2CVCPU%3A1&root_required=%21COMPUTE_STATUS_DISABLED" status: 200 len: 2445 microversion: 1.36 [pid: 7|app: 0|req: 304/609] 10.0.0.101 () {34 vars in 1011 bytes} [Wed Jul 1 02:00:22 2026] GET /allocation_candidates?limit=1000&resources=DISK_GB%3A1%2CMEMORY_MB%3A512%2CVCPU%3A1&root_required=%21COMPUTE_STATUS_DISABLED => generated 2445 bytes in 46 msecs (HTTP/1.1 200) 8 headers in 297 bytes (1 switches on core 0)
2026-07-01 02:00:22.379 8 INFO placement.requestlog [req-bbd797be-0470-4c1c-94d0-bc6816dcc06a req-332ab600-2e7d-42eb-b991-2bfdc7110b93 3f5f644680774252b72411bbdeb0b527 65db24e19f06419bb64765871178f202 - - 97ac84c9e47b4042887ca80f2edf635c 97ac84c9e47b4042887ca80f2edf635c] 10.0.0.101 "GET /allocations/9990fcee-aca3-4940-9352-f36beaac7330" status: 200 len: 19 microversion: 1.28 [pid: 8|app: 0|req: 306/610] 10.0.0.101 () {34 vars in 860 bytes} [Wed Jul 1 02:00:22 2026] GET /allocations/9990fcee-aca3-4940-9352-f36beaac7330 => generated 19 bytes in 8 msecs (HTTP/1.1 200) 8 headers in 295 bytes (1 switches on core 0)
2026-07-01 02:00:22.451 7 INFO placement.requestlog [req-bbd797be-0470-4c1c-94d0-bc6816dcc06a req-5f2b0071-23ce-44db-a63c-b374190b0459 3f5f644680774252b72411bbdeb0b527 65db24e19f06419bb64765871178f202 - - 97ac84c9e47b4042887ca80f2edf635c 97ac84c9e47b4042887ca80f2edf635c] 10.0.0.101 "PUT /allocations/9990fcee-aca3-4940-9352-f36beaac7330" status: 204 len: 0 microversion: 1.36 [pid: 7|app: 0|req: 305/611] 10.0.0.101 () {38 vars in 913 bytes} [Wed Jul 1 02:00:22 2026] PUT /allocations/9990fcee-aca3-4940-9352-f36beaac7330 => generated 0 bytes in 66 msecs (HTTP/1.1 204) 5 headers in 199 bytes (1 switches on core 0)
2026-07-01 02:00:23.470 8 INFO placement.requestlog [req-9f44b4ef-0a6b-4406-9009-e5b47afb4495 req-54cd8b61-6860-479f-8ccc-cc06359a191a 3f5f644680774252b72411bbdeb0b527 65db24e19f06419bb64765871178f202 - - 97ac84c9e47b4042887ca80f2edf635c 97ac84c9e47b4042887ca80f2edf635c] 10.0.0.101 "GET /allocation_candidates?limit=1000&resources=DISK_GB%3A1%2CMEMORY_MB%3A512%2CVCPU%3A1&root_required=%21COMPUTE_STATUS_DISABLED" status: 200 len: 2445 microversion: 1.36 [pid: 8|app: 0|req: 307/612] 10.0.0.101 () {34 vars in 1011 bytes} [Wed Jul 1 02:00:23 2026] GET /allocation_candidates?limit=1000&resources=DISK_GB%3A1%2CMEMORY_MB%3A512%2CVCPU%3A1&root_required=%21COMPUTE_STATUS_DISABLED => generated 2445 bytes in 56 msecs (HTTP/1.1 200) 8 headers in 297 bytes (1 switches on core 0)
2026-07-01 02:00:23.510 7 INFO placement.requestlog [req-9f44b4ef-0a6b-4406-9009-e5b47afb4495 req-fd14d637-b4ef-4c27-afc4-53373886bc6e 3f5f644680774252b72411bbdeb0b527 65db24e19f06419bb64765871178f202 - - 97ac84c9e47b4042887ca80f2edf635c 97ac84c9e47b4042887ca80f2edf635c] 10.0.0.101 "GET /allocations/b97af414-e00e-4778-be41-d99dd8b27c66" status: 200 len: 19 microversion: 1.28 [pid: 7|app: 0|req: 306/613] 10.0.0.101 () {34 vars in 860 bytes} [Wed Jul 1 02:00:23 2026] GET /allocations/b97af414-e00e-4778-be41-d99dd8b27c66 => generated 19 bytes in 13 msecs (HTTP/1.1 200) 8 headers in 295 bytes (1 switches on core 0)
2026-07-01 02:00:23.580 8 INFO placement.requestlog [req-9f44b4ef-0a6b-4406-9009-e5b47afb4495 req-8f796cc7-c9bf-4532-83dd-efa3996e3c9c 3f5f644680774252b72411bbdeb0b527 65db24e19f06419bb64765871178f202 - - 97ac84c9e47b4042887ca80f2edf635c 97ac84c9e47b4042887ca80f2edf635c] 10.0.0.101 "PUT /allocations/b97af414-e00e-4778-be41-d99dd8b27c66" status: 204 len: 0 microversion: 1.36 [pid: 8|app: 0|req: 308/614] 10.0.0.101 () {38 vars in 913 bytes} [Wed Jul 1 02:00:23 2026] PUT /allocations/b97af414-e00e-4778-be41-d99dd8b27c66 => generated 0 bytes in 63 msecs (HTTP/1.1 204) 5 headers in 199 bytes (1 switches on core 0)
2026-07-01 02:00:23.986 7 INFO placement.requestlog [req-bbd797be-0470-4c1c-94d0-bc6816dcc06a req-e83e3701-be26-4bbd-a2d3-43adf73b6144 3f5f644680774252b72411bbdeb0b527 65db24e19f06419bb64765871178f202 - - 97ac84c9e47b4042887ca80f2edf635c 97ac84c9e47b4042887ca80f2edf635c] 199.204.45.205 "GET /allocations/9990fcee-aca3-4940-9352-f36beaac7330" status: 200 len: 257 microversion: 1.28 [pid: 7|app: 0|req: 307/615] 199.204.45.205 () {34 vars in 862 bytes} [Wed Jul 1 02:00:23 2026] GET /allocations/9990fcee-aca3-4940-9352-f36beaac7330 => generated 257 bytes in 11 msecs (HTTP/1.1 200) 8 headers in 296 bytes (1 switches on core 0)
2026-07-01 02:00:24.563 8 INFO placement.requestlog [None req-67060bc2-5547-47c4-b0d9-41c0a905b5d4 - - - - - -] 10.0.0.76 "GET /" status: 200 len: 136 microversion: 1.0
2026-07-01 02:00:24.563 7 INFO placement.requestlog [None req-907293a9-77cb-484d-9e9b-a291d8c1f737 - - - - - -] 10.0.0.76 "GET /" status: 200 len: 136 microversion: 1.0
2026-07-01 02:00:25.020 8 INFO placement.requestlog [req-bbd797be-0470-4c1c-94d0-bc6816dcc06a req-278f8889-49d7-420a-99bc-c4e1ac2823ee 3f5f644680774252b72411bbdeb0b527 65db24e19f06419bb64765871178f202 - - 97ac84c9e47b4042887ca80f2edf635c 97ac84c9e47b4042887ca80f2edf635c] 199.204.45.205 "GET /resource_providers/e1020080-c2e9-4b13-a216-4b71b24f567f/allocations" status: 200 len: 438 microversion: 1.0 [pid: 8|app: 0|req: 310/618] 199.204.45.205 () {32 vars in 856 bytes} [Wed Jul 1 02:00:25 2026] GET /resource_providers/e1020080-c2e9-4b13-a216-4b71b24f567f/allocations => generated 438 bytes in 14 msecs (HTTP/1.1 200) 6 headers in 224 bytes (1 switches on core 0)
2026-07-01 02:00:25.037 7 INFO placement.requestlog [req-bbd797be-0470-4c1c-94d0-bc6816dcc06a req-ab536e24-09f9-4a2d-aec9-8076ca6e0cfb 3f5f644680774252b72411bbdeb0b527 65db24e19f06419bb64765871178f202 - - 97ac84c9e47b4042887ca80f2edf635c 97ac84c9e47b4042887ca80f2edf635c] 199.204.45.205 "GET /allocations/66e6707d-1926-4a8f-a8b8-64d2b59beb0c" status: 200 len: 243 microversion: 1.28 [pid: 7|app: 0|req: 309/619] 199.204.45.205 () {34 vars in 862 bytes} [Wed Jul 1 02:00:25 2026] GET /allocations/66e6707d-1926-4a8f-a8b8-64d2b59beb0c => generated 243 bytes in 11 msecs (HTTP/1.1 200) 8 headers in 296 bytes (1 switches on core 0)
2026-07-01 02:00:25.063 8 INFO placement.requestlog [req-bbd797be-0470-4c1c-94d0-bc6816dcc06a req-75c380e8-24a4-4b6f-859a-65afa415dee2 3f5f644680774252b72411bbdeb0b527 65db24e19f06419bb64765871178f202 - - 97ac84c9e47b4042887ca80f2edf635c 97ac84c9e47b4042887ca80f2edf635c] 199.204.45.205 "GET /allocations/9990fcee-aca3-4940-9352-f36beaac7330" status: 200 len: 257 microversion: 1.28 [pid: 8|app: 0|req: 311/620] 199.204.45.205 () {34 vars in 862 bytes} [Wed Jul 1 02:00:25 2026] GET /allocations/9990fcee-aca3-4940-9352-f36beaac7330 => generated 257 bytes in 12 msecs (HTTP/1.1 200) 8 headers in 296 bytes (1 switches on core 0)
2026-07-01 02:00:25.064 7 INFO placement.requestlog [req-9f44b4ef-0a6b-4406-9009-e5b47afb4495 req-d3274d56-1c6b-4f00-83a9-eb050feadfde 3f5f644680774252b72411bbdeb0b527 65db24e19f06419bb64765871178f202 - - 97ac84c9e47b4042887ca80f2edf635c 97ac84c9e47b4042887ca80f2edf635c] 199.204.45.205 "GET /allocations/b97af414-e00e-4778-be41-d99dd8b27c66" status: 200 len: 257 microversion: 1.28 [pid: 7|app: 0|req: 310/621] 199.204.45.205 () {34 vars in 862 bytes} [Wed Jul 1 02:00:25 2026] GET /allocations/b97af414-e00e-4778-be41-d99dd8b27c66 => generated 257 bytes in 13 msecs (HTTP/1.1 200) 8 headers in 296 bytes (1 switches on core 0)
2026-07-01 02:00:25.079 8 INFO placement.requestlog [req-bbd797be-0470-4c1c-94d0-bc6816dcc06a req-bf9ef3c4-bf3d-43d7-8e44-03ae7fd20ff5 3f5f644680774252b72411bbdeb0b527 65db24e19f06419bb64765871178f202 - - 97ac84c9e47b4042887ca80f2edf635c 97ac84c9e47b4042887ca80f2edf635c] 199.204.45.205 "GET /allocations/6b386ff0-eaf1-4b9d-9852-47432f221074" status: 200 len: 257 microversion: 1.28 [pid: 8|app: 0|req: 312/622] 199.204.45.205 () {34 vars in 862 bytes} [Wed Jul 1 02:00:25 2026] GET /allocations/6b386ff0-eaf1-4b9d-9852-47432f221074 => generated 257 bytes in 9 msecs (HTTP/1.1 200) 8 headers in 296 bytes (1 switches on core 0)
2026-07-01 02:00:25.098 7 INFO placement.requestlog [req-bbd797be-0470-4c1c-94d0-bc6816dcc06a req-b7aa12ba-1ec5-469f-b878-c08d5656fe60 3f5f644680774252b72411bbdeb0b527 65db24e19f06419bb64765871178f202 - - 97ac84c9e47b4042887ca80f2edf635c 97ac84c9e47b4042887ca80f2edf635c] 199.204.45.205 "GET /allocations/b97af414-e00e-4778-be41-d99dd8b27c66" status: 200 len: 257 microversion: 1.28 [pid: 7|app: 0|req: 311/623] 199.204.45.205 () {34 vars in 862 bytes} [Wed Jul 1 02:00:25 2026] GET /allocations/b97af414-e00e-4778-be41-d99dd8b27c66 => generated 257 bytes in 14 msecs (HTTP/1.1 200) 8 headers in 296 bytes (1 switches on core 0)
2026-07-01 02:00:27.156 8 INFO placement.requestlog [req-9f44b4ef-0a6b-4406-9009-e5b47afb4495 req-c285f451-91fc-4871-8d60-ae406840f653 3f5f644680774252b72411bbdeb0b527 65db24e19f06419bb64765871178f202 - - 97ac84c9e47b4042887ca80f2edf635c 97ac84c9e47b4042887ca80f2edf635c] 199.204.45.205 "GET /resource_providers/e1020080-c2e9-4b13-a216-4b71b24f567f/allocations" status: 200 len: 438 microversion: 1.0 [pid: 8|app: 0|req: 313/624] 199.204.45.205 () {32 vars in 856 bytes} [Wed Jul 1 02:00:27 2026] GET /resource_providers/e1020080-c2e9-4b13-a216-4b71b24f567f/allocations => generated 438 bytes in 14 msecs (HTTP/1.1 200) 6 headers in 224 bytes (1 switches on core 0)
2026-07-01 02:00:27.187 7 INFO placement.requestlog [req-9f44b4ef-0a6b-4406-9009-e5b47afb4495 req-5444181e-a38a-4a45-bba1-f08eb169ab5f 3f5f644680774252b72411bbdeb0b527 65db24e19f06419bb64765871178f202 - - 97ac84c9e47b4042887ca80f2edf635c 97ac84c9e47b4042887ca80f2edf635c] 199.204.45.205 "GET /allocations/66e6707d-1926-4a8f-a8b8-64d2b59beb0c" status: 200 len: 243 microversion: 1.28 [pid: 7|app: 0|req: 312/625] 199.204.45.205 () {34 vars in 862 bytes} [Wed Jul 1 02:00:27 2026] GET /allocations/66e6707d-1926-4a8f-a8b8-64d2b59beb0c => generated 243 bytes in 26 msecs (HTTP/1.1 200) 8 headers in 296 bytes (1 switches on core 0)
2026-07-01 02:00:27.201 8 INFO placement.requestlog [req-9f44b4ef-0a6b-4406-9009-e5b47afb4495 req-039ea403-aab0-4274-a8e4-bd09e2bdd98d 3f5f644680774252b72411bbdeb0b527 65db24e19f06419bb64765871178f202 - - 97ac84c9e47b4042887ca80f2edf635c 97ac84c9e47b4042887ca80f2edf635c] 199.204.45.205 "GET /allocations/9990fcee-aca3-4940-9352-f36beaac7330" status: 200 len: 257 microversion: 1.28 [pid: 8|app: 0|req: 314/626] 199.204.45.205 () {34 vars in 862 bytes} [Wed Jul 1 02:00:27 2026] GET /allocations/9990fcee-aca3-4940-9352-f36beaac7330 => generated 257 bytes in 11 msecs (HTTP/1.1 200) 8 headers in 296 bytes (1 switches on core 0)
2026-07-01 02:00:27.220 7 INFO placement.requestlog [req-9f44b4ef-0a6b-4406-9009-e5b47afb4495 req-ab387886-7de7-40fa-b4c5-80d977afa8cf 3f5f644680774252b72411bbdeb0b527 65db24e19f06419bb64765871178f202 - - 97ac84c9e47b4042887ca80f2edf635c 97ac84c9e47b4042887ca80f2edf635c] 199.204.45.205 "GET /allocations/6b386ff0-eaf1-4b9d-9852-47432f221074" status: 200 len: 257 microversion: 1.28 [pid: 7|app: 0|req: 313/627] 199.204.45.205 () {34 vars in 862 bytes} [Wed Jul 1 02:00:27 2026] GET /allocations/6b386ff0-eaf1-4b9d-9852-47432f221074 => generated 257 bytes in 16 msecs (HTTP/1.1 200) 8 headers in 296 bytes (1 switches on core 0)
2026-07-01 02:00:27.236 8 INFO placement.requestlog [req-9f44b4ef-0a6b-4406-9009-e5b47afb4495 req-538e64ab-fae6-4430-a929-4fc4b70a0978 3f5f644680774252b72411bbdeb0b527 65db24e19f06419bb64765871178f202 - - 97ac84c9e47b4042887ca80f2edf635c 97ac84c9e47b4042887ca80f2edf635c] 199.204.45.205 "GET /allocations/b97af414-e00e-4778-be41-d99dd8b27c66" status: 200 len: 257 microversion: 1.28 [pid: 8|app: 0|req: 315/628] 199.204.45.205 () {34 vars in 862 bytes} [Wed Jul 1 02:00:27 2026] GET /allocations/b97af414-e00e-4778-be41-d99dd8b27c66 => generated 257 bytes in 12 msecs (HTTP/1.1 200) 8 headers in 296 bytes (1 switches on core 0)
2026-07-01 02:00:34.563 7 INFO placement.requestlog [None req-315ef375-adaa-4fb4-9ce6-ee6f24ae7b08 - - - - - -] 10.0.0.76 "GET /" status: 200 len: 136 microversion: 1.0
2026-07-01 02:00:34.564 8 INFO placement.requestlog [None req-ac2461a4-dc74-4439-9bc5-30e0e112b4db - - - - - -] 10.0.0.76 "GET /" status: 200 len: 136 microversion: 1.0
2026-07-01 02:00:41.557 7 INFO placement.requestlog [req-69203f25-4385-4f54-a8eb-45aa92210ba5 req-77af3349-3c24-40da-bce9-2593417d144b 3f5f644680774252b72411bbdeb0b527 65db24e19f06419bb64765871178f202 - - 97ac84c9e47b4042887ca80f2edf635c 97ac84c9e47b4042887ca80f2edf635c] 199.204.45.205 "GET /resource_providers/e1020080-c2e9-4b13-a216-4b71b24f567f/allocations" status: 200 len: 438 microversion: 1.0 [pid: 7|app: 0|req: 315/631] 199.204.45.205 () {32 vars in 856 bytes} [Wed Jul 1 02:00:41 2026] GET /resource_providers/e1020080-c2e9-4b13-a216-4b71b24f567f/allocations => generated 438 bytes in 29 msecs (HTTP/1.1 200) 6 headers in 224 bytes (1 switches on core 0)
2026-07-01 02:00:41.575 8 INFO placement.requestlog [req-69203f25-4385-4f54-a8eb-45aa92210ba5 req-c8cf8ee3-25ca-4920-9d32-190a0f7abdbd 3f5f644680774252b72411bbdeb0b527 65db24e19f06419bb64765871178f202 - - 97ac84c9e47b4042887ca80f2edf635c 97ac84c9e47b4042887ca80f2edf635c] 199.204.45.205 "GET /allocations/66e6707d-1926-4a8f-a8b8-64d2b59beb0c" status: 200 len: 243 microversion: 1.28 [pid: 8|app: 0|req: 317/632] 199.204.45.205 () {34 vars in 862 bytes} [Wed Jul 1 02:00:41 2026] GET /allocations/66e6707d-1926-4a8f-a8b8-64d2b59beb0c => generated 243 bytes in 13 msecs (HTTP/1.1 200) 8 headers in 296 bytes (1 switches on core 0)
2026-07-01 02:00:41.596 7 INFO placement.requestlog [req-69203f25-4385-4f54-a8eb-45aa92210ba5 req-9fcb6345-8429-4aa4-a158-966ddeacf2ac 3f5f644680774252b72411bbdeb0b527 65db24e19f06419bb64765871178f202 - - 97ac84c9e47b4042887ca80f2edf635c 97ac84c9e47b4042887ca80f2edf635c] 199.204.45.205 "GET /allocations/9990fcee-aca3-4940-9352-f36beaac7330" status: 200 len: 257 microversion: 1.28 [pid: 7|app: 0|req: 316/633] 199.204.45.205 () {34 vars in 862 bytes} [Wed Jul 1 02:00:41 2026] GET /allocations/9990fcee-aca3-4940-9352-f36beaac7330 => generated 257 bytes in 15 msecs (HTTP/1.1 200) 8 headers in 296 bytes (1 switches on core 0)
2026-07-01 02:00:41.615 8 INFO placement.requestlog [req-69203f25-4385-4f54-a8eb-45aa92210ba5 req-e915ae42-f7d5-4158-91f0-6d51b236dfbe 3f5f644680774252b72411bbdeb0b527 65db24e19f06419bb64765871178f202 - - 97ac84c9e47b4042887ca80f2edf635c 97ac84c9e47b4042887ca80f2edf635c] 199.204.45.205 "GET /allocations/6b386ff0-eaf1-4b9d-9852-47432f221074" status: 200 len: 257 microversion: 1.28 [pid: 8|app: 0|req: 318/634] 199.204.45.205 () {34 vars in 862 bytes} [Wed Jul 1 02:00:41 2026] GET /allocations/6b386ff0-eaf1-4b9d-9852-47432f221074 => generated 257 bytes in 12 msecs (HTTP/1.1 200) 8 headers in 296 bytes (1 switches on core 0)
2026-07-01 02:00:41.636 7 INFO placement.requestlog [req-69203f25-4385-4f54-a8eb-45aa92210ba5 req-f432cd59-c988-4e75-b249-43f6a9b34bd2 3f5f644680774252b72411bbdeb0b527 65db24e19f06419bb64765871178f202 - - 97ac84c9e47b4042887ca80f2edf635c 97ac84c9e47b4042887ca80f2edf635c] 199.204.45.205 "GET /allocations/b97af414-e00e-4778-be41-d99dd8b27c66" status: 200 len: 257 microversion: 1.28 [pid: 7|app: 0|req: 317/635] 199.204.45.205 () {34 vars in 862 bytes} [Wed Jul 1 02:00:41 2026] GET /allocations/b97af414-e00e-4778-be41-d99dd8b27c66 => generated 257 bytes in 14 msecs (HTTP/1.1 200) 8 headers in 296 bytes (1 switches on core 0)
2026-07-01 02:00:42.685 7 INFO placement.requestlog [req-a16bf004-7284-42c7-a5b9-14f6e60b006b req-d355c0d9-f823-41f1-abef-e46354d7ec83 3f5f644680774252b72411bbdeb0b527 65db24e19f06419bb64765871178f202 - - 97ac84c9e47b4042887ca80f2edf635c 97ac84c9e47b4042887ca80f2edf635c] 199.204.45.205 "GET /resource_providers/e1020080-c2e9-4b13-a216-4b71b24f567f/allocations" status: 200 len: 438 microversion: 1.0 [pid: 7|app: 0|req: 318/636] 199.204.45.205 () {32 vars in 856 bytes} [Wed Jul 1 02:00:42 2026] GET /resource_providers/e1020080-c2e9-4b13-a216-4b71b24f567f/allocations => generated 438 bytes in 17 msecs (HTTP/1.1 200) 6 headers in 224 bytes (1 switches on core 0)
2026-07-01 02:00:42.696 8 INFO placement.requestlog [req-69203f25-4385-4f54-a8eb-45aa92210ba5 req-07408f54-25c1-4828-95a6-615fb8a99cf9 3f5f644680774252b72411bbdeb0b527 65db24e19f06419bb64765871178f202 - - 97ac84c9e47b4042887ca80f2edf635c 97ac84c9e47b4042887ca80f2edf635c] 199.204.45.205 "DELETE /allocations/6b386ff0-eaf1-4b9d-9852-47432f221074" status: 204 len: 0 microversion: 1.0 [pid: 8|app: 0|req: 319/637] 199.204.45.205 () {34 vars in 840 bytes} [Wed Jul 1 02:00:42 2026] DELETE /allocations/6b386ff0-eaf1-4b9d-9852-47432f221074 => generated 0 bytes in 37 msecs (HTTP/1.1 204) 5 headers in 198 bytes (1 switches on core 0)
2026-07-01 02:00:42.704 7 INFO placement.requestlog [req-a16bf004-7284-42c7-a5b9-14f6e60b006b req-644681a5-35fa-4894-9986-e7288d9e56c1 3f5f644680774252b72411bbdeb0b527 65db24e19f06419bb64765871178f202 - - 97ac84c9e47b4042887ca80f2edf635c 97ac84c9e47b4042887ca80f2edf635c] 199.204.45.205 "GET /allocations/66e6707d-1926-4a8f-a8b8-64d2b59beb0c" status: 200 len: 243 microversion: 1.28 [pid: 7|app: 0|req: 319/638] 199.204.45.205 () {34 vars in 862 bytes} [Wed Jul 1 02:00:42 2026] GET /allocations/66e6707d-1926-4a8f-a8b8-64d2b59beb0c => generated 243 bytes in 12 msecs (HTTP/1.1 200) 8 headers in 296 bytes (1 switches on core 0)
2026-07-01 02:00:42.722 8 INFO placement.requestlog [req-a16bf004-7284-42c7-a5b9-14f6e60b006b req-6e87e59e-be4f-4d96-82de-694a423dc90b 3f5f644680774252b72411bbdeb0b527 65db24e19f06419bb64765871178f202 - - 97ac84c9e47b4042887ca80f2edf635c 97ac84c9e47b4042887ca80f2edf635c] 199.204.45.205 "GET /allocations/9990fcee-aca3-4940-9352-f36beaac7330" status: 200 len: 257 microversion: 1.28 [pid: 8|app: 0|req: 320/639] 199.204.45.205 () {34 vars in 862 bytes} [Wed Jul 1 02:00:42 2026] GET /allocations/9990fcee-aca3-4940-9352-f36beaac7330 => generated 257 bytes in 13 msecs (HTTP/1.1 200) 8 headers in 296 bytes (1 switches on core 0)
2026-07-01 02:00:42.734 7 INFO placement.requestlog [req-a16bf004-7284-42c7-a5b9-14f6e60b006b req-53226fb8-5087-4453-8541-614b1e7abd8a 3f5f644680774252b72411bbdeb0b527 65db24e19f06419bb64765871178f202 - - 97ac84c9e47b4042887ca80f2edf635c 97ac84c9e47b4042887ca80f2edf635c] 199.204.45.205 "GET /allocations/6b386ff0-eaf1-4b9d-9852-47432f221074" status: 200 len: 19 microversion: 1.28 [pid: 7|app: 0|req: 320/640] 199.204.45.205 () {34 vars in 862 bytes} [Wed Jul 1 02:00:42 2026] GET /allocations/6b386ff0-eaf1-4b9d-9852-47432f221074 => generated 19 bytes in 7 msecs (HTTP/1.1 200) 8 headers in 295 bytes (1 switches on core 0)
2026-07-01 02:00:42.749 8 INFO placement.requestlog [req-a16bf004-7284-42c7-a5b9-14f6e60b006b req-933ed12a-0e69-4edf-914c-291afc30afb1 3f5f644680774252b72411bbdeb0b527 65db24e19f06419bb64765871178f202 - - 97ac84c9e47b4042887ca80f2edf635c 97ac84c9e47b4042887ca80f2edf635c] 199.204.45.205 "GET /allocations/b97af414-e00e-4778-be41-d99dd8b27c66" status: 200 len: 257 microversion: 1.28 [pid: 8|app: 0|req: 321/641] 199.204.45.205 () {34 vars in 862 bytes} [Wed Jul 1 02:00:42 2026] GET /allocations/b97af414-e00e-4778-be41-d99dd8b27c66 => generated 257 bytes in 10 msecs (HTTP/1.1 200) 8 headers in 296 bytes (1 switches on core 0)
2026-07-01 02:00:43.798 7 INFO placement.requestlog [req-a16bf004-7284-42c7-a5b9-14f6e60b006b req-fbd8bb92-2b1b-474a-bd2d-cfc3cbac6185 3f5f644680774252b72411bbdeb0b527 65db24e19f06419bb64765871178f202 - - 97ac84c9e47b4042887ca80f2edf635c 97ac84c9e47b4042887ca80f2edf635c] 199.204.45.205 "DELETE /allocations/66e6707d-1926-4a8f-a8b8-64d2b59beb0c" status: 204 len: 0 microversion: 1.0 [pid: 7|app: 0|req: 321/642] 199.204.45.205 () {34 vars in 840 bytes} [Wed Jul 1 02:00:43 2026] DELETE /allocations/66e6707d-1926-4a8f-a8b8-64d2b59beb0c => generated 0 bytes in 29 msecs (HTTP/1.1 204) 5 headers in 198 bytes (1 switches on core 0)
2026-07-01 02:00:44.229 8 INFO placement.requestlog [req-f999ac1b-4af4-47d5-bc3e-2c4ee5dca764 req-ccfcfbd9-9c37-4f7b-9da2-8cf98046cfdf 3f5f644680774252b72411bbdeb0b527 65db24e19f06419bb64765871178f202 - - 97ac84c9e47b4042887ca80f2edf635c 97ac84c9e47b4042887ca80f2edf635c] 199.204.45.205 "GET /resource_providers/e1020080-c2e9-4b13-a216-4b71b24f567f/allocations" status: 200 len: 252 microversion: 1.0 [pid: 8|app: 0|req: 322/643] 199.204.45.205 () {32 vars in 856 bytes} [Wed Jul 1 02:00:44 2026] GET /resource_providers/e1020080-c2e9-4b13-a216-4b71b24f567f/allocations => generated 252 bytes in 14 msecs (HTTP/1.1 200) 6 headers in 224 bytes (1 switches on core 0)
2026-07-01 02:00:44.247 7 INFO placement.requestlog [req-f999ac1b-4af4-47d5-bc3e-2c4ee5dca764 req-7358791b-a21c-4aaa-9eef-5087d2c38d38 3f5f644680774252b72411bbdeb0b527 65db24e19f06419bb64765871178f202 - - 97ac84c9e47b4042887ca80f2edf635c 97ac84c9e47b4042887ca80f2edf635c] 199.204.45.205 "GET /allocations/b97af414-e00e-4778-be41-d99dd8b27c66" status: 200 len: 257 microversion: 1.28 [pid: 7|app: 0|req: 322/644] 199.204.45.205 () {34 vars in 862 bytes} [Wed Jul 1 02:00:44 2026] GET /allocations/b97af414-e00e-4778-be41-d99dd8b27c66 => generated 257 bytes in 12 msecs (HTTP/1.1 200) 8 headers in 296 bytes (1 switches on core 0)
2026-07-01 02:00:44.263 8 INFO placement.requestlog [req-f999ac1b-4af4-47d5-bc3e-2c4ee5dca764 req-0494f6c0-8f7c-4e10-a078-15c182c11d0d 3f5f644680774252b72411bbdeb0b527 65db24e19f06419bb64765871178f202 - - 97ac84c9e47b4042887ca80f2edf635c 97ac84c9e47b4042887ca80f2edf635c] 199.204.45.205 "GET /allocations/9990fcee-aca3-4940-9352-f36beaac7330" status: 200 len: 257 microversion: 1.28 [pid: 8|app: 0|req: 323/645] 199.204.45.205 () {34 vars in 862 bytes} [Wed Jul 1 02:00:44 2026] GET /allocations/9990fcee-aca3-4940-9352-f36beaac7330 => generated 257 bytes in 11 msecs (HTTP/1.1 200) 8 headers in 296 bytes (1 switches on core 0)
2026-07-01 02:00:44.563 7 INFO placement.requestlog [None req-21479c99-c482-472a-accf-33e6e7f1acd7 - - - - - -] 10.0.0.76 "GET /" status: 200 len: 136 microversion: 1.0
2026-07-01 02:00:44.563 8 INFO placement.requestlog [None req-8b8190af-d3e4-454c-84ae-7bbba162bf31 - - - - - -] 10.0.0.76 "GET /" status: 200 len: 136 microversion: 1.0
2026-07-01 02:00:45.309 7 INFO placement.requestlog [req-f999ac1b-4af4-47d5-bc3e-2c4ee5dca764 req-5d9bbefe-7268-4dec-998d-71b73bc343db 3f5f644680774252b72411bbdeb0b527 65db24e19f06419bb64765871178f202 - - 97ac84c9e47b4042887ca80f2edf635c 97ac84c9e47b4042887ca80f2edf635c] 199.204.45.205 "DELETE /allocations/9990fcee-aca3-4940-9352-f36beaac7330" status: 204 len: 0 microversion: 1.0 [pid: 7|app: 0|req: 324/648] 199.204.45.205 () {34 vars in 840 bytes} [Wed Jul 1 02:00:45 2026] DELETE /allocations/9990fcee-aca3-4940-9352-f36beaac7330 => generated 0 bytes in 23 msecs (HTTP/1.1 204) 5 headers in 198 bytes (1 switches on core 0)
2026-07-01 02:00:46.680 8 INFO placement.requestlog [None req-7e03add1-43b1-4baa-82c2-50687c420c55 06a954f5ef5f4d7db1599a7ff7ca1652 65db24e19f06419bb64765871178f202 - - 97ac84c9e47b4042887ca80f2edf635c 97ac84c9e47b4042887ca80f2edf635c] 10.0.0.91 "GET /resource_providers/5bca83e6-32eb-4468-b37c-0fcfd450cd42/aggregates" status: 404 len: 235 microversion: 1.1 [pid: 8|app: 0|req: 325/649] 10.0.0.91 () {32 vars in 814 bytes} [Wed Jul 1 02:00:46 2026] GET /resource_providers/5bca83e6-32eb-4468-b37c-0fcfd450cd42/aggregates => generated 235 bytes in 9 msecs (HTTP/1.1 404) 5 headers in 202 bytes (1 switches on core 0)
2026-07-01 02:00:46.686 7 INFO placement.requestlog [None req-b6a9a957-035b-489d-9a68-029cfa95aa8b 06a954f5ef5f4d7db1599a7ff7ca1652 65db24e19f06419bb64765871178f202 - - 97ac84c9e47b4042887ca80f2edf635c 97ac84c9e47b4042887ca80f2edf635c] 10.0.0.91 "GET /resource_providers/5bca83e6-32eb-4468-b37c-0fcfd450cd42/aggregates" status: 404 len: 235 microversion: 1.1 [pid: 7|app: 0|req: 325/650] 10.0.0.91 () {32 vars in 814 bytes} [Wed Jul 1 02:00:46 2026] GET /resource_providers/5bca83e6-32eb-4468-b37c-0fcfd450cd42/aggregates => generated 235 bytes in 9 msecs (HTTP/1.1 404) 5 headers in 202 bytes (1 switches on core 0)
2026-07-01 02:00:46.701 8 INFO placement.requestlog [None req-124f0985-6df2-4ddf-b538-8f8497109717 06a954f5ef5f4d7db1599a7ff7ca1652 65db24e19f06419bb64765871178f202 - - 97ac84c9e47b4042887ca80f2edf635c 97ac84c9e47b4042887ca80f2edf635c] 10.0.0.91 "DELETE /resource_providers/5bca83e6-32eb-4468-b37c-0fcfd450cd42" status: 404 len: 246 microversion: 1.1 [pid: 8|app: 0|req: 326/651] 10.0.0.91 () {34 vars in 814 bytes} [Wed Jul 1 02:00:46 2026] DELETE /resource_providers/5bca83e6-32eb-4468-b37c-0fcfd450cd42 => generated 246 bytes in 10 msecs (HTTP/1.1 404) 6 headers in 231 bytes (1 switches on core 0)
2026-07-01 02:00:46.705 7 INFO placement.requestlog [None req-c7b2643b-abc7-4814-bc83-786a1ee7da5d 06a954f5ef5f4d7db1599a7ff7ca1652 65db24e19f06419bb64765871178f202 - - 97ac84c9e47b4042887ca80f2edf635c 97ac84c9e47b4042887ca80f2edf635c] 10.0.0.91 "DELETE /resource_providers/5bca83e6-32eb-4468-b37c-0fcfd450cd42" status: 404 len: 246 microversion: 1.1 [pid: 7|app: 0|req: 326/652] 10.0.0.91 () {34 vars in 814 bytes} [Wed Jul 1 02:00:46 2026] DELETE /resource_providers/5bca83e6-32eb-4468-b37c-0fcfd450cd42 => generated 246 bytes in 12 msecs (HTTP/1.1 404) 6 headers in 231 bytes (1 switches on core 0)
2026-07-01 02:00:48.740 8 INFO placement.requestlog [None req-a39f6e17-aabb-4ba5-8b64-7fcc0cfcb138 06a954f5ef5f4d7db1599a7ff7ca1652 65db24e19f06419bb64765871178f202 - - 97ac84c9e47b4042887ca80f2edf635c 97ac84c9e47b4042887ca80f2edf635c] 10.0.0.91 "GET /resource_providers/67e0ce0c-7752-412b-b48b-f9ec6e05b70c/aggregates" status: 404 len: 235 microversion: 1.1 [pid: 8|app: 0|req: 327/653] 10.0.0.91 () {32 vars in 814 bytes} [Wed Jul 1 02:00:48 2026] GET /resource_providers/67e0ce0c-7752-412b-b48b-f9ec6e05b70c/aggregates => generated 235 bytes in 11 msecs (HTTP/1.1 404) 5 headers in 202 bytes (1 switches on core 0)
2026-07-01 02:00:48.741 7 INFO placement.requestlog [None req-ce5af5fc-62b3-4d9a-bfd8-c8f0c9bf8ec2 06a954f5ef5f4d7db1599a7ff7ca1652 65db24e19f06419bb64765871178f202 - - 97ac84c9e47b4042887ca80f2edf635c 97ac84c9e47b4042887ca80f2edf635c] 10.0.0.91 "GET /resource_providers/67e0ce0c-7752-412b-b48b-f9ec6e05b70c/aggregates" status: 404 len: 235 microversion: 1.1 [pid: 7|app: 0|req: 327/654] 10.0.0.91 () {32 vars in 814 bytes} [Wed Jul 1 02:00:48 2026] GET /resource_providers/67e0ce0c-7752-412b-b48b-f9ec6e05b70c/aggregates => generated 235 bytes in 8 msecs (HTTP/1.1 404) 5 headers in 202 bytes (1 switches on core 0)
2026-07-01 02:00:48.767 8 INFO placement.requestlog [None req-73bb197b-7faa-4250-ac8f-55474448737e 06a954f5ef5f4d7db1599a7ff7ca1652 65db24e19f06419bb64765871178f202 - - 97ac84c9e47b4042887ca80f2edf635c 97ac84c9e47b4042887ca80f2edf635c] 10.0.0.91 "DELETE /resource_providers/67e0ce0c-7752-412b-b48b-f9ec6e05b70c" status: 404 len: 246 microversion: 1.1 [pid: 8|app: 0|req: 328/655] 10.0.0.91 () {34 vars in 814 bytes} [Wed Jul 1 02:00:48 2026] DELETE /resource_providers/67e0ce0c-7752-412b-b48b-f9ec6e05b70c => generated 246 bytes in 14 msecs (HTTP/1.1 404) 6 headers in 231 bytes (1 switches on core 0)
2026-07-01 02:00:48.780 7 INFO placement.requestlog [None req-e3dc99c8-e3a1-40e1-86cb-4716b59c8b3b 06a954f5ef5f4d7db1599a7ff7ca1652 65db24e19f06419bb64765871178f202 - - 97ac84c9e47b4042887ca80f2edf635c 97ac84c9e47b4042887ca80f2edf635c] 10.0.0.91 "DELETE /resource_providers/67e0ce0c-7752-412b-b48b-f9ec6e05b70c" status: 404 len: 246 microversion: 1.1 [pid: 7|app: 0|req: 328/656] 10.0.0.91 () {34 vars in 814 bytes} [Wed Jul 1 02:00:48 2026] DELETE /resource_providers/67e0ce0c-7752-412b-b48b-f9ec6e05b70c => generated 246 bytes in 11 msecs (HTTP/1.1 404) 6 headers in 231 bytes (1 switches on core 0)
2026-07-01 02:00:50.785 8 INFO placement.requestlog [None req-40f290d9-417e-4136-8576-36a8a2c76b1f 06a954f5ef5f4d7db1599a7ff7ca1652 65db24e19f06419bb64765871178f202 - - 97ac84c9e47b4042887ca80f2edf635c 97ac84c9e47b4042887ca80f2edf635c] 10.0.0.91 "GET /resource_providers/49d5b219-2ca0-49fe-bece-4f9b369dc528/aggregates" status: 404 len: 235 microversion: 1.1 [pid: 8|app: 0|req: 329/657] 10.0.0.91 () {32 vars in 814 bytes} [Wed Jul 1 02:00:50 2026] GET /resource_providers/49d5b219-2ca0-49fe-bece-4f9b369dc528/aggregates => generated 235 bytes in 10 msecs (HTTP/1.1 404) 5 headers in 202 bytes (1 switches on core 0)
2026-07-01 02:00:50.799 7 INFO placement.requestlog [None req-d2ed2372-5be8-4d57-9968-5a90ef386981 06a954f5ef5f4d7db1599a7ff7ca1652 65db24e19f06419bb64765871178f202 - - 97ac84c9e47b4042887ca80f2edf635c 97ac84c9e47b4042887ca80f2edf635c] 10.0.0.91 "GET /resource_providers/49d5b219-2ca0-49fe-bece-4f9b369dc528/aggregates" status: 404 len: 235 microversion: 1.1 [pid: 7|app: 0|req: 329/658] 10.0.0.91 () {32 vars in 814 bytes} [Wed Jul 1 02:00:50 2026] GET /resource_providers/49d5b219-2ca0-49fe-bece-4f9b369dc528/aggregates => generated 235 bytes in 8 msecs (HTTP/1.1 404) 5 headers in 202 bytes (1 switches on core 0)
2026-07-01 02:00:50.802 8 INFO placement.requestlog [None req-590c526d-c3f8-4a61-aeb6-174053550071 06a954f5ef5f4d7db1599a7ff7ca1652 65db24e19f06419bb64765871178f202 - - 97ac84c9e47b4042887ca80f2edf635c 97ac84c9e47b4042887ca80f2edf635c] 10.0.0.91 "DELETE /resource_providers/49d5b219-2ca0-49fe-bece-4f9b369dc528" status: 404 len: 246 microversion: 1.1 [pid: 8|app: 0|req: 330/659] 10.0.0.91 () {34 vars in 814 bytes} [Wed Jul 1 02:00:50 2026] DELETE /resource_providers/49d5b219-2ca0-49fe-bece-4f9b369dc528 => generated 246 bytes in 9 msecs (HTTP/1.1 404) 6 headers in 231 bytes (1 switches on core 0)
2026-07-01 02:00:50.821 7 INFO placement.requestlog [None req-716a876a-415c-483e-b58d-4e6761e4d12b 06a954f5ef5f4d7db1599a7ff7ca1652 65db24e19f06419bb64765871178f202 - - 97ac84c9e47b4042887ca80f2edf635c 97ac84c9e47b4042887ca80f2edf635c] 10.0.0.91 "DELETE /resource_providers/49d5b219-2ca0-49fe-bece-4f9b369dc528" status: 404 len: 246 microversion: 1.1 [pid: 7|app: 0|req: 330/660] 10.0.0.91 () {34 vars in 814 bytes} [Wed Jul 1 02:00:50 2026] DELETE /resource_providers/49d5b219-2ca0-49fe-bece-4f9b369dc528 => generated 246 bytes in 10 msecs (HTTP/1.1 404) 6 headers in 231 bytes (1 switches on core 0)
2026-07-01 02:00:54.562 8 INFO placement.requestlog [None req-611517d7-1b70-45d4-a1bf-410675e18487 - - - - - -] 10.0.0.76 "GET /" status: 200 len: 136 microversion: 1.0
2026-07-01 02:00:54.562 7 INFO placement.requestlog [None req-c3f9c4db-2700-479f-a499-5a648032ce9d - - - - - -] 10.0.0.76 "GET /" status: 200 len: 136 microversion: 1.0
2026-07-01 02:00:59.934 8 INFO placement.requestlog [req-36197b84-4de6-4f90-b8b1-f4f5219f3e2c req-f63c312c-55f4-40e4-9d58-a671d0e374a9 3f5f644680774252b72411bbdeb0b527 65db24e19f06419bb64765871178f202 - - 97ac84c9e47b4042887ca80f2edf635c 97ac84c9e47b4042887ca80f2edf635c] 10.0.0.101 "GET /allocation_candidates?limit=1000&resources=DISK_GB%3A1%2CMEMORY_MB%3A512%2CVCPU%3A1&root_required=%21COMPUTE_STATUS_DISABLED" status: 200 len: 2444 microversion: 1.36 [pid: 8|app: 0|req: 332/663] 10.0.0.101 () {34 vars in 1011 bytes} [Wed Jul 1 02:00:59 2026] GET /allocation_candidates?limit=1000&resources=DISK_GB%3A1%2CMEMORY_MB%3A512%2CVCPU%3A1&root_required=%21COMPUTE_STATUS_DISABLED => generated 2444 bytes in 57 msecs (HTTP/1.1 200) 8 headers in 297 bytes (1 switches on core 0)
2026-07-01 02:00:59.958 7 INFO placement.requestlog [req-36197b84-4de6-4f90-b8b1-f4f5219f3e2c req-f4f68511-7c21-4804-b148-9db5931f9464 3f5f644680774252b72411bbdeb0b527 65db24e19f06419bb64765871178f202 - - 97ac84c9e47b4042887ca80f2edf635c 97ac84c9e47b4042887ca80f2edf635c] 10.0.0.101 "GET /allocations/0ef31de0-4932-4f3b-ad65-3b1744919961" status: 200 len: 19 microversion: 1.28 [pid: 7|app: 0|req: 332/664] 10.0.0.101 () {34 vars in 860 bytes} [Wed Jul 1 02:00:59 2026] GET /allocations/0ef31de0-4932-4f3b-ad65-3b1744919961 => generated 19 bytes in 9 msecs (HTTP/1.1 200) 8 headers in 295 bytes (1 switches on core 0)
2026-07-01 02:01:00.028 8 INFO placement.requestlog [req-36197b84-4de6-4f90-b8b1-f4f5219f3e2c req-03647fbf-bf61-4665-ad69-8596e75f759e 3f5f644680774252b72411bbdeb0b527 65db24e19f06419bb64765871178f202 - - 97ac84c9e47b4042887ca80f2edf635c 97ac84c9e47b4042887ca80f2edf635c] 10.0.0.101 "PUT /allocations/0ef31de0-4932-4f3b-ad65-3b1744919961" status: 204 len: 0 microversion: 1.36 [pid: 8|app: 0|req: 333/665] 10.0.0.101 () {38 vars in 913 bytes} [Wed Jul 1 02:00:59 2026] PUT /allocations/0ef31de0-4932-4f3b-ad65-3b1744919961 => generated 0 bytes in 67 msecs (HTTP/1.1 204) 5 headers in 199 bytes (1 switches on core 0)
2026-07-01 02:01:00.957 7 INFO placement.requestlog [req-1595eab9-853e-4b48-b648-245e3aabc7d5 req-03ceeb17-0c29-484b-bd30-364fafc35382 3f5f644680774252b72411bbdeb0b527 65db24e19f06419bb64765871178f202 - - 97ac84c9e47b4042887ca80f2edf635c 97ac84c9e47b4042887ca80f2edf635c] 199.204.45.205 "GET /resource_providers/e1020080-c2e9-4b13-a216-4b71b24f567f/allocations" status: 200 len: 252 microversion: 1.0 [pid: 7|app: 0|req: 333/666] 199.204.45.205 () {32 vars in 856 bytes} [Wed Jul 1 02:01:00 2026] GET /resource_providers/e1020080-c2e9-4b13-a216-4b71b24f567f/allocations => generated 252 bytes in 11 msecs (HTTP/1.1 200) 6 headers in 224 bytes (1 switches on core 0)
