2026-07-01 02:03:01.782 7 INFO placement.requestlog [None req-283b6f25-1038-4f1b-a84a-f955f46cba4a 06a954f5ef5f4d7db1599a7ff7ca1652 65db24e19f06419bb64765871178f202 - - 97ac84c9e47b4042887ca80f2edf635c 97ac84c9e47b4042887ca80f2edf635c] 10.0.0.91 "DELETE /resource_providers/c03e95ca-d346-4ff8-81dc-f5674afa79c1" status: 404 len: 246 microversion: 1.1 [pid: 7|app: 0|req: 423/845] 10.0.0.91 () {34 vars in 814 bytes} [Wed Jul 1 02:03:01 2026] DELETE /resource_providers/c03e95ca-d346-4ff8-81dc-f5674afa79c1 => generated 246 bytes in 10 msecs (HTTP/1.1 404) 6 headers in 231 bytes (1 switches on core 0)
2026-07-01 02:03:02.903 8 INFO placement.requestlog [None req-cc13089d-9a80-490d-9787-e73f8421d534 06a954f5ef5f4d7db1599a7ff7ca1652 65db24e19f06419bb64765871178f202 - - 97ac84c9e47b4042887ca80f2edf635c 97ac84c9e47b4042887ca80f2edf635c] 10.0.0.91 "GET /resource_providers/92945c2e-2ffb-4f7c-9f5f-8428d03527a3/aggregates" status: 404 len: 235 microversion: 1.1 [pid: 8|app: 0|req: 423/846] 10.0.0.91 () {32 vars in 814 bytes} [Wed Jul 1 02:03:02 2026] GET /resource_providers/92945c2e-2ffb-4f7c-9f5f-8428d03527a3/aggregates => generated 235 bytes in 11 msecs (HTTP/1.1 404) 5 headers in 202 bytes (1 switches on core 0)
2026-07-01 02:03:02.907 7 INFO placement.requestlog [None req-f28e5654-aecc-482a-a513-9f005fafe8a6 06a954f5ef5f4d7db1599a7ff7ca1652 65db24e19f06419bb64765871178f202 - - 97ac84c9e47b4042887ca80f2edf635c 97ac84c9e47b4042887ca80f2edf635c] 10.0.0.91 "GET /resource_providers/92945c2e-2ffb-4f7c-9f5f-8428d03527a3/aggregates" status: 404 len: 235 microversion: 1.1 [pid: 7|app: 0|req: 424/847] 10.0.0.91 () {32 vars in 814 bytes} [Wed Jul 1 02:03:02 2026] GET /resource_providers/92945c2e-2ffb-4f7c-9f5f-8428d03527a3/aggregates => generated 235 bytes in 12 msecs (HTTP/1.1 404) 5 headers in 202 bytes (1 switches on core 0)
2026-07-01 02:03:02.927 8 INFO placement.requestlog [None req-0b0958f0-cdac-4716-947d-a310653868d4 06a954f5ef5f4d7db1599a7ff7ca1652 65db24e19f06419bb64765871178f202 - - 97ac84c9e47b4042887ca80f2edf635c 97ac84c9e47b4042887ca80f2edf635c] 10.0.0.91 "DELETE /resource_providers/92945c2e-2ffb-4f7c-9f5f-8428d03527a3" status: 404 len: 246 microversion: 1.1 [pid: 8|app: 0|req: 424/848] 10.0.0.91 () {34 vars in 814 bytes} [Wed Jul 1 02:03:02 2026] DELETE /resource_providers/92945c2e-2ffb-4f7c-9f5f-8428d03527a3 => generated 246 bytes in 13 msecs (HTTP/1.1 404) 6 headers in 231 bytes (1 switches on core 0)
2026-07-01 02:03:02.931 7 INFO placement.requestlog [None req-a38937f9-57f0-4fdf-91c9-9067fcb13c73 06a954f5ef5f4d7db1599a7ff7ca1652 65db24e19f06419bb64765871178f202 - - 97ac84c9e47b4042887ca80f2edf635c 97ac84c9e47b4042887ca80f2edf635c] 10.0.0.91 "DELETE /resource_providers/92945c2e-2ffb-4f7c-9f5f-8428d03527a3" status: 404 len: 246 microversion: 1.1 [pid: 7|app: 0|req: 425/849] 10.0.0.91 () {34 vars in 814 bytes} [Wed Jul 1 02:03:02 2026] DELETE /resource_providers/92945c2e-2ffb-4f7c-9f5f-8428d03527a3 => generated 246 bytes in 15 msecs (HTTP/1.1 404) 6 headers in 231 bytes (1 switches on core 0)
2026-07-01 02:03:03.806 8 INFO placement.requestlog [None req-2fa5e5bf-6b4c-49f9-b248-2d3b33acb22b 06a954f5ef5f4d7db1599a7ff7ca1652 65db24e19f06419bb64765871178f202 - - 97ac84c9e47b4042887ca80f2edf635c 97ac84c9e47b4042887ca80f2edf635c] 10.0.0.91 "GET /resource_providers/b45c0225-0436-42b7-8b8b-152d6823c593/aggregates" status: 404 len: 235 microversion: 1.1
2026-07-01 02:03:03.806 7 INFO placement.requestlog [None req-0c35b48d-e812-450a-a96f-4b60f531917a 06a954f5ef5f4d7db1599a7ff7ca1652 65db24e19f06419bb64765871178f202 - - 97ac84c9e47b4042887ca80f2edf635c 97ac84c9e47b4042887ca80f2edf635c] 10.0.0.91 "GET /resource_providers/b45c0225-0436-42b7-8b8b-152d6823c593/aggregates" status: 404 len: 235 microversion: 1.1 [pid: 8|app: 0|req: 425/850] 10.0.0.91 () {32 vars in 814 bytes} [Wed Jul 1 02:03:03 2026] GET /resource_providers/b45c0225-0436-42b7-8b8b-152d6823c593/aggregates => generated 235 bytes in 10 msecs (HTTP/1.1 404) 5 headers in 202 bytes (1 switches on core 0) [pid: 7|app: 0|req: 426/851] 10.0.0.91 () {32 vars in 814 bytes} [Wed Jul 1 02:03:03 2026] GET /resource_providers/b45c0225-0436-42b7-8b8b-152d6823c593/aggregates => generated 235 bytes in 10 msecs (HTTP/1.1 404) 5 headers in 202 bytes (1 switches on core 0)
2026-07-01 02:03:03.829 8 INFO placement.requestlog [None req-4739b2c2-5131-41b1-8347-5bb906f03034 06a954f5ef5f4d7db1599a7ff7ca1652 65db24e19f06419bb64765871178f202 - - 97ac84c9e47b4042887ca80f2edf635c 97ac84c9e47b4042887ca80f2edf635c] 10.0.0.91 "DELETE /resource_providers/b45c0225-0436-42b7-8b8b-152d6823c593" status: 404 len: 246 microversion: 1.1 [pid: 8|app: 0|req: 426/852] 10.0.0.91 () {34 vars in 814 bytes} [Wed Jul 1 02:03:03 2026] DELETE /resource_providers/b45c0225-0436-42b7-8b8b-152d6823c593 => generated 246 bytes in 8 msecs (HTTP/1.1 404) 6 headers in 231 bytes (1 switches on core 0)
2026-07-01 02:03:03.833 7 INFO placement.requestlog [None req-09efea8f-a7f3-4409-9039-e294a877dbc5 06a954f5ef5f4d7db1599a7ff7ca1652 65db24e19f06419bb64765871178f202 - - 97ac84c9e47b4042887ca80f2edf635c 97ac84c9e47b4042887ca80f2edf635c] 10.0.0.91 "DELETE /resource_providers/b45c0225-0436-42b7-8b8b-152d6823c593" status: 404 len: 246 microversion: 1.1 [pid: 7|app: 0|req: 427/853] 10.0.0.91 () {34 vars in 814 bytes} [Wed Jul 1 02:03:03 2026] DELETE /resource_providers/b45c0225-0436-42b7-8b8b-152d6823c593 => generated 246 bytes in 9 msecs (HTTP/1.1 404) 6 headers in 231 bytes (1 switches on core 0)
2026-07-01 02:03:03.966 8 INFO placement.requestlog [req-70d57766-8d37-499d-9618-5e64881defe4 req-d434d178-b09c-436e-ab58-23e28a8cea1f 3f5f644680774252b72411bbdeb0b527 65db24e19f06419bb64765871178f202 - - 97ac84c9e47b4042887ca80f2edf635c 97ac84c9e47b4042887ca80f2edf635c] 10.0.0.101 "GET /allocation_candidates?limit=1000&resources=DISK_GB%3A1%2CMEMORY_MB%3A512%2CVCPU%3A1&root_required=%21COMPUTE_STATUS_DISABLED" status: 200 len: 2442 microversion: 1.36 [pid: 8|app: 0|req: 427/854] 10.0.0.101 () {34 vars in 1011 bytes} [Wed Jul 1 02:03:03 2026] GET /allocation_candidates?limit=1000&resources=DISK_GB%3A1%2CMEMORY_MB%3A512%2CVCPU%3A1&root_required=%21COMPUTE_STATUS_DISABLED => generated 2442 bytes in 53 msecs (HTTP/1.1 200) 8 headers in 297 bytes (1 switches on core 0)
2026-07-01 02:03:03.991 7 INFO placement.requestlog [req-70d57766-8d37-499d-9618-5e64881defe4 req-0097bb91-cc57-47aa-973b-7caae8460e48 3f5f644680774252b72411bbdeb0b527 65db24e19f06419bb64765871178f202 - - 97ac84c9e47b4042887ca80f2edf635c 97ac84c9e47b4042887ca80f2edf635c] 10.0.0.101 "GET /allocations/42d41c78-d010-49cf-97de-22210be1904d" status: 200 len: 19 microversion: 1.28 [pid: 7|app: 0|req: 428/855] 10.0.0.101 () {34 vars in 860 bytes} [Wed Jul 1 02:03:03 2026] GET /allocations/42d41c78-d010-49cf-97de-22210be1904d => generated 19 bytes in 9 msecs (HTTP/1.1 200) 8 headers in 295 bytes (1 switches on core 0)
2026-07-01 02:03:04.059 8 INFO placement.requestlog [req-70d57766-8d37-499d-9618-5e64881defe4 req-de14fa59-62c8-4fd8-adc0-dac3b70c57c6 3f5f644680774252b72411bbdeb0b527 65db24e19f06419bb64765871178f202 - - 97ac84c9e47b4042887ca80f2edf635c 97ac84c9e47b4042887ca80f2edf635c] 10.0.0.101 "PUT /allocations/42d41c78-d010-49cf-97de-22210be1904d" status: 204 len: 0 microversion: 1.36 [pid: 8|app: 0|req: 428/856] 10.0.0.101 () {38 vars in 913 bytes} [Wed Jul 1 02:03:03 2026] PUT /allocations/42d41c78-d010-49cf-97de-22210be1904d => generated 0 bytes in 61 msecs (HTTP/1.1 204) 5 headers in 199 bytes (1 switches on core 0)
2026-07-01 02:03:04.563 8 INFO placement.requestlog [None req-d176c474-037c-4341-8763-5d90ee60ad63 - - - - - -] 10.0.0.76 "GET /" status: 200 len: 136 microversion: 1.0
2026-07-01 02:03:04.563 7 INFO placement.requestlog [None req-8d52d675-4e75-49f5-b968-2e03ca45ae3e - - - - - -] 10.0.0.76 "GET /" status: 200 len: 136 microversion: 1.0
2026-07-01 02:03:04.955 8 INFO placement.requestlog [None req-bf9e9a5e-5071-46b7-80bd-1306fc3b832a 06a954f5ef5f4d7db1599a7ff7ca1652 65db24e19f06419bb64765871178f202 - - 97ac84c9e47b4042887ca80f2edf635c 97ac84c9e47b4042887ca80f2edf635c] 10.0.0.91 "GET /resource_providers/dfd2e399-d304-4b05-954e-9467d45c2c08/aggregates" status: 404 len: 235 microversion: 1.1 [pid: 8|app: 0|req: 430/859] 10.0.0.91 () {32 vars in 814 bytes} [Wed Jul 1 02:03:04 2026] GET /resource_providers/dfd2e399-d304-4b05-954e-9467d45c2c08/aggregates => generated 235 bytes in 10 msecs (HTTP/1.1 404) 5 headers in 202 bytes (1 switches on core 0)
2026-07-01 02:03:04.958 7 INFO placement.requestlog [None req-efc28a99-6cd3-483f-bada-dddb9400d340 06a954f5ef5f4d7db1599a7ff7ca1652 65db24e19f06419bb64765871178f202 - - 97ac84c9e47b4042887ca80f2edf635c 97ac84c9e47b4042887ca80f2edf635c] 10.0.0.91 "GET /resource_providers/dfd2e399-d304-4b05-954e-9467d45c2c08/aggregates" status: 404 len: 235 microversion: 1.1 [pid: 7|app: 0|req: 430/860] 10.0.0.91 () {32 vars in 814 bytes} [Wed Jul 1 02:03:04 2026] GET /resource_providers/dfd2e399-d304-4b05-954e-9467d45c2c08/aggregates => generated 235 bytes in 11 msecs (HTTP/1.1 404) 5 headers in 202 bytes (1 switches on core 0)
2026-07-01 02:03:04.974 8 INFO placement.requestlog [None req-0bc2099f-d0bd-4a6b-b1cc-57f2c205324d 06a954f5ef5f4d7db1599a7ff7ca1652 65db24e19f06419bb64765871178f202 - - 97ac84c9e47b4042887ca80f2edf635c 97ac84c9e47b4042887ca80f2edf635c] 10.0.0.91 "DELETE /resource_providers/dfd2e399-d304-4b05-954e-9467d45c2c08" status: 404 len: 246 microversion: 1.1 [pid: 8|app: 0|req: 431/861] 10.0.0.91 () {34 vars in 814 bytes} [Wed Jul 1 02:03:04 2026] DELETE /resource_providers/dfd2e399-d304-4b05-954e-9467d45c2c08 => generated 246 bytes in 10 msecs (HTTP/1.1 404) 6 headers in 231 bytes (1 switches on core 0)
2026-07-01 02:03:04.983 7 INFO placement.requestlog [None req-2d95e874-b62f-4756-b9b1-37c736700141 06a954f5ef5f4d7db1599a7ff7ca1652 65db24e19f06419bb64765871178f202 - - 97ac84c9e47b4042887ca80f2edf635c 97ac84c9e47b4042887ca80f2edf635c] 10.0.0.91 "DELETE /resource_providers/dfd2e399-d304-4b05-954e-9467d45c2c08" status: 404 len: 246 microversion: 1.1 [pid: 7|app: 0|req: 431/862] 10.0.0.91 () {34 vars in 814 bytes} [Wed Jul 1 02:03:04 2026] DELETE /resource_providers/dfd2e399-d304-4b05-954e-9467d45c2c08 => generated 246 bytes in 10 msecs (HTTP/1.1 404) 6 headers in 231 bytes (1 switches on core 0)
2026-07-01 02:03:05.587 8 INFO placement.requestlog [req-70d57766-8d37-499d-9618-5e64881defe4 req-46049f62-2fbf-40ef-9f12-036af2333626 3f5f644680774252b72411bbdeb0b527 65db24e19f06419bb64765871178f202 - - 97ac84c9e47b4042887ca80f2edf635c 97ac84c9e47b4042887ca80f2edf635c] 199.204.45.205 "GET /allocations/42d41c78-d010-49cf-97de-22210be1904d" status: 200 len: 258 microversion: 1.28 [pid: 8|app: 0|req: 432/863] 199.204.45.205 () {34 vars in 862 bytes} [Wed Jul 1 02:03:05 2026] GET /allocations/42d41c78-d010-49cf-97de-22210be1904d => generated 258 bytes in 18 msecs (HTTP/1.1 200) 8 headers in 296 bytes (1 switches on core 0)
2026-07-01 02:03:05.726 7 INFO placement.requestlog [req-5cc478af-0134-4220-8eb5-f8b4ff35c231 req-27e62e9b-9e24-4562-9cf6-dcb231f52317 3f5f644680774252b72411bbdeb0b527 65db24e19f06419bb64765871178f202 - - 97ac84c9e47b4042887ca80f2edf635c 97ac84c9e47b4042887ca80f2edf635c] 199.204.45.205 "GET /resource_providers/e1020080-c2e9-4b13-a216-4b71b24f567f/allocations" status: 200 len: 153 microversion: 1.0 [pid: 7|app: 0|req: 432/864] 199.204.45.205 () {32 vars in 856 bytes} [Wed Jul 1 02:03:05 2026] GET /resource_providers/e1020080-c2e9-4b13-a216-4b71b24f567f/allocations => generated 153 bytes in 18 msecs (HTTP/1.1 200) 6 headers in 224 bytes (1 switches on core 0)
2026-07-01 02:03:06.253 8 INFO placement.requestlog [req-5cc478af-0134-4220-8eb5-f8b4ff35c231 req-ca381153-bd0f-4f33-a5b1-7fa33db90599 3f5f644680774252b72411bbdeb0b527 65db24e19f06419bb64765871178f202 - - 97ac84c9e47b4042887ca80f2edf635c 97ac84c9e47b4042887ca80f2edf635c] 199.204.45.205 "GET /resource_providers/e1020080-c2e9-4b13-a216-4b71b24f567f/allocations" status: 200 len: 153 microversion: 1.0 [pid: 8|app: 0|req: 433/865] 199.204.45.205 () {32 vars in 856 bytes} [Wed Jul 1 02:03:06 2026] GET /resource_providers/e1020080-c2e9-4b13-a216-4b71b24f567f/allocations => generated 153 bytes in 17 msecs (HTTP/1.1 200) 6 headers in 224 bytes (1 switches on core 0)
2026-07-01 02:03:06.275 7 INFO placement.requestlog [req-5cc478af-0134-4220-8eb5-f8b4ff35c231 req-2d1f66c1-50be-449e-b712-349cc4088397 3f5f644680774252b72411bbdeb0b527 65db24e19f06419bb64765871178f202 - - 97ac84c9e47b4042887ca80f2edf635c 97ac84c9e47b4042887ca80f2edf635c] 199.204.45.205 "GET /allocations/42d41c78-d010-49cf-97de-22210be1904d" status: 200 len: 258 microversion: 1.28 [pid: 7|app: 0|req: 433/866] 199.204.45.205 () {34 vars in 862 bytes} [Wed Jul 1 02:03:06 2026] GET /allocations/42d41c78-d010-49cf-97de-22210be1904d => generated 258 bytes in 14 msecs (HTTP/1.1 200) 8 headers in 296 bytes (1 switches on core 0)
2026-07-01 02:03:07.448 8 INFO placement.requestlog [req-a9622e45-4623-42fb-9777-cd0f301ba7f8 req-21e1b917-f079-4971-9f9e-b7770786f425 3f5f644680774252b72411bbdeb0b527 65db24e19f06419bb64765871178f202 - - 97ac84c9e47b4042887ca80f2edf635c 97ac84c9e47b4042887ca80f2edf635c] 10.0.0.101 "GET /allocation_candidates?limit=1000&resources=DISK_GB%3A1%2CMEMORY_MB%3A512%2CVCPU%3A1&root_required=%21COMPUTE_STATUS_DISABLED" status: 200 len: 2444 microversion: 1.36 [pid: 8|app: 0|req: 434/867] 10.0.0.101 () {34 vars in 1011 bytes} [Wed Jul 1 02:03:07 2026] GET /allocation_candidates?limit=1000&resources=DISK_GB%3A1%2CMEMORY_MB%3A512%2CVCPU%3A1&root_required=%21COMPUTE_STATUS_DISABLED => generated 2444 bytes in 59 msecs (HTTP/1.1 200) 8 headers in 297 bytes (1 switches on core 0)
2026-07-01 02:03:07.476 7 INFO placement.requestlog [req-a9622e45-4623-42fb-9777-cd0f301ba7f8 req-d80ea13e-6e6d-4f61-8f8f-4ff8bf66069c 3f5f644680774252b72411bbdeb0b527 65db24e19f06419bb64765871178f202 - - 97ac84c9e47b4042887ca80f2edf635c 97ac84c9e47b4042887ca80f2edf635c] 10.0.0.101 "GET /allocations/a51da18b-888d-4e8e-b0bf-6747ca142527" status: 200 len: 19 microversion: 1.28 [pid: 7|app: 0|req: 434/868] 10.0.0.101 () {34 vars in 860 bytes} [Wed Jul 1 02:03:07 2026] GET /allocations/a51da18b-888d-4e8e-b0bf-6747ca142527 => generated 19 bytes in 10 msecs (HTTP/1.1 200) 8 headers in 295 bytes (1 switches on core 0)
2026-07-01 02:03:07.548 8 INFO placement.requestlog [req-a9622e45-4623-42fb-9777-cd0f301ba7f8 req-b5a5301d-ac6c-4613-ad5f-e55420702d49 3f5f644680774252b72411bbdeb0b527 65db24e19f06419bb64765871178f202 - - 97ac84c9e47b4042887ca80f2edf635c 97ac84c9e47b4042887ca80f2edf635c] 10.0.0.101 "PUT /allocations/a51da18b-888d-4e8e-b0bf-6747ca142527" status: 204 len: 0 microversion: 1.36 [pid: 8|app: 0|req: 435/869] 10.0.0.101 () {38 vars in 913 bytes} [Wed Jul 1 02:03:07 2026] PUT /allocations/a51da18b-888d-4e8e-b0bf-6747ca142527 => generated 0 bytes in 67 msecs (HTTP/1.1 204) 5 headers in 199 bytes (1 switches on core 0)
2026-07-01 02:03:08.336 7 INFO placement.requestlog [req-70d57766-8d37-499d-9618-5e64881defe4 req-777a3678-d974-4b6a-9779-4516d98fd4ba 3f5f644680774252b72411bbdeb0b527 65db24e19f06419bb64765871178f202 - - 97ac84c9e47b4042887ca80f2edf635c 97ac84c9e47b4042887ca80f2edf635c] 199.204.45.205 "GET /resource_providers/e1020080-c2e9-4b13-a216-4b71b24f567f/allocations" status: 200 len: 253 microversion: 1.0 [pid: 7|app: 0|req: 435/870] 199.204.45.205 () {32 vars in 856 bytes} [Wed Jul 1 02:03:08 2026] GET /resource_providers/e1020080-c2e9-4b13-a216-4b71b24f567f/allocations => generated 253 bytes in 17 msecs (HTTP/1.1 200) 6 headers in 224 bytes (1 switches on core 0)
2026-07-01 02:03:08.358 8 INFO placement.requestlog [req-70d57766-8d37-499d-9618-5e64881defe4 req-d9f8adba-147b-43cf-8c3a-213bd4c29925 3f5f644680774252b72411bbdeb0b527 65db24e19f06419bb64765871178f202 - - 97ac84c9e47b4042887ca80f2edf635c 97ac84c9e47b4042887ca80f2edf635c] 199.204.45.205 "GET /allocations/a51da18b-888d-4e8e-b0bf-6747ca142527" status: 200 len: 258 microversion: 1.28 [pid: 8|app: 0|req: 436/871] 199.204.45.205 () {34 vars in 862 bytes} [Wed Jul 1 02:03:08 2026] GET /allocations/a51da18b-888d-4e8e-b0bf-6747ca142527 => generated 258 bytes in 17 msecs (HTTP/1.1 200) 8 headers in 296 bytes (1 switches on core 0)
2026-07-01 02:03:08.376 7 INFO placement.requestlog [req-70d57766-8d37-499d-9618-5e64881defe4 req-5a534eb2-eada-4bfa-83bd-b9ad0223cc5d 3f5f644680774252b72411bbdeb0b527 65db24e19f06419bb64765871178f202 - - 97ac84c9e47b4042887ca80f2edf635c 97ac84c9e47b4042887ca80f2edf635c] 199.204.45.205 "GET /allocations/42d41c78-d010-49cf-97de-22210be1904d" status: 200 len: 258 microversion: 1.28 [pid: 7|app: 0|req: 436/872] 199.204.45.205 () {34 vars in 862 bytes} [Wed Jul 1 02:03:08 2026] GET /allocations/42d41c78-d010-49cf-97de-22210be1904d => generated 258 bytes in 13 msecs (HTTP/1.1 200) 8 headers in 296 bytes (1 switches on core 0)
2026-07-01 02:03:09.059 8 INFO placement.requestlog [req-a9622e45-4623-42fb-9777-cd0f301ba7f8 req-fc5cd270-9dae-4a73-9690-dd95d2c3a21d 3f5f644680774252b72411bbdeb0b527 65db24e19f06419bb64765871178f202 - - 97ac84c9e47b4042887ca80f2edf635c 97ac84c9e47b4042887ca80f2edf635c] 199.204.45.205 "GET /allocations/a51da18b-888d-4e8e-b0bf-6747ca142527" status: 200 len: 258 microversion: 1.28 [pid: 8|app: 0|req: 437/873] 199.204.45.205 () {34 vars in 862 bytes} [Wed Jul 1 02:03:09 2026] GET /allocations/a51da18b-888d-4e8e-b0bf-6747ca142527 => generated 258 bytes in 14 msecs (HTTP/1.1 200) 8 headers in 296 bytes (1 switches on core 0)
2026-07-01 02:03:09.220 7 INFO placement.requestlog [None req-529fa561-2f2d-4d45-8c56-40fdf37a5c22 06a954f5ef5f4d7db1599a7ff7ca1652 65db24e19f06419bb64765871178f202 - - 97ac84c9e47b4042887ca80f2edf635c 97ac84c9e47b4042887ca80f2edf635c] 10.0.0.91 "GET /resource_providers/41cea41f-5590-42c5-a50a-f6dcbc611e1e/aggregates" status: 404 len: 235 microversion: 1.1 [pid: 7|app: 0|req: 437/874] 10.0.0.91 () {32 vars in 814 bytes} [Wed Jul 1 02:03:09 2026] GET /resource_providers/41cea41f-5590-42c5-a50a-f6dcbc611e1e/aggregates => generated 235 bytes in 9 msecs (HTTP/1.1 404) 5 headers in 202 bytes (1 switches on core 0)
2026-07-01 02:03:09.226 8 INFO placement.requestlog [None req-74afb231-035f-4e3d-8701-e65a3f28bd40 06a954f5ef5f4d7db1599a7ff7ca1652 65db24e19f06419bb64765871178f202 - - 97ac84c9e47b4042887ca80f2edf635c 97ac84c9e47b4042887ca80f2edf635c] 10.0.0.91 "GET /resource_providers/41cea41f-5590-42c5-a50a-f6dcbc611e1e/aggregates" status: 404 len: 235 microversion: 1.1 [pid: 8|app: 0|req: 438/875] 10.0.0.91 () {32 vars in 814 bytes} [Wed Jul 1 02:03:09 2026] GET /resource_providers/41cea41f-5590-42c5-a50a-f6dcbc611e1e/aggregates => generated 235 bytes in 13 msecs (HTTP/1.1 404) 5 headers in 202 bytes (1 switches on core 0)
2026-07-01 02:03:09.240 7 INFO placement.requestlog [None req-4a6c9d3c-0eb6-4cca-8972-db682af5da51 06a954f5ef5f4d7db1599a7ff7ca1652 65db24e19f06419bb64765871178f202 - - 97ac84c9e47b4042887ca80f2edf635c 97ac84c9e47b4042887ca80f2edf635c] 10.0.0.91 "DELETE /resource_providers/41cea41f-5590-42c5-a50a-f6dcbc611e1e" status: 404 len: 246 microversion: 1.1 [pid: 7|app: 0|req: 438/876] 10.0.0.91 () {34 vars in 814 bytes} [Wed Jul 1 02:03:09 2026] DELETE /resource_providers/41cea41f-5590-42c5-a50a-f6dcbc611e1e => generated 246 bytes in 8 msecs (HTTP/1.1 404) 6 headers in 231 bytes (1 switches on core 0)
2026-07-01 02:03:09.249 8 INFO placement.requestlog [None req-25028dd6-f745-478f-a261-65093280b816 06a954f5ef5f4d7db1599a7ff7ca1652 65db24e19f06419bb64765871178f202 - - 97ac84c9e47b4042887ca80f2edf635c 97ac84c9e47b4042887ca80f2edf635c] 10.0.0.91 "DELETE /resource_providers/41cea41f-5590-42c5-a50a-f6dcbc611e1e" status: 404 len: 246 microversion: 1.1 [pid: 8|app: 0|req: 439/877] 10.0.0.91 () {34 vars in 814 bytes} [Wed Jul 1 02:03:09 2026] DELETE /resource_providers/41cea41f-5590-42c5-a50a-f6dcbc611e1e => generated 246 bytes in 11 msecs (HTTP/1.1 404) 6 headers in 231 bytes (1 switches on core 0)
2026-07-01 02:03:09.699 7 INFO placement.requestlog [None req-6fb2a6ee-1fc2-4949-a2f6-0e2a44838364 06a954f5ef5f4d7db1599a7ff7ca1652 65db24e19f06419bb64765871178f202 - - 97ac84c9e47b4042887ca80f2edf635c 97ac84c9e47b4042887ca80f2edf635c] 10.0.0.91 "GET /resource_providers/1076ad3d-4572-42a4-9ac6-2bef27c65610/aggregates" status: 404 len: 235 microversion: 1.1 [pid: 7|app: 0|req: 439/878] 10.0.0.91 () {32 vars in 814 bytes} [Wed Jul 1 02:03:09 2026] GET /resource_providers/1076ad3d-4572-42a4-9ac6-2bef27c65610/aggregates => generated 235 bytes in 10 msecs (HTTP/1.1 404) 5 headers in 202 bytes (1 switches on core 0)
2026-07-01 02:03:09.700 8 INFO placement.requestlog [None req-14f8dda4-3909-4a98-8183-edd5dc30a16e 06a954f5ef5f4d7db1599a7ff7ca1652 65db24e19f06419bb64765871178f202 - - 97ac84c9e47b4042887ca80f2edf635c 97ac84c9e47b4042887ca80f2edf635c] 10.0.0.91 "GET /resource_providers/1076ad3d-4572-42a4-9ac6-2bef27c65610/aggregates" status: 404 len: 235 microversion: 1.1 [pid: 8|app: 0|req: 440/879] 10.0.0.91 () {32 vars in 814 bytes} [Wed Jul 1 02:03:09 2026] GET /resource_providers/1076ad3d-4572-42a4-9ac6-2bef27c65610/aggregates => generated 235 bytes in 11 msecs (HTTP/1.1 404) 5 headers in 202 bytes (1 switches on core 0)
2026-07-01 02:03:09.722 8 INFO placement.requestlog [None req-0a038df7-8890-4ee2-a498-7c62681d0c81 06a954f5ef5f4d7db1599a7ff7ca1652 65db24e19f06419bb64765871178f202 - - 97ac84c9e47b4042887ca80f2edf635c 97ac84c9e47b4042887ca80f2edf635c] 10.0.0.91 "DELETE /resource_providers/1076ad3d-4572-42a4-9ac6-2bef27c65610" status: 404 len: 246 microversion: 1.1
2026-07-01 02:03:09.722 7 INFO placement.requestlog [None req-84d317c3-b6be-49f5-b5b4-fbfcce5496b8 06a954f5ef5f4d7db1599a7ff7ca1652 65db24e19f06419bb64765871178f202 - - 97ac84c9e47b4042887ca80f2edf635c 97ac84c9e47b4042887ca80f2edf635c] 10.0.0.91 "DELETE /resource_providers/1076ad3d-4572-42a4-9ac6-2bef27c65610" status: 404 len: 246 microversion: 1.1 [pid: 8|app: 0|req: 441/880] 10.0.0.91 () {34 vars in 814 bytes} [Wed Jul 1 02:03:09 2026] DELETE /resource_providers/1076ad3d-4572-42a4-9ac6-2bef27c65610 => generated 246 bytes in 9 msecs (HTTP/1.1 404) 6 headers in 231 bytes (1 switches on core 0) [pid: 7|app: 0|req: 440/881] 10.0.0.91 () {34 vars in 814 bytes} [Wed Jul 1 02:03:09 2026] DELETE /resource_providers/1076ad3d-4572-42a4-9ac6-2bef27c65610 => generated 246 bytes in 10 msecs (HTTP/1.1 404) 6 headers in 231 bytes (1 switches on core 0)
2026-07-01 02:03:10.449 8 INFO placement.requestlog [req-a9622e45-4623-42fb-9777-cd0f301ba7f8 req-4db7e1dc-fd72-46cc-92d4-b0b821d50c7f 3f5f644680774252b72411bbdeb0b527 65db24e19f06419bb64765871178f202 - - 97ac84c9e47b4042887ca80f2edf635c 97ac84c9e47b4042887ca80f2edf635c] 199.204.45.205 "GET /resource_providers/e1020080-c2e9-4b13-a216-4b71b24f567f/allocations" status: 200 len: 253 microversion: 1.0 [pid: 8|app: 0|req: 442/882] 199.204.45.205 () {32 vars in 856 bytes} [Wed Jul 1 02:03:10 2026] GET /resource_providers/e1020080-c2e9-4b13-a216-4b71b24f567f/allocations => generated 253 bytes in 27 msecs (HTTP/1.1 200) 6 headers in 224 bytes (1 switches on core 0)
2026-07-01 02:03:10.472 7 INFO placement.requestlog [req-a9622e45-4623-42fb-9777-cd0f301ba7f8 req-35954c68-0fdd-4605-9747-e3c1aa1d5e69 3f5f644680774252b72411bbdeb0b527 65db24e19f06419bb64765871178f202 - - 97ac84c9e47b4042887ca80f2edf635c 97ac84c9e47b4042887ca80f2edf635c] 199.204.45.205 "GET /allocations/a51da18b-888d-4e8e-b0bf-6747ca142527" status: 200 len: 258 microversion: 1.28 [pid: 7|app: 0|req: 441/883] 199.204.45.205 () {34 vars in 862 bytes} [Wed Jul 1 02:03:10 2026] GET /allocations/a51da18b-888d-4e8e-b0bf-6747ca142527 => generated 258 bytes in 14 msecs (HTTP/1.1 200) 8 headers in 296 bytes (1 switches on core 0)
2026-07-01 02:03:10.501 8 INFO placement.requestlog [req-a9622e45-4623-42fb-9777-cd0f301ba7f8 req-bc2d2eeb-9dae-4ea1-b8cd-d61a6800f71a 3f5f644680774252b72411bbdeb0b527 65db24e19f06419bb64765871178f202 - - 97ac84c9e47b4042887ca80f2edf635c 97ac84c9e47b4042887ca80f2edf635c] 199.204.45.205 "GET /allocations/42d41c78-d010-49cf-97de-22210be1904d" status: 200 len: 258 microversion: 1.28 [pid: 8|app: 0|req: 443/884] 199.204.45.205 () {34 vars in 862 bytes} [Wed Jul 1 02:03:10 2026] GET /allocations/42d41c78-d010-49cf-97de-22210be1904d => generated 258 bytes in 21 msecs (HTTP/1.1 200) 8 headers in 296 bytes (1 switches on core 0)
2026-07-01 02:03:11.749 7 INFO placement.requestlog [None req-01b4772a-17ad-43a8-aabe-fb6383cbef99 06a954f5ef5f4d7db1599a7ff7ca1652 65db24e19f06419bb64765871178f202 - - 97ac84c9e47b4042887ca80f2edf635c 97ac84c9e47b4042887ca80f2edf635c] 10.0.0.91 "GET /resource_providers/f2314af8-6d2c-4242-abcc-f1bffd77d49b/aggregates" status: 404 len: 235 microversion: 1.1 [pid: 7|app: 0|req: 442/885] 10.0.0.91 () {32 vars in 814 bytes} [Wed Jul 1 02:03:11 2026] GET /resource_providers/f2314af8-6d2c-4242-abcc-f1bffd77d49b/aggregates => generated 235 bytes in 14 msecs (HTTP/1.1 404) 5 headers in 202 bytes (1 switches on core 0)
2026-07-01 02:03:11.753 8 INFO placement.requestlog [None req-aca7b1c3-7ceb-4d26-a0d6-ddd3fa1bdc1c 06a954f5ef5f4d7db1599a7ff7ca1652 65db24e19f06419bb64765871178f202 - - 97ac84c9e47b4042887ca80f2edf635c 97ac84c9e47b4042887ca80f2edf635c] 10.0.0.91 "GET /resource_providers/f2314af8-6d2c-4242-abcc-f1bffd77d49b/aggregates" status: 404 len: 235 microversion: 1.1 [pid: 8|app: 0|req: 444/886] 10.0.0.91 () {32 vars in 814 bytes} [Wed Jul 1 02:03:11 2026] GET /resource_providers/f2314af8-6d2c-4242-abcc-f1bffd77d49b/aggregates => generated 235 bytes in 14 msecs (HTTP/1.1 404) 5 headers in 202 bytes (1 switches on core 0)
2026-07-01 02:03:11.777 7 INFO placement.requestlog [None req-26759d75-d8fb-4aa9-9173-f008d1bd3416 06a954f5ef5f4d7db1599a7ff7ca1652 65db24e19f06419bb64765871178f202 - - 97ac84c9e47b4042887ca80f2edf635c 97ac84c9e47b4042887ca80f2edf635c] 10.0.0.91 "DELETE /resource_providers/f2314af8-6d2c-4242-abcc-f1bffd77d49b" status: 404 len: 246 microversion: 1.1 [pid: 7|app: 0|req: 443/887] 10.0.0.91 () {34 vars in 814 bytes} [Wed Jul 1 02:03:11 2026] DELETE /resource_providers/f2314af8-6d2c-4242-abcc-f1bffd77d49b => generated 246 bytes in 14 msecs (HTTP/1.1 404) 6 headers in 231 bytes (1 switches on core 0)
2026-07-01 02:03:11.784 8 INFO placement.requestlog [None req-2881a3cb-beba-4833-aa33-0ad1b088f058 06a954f5ef5f4d7db1599a7ff7ca1652 65db24e19f06419bb64765871178f202 - - 97ac84c9e47b4042887ca80f2edf635c 97ac84c9e47b4042887ca80f2edf635c] 10.0.0.91 "DELETE /resource_providers/f2314af8-6d2c-4242-abcc-f1bffd77d49b" status: 404 len: 246 microversion: 1.1 [pid: 8|app: 0|req: 445/888] 10.0.0.91 () {34 vars in 814 bytes} [Wed Jul 1 02:03:11 2026] DELETE /resource_providers/f2314af8-6d2c-4242-abcc-f1bffd77d49b => generated 246 bytes in 12 msecs (HTTP/1.1 404) 6 headers in 231 bytes (1 switches on core 0)
2026-07-01 02:03:11.802 8 INFO placement.requestlog [None req-ac8537eb-32b6-4e87-ad58-1eaf9393b444 06a954f5ef5f4d7db1599a7ff7ca1652 65db24e19f06419bb64765871178f202 - - 97ac84c9e47b4042887ca80f2edf635c 97ac84c9e47b4042887ca80f2edf635c] 10.0.0.91 "GET /resource_providers/e6e6ad2a-851e-4ebb-b8da-69a6f1f255e4/aggregates" status: 404 len: 235 microversion: 1.1 [pid: 8|app: 0|req: 446/889] 10.0.0.91 () {32 vars in 814 bytes} [Wed Jul 1 02:03:11 2026] GET /resource_providers/e6e6ad2a-851e-4ebb-b8da-69a6f1f255e4/aggregates => generated 235 bytes in 10 msecs (HTTP/1.1 404) 5 headers in 202 bytes (1 switches on core 0)
2026-07-01 02:03:11.803 7 INFO placement.requestlog [None req-cf1f25ae-4c5e-4715-be4a-58383c890359 06a954f5ef5f4d7db1599a7ff7ca1652 65db24e19f06419bb64765871178f202 - - 97ac84c9e47b4042887ca80f2edf635c 97ac84c9e47b4042887ca80f2edf635c] 10.0.0.91 "GET /resource_providers/e6e6ad2a-851e-4ebb-b8da-69a6f1f255e4/aggregates" status: 404 len: 235 microversion: 1.1 [pid: 7|app: 0|req: 444/890] 10.0.0.91 () {32 vars in 814 bytes} [Wed Jul 1 02:03:11 2026] GET /resource_providers/e6e6ad2a-851e-4ebb-b8da-69a6f1f255e4/aggregates => generated 235 bytes in 14 msecs (HTTP/1.1 404) 5 headers in 202 bytes (1 switches on core 0)
2026-07-01 02:03:11.826 7 INFO placement.requestlog [None req-72a73324-d433-4871-a04d-a6dd11907976 06a954f5ef5f4d7db1599a7ff7ca1652 65db24e19f06419bb64765871178f202 - - 97ac84c9e47b4042887ca80f2edf635c 97ac84c9e47b4042887ca80f2edf635c] 10.0.0.91 "DELETE /resource_providers/e6e6ad2a-851e-4ebb-b8da-69a6f1f255e4" status: 404 len: 246 microversion: 1.1 [pid: 7|app: 0|req: 445/891] 10.0.0.91 () {34 vars in 814 bytes} [Wed Jul 1 02:03:11 2026] DELETE /resource_providers/e6e6ad2a-851e-4ebb-b8da-69a6f1f255e4 => generated 246 bytes in 10 msecs (HTTP/1.1 404) 6 headers in 231 bytes (1 switches on core 0)
2026-07-01 02:03:11.826 8 INFO placement.requestlog [None req-179f413f-4575-4adc-89c4-90867a01feab 06a954f5ef5f4d7db1599a7ff7ca1652 65db24e19f06419bb64765871178f202 - - 97ac84c9e47b4042887ca80f2edf635c 97ac84c9e47b4042887ca80f2edf635c] 10.0.0.91 "DELETE /resource_providers/e6e6ad2a-851e-4ebb-b8da-69a6f1f255e4" status: 404 len: 246 microversion: 1.1 [pid: 8|app: 0|req: 447/892] 10.0.0.91 () {34 vars in 814 bytes} [Wed Jul 1 02:03:11 2026] DELETE /resource_providers/e6e6ad2a-851e-4ebb-b8da-69a6f1f255e4 => generated 246 bytes in 16 msecs (HTTP/1.1 404) 6 headers in 231 bytes (1 switches on core 0)
2026-07-01 02:03:14.562 7 INFO placement.requestlog [None req-35f4faa0-d722-4661-8b53-b1ee0dbfa369 - - - - - -] 10.0.0.76 "GET /" status: 200 len: 136 microversion: 1.0
2026-07-01 02:03:14.562 8 INFO placement.requestlog [None req-1a3304b3-0cce-4d80-815c-ca52b6c4277d - - - - - -] 10.0.0.76 "GET /" status: 200 len: 136 microversion: 1.0
2026-07-01 02:03:15.799 8 INFO placement.requestlog [None req-dfddb8e1-e763-4031-b6bb-7ce96806a97f 06a954f5ef5f4d7db1599a7ff7ca1652 65db24e19f06419bb64765871178f202 - - 97ac84c9e47b4042887ca80f2edf635c 97ac84c9e47b4042887ca80f2edf635c] 10.0.0.91 "GET /resource_providers/4afa42ac-48a4-4500-a0c2-ecc2571b2086/aggregates" status: 404 len: 235 microversion: 1.1 [pid: 8|app: 0|req: 449/895] 10.0.0.91 () {32 vars in 814 bytes} [Wed Jul 1 02:03:15 2026] GET /resource_providers/4afa42ac-48a4-4500-a0c2-ecc2571b2086/aggregates => generated 235 bytes in 11 msecs (HTTP/1.1 404) 5 headers in 202 bytes (1 switches on core 0)
2026-07-01 02:03:15.800 7 INFO placement.requestlog [None req-536ebd09-48e7-4264-a917-b61e134512a9 06a954f5ef5f4d7db1599a7ff7ca1652 65db24e19f06419bb64765871178f202 - - 97ac84c9e47b4042887ca80f2edf635c 97ac84c9e47b4042887ca80f2edf635c] 10.0.0.91 "GET /resource_providers/4afa42ac-48a4-4500-a0c2-ecc2571b2086/aggregates" status: 404 len: 235 microversion: 1.1 [pid: 7|app: 0|req: 447/896] 10.0.0.91 () {32 vars in 814 bytes} [Wed Jul 1 02:03:15 2026] GET /resource_providers/4afa42ac-48a4-4500-a0c2-ecc2571b2086/aggregates => generated 235 bytes in 12 msecs (HTTP/1.1 404) 5 headers in 202 bytes (1 switches on core 0)
2026-07-01 02:03:15.825 8 INFO placement.requestlog [None req-17aaacc7-e21c-411b-8f64-efd4ae770d39 06a954f5ef5f4d7db1599a7ff7ca1652 65db24e19f06419bb64765871178f202 - - 97ac84c9e47b4042887ca80f2edf635c 97ac84c9e47b4042887ca80f2edf635c] 10.0.0.91 "DELETE /resource_providers/4afa42ac-48a4-4500-a0c2-ecc2571b2086" status: 404 len: 246 microversion: 1.1 [pid: 8|app: 0|req: 450/897] 10.0.0.91 () {34 vars in 814 bytes} [Wed Jul 1 02:03:15 2026] DELETE /resource_providers/4afa42ac-48a4-4500-a0c2-ecc2571b2086 => generated 246 bytes in 10 msecs (HTTP/1.1 404) 6 headers in 231 bytes (1 switches on core 0)
2026-07-01 02:03:15.827 7 INFO placement.requestlog [None req-6367a059-c5eb-4627-88e8-ec6a3a4c924a 06a954f5ef5f4d7db1599a7ff7ca1652 65db24e19f06419bb64765871178f202 - - 97ac84c9e47b4042887ca80f2edf635c 97ac84c9e47b4042887ca80f2edf635c] 10.0.0.91 "DELETE /resource_providers/4afa42ac-48a4-4500-a0c2-ecc2571b2086" status: 404 len: 246 microversion: 1.1 [pid: 7|app: 0|req: 448/898] 10.0.0.91 () {34 vars in 814 bytes} [Wed Jul 1 02:03:15 2026] DELETE /resource_providers/4afa42ac-48a4-4500-a0c2-ecc2571b2086 => generated 246 bytes in 12 msecs (HTTP/1.1 404) 6 headers in 231 bytes (1 switches on core 0)
2026-07-01 02:03:16.322 8 INFO placement.requestlog [None req-59b1526b-8eef-4c3f-bb7c-17032bc5863e 06a954f5ef5f4d7db1599a7ff7ca1652 65db24e19f06419bb64765871178f202 - - 97ac84c9e47b4042887ca80f2edf635c 97ac84c9e47b4042887ca80f2edf635c] 10.0.0.91 "GET /resource_providers/7c12b99c-89bc-485d-a52f-f012c4d569b1/aggregates" status: 404 len: 235 microversion: 1.1 [pid: 8|app: 0|req: 451/899] 10.0.0.91 () {32 vars in 814 bytes} [Wed Jul 1 02:03:16 2026] GET /resource_providers/7c12b99c-89bc-485d-a52f-f012c4d569b1/aggregates => generated 235 bytes in 13 msecs (HTTP/1.1 404) 5 headers in 202 bytes (1 switches on core 0)
2026-07-01 02:03:16.325 7 INFO placement.requestlog [None req-ce4509a1-ac40-485a-be19-cf3f252132f1 06a954f5ef5f4d7db1599a7ff7ca1652 65db24e19f06419bb64765871178f202 - - 97ac84c9e47b4042887ca80f2edf635c 97ac84c9e47b4042887ca80f2edf635c] 10.0.0.91 "GET /resource_providers/7c12b99c-89bc-485d-a52f-f012c4d569b1/aggregates" status: 404 len: 235 microversion: 1.1 [pid: 7|app: 0|req: 449/900] 10.0.0.91 () {32 vars in 814 bytes} [Wed Jul 1 02:03:16 2026] GET /resource_providers/7c12b99c-89bc-485d-a52f-f012c4d569b1/aggregates => generated 235 bytes in 15 msecs (HTTP/1.1 404) 5 headers in 202 bytes (1 switches on core 0)
2026-07-01 02:03:16.346 7 INFO placement.requestlog [None req-38f57ee5-cab6-4887-908d-5c82304dad49 06a954f5ef5f4d7db1599a7ff7ca1652 65db24e19f06419bb64765871178f202 - - 97ac84c9e47b4042887ca80f2edf635c 97ac84c9e47b4042887ca80f2edf635c] 10.0.0.91 "DELETE /resource_providers/7c12b99c-89bc-485d-a52f-f012c4d569b1" status: 404 len: 246 microversion: 1.1 [pid: 7|app: 0|req: 450/901] 10.0.0.91 () {34 vars in 814 bytes} [Wed Jul 1 02:03:16 2026] DELETE /resource_providers/7c12b99c-89bc-485d-a52f-f012c4d569b1 => generated 246 bytes in 9 msecs (HTTP/1.1 404) 6 headers in 231 bytes (1 switches on core 0)
2026-07-01 02:03:16.349 8 INFO placement.requestlog [None req-150b9071-870a-4c76-babd-464ff6d6830b 06a954f5ef5f4d7db1599a7ff7ca1652 65db24e19f06419bb64765871178f202 - - 97ac84c9e47b4042887ca80f2edf635c 97ac84c9e47b4042887ca80f2edf635c] 10.0.0.91 "DELETE /resource_providers/7c12b99c-89bc-485d-a52f-f012c4d569b1" status: 404 len: 246 microversion: 1.1 [pid: 8|app: 0|req: 452/902] 10.0.0.91 () {34 vars in 814 bytes} [Wed Jul 1 02:03:16 2026] DELETE /resource_providers/7c12b99c-89bc-485d-a52f-f012c4d569b1 => generated 246 bytes in 13 msecs (HTTP/1.1 404) 6 headers in 231 bytes (1 switches on core 0)
2026-07-01 02:03:19.688 7 INFO placement.requestlog [None req-afb6524e-c1a0-41f8-bf7c-a41345249765 06a954f5ef5f4d7db1599a7ff7ca1652 65db24e19f06419bb64765871178f202 - - 97ac84c9e47b4042887ca80f2edf635c 97ac84c9e47b4042887ca80f2edf635c] 10.0.0.91 "GET /resource_providers/77f4516c-6fa9-4324-8b07-94e2729c8f35/aggregates" status: 404 len: 235 microversion: 1.1 [pid: 7|app: 0|req: 451/903] 10.0.0.91 () {32 vars in 814 bytes} [Wed Jul 1 02:03:19 2026] GET /resource_providers/77f4516c-6fa9-4324-8b07-94e2729c8f35/aggregates => generated 235 bytes in 9 msecs (HTTP/1.1 404) 5 headers in 202 bytes (1 switches on core 0)
2026-07-01 02:03:19.690 8 INFO placement.requestlog [None req-6a4ac6f2-ae1b-40c6-9e00-3dd60777517a 06a954f5ef5f4d7db1599a7ff7ca1652 65db24e19f06419bb64765871178f202 - - 97ac84c9e47b4042887ca80f2edf635c 97ac84c9e47b4042887ca80f2edf635c] 10.0.0.91 "GET /resource_providers/77f4516c-6fa9-4324-8b07-94e2729c8f35/aggregates" status: 404 len: 235 microversion: 1.1 [pid: 8|app: 0|req: 453/904] 10.0.0.91 () {32 vars in 814 bytes} [Wed Jul 1 02:03:19 2026] GET /resource_providers/77f4516c-6fa9-4324-8b07-94e2729c8f35/aggregates => generated 235 bytes in 8 msecs (HTTP/1.1 404) 5 headers in 202 bytes (1 switches on core 0)
2026-07-01 02:03:19.709 7 INFO placement.requestlog [None req-2dc9c071-3933-45fc-b832-7b19640b939c 06a954f5ef5f4d7db1599a7ff7ca1652 65db24e19f06419bb64765871178f202 - - 97ac84c9e47b4042887ca80f2edf635c 97ac84c9e47b4042887ca80f2edf635c] 10.0.0.91 "DELETE /resource_providers/77f4516c-6fa9-4324-8b07-94e2729c8f35" status: 404 len: 246 microversion: 1.1 [pid: 7|app: 0|req: 452/905] 10.0.0.91 () {34 vars in 814 bytes} [Wed Jul 1 02:03:19 2026] DELETE /resource_providers/77f4516c-6fa9-4324-8b07-94e2729c8f35 => generated 246 bytes in 9 msecs (HTTP/1.1 404) 6 headers in 231 bytes (1 switches on core 0)
2026-07-01 02:03:19.713 8 INFO placement.requestlog [None req-478198c1-1769-486b-a1e4-68c3545c702c 06a954f5ef5f4d7db1599a7ff7ca1652 65db24e19f06419bb64765871178f202 - - 97ac84c9e47b4042887ca80f2edf635c 97ac84c9e47b4042887ca80f2edf635c] 10.0.0.91 "DELETE /resource_providers/77f4516c-6fa9-4324-8b07-94e2729c8f35" status: 404 len: 246 microversion: 1.1 [pid: 8|app: 0|req: 454/906] 10.0.0.91 () {34 vars in 814 bytes} [Wed Jul 1 02:03:19 2026] DELETE /resource_providers/77f4516c-6fa9-4324-8b07-94e2729c8f35 => generated 246 bytes in 11 msecs (HTTP/1.1 404) 6 headers in 231 bytes (1 switches on core 0)
2026-07-01 02:03:21.730 7 INFO placement.requestlog [None req-b03d9fa5-da8a-45db-bc4e-f8367436701c 06a954f5ef5f4d7db1599a7ff7ca1652 65db24e19f06419bb64765871178f202 - - 97ac84c9e47b4042887ca80f2edf635c 97ac84c9e47b4042887ca80f2edf635c] 10.0.0.91 "GET /resource_providers/7a44e3a6-b05a-4b7e-91c0-171079c1c765/aggregates" status: 404 len: 235 microversion: 1.1 [pid: 7|app: 0|req: 453/907] 10.0.0.91 () {32 vars in 814 bytes} [Wed Jul 1 02:03:21 2026] GET /resource_providers/7a44e3a6-b05a-4b7e-91c0-171079c1c765/aggregates => generated 235 bytes in 7 msecs (HTTP/1.1 404) 5 headers in 202 bytes (1 switches on core 0)
2026-07-01 02:03:21.761 8 INFO placement.requestlog [None req-e914208c-9095-4d4d-a214-1041fc2f79e9 06a954f5ef5f4d7db1599a7ff7ca1652 65db24e19f06419bb64765871178f202 - - 97ac84c9e47b4042887ca80f2edf635c 97ac84c9e47b4042887ca80f2edf635c] 10.0.0.91 "GET /resource_providers/7a44e3a6-b05a-4b7e-91c0-171079c1c765/aggregates" status: 404 len: 235 microversion: 1.1
2026-07-01 02:03:21.764 7 INFO placement.requestlog [None req-6d8d70c7-aab0-4af4-b5dc-decdb70fe653 06a954f5ef5f4d7db1599a7ff7ca1652 65db24e19f06419bb64765871178f202 - - 97ac84c9e47b4042887ca80f2edf635c 97ac84c9e47b4042887ca80f2edf635c] 10.0.0.91 "DELETE /resource_providers/7a44e3a6-b05a-4b7e-91c0-171079c1c765" status: 404 len: 246 microversion: 1.1 [pid: 7|app: 0|req: 454/908] 10.0.0.91 () {34 vars in 814 bytes} [Wed Jul 1 02:03:21 2026] DELETE /resource_providers/7a44e3a6-b05a-4b7e-91c0-171079c1c765 => generated 246 bytes in 21 msecs (HTTP/1.1 404) 6 headers in 231 bytes (1 switches on core 0) [pid: 8|app: 0|req: 455/909] 10.0.0.91 () {32 vars in 814 bytes} [Wed Jul 1 02:03:21 2026] GET /resource_providers/7a44e3a6-b05a-4b7e-91c0-171079c1c765/aggregates => generated 235 bytes in 47 msecs (HTTP/1.1 404) 5 headers in 202 bytes (1 switches on core 0)
2026-07-01 02:03:21.785 7 INFO placement.requestlog [None req-5f4101ee-68e2-489e-96e6-795c7bf502cd 06a954f5ef5f4d7db1599a7ff7ca1652 65db24e19f06419bb64765871178f202 - - 97ac84c9e47b4042887ca80f2edf635c 97ac84c9e47b4042887ca80f2edf635c] 10.0.0.91 "GET /resource_providers/eb420b78-5578-4558-8ad6-60ceef959382/aggregates" status: 404 len: 235 microversion: 1.1 [pid: 7|app: 0|req: 455/910] 10.0.0.91 () {32 vars in 814 bytes} [Wed Jul 1 02:03:21 2026] GET /resource_providers/eb420b78-5578-4558-8ad6-60ceef959382/aggregates => generated 235 bytes in 14 msecs (HTTP/1.1 404) 5 headers in 202 bytes (1 switches on core 0)
2026-07-01 02:03:21.805 8 INFO placement.requestlog [None req-b92b4ee3-b9b6-45e1-8cfb-57a87fc61473 06a954f5ef5f4d7db1599a7ff7ca1652 65db24e19f06419bb64765871178f202 - - 97ac84c9e47b4042887ca80f2edf635c 97ac84c9e47b4042887ca80f2edf635c] 10.0.0.91 "DELETE /resource_providers/7a44e3a6-b05a-4b7e-91c0-171079c1c765" status: 404 len: 246 microversion: 1.1 [pid: 8|app: 0|req: 456/911] 10.0.0.91 () {34 vars in 814 bytes} [Wed Jul 1 02:03:21 2026] DELETE /resource_providers/7a44e3a6-b05a-4b7e-91c0-171079c1c765 => generated 246 bytes in 11 msecs (HTTP/1.1 404) 6 headers in 231 bytes (1 switches on core 0)
2026-07-01 02:03:21.815 7 INFO placement.requestlog [None req-afd762f9-6e12-44d4-aab1-a59d56b08e02 06a954f5ef5f4d7db1599a7ff7ca1652 65db24e19f06419bb64765871178f202 - - 97ac84c9e47b4042887ca80f2edf635c 97ac84c9e47b4042887ca80f2edf635c] 10.0.0.91 "DELETE /resource_providers/eb420b78-5578-4558-8ad6-60ceef959382" status: 404 len: 246 microversion: 1.1 [pid: 7|app: 0|req: 456/912] 10.0.0.91 () {34 vars in 814 bytes} [Wed Jul 1 02:03:21 2026] DELETE /resource_providers/eb420b78-5578-4558-8ad6-60ceef959382 => generated 246 bytes in 12 msecs (HTTP/1.1 404) 6 headers in 231 bytes (1 switches on core 0)
2026-07-01 02:03:21.823 8 INFO placement.requestlog [None req-6aa17e5c-3273-4fc0-8683-ae14763769b6 06a954f5ef5f4d7db1599a7ff7ca1652 65db24e19f06419bb64765871178f202 - - 97ac84c9e47b4042887ca80f2edf635c 97ac84c9e47b4042887ca80f2edf635c] 10.0.0.91 "GET /resource_providers/eb420b78-5578-4558-8ad6-60ceef959382/aggregates" status: 404 len: 235 microversion: 1.1 [pid: 8|app: 0|req: 457/913] 10.0.0.91 () {32 vars in 814 bytes} [Wed Jul 1 02:03:21 2026] GET /resource_providers/eb420b78-5578-4558-8ad6-60ceef959382/aggregates => generated 235 bytes in 8 msecs (HTTP/1.1 404) 5 headers in 202 bytes (1 switches on core 0)
2026-07-01 02:03:21.841 8 INFO placement.requestlog [None req-e7ba02cd-fcaf-4bf2-91c2-388948bb45b3 06a954f5ef5f4d7db1599a7ff7ca1652 65db24e19f06419bb64765871178f202 - - 97ac84c9e47b4042887ca80f2edf635c 97ac84c9e47b4042887ca80f2edf635c] 10.0.0.91 "DELETE /resource_providers/eb420b78-5578-4558-8ad6-60ceef959382" status: 404 len: 246 microversion: 1.1 [pid: 8|app: 0|req: 458/914] 10.0.0.91 () {34 vars in 814 bytes} [Wed Jul 1 02:03:21 2026] DELETE /resource_providers/eb420b78-5578-4558-8ad6-60ceef959382 => generated 246 bytes in 7 msecs (HTTP/1.1 404) 6 headers in 231 bytes (1 switches on core 0)
2026-07-01 02:03:21.845 7 INFO placement.requestlog [None req-dbed71bc-7cd7-479c-8e92-a320d205f17c 06a954f5ef5f4d7db1599a7ff7ca1652 65db24e19f06419bb64765871178f202 - - 97ac84c9e47b4042887ca80f2edf635c 97ac84c9e47b4042887ca80f2edf635c] 10.0.0.91 "GET /resource_providers/dd2c0d06-57bd-4c03-b6dc-cde83a8963bb/aggregates" status: 404 len: 235 microversion: 1.1 [pid: 7|app: 0|req: 457/915] 10.0.0.91 () {32 vars in 814 bytes} [Wed Jul 1 02:03:21 2026] GET /resource_providers/dd2c0d06-57bd-4c03-b6dc-cde83a8963bb/aggregates => generated 235 bytes in 13 msecs (HTTP/1.1 404) 5 headers in 202 bytes (1 switches on core 0)
2026-07-01 02:03:21.862 7 INFO placement.requestlog [None req-0a904959-ca82-43ad-ac4b-ee0387ae50e9 06a954f5ef5f4d7db1599a7ff7ca1652 65db24e19f06419bb64765871178f202 - - 97ac84c9e47b4042887ca80f2edf635c 97ac84c9e47b4042887ca80f2edf635c] 10.0.0.91 "DELETE /resource_providers/dd2c0d06-57bd-4c03-b6dc-cde83a8963bb" status: 404 len: 246 microversion: 1.1 [pid: 7|app: 0|req: 458/916] 10.0.0.91 () {34 vars in 814 bytes} [Wed Jul 1 02:03:21 2026] DELETE /resource_providers/dd2c0d06-57bd-4c03-b6dc-cde83a8963bb => generated 246 bytes in 10 msecs (HTTP/1.1 404) 6 headers in 231 bytes (1 switches on core 0)
2026-07-01 02:03:21.865 8 INFO placement.requestlog [None req-b48c26c3-801a-42ee-8f4d-4a812b01febd 06a954f5ef5f4d7db1599a7ff7ca1652 65db24e19f06419bb64765871178f202 - - 97ac84c9e47b4042887ca80f2edf635c 97ac84c9e47b4042887ca80f2edf635c] 10.0.0.91 "GET /resource_providers/dd2c0d06-57bd-4c03-b6dc-cde83a8963bb/aggregates" status: 404 len: 235 microversion: 1.1 [pid: 8|app: 0|req: 459/917] 10.0.0.91 () {32 vars in 814 bytes} [Wed Jul 1 02:03:21 2026] GET /resource_providers/dd2c0d06-57bd-4c03-b6dc-cde83a8963bb/aggregates => generated 235 bytes in 15 msecs (HTTP/1.1 404) 5 headers in 202 bytes (1 switches on core 0)
2026-07-01 02:03:21.885 7 INFO placement.requestlog [None req-4b2571a6-17fb-4a87-b672-2e8480c90e6b 06a954f5ef5f4d7db1599a7ff7ca1652 65db24e19f06419bb64765871178f202 - - 97ac84c9e47b4042887ca80f2edf635c 97ac84c9e47b4042887ca80f2edf635c] 10.0.0.91 "DELETE /resource_providers/dd2c0d06-57bd-4c03-b6dc-cde83a8963bb" status: 404 len: 246 microversion: 1.1 [pid: 7|app: 0|req: 459/918] 10.0.0.91 () {34 vars in 814 bytes} [Wed Jul 1 02:03:21 2026] DELETE /resource_providers/dd2c0d06-57bd-4c03-b6dc-cde83a8963bb => generated 246 bytes in 11 msecs (HTTP/1.1 404) 6 headers in 231 bytes (1 switches on core 0)
2026-07-01 02:03:22.998 7 INFO placement.requestlog [None req-65c8a078-785f-4ba3-ba24-85a54f1d12ce 06a954f5ef5f4d7db1599a7ff7ca1652 65db24e19f06419bb64765871178f202 - - 97ac84c9e47b4042887ca80f2edf635c 97ac84c9e47b4042887ca80f2edf635c] 10.0.0.91 "GET /resource_providers/6acd6920-b3cb-41fb-b278-7b1ee2c7c3c1/aggregates" status: 404 len: 235 microversion: 1.1 [pid: 7|app: 0|req: 460/919] 10.0.0.91 () {32 vars in 814 bytes} [Wed Jul 1 02:03:22 2026] GET /resource_providers/6acd6920-b3cb-41fb-b278-7b1ee2c7c3c1/aggregates => generated 235 bytes in 7 msecs (HTTP/1.1 404) 5 headers in 202 bytes (1 switches on core 0)
2026-07-01 02:03:23.003 8 INFO placement.requestlog [None req-72854d5d-9e9b-4059-a14e-b680ea4642e6 06a954f5ef5f4d7db1599a7ff7ca1652 65db24e19f06419bb64765871178f202 - - 97ac84c9e47b4042887ca80f2edf635c 97ac84c9e47b4042887ca80f2edf635c] 10.0.0.91 "GET /resource_providers/6acd6920-b3cb-41fb-b278-7b1ee2c7c3c1/aggregates" status: 404 len: 235 microversion: 1.1 [pid: 8|app: 0|req: 460/920] 10.0.0.91 () {32 vars in 814 bytes} [Wed Jul 1 02:03:22 2026] GET /resource_providers/6acd6920-b3cb-41fb-b278-7b1ee2c7c3c1/aggregates => generated 235 bytes in 12 msecs (HTTP/1.1 404) 5 headers in 202 bytes (1 switches on core 0)
2026-07-01 02:03:23.028 8 INFO placement.requestlog [None req-7f661c24-f9ff-49cd-b06c-f227671afac6 06a954f5ef5f4d7db1599a7ff7ca1652 65db24e19f06419bb64765871178f202 - - 97ac84c9e47b4042887ca80f2edf635c 97ac84c9e47b4042887ca80f2edf635c] 10.0.0.91 "DELETE /resource_providers/6acd6920-b3cb-41fb-b278-7b1ee2c7c3c1" status: 404 len: 246 microversion: 1.1 [pid: 8|app: 0|req: 461/921] 10.0.0.91 () {34 vars in 814 bytes} [Wed Jul 1 02:03:23 2026] DELETE /resource_providers/6acd6920-b3cb-41fb-b278-7b1ee2c7c3c1 => generated 246 bytes in 10 msecs (HTTP/1.1 404) 6 headers in 231 bytes (1 switches on core 0)
2026-07-01 02:03:23.028 7 INFO placement.requestlog [None req-6e9afeae-a901-4ccb-910a-fab55b392e5b 06a954f5ef5f4d7db1599a7ff7ca1652 65db24e19f06419bb64765871178f202 - - 97ac84c9e47b4042887ca80f2edf635c 97ac84c9e47b4042887ca80f2edf635c] 10.0.0.91 "DELETE /resource_providers/6acd6920-b3cb-41fb-b278-7b1ee2c7c3c1" status: 404 len: 246 microversion: 1.1 [pid: 7|app: 0|req: 461/922] 10.0.0.91 () {34 vars in 814 bytes} [Wed Jul 1 02:03:23 2026] DELETE /resource_providers/6acd6920-b3cb-41fb-b278-7b1ee2c7c3c1 => generated 246 bytes in 11 msecs (HTTP/1.1 404) 6 headers in 231 bytes (1 switches on core 0)
2026-07-01 02:03:23.890 8 INFO placement.requestlog [None req-1e241d05-8675-4b3e-8ed8-70040f0c74ff 06a954f5ef5f4d7db1599a7ff7ca1652 65db24e19f06419bb64765871178f202 - - 97ac84c9e47b4042887ca80f2edf635c 97ac84c9e47b4042887ca80f2edf635c] 10.0.0.91 "GET /resource_providers/6a9bb8e8-c589-40db-ab40-c691c0749826/aggregates" status: 404 len: 235 microversion: 1.1 [pid: 8|app: 0|req: 462/923] 10.0.0.91 () {32 vars in 814 bytes} [Wed Jul 1 02:03:23 2026] GET /resource_providers/6a9bb8e8-c589-40db-ab40-c691c0749826/aggregates => generated 235 bytes in 18 msecs (HTTP/1.1 404) 5 headers in 202 bytes (1 switches on core 0)
2026-07-01 02:03:23.924 7 INFO placement.requestlog [None req-d4bc87a1-d4fb-475a-9056-cafb17e537c0 06a954f5ef5f4d7db1599a7ff7ca1652 65db24e19f06419bb64765871178f202 - - 97ac84c9e47b4042887ca80f2edf635c 97ac84c9e47b4042887ca80f2edf635c] 10.0.0.91 "DELETE /resource_providers/6a9bb8e8-c589-40db-ab40-c691c0749826" status: 404 len: 246 microversion: 1.1 [pid: 7|app: 0|req: 462/924] 10.0.0.91 () {34 vars in 814 bytes} [Wed Jul 1 02:03:23 2026] DELETE /resource_providers/6a9bb8e8-c589-40db-ab40-c691c0749826 => generated 246 bytes in 9 msecs (HTTP/1.1 404) 6 headers in 231 bytes (1 switches on core 0)
2026-07-01 02:03:23.927 8 INFO placement.requestlog [None req-1fcccb93-5a44-4476-bd6a-cdcdd28a5c2d 06a954f5ef5f4d7db1599a7ff7ca1652 65db24e19f06419bb64765871178f202 - - 97ac84c9e47b4042887ca80f2edf635c 97ac84c9e47b4042887ca80f2edf635c] 10.0.0.91 "GET /resource_providers/6a9bb8e8-c589-40db-ab40-c691c0749826/aggregates" status: 404 len: 235 microversion: 1.1 [pid: 8|app: 0|req: 463/925] 10.0.0.91 () {32 vars in 814 bytes} [Wed Jul 1 02:03:23 2026] GET /resource_providers/6a9bb8e8-c589-40db-ab40-c691c0749826/aggregates => generated 235 bytes in 12 msecs (HTTP/1.1 404) 5 headers in 202 bytes (1 switches on core 0)
2026-07-01 02:03:23.946 7 INFO placement.requestlog [None req-2f2b87e0-5546-4ff2-bc53-fba6b04401ce 06a954f5ef5f4d7db1599a7ff7ca1652 65db24e19f06419bb64765871178f202 - - 97ac84c9e47b4042887ca80f2edf635c 97ac84c9e47b4042887ca80f2edf635c] 10.0.0.91 "DELETE /resource_providers/6a9bb8e8-c589-40db-ab40-c691c0749826" status: 404 len: 246 microversion: 1.1 [pid: 7|app: 0|req: 463/926] 10.0.0.91 () {34 vars in 814 bytes} [Wed Jul 1 02:03:23 2026] DELETE /resource_providers/6a9bb8e8-c589-40db-ab40-c691c0749826 => generated 246 bytes in 12 msecs (HTTP/1.1 404) 6 headers in 231 bytes (1 switches on core 0)
2026-07-01 02:03:24.563 8 INFO placement.requestlog [None req-7b6efad8-cece-4c68-ab4e-1d09a92c39a5 - - - - - -] 10.0.0.76 "GET /" status: 200 len: 136 microversion: 1.0
2026-07-01 02:03:24.564 7 INFO placement.requestlog [None req-f13f036e-2455-4539-bd1a-57b13d43ce55 - - - - - -] 10.0.0.76 "GET /" status: 200 len: 136 microversion: 1.0
2026-07-01 02:03:25.050 8 INFO placement.requestlog [None req-ba1b09ef-de20-45a0-b2ec-b8bba511a8d7 06a954f5ef5f4d7db1599a7ff7ca1652 65db24e19f06419bb64765871178f202 - - 97ac84c9e47b4042887ca80f2edf635c 97ac84c9e47b4042887ca80f2edf635c] 10.0.0.91 "GET /resource_providers/6895b339-a24f-45f7-8320-fd725118f5d7/aggregates" status: 404 len: 235 microversion: 1.1 [pid: 8|app: 0|req: 465/929] 10.0.0.91 () {32 vars in 814 bytes} [Wed Jul 1 02:03:25 2026] GET /resource_providers/6895b339-a24f-45f7-8320-fd725118f5d7/aggregates => generated 235 bytes in 9 msecs (HTTP/1.1 404) 5 headers in 202 bytes (1 switches on core 0)
