2026-07-01 02:03:45.923 7 INFO neutron.notifiers.nova [-] Nova event matching ['req-79c87d7f-90c4-4db0-9e00-3d1c136a8c0d'] response: {'server_uuid': 'a51da18b-888d-4e8e-b0bf-6747ca142527', 'name': 'network-vif-deleted', 'tag': 'fe58782a-2b00-4cc4-ac2c-09752e7906eb', 'status': 'completed', 'code': 200} [pid: 7|app: 0|req: 1213/2239] 10.0.0.79 () {34 vars in 989 bytes} [Wed Jul 1 02:03:45 2026] GET /v2.0/ports?device_id=edae3668-b518-4ba3-afdc-dd4d620a45dd => generated 973 bytes in 44 msecs (HTTP/1.1 200) 4 headers in 157 bytes (1 switches on core 0) [pid: 7|app: 0|req: 1214/2240] 10.0.0.79 () {34 vars in 1039 bytes} [Wed Jul 1 02:03:45 2026] GET /v2.0/security-groups?id=86359872-c328-4d7f-a174-10d3a8a7bfd1&fields=id&fields=name => generated 113 bytes in 29 msecs (HTTP/1.1 200) 4 headers in 157 bytes (1 switches on core 0)
2026-07-01 02:03:46.059 8 WARNING neutron.scheduler.dhcp_agent_scheduler [None req-79dd30f4-1700-4da5-a785-e40a3765b491 227f9a5611d04d518691c324ef54a93a 54e72112fc5b44cdb32b17eebee73daa - - default default] No more DHCP agents
2026-07-01 02:03:46.061 8 WARNING neutron.api.rpc.agentnotifiers.dhcp_rpc_agent_api [None req-79dd30f4-1700-4da5-a785-e40a3765b491 227f9a5611d04d518691c324ef54a93a 54e72112fc5b44cdb32b17eebee73daa - - default default] Unable to schedule network 0c40827c-a5b3-4268-87c0-f407c14a7213: no agents available; will retry on subsequent port and subnet creation events.
2026-07-01 02:03:46.117 8 INFO neutron.plugins.ml2.drivers.ovn.mech_driver.mech_driver [None req-3bfdb170-f695-41ba-a3f4-0705c1dbc497 - - - - - -] OVN reports status down for port: 7ba6c916-2218-4889-bd2d-12f093fcfeac
2026-07-01 02:03:46.167 8 INFO neutron.db.ovn_revision_numbers_db [None req-79dd30f4-1700-4da5-a785-e40a3765b491 227f9a5611d04d518691c324ef54a93a 54e72112fc5b44cdb32b17eebee73daa - - default default] Successfully bumped revision number for resource 7ba6c916-2218-4889-bd2d-12f093fcfeac (type: ports) to 1 [pid: 8|app: 0|req: 1027/2241] 10.0.0.10 () {34 vars in 669 bytes} [Wed Jul 1 02:03:45 2026] POST /v2.0/networks => generated 638 bytes in 513 msecs (HTTP/1.1 201) 4 headers in 162 bytes (1 switches on core 0)
2026-07-01 02:03:46.387 7 WARNING neutron.scheduler.dhcp_agent_scheduler [None req-3e89f354-0c8e-4559-b14a-7c3e46544e0b 227f9a5611d04d518691c324ef54a93a 54e72112fc5b44cdb32b17eebee73daa - - default default] No more DHCP agents
2026-07-01 02:03:46.388 7 WARNING neutron.api.rpc.agentnotifiers.dhcp_rpc_agent_api [None req-3e89f354-0c8e-4559-b14a-7c3e46544e0b 227f9a5611d04d518691c324ef54a93a 54e72112fc5b44cdb32b17eebee73daa - - default default] Unable to schedule network 0c40827c-a5b3-4268-87c0-f407c14a7213: no agents available; will retry on subsequent port and subnet creation events.
2026-07-01 02:03:46.438 8 INFO neutron.notifiers.nova [-] Nova event matching ['req-cdd90e58-2234-4da8-8a9d-e739b4760510'] response: {'server_uuid': 'a51da18b-888d-4e8e-b0bf-6747ca142527', 'name': 'network-vif-unplugged', 'status': 'completed', 'tag': 'fe58782a-2b00-4cc4-ac2c-09752e7906eb', 'code': 200} /var/lib/openstack/lib/python3.12/site-packages/pycadf/identifier.py:70: UserWarning: Invalid uuid: neutron. To ensure interoperability, identifiers should be a valid uuid. warnings.warn(('Invalid uuid: %s. To ensure interoperability, ' [pid: 8|app: 0|req: 1028/2242] 10.0.0.79 () {34 vars in 989 bytes} [Wed Jul 1 02:03:46 2026] GET /v2.0/ports?device_id=a51da18b-888d-4e8e-b0bf-6747ca142527 => generated 12 bytes in 25 msecs (HTTP/1.1 200) 4 headers in 156 bytes (1 switches on core 0)
2026-07-01 02:03:46.851 7 INFO neutron.db.ovn_revision_numbers_db [None req-fe55c373-44cf-4a58-8e88-0130608f479f - - - - - -] Successfully bumped revision number for resource 7ba6c916-2218-4889-bd2d-12f093fcfeac (type: ports) to 2
2026-07-01 02:03:46.900 7 INFO neutron.db.ovn_revision_numbers_db [None req-fe55c373-44cf-4a58-8e88-0130608f479f - - - - - -] Successfully bumped revision number for resource dd47a4fd-999b-400a-b08e-99c1f7d560fd (type: subnets) to 0
2026-07-01 02:03:46.904 8 INFO neutron.plugins.ml2.drivers.ovn.mech_driver.mech_driver [None req-3bfdb170-f695-41ba-a3f4-0705c1dbc497 - - - - - -] OVN reports status up for port: ea66efdd-64f3-4f84-96bd-eb1388efabc3
2026-07-01 02:03:46.921 8 INFO neutron.plugins.ml2.plugin [None req-3bfdb170-f695-41ba-a3f4-0705c1dbc497 - - - - - -] Attempt 1 to provision port ea66efdd-64f3-4f84-96bd-eb1388efabc3 [pid: 7|app: 0|req: 1215/2243] 10.0.0.10 () {34 vars in 668 bytes} [Wed Jul 1 02:03:46 2026] POST /v2.0/subnets => generated 655 bytes in 724 msecs (HTTP/1.1 201) 4 headers in 162 bytes (1 switches on core 0) [pid: 7|app: 0|req: 1216/2244] 10.0.0.79 () {34 vars in 989 bytes} [Wed Jul 1 02:03:47 2026] GET /v2.0/ports?device_id=edae3668-b518-4ba3-afdc-dd4d620a45dd => generated 973 bytes in 46 msecs (HTTP/1.1 200) 4 headers in 157 bytes (1 switches on core 0) [pid: 7|app: 0|req: 1217/2245] 10.0.0.79 () {34 vars in 1039 bytes} [Wed Jul 1 02:03:47 2026] GET /v2.0/security-groups?id=86359872-c328-4d7f-a174-10d3a8a7bfd1&fields=id&fields=name => generated 113 bytes in 34 msecs (HTTP/1.1 200) 4 headers in 157 bytes (1 switches on core 0)
2026-07-01 02:03:47.294 8 WARNING neutron.scheduler.dhcp_agent_scheduler [None req-4cdb7ce2-f2fc-45d5-b7ae-520946dec260 227f9a5611d04d518691c324ef54a93a 54e72112fc5b44cdb32b17eebee73daa - - default default] No more DHCP agents
2026-07-01 02:03:47.297 8 WARNING neutron.api.rpc.agentnotifiers.dhcp_rpc_agent_api [None req-4cdb7ce2-f2fc-45d5-b7ae-520946dec260 227f9a5611d04d518691c324ef54a93a 54e72112fc5b44cdb32b17eebee73daa - - default default] Unable to schedule network 0c40827c-a5b3-4268-87c0-f407c14a7213: no agents available; will retry on subsequent port and subnet creation events.
2026-07-01 02:03:47.310 8 INFO neutron.db.ovn_revision_numbers_db [None req-3bfdb170-f695-41ba-a3f4-0705c1dbc497 - - - - - -] Successfully bumped revision number for resource ea66efdd-64f3-4f84-96bd-eb1388efabc3 (type: ports) to 5
2026-07-01 02:03:47.341 8 INFO neutron.db.ovn_revision_numbers_db [None req-4cdb7ce2-f2fc-45d5-b7ae-520946dec260 227f9a5611d04d518691c324ef54a93a 54e72112fc5b44cdb32b17eebee73daa - - default default] Successfully bumped revision number for resource 89b5a46a-8836-4e2f-b549-99f97786b903 (type: subnets) to 0 [pid: 8|app: 0|req: 1029/2246] 10.0.0.10 () {34 vars in 668 bytes} [Wed Jul 1 02:03:46 2026] POST /v2.0/subnets => generated 725 bytes in 430 msecs (HTTP/1.1 201) 4 headers in 162 bytes (1 switches on core 0)
2026-07-01 02:03:47.481 7 INFO neutron.db.segments_db [None req-9fa711c6-84ef-4b2f-a0d5-fcff08cfb397 227f9a5611d04d518691c324ef54a93a 54e72112fc5b44cdb32b17eebee73daa - - default default] Added segment 0da0cf57-b390-4599-905f-27dd569d0538 of type geneve for network 6fc58d16-4677-4557-9b8b-2d41e27543d5
2026-07-01 02:03:47.616 7 INFO neutron.db.ovn_revision_numbers_db [None req-9fa711c6-84ef-4b2f-a0d5-fcff08cfb397 227f9a5611d04d518691c324ef54a93a 54e72112fc5b44cdb32b17eebee73daa - - default default] Successfully bumped revision number for resource 6fc58d16-4677-4557-9b8b-2d41e27543d5 (type: networks) to 1
2026-07-01 02:03:47.783 7 WARNING neutron.scheduler.dhcp_agent_scheduler [None req-9fa711c6-84ef-4b2f-a0d5-fcff08cfb397 227f9a5611d04d518691c324ef54a93a 54e72112fc5b44cdb32b17eebee73daa - - default default] No more DHCP agents
2026-07-01 02:03:47.784 7 WARNING neutron.api.rpc.agentnotifiers.dhcp_rpc_agent_api [None req-9fa711c6-84ef-4b2f-a0d5-fcff08cfb397 227f9a5611d04d518691c324ef54a93a 54e72112fc5b44cdb32b17eebee73daa - - default default] Unable to schedule network 6fc58d16-4677-4557-9b8b-2d41e27543d5: no agents available; will retry on subsequent port and subnet creation events.
2026-07-01 02:03:47.840 7 INFO neutron.plugins.ml2.drivers.ovn.mech_driver.mech_driver [None req-baeeab5f-2706-4db4-95b3-3a7f609b5222 - - - - - -] OVN reports status down for port: 295e2b51-8804-475b-8f57-784138f696e8 /var/lib/openstack/lib/python3.12/site-packages/pycadf/identifier.py:70: UserWarning: Invalid uuid: neutron. To ensure interoperability, identifiers should be a valid uuid. warnings.warn(('Invalid uuid: %s. To ensure interoperability, ' [pid: 8|app: 0|req: 1030/2247] 10.0.0.79 () {34 vars in 989 bytes} [Wed Jul 1 02:03:47 2026] GET /v2.0/ports?device_id=a51da18b-888d-4e8e-b0bf-6747ca142527 => generated 12 bytes in 24 msecs (HTTP/1.1 200) 4 headers in 156 bytes (1 switches on core 0)
2026-07-01 02:03:47.897 7 INFO neutron.db.ovn_revision_numbers_db [None req-9fa711c6-84ef-4b2f-a0d5-fcff08cfb397 227f9a5611d04d518691c324ef54a93a 54e72112fc5b44cdb32b17eebee73daa - - default default] Successfully bumped revision number for resource 295e2b51-8804-475b-8f57-784138f696e8 (type: ports) to 1 [pid: 7|app: 0|req: 1218/2248] 10.0.0.10 () {34 vars in 669 bytes} [Wed Jul 1 02:03:47 2026] POST /v2.0/networks => generated 636 bytes in 586 msecs (HTTP/1.1 201) 4 headers in 162 bytes (1 switches on core 0)
2026-07-01 02:03:48.149 8 WARNING neutron.scheduler.dhcp_agent_scheduler [None req-200d859a-95df-4b10-8e9c-fa32c20d34ea 227f9a5611d04d518691c324ef54a93a 54e72112fc5b44cdb32b17eebee73daa - - default default] No more DHCP agents
2026-07-01 02:03:48.150 8 WARNING neutron.api.rpc.agentnotifiers.dhcp_rpc_agent_api [None req-200d859a-95df-4b10-8e9c-fa32c20d34ea 227f9a5611d04d518691c324ef54a93a 54e72112fc5b44cdb32b17eebee73daa - - default default] Unable to schedule network 6fc58d16-4677-4557-9b8b-2d41e27543d5: no agents available; will retry on subsequent port and subnet creation events. [pid: 7|app: 0|req: 1219/2249] 10.0.0.79 () {34 vars in 989 bytes} [Wed Jul 1 02:03:48 2026] GET /v2.0/ports?device_id=edae3668-b518-4ba3-afdc-dd4d620a45dd => generated 975 bytes in 43 msecs (HTTP/1.1 200) 4 headers in 157 bytes (1 switches on core 0) [pid: 7|app: 0|req: 1220/2250] 10.0.0.79 () {34 vars in 1039 bytes} [Wed Jul 1 02:03:48 2026] GET /v2.0/security-groups?id=86359872-c328-4d7f-a174-10d3a8a7bfd1&fields=id&fields=name => generated 113 bytes in 26 msecs (HTTP/1.1 200) 4 headers in 157 bytes (1 switches on core 0)
2026-07-01 02:03:48.479 8 INFO neutron.notifiers.nova [-] Nova event matching ['req-86f45f6b-fb22-48f8-85c5-0e3dae159ecf'] response: {'server_uuid': 'edae3668-b518-4ba3-afdc-dd4d620a45dd', 'name': 'network-vif-plugged', 'status': 'completed', 'tag': 'ea66efdd-64f3-4f84-96bd-eb1388efabc3', 'code': 200}
2026-07-01 02:03:48.480 8 INFO neutron.notifiers.nova [-] Nova event matching ['req-86f45f6b-fb22-48f8-85c5-0e3dae159ecf'] response: {'server_uuid': 'edae3668-b518-4ba3-afdc-dd4d620a45dd', 'name': 'network-vif-plugged', 'status': 'completed', 'tag': 'ea66efdd-64f3-4f84-96bd-eb1388efabc3', 'code': 200}
2026-07-01 02:03:48.630 8 INFO neutron.db.ovn_revision_numbers_db [None req-3e3c517f-ffa9-48f6-b121-937e415e33ee - - - - - -] Successfully bumped revision number for resource 295e2b51-8804-475b-8f57-784138f696e8 (type: ports) to 2
2026-07-01 02:03:48.662 8 INFO neutron.db.ovn_revision_numbers_db [None req-3e3c517f-ffa9-48f6-b121-937e415e33ee - - - - - -] Successfully bumped revision number for resource ed7aac7e-e98d-49f3-927b-839273b16ede (type: subnets) to 0 [pid: 8|app: 0|req: 1031/2251] 10.0.0.10 () {34 vars in 668 bytes} [Wed Jul 1 02:03:47 2026] POST /v2.0/subnets => generated 655 bytes in 718 msecs (HTTP/1.1 201) 4 headers in 162 bytes (1 switches on core 0)
2026-07-01 02:03:48.912 7 WARNING neutron.scheduler.dhcp_agent_scheduler [None req-dd3b7c3e-c865-4baa-952d-a854a35d8a66 227f9a5611d04d518691c324ef54a93a 54e72112fc5b44cdb32b17eebee73daa - - default default] No more DHCP agents
2026-07-01 02:03:48.914 7 WARNING neutron.api.rpc.agentnotifiers.dhcp_rpc_agent_api [None req-dd3b7c3e-c865-4baa-952d-a854a35d8a66 227f9a5611d04d518691c324ef54a93a 54e72112fc5b44cdb32b17eebee73daa - - default default] Unable to schedule network 6fc58d16-4677-4557-9b8b-2d41e27543d5: no agents available; will retry on subsequent port and subnet creation events.
2026-07-01 02:03:48.940 7 INFO neutron.db.ovn_revision_numbers_db [None req-dd3b7c3e-c865-4baa-952d-a854a35d8a66 227f9a5611d04d518691c324ef54a93a 54e72112fc5b44cdb32b17eebee73daa - - default default] Successfully bumped revision number for resource e42b0fe9-5624-462d-a849-4d0c444b64e1 (type: subnets) to 0 [pid: 7|app: 0|req: 1221/2252] 10.0.0.10 () {34 vars in 668 bytes} [Wed Jul 1 02:03:48 2026] POST /v2.0/subnets => generated 729 bytes in 278 msecs (HTTP/1.1 201) 4 headers in 162 bytes (1 switches on core 0) [pid: 8|app: 0|req: 1032/2253] 10.0.0.79 () {34 vars in 989 bytes} [Wed Jul 1 02:03:48 2026] GET /v2.0/ports?device_id=a51da18b-888d-4e8e-b0bf-6747ca142527 => generated 12 bytes in 24 msecs (HTTP/1.1 200) 4 headers in 156 bytes (1 switches on core 0)
2026-07-01 02:03:49.376 7 WARNING neutron.scheduler.dhcp_agent_scheduler [None req-068aa16f-8546-4777-a3ee-02972cb13d00 227f9a5611d04d518691c324ef54a93a 54e72112fc5b44cdb32b17eebee73daa - - default default] No more DHCP agents
2026-07-01 02:03:49.378 7 WARNING neutron.api.rpc.agentnotifiers.dhcp_rpc_agent_api [None req-068aa16f-8546-4777-a3ee-02972cb13d00 227f9a5611d04d518691c324ef54a93a 54e72112fc5b44cdb32b17eebee73daa - - default default] Unable to schedule network c044ffad-0654-40af-a7b0-596c19865fd1: no agents available; will retry on subsequent port and subnet creation events. [pid: 8|app: 0|req: 1033/2254] 10.0.0.79 () {34 vars in 989 bytes} [Wed Jul 1 02:03:49 2026] GET /v2.0/ports?device_id=edae3668-b518-4ba3-afdc-dd4d620a45dd => generated 975 bytes in 73 msecs (HTTP/1.1 200) 4 headers in 157 bytes (1 switches on core 0) [pid: 8|app: 0|req: 1034/2255] 10.0.0.79 () {34 vars in 1039 bytes} [Wed Jul 1 02:03:49 2026] GET /v2.0/security-groups?id=86359872-c328-4d7f-a174-10d3a8a7bfd1&fields=id&fields=name => generated 113 bytes in 36 msecs (HTTP/1.1 200) 4 headers in 157 bytes (1 switches on core 0)
2026-07-01 02:03:49.497 8 INFO neutron.plugins.ml2.drivers.ovn.mech_driver.mech_driver [None req-88b82626-e2eb-47c1-95b6-442794507354 - - - - - -] OVN reports status down for port: 2916ca68-99a2-45cb-8498-5faae8f6ab06
2026-07-01 02:03:49.545 7 INFO neutron.db.ovn_revision_numbers_db [None req-068aa16f-8546-4777-a3ee-02972cb13d00 227f9a5611d04d518691c324ef54a93a 54e72112fc5b44cdb32b17eebee73daa - - default default] Successfully bumped revision number for resource 2916ca68-99a2-45cb-8498-5faae8f6ab06 (type: ports) to 1
2026-07-01 02:03:50.131 7 INFO neutron.plugins.ml2.drivers.ovn.mech_driver.ovsdb.commands [None req-3bd84382-187e-4732-96be-e9888cc4bae4 - - - - - -] Schedule LRP lrp-2916ca68-99a2-45cb-8498-5faae8f6ab06 on gateway d9fb0fda-92fd-471e-a781-525c44c375bc with priority 1
2026-07-01 02:03:50.175 7 INFO neutron.plugins.ml2.drivers.ovn.mech_driver.ovsdb.ovsdb_monitor [None req-9a40ef32-17c7-41de-af76-8f55459d1fa3 - - - - - -] Router e7e5336c-e699-4417-ab7d-3506d526598e is bound to host instance
2026-07-01 02:03:50.218 8 INFO neutron.plugins.ml2.drivers.ovn.mech_driver.mech_driver [None req-88b82626-e2eb-47c1-95b6-442794507354 - - - - - -] OVN reports status up for port: 2916ca68-99a2-45cb-8498-5faae8f6ab06
2026-07-01 02:03:50.230 8 INFO neutron.plugins.ml2.plugin [None req-88b82626-e2eb-47c1-95b6-442794507354 - - - - - -] Attempt 1 to provision port 2916ca68-99a2-45cb-8498-5faae8f6ab06
2026-07-01 02:03:50.240 7 INFO neutron.db.ovn_revision_numbers_db [None req-068aa16f-8546-4777-a3ee-02972cb13d00 227f9a5611d04d518691c324ef54a93a 54e72112fc5b44cdb32b17eebee73daa - - default default] Successfully bumped revision number for resource 2916ca68-99a2-45cb-8498-5faae8f6ab06 (type: router_ports) to 1 [pid: 8|app: 0|req: 1035/2256] 10.0.0.10 () {32 vars in 739 bytes} [Wed Jul 1 02:03:50 2026] DELETE /v2.0/security-groups/655af4ba-663f-46bd-aa7b-8c0f7ef501e3 => generated 0 bytes in 260 msecs (HTTP/1.1 204) 2 headers in 112 bytes (1 switches on core 0)
2026-07-01 02:03:50.380 8 INFO neutron.api.v2.resource [None req-f9ddb9e9-588e-4e3c-bcca-d9305cc10592 30c36e0e13584cc898973347c027e07e ca9731b3c1f2482992c845b00db6a57e - - default default] show failed (client error): The resource could not be found. [pid: 8|app: 0|req: 1036/2257] 10.0.0.10 () {32 vars in 736 bytes} [Wed Jul 1 02:03:50 2026] GET /v2.0/security-groups/655af4ba-663f-46bd-aa7b-8c0f7ef501e3 => generated 146 bytes in 10 msecs (HTTP/1.1 404) 4 headers in 164 bytes (1 switches on core 0)
2026-07-01 02:03:50.396 7 INFO neutron.db.ovn_revision_numbers_db [None req-068aa16f-8546-4777-a3ee-02972cb13d00 227f9a5611d04d518691c324ef54a93a 54e72112fc5b44cdb32b17eebee73daa - - default default] Successfully bumped revision number for resource e7e5336c-e699-4417-ab7d-3506d526598e (type: routers) to 2 [pid: 7|app: 0|req: 1222/2258] 10.0.0.10 () {34 vars in 668 bytes} [Wed Jul 1 02:03:48 2026] POST /v2.0/routers => generated 944 bytes in 1465 msecs (HTTP/1.1 201) 4 headers in 162 bytes (1 switches on core 0)
2026-07-01 02:03:50.523 8 INFO neutron_taas.services.taas.taas_plugin [None req-f68addde-6655-4feb-8950-e35185bda3e6 30c36e0e13584cc898973347c027e07e ca9731b3c1f2482992c845b00db6a57e - - default default] TaaS: Handle Delete Port: b4711383-2143-48e4-9173-252f836d7268
2026-07-01 02:03:50.527 8 INFO neutron_taas.services.taas.tap_mirror_plugin [None req-f68addde-6655-4feb-8950-e35185bda3e6 30c36e0e13584cc898973347c027e07e ca9731b3c1f2482992c845b00db6a57e - - default default] Tap Mirror: Handle Delete Port: b4711383-2143-48e4-9173-252f836d7268 [pid: 8|app: 0|req: 1037/2259] 10.0.0.10 () {32 vars in 731 bytes} [Wed Jul 1 02:03:50 2026] DELETE /v2.0/floatingips/20eb0e98-039e-45b0-a5f9-f49256673400 => generated 0 bytes in 328 msecs (HTTP/1.1 204) 2 headers in 112 bytes (1 switches on core 0) [pid: 8|app: 0|req: 1038/2260] 10.0.0.79 () {34 vars in 989 bytes} [Wed Jul 1 02:03:50 2026] GET /v2.0/ports?device_id=edae3668-b518-4ba3-afdc-dd4d620a45dd => generated 975 bytes in 36 msecs (HTTP/1.1 200) 4 headers in 157 bytes (1 switches on core 0) [pid: 8|app: 0|req: 1039/2261] 10.0.0.10 () {32 vars in 739 bytes} [Wed Jul 1 02:03:50 2026] DELETE /v2.0/security-groups/4a1aa571-e702-4888-8b2d-32c6b2cecd3d => generated 0 bytes in 172 msecs (HTTP/1.1 204) 2 headers in 112 bytes (1 switches on core 0) [pid: 8|app: 0|req: 1040/2262] 10.0.0.79 () {34 vars in 1039 bytes} [Wed Jul 1 02:03:50 2026] GET /v2.0/security-groups?id=86359872-c328-4d7f-a174-10d3a8a7bfd1&fields=id&fields=name => generated 113 bytes in 30 msecs (HTTP/1.1 200) 4 headers in 157 bytes (1 switches on core 0)
2026-07-01 02:03:51.260 8 INFO neutron_taas.services.taas.taas_plugin [None req-49505f3a-21a4-4e75-83a5-ee4538399826 7f302901e24d45a7bc1a87fe4b2a7082 61cf9f8f357c4847a3bbb29a24618b19 - - default default] TaaS: Handle Delete Port: 91847e7e-eded-481e-91fc-98c06d0e09d7
2026-07-01 02:03:51.262 8 INFO neutron_taas.services.taas.tap_mirror_plugin [None req-49505f3a-21a4-4e75-83a5-ee4538399826 7f302901e24d45a7bc1a87fe4b2a7082 61cf9f8f357c4847a3bbb29a24618b19 - - default default] Tap Mirror: Handle Delete Port: 91847e7e-eded-481e-91fc-98c06d0e09d7
2026-07-01 02:03:51.875 7 WARNING neutron.scheduler.dhcp_agent_scheduler [None req-5e070f0b-cccc-4a98-8d6b-9a76081bb4c6 227f9a5611d04d518691c324ef54a93a 54e72112fc5b44cdb32b17eebee73daa - - default default] No more DHCP agents
2026-07-01 02:03:51.877 7 WARNING neutron.api.rpc.agentnotifiers.dhcp_rpc_agent_api [None req-5e070f0b-cccc-4a98-8d6b-9a76081bb4c6 227f9a5611d04d518691c324ef54a93a 54e72112fc5b44cdb32b17eebee73daa - - default default] Unable to schedule network a35995ab-669e-4f6e-8c74-f480298129cd: no agents available; will retry on subsequent port and subnet creation events. [pid: 8|app: 0|req: 1041/2263] 10.0.0.10 () {34 vars in 788 bytes} [Wed Jul 1 02:03:50 2026] PUT /v2.0/routers/fa7069ec-6e7e-4784-8581-efd7d850b880/remove_router_interface => generated 309 bytes in 964 msecs (HTTP/1.1 200) 4 headers in 157 bytes (1 switches on core 0) /var/lib/openstack/lib/python3.12/site-packages/pycadf/identifier.py:70: UserWarning: Invalid uuid: neutron. To ensure interoperability, identifiers should be a valid uuid. warnings.warn(('Invalid uuid: %s. To ensure interoperability, ' [pid: 8|app: 0|req: 1042/2264] 10.0.0.79 () {34 vars in 989 bytes} [Wed Jul 1 02:03:51 2026] GET /v2.0/ports?device_id=edae3668-b518-4ba3-afdc-dd4d620a45dd => generated 975 bytes in 35 msecs (HTTP/1.1 200) 4 headers in 157 bytes (1 switches on core 0)
2026-07-01 02:03:52.111 7 INFO neutron.plugins.ml2.drivers.ovn.mech_driver.mech_driver [None req-baeeab5f-2706-4db4-95b3-3a7f609b5222 - - - - - -] OVN reports status down for port: 20ff0379-a5fa-4b45-a6d9-af76292fcebc
2026-07-01 02:03:52.221 7 INFO neutron.db.ovn_revision_numbers_db [None req-5e070f0b-cccc-4a98-8d6b-9a76081bb4c6 227f9a5611d04d518691c324ef54a93a 54e72112fc5b44cdb32b17eebee73daa - - default default] Successfully bumped revision number for resource 20ff0379-a5fa-4b45-a6d9-af76292fcebc (type: ports) to 1
2026-07-01 02:03:52.260 7 INFO neutron.db.ovn_revision_numbers_db [None req-0ad90cf8-adff-461d-9e9b-7a7d40888e50 - - - - - -] Successfully bumped revision number for resource 2916ca68-99a2-45cb-8498-5faae8f6ab06 (type: ports) to 4
2026-07-01 02:03:52.355 8 INFO neutron_taas.services.taas.taas_plugin [None req-ac8c9d24-6530-40c7-8077-9d95910eec86 7f302901e24d45a7bc1a87fe4b2a7082 61cf9f8f357c4847a3bbb29a24618b19 - - default default] TaaS: Handle Delete Port: 7fd5de1d-6035-4e53-a2e2-f6aba3b7220b
2026-07-01 02:03:52.359 8 INFO neutron_taas.services.taas.tap_mirror_plugin [None req-ac8c9d24-6530-40c7-8077-9d95910eec86 7f302901e24d45a7bc1a87fe4b2a7082 61cf9f8f357c4847a3bbb29a24618b19 - - default default] Tap Mirror: Handle Delete Port: 7fd5de1d-6035-4e53-a2e2-f6aba3b7220b [pid: 8|app: 0|req: 1043/2265] 10.0.0.10 () {32 vars in 723 bytes} [Wed Jul 1 02:03:51 2026] DELETE /v2.0/routers/fa7069ec-6e7e-4784-8581-efd7d850b880 => generated 0 bytes in 858 msecs (HTTP/1.1 204) 2 headers in 112 bytes (1 switches on core 0) [pid: 8|app: 0|req: 1044/2266] 10.0.0.79 () {34 vars in 1039 bytes} [Wed Jul 1 02:03:52 2026] GET /v2.0/security-groups?id=86359872-c328-4d7f-a174-10d3a8a7bfd1&fields=id&fields=name => generated 113 bytes in 35 msecs (HTTP/1.1 200) 4 headers in 157 bytes (1 switches on core 0) [pid: 8|app: 0|req: 1045/2267] 10.0.0.10 () {32 vars in 723 bytes} [Wed Jul 1 02:03:52 2026] DELETE /v2.0/subnets/c45de0b2-023b-4ac4-b97e-547b6cfd7b42 => generated 0 bytes in 192 msecs (HTTP/1.1 204) 3 headers in 131 bytes (1 switches on core 0)
2026-07-01 02:03:53.087 7 INFO neutron.db.ovn_revision_numbers_db [None req-0ad90cf8-adff-461d-9e9b-7a7d40888e50 - - - - - -] Successfully bumped revision number for resource 2916ca68-99a2-45cb-8498-5faae8f6ab06 (type: ports) to 5 [pid: 8|app: 0|req: 1046/2268] 10.0.0.10 () {32 vars in 735 bytes} [Wed Jul 1 02:03:53 2026] GET /v2.0/ports?device_id=edae3668-b518-4ba3-afdc-dd4d620a45dd => generated 1213 bytes in 42 msecs (HTTP/1.1 200) 4 headers in 158 bytes (1 switches on core 0)
2026-07-01 02:03:53.250 8 INFO neutron_taas.services.taas.taas_plugin [None req-8dccc6b6-3da1-4388-9402-0e483a024f1c 7f302901e24d45a7bc1a87fe4b2a7082 61cf9f8f357c4847a3bbb29a24618b19 - - default default] TaaS: Handle Delete Port: bb12ff92-1b23-4f7d-b6dd-2449f28ff114
2026-07-01 02:03:53.256 8 INFO neutron_taas.services.taas.tap_mirror_plugin [None req-8dccc6b6-3da1-4388-9402-0e483a024f1c 7f302901e24d45a7bc1a87fe4b2a7082 61cf9f8f357c4847a3bbb29a24618b19 - - default default] Tap Mirror: Handle Delete Port: bb12ff92-1b23-4f7d-b6dd-2449f28ff114
2026-07-01 02:03:53.411 8 INFO neutron.services.segments.plugin [-] Segment 8819442b-11a2-4870-ad66-e370c009c7b7 resource provider aggregate not found
2026-07-01 02:03:53.415 8 INFO neutron.services.segments.plugin [-] Segment 8819442b-11a2-4870-ad66-e370c009c7b7 resource provider aggregate not found
2026-07-01 02:03:53.435 8 INFO neutron.services.segments.plugin [-] Segment 8819442b-11a2-4870-ad66-e370c009c7b7 resource provider not found; error: Placement Client Error (4xx): {"errors": [{"status": 404, "title": "Not Found", "detail": "The resource could not be found.\n\n No resource provider with uuid 8819442b-11a2-4870-ad66-e370c009c7b7 found for delete ", "request_id": "req-92e77778-5d04-4061-aa44-bbcc51bc2679"}]}
2026-07-01 02:03:53.447 8 INFO neutron.services.segments.plugin [-] Segment 8819442b-11a2-4870-ad66-e370c009c7b7 resource provider not found; error: Placement Client Error (4xx): {"errors": [{"status": 404, "title": "Not Found", "detail": "The resource could not be found.\n\n No resource provider with uuid 8819442b-11a2-4870-ad66-e370c009c7b7 found for delete ", "request_id": "req-28916157-4b5f-4db4-ae54-1da566184d63"}]}
2026-07-01 02:03:53.450 7 INFO neutron.plugins.ml2.drivers.ovn.mech_driver.mech_driver [None req-baeeab5f-2706-4db4-95b3-3a7f609b5222 - - - - - -] OVN reports status up for port: 20ff0379-a5fa-4b45-a6d9-af76292fcebc [pid: 8|app: 0|req: 1047/2269] 10.0.0.10 () {32 vars in 725 bytes} [Wed Jul 1 02:03:53 2026] DELETE /v2.0/networks/d92b1a30-aca9-4d11-a9d5-5e7627c60da8 => generated 0 bytes in 370 msecs (HTTP/1.1 204) 3 headers in 131 bytes (1 switches on core 0)
2026-07-01 02:03:53.491 7 INFO neutron.plugins.ml2.plugin [None req-baeeab5f-2706-4db4-95b3-3a7f609b5222 - - - - - -] Attempt 1 to provision port 20ff0379-a5fa-4b45-a6d9-af76292fcebc
2026-07-01 02:03:53.615 7 WARNING neutron.scheduler.dhcp_agent_scheduler [None req-5e070f0b-cccc-4a98-8d6b-9a76081bb4c6 227f9a5611d04d518691c324ef54a93a 54e72112fc5b44cdb32b17eebee73daa - - default default] No more DHCP agents
2026-07-01 02:03:53.618 7 WARNING neutron.api.rpc.agentnotifiers.dhcp_rpc_agent_api [None req-5e070f0b-cccc-4a98-8d6b-9a76081bb4c6 227f9a5611d04d518691c324ef54a93a 54e72112fc5b44cdb32b17eebee73daa - - default default] Unable to schedule network a35995ab-669e-4f6e-8c74-f480298129cd: no agents available; will retry on subsequent port and subnet creation events.
2026-07-01 02:03:54.097 7 INFO neutron.db.ovn_revision_numbers_db [None req-baeeab5f-2706-4db4-95b3-3a7f609b5222 - - - - - -] Successfully bumped revision number for resource 20ff0379-a5fa-4b45-a6d9-af76292fcebc (type: ports) to 2
2026-07-01 02:03:54.278 7 INFO neutron.db.ovn_revision_numbers_db [None req-5e070f0b-cccc-4a98-8d6b-9a76081bb4c6 227f9a5611d04d518691c324ef54a93a 54e72112fc5b44cdb32b17eebee73daa - - default default] Successfully bumped revision number for resource 20ff0379-a5fa-4b45-a6d9-af76292fcebc (type: router_ports) to 1 [pid: 7|app: 0|req: 1223/2270] 10.0.0.10 () {34 vars in 782 bytes} [Wed Jul 1 02:03:50 2026] PUT /v2.0/routers/e7e5336c-e699-4417-ab7d-3506d526598e/add_router_interface => generated 309 bytes in 3851 msecs (HTTP/1.1 200) 4 headers in 157 bytes (1 switches on core 0)
2026-07-01 02:03:54.497 8 INFO neutron.db.ovn_revision_numbers_db [None req-a71885bb-d617-4cee-89f2-4aebf7d770ec 474956a82a4c4d7da22fa13deb87a77d 0ad1fab1d603420bb116b59e86dcb8eb - - default default] Successfully bumped revision number for resource 887e5842-9c49-4722-ba7f-b9c8b0ce0758 (type: floatingips) to 4
2026-07-01 02:03:54.634 8 INFO neutron.db.ovn_revision_numbers_db [None req-a71885bb-d617-4cee-89f2-4aebf7d770ec 474956a82a4c4d7da22fa13deb87a77d 0ad1fab1d603420bb116b59e86dcb8eb - - default default] Successfully bumped revision number for resource 887e5842-9c49-4722-ba7f-b9c8b0ce0758 (type: floatingips) to 5
2026-07-01 02:03:54.635 8 INFO neutron.db.l3_db [None req-a71885bb-d617-4cee-89f2-4aebf7d770ec 474956a82a4c4d7da22fa13deb87a77d 0ad1fab1d603420bb116b59e86dcb8eb - - default default] Floating IP 887e5842-9c49-4722-ba7f-b9c8b0ce0758 associated. External IP: 10.96.250.218, port: ea66efdd-64f3-4f84-96bd-eb1388efabc3.
2026-07-01 02:03:54.652 7 INFO neutron_taas.services.taas.taas_plugin [None req-e84f22ee-affa-494b-894f-26c2572d2dfb 7f302901e24d45a7bc1a87fe4b2a7082 61cf9f8f357c4847a3bbb29a24618b19 - - default default] TaaS: Handle Delete Port: 880980e4-d380-4b41-8920-a41cc6636deb
2026-07-01 02:03:54.655 7 INFO neutron_taas.services.taas.tap_mirror_plugin [None req-e84f22ee-affa-494b-894f-26c2572d2dfb 7f302901e24d45a7bc1a87fe4b2a7082 61cf9f8f357c4847a3bbb29a24618b19 - - default default] Tap Mirror: Handle Delete Port: 880980e4-d380-4b41-8920-a41cc6636deb [pid: 8|app: 0|req: 1048/2273] 10.0.0.10 () {34 vars in 748 bytes} [Wed Jul 1 02:03:53 2026] PUT /v2.0/floatingips/887e5842-9c49-4722-ba7f-b9c8b0ce0758 => generated 856 bytes in 1186 msecs (HTTP/1.1 200) 4 headers in 157 bytes (1 switches on core 0) /var/lib/openstack/lib/python3.12/site-packages/pycadf/identifier.py:70: UserWarning: Invalid uuid: neutron. To ensure interoperability, identifiers should be a valid uuid. warnings.warn(('Invalid uuid: %s. To ensure interoperability, '
2026-07-01 02:03:54.708 8 INFO neutron.notifiers.nova [-] Nova event matching ['req-582b1165-329c-40b3-8c2c-4d59f2eee542'] response: {'name': 'network-changed', 'server_uuid': 'edae3668-b518-4ba3-afdc-dd4d620a45dd', 'tag': 'ea66efdd-64f3-4f84-96bd-eb1388efabc3', 'status': 'completed', 'code': 200}
2026-07-01 02:03:55.202 8 WARNING neutron.scheduler.dhcp_agent_scheduler [None req-1c31a766-1596-4bf6-af29-f768c966b12f 227f9a5611d04d518691c324ef54a93a 54e72112fc5b44cdb32b17eebee73daa - - default default] No more DHCP agents
2026-07-01 02:03:55.204 8 WARNING neutron.api.rpc.agentnotifiers.dhcp_rpc_agent_api [None req-1c31a766-1596-4bf6-af29-f768c966b12f 227f9a5611d04d518691c324ef54a93a 54e72112fc5b44cdb32b17eebee73daa - - default default] Unable to schedule network 0c40827c-a5b3-4268-87c0-f407c14a7213: no agents available; will retry on subsequent port and subnet creation events. [pid: 7|app: 0|req: 1226/2274] 10.0.0.10 () {34 vars in 788 bytes} [Wed Jul 1 02:03:54 2026] PUT /v2.0/routers/8bfd7f39-80aa-4fd1-8834-eef32ea74fae/remove_router_interface => generated 309 bytes in 960 msecs (HTTP/1.1 200) 4 headers in 157 bytes (1 switches on core 0) /var/lib/openstack/lib/python3.12/site-packages/pycadf/identifier.py:70: UserWarning: Invalid uuid: neutron. To ensure interoperability, identifiers should be a valid uuid. warnings.warn(('Invalid uuid: %s. To ensure interoperability, ' [pid: 7|app: 0|req: 1227/2275] 10.0.0.10 () {32 vars in 728 bytes} [Wed Jul 1 02:03:55 2026] GET /v2.0/floatingips/887e5842-9c49-4722-ba7f-b9c8b0ce0758 => generated 858 bytes in 39 msecs (HTTP/1.1 200) 4 headers in 157 bytes (1 switches on core 0)
2026-07-01 02:03:55.334 8 INFO neutron.plugins.ml2.drivers.ovn.mech_driver.mech_driver [None req-88b82626-e2eb-47c1-95b6-442794507354 - - - - - -] OVN reports status down for port: 5f466c55-2430-407a-80d6-3595a13e45b0 [pid: 7|app: 0|req: 1228/2276] 199.204.45.205 () {34 vars in 1080 bytes} [Wed Jul 1 02:03:55 2026] GET /v2.0/ports?tenant_id=0ad1fab1d603420bb116b59e86dcb8eb&device_id=edae3668-b518-4ba3-afdc-dd4d620a45dd => generated 1213 bytes in 50 msecs (HTTP/1.1 200) 4 headers in 158 bytes (1 switches on core 0)
2026-07-01 02:03:55.390 8 INFO neutron.db.ovn_revision_numbers_db [None req-1c31a766-1596-4bf6-af29-f768c966b12f 227f9a5611d04d518691c324ef54a93a 54e72112fc5b44cdb32b17eebee73daa - - default default] Successfully bumped revision number for resource 5f466c55-2430-407a-80d6-3595a13e45b0 (type: ports) to 1
2026-07-01 02:03:55.688 7 INFO neutron_taas.services.taas.taas_plugin [None req-ead151de-fcb5-4de4-9094-e86a54a66816 7f302901e24d45a7bc1a87fe4b2a7082 61cf9f8f357c4847a3bbb29a24618b19 - - default default] TaaS: Handle Delete Port: 8cddbf8c-f38d-49bf-98c2-ad33f951d630
2026-07-01 02:03:55.691 7 INFO neutron_taas.services.taas.tap_mirror_plugin [None req-ead151de-fcb5-4de4-9094-e86a54a66816 7f302901e24d45a7bc1a87fe4b2a7082 61cf9f8f357c4847a3bbb29a24618b19 - - default default] Tap Mirror: Handle Delete Port: 8cddbf8c-f38d-49bf-98c2-ad33f951d630 [pid: 7|app: 0|req: 1229/2277] 10.0.0.10 () {32 vars in 723 bytes} [Wed Jul 1 02:03:55 2026] DELETE /v2.0/routers/8bfd7f39-80aa-4fd1-8834-eef32ea74fae => generated 0 bytes in 788 msecs (HTTP/1.1 204) 2 headers in 112 bytes (1 switches on core 0)
2026-07-01 02:03:56.181 8 INFO neutron.plugins.ml2.drivers.ovn.mech_driver.mech_driver [None req-88b82626-e2eb-47c1-95b6-442794507354 - - - - - -] OVN reports status up for port: 5f466c55-2430-407a-80d6-3595a13e45b0 [pid: 7|app: 0|req: 1230/2278] 199.204.45.205 () {34 vars in 986 bytes} [Wed Jul 1 02:03:56 2026] GET /v2.0/networks?id=1f350065-210e-4438-8ef2-872d0aa72976 => generated 759 bytes in 52 msecs (HTTP/1.1 200) 4 headers in 157 bytes (1 switches on core 0)
2026-07-01 02:03:56.205 8 INFO neutron.plugins.ml2.plugin [None req-88b82626-e2eb-47c1-95b6-442794507354 - - - - - -] Attempt 1 to provision port 5f466c55-2430-407a-80d6-3595a13e45b0
2026-07-01 02:03:56.320 8 WARNING neutron.scheduler.dhcp_agent_scheduler [None req-1c31a766-1596-4bf6-af29-f768c966b12f 227f9a5611d04d518691c324ef54a93a 54e72112fc5b44cdb32b17eebee73daa - - default default] No more DHCP agents
2026-07-01 02:03:56.323 8 WARNING neutron.api.rpc.agentnotifiers.dhcp_rpc_agent_api [None req-1c31a766-1596-4bf6-af29-f768c966b12f 227f9a5611d04d518691c324ef54a93a 54e72112fc5b44cdb32b17eebee73daa - - default default] Unable to schedule network 0c40827c-a5b3-4268-87c0-f407c14a7213: no agents available; will retry on subsequent port and subnet creation events. [pid: 7|app: 0|req: 1231/2279] 10.0.0.10 () {32 vars in 723 bytes} [Wed Jul 1 02:03:56 2026] DELETE /v2.0/subnets/a9c5822a-d823-45a6-8200-241f5fb8bfa7 => generated 0 bytes in 144 msecs (HTTP/1.1 204) 3 headers in 131 bytes (1 switches on core 0) [pid: 7|app: 0|req: 1232/2280] 199.204.45.205 () {34 vars in 1060 bytes} [Wed Jul 1 02:03:56 2026] GET /v2.0/floatingips?fixed_ip_address=10.100.0.12&port_id=ea66efdd-64f3-4f84-96bd-eb1388efabc3 => generated 861 bytes in 45 msecs (HTTP/1.1 200) 4 headers in 157 bytes (1 switches on core 0)
2026-07-01 02:03:56.500 7 INFO neutron_taas.services.taas.taas_plugin [None req-0ad07120-bc10-4870-b12e-628a08261eb8 7f302901e24d45a7bc1a87fe4b2a7082 61cf9f8f357c4847a3bbb29a24618b19 - - default default] TaaS: Handle Delete Port: ac0008dc-76e2-401d-be99-8f995bef4cea
2026-07-01 02:03:56.504 7 INFO neutron_taas.services.taas.tap_mirror_plugin [None req-0ad07120-bc10-4870-b12e-628a08261eb8 7f302901e24d45a7bc1a87fe4b2a7082 61cf9f8f357c4847a3bbb29a24618b19 - - default default] Tap Mirror: Handle Delete Port: ac0008dc-76e2-401d-be99-8f995bef4cea
2026-07-01 02:03:56.683 7 INFO neutron.services.segments.plugin [-] Segment ad9ad295-420f-481e-9c5a-a14974a73093 resource provider aggregate not found
2026-07-01 02:03:56.688 7 INFO neutron.services.segments.plugin [-] Segment ad9ad295-420f-481e-9c5a-a14974a73093 resource provider aggregate not found
2026-07-01 02:03:56.698 7 INFO neutron.services.segments.plugin [-] Segment ad9ad295-420f-481e-9c5a-a14974a73093 resource provider not found; error: Placement Client Error (4xx): {"errors": [{"status": 404, "title": "Not Found", "detail": "The resource could not be found.\n\n No resource provider with uuid ad9ad295-420f-481e-9c5a-a14974a73093 found for delete ", "request_id": "req-3b151629-3100-451f-89a4-a1bda03c4a1f"}]}
2026-07-01 02:03:56.719 7 INFO neutron.services.segments.plugin [-] Segment ad9ad295-420f-481e-9c5a-a14974a73093 resource provider not found; error: Placement Client Error (4xx): {"errors": [{"status": 404, "title": "Not Found", "detail": "The resource could not be found.\n\n No resource provider with uuid ad9ad295-420f-481e-9c5a-a14974a73093 found for delete ", "request_id": "req-2fc83e8d-d046-4a09-9612-783328c68b63"}]} [pid: 7|app: 0|req: 1233/2281] 10.0.0.10 () {32 vars in 725 bytes} [Wed Jul 1 02:03:56 2026] DELETE /v2.0/networks/f12f99f1-8cac-4b31-9eea-de3c5ec43ca6 => generated 0 bytes in 358 msecs (HTTP/1.1 204) 3 headers in 131 bytes (1 switches on core 0) [pid: 7|app: 0|req: 1234/2282] 199.204.45.205 () {34 vars in 984 bytes} [Wed Jul 1 02:03:56 2026] GET /v2.0/subnets?id=b61642ec-eeaa-4917-8b5f-b20b40575b10 => generated 678 bytes in 36 msecs (HTTP/1.1 200) 4 headers in 157 bytes (1 switches on core 0) [pid: 7|app: 0|req: 1235/2283] 199.204.45.205 () {34 vars in 1052 bytes} [Wed Jul 1 02:03:56 2026] GET /v2.0/ports?network_id=1f350065-210e-4438-8ef2-872d0aa72976&device_owner=network%3Adhcp => generated 12 bytes in 25 msecs (HTTP/1.1 200) 4 headers in 156 bytes (1 switches on core 0) [pid: 7|app: 0|req: 1236/2284] 199.204.45.205 () {34 vars in 1012 bytes} [Wed Jul 1 02:03:56 2026] GET /v2.0/networks/1f350065-210e-4438-8ef2-872d0aa72976?fields=segments => generated 14 bytes in 45 msecs (HTTP/1.1 200) 4 headers in 156 bytes (1 switches on core 0)
2026-07-01 02:03:56.903 8 INFO neutron.db.ovn_revision_numbers_db [None req-88b82626-e2eb-47c1-95b6-442794507354 - - - - - -] Successfully bumped revision number for resource 5f466c55-2430-407a-80d6-3595a13e45b0 (type: ports) to 2 [pid: 7|app: 0|req: 1237/2285] 199.204.45.205 () {34 vars in 1112 bytes} [Wed Jul 1 02:03:56 2026] GET /v2.0/networks/1f350065-210e-4438-8ef2-872d0aa72976?fields=provider%3Aphysical_network&fields=provider%3Anetwork_type => generated 79 bytes in 60 msecs (HTTP/1.1 200) 4 headers in 156 bytes (1 switches on core 0)
2026-07-01 02:03:57.079 8 INFO neutron.db.ovn_revision_numbers_db [None req-1c31a766-1596-4bf6-af29-f768c966b12f 227f9a5611d04d518691c324ef54a93a 54e72112fc5b44cdb32b17eebee73daa - - default default] Successfully bumped revision number for resource 5f466c55-2430-407a-80d6-3595a13e45b0 (type: router_ports) to 1 [pid: 8|app: 0|req: 1049/2286] 10.0.0.10 () {34 vars in 782 bytes} [Wed Jul 1 02:03:54 2026] PUT /v2.0/routers/e7e5336c-e699-4417-ab7d-3506d526598e/add_router_interface => generated 309 bytes in 2423 msecs (HTTP/1.1 200) 4 headers in 157 bytes (1 switches on core 0) [pid: 8|app: 0|req: 1050/2287] 10.0.0.10 () {32 vars in 773 bytes} [Wed Jul 1 02:03:57 2026] GET /v2.0/security-groups?tenant_id=10ca6afc1fef4a4393759497e05900a0&name=default => generated 2925 bytes in 30 msecs (HTTP/1.1 200) 4 headers in 158 bytes (1 switches on core 0) [pid: 8|app: 0|req: 1051/2288] 10.0.0.10 () {32 vars in 739 bytes} [Wed Jul 1 02:03:57 2026] DELETE /v2.0/security-groups/f8176263-cff7-47fb-8aaa-dff8b1801e53 => generated 0 bytes in 234 msecs (HTTP/1.1 204) 2 headers in 112 bytes (1 switches on core 0) [pid: 8|app: 0|req: 1052/2289] 10.0.0.10 () {32 vars in 773 bytes} [Wed Jul 1 02:03:57 2026] GET /v2.0/security-groups?tenant_id=ca9731b3c1f2482992c845b00db6a57e&name=default => generated 2925 bytes in 44 msecs (HTTP/1.1 200) 4 headers in 158 bytes (1 switches on core 0)
2026-07-01 02:03:57.648 7 WARNING neutron.scheduler.dhcp_agent_scheduler [None req-74a51b96-2ba8-443d-8628-cf235bedfa9a 227f9a5611d04d518691c324ef54a93a 54e72112fc5b44cdb32b17eebee73daa - - default default] No more DHCP agents
2026-07-01 02:03:57.649 7 WARNING neutron.api.rpc.agentnotifiers.dhcp_rpc_agent_api [None req-74a51b96-2ba8-443d-8628-cf235bedfa9a 227f9a5611d04d518691c324ef54a93a 54e72112fc5b44cdb32b17eebee73daa - - default default] Unable to schedule network 6fc58d16-4677-4557-9b8b-2d41e27543d5: no agents available; will retry on subsequent port and subnet creation events.
2026-07-01 02:03:57.801 7 INFO neutron.db.ovn_revision_numbers_db [None req-74a51b96-2ba8-443d-8628-cf235bedfa9a 227f9a5611d04d518691c324ef54a93a 54e72112fc5b44cdb32b17eebee73daa - - default default] Successfully bumped revision number for resource 1bcee3a6-a217-4e3a-94b3-11bb1292e4e7 (type: ports) to 1 [pid: 8|app: 0|req: 1053/2290] 10.0.0.10 () {32 vars in 739 bytes} [Wed Jul 1 02:03:57 2026] DELETE /v2.0/security-groups/35aff975-9e23-401c-8e83-ba4f85d09112 => generated 0 bytes in 272 msecs (HTTP/1.1 204) 2 headers in 112 bytes (1 switches on core 0)
2026-07-01 02:03:58.615 7 WARNING neutron.scheduler.dhcp_agent_scheduler [None req-74a51b96-2ba8-443d-8628-cf235bedfa9a 227f9a5611d04d518691c324ef54a93a 54e72112fc5b44cdb32b17eebee73daa - - default default] No more DHCP agents
2026-07-01 02:03:58.616 7 WARNING neutron.api.rpc.agentnotifiers.dhcp_rpc_agent_api [None req-74a51b96-2ba8-443d-8628-cf235bedfa9a 227f9a5611d04d518691c324ef54a93a 54e72112fc5b44cdb32b17eebee73daa - - default default] Unable to schedule network 6fc58d16-4677-4557-9b8b-2d41e27543d5: no agents available; will retry on subsequent port and subnet creation events.
2026-07-01 02:03:58.950 7 INFO neutron.db.ovn_revision_numbers_db [None req-74a51b96-2ba8-443d-8628-cf235bedfa9a 227f9a5611d04d518691c324ef54a93a 54e72112fc5b44cdb32b17eebee73daa - - default default] Successfully bumped revision number for resource 1bcee3a6-a217-4e3a-94b3-11bb1292e4e7 (type: router_ports) to 1 [pid: 7|app: 0|req: 1238/2291] 10.0.0.10 () {34 vars in 782 bytes} [Wed Jul 1 02:03:57 2026] PUT /v2.0/routers/e7e5336c-e699-4417-ab7d-3506d526598e/add_router_interface => generated 309 bytes in 1865 msecs (HTTP/1.1 200) 4 headers in 157 bytes (1 switches on core 0)
2026-07-01 02:03:59.116 8 INFO neutron.db.ovn_revision_numbers_db [None req-92f537a4-edaa-42e0-9707-678ff623f455 227f9a5611d04d518691c324ef54a93a 54e72112fc5b44cdb32b17eebee73daa - - default default] Successfully bumped revision number for resource 32822161-1f30-459f-bb4a-1c2fcc6d2e7f (type: security_groups) to 1
2026-07-01 02:03:59.128 8 INFO neutron.db.ovn_revision_numbers_db [None req-92f537a4-edaa-42e0-9707-678ff623f455 227f9a5611d04d518691c324ef54a93a 54e72112fc5b44cdb32b17eebee73daa - - default default] Successfully bumped revision number for resource 49c87b56-b030-4a15-a477-341305cb3147 (type: security_group_rules) to 0
2026-07-01 02:03:59.140 8 INFO neutron.db.ovn_revision_numbers_db [None req-92f537a4-edaa-42e0-9707-678ff623f455 227f9a5611d04d518691c324ef54a93a 54e72112fc5b44cdb32b17eebee73daa - - default default] Successfully bumped revision number for resource bb0956b0-8305-4bb1-aaa4-9da525f50690 (type: security_group_rules) to 0 [pid: 8|app: 0|req: 1054/2292] 10.0.0.10 () {34 vars in 683 bytes} [Wed Jul 1 02:03:59 2026] POST /v2.0/security-groups => generated 1627 bytes in 165 msecs (HTTP/1.1 201) 4 headers in 163 bytes (1 switches on core 0)
2026-07-01 02:03:59.308 7 INFO neutron.db.ovn_revision_numbers_db [None req-562d7aab-091a-4536-8b66-9a974f6ccc7e 227f9a5611d04d518691c324ef54a93a 54e72112fc5b44cdb32b17eebee73daa - - default default] Successfully bumped revision number for resource 8cff548c-adff-46d8-b7c5-d7278afdeae8 (type: security_group_rules) to 0 [pid: 7|app: 0|req: 1239/2293] 10.0.0.10 () {34 vars in 694 bytes} [Wed Jul 1 02:03:59 2026] POST /v2.0/security-group-rules => generated 597 bytes in 168 msecs (HTTP/1.1 201) 4 headers in 162 bytes (1 switches on core 0)
2026-07-01 02:03:59.546 8 INFO neutron.db.ovn_revision_numbers_db [None req-1be40e18-b684-4cb4-b815-bcb52c70e2e4 227f9a5611d04d518691c324ef54a93a 54e72112fc5b44cdb32b17eebee73daa - - default default] Successfully bumped revision number for resource 2435417b-8a3b-4ca7-bbf1-5c5a64dc2633 (type: security_group_rules) to 0 [pid: 8|app: 0|req: 1055/2294] 10.0.0.10 () {34 vars in 694 bytes} [Wed Jul 1 02:03:59 2026] POST /v2.0/security-group-rules => generated 597 bytes in 231 msecs (HTTP/1.1 201) 4 headers in 162 bytes (1 switches on core 0)
2026-07-01 02:03:59.721 7 INFO neutron.db.ovn_revision_numbers_db [None req-dd5708d7-ea67-4c21-b818-149d993b93bf 227f9a5611d04d518691c324ef54a93a 54e72112fc5b44cdb32b17eebee73daa - - default default] Successfully bumped revision number for resource 2326bcf1-a96a-4a44-b525-5ca999ad7f23 (type: security_group_rules) to 0 [pid: 7|app: 0|req: 1240/2295] 10.0.0.10 () {34 vars in 694 bytes} [Wed Jul 1 02:03:59 2026] POST /v2.0/security-group-rules => generated 599 bytes in 162 msecs (HTTP/1.1 201) 4 headers in 162 bytes (1 switches on core 0)
2026-07-01 02:03:59.952 8 INFO neutron.db.ovn_revision_numbers_db [None req-6c773fe3-2a8e-4bb0-9990-ebe69632b6d2 227f9a5611d04d518691c324ef54a93a 54e72112fc5b44cdb32b17eebee73daa - - default default] Successfully bumped revision number for resource e01795a5-2894-4845-afb6-83b9e1a564f5 (type: security_group_rules) to 0 [pid: 8|app: 0|req: 1056/2296] 10.0.0.10 () {34 vars in 694 bytes} [Wed Jul 1 02:03:59 2026] POST /v2.0/security-group-rules => generated 601 bytes in 230 msecs (HTTP/1.1 201) 4 headers in 162 bytes (1 switches on core 0)
2026-07-01 02:04:00.144 7 INFO neutron.db.ovn_revision_numbers_db [None req-3691e74c-c8be-4187-8975-969df786d331 227f9a5611d04d518691c324ef54a93a 54e72112fc5b44cdb32b17eebee73daa - - default default] Successfully bumped revision number for resource 623066a2-e0be-46fb-8ebb-bd26b35e2c42 (type: security_group_rules) to 0 [pid: 7|app: 0|req: 1241/2297] 10.0.0.10 () {34 vars in 694 bytes} [Wed Jul 1 02:03:59 2026] POST /v2.0/security-group-rules => generated 601 bytes in 181 msecs (HTTP/1.1 201) 4 headers in 162 bytes (1 switches on core 0)
2026-07-01 02:04:00.266 7 WARNING neutron.plugins.ml2.drivers.ovn.mech_driver.ovsdb.ovn_client [None req-417500b1-8b43-4c06-83a5-8fff5d0ceba4 - - - - - -] No hosting information found for port 20ff0379-a5fa-4b45-a6d9-af76292fcebc: RuntimeError: No hosting information found for port 20ff0379-a5fa-4b45-a6d9-af76292fcebc
2026-07-01 02:04:00.340 8 INFO neutron.db.ovn_revision_numbers_db [None req-0a67733c-0d7f-4468-814c-3e09d35fa026 227f9a5611d04d518691c324ef54a93a 54e72112fc5b44cdb32b17eebee73daa - - default default] Successfully bumped revision number for resource 5cf83c1e-0bf2-478f-b009-999c83f53e9d (type: security_group_rules) to 0
2026-07-01 02:04:00.344 7 INFO neutron.db.ovn_revision_numbers_db [None req-417500b1-8b43-4c06-83a5-8fff5d0ceba4 - - - - - -] Successfully bumped revision number for resource 20ff0379-a5fa-4b45-a6d9-af76292fcebc (type: router_ports) to 2 [pid: 8|app: 0|req: 1057/2298] 10.0.0.10 () {34 vars in 694 bytes} [Wed Jul 1 02:04:00 2026] POST /v2.0/security-group-rules => generated 597 bytes in 194 msecs (HTTP/1.1 201) 4 headers in 162 bytes (1 switches on core 0)
2026-07-01 02:04:00.544 7 INFO neutron.db.ovn_revision_numbers_db [None req-ee17e23d-131d-43bc-9bcc-eb391c8e9428 227f9a5611d04d518691c324ef54a93a 54e72112fc5b44cdb32b17eebee73daa - - default default] Successfully bumped revision number for resource 6a43ea04-4d65-4ead-81a7-cde2f3f935b9 (type: security_group_rules) to 0 [pid: 7|app: 0|req: 1242/2299] 10.0.0.10 () {34 vars in 694 bytes} [Wed Jul 1 02:04:00 2026] POST /v2.0/security-group-rules => generated 597 bytes in 201 msecs (HTTP/1.1 201) 4 headers in 162 bytes (1 switches on core 0) [pid: 7|app: 0|req: 1243/2300] 10.0.0.228 () {34 vars in 990 bytes} [Wed Jul 1 02:04:00 2026] GET /v2.0/ports?device_id=edae3668-b518-4ba3-afdc-dd4d620a45dd => generated 1213 bytes in 36 msecs (HTTP/1.1 200) 4 headers in 158 bytes (1 switches on core 0) [pid: 7|app: 0|req: 1244/2301] 10.0.0.228 () {34 vars in 1040 bytes} [Wed Jul 1 02:04:00 2026] GET /v2.0/security-groups?id=86359872-c328-4d7f-a174-10d3a8a7bfd1&fields=id&fields=name => generated 113 bytes in 49 msecs (HTTP/1.1 200) 4 headers in 157 bytes (1 switches on core 0)
2026-07-01 02:04:00.764 8 INFO neutron.db.ovn_revision_numbers_db [None req-096bd2ed-7134-4090-872f-58c3414986e8 227f9a5611d04d518691c324ef54a93a 54e72112fc5b44cdb32b17eebee73daa - - default default] Successfully bumped revision number for resource fb8dbd64-d38e-4b69-bbca-9fdc79f1f676 (type: security_group_rules) to 0 [pid: 8|app: 0|req: 1058/2302] 10.0.0.10 () {34 vars in 694 bytes} [Wed Jul 1 02:04:00 2026] POST /v2.0/security-group-rules => generated 597 bytes in 227 msecs (HTTP/1.1 201) 4 headers in 162 bytes (1 switches on core 0)
2026-07-01 02:04:00.986 7 INFO neutron.db.ovn_revision_numbers_db [None req-b2725e31-d5e2-4370-90d7-b26a86a13fb9 227f9a5611d04d518691c324ef54a93a 54e72112fc5b44cdb32b17eebee73daa - - default default] Successfully bumped revision number for resource 2906cdd5-3652-4a39-9b67-4a4885b860f1 (type: security_group_rules) to 0 [pid: 7|app: 0|req: 1245/2303] 10.0.0.10 () {34 vars in 694 bytes} [Wed Jul 1 02:04:00 2026] POST /v2.0/security-group-rules => generated 599 bytes in 211 msecs (HTTP/1.1 201) 4 headers in 162 bytes (1 switches on core 0)
2026-07-01 02:04:01.239 8 INFO neutron.db.ovn_revision_numbers_db [None req-9780bb18-2844-4e27-83f7-08eef0138917 227f9a5611d04d518691c324ef54a93a 54e72112fc5b44cdb32b17eebee73daa - - default default] Successfully bumped revision number for resource 072dd899-bdb7-49cb-96f0-72cac951ae66 (type: security_group_rules) to 0 [pid: 8|app: 0|req: 1059/2304] 10.0.0.10 () {34 vars in 694 bytes} [Wed Jul 1 02:04:01 2026] POST /v2.0/security-group-rules => generated 601 bytes in 238 msecs (HTTP/1.1 201) 4 headers in 162 bytes (1 switches on core 0)
2026-07-01 02:04:01.494 7 INFO neutron.db.ovn_revision_numbers_db [None req-d6745047-f2a5-42a2-86fb-174533408189 227f9a5611d04d518691c324ef54a93a 54e72112fc5b44cdb32b17eebee73daa - - default default] Successfully bumped revision number for resource 3768bbc6-acf6-400a-ac53-3670cc9dc8a1 (type: security_group_rules) to 0 [pid: 7|app: 0|req: 1246/2305] 10.0.0.10 () {34 vars in 694 bytes} [Wed Jul 1 02:04:01 2026] POST /v2.0/security-group-rules => generated 597 bytes in 266 msecs (HTTP/1.1 201) 4 headers in 162 bytes (1 switches on core 0) [pid: 8|app: 0|req: 1060/2306] 10.0.0.79 () {34 vars in 1093 bytes} [Wed Jul 1 02:04:01 2026] GET /v2.0/security-groups?name=tempest-lb_member_SG-468026910&fields=id&tenant_id=54e72112fc5b44cdb32b17eebee73daa => generated 69 bytes in 41 msecs (HTTP/1.1 200) 4 headers in 156 bytes (1 switches on core 0)
2026-07-01 02:04:01.940 8 WARNING neutron.plugins.ml2.drivers.ovn.mech_driver.ovsdb.ovn_client [None req-0ddc02a7-cf18-4bf9-9a88-ee49942f6269 - - - - - -] No hosting information found for port 5f466c55-2430-407a-80d6-3595a13e45b0: RuntimeError: No hosting information found for port 5f466c55-2430-407a-80d6-3595a13e45b0 [pid: 8|app: 0|req: 1061/2307] 10.0.0.79 () {34 vars in 981 bytes} [Wed Jul 1 02:04:01 2026] GET /v2.0/networks?id=0c40827c-a5b3-4268-87c0-f407c14a7213 => generated 705 bytes in 82 msecs (HTTP/1.1 200) 4 headers in 157 bytes (1 switches on core 0) [pid: 8|app: 0|req: 1062/2308] 10.0.0.79 () {34 vars in 964 bytes} [Wed Jul 1 02:04:01 2026] GET /v2.0/quotas/54e72112fc5b44cdb32b17eebee73daa => generated 292 bytes in 17 msecs (HTTP/1.1 200) 4 headers in 157 bytes (1 switches on core 0)
