2026-07-01 02:03:06.810 8 INFO neutron.db.ovn_revision_numbers_db [None req-a1f0a236-8811-4c59-866a-2bc59cf867ba 37acebeebc824459ba7dad0ef942d4fc 7a594cbc5a774c0e994cff3351664ab7 - - default default] Successfully bumped revision number for resource 8d5e8c41-b0af-452a-a995-746cac0b865d (type: networks) to 1 [pid: 7|app: 0|req: 1046/1908] 10.0.0.10 () {34 vars in 675 bytes} [Wed Jul 1 02:03:06 2026] POST /v2.0/floatingips => generated 552 bytes in 555 msecs (HTTP/1.1 201) 4 headers in 162 bytes (1 switches on core 0)
2026-07-01 02:03:06.957 8 WARNING neutron.scheduler.dhcp_agent_scheduler [None req-a1f0a236-8811-4c59-866a-2bc59cf867ba 37acebeebc824459ba7dad0ef942d4fc 7a594cbc5a774c0e994cff3351664ab7 - - default default] No more DHCP agents
2026-07-01 02:03:06.958 8 WARNING neutron.api.rpc.agentnotifiers.dhcp_rpc_agent_api [None req-a1f0a236-8811-4c59-866a-2bc59cf867ba 37acebeebc824459ba7dad0ef942d4fc 7a594cbc5a774c0e994cff3351664ab7 - - default default] Unable to schedule network 8d5e8c41-b0af-452a-a995-746cac0b865d: no agents available; will retry on subsequent port and subnet creation events. [pid: 7|app: 0|req: 1047/1909] 10.0.0.79 () {34 vars in 1097 bytes} [Wed Jul 1 02:03:06 2026] GET /v2.0/security-groups?name=tempest-securitygroup--787009835&fields=id&tenant_id=ca9731b3c1f2482992c845b00db6a57e => generated 69 bytes in 24 msecs (HTTP/1.1 200) 4 headers in 156 bytes (1 switches on core 0) [pid: 7|app: 0|req: 1048/1910] 10.0.0.79 () {34 vars in 1099 bytes} [Wed Jul 1 02:03:06 2026] GET /v2.0/security-groups?name=tempest-secgroup-smoke-2063551181&fields=id&tenant_id=ca9731b3c1f2482992c845b00db6a57e => generated 69 bytes in 50 msecs (HTTP/1.1 200) 4 headers in 156 bytes (1 switches on core 0)
2026-07-01 02:03:07.041 8 INFO neutron.db.ovn_revision_numbers_db [None req-a1f0a236-8811-4c59-866a-2bc59cf867ba 37acebeebc824459ba7dad0ef942d4fc 7a594cbc5a774c0e994cff3351664ab7 - - default default] Successfully bumped revision number for resource 183d047b-5ec6-460a-b420-e9f9cc591df3 (type: ports) to 1 [pid: 8|app: 0|req: 863/1911] 10.0.0.10 () {34 vars in 669 bytes} [Wed Jul 1 02:03:06 2026] POST /v2.0/networks => generated 654 bytes in 462 msecs (HTTP/1.1 201) 4 headers in 162 bytes (1 switches on core 0) [pid: 7|app: 0|req: 1049/1912] 10.0.0.79 () {34 vars in 981 bytes} [Wed Jul 1 02:03:07 2026] GET /v2.0/networks?id=d92b1a30-aca9-4d11-a9d5-5e7627c60da8 => generated 673 bytes in 44 msecs (HTTP/1.1 200) 4 headers in 157 bytes (1 switches on core 0) [pid: 7|app: 0|req: 1050/1913] 10.0.0.79 () {34 vars in 964 bytes} [Wed Jul 1 02:03:07 2026] GET /v2.0/quotas/ca9731b3c1f2482992c845b00db6a57e => generated 292 bytes in 10 msecs (HTTP/1.1 200) 4 headers in 157 bytes (1 switches on core 0)
2026-07-01 02:03:07.159 8 INFO neutron.db.segments_db [None req-3d511f69-dcd4-412a-a27a-516cf084e232 37acebeebc824459ba7dad0ef942d4fc 7a594cbc5a774c0e994cff3351664ab7 - - default default] Added segment 41cea41f-5590-42c5-a50a-f6dcbc611e1e of type geneve for network a9293bff-af8d-4aaa-bfd9-cdfced7aba22 [pid: 7|app: 0|req: 1051/1914] 10.0.0.79 () {34 vars in 1001 bytes} [Wed Jul 1 02:03:07 2026] GET /v2.0/ports?tenant_id=ca9731b3c1f2482992c845b00db6a57e&fields=id => generated 103 bytes in 58 msecs (HTTP/1.1 200) 4 headers in 157 bytes (1 switches on core 0) [pid: 7|app: 0|req: 1052/1915] 10.0.0.79 () {34 vars in 1007 bytes} [Wed Jul 1 02:03:07 2026] GET /v2.0/networks/d92b1a30-aca9-4d11-a9d5-5e7627c60da8?fields=segments => generated 14 bytes in 41 msecs (HTTP/1.1 200) 4 headers in 156 bytes (1 switches on core 0)
2026-07-01 02:03:07.277 8 INFO neutron.db.ovn_revision_numbers_db [None req-3d511f69-dcd4-412a-a27a-516cf084e232 37acebeebc824459ba7dad0ef942d4fc 7a594cbc5a774c0e994cff3351664ab7 - - default default] Successfully bumped revision number for resource a9293bff-af8d-4aaa-bfd9-cdfced7aba22 (type: networks) to 1 [pid: 7|app: 0|req: 1053/1916] 10.0.0.79 () {34 vars in 1107 bytes} [Wed Jul 1 02:03:07 2026] GET /v2.0/networks/d92b1a30-aca9-4d11-a9d5-5e7627c60da8?fields=provider%3Aphysical_network&fields=provider%3Anetwork_type => generated 79 bytes in 46 msecs (HTTP/1.1 200) 4 headers in 156 bytes (1 switches on core 0) [pid: 7|app: 0|req: 1054/1917] 10.0.0.79 () {34 vars in 989 bytes} [Wed Jul 1 02:03:07 2026] GET /v2.0/ports?device_id=a51da18b-888d-4e8e-b0bf-6747ca142527 => generated 12 bytes in 20 msecs (HTTP/1.1 200) 4 headers in 156 bytes (1 switches on core 0)
2026-07-01 02:03:07.470 8 WARNING neutron.scheduler.dhcp_agent_scheduler [None req-3d511f69-dcd4-412a-a27a-516cf084e232 37acebeebc824459ba7dad0ef942d4fc 7a594cbc5a774c0e994cff3351664ab7 - - default default] No more DHCP agents
2026-07-01 02:03:07.471 8 WARNING neutron.api.rpc.agentnotifiers.dhcp_rpc_agent_api [None req-3d511f69-dcd4-412a-a27a-516cf084e232 37acebeebc824459ba7dad0ef942d4fc 7a594cbc5a774c0e994cff3351664ab7 - - default default] Unable to schedule network a9293bff-af8d-4aaa-bfd9-cdfced7aba22: no agents available; will retry on subsequent port and subnet creation events.
2026-07-01 02:03:07.565 8 INFO neutron.db.ovn_revision_numbers_db [None req-3d511f69-dcd4-412a-a27a-516cf084e232 37acebeebc824459ba7dad0ef942d4fc 7a594cbc5a774c0e994cff3351664ab7 - - default default] Successfully bumped revision number for resource 39070caa-88ce-4651-93c4-287e168176be (type: ports) to 1 [pid: 8|app: 0|req: 864/1918] 10.0.0.10 () {34 vars in 669 bytes} [Wed Jul 1 02:03:07 2026] POST /v2.0/networks => generated 654 bytes in 515 msecs (HTTP/1.1 201) 4 headers in 162 bytes (1 switches on core 0) [pid: 7|app: 0|req: 1055/1919] 10.0.0.79 () {34 vars in 989 bytes} [Wed Jul 1 02:03:07 2026] GET /v2.0/ports?device_id=42d41c78-d010-49cf-97de-22210be1904d => generated 12 bytes in 21 msecs (HTTP/1.1 200) 4 headers in 156 bytes (1 switches on core 0)
2026-07-01 02:03:08.342 8 WARNING neutron.scheduler.dhcp_agent_scheduler [None req-f1522b43-5179-4945-a3ee-6c7174013f4f 37acebeebc824459ba7dad0ef942d4fc 7a594cbc5a774c0e994cff3351664ab7 - - default default] No more DHCP agents
2026-07-01 02:03:08.343 8 WARNING neutron.api.rpc.agentnotifiers.dhcp_rpc_agent_api [None req-f1522b43-5179-4945-a3ee-6c7174013f4f 37acebeebc824459ba7dad0ef942d4fc 7a594cbc5a774c0e994cff3351664ab7 - - default default] Unable to schedule network 8d5e8c41-b0af-452a-a995-746cac0b865d: no agents available; will retry on subsequent port and subnet creation events.
2026-07-01 02:03:08.368 8 INFO neutron.db.ovn_revision_numbers_db [None req-f1522b43-5179-4945-a3ee-6c7174013f4f 37acebeebc824459ba7dad0ef942d4fc 7a594cbc5a774c0e994cff3351664ab7 - - default default] Successfully bumped revision number for resource 356e2897-fc32-4555-a5e5-4c13a599e13b (type: subnets) to 0
2026-07-01 02:03:08.396 8 WARNING neutron.scheduler.dhcp_agent_scheduler [None req-f1522b43-5179-4945-a3ee-6c7174013f4f 37acebeebc824459ba7dad0ef942d4fc 7a594cbc5a774c0e994cff3351664ab7 - - default default] No more DHCP agents
2026-07-01 02:03:08.397 8 WARNING neutron.api.rpc.agentnotifiers.dhcp_rpc_agent_api [None req-f1522b43-5179-4945-a3ee-6c7174013f4f 37acebeebc824459ba7dad0ef942d4fc 7a594cbc5a774c0e994cff3351664ab7 - - default default] Unable to schedule network a9293bff-af8d-4aaa-bfd9-cdfced7aba22: no agents available; will retry on subsequent port and subnet creation events.
2026-07-01 02:03:08.412 7 WARNING neutron.plugins.ml2.drivers.ovn.mech_driver.ovsdb.ovn_client [None req-baeeab5f-2706-4db4-95b3-3a7f609b5222 - - - - - -] No hosting information found for port 880980e4-d380-4b41-8920-a41cc6636deb: RuntimeError: No hosting information found for port 880980e4-d380-4b41-8920-a41cc6636deb
2026-07-01 02:03:08.422 8 INFO neutron.db.ovn_revision_numbers_db [None req-f1522b43-5179-4945-a3ee-6c7174013f4f 37acebeebc824459ba7dad0ef942d4fc 7a594cbc5a774c0e994cff3351664ab7 - - default default] Successfully bumped revision number for resource e6028a4b-8671-46b2-b2ec-609261fca5a9 (type: subnets) to 0 [pid: 8|app: 0|req: 865/1922] 10.0.0.10 () {34 vars in 668 bytes} [Wed Jul 1 02:03:08 2026] POST /v2.0/subnets => generated 1323 bytes in 399 msecs (HTTP/1.1 201) 4 headers in 163 bytes (1 switches on core 0) [pid: 8|app: 0|req: 866/1923] 10.0.0.79 () {34 vars in 989 bytes} [Wed Jul 1 02:03:08 2026] GET /v2.0/ports?device_id=a51da18b-888d-4e8e-b0bf-6747ca142527 => generated 12 bytes in 29 msecs (HTTP/1.1 200) 4 headers in 156 bytes (1 switches on core 0) [pid: 7|app: 0|req: 1058/1924] 10.0.0.10 () {32 vars in 646 bytes} [Wed Jul 1 02:03:08 2026] GET /v2.0/subnets => generated 1959 bytes in 83 msecs (HTTP/1.1 200) 4 headers in 158 bytes (1 switches on core 0)
2026-07-01 02:03:08.565 7 INFO neutron.db.ovn_revision_numbers_db [None req-baeeab5f-2706-4db4-95b3-3a7f609b5222 - - - - - -] Successfully bumped revision number for resource 880980e4-d380-4b41-8920-a41cc6636deb (type: router_ports) to 2
2026-07-01 02:03:08.611 7 INFO neutron.plugins.ml2.drivers.ovn.mech_driver.mech_driver [None req-baeeab5f-2706-4db4-95b3-3a7f609b5222 - - - - - -] OVN reports status down for port: 39070caa-88ce-4651-93c4-287e168176be [pid: 8|app: 0|req: 867/1925] 10.0.0.10 () {32 vars in 723 bytes} [Wed Jul 1 02:03:08 2026] DELETE /v2.0/subnets/356e2897-fc32-4555-a5e5-4c13a599e13b => generated 0 bytes in 143 msecs (HTTP/1.1 204) 3 headers in 131 bytes (1 switches on core 0) [pid: 8|app: 0|req: 868/1926] 10.0.0.79 () {34 vars in 989 bytes} [Wed Jul 1 02:03:08 2026] GET /v2.0/ports?device_id=42d41c78-d010-49cf-97de-22210be1904d => generated 12 bytes in 22 msecs (HTTP/1.1 200) 4 headers in 156 bytes (1 switches on core 0) [pid: 7|app: 0|req: 1059/1927] 10.0.0.10 () {32 vars in 723 bytes} [Wed Jul 1 02:03:08 2026] DELETE /v2.0/subnets/e6028a4b-8671-46b2-b2ec-609261fca5a9 => generated 0 bytes in 149 msecs (HTTP/1.1 204) 3 headers in 131 bytes (1 switches on core 0) [pid: 8|app: 0|req: 869/1928] 10.0.0.10 () {32 vars in 646 bytes} [Wed Jul 1 02:03:08 2026] GET /v2.0/subnets => generated 649 bytes in 38 msecs (HTTP/1.1 200) 4 headers in 157 bytes (1 switches on core 0)
2026-07-01 02:03:08.978 8 WARNING neutron.plugins.ml2.drivers.ovn.mech_driver.ovsdb.ovn_client [None req-72a6724c-62b1-428e-b0e6-78d8e9edb61e - - - - - -] No hosting information found for port 4ab4106d-dcd8-4daf-b48d-033233a2ee0c: RuntimeError: No hosting information found for port 4ab4106d-dcd8-4daf-b48d-033233a2ee0c
2026-07-01 02:03:08.998 7 INFO neutron_taas.services.taas.taas_plugin [None req-fe640de6-8e2b-4aed-b99c-b326ad1087c2 37acebeebc824459ba7dad0ef942d4fc 7a594cbc5a774c0e994cff3351664ab7 - - default default] TaaS: Handle Delete Port: 39070caa-88ce-4651-93c4-287e168176be
2026-07-01 02:03:09.002 7 INFO neutron_taas.services.taas.tap_mirror_plugin [None req-fe640de6-8e2b-4aed-b99c-b326ad1087c2 37acebeebc824459ba7dad0ef942d4fc 7a594cbc5a774c0e994cff3351664ab7 - - default default] Tap Mirror: Handle Delete Port: 39070caa-88ce-4651-93c4-287e168176be
2026-07-01 02:03:09.069 8 INFO neutron.db.ovn_revision_numbers_db [None req-72a6724c-62b1-428e-b0e6-78d8e9edb61e - - - - - -] Successfully bumped revision number for resource 4ab4106d-dcd8-4daf-b48d-033233a2ee0c (type: router_ports) to 2
2026-07-01 02:03:09.131 8 INFO neutron.plugins.ml2.drivers.ovn.mech_driver.mech_driver [None req-72a6724c-62b1-428e-b0e6-78d8e9edb61e - - - - - -] OVN reports status down for port: d2826358-6ad8-4dc2-898c-25b662283ead
2026-07-01 02:03:09.139 8 INFO neutron.plugins.ml2.drivers.ovn.mech_driver.mech_driver [None req-72a6724c-62b1-428e-b0e6-78d8e9edb61e - - - - - -] OVN reports status down for port: 3c3501f7-3b51-4325-a008-ac150374d0ad
2026-07-01 02:03:09.199 8 INFO neutron.plugins.ml2.drivers.ovn.mech_driver.mech_driver [None req-72a6724c-62b1-428e-b0e6-78d8e9edb61e - - - - - -] OVN reports status down for port: 419d0ab0-c2e8-4ce4-88b7-728ba86a6160
2026-07-01 02:03:09.221 7 INFO neutron.services.segments.plugin [-] Segment 41cea41f-5590-42c5-a50a-f6dcbc611e1e resource provider aggregate not found
2026-07-01 02:03:09.232 7 INFO neutron.services.segments.plugin [-] Segment 41cea41f-5590-42c5-a50a-f6dcbc611e1e resource provider aggregate not found
2026-07-01 02:03:09.242 7 INFO neutron.services.segments.plugin [-] Segment 41cea41f-5590-42c5-a50a-f6dcbc611e1e resource provider not found; error: Placement Client Error (4xx): {"errors": [{"status": 404, "title": "Not Found", "detail": "The resource could not be found.\n\n No resource provider with uuid 41cea41f-5590-42c5-a50a-f6dcbc611e1e found for delete ", "request_id": "req-4a6c9d3c-0eb6-4cca-8972-db682af5da51"}]}
2026-07-01 02:03:09.256 7 INFO neutron.services.segments.plugin [-] Segment 41cea41f-5590-42c5-a50a-f6dcbc611e1e resource provider not found; error: Placement Client Error (4xx): {"errors": [{"status": 404, "title": "Not Found", "detail": "The resource could not be found.\n\n No resource provider with uuid 41cea41f-5590-42c5-a50a-f6dcbc611e1e found for delete ", "request_id": "req-25028dd6-f745-478f-a261-65093280b816"}]} [pid: 7|app: 0|req: 1060/1929] 10.0.0.10 () {32 vars in 725 bytes} [Wed Jul 1 02:03:08 2026] DELETE /v2.0/networks/a9293bff-af8d-4aaa-bfd9-cdfced7aba22 => generated 0 bytes in 381 msecs (HTTP/1.1 204) 3 headers in 131 bytes (1 switches on core 0)
2026-07-01 02:03:09.275 8 INFO neutron.plugins.ml2.drivers.ovn.mech_driver.mech_driver [None req-72a6724c-62b1-428e-b0e6-78d8e9edb61e - - - - - -] OVN reports status down for port: a601af99-e509-4484-bd93-a3e1f2a8d527
2026-07-01 02:03:09.379 8 INFO neutron.plugins.ml2.drivers.ovn.mech_driver.mech_driver [None req-72a6724c-62b1-428e-b0e6-78d8e9edb61e - - - - - -] OVN reports status down for port: 9ecf9e57-41c2-43ec-a468-3ed50034cda3
2026-07-01 02:03:09.390 8 INFO neutron.plugins.ml2.drivers.ovn.mech_driver.mech_driver [None req-72a6724c-62b1-428e-b0e6-78d8e9edb61e - - - - - -] OVN reports status down for port: fd0ca9d7-334d-4b00-a2aa-1ad951e2de6a
2026-07-01 02:03:09.422 8 INFO neutron.plugins.ml2.drivers.ovn.mech_driver.mech_driver [None req-72a6724c-62b1-428e-b0e6-78d8e9edb61e - - - - - -] OVN reports status down for port: 183d047b-5ec6-460a-b420-e9f9cc591df3
2026-07-01 02:03:09.473 8 INFO neutron_taas.services.taas.taas_plugin [None req-5f25ff47-fc36-4705-9673-e39d86aade3c 37acebeebc824459ba7dad0ef942d4fc 7a594cbc5a774c0e994cff3351664ab7 - - default default] TaaS: Handle Delete Port: 183d047b-5ec6-460a-b420-e9f9cc591df3
2026-07-01 02:03:09.479 8 INFO neutron_taas.services.taas.tap_mirror_plugin [None req-5f25ff47-fc36-4705-9673-e39d86aade3c 37acebeebc824459ba7dad0ef942d4fc 7a594cbc5a774c0e994cff3351664ab7 - - default default] Tap Mirror: Handle Delete Port: 183d047b-5ec6-460a-b420-e9f9cc591df3 [pid: 7|app: 0|req: 1061/1930] 10.0.0.79 () {34 vars in 989 bytes} [Wed Jul 1 02:03:09 2026] GET /v2.0/ports?device_id=a51da18b-888d-4e8e-b0bf-6747ca142527 => generated 12 bytes in 20 msecs (HTTP/1.1 200) 4 headers in 156 bytes (1 switches on core 0)
2026-07-01 02:03:09.702 8 INFO neutron.services.segments.plugin [-] Segment 1076ad3d-4572-42a4-9ac6-2bef27c65610 resource provider aggregate not found
2026-07-01 02:03:09.703 8 INFO neutron.services.segments.plugin [-] Segment 1076ad3d-4572-42a4-9ac6-2bef27c65610 resource provider aggregate not found
2026-07-01 02:03:09.727 8 INFO neutron.services.segments.plugin [-] Segment 1076ad3d-4572-42a4-9ac6-2bef27c65610 resource provider not found; error: Placement Client Error (4xx): {"errors": [{"status": 404, "title": "Not Found", "detail": "The resource could not be found.\n\n No resource provider with uuid 1076ad3d-4572-42a4-9ac6-2bef27c65610 found for delete ", "request_id": "req-0a038df7-8890-4ee2-a498-7c62681d0c81"}]}
2026-07-01 02:03:09.728 8 INFO neutron.services.segments.plugin [-] Segment 1076ad3d-4572-42a4-9ac6-2bef27c65610 resource provider not found; error: Placement Client Error (4xx): {"errors": [{"status": 404, "title": "Not Found", "detail": "The resource could not be found.\n\n No resource provider with uuid 1076ad3d-4572-42a4-9ac6-2bef27c65610 found for delete ", "request_id": "req-84d317c3-b6be-49f5-b5b4-fbfcce5496b8"}]} [pid: 8|app: 0|req: 870/1931] 10.0.0.10 () {32 vars in 725 bytes} [Wed Jul 1 02:03:09 2026] DELETE /v2.0/networks/8d5e8c41-b0af-452a-a995-746cac0b865d => generated 0 bytes in 476 msecs (HTTP/1.1 204) 3 headers in 131 bytes (1 switches on core 0)
2026-07-01 02:03:09.881 7 INFO neutron.db.ovn_revision_numbers_db [None req-070a19fc-b7fd-4fe9-a1b3-400e981285fb f1e67cc891b647ee89ab7382471bbd27 aa089dcd1b784105b728427912c3c71f - - default default] Successfully bumped revision number for resource b2abdc89-fcbc-4541-b5d8-159d248f32ef (type: security_groups) to 1
2026-07-01 02:03:09.891 8 INFO neutron_taas.services.taas.taas_plugin [None req-9197e93a-7f4e-4ab5-9296-80a7152df39f 37acebeebc824459ba7dad0ef942d4fc 7a594cbc5a774c0e994cff3351664ab7 - - default default] TaaS: Handle Delete Port: a601af99-e509-4484-bd93-a3e1f2a8d527
2026-07-01 02:03:09.894 8 INFO neutron_taas.services.taas.tap_mirror_plugin [None req-9197e93a-7f4e-4ab5-9296-80a7152df39f 37acebeebc824459ba7dad0ef942d4fc 7a594cbc5a774c0e994cff3351664ab7 - - default default] Tap Mirror: Handle Delete Port: a601af99-e509-4484-bd93-a3e1f2a8d527
2026-07-01 02:03:09.895 7 INFO neutron.db.ovn_revision_numbers_db [None req-070a19fc-b7fd-4fe9-a1b3-400e981285fb f1e67cc891b647ee89ab7382471bbd27 aa089dcd1b784105b728427912c3c71f - - default default] Successfully bumped revision number for resource 5ae562a1-6121-4197-9401-1e29e833369e (type: security_group_rules) to 0
2026-07-01 02:03:09.909 7 INFO neutron.db.ovn_revision_numbers_db [None req-070a19fc-b7fd-4fe9-a1b3-400e981285fb f1e67cc891b647ee89ab7382471bbd27 aa089dcd1b784105b728427912c3c71f - - default default] Successfully bumped revision number for resource b50e6265-4ad7-4029-8445-094e7e83e1c1 (type: security_group_rules) to 0
2026-07-01 02:03:09.924 7 INFO neutron.db.ovn_revision_numbers_db [None req-070a19fc-b7fd-4fe9-a1b3-400e981285fb f1e67cc891b647ee89ab7382471bbd27 aa089dcd1b784105b728427912c3c71f - - default default] Successfully bumped revision number for resource daa58cc9-126e-4cc9-906c-7c1aece9e1c0 (type: security_group_rules) to 0
2026-07-01 02:03:09.937 7 INFO neutron.db.ovn_revision_numbers_db [None req-070a19fc-b7fd-4fe9-a1b3-400e981285fb f1e67cc891b647ee89ab7382471bbd27 aa089dcd1b784105b728427912c3c71f - - default default] Successfully bumped revision number for resource f0ba5377-7102-40fe-9921-272da3c4dd0d (type: security_group_rules) to 0
2026-07-01 02:03:10.022 7 INFO neutron.db.segments_db [None req-070a19fc-b7fd-4fe9-a1b3-400e981285fb f1e67cc891b647ee89ab7382471bbd27 aa089dcd1b784105b728427912c3c71f - - default default] Added segment 77f4516c-6fa9-4324-8b07-94e2729c8f35 of type geneve for network 36d649a9-587d-4572-b774-b48188b115ae [pid: 8|app: 0|req: 871/1932] 10.0.0.10 () {32 vars in 725 bytes} [Wed Jul 1 02:03:09 2026] DELETE /v2.0/networks/df22b40f-1865-460b-baa9-b725f984b3e5 => generated 0 bytes in 335 msecs (HTTP/1.1 204) 3 headers in 131 bytes (1 switches on core 0) [pid: 8|app: 0|req: 872/1933] 10.0.0.79 () {34 vars in 989 bytes} [Wed Jul 1 02:03:10 2026] GET /v2.0/ports?device_id=42d41c78-d010-49cf-97de-22210be1904d => generated 12 bytes in 27 msecs (HTTP/1.1 200) 4 headers in 156 bytes (1 switches on core 0)
2026-07-01 02:03:10.127 7 INFO neutron.db.ovn_revision_numbers_db [None req-070a19fc-b7fd-4fe9-a1b3-400e981285fb f1e67cc891b647ee89ab7382471bbd27 aa089dcd1b784105b728427912c3c71f - - default default] Successfully bumped revision number for resource 36d649a9-587d-4572-b774-b48188b115ae (type: networks) to 1 [pid: 8|app: 0|req: 873/1934] 199.204.45.205 () {34 vars in 986 bytes} [Wed Jul 1 02:03:10 2026] GET /v2.0/networks?id=1f350065-210e-4438-8ef2-872d0aa72976 => generated 660 bytes in 37 msecs (HTTP/1.1 200) 4 headers in 157 bytes (1 switches on core 0)
2026-07-01 02:03:10.261 8 INFO neutron_taas.services.taas.taas_plugin [None req-ebd3b6cd-5f0a-4db4-bdee-d08049334701 37acebeebc824459ba7dad0ef942d4fc 7a594cbc5a774c0e994cff3351664ab7 - - default default] TaaS: Handle Delete Port: 419d0ab0-c2e8-4ce4-88b7-728ba86a6160
2026-07-01 02:03:10.264 8 INFO neutron_taas.services.taas.tap_mirror_plugin [None req-ebd3b6cd-5f0a-4db4-bdee-d08049334701 37acebeebc824459ba7dad0ef942d4fc 7a594cbc5a774c0e994cff3351664ab7 - - default default] Tap Mirror: Handle Delete Port: 419d0ab0-c2e8-4ce4-88b7-728ba86a6160
2026-07-01 02:03:10.282 7 WARNING neutron.scheduler.dhcp_agent_scheduler [None req-070a19fc-b7fd-4fe9-a1b3-400e981285fb f1e67cc891b647ee89ab7382471bbd27 aa089dcd1b784105b728427912c3c71f - - default default] No more DHCP agents
2026-07-01 02:03:10.283 7 WARNING neutron.api.rpc.agentnotifiers.dhcp_rpc_agent_api [None req-070a19fc-b7fd-4fe9-a1b3-400e981285fb f1e67cc891b647ee89ab7382471bbd27 aa089dcd1b784105b728427912c3c71f - - default default] Unable to schedule network 36d649a9-587d-4572-b774-b48188b115ae: no agents available; will retry on subsequent port and subnet creation events.
2026-07-01 02:03:10.333 7 INFO neutron.plugins.ml2.drivers.ovn.mech_driver.mech_driver [None req-baeeab5f-2706-4db4-95b3-3a7f609b5222 - - - - - -] OVN reports status down for port: 0cbf7a3d-cd5e-4827-9aec-2c8c3ac8cbeb
2026-07-01 02:03:10.395 7 INFO neutron.db.ovn_revision_numbers_db [None req-070a19fc-b7fd-4fe9-a1b3-400e981285fb f1e67cc891b647ee89ab7382471bbd27 aa089dcd1b784105b728427912c3c71f - - default default] Successfully bumped revision number for resource 0cbf7a3d-cd5e-4827-9aec-2c8c3ac8cbeb (type: ports) to 1 [pid: 7|app: 0|req: 1062/1935] 10.0.0.10 () {34 vars in 669 bytes} [Wed Jul 1 02:03:09 2026] POST /v2.0/networks => generated 632 bytes in 813 msecs (HTTP/1.1 201) 4 headers in 162 bytes (1 switches on core 0) [pid: 7|app: 0|req: 1063/1936] 199.204.45.205 () {34 vars in 1050 bytes} [Wed Jul 1 02:03:10 2026] GET /v2.0/security-groups?fields=id&fields=name&tenant_id=0ad1fab1d603420bb116b59e86dcb8eb => generated 180 bytes in 77 msecs (HTTP/1.1 200) 4 headers in 157 bytes (1 switches on core 0) [pid: 8|app: 0|req: 874/1937] 10.0.0.10 () {32 vars in 725 bytes} [Wed Jul 1 02:03:10 2026] DELETE /v2.0/networks/eff1d337-0094-492e-9ace-f18606786bd0 => generated 0 bytes in 367 msecs (HTTP/1.1 204) 3 headers in 131 bytes (1 switches on core 0)
2026-07-01 02:03:10.746 7 WARNING neutron.scheduler.dhcp_agent_scheduler [None req-99b04d26-9f2b-4d62-a658-238f8bf2edad f1e67cc891b647ee89ab7382471bbd27 aa089dcd1b784105b728427912c3c71f - - default default] No more DHCP agents
2026-07-01 02:03:10.747 7 WARNING neutron.api.rpc.agentnotifiers.dhcp_rpc_agent_api [None req-99b04d26-9f2b-4d62-a658-238f8bf2edad f1e67cc891b647ee89ab7382471bbd27 aa089dcd1b784105b728427912c3c71f - - default default] Unable to schedule network 36d649a9-587d-4572-b774-b48188b115ae: no agents available; will retry on subsequent port and subnet creation events.
2026-07-01 02:03:10.814 8 INFO neutron.plugins.ml2.drivers.ovn.mech_driver.mech_driver [None req-72a6724c-62b1-428e-b0e6-78d8e9edb61e - - - - - -] OVN reports status down for port: 36564590-2cdb-4c76-ac56-9655865a1f27
2026-07-01 02:03:10.832 7 INFO neutron.db.ovn_revision_numbers_db [None req-99b04d26-9f2b-4d62-a658-238f8bf2edad f1e67cc891b647ee89ab7382471bbd27 aa089dcd1b784105b728427912c3c71f - - default default] Successfully bumped revision number for resource 36564590-2cdb-4c76-ac56-9655865a1f27 (type: ports) to 1
2026-07-01 02:03:10.867 8 WARNING neutron.scheduler.dhcp_agent_scheduler [req-70d57766-8d37-499d-9618-5e64881defe4 req-2a395907-9356-4e51-a82c-83f15b28b2c9 474956a82a4c4d7da22fa13deb87a77d 0ad1fab1d603420bb116b59e86dcb8eb - - default default] No more DHCP agents
2026-07-01 02:03:10.868 8 WARNING neutron.api.rpc.agentnotifiers.dhcp_rpc_agent_api [req-70d57766-8d37-499d-9618-5e64881defe4 req-2a395907-9356-4e51-a82c-83f15b28b2c9 474956a82a4c4d7da22fa13deb87a77d 0ad1fab1d603420bb116b59e86dcb8eb - - default default] Unable to schedule network 1f350065-210e-4438-8ef2-872d0aa72976: no agents available; will retry on subsequent port and subnet creation events. [pid: 7|app: 0|req: 1064/1938] 10.0.0.10 () {34 vars in 663 bytes} [Wed Jul 1 02:03:10 2026] POST /v2.0/ports => generated 743 bytes in 371 msecs (HTTP/1.1 201) 4 headers in 162 bytes (1 switches on core 0) /var/lib/openstack/lib/python3.12/site-packages/pycadf/identifier.py:70: UserWarning: Invalid uuid: neutron. To ensure interoperability, identifiers should be a valid uuid. warnings.warn(('Invalid uuid: %s. To ensure interoperability, ' [pid: 7|app: 0|req: 1065/1939] 10.0.0.79 () {34 vars in 989 bytes} [Wed Jul 1 02:03:10 2026] GET /v2.0/ports?device_id=a51da18b-888d-4e8e-b0bf-6747ca142527 => generated 12 bytes in 18 msecs (HTTP/1.1 200) 4 headers in 156 bytes (1 switches on core 0)
2026-07-01 02:03:10.987 7 INFO neutron.db.segments_db [None req-b8a67530-b45b-4396-8eb6-690512b5fff3 f1e67cc891b647ee89ab7382471bbd27 aa089dcd1b784105b728427912c3c71f - - default default] Added segment 7a44e3a6-b05a-4b7e-91c0-171079c1c765 of type geneve for network 9ea01f30-5379-4741-8318-7ffc2bc3f92b
2026-07-01 02:03:11.018 8 INFO neutron.plugins.ml2.drivers.ovn.mech_driver.mech_driver [None req-72a6724c-62b1-428e-b0e6-78d8e9edb61e - - - - - -] OVN reports status down for port: 2297a3bc-ff16-4732-9e40-b0fcf29ac5cd
2026-07-01 02:03:11.074 8 INFO neutron.db.ovn_revision_numbers_db [req-70d57766-8d37-499d-9618-5e64881defe4 req-2a395907-9356-4e51-a82c-83f15b28b2c9 474956a82a4c4d7da22fa13deb87a77d 0ad1fab1d603420bb116b59e86dcb8eb - - default default] Successfully bumped revision number for resource 2297a3bc-ff16-4732-9e40-b0fcf29ac5cd (type: ports) to 1
2026-07-01 02:03:11.113 7 INFO neutron.db.ovn_revision_numbers_db [None req-b8a67530-b45b-4396-8eb6-690512b5fff3 f1e67cc891b647ee89ab7382471bbd27 aa089dcd1b784105b728427912c3c71f - - default default] Successfully bumped revision number for resource 9ea01f30-5379-4741-8318-7ffc2bc3f92b (type: networks) to 1 [pid: 8|app: 0|req: 875/1940] 199.204.45.205 () {38 vars in 955 bytes} [Wed Jul 1 02:03:10 2026] POST /v2.0/ports => generated 954 bytes in 647 msecs (HTTP/1.1 201) 4 headers in 162 bytes (1 switches on core 0)
2026-07-01 02:03:11.256 7 WARNING neutron.scheduler.dhcp_agent_scheduler [None req-b8a67530-b45b-4396-8eb6-690512b5fff3 f1e67cc891b647ee89ab7382471bbd27 aa089dcd1b784105b728427912c3c71f - - default default] No more DHCP agents
2026-07-01 02:03:11.258 7 WARNING neutron.api.rpc.agentnotifiers.dhcp_rpc_agent_api [None req-b8a67530-b45b-4396-8eb6-690512b5fff3 f1e67cc891b647ee89ab7382471bbd27 aa089dcd1b784105b728427912c3c71f - - default default] Unable to schedule network 9ea01f30-5379-4741-8318-7ffc2bc3f92b: no agents available; will retry on subsequent port and subnet creation events. /var/lib/openstack/lib/python3.12/site-packages/pycadf/identifier.py:70: UserWarning: Invalid uuid: neutron. To ensure interoperability, identifiers should be a valid uuid. warnings.warn(('Invalid uuid: %s. To ensure interoperability, '
2026-07-01 02:03:11.326 7 INFO neutron.plugins.ml2.drivers.ovn.mech_driver.mech_driver [None req-baeeab5f-2706-4db4-95b3-3a7f609b5222 - - - - - -] OVN reports status down for port: 729bf8a8-57ea-4d50-9943-6bff1ddb3c58 [pid: 8|app: 0|req: 876/1941] 10.0.0.10 () {32 vars in 773 bytes} [Wed Jul 1 02:03:11 2026] GET /v2.0/security-groups?tenant_id=7a594cbc5a774c0e994cff3351664ab7&name=default => generated 2925 bytes in 167 msecs (HTTP/1.1 200) 4 headers in 158 bytes (1 switches on core 0)
2026-07-01 02:03:11.398 7 INFO neutron.db.ovn_revision_numbers_db [None req-b8a67530-b45b-4396-8eb6-690512b5fff3 f1e67cc891b647ee89ab7382471bbd27 aa089dcd1b784105b728427912c3c71f - - default default] Successfully bumped revision number for resource 729bf8a8-57ea-4d50-9943-6bff1ddb3c58 (type: ports) to 1 [pid: 7|app: 0|req: 1066/1942] 10.0.0.10 () {34 vars in 669 bytes} [Wed Jul 1 02:03:10 2026] POST /v2.0/networks => generated 631 bytes in 556 msecs (HTTP/1.1 201) 4 headers in 162 bytes (1 switches on core 0) [pid: 7|app: 0|req: 1067/1943] 10.0.0.79 () {34 vars in 989 bytes} [Wed Jul 1 02:03:11 2026] GET /v2.0/ports?device_id=42d41c78-d010-49cf-97de-22210be1904d => generated 957 bytes in 79 msecs (HTTP/1.1 200) 4 headers in 157 bytes (1 switches on core 0)
2026-07-01 02:03:11.752 8 INFO neutron.services.segments.plugin [-] Segment f2314af8-6d2c-4242-abcc-f1bffd77d49b resource provider aggregate not found
2026-07-01 02:03:11.762 8 INFO neutron.services.segments.plugin [-] Segment f2314af8-6d2c-4242-abcc-f1bffd77d49b resource provider aggregate not found
2026-07-01 02:03:11.780 8 INFO neutron.services.segments.plugin [-] Segment f2314af8-6d2c-4242-abcc-f1bffd77d49b resource provider not found; error: Placement Client Error (4xx): {"errors": [{"status": 404, "title": "Not Found", "detail": "The resource could not be found.\n\n No resource provider with uuid f2314af8-6d2c-4242-abcc-f1bffd77d49b found for delete ", "request_id": "req-26759d75-d8fb-4aa9-9173-f008d1bd3416"}]}
2026-07-01 02:03:11.786 8 INFO neutron.services.segments.plugin [-] Segment f2314af8-6d2c-4242-abcc-f1bffd77d49b resource provider not found; error: Placement Client Error (4xx): {"errors": [{"status": 404, "title": "Not Found", "detail": "The resource could not be found.\n\n No resource provider with uuid f2314af8-6d2c-4242-abcc-f1bffd77d49b found for delete ", "request_id": "req-2881a3cb-beba-4833-aa33-0ad1b088f058"}]}
2026-07-01 02:03:11.804 8 INFO neutron.services.segments.plugin [-] Segment e6e6ad2a-851e-4ebb-b8da-69a6f1f255e4 resource provider aggregate not found
2026-07-01 02:03:11.809 8 INFO neutron.services.segments.plugin [-] Segment e6e6ad2a-851e-4ebb-b8da-69a6f1f255e4 resource provider aggregate not found
2026-07-01 02:03:11.831 8 INFO neutron.services.segments.plugin [-] Segment e6e6ad2a-851e-4ebb-b8da-69a6f1f255e4 resource provider not found; error: Placement Client Error (4xx): {"errors": [{"status": 404, "title": "Not Found", "detail": "The resource could not be found.\n\n No resource provider with uuid e6e6ad2a-851e-4ebb-b8da-69a6f1f255e4 found for delete ", "request_id": "req-179f413f-4575-4adc-89c4-90867a01feab"}]}
2026-07-01 02:03:11.834 8 INFO neutron.services.segments.plugin [-] Segment e6e6ad2a-851e-4ebb-b8da-69a6f1f255e4 resource provider not found; error: Placement Client Error (4xx): {"errors": [{"status": 404, "title": "Not Found", "detail": "The resource could not be found.\n\n No resource provider with uuid e6e6ad2a-851e-4ebb-b8da-69a6f1f255e4 found for delete ", "request_id": "req-72a73324-d433-4871-a04d-a6dd11907976"}]} [pid: 7|app: 0|req: 1068/1944] 10.0.0.10 () {32 vars in 739 bytes} [Wed Jul 1 02:03:11 2026] DELETE /v2.0/security-groups/bf3766cc-28ea-4558-921f-2e101907e2b6 => generated 0 bytes in 305 msecs (HTTP/1.1 204) 2 headers in 112 bytes (1 switches on core 0)
2026-07-01 02:03:11.845 8 INFO neutron.db.ovn_revision_numbers_db [req-70d57766-8d37-499d-9618-5e64881defe4 req-b14a7bc5-b33d-42d2-86ac-206fc9dda4fc 06a954f5ef5f4d7db1599a7ff7ca1652 65db24e19f06419bb64765871178f202 - - 97ac84c9e47b4042887ca80f2edf635c 97ac84c9e47b4042887ca80f2edf635c] Successfully bumped revision number for resource 2297a3bc-ff16-4732-9e40-b0fcf29ac5cd (type: ports) to 2
2026-07-01 02:03:12.089 7 WARNING neutron.scheduler.dhcp_agent_scheduler [None req-464be7c6-4c09-472d-b00f-975ebf6079e7 f1e67cc891b647ee89ab7382471bbd27 aa089dcd1b784105b728427912c3c71f - - default default] No more DHCP agents
2026-07-01 02:03:12.090 7 WARNING neutron.api.rpc.agentnotifiers.dhcp_rpc_agent_api [None req-464be7c6-4c09-472d-b00f-975ebf6079e7 f1e67cc891b647ee89ab7382471bbd27 aa089dcd1b784105b728427912c3c71f - - default default] Unable to schedule network 9ea01f30-5379-4741-8318-7ffc2bc3f92b: no agents available; will retry on subsequent port and subnet creation events.
2026-07-01 02:03:12.144 8 INFO neutron.db.ovn_revision_numbers_db [req-70d57766-8d37-499d-9618-5e64881defe4 req-b14a7bc5-b33d-42d2-86ac-206fc9dda4fc 06a954f5ef5f4d7db1599a7ff7ca1652 65db24e19f06419bb64765871178f202 - - 97ac84c9e47b4042887ca80f2edf635c 97ac84c9e47b4042887ca80f2edf635c] Successfully bumped revision number for resource 2297a3bc-ff16-4732-9e40-b0fcf29ac5cd (type: ports) to 4
2026-07-01 02:03:12.174 8 INFO neutron.plugins.ml2.drivers.ovn.mech_driver.mech_driver [None req-72a6724c-62b1-428e-b0e6-78d8e9edb61e - - - - - -] OVN reports status down for port: 07bd92b3-f8ce-431d-8eb1-b99a09214b4d [pid: 8|app: 0|req: 877/1945] 199.204.45.205 () {38 vars in 1028 bytes} [Wed Jul 1 02:03:11 2026] PUT /v2.0/ports/2297a3bc-ff16-4732-9e40-b0fcf29ac5cd => generated 1204 bytes in 845 msecs (HTTP/1.1 200) 4 headers in 158 bytes (1 switches on core 0) /var/lib/openstack/lib/python3.12/site-packages/pycadf/identifier.py:70: UserWarning: Invalid uuid: neutron. To ensure interoperability, identifiers should be a valid uuid. warnings.warn(('Invalid uuid: %s. To ensure interoperability, '
2026-07-01 02:03:12.220 7 INFO neutron.db.ovn_revision_numbers_db [None req-464be7c6-4c09-472d-b00f-975ebf6079e7 f1e67cc891b647ee89ab7382471bbd27 aa089dcd1b784105b728427912c3c71f - - default default] Successfully bumped revision number for resource 07bd92b3-f8ce-431d-8eb1-b99a09214b4d (type: ports) to 1 [pid: 8|app: 0|req: 878/1946] 10.0.0.79 () {34 vars in 1039 bytes} [Wed Jul 1 02:03:12 2026] GET /v2.0/security-groups?id=49870d03-215b-438f-91fa-fc09129fab91&fields=id&fields=name => generated 113 bytes in 61 msecs (HTTP/1.1 200) 4 headers in 157 bytes (1 switches on core 0) [pid: 8|app: 0|req: 879/1947] 10.0.0.79 () {34 vars in 989 bytes} [Wed Jul 1 02:03:12 2026] GET /v2.0/ports?device_id=a51da18b-888d-4e8e-b0bf-6747ca142527 => generated 12 bytes in 23 msecs (HTTP/1.1 200) 4 headers in 156 bytes (1 switches on core 0)
2026-07-01 02:03:12.296 8 INFO neutron.notifiers.nova [-] Nova event matching ['req-35dc4360-3b06-435a-b30d-d5ac6de8b61d'] response: {'name': 'network-changed', 'server_uuid': '42d41c78-d010-49cf-97de-22210be1904d', 'tag': '2297a3bc-ff16-4732-9e40-b0fcf29ac5cd', 'status': 'completed', 'code': 200} [pid: 7|app: 0|req: 1069/1948] 10.0.0.10 () {34 vars in 663 bytes} [Wed Jul 1 02:03:11 2026] POST /v2.0/ports => generated 743 bytes in 460 msecs (HTTP/1.1 201) 4 headers in 162 bytes (1 switches on core 0) /var/lib/openstack/lib/python3.12/site-packages/pycadf/identifier.py:70: UserWarning: Invalid uuid: neutron. To ensure interoperability, identifiers should be a valid uuid. warnings.warn(('Invalid uuid: %s. To ensure interoperability, '
2026-07-01 02:03:12.392 7 INFO neutron.db.segments_db [None req-4fa38e3b-ae37-46d9-8558-16a6cbc0c304 f1e67cc891b647ee89ab7382471bbd27 aa089dcd1b784105b728427912c3c71f - - default default] Added segment eb420b78-5578-4558-8ad6-60ceef959382 of type geneve for network 3746cf26-8bec-49c6-9419-518f75c05992
2026-07-01 02:03:12.520 7 INFO neutron.db.ovn_revision_numbers_db [None req-4fa38e3b-ae37-46d9-8558-16a6cbc0c304 f1e67cc891b647ee89ab7382471bbd27 aa089dcd1b784105b728427912c3c71f - - default default] Successfully bumped revision number for resource 3746cf26-8bec-49c6-9419-518f75c05992 (type: networks) to 1
2026-07-01 02:03:12.679 7 WARNING neutron.scheduler.dhcp_agent_scheduler [None req-4fa38e3b-ae37-46d9-8558-16a6cbc0c304 f1e67cc891b647ee89ab7382471bbd27 aa089dcd1b784105b728427912c3c71f - - default default] No more DHCP agents
2026-07-01 02:03:12.680 7 WARNING neutron.api.rpc.agentnotifiers.dhcp_rpc_agent_api [None req-4fa38e3b-ae37-46d9-8558-16a6cbc0c304 f1e67cc891b647ee89ab7382471bbd27 aa089dcd1b784105b728427912c3c71f - - default default] Unable to schedule network 3746cf26-8bec-49c6-9419-518f75c05992: no agents available; will retry on subsequent port and subnet creation events.
2026-07-01 02:03:12.754 7 INFO neutron.db.ovn_revision_numbers_db [None req-4fa38e3b-ae37-46d9-8558-16a6cbc0c304 f1e67cc891b647ee89ab7382471bbd27 aa089dcd1b784105b728427912c3c71f - - default default] Successfully bumped revision number for resource 251cef59-4285-46bf-a7df-c822029ee3e3 (type: ports) to 1 [pid: 7|app: 0|req: 1070/1949] 10.0.0.10 () {34 vars in 669 bytes} [Wed Jul 1 02:03:12 2026] POST /v2.0/networks => generated 631 bytes in 465 msecs (HTTP/1.1 201) 4 headers in 162 bytes (1 switches on core 0)
2026-07-01 02:03:12.905 8 INFO neutron.plugins.ml2.drivers.ovn.mech_driver.mech_driver [None req-72a6724c-62b1-428e-b0e6-78d8e9edb61e - - - - - -] OVN reports status down for port: 251cef59-4285-46bf-a7df-c822029ee3e3 [pid: 8|app: 0|req: 880/1950] 199.204.45.205 () {34 vars in 986 bytes} [Wed Jul 1 02:03:12 2026] GET /v2.0/networks?id=d92b1a30-aca9-4d11-a9d5-5e7627c60da8 => generated 673 bytes in 652 msecs (HTTP/1.1 200) 4 headers in 157 bytes (1 switches on core 0)
2026-07-01 02:03:12.949 7 WARNING neutron.scheduler.dhcp_agent_scheduler [None req-326be71c-18b3-496c-ad0d-2088346ac8bf f1e67cc891b647ee89ab7382471bbd27 aa089dcd1b784105b728427912c3c71f - - default default] No more DHCP agents
2026-07-01 02:03:12.951 7 WARNING neutron.api.rpc.agentnotifiers.dhcp_rpc_agent_api [None req-326be71c-18b3-496c-ad0d-2088346ac8bf f1e67cc891b647ee89ab7382471bbd27 aa089dcd1b784105b728427912c3c71f - - default default] Unable to schedule network 3746cf26-8bec-49c6-9419-518f75c05992: no agents available; will retry on subsequent port and subnet creation events. [pid: 8|app: 0|req: 881/1951] 199.204.45.205 () {34 vars in 1080 bytes} [Wed Jul 1 02:03:12 2026] GET /v2.0/ports?tenant_id=0ad1fab1d603420bb116b59e86dcb8eb&device_id=42d41c78-d010-49cf-97de-22210be1904d => generated 1207 bytes in 38 msecs (HTTP/1.1 200) 4 headers in 158 bytes (1 switches on core 0)
2026-07-01 02:03:13.014 7 INFO neutron.plugins.ml2.drivers.ovn.mech_driver.mech_driver [None req-baeeab5f-2706-4db4-95b3-3a7f609b5222 - - - - - -] OVN reports status down for port: 28fb63be-d3a9-4f98-bbd0-fa890db35f5b [pid: 8|app: 0|req: 882/1952] 199.204.45.205 () {34 vars in 1050 bytes} [Wed Jul 1 02:03:12 2026] GET /v2.0/security-groups?fields=id&fields=name&tenant_id=ca9731b3c1f2482992c845b00db6a57e => generated 273 bytes in 64 msecs (HTTP/1.1 200) 4 headers in 157 bytes (1 switches on core 0) [pid: 8|app: 0|req: 883/1953] 199.204.45.205 () {34 vars in 1018 bytes} [Wed Jul 1 02:03:13 2026] GET /v2.0/networks?tenant_id=0ad1fab1d603420bb116b59e86dcb8eb&shared=False => generated 759 bytes in 39 msecs (HTTP/1.1 200) 4 headers in 157 bytes (1 switches on core 0)
2026-07-01 02:03:13.074 7 INFO neutron.db.ovn_revision_numbers_db [None req-326be71c-18b3-496c-ad0d-2088346ac8bf f1e67cc891b647ee89ab7382471bbd27 aa089dcd1b784105b728427912c3c71f - - default default] Successfully bumped revision number for resource 28fb63be-d3a9-4f98-bbd0-fa890db35f5b (type: ports) to 1 [pid: 7|app: 0|req: 1071/1954] 10.0.0.10 () {34 vars in 663 bytes} [Wed Jul 1 02:03:12 2026] POST /v2.0/ports => generated 743 bytes in 360 msecs (HTTP/1.1 201) 4 headers in 162 bytes (1 switches on core 0) /var/lib/openstack/lib/python3.12/site-packages/pycadf/identifier.py:70: UserWarning: Invalid uuid: neutron. To ensure interoperability, identifiers should be a valid uuid. warnings.warn(('Invalid uuid: %s. To ensure interoperability, ' [pid: 7|app: 0|req: 1072/1955] 199.204.45.205 () {34 vars in 930 bytes} [Wed Jul 1 02:03:13 2026] GET /v2.0/networks?shared=True => generated 753 bytes in 43 msecs (HTTP/1.1 200) 4 headers in 157 bytes (1 switches on core 0)
2026-07-01 02:03:13.284 7 INFO neutron.db.segments_db [None req-59283719-f26d-4d3c-91b4-430f95f612f3 f1e67cc891b647ee89ab7382471bbd27 aa089dcd1b784105b728427912c3c71f - - default default] Added segment dd2c0d06-57bd-4c03-b6dc-cde83a8963bb of type geneve for network b14ac6a7-1961-412b-b02b-3027b04cd23d
2026-07-01 02:03:13.359 8 WARNING neutron.scheduler.dhcp_agent_scheduler [req-a9622e45-4623-42fb-9777-cd0f301ba7f8 req-e0e42fc2-56e7-4cf2-b31d-e7ef8550639e 30c36e0e13584cc898973347c027e07e ca9731b3c1f2482992c845b00db6a57e - - default default] No more DHCP agents
2026-07-01 02:03:13.361 8 WARNING neutron.api.rpc.agentnotifiers.dhcp_rpc_agent_api [req-a9622e45-4623-42fb-9777-cd0f301ba7f8 req-e0e42fc2-56e7-4cf2-b31d-e7ef8550639e 30c36e0e13584cc898973347c027e07e ca9731b3c1f2482992c845b00db6a57e - - default default] Unable to schedule network d92b1a30-aca9-4d11-a9d5-5e7627c60da8: no agents available; will retry on subsequent port and subnet creation events.
2026-07-01 02:03:13.434 7 INFO neutron.db.ovn_revision_numbers_db [None req-59283719-f26d-4d3c-91b4-430f95f612f3 f1e67cc891b647ee89ab7382471bbd27 aa089dcd1b784105b728427912c3c71f - - default default] Successfully bumped revision number for resource b14ac6a7-1961-412b-b02b-3027b04cd23d (type: networks) to 1
2026-07-01 02:03:13.501 8 INFO neutron.plugins.ml2.drivers.ovn.mech_driver.mech_driver [None req-72a6724c-62b1-428e-b0e6-78d8e9edb61e - - - - - -] OVN reports status down for port: fe58782a-2b00-4cc4-ac2c-09752e7906eb
2026-07-01 02:03:13.585 8 INFO neutron.db.ovn_revision_numbers_db [req-a9622e45-4623-42fb-9777-cd0f301ba7f8 req-e0e42fc2-56e7-4cf2-b31d-e7ef8550639e 30c36e0e13584cc898973347c027e07e ca9731b3c1f2482992c845b00db6a57e - - default default] Successfully bumped revision number for resource fe58782a-2b00-4cc4-ac2c-09752e7906eb (type: ports) to 1 [pid: 8|app: 0|req: 884/1956] 199.204.45.205 () {38 vars in 955 bytes} [Wed Jul 1 02:03:13 2026] POST /v2.0/ports => generated 993 bytes in 597 msecs (HTTP/1.1 201) 4 headers in 162 bytes (1 switches on core 0) /var/lib/openstack/lib/python3.12/site-packages/pycadf/identifier.py:70: UserWarning: Invalid uuid: neutron. To ensure interoperability, identifiers should be a valid uuid. warnings.warn(('Invalid uuid: %s. To ensure interoperability, '
2026-07-01 02:03:13.672 7 WARNING neutron.scheduler.dhcp_agent_scheduler [None req-59283719-f26d-4d3c-91b4-430f95f612f3 f1e67cc891b647ee89ab7382471bbd27 aa089dcd1b784105b728427912c3c71f - - default default] No more DHCP agents
2026-07-01 02:03:13.674 7 WARNING neutron.api.rpc.agentnotifiers.dhcp_rpc_agent_api [None req-59283719-f26d-4d3c-91b4-430f95f612f3 f1e67cc891b647ee89ab7382471bbd27 aa089dcd1b784105b728427912c3c71f - - default default] Unable to schedule network b14ac6a7-1961-412b-b02b-3027b04cd23d: no agents available; will retry on subsequent port and subnet creation events. [pid: 8|app: 0|req: 885/1957] 10.0.0.79 () {34 vars in 989 bytes} [Wed Jul 1 02:03:13 2026] GET /v2.0/ports?device_id=42d41c78-d010-49cf-97de-22210be1904d => generated 969 bytes in 34 msecs (HTTP/1.1 200) 4 headers in 157 bytes (1 switches on core 0)
2026-07-01 02:03:13.727 7 INFO neutron.plugins.ml2.drivers.ovn.mech_driver.mech_driver [None req-baeeab5f-2706-4db4-95b3-3a7f609b5222 - - - - - -] OVN reports status down for port: a349858e-b733-424f-b4cf-2052ff21757e [pid: 8|app: 0|req: 886/1958] 10.0.0.79 () {34 vars in 989 bytes} [Wed Jul 1 02:03:13 2026] GET /v2.0/ports?device_id=a51da18b-888d-4e8e-b0bf-6747ca142527 => generated 996 bytes in 54 msecs (HTTP/1.1 200) 4 headers in 157 bytes (1 switches on core 0)
2026-07-01 02:03:13.784 7 INFO neutron.db.ovn_revision_numbers_db [None req-59283719-f26d-4d3c-91b4-430f95f612f3 f1e67cc891b647ee89ab7382471bbd27 aa089dcd1b784105b728427912c3c71f - - default default] Successfully bumped revision number for resource a349858e-b733-424f-b4cf-2052ff21757e (type: ports) to 1 [pid: 7|app: 0|req: 1073/1959] 10.0.0.10 () {34 vars in 669 bytes} [Wed Jul 1 02:03:13 2026] POST /v2.0/networks => generated 631 bytes in 648 msecs (HTTP/1.1 201) 4 headers in 162 bytes (1 switches on core 0)
2026-07-01 02:03:14.060 8 INFO neutron.db.ovn_revision_numbers_db [None req-04de80d1-02b3-4def-856b-4df191892122 1e4868fc823c4591a5a540936346cf77 8752fd77219b4a75aa385db56f1504c4 - - default default] Successfully bumped revision number for resource 5d2f8f4c-f519-4685-acad-1dcac29ad8ef (type: security_groups) to 1
2026-07-01 02:03:14.074 8 INFO neutron.db.ovn_revision_numbers_db [None req-04de80d1-02b3-4def-856b-4df191892122 1e4868fc823c4591a5a540936346cf77 8752fd77219b4a75aa385db56f1504c4 - - default default] Successfully bumped revision number for resource 4a1295d3-90a6-4891-802f-23f9339257d5 (type: security_group_rules) to 0
2026-07-01 02:03:14.088 8 INFO neutron.db.ovn_revision_numbers_db [None req-04de80d1-02b3-4def-856b-4df191892122 1e4868fc823c4591a5a540936346cf77 8752fd77219b4a75aa385db56f1504c4 - - default default] Successfully bumped revision number for resource 59041866-323e-485f-8afe-a7eb63e61c7f (type: security_group_rules) to 0
2026-07-01 02:03:14.113 8 INFO neutron.db.ovn_revision_numbers_db [None req-04de80d1-02b3-4def-856b-4df191892122 1e4868fc823c4591a5a540936346cf77 8752fd77219b4a75aa385db56f1504c4 - - default default] Successfully bumped revision number for resource 70030201-c39c-463a-bc6a-7c561eb79a88 (type: security_group_rules) to 0
2026-07-01 02:03:14.130 8 INFO neutron.db.ovn_revision_numbers_db [None req-04de80d1-02b3-4def-856b-4df191892122 1e4868fc823c4591a5a540936346cf77 8752fd77219b4a75aa385db56f1504c4 - - default default] Successfully bumped revision number for resource c68dd5e0-99e7-42cd-a95d-497361eb3e64 (type: security_group_rules) to 0
2026-07-01 02:03:14.250 8 INFO neutron.db.segments_db [None req-04de80d1-02b3-4def-856b-4df191892122 1e4868fc823c4591a5a540936346cf77 8752fd77219b4a75aa385db56f1504c4 - - default default] Added segment 4afa42ac-48a4-4500-a0c2-ecc2571b2086 of type geneve for network b808d8a3-d125-4cbf-9041-aa91d869dc0b
2026-07-01 02:03:14.286 7 INFO neutron.db.ovn_revision_numbers_db [req-a9622e45-4623-42fb-9777-cd0f301ba7f8 req-9352acea-bbf4-4d8b-a7f4-1784aaebc92e 06a954f5ef5f4d7db1599a7ff7ca1652 65db24e19f06419bb64765871178f202 - - 97ac84c9e47b4042887ca80f2edf635c 97ac84c9e47b4042887ca80f2edf635c] Successfully bumped revision number for resource fe58782a-2b00-4cc4-ac2c-09752e7906eb (type: ports) to 2
2026-07-01 02:03:14.341 8 INFO neutron.db.segments_db [None req-04de80d1-02b3-4def-856b-4df191892122 1e4868fc823c4591a5a540936346cf77 8752fd77219b4a75aa385db56f1504c4 - - default default] Added segment 7c12b99c-89bc-485d-a52f-f012c4d569b1 of type geneve for network 1f3669b8-9b45-4641-a8e6-199a7ad3e24d
2026-07-01 02:03:14.464 8 INFO neutron.db.ovn_revision_numbers_db [None req-04de80d1-02b3-4def-856b-4df191892122 1e4868fc823c4591a5a540936346cf77 8752fd77219b4a75aa385db56f1504c4 - - default default] Successfully bumped revision number for resource b808d8a3-d125-4cbf-9041-aa91d869dc0b (type: networks) to 1
2026-07-01 02:03:14.514 7 INFO neutron.db.ovn_revision_numbers_db [req-a9622e45-4623-42fb-9777-cd0f301ba7f8 req-9352acea-bbf4-4d8b-a7f4-1784aaebc92e 06a954f5ef5f4d7db1599a7ff7ca1652 65db24e19f06419bb64765871178f202 - - 97ac84c9e47b4042887ca80f2edf635c 97ac84c9e47b4042887ca80f2edf635c] Successfully bumped revision number for resource fe58782a-2b00-4cc4-ac2c-09752e7906eb (type: ports) to 4 [pid: 7|app: 0|req: 1074/1960] 199.204.45.205 () {38 vars in 1028 bytes} [Wed Jul 1 02:03:13 2026] PUT /v2.0/ports/fe58782a-2b00-4cc4-ac2c-09752e7906eb => generated 1243 bytes in 706 msecs (HTTP/1.1 200) 4 headers in 158 bytes (1 switches on core 0) /var/lib/openstack/lib/python3.12/site-packages/pycadf/identifier.py:70: UserWarning: Invalid uuid: neutron. To ensure interoperability, identifiers should be a valid uuid. warnings.warn(('Invalid uuid: %s. To ensure interoperability, ' [pid: 7|app: 0|req: 1075/1961] 10.0.0.79 () {34 vars in 1039 bytes} [Wed Jul 1 02:03:14 2026] GET /v2.0/security-groups?id=49870d03-215b-438f-91fa-fc09129fab91&fields=id&fields=name => generated 113 bytes in 36 msecs (HTTP/1.1 200) 4 headers in 157 bytes (1 switches on core 0)
2026-07-01 02:03:14.608 7 INFO neutron.notifiers.nova [-] Nova event matching ['req-9066c3ae-5cff-4b0a-b8d9-5c52a9b96247'] response: {'name': 'network-changed', 'server_uuid': 'a51da18b-888d-4e8e-b0bf-6747ca142527', 'tag': 'fe58782a-2b00-4cc4-ac2c-09752e7906eb', 'status': 'completed', 'code': 200} [pid: 7|app: 0|req: 1076/1962] 10.0.0.79 () {34 vars in 1119 bytes} [Wed Jul 1 02:03:14 2026] GET /v2.0/security-groups?id=4a1aa571-e702-4888-8b2d-32c6b2cecd3d&id=655af4ba-663f-46bd-aa7b-8c0f7ef501e3&fields=id&fields=name => generated 206 bytes in 34 msecs (HTTP/1.1 200) 4 headers in 157 bytes (1 switches on core 0)
2026-07-01 02:03:14.634 8 WARNING neutron.scheduler.dhcp_agent_scheduler [None req-04de80d1-02b3-4def-856b-4df191892122 1e4868fc823c4591a5a540936346cf77 8752fd77219b4a75aa385db56f1504c4 - - default default] No more DHCP agents
2026-07-01 02:03:14.635 8 WARNING neutron.api.rpc.agentnotifiers.dhcp_rpc_agent_api [None req-04de80d1-02b3-4def-856b-4df191892122 1e4868fc823c4591a5a540936346cf77 8752fd77219b4a75aa385db56f1504c4 - - default default] Unable to schedule network b808d8a3-d125-4cbf-9041-aa91d869dc0b: no agents available; will retry on subsequent port and subnet creation events.
2026-07-01 02:03:14.697 8 INFO neutron.plugins.ml2.drivers.ovn.mech_driver.mech_driver [None req-72a6724c-62b1-428e-b0e6-78d8e9edb61e - - - - - -] OVN reports status down for port: 3b6de82d-0372-4e4f-886e-14cdc16dcf2d
2026-07-01 02:03:14.754 8 INFO neutron.db.ovn_revision_numbers_db [None req-04de80d1-02b3-4def-856b-4df191892122 1e4868fc823c4591a5a540936346cf77 8752fd77219b4a75aa385db56f1504c4 - - default default] Successfully bumped revision number for resource 3b6de82d-0372-4e4f-886e-14cdc16dcf2d (type: ports) to 1
2026-07-01 02:03:14.849 7 WARNING neutron.scheduler.dhcp_agent_scheduler [None req-bb1272ed-03db-4ecc-ab03-1b10a8f64459 f1e67cc891b647ee89ab7382471bbd27 aa089dcd1b784105b728427912c3c71f - - default default] No more DHCP agents
2026-07-01 02:03:14.850 7 WARNING neutron.api.rpc.agentnotifiers.dhcp_rpc_agent_api [None req-bb1272ed-03db-4ecc-ab03-1b10a8f64459 f1e67cc891b647ee89ab7382471bbd27 aa089dcd1b784105b728427912c3c71f - - default default] Unable to schedule network b14ac6a7-1961-412b-b02b-3027b04cd23d: no agents available; will retry on subsequent port and subnet creation events.
2026-07-01 02:03:14.860 8 INFO neutron.db.ovn_revision_numbers_db [None req-04de80d1-02b3-4def-856b-4df191892122 1e4868fc823c4591a5a540936346cf77 8752fd77219b4a75aa385db56f1504c4 - - default default] Successfully bumped revision number for resource 1f3669b8-9b45-4641-a8e6-199a7ad3e24d (type: networks) to 1
