2026-07-01 02:01:21.351 8 WARNING neutron.api.rpc.agentnotifiers.dhcp_rpc_agent_api [None req-f7ef22f1-3b25-4dbd-bb31-fc66836196f3 1357b7f1f7f948bfb8ed80cda3f9ea95 9feb2daff4494df2b50f9be7b99da639 - - default default] Unable to schedule network e3be0c24-fc0a-44ab-84ca-716c928ea321: no agents available; will retry on subsequent port and subnet creation events.
2026-07-01 02:01:21.360 7 INFO neutron_taas.services.taas.taas_plugin [None req-2a0cc34b-a5b9-4828-b95a-c6d14876d51a 7f302901e24d45a7bc1a87fe4b2a7082 61cf9f8f357c4847a3bbb29a24618b19 - - default default] TaaS: Handle Delete Port: 232d82ab-3a8d-44de-8f00-eda4290a3c51
2026-07-01 02:01:21.364 7 INFO neutron_taas.services.taas.tap_mirror_plugin [None req-2a0cc34b-a5b9-4828-b95a-c6d14876d51a 7f302901e24d45a7bc1a87fe4b2a7082 61cf9f8f357c4847a3bbb29a24618b19 - - default default] Tap Mirror: Handle Delete Port: 232d82ab-3a8d-44de-8f00-eda4290a3c51
2026-07-01 02:01:21.406 8 INFO neutron.plugins.ml2.drivers.ovn.mech_driver.mech_driver [None req-140335ae-788f-4321-9c64-5b55248a4213 - - - - - -] OVN reports status down for port: e7654c40-3071-4235-880b-247356c9bf31
2026-07-01 02:01:21.470 8 INFO neutron.db.ovn_revision_numbers_db [None req-f7ef22f1-3b25-4dbd-bb31-fc66836196f3 1357b7f1f7f948bfb8ed80cda3f9ea95 9feb2daff4494df2b50f9be7b99da639 - - default default] Successfully bumped revision number for resource e7654c40-3071-4235-880b-247356c9bf31 (type: ports) to 1 [pid: 8|app: 0|req: 583/1204] 10.0.0.10 () {34 vars in 669 bytes} [Wed Jul 1 02:01:20 2026] POST /v2.0/networks => generated 633 bytes in 763 msecs (HTTP/1.1 201) 4 headers in 162 bytes (1 switches on core 0)
2026-07-01 02:01:21.638 8 INFO neutron.db.segments_db [None req-cd3b3af4-bbcf-46d6-8320-bb9e73410e2c 1357b7f1f7f948bfb8ed80cda3f9ea95 9feb2daff4494df2b50f9be7b99da639 - - default default] Added segment e9c6cbb0-5ab8-499f-b082-8299e999c7b8 of type geneve for network 13e5def6-1579-46bd-9b43-bf635e226709
2026-07-01 02:01:21.751 8 INFO neutron.db.ovn_revision_numbers_db [None req-cd3b3af4-bbcf-46d6-8320-bb9e73410e2c 1357b7f1f7f948bfb8ed80cda3f9ea95 9feb2daff4494df2b50f9be7b99da639 - - default default] Successfully bumped revision number for resource 13e5def6-1579-46bd-9b43-bf635e226709 (type: networks) to 1 [pid: 7|app: 0|req: 622/1205] 10.0.0.10 () {32 vars in 723 bytes} [Wed Jul 1 02:01:21 2026] DELETE /v2.0/routers/e4ffc654-155c-42d2-8528-a855d698e194 => generated 0 bytes in 728 msecs (HTTP/1.1 204) 2 headers in 112 bytes (1 switches on core 0)
2026-07-01 02:01:22.004 8 WARNING neutron.scheduler.dhcp_agent_scheduler [None req-cd3b3af4-bbcf-46d6-8320-bb9e73410e2c 1357b7f1f7f948bfb8ed80cda3f9ea95 9feb2daff4494df2b50f9be7b99da639 - - default default] No more DHCP agents
2026-07-01 02:01:22.006 8 WARNING neutron.api.rpc.agentnotifiers.dhcp_rpc_agent_api [None req-cd3b3af4-bbcf-46d6-8320-bb9e73410e2c 1357b7f1f7f948bfb8ed80cda3f9ea95 9feb2daff4494df2b50f9be7b99da639 - - default default] Unable to schedule network 13e5def6-1579-46bd-9b43-bf635e226709: no agents available; will retry on subsequent port and subnet creation events. [pid: 7|app: 0|req: 623/1206] 10.0.0.10 () {32 vars in 723 bytes} [Wed Jul 1 02:01:21 2026] DELETE /v2.0/subnets/6efbef62-770f-4cad-b583-c5e5062ab0f0 => generated 0 bytes in 195 msecs (HTTP/1.1 204) 3 headers in 131 bytes (1 switches on core 0) [pid: 7|app: 0|req: 624/1207] 10.0.0.79 () {34 vars in 989 bytes} [Wed Jul 1 02:01:22 2026] GET /v2.0/ports?device_id=e7c4cc99-21a9-43fe-8b1b-15351a7cdea4 => generated 12 bytes in 20 msecs (HTTP/1.1 200) 4 headers in 156 bytes (1 switches on core 0)
2026-07-01 02:01:22.077 7 INFO neutron.plugins.ml2.drivers.ovn.mech_driver.mech_driver [None req-ae76cdad-8489-48d5-b187-62bb64cbe2d5 - - - - - -] OVN reports status down for port: 2b605563-c0fe-410e-945f-22a091e7b571
2026-07-01 02:01:22.104 8 INFO neutron.db.ovn_revision_numbers_db [None req-cd3b3af4-bbcf-46d6-8320-bb9e73410e2c 1357b7f1f7f948bfb8ed80cda3f9ea95 9feb2daff4494df2b50f9be7b99da639 - - default default] Successfully bumped revision number for resource 2b605563-c0fe-410e-945f-22a091e7b571 (type: ports) to 1 [pid: 8|app: 0|req: 584/1208] 10.0.0.10 () {34 vars in 669 bytes} [Wed Jul 1 02:01:21 2026] POST /v2.0/networks => generated 634 bytes in 607 msecs (HTTP/1.1 201) 4 headers in 162 bytes (1 switches on core 0)
2026-07-01 02:01:22.271 7 INFO neutron_taas.services.taas.taas_plugin [None req-e1f1a878-7a2a-48a9-a350-2e2745a77c18 7f302901e24d45a7bc1a87fe4b2a7082 61cf9f8f357c4847a3bbb29a24618b19 - - default default] TaaS: Handle Delete Port: 6ada0427-f226-472c-837a-907bfbdf851f
2026-07-01 02:01:22.275 7 INFO neutron_taas.services.taas.tap_mirror_plugin [None req-e1f1a878-7a2a-48a9-a350-2e2745a77c18 7f302901e24d45a7bc1a87fe4b2a7082 61cf9f8f357c4847a3bbb29a24618b19 - - default default] Tap Mirror: Handle Delete Port: 6ada0427-f226-472c-837a-907bfbdf851f
2026-07-01 02:01:22.357 8 WARNING neutron.scheduler.dhcp_agent_scheduler [None req-858caf70-16c6-450f-8a70-f72673928123 1357b7f1f7f948bfb8ed80cda3f9ea95 9feb2daff4494df2b50f9be7b99da639 - - default default] No more DHCP agents
2026-07-01 02:01:22.358 8 WARNING neutron.api.rpc.agentnotifiers.dhcp_rpc_agent_api [None req-858caf70-16c6-450f-8a70-f72673928123 1357b7f1f7f948bfb8ed80cda3f9ea95 9feb2daff4494df2b50f9be7b99da639 - - default default] Unable to schedule network e3be0c24-fc0a-44ab-84ca-716c928ea321: no agents available; will retry on subsequent port and subnet creation events.
2026-07-01 02:01:22.406 8 INFO neutron.db.ovn_revision_numbers_db [None req-858caf70-16c6-450f-8a70-f72673928123 1357b7f1f7f948bfb8ed80cda3f9ea95 9feb2daff4494df2b50f9be7b99da639 - - default default] Successfully bumped revision number for resource 23df8f17-5de1-4289-9fbd-c9fb03bec537 (type: subnets) to 0 [pid: 8|app: 0|req: 585/1209] 10.0.0.10 () {34 vars in 668 bytes} [Wed Jul 1 02:01:22 2026] POST /v2.0/subnets => generated 646 bytes in 285 msecs (HTTP/1.1 201) 4 headers in 162 bytes (1 switches on core 0)
2026-07-01 02:01:22.458 7 INFO neutron.services.segments.plugin [-] Segment cc2ea0a3-16c0-4847-aa8d-cbd1872ef313 resource provider aggregate not found
2026-07-01 02:01:22.468 7 INFO neutron.services.segments.plugin [-] Segment cc2ea0a3-16c0-4847-aa8d-cbd1872ef313 resource provider aggregate not found
2026-07-01 02:01:22.484 7 INFO neutron.services.segments.plugin [-] Segment cc2ea0a3-16c0-4847-aa8d-cbd1872ef313 resource provider not found; error: Placement Client Error (4xx): {"errors": [{"status": 404, "title": "Not Found", "detail": "The resource could not be found.\n\n No resource provider with uuid cc2ea0a3-16c0-4847-aa8d-cbd1872ef313 found for delete ", "request_id": "req-4abf000f-9010-4b31-83e1-57baf11f6a23"}]}
2026-07-01 02:01:22.492 7 INFO neutron.services.segments.plugin [-] Segment cc2ea0a3-16c0-4847-aa8d-cbd1872ef313 resource provider not found; error: Placement Client Error (4xx): {"errors": [{"status": 404, "title": "Not Found", "detail": "The resource could not be found.\n\n No resource provider with uuid cc2ea0a3-16c0-4847-aa8d-cbd1872ef313 found for delete ", "request_id": "req-afe70edc-0ad5-48df-bf97-087d870570bb"}]} [pid: 7|app: 0|req: 625/1210] 10.0.0.10 () {32 vars in 725 bytes} [Wed Jul 1 02:01:22 2026] DELETE /v2.0/networks/628acef1-6434-4975-a2fc-b07fb2af7d21 => generated 0 bytes in 479 msecs (HTTP/1.1 204) 3 headers in 131 bytes (1 switches on core 0)
2026-07-01 02:01:22.668 8 WARNING neutron.scheduler.dhcp_agent_scheduler [None req-12d83ea2-5776-465c-b93f-55fc63756d2f 1357b7f1f7f948bfb8ed80cda3f9ea95 9feb2daff4494df2b50f9be7b99da639 - - default default] No more DHCP agents
2026-07-01 02:01:22.669 8 WARNING neutron.api.rpc.agentnotifiers.dhcp_rpc_agent_api [None req-12d83ea2-5776-465c-b93f-55fc63756d2f 1357b7f1f7f948bfb8ed80cda3f9ea95 9feb2daff4494df2b50f9be7b99da639 - - default default] Unable to schedule network 13e5def6-1579-46bd-9b43-bf635e226709: no agents available; will retry on subsequent port and subnet creation events.
2026-07-01 02:01:22.709 8 INFO neutron.db.ovn_revision_numbers_db [None req-12d83ea2-5776-465c-b93f-55fc63756d2f 1357b7f1f7f948bfb8ed80cda3f9ea95 9feb2daff4494df2b50f9be7b99da639 - - default default] Successfully bumped revision number for resource 5c5d455a-23fe-410d-85ed-db224e4ee521 (type: subnets) to 0 [pid: 8|app: 0|req: 586/1211] 10.0.0.10 () {34 vars in 668 bytes} [Wed Jul 1 02:01:22 2026] POST /v2.0/subnets => generated 655 bytes in 294 msecs (HTTP/1.1 201) 4 headers in 162 bytes (1 switches on core 0) [pid: 8|app: 0|req: 587/1212] 199.204.45.205 () {34 vars in 986 bytes} [Wed Jul 1 02:01:22 2026] GET /v2.0/networks?id=ff836303-1e15-4069-bc81-5af2a82f3ebc => generated 675 bytes in 44 msecs (HTTP/1.1 200) 4 headers in 157 bytes (1 switches on core 0) [pid: 8|app: 0|req: 588/1213] 10.0.0.10 () {32 vars in 773 bytes} [Wed Jul 1 02:01:22 2026] GET /v2.0/security-groups?tenant_id=72be8977fcf94219bd123e0203797ab3&name=default => generated 2925 bytes in 21 msecs (HTTP/1.1 200) 4 headers in 158 bytes (1 switches on core 0)
2026-07-01 02:01:22.920 8 INFO neutron.db.ovn_revision_numbers_db [None req-08434d6f-9b00-4627-ab56-3a6eae4c126b 1357b7f1f7f948bfb8ed80cda3f9ea95 9feb2daff4494df2b50f9be7b99da639 - - default default] Successfully bumped revision number for resource aab093b5-2b45-40e2-bbc1-fbc717e7304f (type: routers) to 1 [pid: 8|app: 0|req: 589/1214] 10.0.0.10 () {34 vars in 668 bytes} [Wed Jul 1 02:01:22 2026] POST /v2.0/routers => generated 607 bytes in 143 msecs (HTTP/1.1 201) 4 headers in 162 bytes (1 switches on core 0)
2026-07-01 02:01:22.937 7 INFO neutron.db.ovn_revision_numbers_db [None req-273f3a4a-ff6d-49a2-9332-678b20baebbf 7393632161bd4d469b5b6426b4c656e4 65716c42aa084a18b6930c1f8721980d - - default default] Successfully bumped revision number for resource 591ffcef-761b-4907-bdfb-368321f5aba1 (type: security_groups) to 1
2026-07-01 02:01:22.951 7 INFO neutron.db.ovn_revision_numbers_db [None req-273f3a4a-ff6d-49a2-9332-678b20baebbf 7393632161bd4d469b5b6426b4c656e4 65716c42aa084a18b6930c1f8721980d - - default default] Successfully bumped revision number for resource 1c3da4e2-2045-4f1b-b25e-811639007f52 (type: security_group_rules) to 0 [pid: 8|app: 0|req: 590/1215] 199.204.45.205 () {34 vars in 1050 bytes} [Wed Jul 1 02:01:22 2026] GET /v2.0/security-groups?fields=id&fields=name&tenant_id=b7b7dfe268fa4561bd3a6e5b230f4c04 => generated 181 bytes in 25 msecs (HTTP/1.1 200) 4 headers in 157 bytes (1 switches on core 0)
2026-07-01 02:01:22.963 7 INFO neutron.db.ovn_revision_numbers_db [None req-273f3a4a-ff6d-49a2-9332-678b20baebbf 7393632161bd4d469b5b6426b4c656e4 65716c42aa084a18b6930c1f8721980d - - default default] Successfully bumped revision number for resource 27c0a1cc-df13-4bc5-aa31-6a6a1f0ac209 (type: security_group_rules) to 0
2026-07-01 02:01:22.981 7 INFO neutron.db.ovn_revision_numbers_db [None req-273f3a4a-ff6d-49a2-9332-678b20baebbf 7393632161bd4d469b5b6426b4c656e4 65716c42aa084a18b6930c1f8721980d - - default default] Successfully bumped revision number for resource 3049c6e2-ed28-4f21-a74b-b1b1535e35f4 (type: security_group_rules) to 0
2026-07-01 02:01:22.996 7 INFO neutron.db.ovn_revision_numbers_db [None req-273f3a4a-ff6d-49a2-9332-678b20baebbf 7393632161bd4d469b5b6426b4c656e4 65716c42aa084a18b6930c1f8721980d - - default default] Successfully bumped revision number for resource 41702144-c161-4404-ab2f-c9292ce2f012 (type: security_group_rules) to 0
2026-07-01 02:01:23.080 7 INFO neutron.db.segments_db [None req-273f3a4a-ff6d-49a2-9332-678b20baebbf 7393632161bd4d469b5b6426b4c656e4 65716c42aa084a18b6930c1f8721980d - - default default] Added segment e23802af-25d9-4c8d-b9d5-1c8408e7bed8 of type geneve for network 2fb4edd6-0eac-4d38-ae96-0b2e088d399a
2026-07-01 02:01:23.193 7 INFO neutron.db.ovn_revision_numbers_db [None req-273f3a4a-ff6d-49a2-9332-678b20baebbf 7393632161bd4d469b5b6426b4c656e4 65716c42aa084a18b6930c1f8721980d - - default default] Successfully bumped revision number for resource 2fb4edd6-0eac-4d38-ae96-0b2e088d399a (type: networks) to 1 [pid: 8|app: 0|req: 591/1216] 10.0.0.10 () {32 vars in 739 bytes} [Wed Jul 1 02:01:22 2026] DELETE /v2.0/security-groups/890c73d4-ca03-4b2a-a3d5-aaa967cf5d74 => generated 0 bytes in 263 msecs (HTTP/1.1 204) 2 headers in 112 bytes (1 switches on core 0)
2026-07-01 02:01:23.373 7 WARNING neutron.scheduler.dhcp_agent_scheduler [None req-273f3a4a-ff6d-49a2-9332-678b20baebbf 7393632161bd4d469b5b6426b4c656e4 65716c42aa084a18b6930c1f8721980d - - default default] No more DHCP agents
2026-07-01 02:01:23.375 7 WARNING neutron.api.rpc.agentnotifiers.dhcp_rpc_agent_api [None req-273f3a4a-ff6d-49a2-9332-678b20baebbf 7393632161bd4d469b5b6426b4c656e4 65716c42aa084a18b6930c1f8721980d - - default default] Unable to schedule network 2fb4edd6-0eac-4d38-ae96-0b2e088d399a: no agents available; will retry on subsequent port and subnet creation events.
2026-07-01 02:01:23.421 7 INFO neutron.plugins.ml2.drivers.ovn.mech_driver.mech_driver [None req-ae76cdad-8489-48d5-b187-62bb64cbe2d5 - - - - - -] OVN reports status down for port: 8875a288-279f-46f1-906a-bddab27cceea
2026-07-01 02:01:23.491 7 INFO neutron.db.ovn_revision_numbers_db [None req-273f3a4a-ff6d-49a2-9332-678b20baebbf 7393632161bd4d469b5b6426b4c656e4 65716c42aa084a18b6930c1f8721980d - - default default] Successfully bumped revision number for resource 8875a288-279f-46f1-906a-bddab27cceea (type: ports) to 1 [pid: 7|app: 0|req: 626/1217] 10.0.0.10 () {34 vars in 669 bytes} [Wed Jul 1 02:01:22 2026] POST /v2.0/networks => generated 644 bytes in 972 msecs (HTTP/1.1 201) 4 headers in 162 bytes (1 switches on core 0)
2026-07-01 02:01:23.613 8 WARNING neutron.scheduler.dhcp_agent_scheduler [None req-c51788b3-2783-429e-a173-ce1384b35883 1357b7f1f7f948bfb8ed80cda3f9ea95 9feb2daff4494df2b50f9be7b99da639 - - default default] No more DHCP agents
2026-07-01 02:01:23.614 8 WARNING neutron.api.rpc.agentnotifiers.dhcp_rpc_agent_api [None req-c51788b3-2783-429e-a173-ce1384b35883 1357b7f1f7f948bfb8ed80cda3f9ea95 9feb2daff4494df2b50f9be7b99da639 - - default default] Unable to schedule network e3be0c24-fc0a-44ab-84ca-716c928ea321: no agents available; will retry on subsequent port and subnet creation events.
2026-07-01 02:01:23.694 7 INFO neutron.plugins.ml2.drivers.ovn.mech_driver.mech_driver [None req-ae76cdad-8489-48d5-b187-62bb64cbe2d5 - - - - - -] OVN reports status down for port: 30e86eac-fa5c-4303-9a44-d3d026ed77dd
2026-07-01 02:01:23.722 8 INFO neutron.db.ovn_revision_numbers_db [None req-c51788b3-2783-429e-a173-ce1384b35883 1357b7f1f7f948bfb8ed80cda3f9ea95 9feb2daff4494df2b50f9be7b99da639 - - default default] Successfully bumped revision number for resource 30e86eac-fa5c-4303-9a44-d3d026ed77dd (type: ports) to 1
2026-07-01 02:01:23.889 7 WARNING neutron.scheduler.dhcp_agent_scheduler [req-95a90f7f-4bac-41e6-93d0-2cb3d78fbc6c req-b9a8d1ed-869f-4054-acb2-98ddb163e4ec e8099d84ae2c4763bcf56fd9541e9fd9 b7b7dfe268fa4561bd3a6e5b230f4c04 - - default default] No more DHCP agents
2026-07-01 02:01:23.891 7 WARNING neutron.api.rpc.agentnotifiers.dhcp_rpc_agent_api [req-95a90f7f-4bac-41e6-93d0-2cb3d78fbc6c req-b9a8d1ed-869f-4054-acb2-98ddb163e4ec e8099d84ae2c4763bcf56fd9541e9fd9 b7b7dfe268fa4561bd3a6e5b230f4c04 - - default default] Unable to schedule network ff836303-1e15-4069-bc81-5af2a82f3ebc: no agents available; will retry on subsequent port and subnet creation events.
2026-07-01 02:01:24.001 7 INFO neutron.plugins.ml2.drivers.ovn.mech_driver.mech_driver [None req-ae76cdad-8489-48d5-b187-62bb64cbe2d5 - - - - - -] OVN reports status down for port: 19cde45e-3737-47fc-a3c8-81e93fe25bc1
2026-07-01 02:01:24.079 7 INFO neutron.db.ovn_revision_numbers_db [req-95a90f7f-4bac-41e6-93d0-2cb3d78fbc6c req-b9a8d1ed-869f-4054-acb2-98ddb163e4ec e8099d84ae2c4763bcf56fd9541e9fd9 b7b7dfe268fa4561bd3a6e5b230f4c04 - - default default] Successfully bumped revision number for resource 19cde45e-3737-47fc-a3c8-81e93fe25bc1 (type: ports) to 1
2026-07-01 02:01:24.188 7 INFO neutron.plugins.ml2.drivers.ovn.mech_driver.mech_driver [None req-ae76cdad-8489-48d5-b187-62bb64cbe2d5 - - - - - -] OVN reports status up for port: 30e86eac-fa5c-4303-9a44-d3d026ed77dd
2026-07-01 02:01:24.210 7 INFO neutron.plugins.ml2.plugin [None req-ae76cdad-8489-48d5-b187-62bb64cbe2d5 - - - - - -] Attempt 1 to provision port 30e86eac-fa5c-4303-9a44-d3d026ed77dd [pid: 7|app: 0|req: 627/1218] 199.204.45.205 () {38 vars in 955 bytes} [Wed Jul 1 02:01:23 2026] POST /v2.0/ports => generated 958 bytes in 695 msecs (HTTP/1.1 201) 4 headers in 162 bytes (1 switches on core 0)
2026-07-01 02:01:24.228 8 WARNING neutron.scheduler.dhcp_agent_scheduler [None req-c51788b3-2783-429e-a173-ce1384b35883 1357b7f1f7f948bfb8ed80cda3f9ea95 9feb2daff4494df2b50f9be7b99da639 - - default default] No more DHCP agents
2026-07-01 02:01:24.231 8 WARNING neutron.api.rpc.agentnotifiers.dhcp_rpc_agent_api [None req-c51788b3-2783-429e-a173-ce1384b35883 1357b7f1f7f948bfb8ed80cda3f9ea95 9feb2daff4494df2b50f9be7b99da639 - - default default] Unable to schedule network e3be0c24-fc0a-44ab-84ca-716c928ea321: no agents available; will retry on subsequent port and subnet creation events. /var/lib/openstack/lib/python3.12/site-packages/pycadf/identifier.py:70: UserWarning: Invalid uuid: neutron. To ensure interoperability, identifiers should be a valid uuid. warnings.warn(('Invalid uuid: %s. To ensure interoperability, ' [pid: 7|app: 0|req: 628/1219] 10.0.0.79 () {34 vars in 989 bytes} [Wed Jul 1 02:01:24 2026] GET /v2.0/ports?device_id=e7c4cc99-21a9-43fe-8b1b-15351a7cdea4 => generated 961 bytes in 58 msecs (HTTP/1.1 200) 4 headers in 157 bytes (1 switches on core 0)
2026-07-01 02:01:24.424 8 INFO neutron.db.ovn_revision_numbers_db [None req-c51788b3-2783-429e-a173-ce1384b35883 1357b7f1f7f948bfb8ed80cda3f9ea95 9feb2daff4494df2b50f9be7b99da639 - - default default] Successfully bumped revision number for resource 30e86eac-fa5c-4303-9a44-d3d026ed77dd (type: router_ports) to 1 [pid: 8|app: 0|req: 592/1222] 10.0.0.10 () {34 vars in 782 bytes} [Wed Jul 1 02:01:23 2026] PUT /v2.0/routers/aab093b5-2b45-40e2-bbc1-fbc717e7304f/add_router_interface => generated 309 bytes in 1206 msecs (HTTP/1.1 200) 4 headers in 157 bytes (1 switches on core 0)
2026-07-01 02:01:24.801 8 INFO neutron.db.ovn_revision_numbers_db [req-95a90f7f-4bac-41e6-93d0-2cb3d78fbc6c req-f5f6802e-ac43-476f-95ed-06e11002bcd7 06a954f5ef5f4d7db1599a7ff7ca1652 65db24e19f06419bb64765871178f202 - - 97ac84c9e47b4042887ca80f2edf635c 97ac84c9e47b4042887ca80f2edf635c] Successfully bumped revision number for resource 19cde45e-3737-47fc-a3c8-81e93fe25bc1 (type: ports) to 2
2026-07-01 02:01:25.013 8 INFO neutron.db.ovn_revision_numbers_db [req-95a90f7f-4bac-41e6-93d0-2cb3d78fbc6c req-f5f6802e-ac43-476f-95ed-06e11002bcd7 06a954f5ef5f4d7db1599a7ff7ca1652 65db24e19f06419bb64765871178f202 - - 97ac84c9e47b4042887ca80f2edf635c 97ac84c9e47b4042887ca80f2edf635c] Successfully bumped revision number for resource 19cde45e-3737-47fc-a3c8-81e93fe25bc1 (type: ports) to 4 [pid: 8|app: 0|req: 593/1223] 199.204.45.205 () {38 vars in 1028 bytes} [Wed Jul 1 02:01:24 2026] PUT /v2.0/ports/19cde45e-3737-47fc-a3c8-81e93fe25bc1 => generated 1208 bytes in 601 msecs (HTTP/1.1 200) 4 headers in 158 bytes (1 switches on core 0) /var/lib/openstack/lib/python3.12/site-packages/pycadf/identifier.py:70: UserWarning: Invalid uuid: neutron. To ensure interoperability, identifiers should be a valid uuid. warnings.warn(('Invalid uuid: %s. To ensure interoperability, '
2026-07-01 02:01:25.069 8 INFO neutron.notifiers.nova [-] Nova event matching ['req-33951768-da00-4e23-899c-d70e1ce23f92'] response: {'name': 'network-changed', 'server_uuid': 'e7c4cc99-21a9-43fe-8b1b-15351a7cdea4', 'tag': '19cde45e-3737-47fc-a3c8-81e93fe25bc1', 'status': 'completed', 'code': 200} [pid: 8|app: 0|req: 594/1224] 10.0.0.79 () {34 vars in 1039 bytes} [Wed Jul 1 02:01:25 2026] GET /v2.0/security-groups?id=4cb1fc8d-8a7e-449a-941b-a576bd650b78&fields=id&fields=name => generated 114 bytes in 40 msecs (HTTP/1.1 200) 4 headers in 157 bytes (1 switches on core 0) [pid: 8|app: 0|req: 595/1225] 10.0.0.10 () {32 vars in 716 bytes} [Wed Jul 1 02:01:25 2026] GET /v2.0/ports/30e86eac-fa5c-4303-9a44-d3d026ed77dd => generated 947 bytes in 30 msecs (HTTP/1.1 200) 4 headers in 157 bytes (1 switches on core 0)
2026-07-01 02:01:25.132 7 WARNING neutron.scheduler.dhcp_agent_scheduler [None req-75bca6f6-4cf3-42a5-8135-fa752213403b 7393632161bd4d469b5b6426b4c656e4 65716c42aa084a18b6930c1f8721980d - - default default] No more DHCP agents
2026-07-01 02:01:25.138 7 WARNING neutron.api.rpc.agentnotifiers.dhcp_rpc_agent_api [None req-75bca6f6-4cf3-42a5-8135-fa752213403b 7393632161bd4d469b5b6426b4c656e4 65716c42aa084a18b6930c1f8721980d - - default default] Unable to schedule network 2fb4edd6-0eac-4d38-ae96-0b2e088d399a: no agents available; will retry on subsequent port and subnet creation events.
2026-07-01 02:01:25.286 8 INFO neutron.plugins.ml2.drivers.ovn.mech_driver.mech_driver [None req-140335ae-788f-4321-9c64-5b55248a4213 - - - - - -] OVN reports status down for port: 41060c11-7920-4e05-8c3f-84556625f967
2026-07-01 02:01:25.320 7 INFO neutron.db.ovn_revision_numbers_db [None req-ae76cdad-8489-48d5-b187-62bb64cbe2d5 - - - - - -] Successfully bumped revision number for resource 30e86eac-fa5c-4303-9a44-d3d026ed77dd (type: ports) to 2
2026-07-01 02:01:25.346 7 INFO neutron.db.ovn_revision_numbers_db [None req-75bca6f6-4cf3-42a5-8135-fa752213403b 7393632161bd4d469b5b6426b4c656e4 65716c42aa084a18b6930c1f8721980d - - default default] Successfully bumped revision number for resource 41060c11-7920-4e05-8c3f-84556625f967 (type: ports) to 1 [pid: 7|app: 0|req: 631/1226] 10.0.0.10 () {34 vars in 664 bytes} [Wed Jul 1 02:01:24 2026] POST /v2.0/ports => generated 774 bytes in 1137 msecs (HTTP/1.1 201) 4 headers in 162 bytes (1 switches on core 0) /var/lib/openstack/lib/python3.12/site-packages/pycadf/identifier.py:70: UserWarning: Invalid uuid: neutron. To ensure interoperability, identifiers should be a valid uuid. warnings.warn(('Invalid uuid: %s. To ensure interoperability, '
2026-07-01 02:01:25.542 7 INFO neutron.db.segments_db [None req-f99513e8-a569-4537-bccb-4b7800f9f07a 7393632161bd4d469b5b6426b4c656e4 65716c42aa084a18b6930c1f8721980d - - default default] Added segment fdd77ecc-ad15-4cf1-b114-e8dd7c7894e1 of type geneve for network bcf411de-ba84-480f-9fa4-f3d869c4b3c8
2026-07-01 02:01:25.642 8 WARNING neutron.scheduler.dhcp_agent_scheduler [None req-09607009-3beb-4871-a7bb-24c7c9f149a5 1357b7f1f7f948bfb8ed80cda3f9ea95 9feb2daff4494df2b50f9be7b99da639 - - default default] No more DHCP agents
2026-07-01 02:01:25.643 8 WARNING neutron.api.rpc.agentnotifiers.dhcp_rpc_agent_api [None req-09607009-3beb-4871-a7bb-24c7c9f149a5 1357b7f1f7f948bfb8ed80cda3f9ea95 9feb2daff4494df2b50f9be7b99da639 - - default default] Unable to schedule network 13e5def6-1579-46bd-9b43-bf635e226709: no agents available; will retry on subsequent port and subnet creation events.
2026-07-01 02:01:25.651 7 INFO neutron.db.ovn_revision_numbers_db [None req-f99513e8-a569-4537-bccb-4b7800f9f07a 7393632161bd4d469b5b6426b4c656e4 65716c42aa084a18b6930c1f8721980d - - default default] Successfully bumped revision number for resource bcf411de-ba84-480f-9fa4-f3d869c4b3c8 (type: networks) to 1
2026-07-01 02:01:25.740 8 INFO neutron.db.ovn_revision_numbers_db [None req-09607009-3beb-4871-a7bb-24c7c9f149a5 1357b7f1f7f948bfb8ed80cda3f9ea95 9feb2daff4494df2b50f9be7b99da639 - - default default] Successfully bumped revision number for resource 83185e70-7508-476e-89e7-f4a2c70b2a75 (type: ports) to 1
2026-07-01 02:01:25.842 7 WARNING neutron.scheduler.dhcp_agent_scheduler [None req-f99513e8-a569-4537-bccb-4b7800f9f07a 7393632161bd4d469b5b6426b4c656e4 65716c42aa084a18b6930c1f8721980d - - default default] No more DHCP agents
2026-07-01 02:01:25.843 7 WARNING neutron.api.rpc.agentnotifiers.dhcp_rpc_agent_api [None req-f99513e8-a569-4537-bccb-4b7800f9f07a 7393632161bd4d469b5b6426b4c656e4 65716c42aa084a18b6930c1f8721980d - - default default] Unable to schedule network bcf411de-ba84-480f-9fa4-f3d869c4b3c8: no agents available; will retry on subsequent port and subnet creation events.
2026-07-01 02:01:25.905 8 INFO neutron.plugins.ml2.drivers.ovn.mech_driver.mech_driver [None req-140335ae-788f-4321-9c64-5b55248a4213 - - - - - -] OVN reports status down for port: c05e29b6-a40e-42e0-955b-554c779d166d
2026-07-01 02:01:25.916 7 INFO neutron.db.ovn_revision_numbers_db [None req-f99513e8-a569-4537-bccb-4b7800f9f07a 7393632161bd4d469b5b6426b4c656e4 65716c42aa084a18b6930c1f8721980d - - default default] Successfully bumped revision number for resource c05e29b6-a40e-42e0-955b-554c779d166d (type: ports) to 1 [pid: 7|app: 0|req: 632/1227] 10.0.0.10 () {34 vars in 669 bytes} [Wed Jul 1 02:01:25 2026] POST /v2.0/networks => generated 632 bytes in 503 msecs (HTTP/1.1 201) 4 headers in 162 bytes (1 switches on core 0) [pid: 7|app: 0|req: 633/1228] 199.204.45.205 () {34 vars in 1080 bytes} [Wed Jul 1 02:01:25 2026] GET /v2.0/ports?tenant_id=b7b7dfe268fa4561bd3a6e5b230f4c04&device_id=e7c4cc99-21a9-43fe-8b1b-15351a7cdea4 => generated 1211 bytes in 32 msecs (HTTP/1.1 200) 4 headers in 158 bytes (1 switches on core 0)
2026-07-01 02:01:26.161 7 WARNING neutron.scheduler.dhcp_agent_scheduler [None req-62bfa7d6-8827-4ef2-8964-27ffead71df4 7393632161bd4d469b5b6426b4c656e4 65716c42aa084a18b6930c1f8721980d - - default default] No more DHCP agents
2026-07-01 02:01:26.162 7 WARNING neutron.api.rpc.agentnotifiers.dhcp_rpc_agent_api [None req-62bfa7d6-8827-4ef2-8964-27ffead71df4 7393632161bd4d469b5b6426b4c656e4 65716c42aa084a18b6930c1f8721980d - - default default] Unable to schedule network bcf411de-ba84-480f-9fa4-f3d869c4b3c8: no agents available; will retry on subsequent port and subnet creation events.
2026-07-01 02:01:26.422 8 WARNING neutron.scheduler.dhcp_agent_scheduler [None req-09607009-3beb-4871-a7bb-24c7c9f149a5 1357b7f1f7f948bfb8ed80cda3f9ea95 9feb2daff4494df2b50f9be7b99da639 - - default default] No more DHCP agents
2026-07-01 02:01:26.423 8 WARNING neutron.api.rpc.agentnotifiers.dhcp_rpc_agent_api [None req-09607009-3beb-4871-a7bb-24c7c9f149a5 1357b7f1f7f948bfb8ed80cda3f9ea95 9feb2daff4494df2b50f9be7b99da639 - - default default] Unable to schedule network 13e5def6-1579-46bd-9b43-bf635e226709: no agents available; will retry on subsequent port and subnet creation events.
2026-07-01 02:01:26.644 7 INFO neutron.db.ovn_revision_numbers_db [None req-eb85be4e-9588-4351-bd5d-4f31ad99ea5a - - - - - -] Successfully bumped revision number for resource c05e29b6-a40e-42e0-955b-554c779d166d (type: ports) to 2
2026-07-01 02:01:26.680 7 INFO neutron.db.ovn_revision_numbers_db [None req-eb85be4e-9588-4351-bd5d-4f31ad99ea5a - - - - - -] Successfully bumped revision number for resource b3148efb-fde9-4c47-9e6c-8f34b7129420 (type: subnets) to 0 [pid: 7|app: 0|req: 634/1229] 10.0.0.10 () {34 vars in 668 bytes} [Wed Jul 1 02:01:25 2026] POST /v2.0/subnets => generated 626 bytes in 728 msecs (HTTP/1.1 201) 4 headers in 162 bytes (1 switches on core 0) [pid: 7|app: 0|req: 635/1230] 199.204.45.205 () {34 vars in 1018 bytes} [Wed Jul 1 02:01:26 2026] GET /v2.0/networks?tenant_id=b7b7dfe268fa4561bd3a6e5b230f4c04&shared=False => generated 774 bytes in 45 msecs (HTTP/1.1 200) 4 headers in 157 bytes (1 switches on core 0) [pid: 7|app: 0|req: 636/1231] 10.0.0.79 () {34 vars in 989 bytes} [Wed Jul 1 02:01:26 2026] GET /v2.0/ports?device_id=e7c4cc99-21a9-43fe-8b1b-15351a7cdea4 => generated 973 bytes in 26 msecs (HTTP/1.1 200) 4 headers in 157 bytes (1 switches on core 0)
2026-07-01 02:01:27.003 7 WARNING neutron.scheduler.dhcp_agent_scheduler [None req-11ae32ed-c46e-4181-b7e8-53a388090d8a 7393632161bd4d469b5b6426b4c656e4 65716c42aa084a18b6930c1f8721980d - - default default] No more DHCP agents
2026-07-01 02:01:27.005 7 WARNING neutron.api.rpc.agentnotifiers.dhcp_rpc_agent_api [None req-11ae32ed-c46e-4181-b7e8-53a388090d8a 7393632161bd4d469b5b6426b4c656e4 65716c42aa084a18b6930c1f8721980d - - default default] Unable to schedule network bcf411de-ba84-480f-9fa4-f3d869c4b3c8: no agents available; will retry on subsequent port and subnet creation events.
2026-07-01 02:01:27.081 8 INFO neutron.db.ovn_revision_numbers_db [None req-09607009-3beb-4871-a7bb-24c7c9f149a5 1357b7f1f7f948bfb8ed80cda3f9ea95 9feb2daff4494df2b50f9be7b99da639 - - default default] Successfully bumped revision number for resource 83185e70-7508-476e-89e7-f4a2c70b2a75 (type: router_ports) to 1 [pid: 8|app: 0|req: 596/1232] 10.0.0.10 () {34 vars in 782 bytes} [Wed Jul 1 02:01:25 2026] PUT /v2.0/routers/aab093b5-2b45-40e2-bbc1-fbc717e7304f/add_router_interface => generated 309 bytes in 1975 msecs (HTTP/1.1 200) 4 headers in 157 bytes (1 switches on core 0) [pid: 8|app: 0|req: 597/1233] 199.204.45.205 () {34 vars in 930 bytes} [Wed Jul 1 02:01:27 2026] GET /v2.0/networks?shared=True => generated 753 bytes in 44 msecs (HTTP/1.1 200) 4 headers in 157 bytes (1 switches on core 0) [pid: 8|app: 0|req: 598/1234] 10.0.0.79 () {34 vars in 1039 bytes} [Wed Jul 1 02:01:27 2026] GET /v2.0/security-groups?id=4cb1fc8d-8a7e-449a-941b-a576bd650b78&fields=id&fields=name => generated 114 bytes in 31 msecs (HTTP/1.1 200) 4 headers in 157 bytes (1 switches on core 0) [pid: 8|app: 0|req: 599/1235] 10.0.0.10 () {32 vars in 716 bytes} [Wed Jul 1 02:01:27 2026] GET /v2.0/ports/83185e70-7508-476e-89e7-f4a2c70b2a75 => generated 953 bytes in 51 msecs (HTTP/1.1 200) 4 headers in 157 bytes (1 switches on core 0)
2026-07-01 02:01:27.243 7 INFO neutron.db.ovn_revision_numbers_db [None req-11ae32ed-c46e-4181-b7e8-53a388090d8a 7393632161bd4d469b5b6426b4c656e4 65716c42aa084a18b6930c1f8721980d - - default default] Successfully bumped revision number for resource 8518ba1f-5cb1-4bd0-8edd-2ac78c560fcf (type: ports) to 1 [pid: 8|app: 0|req: 600/1236] 10.0.0.10 () {32 vars in 716 bytes} [Wed Jul 1 02:01:27 2026] GET /v2.0/ports/83185e70-7508-476e-89e7-f4a2c70b2a75 => generated 953 bytes in 38 msecs (HTTP/1.1 200) 4 headers in 157 bytes (1 switches on core 0) [pid: 7|app: 0|req: 637/1237] 10.0.0.10 () {34 vars in 664 bytes} [Wed Jul 1 02:01:26 2026] POST /v2.0/ports => generated 950 bytes in 493 msecs (HTTP/1.1 201) 4 headers in 162 bytes (1 switches on core 0)
2026-07-01 02:01:27.444 8 INFO neutron_taas.services.taas.taas_plugin [None req-5f0ea29c-52ce-4b03-8644-a75f3d167143 7393632161bd4d469b5b6426b4c656e4 65716c42aa084a18b6930c1f8721980d - - default default] TaaS: Handle Delete Port: 8518ba1f-5cb1-4bd0-8edd-2ac78c560fcf
2026-07-01 02:01:27.447 8 INFO neutron_taas.services.taas.tap_mirror_plugin [None req-5f0ea29c-52ce-4b03-8644-a75f3d167143 7393632161bd4d469b5b6426b4c656e4 65716c42aa084a18b6930c1f8721980d - - default default] Tap Mirror: Handle Delete Port: 8518ba1f-5cb1-4bd0-8edd-2ac78c560fcf [pid: 8|app: 0|req: 601/1238] 10.0.0.10 () {32 vars in 719 bytes} [Wed Jul 1 02:01:27 2026] DELETE /v2.0/ports/8518ba1f-5cb1-4bd0-8edd-2ac78c560fcf => generated 0 bytes in 372 msecs (HTTP/1.1 204) 3 headers in 131 bytes (1 switches on core 0) /var/lib/openstack/lib/python3.12/site-packages/pycadf/identifier.py:70: UserWarning: Invalid uuid: neutron. To ensure interoperability, identifiers should be a valid uuid. warnings.warn(('Invalid uuid: %s. To ensure interoperability, '
2026-07-01 02:01:27.661 7 INFO neutron.pecan_wsgi.hooks.translation [None req-45b28c6e-5f7e-4ccf-b05d-a42c2d0f0de6 7393632161bd4d469b5b6426b4c656e4 65716c42aa084a18b6930c1f8721980d - - default default] DELETE failed (client error): The resource could not be found. [pid: 7|app: 0|req: 638/1239] 10.0.0.10 () {32 vars in 719 bytes} [Wed Jul 1 02:01:27 2026] DELETE /v2.0/ports/8518ba1f-5cb1-4bd0-8edd-2ac78c560fcf => generated 132 bytes in 17 msecs (HTTP/1.1 404) 4 headers in 164 bytes (1 switches on core 0)
2026-07-01 02:01:27.690 8 INFO neutron.pecan_wsgi.hooks.translation [None req-d5e8bdb3-0cae-471c-b5a5-6b81858b9cbe 7393632161bd4d469b5b6426b4c656e4 65716c42aa084a18b6930c1f8721980d - - default default] GET failed (client error): The resource could not be found. [pid: 8|app: 0|req: 602/1240] 10.0.0.10 () {32 vars in 716 bytes} [Wed Jul 1 02:01:27 2026] GET /v2.0/ports/8518ba1f-5cb1-4bd0-8edd-2ac78c560fcf => generated 132 bytes in 24 msecs (HTTP/1.1 404) 4 headers in 164 bytes (1 switches on core 0) [pid: 7|app: 0|req: 639/1241] 10.0.0.10 () {32 vars in 723 bytes} [Wed Jul 1 02:01:27 2026] DELETE /v2.0/subnets/b3148efb-fde9-4c47-9e6c-8f34b7129420 => generated 0 bytes in 162 msecs (HTTP/1.1 204) 3 headers in 131 bytes (1 switches on core 0)
2026-07-01 02:01:27.988 8 INFO neutron_taas.services.taas.taas_plugin [None req-ac235234-7535-4281-add7-c5da61715c44 7393632161bd4d469b5b6426b4c656e4 65716c42aa084a18b6930c1f8721980d - - default default] TaaS: Handle Delete Port: c05e29b6-a40e-42e0-955b-554c779d166d
2026-07-01 02:01:27.992 8 INFO neutron_taas.services.taas.tap_mirror_plugin [None req-ac235234-7535-4281-add7-c5da61715c44 7393632161bd4d469b5b6426b4c656e4 65716c42aa084a18b6930c1f8721980d - - default default] Tap Mirror: Handle Delete Port: c05e29b6-a40e-42e0-955b-554c779d166d
2026-07-01 02:01:28.170 8 INFO neutron.services.segments.plugin [-] Segment fdd77ecc-ad15-4cf1-b114-e8dd7c7894e1 resource provider aggregate not found
2026-07-01 02:01:28.173 8 INFO neutron.services.segments.plugin [-] Segment fdd77ecc-ad15-4cf1-b114-e8dd7c7894e1 resource provider aggregate not found
2026-07-01 02:01:28.185 8 INFO neutron.services.segments.plugin [-] Segment fdd77ecc-ad15-4cf1-b114-e8dd7c7894e1 resource provider not found; error: Placement Client Error (4xx): {"errors": [{"status": 404, "title": "Not Found", "detail": "The resource could not be found.\n\n No resource provider with uuid fdd77ecc-ad15-4cf1-b114-e8dd7c7894e1 found for delete ", "request_id": "req-33ded5d3-d96f-4de7-9095-b3575e00ebe2"}]} [pid: 7|app: 0|req: 640/1242] 199.204.45.205 () {34 vars in 1080 bytes} [Wed Jul 1 02:01:28 2026] GET /v2.0/ports?tenant_id=b7b7dfe268fa4561bd3a6e5b230f4c04&device_id=e7c4cc99-21a9-43fe-8b1b-15351a7cdea4 => generated 1211 bytes in 43 msecs (HTTP/1.1 200) 4 headers in 158 bytes (1 switches on core 0)
2026-07-01 02:01:28.197 8 INFO neutron.services.segments.plugin [-] Segment fdd77ecc-ad15-4cf1-b114-e8dd7c7894e1 resource provider not found; error: Placement Client Error (4xx): {"errors": [{"status": 404, "title": "Not Found", "detail": "The resource could not be found.\n\n No resource provider with uuid fdd77ecc-ad15-4cf1-b114-e8dd7c7894e1 found for delete ", "request_id": "req-94dca451-3261-4f99-8b1e-780db5b950f0"}]} [pid: 7|app: 0|req: 641/1243] 199.204.45.205 () {34 vars in 1060 bytes} [Wed Jul 1 02:01:28 2026] GET /v2.0/floatingips?fixed_ip_address=10.100.0.10&port_id=19cde45e-3737-47fc-a3c8-81e93fe25bc1 => generated 19 bytes in 22 msecs (HTTP/1.1 200) 4 headers in 156 bytes (1 switches on core 0) [pid: 8|app: 0|req: 603/1244] 10.0.0.10 () {32 vars in 725 bytes} [Wed Jul 1 02:01:27 2026] DELETE /v2.0/networks/bcf411de-ba84-480f-9fa4-f3d869c4b3c8 => generated 0 bytes in 367 msecs (HTTP/1.1 204) 3 headers in 131 bytes (1 switches on core 0) [pid: 8|app: 0|req: 604/1245] 199.204.45.205 () {34 vars in 984 bytes} [Wed Jul 1 02:01:28 2026] GET /v2.0/subnets?id=0eeddc96-6670-4802-ada0-170a73206aae => generated 693 bytes in 22 msecs (HTTP/1.1 200) 4 headers in 157 bytes (1 switches on core 0) [pid: 7|app: 0|req: 642/1246] 10.0.0.79 () {34 vars in 989 bytes} [Wed Jul 1 02:01:28 2026] GET /v2.0/ports?device_id=e7c4cc99-21a9-43fe-8b1b-15351a7cdea4 => generated 973 bytes in 37 msecs (HTTP/1.1 200) 4 headers in 157 bytes (1 switches on core 0) [pid: 7|app: 0|req: 643/1247] 10.0.0.10 () {32 vars in 716 bytes} [Wed Jul 1 02:01:28 2026] GET /v2.0/ports/83185e70-7508-476e-89e7-f4a2c70b2a75 => generated 953 bytes in 64 msecs (HTTP/1.1 200) 4 headers in 157 bytes (1 switches on core 0)
2026-07-01 02:01:28.337 8 INFO neutron.db.segments_db [None req-74ac5d50-bb44-47fd-b889-ee3660fe1a6e 7393632161bd4d469b5b6426b4c656e4 65716c42aa084a18b6930c1f8721980d - - default default] Added segment e2e6a742-5eee-4e64-89fd-6b7feaa29395 of type geneve for network de78e463-1029-4579-a6a8-845cd88233ec [pid: 7|app: 0|req: 644/1248] 199.204.45.205 () {34 vars in 1052 bytes} [Wed Jul 1 02:01:28 2026] GET /v2.0/ports?network_id=ff836303-1e15-4069-bc81-5af2a82f3ebc&device_owner=network%3Adhcp => generated 12 bytes in 16 msecs (HTTP/1.1 200) 4 headers in 156 bytes (1 switches on core 0) [pid: 7|app: 0|req: 645/1249] 10.0.0.79 () {34 vars in 1039 bytes} [Wed Jul 1 02:01:28 2026] GET /v2.0/security-groups?id=4cb1fc8d-8a7e-449a-941b-a576bd650b78&fields=id&fields=name => generated 114 bytes in 27 msecs (HTTP/1.1 200) 4 headers in 157 bytes (1 switches on core 0) [pid: 7|app: 0|req: 646/1250] 199.204.45.205 () {34 vars in 1012 bytes} [Wed Jul 1 02:01:28 2026] GET /v2.0/networks/ff836303-1e15-4069-bc81-5af2a82f3ebc?fields=segments => generated 14 bytes in 42 msecs (HTTP/1.1 200) 4 headers in 156 bytes (1 switches on core 0)
2026-07-01 02:01:28.471 8 INFO neutron.db.ovn_revision_numbers_db [None req-74ac5d50-bb44-47fd-b889-ee3660fe1a6e 7393632161bd4d469b5b6426b4c656e4 65716c42aa084a18b6930c1f8721980d - - default default] Successfully bumped revision number for resource de78e463-1029-4579-a6a8-845cd88233ec (type: networks) to 1 [pid: 7|app: 0|req: 647/1251] 199.204.45.205 () {34 vars in 1112 bytes} [Wed Jul 1 02:01:28 2026] GET /v2.0/networks/ff836303-1e15-4069-bc81-5af2a82f3ebc?fields=provider%3Aphysical_network&fields=provider%3Anetwork_type => generated 79 bytes in 58 msecs (HTTP/1.1 200) 4 headers in 156 bytes (1 switches on core 0)
2026-07-01 02:01:28.669 8 WARNING neutron.scheduler.dhcp_agent_scheduler [None req-74ac5d50-bb44-47fd-b889-ee3660fe1a6e 7393632161bd4d469b5b6426b4c656e4 65716c42aa084a18b6930c1f8721980d - - default default] No more DHCP agents
2026-07-01 02:01:28.670 8 WARNING neutron.api.rpc.agentnotifiers.dhcp_rpc_agent_api [None req-74ac5d50-bb44-47fd-b889-ee3660fe1a6e 7393632161bd4d469b5b6426b4c656e4 65716c42aa084a18b6930c1f8721980d - - default default] Unable to schedule network de78e463-1029-4579-a6a8-845cd88233ec: no agents available; will retry on subsequent port and subnet creation events.
2026-07-01 02:01:28.728 8 INFO neutron.plugins.ml2.drivers.ovn.mech_driver.mech_driver [None req-140335ae-788f-4321-9c64-5b55248a4213 - - - - - -] OVN reports status down for port: f0a73bd9-a1c2-469d-a850-0008d7b64f8a
2026-07-01 02:01:28.787 7 INFO neutron.db.ovn_revision_numbers_db [None req-b0b8dd31-a105-4b05-9176-6d211cc0bd9c 7f302901e24d45a7bc1a87fe4b2a7082 61cf9f8f357c4847a3bbb29a24618b19 - - default default] Successfully bumped revision number for resource bd79de0a-8592-4cd0-aca2-d9f011189831 (type: security_groups) to 1
2026-07-01 02:01:28.800 7 INFO neutron.db.ovn_revision_numbers_db [None req-b0b8dd31-a105-4b05-9176-6d211cc0bd9c 7f302901e24d45a7bc1a87fe4b2a7082 61cf9f8f357c4847a3bbb29a24618b19 - - default default] Successfully bumped revision number for resource ba8fdc19-1f45-4576-bf26-1d9c169a30ec (type: security_group_rules) to 0
2026-07-01 02:01:28.800 8 INFO neutron.db.ovn_revision_numbers_db [None req-74ac5d50-bb44-47fd-b889-ee3660fe1a6e 7393632161bd4d469b5b6426b4c656e4 65716c42aa084a18b6930c1f8721980d - - default default] Successfully bumped revision number for resource f0a73bd9-a1c2-469d-a850-0008d7b64f8a (type: ports) to 1
2026-07-01 02:01:28.814 7 INFO neutron.db.ovn_revision_numbers_db [None req-b0b8dd31-a105-4b05-9176-6d211cc0bd9c 7f302901e24d45a7bc1a87fe4b2a7082 61cf9f8f357c4847a3bbb29a24618b19 - - default default] Successfully bumped revision number for resource dc395067-6c4c-43ec-aef8-eee088d894b2 (type: security_group_rules) to 0
2026-07-01 02:01:28.825 7 INFO neutron.db.ovn_revision_numbers_db [None req-b0b8dd31-a105-4b05-9176-6d211cc0bd9c 7f302901e24d45a7bc1a87fe4b2a7082 61cf9f8f357c4847a3bbb29a24618b19 - - default default] Successfully bumped revision number for resource df88c52b-4fdf-42fa-925b-bb0a9389b485 (type: security_group_rules) to 0
2026-07-01 02:01:28.835 7 INFO neutron.db.ovn_revision_numbers_db [None req-b0b8dd31-a105-4b05-9176-6d211cc0bd9c 7f302901e24d45a7bc1a87fe4b2a7082 61cf9f8f357c4847a3bbb29a24618b19 - - default default] Successfully bumped revision number for resource e7688213-4ccb-4581-8697-25c718f9ec19 (type: security_group_rules) to 0 [pid: 8|app: 0|req: 605/1252] 10.0.0.10 () {34 vars in 669 bytes} [Wed Jul 1 02:01:28 2026] POST /v2.0/networks => generated 631 bytes in 602 msecs (HTTP/1.1 201) 4 headers in 162 bytes (1 switches on core 0) [pid: 7|app: 0|req: 648/1253] 10.0.0.10 () {32 vars in 773 bytes} [Wed Jul 1 02:01:28 2026] GET /v2.0/security-groups?tenant_id=297b516dadca4a8b91212c47f993de35&name=default => generated 2925 bytes in 376 msecs (HTTP/1.1 200) 4 headers in 158 bytes (1 switches on core 0)
2026-07-01 02:01:29.058 8 WARNING neutron.scheduler.dhcp_agent_scheduler [None req-389590d0-e46c-47a0-9ef9-8ea9ee08a841 7393632161bd4d469b5b6426b4c656e4 65716c42aa084a18b6930c1f8721980d - - default default] No more DHCP agents
2026-07-01 02:01:29.060 8 WARNING neutron.api.rpc.agentnotifiers.dhcp_rpc_agent_api [None req-389590d0-e46c-47a0-9ef9-8ea9ee08a841 7393632161bd4d469b5b6426b4c656e4 65716c42aa084a18b6930c1f8721980d - - default default] Unable to schedule network de78e463-1029-4579-a6a8-845cd88233ec: no agents available; will retry on subsequent port and subnet creation events. [pid: 7|app: 0|req: 649/1254] 10.0.0.10 () {32 vars in 739 bytes} [Wed Jul 1 02:01:28 2026] DELETE /v2.0/security-groups/bd79de0a-8592-4cd0-aca2-d9f011189831 => generated 0 bytes in 215 msecs (HTTP/1.1 204) 2 headers in 112 bytes (1 switches on core 0)
2026-07-01 02:01:29.322 7 INFO neutron.db.ovn_revision_numbers_db [None req-6975ab57-31e9-4081-a920-c57b04340c78 7f302901e24d45a7bc1a87fe4b2a7082 61cf9f8f357c4847a3bbb29a24618b19 - - default default] Successfully bumped revision number for resource 1e72592c-9d23-4e94-b54c-ac7c2813d0a8 (type: security_groups) to 1
2026-07-01 02:01:29.337 7 INFO neutron.db.ovn_revision_numbers_db [None req-6975ab57-31e9-4081-a920-c57b04340c78 7f302901e24d45a7bc1a87fe4b2a7082 61cf9f8f357c4847a3bbb29a24618b19 - - default default] Successfully bumped revision number for resource 1f279dbf-64c2-497c-84ad-a419a79d9d3e (type: security_group_rules) to 0
2026-07-01 02:01:29.348 7 INFO neutron.db.ovn_revision_numbers_db [None req-6975ab57-31e9-4081-a920-c57b04340c78 7f302901e24d45a7bc1a87fe4b2a7082 61cf9f8f357c4847a3bbb29a24618b19 - - default default] Successfully bumped revision number for resource 47decddf-7beb-4abe-8486-bb34ff8d46d5 (type: security_group_rules) to 0
2026-07-01 02:01:29.359 7 INFO neutron.db.ovn_revision_numbers_db [None req-6975ab57-31e9-4081-a920-c57b04340c78 7f302901e24d45a7bc1a87fe4b2a7082 61cf9f8f357c4847a3bbb29a24618b19 - - default default] Successfully bumped revision number for resource 489b9efb-057a-4541-9bd3-78531b0eb32d (type: security_group_rules) to 0
2026-07-01 02:01:29.372 7 INFO neutron.db.ovn_revision_numbers_db [None req-6975ab57-31e9-4081-a920-c57b04340c78 7f302901e24d45a7bc1a87fe4b2a7082 61cf9f8f357c4847a3bbb29a24618b19 - - default default] Successfully bumped revision number for resource 81857e5b-9a93-4fe8-ac3b-a2dc538d8c72 (type: security_group_rules) to 0 [pid: 7|app: 0|req: 650/1255] 10.0.0.10 () {32 vars in 773 bytes} [Wed Jul 1 02:01:29 2026] GET /v2.0/security-groups?tenant_id=f36f900086734133bf52191dc159135e&name=default => generated 2925 bytes in 232 msecs (HTTP/1.1 200) 4 headers in 158 bytes (1 switches on core 0) [pid: 7|app: 0|req: 651/1256] 10.0.0.10 () {32 vars in 716 bytes} [Wed Jul 1 02:01:29 2026] GET /v2.0/ports/83185e70-7508-476e-89e7-f4a2c70b2a75 => generated 953 bytes in 37 msecs (HTTP/1.1 200) 4 headers in 157 bytes (1 switches on core 0)
2026-07-01 02:01:29.567 8 INFO neutron.db.ovn_revision_numbers_db [None req-236397e1-f571-4279-84ac-dc7d58efae61 - - - - - -] Successfully bumped revision number for resource f0a73bd9-a1c2-469d-a850-0008d7b64f8a (type: ports) to 2
2026-07-01 02:01:29.605 8 INFO neutron.db.ovn_revision_numbers_db [None req-236397e1-f571-4279-84ac-dc7d58efae61 - - - - - -] Successfully bumped revision number for resource aa08ca0e-e1b8-43a4-b4a7-d8417933b886 (type: subnets) to 0 [pid: 8|app: 0|req: 606/1257] 10.0.0.10 () {34 vars in 668 bytes} [Wed Jul 1 02:01:28 2026] POST /v2.0/subnets => generated 626 bytes in 759 msecs (HTTP/1.1 201) 4 headers in 162 bytes (1 switches on core 0) [pid: 7|app: 0|req: 652/1258] 10.0.0.10 () {32 vars in 739 bytes} [Wed Jul 1 02:01:29 2026] DELETE /v2.0/security-groups/1e72592c-9d23-4e94-b54c-ac7c2813d0a8 => generated 0 bytes in 255 msecs (HTTP/1.1 204) 2 headers in 112 bytes (1 switches on core 0) [pid: 8|app: 0|req: 607/1259] 10.0.0.79 () {34 vars in 989 bytes} [Wed Jul 1 02:01:29 2026] GET /v2.0/ports?device_id=e7c4cc99-21a9-43fe-8b1b-15351a7cdea4 => generated 973 bytes in 98 msecs (HTTP/1.1 200) 4 headers in 157 bytes (1 switches on core 0) [pid: 8|app: 0|req: 608/1260] 10.0.0.79 () {34 vars in 1039 bytes} [Wed Jul 1 02:01:29 2026] GET /v2.0/security-groups?id=4cb1fc8d-8a7e-449a-941b-a576bd650b78&fields=id&fields=name => generated 114 bytes in 26 msecs (HTTP/1.1 200) 4 headers in 157 bytes (1 switches on core 0)
2026-07-01 02:01:29.931 7 WARNING neutron.scheduler.dhcp_agent_scheduler [None req-45b6f8e7-8b3b-488b-82f6-29a3ec9a215c 7393632161bd4d469b5b6426b4c656e4 65716c42aa084a18b6930c1f8721980d - - default default] No more DHCP agents
2026-07-01 02:01:29.932 7 WARNING neutron.api.rpc.agentnotifiers.dhcp_rpc_agent_api [None req-45b6f8e7-8b3b-488b-82f6-29a3ec9a215c 7393632161bd4d469b5b6426b4c656e4 65716c42aa084a18b6930c1f8721980d - - default default] Unable to schedule network de78e463-1029-4579-a6a8-845cd88233ec: no agents available; will retry on subsequent port and subnet creation events.
2026-07-01 02:01:30.052 8 INFO neutron.plugins.ml2.drivers.ovn.mech_driver.mech_driver [None req-140335ae-788f-4321-9c64-5b55248a4213 - - - - - -] OVN reports status down for port: 17f8f399-513f-4068-871a-473fc30511fe
2026-07-01 02:01:30.086 7 WARNING neutron.plugins.ml2.drivers.ovn.mech_driver.ovsdb.ovn_client [None req-b9db921d-69bd-4b13-9ba6-72dd3b4b242d - - - - - -] No hosting information found for port 30e86eac-fa5c-4303-9a44-d3d026ed77dd: RuntimeError: No hosting information found for port 30e86eac-fa5c-4303-9a44-d3d026ed77dd
2026-07-01 02:01:30.092 7 INFO neutron.db.ovn_revision_numbers_db [None req-45b6f8e7-8b3b-488b-82f6-29a3ec9a215c 7393632161bd4d469b5b6426b4c656e4 65716c42aa084a18b6930c1f8721980d - - default default] Successfully bumped revision number for resource 17f8f399-513f-4068-871a-473fc30511fe (type: ports) to 1 [pid: 7|app: 0|req: 653/1261] 10.0.0.10 () {34 vars in 664 bytes} [Wed Jul 1 02:01:29 2026] POST /v2.0/ports => generated 911 bytes in 498 msecs (HTTP/1.1 201) 4 headers in 162 bytes (1 switches on core 0)
2026-07-01 02:01:30.205 7 INFO neutron.db.ovn_revision_numbers_db [None req-b9db921d-69bd-4b13-9ba6-72dd3b4b242d - - - - - -] Successfully bumped revision number for resource 30e86eac-fa5c-4303-9a44-d3d026ed77dd (type: router_ports) to 2
2026-07-01 02:01:30.243 7 INFO neutron.plugins.ml2.drivers.ovn.mech_driver.mech_driver [None req-b9db921d-69bd-4b13-9ba6-72dd3b4b242d - - - - - -] OVN reports status down for port: 83185e70-7508-476e-89e7-f4a2c70b2a75
2026-07-01 02:01:30.297 7 WARNING neutron.plugins.ml2.drivers.ovn.mech_driver.ovsdb.ovn_client [None req-b9db921d-69bd-4b13-9ba6-72dd3b4b242d - - - - - -] Logical_Switch_Port 83185e70-7508-476e-89e7-f4a2c70b2a75 host information not removed, the port state is up
2026-07-01 02:01:30.298 7 INFO neutron.plugins.ml2.drivers.ovn.mech_driver.mech_driver [None req-b9db921d-69bd-4b13-9ba6-72dd3b4b242d - - - - - -] OVN reports status up for port: 83185e70-7508-476e-89e7-f4a2c70b2a75
2026-07-01 02:01:30.307 7 INFO neutron.plugins.ml2.plugin [None req-b9db921d-69bd-4b13-9ba6-72dd3b4b242d - - - - - -] Attempt 1 to provision port 83185e70-7508-476e-89e7-f4a2c70b2a75
2026-07-01 02:01:30.337 8 INFO neutron_taas.services.taas.taas_plugin [None req-b9edde83-7e95-4a75-9eee-52d1ae8e4e3e 7393632161bd4d469b5b6426b4c656e4 65716c42aa084a18b6930c1f8721980d - - default default] TaaS: Handle Delete Port: 17f8f399-513f-4068-871a-473fc30511fe
2026-07-01 02:01:30.345 8 INFO neutron_taas.services.taas.tap_mirror_plugin [None req-b9edde83-7e95-4a75-9eee-52d1ae8e4e3e 7393632161bd4d469b5b6426b4c656e4 65716c42aa084a18b6930c1f8721980d - - default default] Tap Mirror: Handle Delete Port: 17f8f399-513f-4068-871a-473fc30511fe [pid: 8|app: 0|req: 609/1262] 10.0.0.10 () {32 vars in 719 bytes} [Wed Jul 1 02:01:30 2026] DELETE /v2.0/ports/17f8f399-513f-4068-871a-473fc30511fe => generated 0 bytes in 354 msecs (HTTP/1.1 204) 3 headers in 131 bytes (1 switches on core 0) [pid: 7|app: 0|req: 654/1263] 10.0.0.10 () {32 vars in 716 bytes} [Wed Jul 1 02:01:30 2026] GET /v2.0/ports/83185e70-7508-476e-89e7-f4a2c70b2a75 => generated 955 bytes in 107 msecs (HTTP/1.1 200) 4 headers in 157 bytes (1 switches on core 0)
2026-07-01 02:01:30.583 8 INFO neutron.pecan_wsgi.hooks.translation [None req-b7d142d4-25cd-4dfc-bd77-f8e5125fbde6 7393632161bd4d469b5b6426b4c656e4 65716c42aa084a18b6930c1f8721980d - - default default] GET failed (client error): The resource could not be found. [pid: 8|app: 0|req: 610/1264] 10.0.0.10 () {32 vars in 716 bytes} [Wed Jul 1 02:01:30 2026] GET /v2.0/ports/17f8f399-513f-4068-871a-473fc30511fe => generated 132 bytes in 15 msecs (HTTP/1.1 404) 4 headers in 164 bytes (1 switches on core 0) [pid: 8|app: 0|req: 611/1265] 10.0.0.10 () {32 vars in 723 bytes} [Wed Jul 1 02:01:30 2026] DELETE /v2.0/subnets/aa08ca0e-e1b8-43a4-b4a7-d8417933b886 => generated 0 bytes in 165 msecs (HTTP/1.1 204) 3 headers in 131 bytes (1 switches on core 0)
2026-07-01 02:01:30.894 8 INFO neutron_taas.services.taas.taas_plugin [None req-4732dadd-62fd-423e-9f60-c7d9d47d7089 7393632161bd4d469b5b6426b4c656e4 65716c42aa084a18b6930c1f8721980d - - default default] TaaS: Handle Delete Port: f0a73bd9-a1c2-469d-a850-0008d7b64f8a
