Jun 30 02:47:22.076944 np0000183537 systemd[1]: Starting devstack@n-api-meta.service - Devstack devstack@n-api-meta.service...
Jun 30 02:47:22.084065 np0000183537 devstack@n-api-meta.service[108668]: [uWSGI] getting INI configuration from /etc/nova/nova-metadata-uwsgi.ini
Jun 30 02:47:22.087199 np0000183537 devstack@n-api-meta.service[108668]: *** Starting uWSGI 2.0.24-debian (64bit) on [Tue Jun 30 02:47:22 2026] ***
Jun 30 02:47:22.087199 np0000183537 devstack@n-api-meta.service[108668]: compiled with version: 13.2.0 on 17 April 2024 16:23:48
Jun 30 02:47:22.087199 np0000183537 devstack@n-api-meta.service[108668]: os: Linux-6.8.0-124-generic #124-Ubuntu SMP PREEMPT_DYNAMIC Tue May 26 13:00:45 UTC 2026
Jun 30 02:47:22.087199 np0000183537 devstack@n-api-meta.service[108668]: nodename: np0000183537
Jun 30 02:47:22.087199 np0000183537 devstack@n-api-meta.service[108668]: machine: x86_64
Jun 30 02:47:22.087199 np0000183537 devstack@n-api-meta.service[108668]: clock source: unix
Jun 30 02:47:22.087199 np0000183537 devstack@n-api-meta.service[108668]: pcre jit disabled
Jun 30 02:47:22.087199 np0000183537 devstack@n-api-meta.service[108668]: detected number of CPU cores: 16
Jun 30 02:47:22.087199 np0000183537 devstack@n-api-meta.service[108668]: current working directory: /
Jun 30 02:47:22.087199 np0000183537 devstack@n-api-meta.service[108668]: detected binary path: /usr/bin/uwsgi-core
Jun 30 02:47:22.087199 np0000183537 devstack@n-api-meta.service[108668]: your processes number limit is 256917
Jun 30 02:47:22.087199 np0000183537 devstack@n-api-meta.service[108668]: your memory page size is 4096 bytes
Jun 30 02:47:22.087199 np0000183537 devstack@n-api-meta.service[108668]: detected max file descriptor number: 2048
Jun 30 02:47:22.087199 np0000183537 devstack@n-api-meta.service[108668]: lock engine: pthread robust mutexes
Jun 30 02:47:22.088048 np0000183537 devstack@n-api-meta.service[108668]: thunder lock: enabled
Jun 30 02:47:22.088048 np0000183537 devstack@n-api-meta.service[108668]: uWSGI http bound on 0.0.0.0:8775 fd 5
Jun 30 02:47:22.088048 np0000183537 devstack@n-api-meta.service[108668]: uwsgi socket 0 bound to TCP address 127.0.0.1:34953 (port auto-assigned) fd 4
Jun 30 02:47:22.088048 np0000183537 devstack@n-api-meta.service[108668]: Python version: 3.12.3 (main, Mar 23 2026, 19:04:32) [GCC 13.3.0]
Jun 30 02:47:22.088048 np0000183537 devstack@n-api-meta.service[108668]: PEP 405 virtualenv detected: /opt/stack/data/venv
Jun 30 02:47:22.088048 np0000183537 devstack@n-api-meta.service[108668]: Set PythonHome to /opt/stack/data/venv
Jun 30 02:47:22.123693 np0000183537 devstack@n-api-meta.service[108668]: Python main interpreter initialized at 0x7c57d06a3668
Jun 30 02:47:22.123693 np0000183537 devstack@n-api-meta.service[108668]: python threads support enabled
Jun 30 02:47:22.123693 np0000183537 devstack@n-api-meta.service[108668]: your server socket listen backlog is limited to 100 connections
Jun 30 02:47:22.123693 np0000183537 devstack@n-api-meta.service[108668]: your mercy for graceful operations on workers is 80 seconds
Jun 30 02:47:22.124227 np0000183537 devstack@n-api-meta.service[108668]: mapped 671795 bytes (656 KB) for 4 cores
Jun 30 02:47:22.124549 np0000183537 devstack@n-api-meta.service[108668]: *** Operational MODE: preforking ***
Jun 30 02:47:22.124818 np0000183537 devstack@n-api-meta.service[108668]: *** uWSGI is running in multiple interpreter mode ***
Jun 30 02:47:22.124818 np0000183537 devstack@n-api-meta.service[108668]: spawned uWSGI master process (pid: 108668)
Jun 30 02:47:22.125329 np0000183537 systemd[1]: Started devstack@n-api-meta.service - Devstack devstack@n-api-meta.service.
Jun 30 02:47:22.125654 np0000183537 devstack@n-api-meta.service[108668]: spawned uWSGI worker 1 (pid: 108669, cores: 1)
Jun 30 02:47:22.126409 np0000183537 devstack@n-api-meta.service[108668]: spawned uWSGI worker 2 (pid: 108670, cores: 1)
Jun 30 02:47:22.126862 np0000183537 devstack@n-api-meta.service[108668]: spawned uWSGI worker 3 (pid: 108671, cores: 1)
Jun 30 02:47:22.127322 np0000183537 devstack@n-api-meta.service[108668]: spawned uWSGI worker 4 (pid: 108672, cores: 1)
Jun 30 02:47:22.127823 np0000183537 devstack@n-api-meta.service[108668]: spawned uWSGI http 1 (pid: 108673)
Jun 30 02:47:22.127823 np0000183537 devstack@n-api-meta.service[108668]: running "unix_signal:15 gracefully_kill_them_all" (master-start)...
Jun 30 02:47:23.720280 np0000183537 devstack@n-api-meta.service[108669]: INFO dbcounter [None req-bd6cdfe7-e82c-4776-96b4-164c99e49a96 None None] Registered counter for database nova_api
Jun 30 02:47:23.763272 np0000183537 devstack@n-api-meta.service[108669]: DEBUG oslo_db.sqlalchemy.engines [None req-bd6cdfe7-e82c-4776-96b4-164c99e49a96 None None] MySQL server mode set to STRICT_TRANS_TABLES,STRICT_ALL_TABLES,NO_ZERO_IN_DATE,NO_ZERO_DATE,ERROR_FOR_DIVISION_BY_ZERO,TRADITIONAL,NO_ENGINE_SUBSTITUTION {{(pid=108669) _check_effective_sql_mode /opt/stack/data/venv/lib/python3.12/site-packages/oslo_db/sqlalchemy/engines.py:325}}
Jun 30 02:47:23.791007 np0000183537 devstack@n-api-meta.service[108670]: INFO dbcounter [None req-53a8fef8-6be4-47d7-b5fc-caef42cf1c56 None None] Registered counter for database nova_api
Jun 30 02:47:23.792495 np0000183537 devstack@n-api-meta.service[108669]: DEBUG dbcounter [-] [108669] Writer thread running {{(pid=108669) stat_writer /opt/stack/data/venv/lib/python3.12/site-packages/dbcounter.py:102}}
Jun 30 02:47:23.794626 np0000183537 devstack@n-api-meta.service[108669]: DEBUG nova.context [None req-bd6cdfe7-e82c-4776-96b4-164c99e49a96 None None] Found 2 cells: 00000000-0000-0000-0000-000000000000(cell0),0b36f312-b8f8-4820-8318-d611ef39c7e4(cell1) {{(pid=108669) load_cells /opt/stack/nova/nova/context.py:509}}
Jun 30 02:47:23.794836 np0000183537 devstack@n-api-meta.service[108669]: INFO nova.utils [None req-bd6cdfe7-e82c-4776-96b4-164c99e49a96 None None] The cell worker thread pool MainProcess.cell_worker is initialized
Jun 30 02:47:23.796586 np0000183537 devstack@n-api-meta.service[108669]: DEBUG oslo_concurrency.lockutils [None req-bd6cdfe7-e82c-4776-96b4-164c99e49a96 None None] Acquiring lock "00000000-0000-0000-0000-000000000000" by "nova.context.set_target_cell..get_or_set_cached_cell_and_set_connections" {{(pid=108669) inner /opt/stack/data/venv/lib/python3.12/site-packages/oslo_concurrency/lockutils.py:511}}
Jun 30 02:47:23.796760 np0000183537 devstack@n-api-meta.service[108669]: DEBUG oslo_concurrency.lockutils [None req-bd6cdfe7-e82c-4776-96b4-164c99e49a96 None None] Lock "00000000-0000-0000-0000-000000000000" acquired by "nova.context.set_target_cell..get_or_set_cached_cell_and_set_connections" :: waited 0.000s {{(pid=108669) inner /opt/stack/data/venv/lib/python3.12/site-packages/oslo_concurrency/lockutils.py:524}}
Jun 30 02:47:23.797105 np0000183537 devstack@n-api-meta.service[108669]: DEBUG oslo_concurrency.lockutils [None req-bd6cdfe7-e82c-4776-96b4-164c99e49a96 None None] Lock "00000000-0000-0000-0000-000000000000" "released" by "nova.context.set_target_cell..get_or_set_cached_cell_and_set_connections" :: held 0.000s {{(pid=108669) inner /opt/stack/data/venv/lib/python3.12/site-packages/oslo_concurrency/lockutils.py:543}}
Jun 30 02:47:23.797836 np0000183537 devstack@n-api-meta.service[108669]: DEBUG oslo_concurrency.lockutils [None req-bd6cdfe7-e82c-4776-96b4-164c99e49a96 None None] Acquiring lock "0b36f312-b8f8-4820-8318-d611ef39c7e4" by "nova.context.set_target_cell..get_or_set_cached_cell_and_set_connections" {{(pid=108669) inner /opt/stack/data/venv/lib/python3.12/site-packages/oslo_concurrency/lockutils.py:511}}
Jun 30 02:47:23.797977 np0000183537 devstack@n-api-meta.service[108669]: DEBUG oslo_concurrency.lockutils [None req-bd6cdfe7-e82c-4776-96b4-164c99e49a96 None None] Lock "0b36f312-b8f8-4820-8318-d611ef39c7e4" acquired by "nova.context.set_target_cell..get_or_set_cached_cell_and_set_connections" :: waited 0.000s {{(pid=108669) inner /opt/stack/data/venv/lib/python3.12/site-packages/oslo_concurrency/lockutils.py:524}}
Jun 30 02:47:23.798802 np0000183537 devstack@n-api-meta.service[108669]: DEBUG oslo_concurrency.lockutils [None req-bd6cdfe7-e82c-4776-96b4-164c99e49a96 None None] Lock "0b36f312-b8f8-4820-8318-d611ef39c7e4" "released" by "nova.context.set_target_cell..get_or_set_cached_cell_and_set_connections" :: held 0.001s {{(pid=108669) inner /opt/stack/data/venv/lib/python3.12/site-packages/oslo_concurrency/lockutils.py:543}}
Jun 30 02:47:23.802089 np0000183537 devstack@n-api-meta.service[108669]: INFO dbcounter [None req-bd6cdfe7-e82c-4776-96b4-164c99e49a96 None None] Registered counter for database nova_cell0
Jun 30 02:47:23.808496 np0000183537 devstack@n-api-meta.service[108669]: INFO dbcounter [None req-bd6cdfe7-e82c-4776-96b4-164c99e49a96 None None] Registered counter for database nova_cell1
Jun 30 02:47:23.837916 np0000183537 devstack@n-api-meta.service[108670]: DEBUG oslo_db.sqlalchemy.engines [None req-53a8fef8-6be4-47d7-b5fc-caef42cf1c56 None None] MySQL server mode set to STRICT_TRANS_TABLES,STRICT_ALL_TABLES,NO_ZERO_IN_DATE,NO_ZERO_DATE,ERROR_FOR_DIVISION_BY_ZERO,TRADITIONAL,NO_ENGINE_SUBSTITUTION {{(pid=108670) _check_effective_sql_mode /opt/stack/data/venv/lib/python3.12/site-packages/oslo_db/sqlalchemy/engines.py:325}}
Jun 30 02:47:23.842867 np0000183537 devstack@n-api-meta.service[108671]: INFO dbcounter [None req-5b1c6b57-21f1-4da8-8eb9-0410dbb2f2c5 None None] Registered counter for database nova_api
Jun 30 02:47:23.843370 np0000183537 devstack@n-api-meta.service[108672]: INFO dbcounter [None req-6218ebfd-e115-44fc-ae83-46781fc9ae14 None None] Registered counter for database nova_api
Jun 30 02:47:23.872210 np0000183537 devstack@n-api-meta.service[108670]: DEBUG dbcounter [-] [108670] Writer thread running {{(pid=108670) stat_writer /opt/stack/data/venv/lib/python3.12/site-packages/dbcounter.py:102}}
Jun 30 02:47:23.874770 np0000183537 devstack@n-api-meta.service[108670]: DEBUG nova.context [None req-53a8fef8-6be4-47d7-b5fc-caef42cf1c56 None None] Found 2 cells: 00000000-0000-0000-0000-000000000000(cell0),0b36f312-b8f8-4820-8318-d611ef39c7e4(cell1) {{(pid=108670) load_cells /opt/stack/nova/nova/context.py:509}}
Jun 30 02:47:23.878313 np0000183537 devstack@n-api-meta.service[108670]: INFO nova.utils [None req-53a8fef8-6be4-47d7-b5fc-caef42cf1c56 None None] The cell worker thread pool MainProcess.cell_worker is initialized
Jun 30 02:47:23.878313 np0000183537 devstack@n-api-meta.service[108670]: DEBUG oslo_concurrency.lockutils [None req-53a8fef8-6be4-47d7-b5fc-caef42cf1c56 None None] Acquiring lock "00000000-0000-0000-0000-000000000000" by "nova.context.set_target_cell..get_or_set_cached_cell_and_set_connections" {{(pid=108670) inner /opt/stack/data/venv/lib/python3.12/site-packages/oslo_concurrency/lockutils.py:511}}
Jun 30 02:47:23.878313 np0000183537 devstack@n-api-meta.service[108670]: DEBUG oslo_concurrency.lockutils [None req-53a8fef8-6be4-47d7-b5fc-caef42cf1c56 None None] Lock "00000000-0000-0000-0000-000000000000" acquired by "nova.context.set_target_cell..get_or_set_cached_cell_and_set_connections" :: waited 0.000s {{(pid=108670) inner /opt/stack/data/venv/lib/python3.12/site-packages/oslo_concurrency/lockutils.py:524}}
Jun 30 02:47:23.878313 np0000183537 devstack@n-api-meta.service[108670]: DEBUG oslo_concurrency.lockutils [None req-53a8fef8-6be4-47d7-b5fc-caef42cf1c56 None None] Lock "00000000-0000-0000-0000-000000000000" "released" by "nova.context.set_target_cell..get_or_set_cached_cell_and_set_connections" :: held 0.000s {{(pid=108670) inner /opt/stack/data/venv/lib/python3.12/site-packages/oslo_concurrency/lockutils.py:543}}
Jun 30 02:47:23.878313 np0000183537 devstack@n-api-meta.service[108670]: DEBUG oslo_concurrency.lockutils [None req-53a8fef8-6be4-47d7-b5fc-caef42cf1c56 None None] Acquiring lock "0b36f312-b8f8-4820-8318-d611ef39c7e4" by "nova.context.set_target_cell..get_or_set_cached_cell_and_set_connections" {{(pid=108670) inner /opt/stack/data/venv/lib/python3.12/site-packages/oslo_concurrency/lockutils.py:511}}
Jun 30 02:47:23.878511 np0000183537 devstack@n-api-meta.service[108670]: DEBUG oslo_concurrency.lockutils [None req-53a8fef8-6be4-47d7-b5fc-caef42cf1c56 None None] Lock "0b36f312-b8f8-4820-8318-d611ef39c7e4" acquired by "nova.context.set_target_cell..get_or_set_cached_cell_and_set_connections" :: waited 0.000s {{(pid=108670) inner /opt/stack/data/venv/lib/python3.12/site-packages/oslo_concurrency/lockutils.py:524}}
Jun 30 02:47:23.879195 np0000183537 devstack@n-api-meta.service[108670]: DEBUG oslo_concurrency.lockutils [None req-53a8fef8-6be4-47d7-b5fc-caef42cf1c56 None None] Lock "0b36f312-b8f8-4820-8318-d611ef39c7e4" "released" by "nova.context.set_target_cell..get_or_set_cached_cell_and_set_connections" :: held 0.001s {{(pid=108670) inner /opt/stack/data/venv/lib/python3.12/site-packages/oslo_concurrency/lockutils.py:543}}
Jun 30 02:47:23.880743 np0000183537 devstack@n-api-meta.service[108669]: DEBUG oslo_db.sqlalchemy.engines [None req-bd6cdfe7-e82c-4776-96b4-164c99e49a96 None None] MySQL server mode set to STRICT_TRANS_TABLES,STRICT_ALL_TABLES,NO_ZERO_IN_DATE,NO_ZERO_DATE,ERROR_FOR_DIVISION_BY_ZERO,TRADITIONAL,NO_ENGINE_SUBSTITUTION {{(pid=108669) _check_effective_sql_mode /opt/stack/data/venv/lib/python3.12/site-packages/oslo_db/sqlalchemy/engines.py:325}}
Jun 30 02:47:23.882448 np0000183537 devstack@n-api-meta.service[108670]: INFO dbcounter [None req-53a8fef8-6be4-47d7-b5fc-caef42cf1c56 None None] Registered counter for database nova_cell0
Jun 30 02:47:23.887265 np0000183537 devstack@n-api-meta.service[108669]: DEBUG oslo_db.sqlalchemy.engines [None req-bd6cdfe7-e82c-4776-96b4-164c99e49a96 None None] MySQL server mode set to STRICT_TRANS_TABLES,STRICT_ALL_TABLES,NO_ZERO_IN_DATE,NO_ZERO_DATE,ERROR_FOR_DIVISION_BY_ZERO,TRADITIONAL,NO_ENGINE_SUBSTITUTION {{(pid=108669) _check_effective_sql_mode /opt/stack/data/venv/lib/python3.12/site-packages/oslo_db/sqlalchemy/engines.py:325}}
Jun 30 02:47:23.887946 np0000183537 devstack@n-api-meta.service[108670]: INFO dbcounter [None req-53a8fef8-6be4-47d7-b5fc-caef42cf1c56 None None] Registered counter for database nova_cell1
Jun 30 02:47:23.889111 np0000183537 devstack@n-api-meta.service[108671]: DEBUG oslo_db.sqlalchemy.engines [None req-5b1c6b57-21f1-4da8-8eb9-0410dbb2f2c5 None None] MySQL server mode set to STRICT_TRANS_TABLES,STRICT_ALL_TABLES,NO_ZERO_IN_DATE,NO_ZERO_DATE,ERROR_FOR_DIVISION_BY_ZERO,TRADITIONAL,NO_ENGINE_SUBSTITUTION {{(pid=108671) _check_effective_sql_mode /opt/stack/data/venv/lib/python3.12/site-packages/oslo_db/sqlalchemy/engines.py:325}}
Jun 30 02:47:23.895806 np0000183537 devstack@n-api-meta.service[108672]: DEBUG oslo_db.sqlalchemy.engines [None req-6218ebfd-e115-44fc-ae83-46781fc9ae14 None None] MySQL server mode set to STRICT_TRANS_TABLES,STRICT_ALL_TABLES,NO_ZERO_IN_DATE,NO_ZERO_DATE,ERROR_FOR_DIVISION_BY_ZERO,TRADITIONAL,NO_ENGINE_SUBSTITUTION {{(pid=108672) _check_effective_sql_mode /opt/stack/data/venv/lib/python3.12/site-packages/oslo_db/sqlalchemy/engines.py:325}}
Jun 30 02:47:23.919237 np0000183537 devstack@n-api-meta.service[108671]: DEBUG dbcounter [-] [108671] Writer thread running {{(pid=108671) stat_writer /opt/stack/data/venv/lib/python3.12/site-packages/dbcounter.py:102}}
Jun 30 02:47:23.921403 np0000183537 devstack@n-api-meta.service[108671]: DEBUG nova.context [None req-5b1c6b57-21f1-4da8-8eb9-0410dbb2f2c5 None None] Found 2 cells: 00000000-0000-0000-0000-000000000000(cell0),0b36f312-b8f8-4820-8318-d611ef39c7e4(cell1) {{(pid=108671) load_cells /opt/stack/nova/nova/context.py:509}}
Jun 30 02:47:23.921615 np0000183537 devstack@n-api-meta.service[108671]: INFO nova.utils [None req-5b1c6b57-21f1-4da8-8eb9-0410dbb2f2c5 None None] The cell worker thread pool MainProcess.cell_worker is initialized
Jun 30 02:47:23.923352 np0000183537 devstack@n-api-meta.service[108671]: DEBUG oslo_concurrency.lockutils [None req-5b1c6b57-21f1-4da8-8eb9-0410dbb2f2c5 None None] Acquiring lock "00000000-0000-0000-0000-000000000000" by "nova.context.set_target_cell..get_or_set_cached_cell_and_set_connections" {{(pid=108671) inner /opt/stack/data/venv/lib/python3.12/site-packages/oslo_concurrency/lockutils.py:511}}
Jun 30 02:47:23.923533 np0000183537 devstack@n-api-meta.service[108671]: DEBUG oslo_concurrency.lockutils [None req-5b1c6b57-21f1-4da8-8eb9-0410dbb2f2c5 None None] Lock "00000000-0000-0000-0000-000000000000" acquired by "nova.context.set_target_cell..get_or_set_cached_cell_and_set_connections" :: waited 0.000s {{(pid=108671) inner /opt/stack/data/venv/lib/python3.12/site-packages/oslo_concurrency/lockutils.py:524}}
Jun 30 02:47:23.923858 np0000183537 devstack@n-api-meta.service[108671]: DEBUG oslo_concurrency.lockutils [None req-5b1c6b57-21f1-4da8-8eb9-0410dbb2f2c5 None None] Lock "00000000-0000-0000-0000-000000000000" "released" by "nova.context.set_target_cell..get_or_set_cached_cell_and_set_connections" :: held 0.000s {{(pid=108671) inner /opt/stack/data/venv/lib/python3.12/site-packages/oslo_concurrency/lockutils.py:543}}
Jun 30 02:47:23.924528 np0000183537 devstack@n-api-meta.service[108671]: DEBUG oslo_concurrency.lockutils [None req-5b1c6b57-21f1-4da8-8eb9-0410dbb2f2c5 None None] Acquiring lock "0b36f312-b8f8-4820-8318-d611ef39c7e4" by "nova.context.set_target_cell..get_or_set_cached_cell_and_set_connections" {{(pid=108671) inner /opt/stack/data/venv/lib/python3.12/site-packages/oslo_concurrency/lockutils.py:511}}
Jun 30 02:47:23.924678 np0000183537 devstack@n-api-meta.service[108671]: DEBUG oslo_concurrency.lockutils [None req-5b1c6b57-21f1-4da8-8eb9-0410dbb2f2c5 None None] Lock "0b36f312-b8f8-4820-8318-d611ef39c7e4" acquired by "nova.context.set_target_cell..get_or_set_cached_cell_and_set_connections" :: waited 0.000s {{(pid=108671) inner /opt/stack/data/venv/lib/python3.12/site-packages/oslo_concurrency/lockutils.py:524}}
Jun 30 02:47:23.925506 np0000183537 devstack@n-api-meta.service[108671]: DEBUG oslo_concurrency.lockutils [None req-5b1c6b57-21f1-4da8-8eb9-0410dbb2f2c5 None None] Lock "0b36f312-b8f8-4820-8318-d611ef39c7e4" "released" by "nova.context.set_target_cell..get_or_set_cached_cell_and_set_connections" :: held 0.001s {{(pid=108671) inner /opt/stack/data/venv/lib/python3.12/site-packages/oslo_concurrency/lockutils.py:543}}
Jun 30 02:47:23.927962 np0000183537 devstack@n-api-meta.service[108671]: INFO dbcounter [None req-5b1c6b57-21f1-4da8-8eb9-0410dbb2f2c5 None None] Registered counter for database nova_cell0
Jun 30 02:47:23.928943 np0000183537 devstack@n-api-meta.service[108672]: DEBUG dbcounter [-] [108672] Writer thread running {{(pid=108672) stat_writer /opt/stack/data/venv/lib/python3.12/site-packages/dbcounter.py:102}}
Jun 30 02:47:23.931606 np0000183537 devstack@n-api-meta.service[108672]: DEBUG nova.context [None req-6218ebfd-e115-44fc-ae83-46781fc9ae14 None None] Found 2 cells: 00000000-0000-0000-0000-000000000000(cell0),0b36f312-b8f8-4820-8318-d611ef39c7e4(cell1) {{(pid=108672) load_cells /opt/stack/nova/nova/context.py:509}}
Jun 30 02:47:23.933332 np0000183537 devstack@n-api-meta.service[108672]: INFO nova.utils [None req-6218ebfd-e115-44fc-ae83-46781fc9ae14 None None] The cell worker thread pool MainProcess.cell_worker is initialized
Jun 30 02:47:23.933436 np0000183537 devstack@n-api-meta.service[108671]: INFO dbcounter [None req-5b1c6b57-21f1-4da8-8eb9-0410dbb2f2c5 None None] Registered counter for database nova_cell1
Jun 30 02:47:23.933684 np0000183537 devstack@n-api-meta.service[108672]: DEBUG oslo_concurrency.lockutils [None req-6218ebfd-e115-44fc-ae83-46781fc9ae14 None None] Acquiring lock "00000000-0000-0000-0000-000000000000" by "nova.context.set_target_cell..get_or_set_cached_cell_and_set_connections" {{(pid=108672) inner /opt/stack/data/venv/lib/python3.12/site-packages/oslo_concurrency/lockutils.py:511}}
Jun 30 02:47:23.933843 np0000183537 devstack@n-api-meta.service[108672]: DEBUG oslo_concurrency.lockutils [None req-6218ebfd-e115-44fc-ae83-46781fc9ae14 None None] Lock "00000000-0000-0000-0000-000000000000" acquired by "nova.context.set_target_cell..get_or_set_cached_cell_and_set_connections" :: waited 0.000s {{(pid=108672) inner /opt/stack/data/venv/lib/python3.12/site-packages/oslo_concurrency/lockutils.py:524}}
Jun 30 02:47:23.934201 np0000183537 devstack@n-api-meta.service[108672]: DEBUG oslo_concurrency.lockutils [None req-6218ebfd-e115-44fc-ae83-46781fc9ae14 None None] Lock "00000000-0000-0000-0000-000000000000" "released" by "nova.context.set_target_cell..get_or_set_cached_cell_and_set_connections" :: held 0.000s {{(pid=108672) inner /opt/stack/data/venv/lib/python3.12/site-packages/oslo_concurrency/lockutils.py:543}}
Jun 30 02:47:23.934928 np0000183537 devstack@n-api-meta.service[108672]: DEBUG oslo_concurrency.lockutils [None req-6218ebfd-e115-44fc-ae83-46781fc9ae14 None None] Acquiring lock "0b36f312-b8f8-4820-8318-d611ef39c7e4" by "nova.context.set_target_cell..get_or_set_cached_cell_and_set_connections" {{(pid=108672) inner /opt/stack/data/venv/lib/python3.12/site-packages/oslo_concurrency/lockutils.py:511}}
Jun 30 02:47:23.935060 np0000183537 devstack@n-api-meta.service[108672]: DEBUG oslo_concurrency.lockutils [None req-6218ebfd-e115-44fc-ae83-46781fc9ae14 None None] Lock "0b36f312-b8f8-4820-8318-d611ef39c7e4" acquired by "nova.context.set_target_cell..get_or_set_cached_cell_and_set_connections" :: waited 0.000s {{(pid=108672) inner /opt/stack/data/venv/lib/python3.12/site-packages/oslo_concurrency/lockutils.py:524}}
Jun 30 02:47:23.935926 np0000183537 devstack@n-api-meta.service[108672]: DEBUG oslo_concurrency.lockutils [None req-6218ebfd-e115-44fc-ae83-46781fc9ae14 None None] Lock "0b36f312-b8f8-4820-8318-d611ef39c7e4" "released" by "nova.context.set_target_cell..get_or_set_cached_cell_and_set_connections" :: held 0.001s {{(pid=108672) inner /opt/stack/data/venv/lib/python3.12/site-packages/oslo_concurrency/lockutils.py:543}}
Jun 30 02:47:23.939178 np0000183537 devstack@n-api-meta.service[108672]: INFO dbcounter [None req-6218ebfd-e115-44fc-ae83-46781fc9ae14 None None] Registered counter for database nova_cell0
Jun 30 02:47:23.943585 np0000183537 devstack@n-api-meta.service[108672]: INFO dbcounter [None req-6218ebfd-e115-44fc-ae83-46781fc9ae14 None None] Registered counter for database nova_cell1
Jun 30 02:47:23.945446 np0000183537 devstack@n-api-meta.service[108670]: DEBUG oslo_db.sqlalchemy.engines [None req-53a8fef8-6be4-47d7-b5fc-caef42cf1c56 None None] MySQL server mode set to STRICT_TRANS_TABLES,STRICT_ALL_TABLES,NO_ZERO_IN_DATE,NO_ZERO_DATE,ERROR_FOR_DIVISION_BY_ZERO,TRADITIONAL,NO_ENGINE_SUBSTITUTION {{(pid=108670) _check_effective_sql_mode /opt/stack/data/venv/lib/python3.12/site-packages/oslo_db/sqlalchemy/engines.py:325}}
Jun 30 02:47:23.950625 np0000183537 devstack@n-api-meta.service[108670]: DEBUG oslo_db.sqlalchemy.engines [None req-53a8fef8-6be4-47d7-b5fc-caef42cf1c56 None None] MySQL server mode set to STRICT_TRANS_TABLES,STRICT_ALL_TABLES,NO_ZERO_IN_DATE,NO_ZERO_DATE,ERROR_FOR_DIVISION_BY_ZERO,TRADITIONAL,NO_ENGINE_SUBSTITUTION {{(pid=108670) _check_effective_sql_mode /opt/stack/data/venv/lib/python3.12/site-packages/oslo_db/sqlalchemy/engines.py:325}}
Jun 30 02:47:23.981933 np0000183537 devstack@n-api-meta.service[108669]: DEBUG dbcounter [-] [108669] Writer thread running {{(pid=108669) stat_writer /opt/stack/data/venv/lib/python3.12/site-packages/dbcounter.py:102}}
Jun 30 02:47:23.987987 np0000183537 devstack@n-api-meta.service[108669]: DEBUG dbcounter [-] [108669] Writer thread running {{(pid=108669) stat_writer /opt/stack/data/venv/lib/python3.12/site-packages/dbcounter.py:102}}
Jun 30 02:47:23.990940 np0000183537 devstack@n-api-meta.service[108672]: DEBUG oslo_db.sqlalchemy.engines [None req-6218ebfd-e115-44fc-ae83-46781fc9ae14 None None] MySQL server mode set to STRICT_TRANS_TABLES,STRICT_ALL_TABLES,NO_ZERO_IN_DATE,NO_ZERO_DATE,ERROR_FOR_DIVISION_BY_ZERO,TRADITIONAL,NO_ENGINE_SUBSTITUTION {{(pid=108672) _check_effective_sql_mode /opt/stack/data/venv/lib/python3.12/site-packages/oslo_db/sqlalchemy/engines.py:325}}
Jun 30 02:47:23.994806 np0000183537 devstack@n-api-meta.service[108669]: INFO dbcounter [None req-bd6cdfe7-e82c-4776-96b4-164c99e49a96 None None] Registered counter for database nova_cell0
Jun 30 02:47:23.998592 np0000183537 devstack@n-api-meta.service[108671]: DEBUG oslo_db.sqlalchemy.engines [None req-5b1c6b57-21f1-4da8-8eb9-0410dbb2f2c5 None None] MySQL server mode set to STRICT_TRANS_TABLES,STRICT_ALL_TABLES,NO_ZERO_IN_DATE,NO_ZERO_DATE,ERROR_FOR_DIVISION_BY_ZERO,TRADITIONAL,NO_ENGINE_SUBSTITUTION {{(pid=108671) _check_effective_sql_mode /opt/stack/data/venv/lib/python3.12/site-packages/oslo_db/sqlalchemy/engines.py:325}}
Jun 30 02:47:24.003497 np0000183537 devstack@n-api-meta.service[108672]: DEBUG oslo_db.sqlalchemy.engines [None req-6218ebfd-e115-44fc-ae83-46781fc9ae14 None None] MySQL server mode set to STRICT_TRANS_TABLES,STRICT_ALL_TABLES,NO_ZERO_IN_DATE,NO_ZERO_DATE,ERROR_FOR_DIVISION_BY_ZERO,TRADITIONAL,NO_ENGINE_SUBSTITUTION {{(pid=108672) _check_effective_sql_mode /opt/stack/data/venv/lib/python3.12/site-packages/oslo_db/sqlalchemy/engines.py:325}}
Jun 30 02:47:24.045731 np0000183537 devstack@n-api-meta.service[108669]: DEBUG oslo_db.sqlalchemy.engines [None req-bd6cdfe7-e82c-4776-96b4-164c99e49a96 None None] MySQL server mode set to STRICT_TRANS_TABLES,STRICT_ALL_TABLES,NO_ZERO_IN_DATE,NO_ZERO_DATE,ERROR_FOR_DIVISION_BY_ZERO,TRADITIONAL,NO_ENGINE_SUBSTITUTION {{(pid=108669) _check_effective_sql_mode /opt/stack/data/venv/lib/python3.12/site-packages/oslo_db/sqlalchemy/engines.py:325}}
Jun 30 02:47:24.046779 np0000183537 devstack@n-api-meta.service[108670]: DEBUG dbcounter [-] [108670] Writer thread running {{(pid=108670) stat_writer /opt/stack/data/venv/lib/python3.12/site-packages/dbcounter.py:102}}
Jun 30 02:47:24.052186 np0000183537 devstack@n-api-meta.service[108670]: DEBUG dbcounter [-] [108670] Writer thread running {{(pid=108670) stat_writer /opt/stack/data/venv/lib/python3.12/site-packages/dbcounter.py:102}}
Jun 30 02:47:24.053133 np0000183537 devstack@n-api-meta.service[108669]: DEBUG dbcounter [-] [108669] Writer thread running {{(pid=108669) stat_writer /opt/stack/data/venv/lib/python3.12/site-packages/dbcounter.py:102}}
Jun 30 02:47:24.055146 np0000183537 devstack@n-api-meta.service[108670]: INFO dbcounter [None req-53a8fef8-6be4-47d7-b5fc-caef42cf1c56 None None] Registered counter for database nova_cell0
Jun 30 02:47:24.094198 np0000183537 devstack@n-api-meta.service[108671]: DEBUG dbcounter [-] [108671] Writer thread running {{(pid=108671) stat_writer /opt/stack/data/venv/lib/python3.12/site-packages/dbcounter.py:102}}
Jun 30 02:47:24.099470 np0000183537 devstack@n-api-meta.service[108669]: WARNING nova.api.metadata.handler [None req-bd6cdfe7-e82c-4776-96b4-164c99e49a96 None None] metadata_proxy_shared_secret is not configured, the metadata information returned by the proxy cannot be trusted
Jun 30 02:47:24.100942 np0000183537 devstack@n-api-meta.service[108672]: DEBUG dbcounter [-] [108672] Writer thread running {{(pid=108672) stat_writer /opt/stack/data/venv/lib/python3.12/site-packages/dbcounter.py:102}}
Jun 30 02:47:24.101917 np0000183537 devstack@n-api-meta.service[108669]: DEBUG nova.api.openstack.wsgi_app [None req-bd6cdfe7-e82c-4776-96b4-164c99e49a96 None None] ******************************************************************************** {{(pid=108669) log_opt_values /opt/stack/data/venv/lib/python3.12/site-packages/oslo_config/cfg.py:3226}}
Jun 30 02:47:24.102055 np0000183537 devstack@n-api-meta.service[108669]: DEBUG nova.api.openstack.wsgi_app [None req-bd6cdfe7-e82c-4776-96b4-164c99e49a96 None None] Configuration options gathered from: {{(pid=108669) log_opt_values /opt/stack/data/venv/lib/python3.12/site-packages/oslo_config/cfg.py:3227}}
Jun 30 02:47:24.102165 np0000183537 devstack@n-api-meta.service[108669]: DEBUG nova.api.openstack.wsgi_app [None req-bd6cdfe7-e82c-4776-96b4-164c99e49a96 None None] command line args: [] {{(pid=108669) log_opt_values /opt/stack/data/venv/lib/python3.12/site-packages/oslo_config/cfg.py:3228}}
Jun 30 02:47:24.102428 np0000183537 devstack@n-api-meta.service[108669]: DEBUG nova.api.openstack.wsgi_app [None req-bd6cdfe7-e82c-4776-96b4-164c99e49a96 None None] config files: ['/etc/nova/api-paste.ini', '/etc/nova/nova.conf'] {{(pid=108669) log_opt_values /opt/stack/data/venv/lib/python3.12/site-packages/oslo_config/cfg.py:3229}}
Jun 30 02:47:24.102530 np0000183537 devstack@n-api-meta.service[108669]: DEBUG nova.api.openstack.wsgi_app [None req-bd6cdfe7-e82c-4776-96b4-164c99e49a96 None None] ================================================================================ {{(pid=108669) log_opt_values /opt/stack/data/venv/lib/python3.12/site-packages/oslo_config/cfg.py:3234}}
Jun 30 02:47:24.102607 np0000183537 devstack@n-api-meta.service[108671]: DEBUG oslo_db.sqlalchemy.engines [None req-5b1c6b57-21f1-4da8-8eb9-0410dbb2f2c5 None None] MySQL server mode set to STRICT_TRANS_TABLES,STRICT_ALL_TABLES,NO_ZERO_IN_DATE,NO_ZERO_DATE,ERROR_FOR_DIVISION_BY_ZERO,TRADITIONAL,NO_ENGINE_SUBSTITUTION {{(pid=108671) _check_effective_sql_mode /opt/stack/data/venv/lib/python3.12/site-packages/oslo_db/sqlalchemy/engines.py:325}}
Jun 30 02:47:24.102702 np0000183537 devstack@n-api-meta.service[108669]: DEBUG nova.api.openstack.wsgi_app [None req-bd6cdfe7-e82c-4776-96b4-164c99e49a96 None None] allow_resize_to_same_host = True {{(pid=108669) log_opt_values /opt/stack/data/venv/lib/python3.12/site-packages/oslo_config/cfg.py:3242}}
Jun 30 02:47:24.102770 np0000183537 devstack@n-api-meta.service[108670]: DEBUG oslo_db.sqlalchemy.engines [None req-53a8fef8-6be4-47d7-b5fc-caef42cf1c56 None None] MySQL server mode set to STRICT_TRANS_TABLES,STRICT_ALL_TABLES,NO_ZERO_IN_DATE,NO_ZERO_DATE,ERROR_FOR_DIVISION_BY_ZERO,TRADITIONAL,NO_ENGINE_SUBSTITUTION {{(pid=108670) _check_effective_sql_mode /opt/stack/data/venv/lib/python3.12/site-packages/oslo_db/sqlalchemy/engines.py:325}}
Jun 30 02:47:24.102828 np0000183537 devstack@n-api-meta.service[108669]: DEBUG nova.api.openstack.wsgi_app [None req-bd6cdfe7-e82c-4776-96b4-164c99e49a96 None None] arq_binding_timeout = 300 {{(pid=108669) log_opt_values /opt/stack/data/venv/lib/python3.12/site-packages/oslo_config/cfg.py:3242}}
Jun 30 02:47:24.102962 np0000183537 devstack@n-api-meta.service[108669]: DEBUG nova.api.openstack.wsgi_app [None req-bd6cdfe7-e82c-4776-96b4-164c99e49a96 None None] block_device_allocate_retries = 60 {{(pid=108669) log_opt_values /opt/stack/data/venv/lib/python3.12/site-packages/oslo_config/cfg.py:3242}}
Jun 30 02:47:24.103097 np0000183537 devstack@n-api-meta.service[108669]: DEBUG nova.api.openstack.wsgi_app [None req-bd6cdfe7-e82c-4776-96b4-164c99e49a96 None None] block_device_allocate_retries_interval = 3 {{(pid=108669) log_opt_values /opt/stack/data/venv/lib/python3.12/site-packages/oslo_config/cfg.py:3242}}
Jun 30 02:47:24.103229 np0000183537 devstack@n-api-meta.service[108669]: DEBUG nova.api.openstack.wsgi_app [None req-bd6cdfe7-e82c-4776-96b4-164c99e49a96 None None] cell_worker_thread_pool_size = 5 {{(pid=108669) log_opt_values /opt/stack/data/venv/lib/python3.12/site-packages/oslo_config/cfg.py:3242}}
Jun 30 02:47:24.103381 np0000183537 devstack@n-api-meta.service[108669]: DEBUG nova.api.openstack.wsgi_app [None req-bd6cdfe7-e82c-4776-96b4-164c99e49a96 None None] cert = self.pem {{(pid=108669) log_opt_values /opt/stack/data/venv/lib/python3.12/site-packages/oslo_config/cfg.py:3242}}
Jun 30 02:47:24.103518 np0000183537 devstack@n-api-meta.service[108669]: DEBUG nova.api.openstack.wsgi_app [None req-bd6cdfe7-e82c-4776-96b4-164c99e49a96 None None] compute_driver = libvirt.LibvirtDriver {{(pid=108669) log_opt_values /opt/stack/data/venv/lib/python3.12/site-packages/oslo_config/cfg.py:3242}}
Jun 30 02:47:24.103650 np0000183537 devstack@n-api-meta.service[108669]: DEBUG nova.api.openstack.wsgi_app [None req-bd6cdfe7-e82c-4776-96b4-164c99e49a96 None None] compute_monitors = [] {{(pid=108669) log_opt_values /opt/stack/data/venv/lib/python3.12/site-packages/oslo_config/cfg.py:3242}}
Jun 30 02:47:24.103782 np0000183537 devstack@n-api-meta.service[108669]: DEBUG nova.api.openstack.wsgi_app [None req-bd6cdfe7-e82c-4776-96b4-164c99e49a96 None None] config_dir = [] {{(pid=108669) log_opt_values /opt/stack/data/venv/lib/python3.12/site-packages/oslo_config/cfg.py:3242}}
Jun 30 02:47:24.103919 np0000183537 devstack@n-api-meta.service[108669]: DEBUG nova.api.openstack.wsgi_app [None req-bd6cdfe7-e82c-4776-96b4-164c99e49a96 None None] config_drive_format = iso9660 {{(pid=108669) log_opt_values /opt/stack/data/venv/lib/python3.12/site-packages/oslo_config/cfg.py:3242}}
Jun 30 02:47:24.104025 np0000183537 devstack@n-api-meta.service[108669]: DEBUG nova.api.openstack.wsgi_app [None req-bd6cdfe7-e82c-4776-96b4-164c99e49a96 None None] config_file = ['/etc/nova/api-paste.ini', '/etc/nova/nova.conf'] {{(pid=108669) log_opt_values /opt/stack/data/venv/lib/python3.12/site-packages/oslo_config/cfg.py:3242}}
Jun 30 02:47:24.104108 np0000183537 devstack@n-api-meta.service[108672]: DEBUG dbcounter [-] [108672] Writer thread running {{(pid=108672) stat_writer /opt/stack/data/venv/lib/python3.12/site-packages/dbcounter.py:102}}
Jun 30 02:47:24.104158 np0000183537 devstack@n-api-meta.service[108669]: DEBUG nova.api.openstack.wsgi_app [None req-bd6cdfe7-e82c-4776-96b4-164c99e49a96 None None] config_source = [] {{(pid=108669) log_opt_values /opt/stack/data/venv/lib/python3.12/site-packages/oslo_config/cfg.py:3242}}
Jun 30 02:47:24.104286 np0000183537 devstack@n-api-meta.service[108669]: DEBUG nova.api.openstack.wsgi_app [None req-bd6cdfe7-e82c-4776-96b4-164c99e49a96 None None] console_host = np0000183537 {{(pid=108669) log_opt_values /opt/stack/data/venv/lib/python3.12/site-packages/oslo_config/cfg.py:3242}}
Jun 30 02:47:24.104442 np0000183537 devstack@n-api-meta.service[108669]: DEBUG nova.api.openstack.wsgi_app [None req-bd6cdfe7-e82c-4776-96b4-164c99e49a96 None None] control_exchange = nova {{(pid=108669) log_opt_values /opt/stack/data/venv/lib/python3.12/site-packages/oslo_config/cfg.py:3242}}
Jun 30 02:47:24.104575 np0000183537 devstack@n-api-meta.service[108669]: DEBUG nova.api.openstack.wsgi_app [None req-bd6cdfe7-e82c-4776-96b4-164c99e49a96 None None] cpu_allocation_ratio = None {{(pid=108669) log_opt_values /opt/stack/data/venv/lib/python3.12/site-packages/oslo_config/cfg.py:3242}}
Jun 30 02:47:24.104699 np0000183537 devstack@n-api-meta.service[108669]: DEBUG nova.api.openstack.wsgi_app [None req-bd6cdfe7-e82c-4776-96b4-164c99e49a96 None None] daemon = False {{(pid=108669) log_opt_values /opt/stack/data/venv/lib/python3.12/site-packages/oslo_config/cfg.py:3242}}
Jun 30 02:47:24.104831 np0000183537 devstack@n-api-meta.service[108669]: DEBUG nova.api.openstack.wsgi_app [None req-bd6cdfe7-e82c-4776-96b4-164c99e49a96 None None] debug = True {{(pid=108669) log_opt_values /opt/stack/data/venv/lib/python3.12/site-packages/oslo_config/cfg.py:3242}}
Jun 30 02:47:24.104957 np0000183537 devstack@n-api-meta.service[108669]: DEBUG nova.api.openstack.wsgi_app [None req-bd6cdfe7-e82c-4776-96b4-164c99e49a96 None None] default_access_ip_network_name = None {{(pid=108669) log_opt_values /opt/stack/data/venv/lib/python3.12/site-packages/oslo_config/cfg.py:3242}}
Jun 30 02:47:24.105088 np0000183537 devstack@n-api-meta.service[108669]: DEBUG nova.api.openstack.wsgi_app [None req-bd6cdfe7-e82c-4776-96b4-164c99e49a96 None None] default_availability_zone = nova {{(pid=108669) log_opt_values /opt/stack/data/venv/lib/python3.12/site-packages/oslo_config/cfg.py:3242}}
Jun 30 02:47:24.105220 np0000183537 devstack@n-api-meta.service[108669]: DEBUG nova.api.openstack.wsgi_app [None req-bd6cdfe7-e82c-4776-96b4-164c99e49a96 None None] default_ephemeral_format = ext4 {{(pid=108669) log_opt_values /opt/stack/data/venv/lib/python3.12/site-packages/oslo_config/cfg.py:3242}}
Jun 30 02:47:24.105362 np0000183537 devstack@n-api-meta.service[108669]: DEBUG nova.api.openstack.wsgi_app [None req-bd6cdfe7-e82c-4776-96b4-164c99e49a96 None None] default_green_pool_size = 1000 {{(pid=108669) log_opt_values /opt/stack/data/venv/lib/python3.12/site-packages/oslo_config/cfg.py:3242}}
Jun 30 02:47:24.105582 np0000183537 devstack@n-api-meta.service[108669]: DEBUG nova.api.openstack.wsgi_app [None req-bd6cdfe7-e82c-4776-96b4-164c99e49a96 None None] default_log_levels = ['amqp=WARN', 'boto=WARN', 'sqlalchemy=WARN', 'suds=INFO', 'oslo.messaging=INFO', 'oslo_messaging=INFO', 'iso8601=WARN', 'requests.packages.urllib3.connectionpool=WARN', 'urllib3.connectionpool=WARN', 'websocket=WARN', 'requests.packages.urllib3.util.retry=WARN', 'urllib3.util.retry=WARN', 'keystonemiddleware=WARN', 'routes.middleware=WARN', 'stevedore=WARN', 'taskflow=WARN', 'keystoneauth=WARN', 'oslo.cache=INFO', 'oslo_policy=INFO', 'dogpile.core.dogpile=INFO', 'glanceclient=WARN', 'oslo.privsep.daemon=INFO'] {{(pid=108669) log_opt_values /opt/stack/data/venv/lib/python3.12/site-packages/oslo_config/cfg.py:3242}}
Jun 30 02:47:24.105706 np0000183537 devstack@n-api-meta.service[108669]: DEBUG nova.api.openstack.wsgi_app [None req-bd6cdfe7-e82c-4776-96b4-164c99e49a96 None None] default_schedule_zone = None {{(pid=108669) log_opt_values /opt/stack/data/venv/lib/python3.12/site-packages/oslo_config/cfg.py:3242}}
Jun 30 02:47:24.105821 np0000183537 devstack@n-api-meta.service[108669]: DEBUG nova.api.openstack.wsgi_app [None req-bd6cdfe7-e82c-4776-96b4-164c99e49a96 None None] default_thread_pool_size = 10 {{(pid=108669) log_opt_values /opt/stack/data/venv/lib/python3.12/site-packages/oslo_config/cfg.py:3242}}
Jun 30 02:47:24.105981 np0000183537 devstack@n-api-meta.service[108669]: DEBUG nova.api.openstack.wsgi_app [None req-bd6cdfe7-e82c-4776-96b4-164c99e49a96 None None] disk_allocation_ratio = None {{(pid=108669) log_opt_values /opt/stack/data/venv/lib/python3.12/site-packages/oslo_config/cfg.py:3242}}
Jun 30 02:47:24.106111 np0000183537 devstack@n-api-meta.service[108669]: DEBUG nova.api.openstack.wsgi_app [None req-bd6cdfe7-e82c-4776-96b4-164c99e49a96 None None] enable_new_services = True {{(pid=108669) log_opt_values /opt/stack/data/venv/lib/python3.12/site-packages/oslo_config/cfg.py:3242}}
Jun 30 02:47:24.106238 np0000183537 devstack@n-api-meta.service[108669]: DEBUG nova.api.openstack.wsgi_app [None req-bd6cdfe7-e82c-4776-96b4-164c99e49a96 None None] flat_injected = False {{(pid=108669) log_opt_values /opt/stack/data/venv/lib/python3.12/site-packages/oslo_config/cfg.py:3242}}
Jun 30 02:47:24.106409 np0000183537 devstack@n-api-meta.service[108669]: DEBUG nova.api.openstack.wsgi_app [None req-bd6cdfe7-e82c-4776-96b4-164c99e49a96 None None] force_config_drive = False {{(pid=108669) log_opt_values /opt/stack/data/venv/lib/python3.12/site-packages/oslo_config/cfg.py:3242}}
Jun 30 02:47:24.106526 np0000183537 devstack@n-api-meta.service[108669]: DEBUG nova.api.openstack.wsgi_app [None req-bd6cdfe7-e82c-4776-96b4-164c99e49a96 None None] force_raw_images = True {{(pid=108669) log_opt_values /opt/stack/data/venv/lib/python3.12/site-packages/oslo_config/cfg.py:3242}}
Jun 30 02:47:24.106657 np0000183537 devstack@n-api-meta.service[108669]: DEBUG nova.api.openstack.wsgi_app [None req-bd6cdfe7-e82c-4776-96b4-164c99e49a96 None None] graceful_shutdown_timeout = 5 {{(pid=108669) log_opt_values /opt/stack/data/venv/lib/python3.12/site-packages/oslo_config/cfg.py:3242}}
Jun 30 02:47:24.106781 np0000183537 devstack@n-api-meta.service[108669]: DEBUG nova.api.openstack.wsgi_app [None req-bd6cdfe7-e82c-4776-96b4-164c99e49a96 None None] heal_instance_info_cache_interval = -1 {{(pid=108669) log_opt_values /opt/stack/data/venv/lib/python3.12/site-packages/oslo_config/cfg.py:3242}}
Jun 30 02:47:24.106957 np0000183537 devstack@n-api-meta.service[108669]: DEBUG nova.api.openstack.wsgi_app [None req-bd6cdfe7-e82c-4776-96b4-164c99e49a96 None None] host = np0000183537 {{(pid=108669) log_opt_values /opt/stack/data/venv/lib/python3.12/site-packages/oslo_config/cfg.py:3242}}
Jun 30 02:47:24.107091 np0000183537 devstack@n-api-meta.service[108669]: DEBUG nova.api.openstack.wsgi_app [None req-bd6cdfe7-e82c-4776-96b4-164c99e49a96 None None] initial_cpu_allocation_ratio = 4.0 {{(pid=108669) log_opt_values /opt/stack/data/venv/lib/python3.12/site-packages/oslo_config/cfg.py:3242}}
Jun 30 02:47:24.107220 np0000183537 devstack@n-api-meta.service[108669]: DEBUG nova.api.openstack.wsgi_app [None req-bd6cdfe7-e82c-4776-96b4-164c99e49a96 None None] initial_disk_allocation_ratio = 1.0 {{(pid=108669) log_opt_values /opt/stack/data/venv/lib/python3.12/site-packages/oslo_config/cfg.py:3242}}
Jun 30 02:47:24.107413 np0000183537 devstack@n-api-meta.service[108669]: DEBUG nova.api.openstack.wsgi_app [None req-bd6cdfe7-e82c-4776-96b4-164c99e49a96 None None] initial_ram_allocation_ratio = 1.0 {{(pid=108669) log_opt_values /opt/stack/data/venv/lib/python3.12/site-packages/oslo_config/cfg.py:3242}}
Jun 30 02:47:24.107596 np0000183537 devstack@n-api-meta.service[108669]: DEBUG nova.api.openstack.wsgi_app [None req-bd6cdfe7-e82c-4776-96b4-164c99e49a96 None None] injected_network_template = /opt/stack/nova/nova/virt/interfaces.template {{(pid=108669) log_opt_values /opt/stack/data/venv/lib/python3.12/site-packages/oslo_config/cfg.py:3242}}
Jun 30 02:47:24.107725 np0000183537 devstack@n-api-meta.service[108669]: DEBUG nova.api.openstack.wsgi_app [None req-bd6cdfe7-e82c-4776-96b4-164c99e49a96 None None] instance_build_timeout = 0 {{(pid=108669) log_opt_values /opt/stack/data/venv/lib/python3.12/site-packages/oslo_config/cfg.py:3242}}
Jun 30 02:47:24.107853 np0000183537 devstack@n-api-meta.service[108669]: DEBUG nova.api.openstack.wsgi_app [None req-bd6cdfe7-e82c-4776-96b4-164c99e49a96 None None] instance_delete_interval = 300 {{(pid=108669) log_opt_values /opt/stack/data/venv/lib/python3.12/site-packages/oslo_config/cfg.py:3242}}
Jun 30 02:47:24.107985 np0000183537 devstack@n-api-meta.service[108669]: DEBUG nova.api.openstack.wsgi_app [None req-bd6cdfe7-e82c-4776-96b4-164c99e49a96 None None] instance_format = [instance: %(uuid)s] {{(pid=108669) log_opt_values /opt/stack/data/venv/lib/python3.12/site-packages/oslo_config/cfg.py:3242}}
Jun 30 02:47:24.108119 np0000183537 devstack@n-api-meta.service[108669]: DEBUG nova.api.openstack.wsgi_app [None req-bd6cdfe7-e82c-4776-96b4-164c99e49a96 None None] instance_name_template = instance-%08x {{(pid=108669) log_opt_values /opt/stack/data/venv/lib/python3.12/site-packages/oslo_config/cfg.py:3242}}
Jun 30 02:47:24.108245 np0000183537 devstack@n-api-meta.service[108669]: DEBUG nova.api.openstack.wsgi_app [None req-bd6cdfe7-e82c-4776-96b4-164c99e49a96 None None] instance_usage_audit = False {{(pid=108669) log_opt_values /opt/stack/data/venv/lib/python3.12/site-packages/oslo_config/cfg.py:3242}}
Jun 30 02:47:24.108409 np0000183537 devstack@n-api-meta.service[108669]: DEBUG nova.api.openstack.wsgi_app [None req-bd6cdfe7-e82c-4776-96b4-164c99e49a96 None None] instance_usage_audit_period = month {{(pid=108669) log_opt_values /opt/stack/data/venv/lib/python3.12/site-packages/oslo_config/cfg.py:3242}}
Jun 30 02:47:24.108571 np0000183537 devstack@n-api-meta.service[108669]: DEBUG nova.api.openstack.wsgi_app [None req-bd6cdfe7-e82c-4776-96b4-164c99e49a96 None None] instance_uuid_format = [instance: %(uuid)s] {{(pid=108669) log_opt_values /opt/stack/data/venv/lib/python3.12/site-packages/oslo_config/cfg.py:3242}}
Jun 30 02:47:24.108702 np0000183537 devstack@n-api-meta.service[108669]: DEBUG nova.api.openstack.wsgi_app [None req-bd6cdfe7-e82c-4776-96b4-164c99e49a96 None None] instances_path = /opt/stack/data/nova/instances {{(pid=108669) log_opt_values /opt/stack/data/venv/lib/python3.12/site-packages/oslo_config/cfg.py:3242}}
Jun 30 02:47:24.108835 np0000183537 devstack@n-api-meta.service[108669]: DEBUG nova.api.openstack.wsgi_app [None req-bd6cdfe7-e82c-4776-96b4-164c99e49a96 None None] internal_service_availability_zone = internal {{(pid=108669) log_opt_values /opt/stack/data/venv/lib/python3.12/site-packages/oslo_config/cfg.py:3242}}
Jun 30 02:47:24.108959 np0000183537 devstack@n-api-meta.service[108669]: DEBUG nova.api.openstack.wsgi_app [None req-bd6cdfe7-e82c-4776-96b4-164c99e49a96 None None] key = None {{(pid=108669) log_opt_values /opt/stack/data/venv/lib/python3.12/site-packages/oslo_config/cfg.py:3242}}
Jun 30 02:47:24.109084 np0000183537 devstack@n-api-meta.service[108669]: DEBUG nova.api.openstack.wsgi_app [None req-bd6cdfe7-e82c-4776-96b4-164c99e49a96 None None] live_migration_retry_count = 30 {{(pid=108669) log_opt_values /opt/stack/data/venv/lib/python3.12/site-packages/oslo_config/cfg.py:3242}}
Jun 30 02:47:24.109216 np0000183537 devstack@n-api-meta.service[108669]: DEBUG nova.api.openstack.wsgi_app [None req-bd6cdfe7-e82c-4776-96b4-164c99e49a96 None None] log_color = False {{(pid=108669) log_opt_values /opt/stack/data/venv/lib/python3.12/site-packages/oslo_config/cfg.py:3242}}
Jun 30 02:47:24.109373 np0000183537 devstack@n-api-meta.service[108669]: DEBUG nova.api.openstack.wsgi_app [None req-bd6cdfe7-e82c-4776-96b4-164c99e49a96 None None] log_config_append = None {{(pid=108669) log_opt_values /opt/stack/data/venv/lib/python3.12/site-packages/oslo_config/cfg.py:3242}}
Jun 30 02:47:24.109562 np0000183537 devstack@n-api-meta.service[108669]: DEBUG nova.api.openstack.wsgi_app [None req-bd6cdfe7-e82c-4776-96b4-164c99e49a96 None None] log_date_format = %Y-%m-%d %H:%M:%S {{(pid=108669) log_opt_values /opt/stack/data/venv/lib/python3.12/site-packages/oslo_config/cfg.py:3242}}
Jun 30 02:47:24.109670 np0000183537 devstack@n-api-meta.service[108672]: INFO dbcounter [None req-6218ebfd-e115-44fc-ae83-46781fc9ae14 None None] Registered counter for database nova_cell0
Jun 30 02:47:24.109725 np0000183537 devstack@n-api-meta.service[108669]: DEBUG nova.api.openstack.wsgi_app [None req-bd6cdfe7-e82c-4776-96b4-164c99e49a96 None None] log_dir = None {{(pid=108669) log_opt_values /opt/stack/data/venv/lib/python3.12/site-packages/oslo_config/cfg.py:3242}}
Jun 30 02:47:24.109820 np0000183537 devstack@n-api-meta.service[108669]: DEBUG nova.api.openstack.wsgi_app [None req-bd6cdfe7-e82c-4776-96b4-164c99e49a96 None None] log_file = None {{(pid=108669) log_opt_values /opt/stack/data/venv/lib/python3.12/site-packages/oslo_config/cfg.py:3242}}
Jun 30 02:47:24.109962 np0000183537 devstack@n-api-meta.service[108669]: DEBUG nova.api.openstack.wsgi_app [None req-bd6cdfe7-e82c-4776-96b4-164c99e49a96 None None] log_options = True {{(pid=108669) log_opt_values /opt/stack/data/venv/lib/python3.12/site-packages/oslo_config/cfg.py:3242}}
Jun 30 02:47:24.110062 np0000183537 devstack@n-api-meta.service[108669]: DEBUG nova.api.openstack.wsgi_app [None req-bd6cdfe7-e82c-4776-96b4-164c99e49a96 None None] log_rotate_interval = 1 {{(pid=108669) log_opt_values /opt/stack/data/venv/lib/python3.12/site-packages/oslo_config/cfg.py:3242}}
Jun 30 02:47:24.110198 np0000183537 devstack@n-api-meta.service[108669]: DEBUG nova.api.openstack.wsgi_app [None req-bd6cdfe7-e82c-4776-96b4-164c99e49a96 None None] log_rotate_interval_type = days {{(pid=108669) log_opt_values /opt/stack/data/venv/lib/python3.12/site-packages/oslo_config/cfg.py:3242}}
Jun 30 02:47:24.110346 np0000183537 devstack@n-api-meta.service[108669]: DEBUG nova.api.openstack.wsgi_app [None req-bd6cdfe7-e82c-4776-96b4-164c99e49a96 None None] log_rotation_type = none {{(pid=108669) log_opt_values /opt/stack/data/venv/lib/python3.12/site-packages/oslo_config/cfg.py:3242}}
Jun 30 02:47:24.110490 np0000183537 devstack@n-api-meta.service[108669]: DEBUG nova.api.openstack.wsgi_app [None req-bd6cdfe7-e82c-4776-96b4-164c99e49a96 None None] logging_context_format_string = %(color)s%(levelname)s %(name)s [%(global_request_id)s %(request_id)s %(project_name)s %(user_name)s%(color)s] %(instance)s%(color)s%(message)s {{(pid=108669) log_opt_values /opt/stack/data/venv/lib/python3.12/site-packages/oslo_config/cfg.py:3242}}
Jun 30 02:47:24.110593 np0000183537 devstack@n-api-meta.service[108669]: DEBUG nova.api.openstack.wsgi_app [None req-bd6cdfe7-e82c-4776-96b4-164c99e49a96 None None] logging_debug_format_suffix = {{(pid=%(process)d) %(funcName)s %(pathname)s:%(lineno)d}} {{(pid=108669) log_opt_values /opt/stack/data/venv/lib/python3.12/site-packages/oslo_config/cfg.py:3242}}
Jun 30 02:47:24.110728 np0000183537 devstack@n-api-meta.service[108669]: DEBUG nova.api.openstack.wsgi_app [None req-bd6cdfe7-e82c-4776-96b4-164c99e49a96 None None] logging_default_format_string = %(color)s%(levelname)s %(name)s [-%(color)s] %(instance)s%(color)s%(message)s {{(pid=108669) log_opt_values /opt/stack/data/venv/lib/python3.12/site-packages/oslo_config/cfg.py:3242}}
Jun 30 02:47:24.110858 np0000183537 devstack@n-api-meta.service[108669]: DEBUG nova.api.openstack.wsgi_app [None req-bd6cdfe7-e82c-4776-96b4-164c99e49a96 None None] logging_exception_prefix = ERROR %(name)s %(instance)s {{(pid=108669) log_opt_values /opt/stack/data/venv/lib/python3.12/site-packages/oslo_config/cfg.py:3242}}
Jun 30 02:47:24.110960 np0000183537 devstack@n-api-meta.service[108669]: DEBUG nova.api.openstack.wsgi_app [None req-bd6cdfe7-e82c-4776-96b4-164c99e49a96 None None] logging_user_identity_format = %(user)s %(project)s %(domain)s %(system_scope)s %(user_domain)s %(project_domain)s {{(pid=108669) log_opt_values /opt/stack/data/venv/lib/python3.12/site-packages/oslo_config/cfg.py:3242}}
Jun 30 02:47:24.111086 np0000183537 devstack@n-api-meta.service[108669]: DEBUG nova.api.openstack.wsgi_app [None req-bd6cdfe7-e82c-4776-96b4-164c99e49a96 None None] long_rpc_timeout = 1800 {{(pid=108669) log_opt_values /opt/stack/data/venv/lib/python3.12/site-packages/oslo_config/cfg.py:3242}}
Jun 30 02:47:24.111211 np0000183537 devstack@n-api-meta.service[108669]: DEBUG nova.api.openstack.wsgi_app [None req-bd6cdfe7-e82c-4776-96b4-164c99e49a96 None None] manager_shutdown_timeout = 160 {{(pid=108669) log_opt_values /opt/stack/data/venv/lib/python3.12/site-packages/oslo_config/cfg.py:3242}}
