Apr 20 19:27:57.118822 np0000168560 neutron-periodic-workers[105990]: DEBUG cotyledon.oslo_config_glue [-] ml2.overlay_ip_version = 4 {{(pid=105990) log_opt_values /opt/stack/data/venv/lib/python3.12/site-packages/oslo_config/cfg.py:3006}}
Apr 20 19:27:57.118822 np0000168560 neutron-periodic-workers[105990]: DEBUG cotyledon.oslo_config_glue [-] ml2.path_mtu = 0 {{(pid=105990) log_opt_values /opt/stack/data/venv/lib/python3.12/site-packages/oslo_config/cfg.py:3006}}
Apr 20 19:27:57.118822 np0000168560 neutron-periodic-workers[105990]: DEBUG cotyledon.oslo_config_glue [-] ml2.physical_network_mtus = {} {{(pid=105990) log_opt_values /opt/stack/data/venv/lib/python3.12/site-packages/oslo_config/cfg.py:3006}}
Apr 20 19:27:57.118822 np0000168560 neutron-periodic-workers[105990]: DEBUG cotyledon.oslo_config_glue [-] ml2.project_network_types = ['geneve'] {{(pid=105990) log_opt_values /opt/stack/data/venv/lib/python3.12/site-packages/oslo_config/cfg.py:3006}}
Apr 20 19:27:57.118970 np0000168560 neutron-periodic-workers[105990]: DEBUG cotyledon.oslo_config_glue [-] ml2.tunnelled_network_rp_name = rp_tunnelled {{(pid=105990) log_opt_values /opt/stack/data/venv/lib/python3.12/site-packages/oslo_config/cfg.py:3006}}
Apr 20 19:27:57.118970 np0000168560 neutron-periodic-workers[105990]: DEBUG cotyledon.oslo_config_glue [-] ml2.type_drivers = ['local', 'flat', 'vlan', 'geneve'] {{(pid=105990) log_opt_values /opt/stack/data/venv/lib/python3.12/site-packages/oslo_config/cfg.py:3006}}
Apr 20 19:27:57.118970 np0000168560 neutron-periodic-workers[105990]: DEBUG cotyledon.oslo_config_glue [-] ml2_type_flat.flat_networks = ['public'] {{(pid=105990) log_opt_values /opt/stack/data/venv/lib/python3.12/site-packages/oslo_config/cfg.py:3006}}
Apr 20 19:27:57.119116 np0000168560 neutron-periodic-workers[105990]: DEBUG cotyledon.oslo_config_glue [-] ml2_type_geneve.max_header_size = 38 {{(pid=105990) log_opt_values /opt/stack/data/venv/lib/python3.12/site-packages/oslo_config/cfg.py:3006}}
Apr 20 19:27:57.119116 np0000168560 neutron-periodic-workers[105990]: DEBUG cotyledon.oslo_config_glue [-] ml2_type_geneve.vni_ranges = ['1:65536'] {{(pid=105990) log_opt_values /opt/stack/data/venv/lib/python3.12/site-packages/oslo_config/cfg.py:3006}}
Apr 20 19:27:57.119238 np0000168560 neutron-periodic-workers[105990]: DEBUG cotyledon.oslo_config_glue [-] ml2_type_vlan.network_vlan_ranges = ['public'] {{(pid=105990) log_opt_values /opt/stack/data/venv/lib/python3.12/site-packages/oslo_config/cfg.py:3006}}
Apr 20 19:27:57.119238 np0000168560 neutron-periodic-workers[105990]: DEBUG cotyledon.oslo_config_glue [-] network_log.burst_limit = 25 {{(pid=105990) log_opt_values /opt/stack/data/venv/lib/python3.12/site-packages/oslo_config/cfg.py:3006}}
Apr 20 19:27:57.119238 np0000168560 neutron-periodic-workers[105990]: DEBUG cotyledon.oslo_config_glue [-] network_log.local_output_log_base = None {{(pid=105990) log_opt_values /opt/stack/data/venv/lib/python3.12/site-packages/oslo_config/cfg.py:3006}}
Apr 20 19:27:57.119349 np0000168560 neutron-periodic-workers[105990]: DEBUG cotyledon.oslo_config_glue [-] network_log.rate_limit = 100 {{(pid=105990) log_opt_values /opt/stack/data/venv/lib/python3.12/site-packages/oslo_config/cfg.py:3006}}
Apr 20 19:27:57.119349 np0000168560 neutron-periodic-workers[105990]: DEBUG cotyledon.oslo_config_glue [-] database.asyncio_connection = **** {{(pid=105990) log_opt_values /opt/stack/data/venv/lib/python3.12/site-packages/oslo_config/cfg.py:3006}}
Apr 20 19:27:57.119431 np0000168560 neutron-periodic-workers[105990]: DEBUG cotyledon.oslo_config_glue [-] database.asyncio_slave_connection = **** {{(pid=105990) log_opt_values /opt/stack/data/venv/lib/python3.12/site-packages/oslo_config/cfg.py:3006}}
Apr 20 19:27:57.119431 np0000168560 neutron-periodic-workers[105990]: DEBUG cotyledon.oslo_config_glue [-] database.backend = sqlalchemy {{(pid=105990) log_opt_values /opt/stack/data/venv/lib/python3.12/site-packages/oslo_config/cfg.py:3006}}
Apr 20 19:27:57.119525 np0000168560 neutron-periodic-workers[105990]: DEBUG cotyledon.oslo_config_glue [-] database.connection = **** {{(pid=105990) log_opt_values /opt/stack/data/venv/lib/python3.12/site-packages/oslo_config/cfg.py:3006}}
Apr 20 19:27:57.119525 np0000168560 neutron-periodic-workers[105990]: DEBUG cotyledon.oslo_config_glue [-] database.connection_debug = 0 {{(pid=105990) log_opt_values /opt/stack/data/venv/lib/python3.12/site-packages/oslo_config/cfg.py:3006}}
Apr 20 19:27:57.119614 np0000168560 neutron-periodic-workers[105990]: DEBUG cotyledon.oslo_config_glue [-] database.connection_parameters = {{(pid=105990) log_opt_values /opt/stack/data/venv/lib/python3.12/site-packages/oslo_config/cfg.py:3006}}
Apr 20 19:27:57.119614 np0000168560 neutron-periodic-workers[105990]: DEBUG cotyledon.oslo_config_glue [-] database.connection_recycle_time = 3600 {{(pid=105990) log_opt_values /opt/stack/data/venv/lib/python3.12/site-packages/oslo_config/cfg.py:3006}}
Apr 20 19:27:57.119614 np0000168560 neutron-periodic-workers[105990]: DEBUG cotyledon.oslo_config_glue [-] database.connection_trace = False {{(pid=105990) log_opt_values /opt/stack/data/venv/lib/python3.12/site-packages/oslo_config/cfg.py:3006}}
Apr 20 19:27:57.119753 np0000168560 neutron-periodic-workers[105990]: DEBUG cotyledon.oslo_config_glue [-] database.db_inc_retry_interval = True {{(pid=105990) log_opt_values /opt/stack/data/venv/lib/python3.12/site-packages/oslo_config/cfg.py:3006}}
Apr 20 19:27:57.119753 np0000168560 neutron-periodic-workers[105990]: DEBUG cotyledon.oslo_config_glue [-] database.db_max_retries = 20 {{(pid=105990) log_opt_values /opt/stack/data/venv/lib/python3.12/site-packages/oslo_config/cfg.py:3006}}
Apr 20 19:27:57.119753 np0000168560 neutron-periodic-workers[105990]: DEBUG cotyledon.oslo_config_glue [-] database.db_max_retry_interval = 10 {{(pid=105990) log_opt_values /opt/stack/data/venv/lib/python3.12/site-packages/oslo_config/cfg.py:3006}}
Apr 20 19:27:57.119853 np0000168560 neutron-periodic-workers[105990]: DEBUG cotyledon.oslo_config_glue [-] database.db_retry_interval = 1 {{(pid=105990) log_opt_values /opt/stack/data/venv/lib/python3.12/site-packages/oslo_config/cfg.py:3006}}
Apr 20 19:27:57.119853 np0000168560 neutron-periodic-workers[105990]: DEBUG cotyledon.oslo_config_glue [-] database.max_overflow = 50 {{(pid=105990) log_opt_values /opt/stack/data/venv/lib/python3.12/site-packages/oslo_config/cfg.py:3006}}
Apr 20 19:27:57.119853 np0000168560 neutron-periodic-workers[105990]: DEBUG cotyledon.oslo_config_glue [-] database.max_pool_size = 5 {{(pid=105990) log_opt_values /opt/stack/data/venv/lib/python3.12/site-packages/oslo_config/cfg.py:3006}}
Apr 20 19:27:57.119962 np0000168560 neutron-periodic-workers[105990]: DEBUG cotyledon.oslo_config_glue [-] database.max_retries = 10 {{(pid=105990) log_opt_values /opt/stack/data/venv/lib/python3.12/site-packages/oslo_config/cfg.py:3006}}
Apr 20 19:27:57.119962 np0000168560 neutron-periodic-workers[105990]: DEBUG cotyledon.oslo_config_glue [-] database.mysql_sql_mode = TRADITIONAL {{(pid=105990) log_opt_values /opt/stack/data/venv/lib/python3.12/site-packages/oslo_config/cfg.py:3006}}
Apr 20 19:27:57.119962 np0000168560 neutron-periodic-workers[105990]: DEBUG cotyledon.oslo_config_glue [-] database.mysql_wsrep_sync_wait = None {{(pid=105990) log_opt_values /opt/stack/data/venv/lib/python3.12/site-packages/oslo_config/cfg.py:3006}}
Apr 20 19:27:57.120085 np0000168560 neutron-periodic-workers[105990]: DEBUG cotyledon.oslo_config_glue [-] database.pool_timeout = None {{(pid=105990) log_opt_values /opt/stack/data/venv/lib/python3.12/site-packages/oslo_config/cfg.py:3006}}
Apr 20 19:27:57.120085 np0000168560 neutron-periodic-workers[105990]: DEBUG cotyledon.oslo_config_glue [-] database.retry_interval = 10 {{(pid=105990) log_opt_values /opt/stack/data/venv/lib/python3.12/site-packages/oslo_config/cfg.py:3006}}
Apr 20 19:27:57.120085 np0000168560 neutron-periodic-workers[105990]: DEBUG cotyledon.oslo_config_glue [-] database.slave_connection = **** {{(pid=105990) log_opt_values /opt/stack/data/venv/lib/python3.12/site-packages/oslo_config/cfg.py:3006}}
Apr 20 19:27:57.120197 np0000168560 neutron-periodic-workers[105990]: DEBUG cotyledon.oslo_config_glue [-] database.sqlite_synchronous = True {{(pid=105990) log_opt_values /opt/stack/data/venv/lib/python3.12/site-packages/oslo_config/cfg.py:3006}}
Apr 20 19:27:57.120197 np0000168560 neutron-periodic-workers[105990]: DEBUG cotyledon.oslo_config_glue [-] database.synchronous_reader = True {{(pid=105990) log_opt_values /opt/stack/data/venv/lib/python3.12/site-packages/oslo_config/cfg.py:3006}}
Apr 20 19:27:57.120197 np0000168560 neutron-periodic-workers[105990]: DEBUG cotyledon.oslo_config_glue [-] database.use_db_reconnect = False {{(pid=105990) log_opt_values /opt/stack/data/venv/lib/python3.12/site-packages/oslo_config/cfg.py:3006}}
Apr 20 19:27:57.120619 np0000168560 neutron-periodic-workers[105990]: DEBUG cotyledon.oslo_config_glue [-] ovn.bfd_min_rx = 1000 {{(pid=105990) log_opt_values /opt/stack/data/venv/lib/python3.12/site-packages/oslo_config/cfg.py:3006}}
Apr 20 19:27:57.120619 np0000168560 neutron-periodic-workers[105990]: DEBUG cotyledon.oslo_config_glue [-] ovn.bfd_min_tx = 100 {{(pid=105990) log_opt_values /opt/stack/data/venv/lib/python3.12/site-packages/oslo_config/cfg.py:3006}}
Apr 20 19:27:57.120619 np0000168560 neutron-periodic-workers[105990]: DEBUG cotyledon.oslo_config_glue [-] ovn.bfd_mult = 3 {{(pid=105990) log_opt_values /opt/stack/data/venv/lib/python3.12/site-packages/oslo_config/cfg.py:3006}}
Apr 20 19:27:57.120619 np0000168560 neutron-periodic-workers[105990]: DEBUG cotyledon.oslo_config_glue [-] ovn.broadcast_arps_to_all_routers = True {{(pid=105990) log_opt_values /opt/stack/data/venv/lib/python3.12/site-packages/oslo_config/cfg.py:3006}}
Apr 20 19:27:57.120619 np0000168560 neutron-periodic-workers[105990]: DEBUG cotyledon.oslo_config_glue [-] ovn.dhcp_default_lease_time = 43200 {{(pid=105990) log_opt_values /opt/stack/data/venv/lib/python3.12/site-packages/oslo_config/cfg.py:3006}}
Apr 20 19:27:57.120619 np0000168560 neutron-periodic-workers[105990]: DEBUG cotyledon.oslo_config_glue [-] ovn.disable_ovn_dhcp_for_baremetal_ports = False {{(pid=105990) log_opt_values /opt/stack/data/venv/lib/python3.12/site-packages/oslo_config/cfg.py:3006}}
Apr 20 19:27:57.120619 np0000168560 neutron-periodic-workers[105990]: DEBUG cotyledon.oslo_config_glue [-] ovn.dns_records_ovn_owned = False {{(pid=105990) log_opt_values /opt/stack/data/venv/lib/python3.12/site-packages/oslo_config/cfg.py:3006}}
Apr 20 19:27:57.120619 np0000168560 neutron-periodic-workers[105990]: DEBUG cotyledon.oslo_config_glue [-] ovn.dns_servers = [] {{(pid=105990) log_opt_values /opt/stack/data/venv/lib/python3.12/site-packages/oslo_config/cfg.py:3006}}
Apr 20 19:27:57.120619 np0000168560 neutron-periodic-workers[105990]: DEBUG cotyledon.oslo_config_glue [-] ovn.enable_distributed_floating_ip = False {{(pid=105990) log_opt_values /opt/stack/data/venv/lib/python3.12/site-packages/oslo_config/cfg.py:3006}}
Apr 20 19:27:57.120918 np0000168560 neutron-periodic-workers[105990]: DEBUG cotyledon.oslo_config_glue [-] ovn.fdb_age_threshold = 300 {{(pid=105990) log_opt_values /opt/stack/data/venv/lib/python3.12/site-packages/oslo_config/cfg.py:3006}}
Apr 20 19:27:57.120918 np0000168560 neutron-periodic-workers[105990]: DEBUG cotyledon.oslo_config_glue [-] ovn.ha_failover_strategy = normal {{(pid=105990) log_opt_values /opt/stack/data/venv/lib/python3.12/site-packages/oslo_config/cfg.py:3006}}
Apr 20 19:27:57.120918 np0000168560 neutron-periodic-workers[105990]: DEBUG cotyledon.oslo_config_glue [-] ovn.live_migration_activation_strategy = rarp {{(pid=105990) log_opt_values /opt/stack/data/venv/lib/python3.12/site-packages/oslo_config/cfg.py:3006}}
Apr 20 19:27:57.120918 np0000168560 neutron-periodic-workers[105990]: DEBUG cotyledon.oslo_config_glue [-] ovn.localnet_learn_fdb = False {{(pid=105990) log_opt_values /opt/stack/data/venv/lib/python3.12/site-packages/oslo_config/cfg.py:3006}}
Apr 20 19:27:57.120918 np0000168560 neutron-periodic-workers[105990]: DEBUG cotyledon.oslo_config_glue [-] ovn.mac_binding_age_threshold = 300 {{(pid=105990) log_opt_values /opt/stack/data/venv/lib/python3.12/site-packages/oslo_config/cfg.py:3006}}
Apr 20 19:27:57.120918 np0000168560 neutron-periodic-workers[105990]: DEBUG cotyledon.oslo_config_glue [-] ovn.neutron_sync_mode = log {{(pid=105990) log_opt_values /opt/stack/data/venv/lib/python3.12/site-packages/oslo_config/cfg.py:3006}}
Apr 20 19:27:57.120918 np0000168560 neutron-periodic-workers[105990]: DEBUG cotyledon.oslo_config_glue [-] ovn.ovn_dhcp4_global_options = {} {{(pid=105990) log_opt_values /opt/stack/data/venv/lib/python3.12/site-packages/oslo_config/cfg.py:3006}}
Apr 20 19:27:57.120918 np0000168560 neutron-periodic-workers[105990]: DEBUG cotyledon.oslo_config_glue [-] ovn.ovn_dhcp6_global_options = {} {{(pid=105990) log_opt_values /opt/stack/data/venv/lib/python3.12/site-packages/oslo_config/cfg.py:3006}}
Apr 20 19:27:57.120918 np0000168560 neutron-periodic-workers[105990]: DEBUG cotyledon.oslo_config_glue [-] ovn.ovn_l3_scheduler = leastloaded {{(pid=105990) log_opt_values /opt/stack/data/venv/lib/python3.12/site-packages/oslo_config/cfg.py:3006}}
Apr 20 19:27:57.121213 np0000168560 neutron-periodic-workers[105990]: DEBUG cotyledon.oslo_config_glue [-] ovn.ovn_metadata_enabled = True {{(pid=105990) log_opt_values /opt/stack/data/venv/lib/python3.12/site-packages/oslo_config/cfg.py:3006}}
Apr 20 19:27:57.121213 np0000168560 neutron-periodic-workers[105990]: DEBUG cotyledon.oslo_config_glue [-] ovn.ovn_nb_ca_cert = /opt/stack/data/CA/int-ca/ca-chain.pem {{(pid=105990) log_opt_values /opt/stack/data/venv/lib/python3.12/site-packages/oslo_config/cfg.py:3006}}
Apr 20 19:27:57.121213 np0000168560 neutron-periodic-workers[105990]: DEBUG cotyledon.oslo_config_glue [-] ovn.ovn_nb_certificate = /opt/stack/data/CA/int-ca/devstack-cert.crt {{(pid=105990) log_opt_values /opt/stack/data/venv/lib/python3.12/site-packages/oslo_config/cfg.py:3006}}
Apr 20 19:27:57.121213 np0000168560 neutron-periodic-workers[105990]: DEBUG cotyledon.oslo_config_glue [-] ovn.ovn_nb_connection = ['ssl:199.204.45.156:6641'] {{(pid=105990) log_opt_values /opt/stack/data/venv/lib/python3.12/site-packages/oslo_config/cfg.py:3006}}
Apr 20 19:27:57.121213 np0000168560 neutron-periodic-workers[105990]: DEBUG cotyledon.oslo_config_glue [-] ovn.ovn_nb_private_key = /opt/stack/data/CA/int-ca/private/devstack-cert.key {{(pid=105990) log_opt_values /opt/stack/data/venv/lib/python3.12/site-packages/oslo_config/cfg.py:3006}}
Apr 20 19:27:57.121213 np0000168560 neutron-periodic-workers[105990]: DEBUG cotyledon.oslo_config_glue [-] ovn.ovn_router_indirect_snat = False {{(pid=105990) log_opt_values /opt/stack/data/venv/lib/python3.12/site-packages/oslo_config/cfg.py:3006}}
Apr 20 19:27:57.121213 np0000168560 neutron-periodic-workers[105990]: DEBUG cotyledon.oslo_config_glue [-] ovn.ovn_sb_ca_cert = /opt/stack/data/CA/int-ca/ca-chain.pem {{(pid=105990) log_opt_values /opt/stack/data/venv/lib/python3.12/site-packages/oslo_config/cfg.py:3006}}
Apr 20 19:27:57.121600 np0000168560 neutron-periodic-workers[105990]: DEBUG cotyledon.oslo_config_glue [-] ovn.ovn_sb_certificate = /opt/stack/data/CA/int-ca/devstack-cert.crt {{(pid=105990) log_opt_values /opt/stack/data/venv/lib/python3.12/site-packages/oslo_config/cfg.py:3006}}
Apr 20 19:27:57.121600 np0000168560 neutron-periodic-workers[105990]: DEBUG cotyledon.oslo_config_glue [-] ovn.ovn_sb_connection = ['ssl:199.204.45.156:6642'] {{(pid=105990) log_opt_values /opt/stack/data/venv/lib/python3.12/site-packages/oslo_config/cfg.py:3006}}
Apr 20 19:27:57.121600 np0000168560 neutron-periodic-workers[105990]: DEBUG cotyledon.oslo_config_glue [-] ovn.ovn_sb_private_key = /opt/stack/data/CA/int-ca/private/devstack-cert.key {{(pid=105990) log_opt_values /opt/stack/data/venv/lib/python3.12/site-packages/oslo_config/cfg.py:3006}}
Apr 20 19:27:57.121600 np0000168560 neutron-periodic-workers[105990]: DEBUG cotyledon.oslo_config_glue [-] ovn.ovs_create_tap = False {{(pid=105990) log_opt_values /opt/stack/data/venv/lib/python3.12/site-packages/oslo_config/cfg.py:3006}}
Apr 20 19:27:57.121600 np0000168560 neutron-periodic-workers[105990]: DEBUG cotyledon.oslo_config_glue [-] ovn.ovsdb_connection_timeout = 180 {{(pid=105990) log_opt_values /opt/stack/data/venv/lib/python3.12/site-packages/oslo_config/cfg.py:3006}}
Apr 20 19:27:57.121600 np0000168560 neutron-periodic-workers[105990]: DEBUG cotyledon.oslo_config_glue [-] ovn.ovsdb_log_level = INFO {{(pid=105990) log_opt_values /opt/stack/data/venv/lib/python3.12/site-packages/oslo_config/cfg.py:3006}}
Apr 20 19:27:57.121600 np0000168560 neutron-periodic-workers[105990]: DEBUG cotyledon.oslo_config_glue [-] ovn.ovsdb_probe_interval = 60000 {{(pid=105990) log_opt_values /opt/stack/data/venv/lib/python3.12/site-packages/oslo_config/cfg.py:3006}}
Apr 20 19:27:57.121600 np0000168560 neutron-periodic-workers[105990]: DEBUG cotyledon.oslo_config_glue [-] ovn.ovsdb_retry_max_interval = 180 {{(pid=105990) log_opt_values /opt/stack/data/venv/lib/python3.12/site-packages/oslo_config/cfg.py:3006}}
Apr 20 19:27:57.121600 np0000168560 neutron-periodic-workers[105990]: DEBUG cotyledon.oslo_config_glue [-] ovn.stateless_nat_enabled = False {{(pid=105990) log_opt_values /opt/stack/data/venv/lib/python3.12/site-packages/oslo_config/cfg.py:3006}}
Apr 20 19:27:57.121910 np0000168560 neutron-periodic-workers[105990]: DEBUG cotyledon.oslo_config_glue [-] ovn.vhost_sock_dir = /var/run/openvswitch {{(pid=105990) log_opt_values /opt/stack/data/venv/lib/python3.12/site-packages/oslo_config/cfg.py:3006}}
Apr 20 19:27:57.121910 np0000168560 neutron-periodic-workers[105990]: DEBUG cotyledon.oslo_config_glue [-] OVS.bridge_mac_table_size = 50000 {{(pid=105990) log_opt_values /opt/stack/data/venv/lib/python3.12/site-packages/oslo_config/cfg.py:3006}}
Apr 20 19:27:57.121910 np0000168560 neutron-periodic-workers[105990]: DEBUG cotyledon.oslo_config_glue [-] OVS.igmp_flood = False {{(pid=105990) log_opt_values /opt/stack/data/venv/lib/python3.12/site-packages/oslo_config/cfg.py:3006}}
Apr 20 19:27:57.121910 np0000168560 neutron-periodic-workers[105990]: DEBUG cotyledon.oslo_config_glue [-] OVS.igmp_flood_reports = True {{(pid=105990) log_opt_values /opt/stack/data/venv/lib/python3.12/site-packages/oslo_config/cfg.py:3006}}
Apr 20 19:27:57.121910 np0000168560 neutron-periodic-workers[105990]: DEBUG cotyledon.oslo_config_glue [-] OVS.igmp_flood_unregistered = False {{(pid=105990) log_opt_values /opt/stack/data/venv/lib/python3.12/site-packages/oslo_config/cfg.py:3006}}
Apr 20 19:27:57.121910 np0000168560 neutron-periodic-workers[105990]: DEBUG cotyledon.oslo_config_glue [-] OVS.igmp_snooping_enable = False {{(pid=105990) log_opt_values /opt/stack/data/venv/lib/python3.12/site-packages/oslo_config/cfg.py:3006}}
Apr 20 19:27:57.121910 np0000168560 neutron-periodic-workers[105990]: DEBUG cotyledon.oslo_config_glue [-] OVS.ovsdb_timeout = 10 {{(pid=105990) log_opt_values /opt/stack/data/venv/lib/python3.12/site-packages/oslo_config/cfg.py:3006}}
Apr 20 19:27:57.121910 np0000168560 neutron-periodic-workers[105990]: DEBUG cotyledon.oslo_config_glue [-] ovn_nb_global.fdb_removal_limit = 0 {{(pid=105990) log_opt_values /opt/stack/data/venv/lib/python3.12/site-packages/oslo_config/cfg.py:3006}}
Apr 20 19:27:57.121910 np0000168560 neutron-periodic-workers[105990]: DEBUG cotyledon.oslo_config_glue [-] ovn_nb_global.ignore_lsp_down = False {{(pid=105990) log_opt_values /opt/stack/data/venv/lib/python3.12/site-packages/oslo_config/cfg.py:3006}}
Apr 20 19:27:57.122200 np0000168560 neutron-periodic-workers[105990]: DEBUG cotyledon.oslo_config_glue [-] ovn_nb_global.mac_binding_removal_limit = 0 {{(pid=105990) log_opt_values /opt/stack/data/venv/lib/python3.12/site-packages/oslo_config/cfg.py:3006}}
Apr 20 19:27:57.122200 np0000168560 neutron-periodic-workers[105990]: DEBUG cotyledon.oslo_config_glue [-] ******************************************************************************** {{(pid=105990) log_opt_values /opt/stack/data/venv/lib/python3.12/site-packages/oslo_config/cfg.py:3013}}
Apr 20 19:27:57.122200 np0000168560 neutron-periodic-workers[105990]: DEBUG cotyledon._service_worker [-] Run service ServiceWrapper(0) [105990] {{(pid=105990) wait_forever /opt/stack/data/venv/lib/python3.12/site-packages/cotyledon/_service_worker.py:218}}
Apr 20 19:28:06.768575 np0000168560 neutron-periodic-workers[105205]: DEBUG dbcounter [-] [105205] Writing DB stats neutron:SELECT=4 {{(pid=105205) stat_writer /opt/stack/data/venv/lib/python3.12/site-packages/dbcounter.py:115}}
Apr 20 19:28:34.096383 np0000168560 neutron-periodic-workers[105974]: DEBUG oslo_db.sqlalchemy.engines [None req-026a38a9-6920-4760-b6f9-60ed87f881d4 None None] Parent process 105205 forked (105974) with an open database connection, which is being discarded and recreated. {{(pid=105974) checkout /opt/stack/data/venv/lib/python3.12/site-packages/oslo_db/sqlalchemy/engines.py:402}}
Apr 20 19:28:34.105042 np0000168560 neutron-periodic-workers[105974]: DEBUG dbcounter [-] [105974] Writer thread running {{(pid=105974) stat_writer /opt/stack/data/venv/lib/python3.12/site-packages/dbcounter.py:102}}
Apr 20 19:28:34.108493 np0000168560 neutron-periodic-workers[105974]: DEBUG neutron.db.agents_db [None req-026a38a9-6920-4760-b6f9-60ed87f881d4 None None] Agent healthcheck: found 0 active agents {{(pid=105974) agent_health_check /opt/stack/neutron/neutron/db/agents_db.py:317}}
Apr 20 19:28:34.108655 np0000168560 neutron-periodic-workers[105974]: DEBUG oslo.service.backend._threading.loopingcall [None req-026a38a9-6920-4760-b6f9-60ed87f881d4 None None] Fixed interval looping call 'neutron.plugins.ml2.plugin.AgentDbMixin.agent_health_check' sleeping for 36.98 seconds {{(pid=105974) _run_loop /opt/stack/data/venv/lib/python3.12/site-packages/oslo_service/backend/_threading/loopingcall.py:125}}
Apr 20 19:28:44.105589 np0000168560 neutron-periodic-workers[105974]: DEBUG dbcounter [-] [105974] Writing DB stats neutron:SELECT=1 {{(pid=105974) stat_writer /opt/stack/data/venv/lib/python3.12/site-packages/dbcounter.py:115}}
Apr 20 19:29:00.087704 np0000168560 neutron-periodic-workers[105967]: DEBUG dbcounter [-] [105967] Writer thread running {{(pid=105967) stat_writer /opt/stack/data/venv/lib/python3.12/site-packages/dbcounter.py:102}}
Apr 20 19:29:00.096543 np0000168560 neutron-periodic-workers[105967]: DEBUG oslo.service.backend._threading.loopingcall [None req-d0da0315-adc4-4ead-a842-20d4f0552e83 None None] Fixed interval looping call 'neutron.plugins.ml2.plugin.DhcpAgentSchedulerDbMixin.remove_networks_from_down_agents' sleeping for 36.97 seconds {{(pid=105967) _run_loop /opt/stack/data/venv/lib/python3.12/site-packages/oslo_service/backend/_threading/loopingcall.py:125}}
Apr 20 19:29:10.095506 np0000168560 neutron-periodic-workers[105967]: DEBUG dbcounter [-] [105967] Writing DB stats neutron:SELECT=3 {{(pid=105967) stat_writer /opt/stack/data/venv/lib/python3.12/site-packages/dbcounter.py:115}}
Apr 20 19:29:11.094532 np0000168560 neutron-periodic-workers[105974]: DEBUG neutron.db.agents_db [None req-026a38a9-6920-4760-b6f9-60ed87f881d4 None None] Agent healthcheck: found 0 active agents {{(pid=105974) agent_health_check /opt/stack/neutron/neutron/db/agents_db.py:317}}
Apr 20 19:29:11.095283 np0000168560 neutron-periodic-workers[105974]: DEBUG oslo.service.backend._threading.loopingcall [None req-026a38a9-6920-4760-b6f9-60ed87f881d4 None None] Fixed interval looping call 'neutron.plugins.ml2.plugin.AgentDbMixin.agent_health_check' sleeping for 36.99 seconds {{(pid=105974) _run_loop /opt/stack/data/venv/lib/python3.12/site-packages/oslo_service/backend/_threading/loopingcall.py:125}}
Apr 20 19:29:21.092453 np0000168560 neutron-periodic-workers[105974]: DEBUG dbcounter [-] [105974] Writing DB stats neutron:SELECT=1 {{(pid=105974) stat_writer /opt/stack/data/venv/lib/python3.12/site-packages/dbcounter.py:115}}
Apr 20 19:29:37.077929 np0000168560 neutron-periodic-workers[105967]: DEBUG oslo.service.backend._threading.loopingcall [None req-d0da0315-adc4-4ead-a842-20d4f0552e83 None None] Fixed interval looping call 'neutron.plugins.ml2.plugin.DhcpAgentSchedulerDbMixin.remove_networks_from_down_agents' sleeping for 36.99 seconds {{(pid=105967) _run_loop /opt/stack/data/venv/lib/python3.12/site-packages/oslo_service/backend/_threading/loopingcall.py:125}}
Apr 20 19:29:47.076191 np0000168560 neutron-periodic-workers[105967]: DEBUG dbcounter [-] [105967] Writing DB stats neutron:SELECT=3 {{(pid=105967) stat_writer /opt/stack/data/venv/lib/python3.12/site-packages/dbcounter.py:115}}
Apr 20 19:29:48.090860 np0000168560 neutron-periodic-workers[105974]: DEBUG neutron.db.agents_db [None req-026a38a9-6920-4760-b6f9-60ed87f881d4 None None] Agent healthcheck: found 0 active agents {{(pid=105974) agent_health_check /opt/stack/neutron/neutron/db/agents_db.py:317}}
Apr 20 19:29:48.091465 np0000168560 neutron-periodic-workers[105974]: DEBUG oslo.service.backend._threading.loopingcall [None req-026a38a9-6920-4760-b6f9-60ed87f881d4 None None] Fixed interval looping call 'neutron.plugins.ml2.plugin.AgentDbMixin.agent_health_check' sleeping for 36.99 seconds {{(pid=105974) _run_loop /opt/stack/data/venv/lib/python3.12/site-packages/oslo_service/backend/_threading/loopingcall.py:125}}
Apr 20 19:29:57.116554 np0000168560 neutron-periodic-workers[105978]: DEBUG dbcounter [-] [105978] Writer thread running {{(pid=105978) stat_writer /opt/stack/data/venv/lib/python3.12/site-packages/dbcounter.py:102}}
Apr 20 19:29:57.118487 np0000168560 neutron-periodic-workers[105978]: DEBUG oslo.service.backend._threading.loopingcall [None req-7a57be44-8c30-4d10-a313-8beaae600150 None None] Fixed interval looping call 'neutron.db.quota.driver_nolock.DbQuotaNoLockDriver._remove_expired_reservations' sleeping for 119.99 seconds {{(pid=105978) _run_loop /opt/stack/data/venv/lib/python3.12/site-packages/oslo_service/backend/_threading/loopingcall.py:125}}
Apr 20 19:29:58.088949 np0000168560 neutron-periodic-workers[105974]: DEBUG dbcounter [-] [105974] Writing DB stats neutron:SELECT=1 {{(pid=105974) stat_writer /opt/stack/data/venv/lib/python3.12/site-packages/dbcounter.py:115}}
Apr 20 19:30:07.117167 np0000168560 neutron-periodic-workers[105978]: DEBUG dbcounter [-] [105978] Writing DB stats neutron:DELETE=1 {{(pid=105978) stat_writer /opt/stack/data/venv/lib/python3.12/site-packages/dbcounter.py:115}}
Apr 20 19:30:14.074805 np0000168560 neutron-periodic-workers[105967]: DEBUG oslo.service.backend._threading.loopingcall [None req-d0da0315-adc4-4ead-a842-20d4f0552e83 None None] Fixed interval looping call 'neutron.plugins.ml2.plugin.DhcpAgentSchedulerDbMixin.remove_networks_from_down_agents' sleeping for 36.99 seconds {{(pid=105967) _run_loop /opt/stack/data/venv/lib/python3.12/site-packages/oslo_service/backend/_threading/loopingcall.py:125}}
Apr 20 19:30:24.073694 np0000168560 neutron-periodic-workers[105967]: DEBUG dbcounter [-] [105967] Writing DB stats neutron:SELECT=3 {{(pid=105967) stat_writer /opt/stack/data/venv/lib/python3.12/site-packages/dbcounter.py:115}}
Apr 20 19:30:25.085187 np0000168560 neutron-periodic-workers[105974]: DEBUG neutron.db.agents_db [None req-026a38a9-6920-4760-b6f9-60ed87f881d4 None None] Agent healthcheck: found 0 active agents {{(pid=105974) agent_health_check /opt/stack/neutron/neutron/db/agents_db.py:317}}
Apr 20 19:30:25.085928 np0000168560 neutron-periodic-workers[105974]: DEBUG oslo.service.backend._threading.loopingcall [None req-026a38a9-6920-4760-b6f9-60ed87f881d4 None None] Fixed interval looping call 'neutron.plugins.ml2.plugin.AgentDbMixin.agent_health_check' sleeping for 37.00 seconds {{(pid=105974) _run_loop /opt/stack/data/venv/lib/python3.12/site-packages/oslo_service/backend/_threading/loopingcall.py:125}}
Apr 20 19:30:35.084061 np0000168560 neutron-periodic-workers[105974]: DEBUG dbcounter [-] [105974] Writing DB stats neutron:SELECT=1 {{(pid=105974) stat_writer /opt/stack/data/venv/lib/python3.12/site-packages/dbcounter.py:115}}
Apr 20 19:30:51.073511 np0000168560 neutron-periodic-workers[105967]: DEBUG oslo.service.backend._threading.loopingcall [None req-d0da0315-adc4-4ead-a842-20d4f0552e83 None None] Fixed interval looping call 'neutron.plugins.ml2.plugin.DhcpAgentSchedulerDbMixin.remove_networks_from_down_agents' sleeping for 36.99 seconds {{(pid=105967) _run_loop /opt/stack/data/venv/lib/python3.12/site-packages/oslo_service/backend/_threading/loopingcall.py:125}}
Apr 20 19:31:01.072636 np0000168560 neutron-periodic-workers[105967]: DEBUG dbcounter [-] [105967] Writing DB stats neutron:SELECT=3 {{(pid=105967) stat_writer /opt/stack/data/venv/lib/python3.12/site-packages/dbcounter.py:115}}
Apr 20 19:31:02.091178 np0000168560 neutron-periodic-workers[105974]: DEBUG neutron.db.agents_db [None req-026a38a9-6920-4760-b6f9-60ed87f881d4 None None] Agent healthcheck: found 0 active agents {{(pid=105974) agent_health_check /opt/stack/neutron/neutron/db/agents_db.py:317}}
Apr 20 19:31:02.091178 np0000168560 neutron-periodic-workers[105974]: DEBUG oslo.service.backend._threading.loopingcall [None req-026a38a9-6920-4760-b6f9-60ed87f881d4 None None] Fixed interval looping call 'neutron.plugins.ml2.plugin.AgentDbMixin.agent_health_check' sleeping for 36.99 seconds {{(pid=105974) _run_loop /opt/stack/data/venv/lib/python3.12/site-packages/oslo_service/backend/_threading/loopingcall.py:125}}
Apr 20 19:31:09.154909 np0000168560 neutron-periodic-workers[105990]: DEBUG dbcounter [-] [105990] Writer thread running {{(pid=105990) stat_writer /opt/stack/data/venv/lib/python3.12/site-packages/dbcounter.py:102}}
Apr 20 19:31:09.164305 np0000168560 neutron-periodic-workers[105990]: DEBUG oslo.service.backend._threading.loopingcall [None req-1d266716-ef6c-47ac-8dfe-e4985c9d83d7 None None] Fixed interval looping call 'neutron.services.ovn_l3.plugin.L3_NAT_dbonly_mixin._clean_garbage' sleeping for 299.96 seconds {{(pid=105990) _run_loop /opt/stack/data/venv/lib/python3.12/site-packages/oslo_service/backend/_threading/loopingcall.py:125}}
Apr 20 19:31:12.088976 np0000168560 neutron-periodic-workers[105974]: DEBUG dbcounter [-] [105974] Writing DB stats neutron:SELECT=1 {{(pid=105974) stat_writer /opt/stack/data/venv/lib/python3.12/site-packages/dbcounter.py:115}}
Apr 20 19:31:19.155528 np0000168560 neutron-periodic-workers[105990]: DEBUG dbcounter [-] [105990] Writing DB stats neutron:SELECT=1 {{(pid=105990) stat_writer /opt/stack/data/venv/lib/python3.12/site-packages/dbcounter.py:115}}
Apr 20 19:31:28.071248 np0000168560 neutron-periodic-workers[105967]: DEBUG oslo.service.backend._threading.loopingcall [None req-d0da0315-adc4-4ead-a842-20d4f0552e83 None None] Fixed interval looping call 'neutron.plugins.ml2.plugin.DhcpAgentSchedulerDbMixin.remove_networks_from_down_agents' sleeping for 36.99 seconds {{(pid=105967) _run_loop /opt/stack/data/venv/lib/python3.12/site-packages/oslo_service/backend/_threading/loopingcall.py:125}}
Apr 20 19:31:38.071260 np0000168560 neutron-periodic-workers[105967]: DEBUG dbcounter [-] [105967] Writing DB stats neutron:SELECT=3 {{(pid=105967) stat_writer /opt/stack/data/venv/lib/python3.12/site-packages/dbcounter.py:115}}
Apr 20 19:31:39.086181 np0000168560 neutron-periodic-workers[105974]: DEBUG neutron.db.agents_db [None req-026a38a9-6920-4760-b6f9-60ed87f881d4 None None] Agent healthcheck: found 0 active agents {{(pid=105974) agent_health_check /opt/stack/neutron/neutron/db/agents_db.py:317}}
Apr 20 19:31:39.086728 np0000168560 neutron-periodic-workers[105974]: DEBUG oslo.service.backend._threading.loopingcall [None req-026a38a9-6920-4760-b6f9-60ed87f881d4 None None] Fixed interval looping call 'neutron.plugins.ml2.plugin.AgentDbMixin.agent_health_check' sleeping for 37.00 seconds {{(pid=105974) _run_loop /opt/stack/data/venv/lib/python3.12/site-packages/oslo_service/backend/_threading/loopingcall.py:125}}
Apr 20 19:31:49.084614 np0000168560 neutron-periodic-workers[105974]: DEBUG dbcounter [-] [105974] Writing DB stats neutron:SELECT=1 {{(pid=105974) stat_writer /opt/stack/data/venv/lib/python3.12/site-packages/dbcounter.py:115}}
Apr 20 19:31:57.113648 np0000168560 neutron-periodic-workers[105978]: DEBUG oslo.service.backend._threading.loopingcall [None req-7a57be44-8c30-4d10-a313-8beaae600150 None None] Fixed interval looping call 'neutron.db.quota.driver_nolock.DbQuotaNoLockDriver._remove_expired_reservations' sleeping for 120.00 seconds {{(pid=105978) _run_loop /opt/stack/data/venv/lib/python3.12/site-packages/oslo_service/backend/_threading/loopingcall.py:125}}
Apr 20 19:32:05.071210 np0000168560 neutron-periodic-workers[105967]: DEBUG oslo.service.backend._threading.loopingcall [None req-d0da0315-adc4-4ead-a842-20d4f0552e83 None None] Fixed interval looping call 'neutron.plugins.ml2.plugin.DhcpAgentSchedulerDbMixin.remove_networks_from_down_agents' sleeping for 36.99 seconds {{(pid=105967) _run_loop /opt/stack/data/venv/lib/python3.12/site-packages/oslo_service/backend/_threading/loopingcall.py:125}}
Apr 20 19:32:07.112712 np0000168560 neutron-periodic-workers[105978]: DEBUG dbcounter [-] [105978] Writing DB stats neutron:DELETE=1 {{(pid=105978) stat_writer /opt/stack/data/venv/lib/python3.12/site-packages/dbcounter.py:115}}
Apr 20 19:32:15.070564 np0000168560 neutron-periodic-workers[105967]: DEBUG dbcounter [-] [105967] Writing DB stats neutron:SELECT=3 {{(pid=105967) stat_writer /opt/stack/data/venv/lib/python3.12/site-packages/dbcounter.py:115}}
Apr 20 19:32:16.093131 np0000168560 neutron-periodic-workers[105974]: DEBUG neutron.db.agents_db [None req-026a38a9-6920-4760-b6f9-60ed87f881d4 None None] Agent healthcheck: found 0 active agents {{(pid=105974) agent_health_check /opt/stack/neutron/neutron/db/agents_db.py:317}}
Apr 20 19:32:16.093689 np0000168560 neutron-periodic-workers[105974]: DEBUG oslo.service.backend._threading.loopingcall [None req-026a38a9-6920-4760-b6f9-60ed87f881d4 None None] Fixed interval looping call 'neutron.plugins.ml2.plugin.AgentDbMixin.agent_health_check' sleeping for 36.99 seconds {{(pid=105974) _run_loop /opt/stack/data/venv/lib/python3.12/site-packages/oslo_service/backend/_threading/loopingcall.py:125}}
Apr 20 19:32:26.090988 np0000168560 neutron-periodic-workers[105974]: DEBUG dbcounter [-] [105974] Writing DB stats neutron:SELECT=1 {{(pid=105974) stat_writer /opt/stack/data/venv/lib/python3.12/site-packages/dbcounter.py:115}}
Apr 20 19:32:42.071511 np0000168560 neutron-periodic-workers[105967]: DEBUG oslo.service.backend._threading.loopingcall [None req-d0da0315-adc4-4ead-a842-20d4f0552e83 None None] Fixed interval looping call 'neutron.plugins.ml2.plugin.DhcpAgentSchedulerDbMixin.remove_networks_from_down_agents' sleeping for 36.99 seconds {{(pid=105967) _run_loop /opt/stack/data/venv/lib/python3.12/site-packages/oslo_service/backend/_threading/loopingcall.py:125}}
Apr 20 19:32:52.070285 np0000168560 neutron-periodic-workers[105967]: DEBUG dbcounter [-] [105967] Writing DB stats neutron:SELECT=3 {{(pid=105967) stat_writer /opt/stack/data/venv/lib/python3.12/site-packages/dbcounter.py:115}}
Apr 20 19:32:53.089281 np0000168560 neutron-periodic-workers[105974]: DEBUG neutron.db.agents_db [None req-026a38a9-6920-4760-b6f9-60ed87f881d4 None None] Agent healthcheck: found 0 active agents {{(pid=105974) agent_health_check /opt/stack/neutron/neutron/db/agents_db.py:317}}
Apr 20 19:32:53.089809 np0000168560 neutron-periodic-workers[105974]: DEBUG oslo.service.backend._threading.loopingcall [None req-026a38a9-6920-4760-b6f9-60ed87f881d4 None None] Fixed interval looping call 'neutron.plugins.ml2.plugin.AgentDbMixin.agent_health_check' sleeping for 36.99 seconds {{(pid=105974) _run_loop /opt/stack/data/venv/lib/python3.12/site-packages/oslo_service/backend/_threading/loopingcall.py:125}}
Apr 20 19:33:03.087076 np0000168560 neutron-periodic-workers[105974]: DEBUG dbcounter [-] [105974] Writing DB stats neutron:SELECT=1 {{(pid=105974) stat_writer /opt/stack/data/venv/lib/python3.12/site-packages/dbcounter.py:115}}
Apr 20 19:33:19.071215 np0000168560 neutron-periodic-workers[105967]: DEBUG oslo.service.backend._threading.loopingcall [None req-d0da0315-adc4-4ead-a842-20d4f0552e83 None None] Fixed interval looping call 'neutron.plugins.ml2.plugin.DhcpAgentSchedulerDbMixin.remove_networks_from_down_agents' sleeping for 36.99 seconds {{(pid=105967) _run_loop /opt/stack/data/venv/lib/python3.12/site-packages/oslo_service/backend/_threading/loopingcall.py:125}}
Apr 20 19:33:29.070053 np0000168560 neutron-periodic-workers[105967]: DEBUG dbcounter [-] [105967] Writing DB stats neutron:SELECT=3 {{(pid=105967) stat_writer /opt/stack/data/venv/lib/python3.12/site-packages/dbcounter.py:115}}
Apr 20 19:33:30.085936 np0000168560 neutron-periodic-workers[105974]: DEBUG neutron.db.agents_db [None req-026a38a9-6920-4760-b6f9-60ed87f881d4 None None] Agent healthcheck: found 0 active agents {{(pid=105974) agent_health_check /opt/stack/neutron/neutron/db/agents_db.py:317}}
Apr 20 19:33:30.086699 np0000168560 neutron-periodic-workers[105974]: DEBUG oslo.service.backend._threading.loopingcall [None req-026a38a9-6920-4760-b6f9-60ed87f881d4 None None] Fixed interval looping call 'neutron.plugins.ml2.plugin.AgentDbMixin.agent_health_check' sleeping for 36.99 seconds {{(pid=105974) _run_loop /opt/stack/data/venv/lib/python3.12/site-packages/oslo_service/backend/_threading/loopingcall.py:125}}
Apr 20 19:33:40.083634 np0000168560 neutron-periodic-workers[105974]: DEBUG dbcounter [-] [105974] Writing DB stats neutron:SELECT=1 {{(pid=105974) stat_writer /opt/stack/data/venv/lib/python3.12/site-packages/dbcounter.py:115}}
Apr 20 19:33:56.070142 np0000168560 neutron-periodic-workers[105967]: DEBUG oslo.service.backend._threading.loopingcall [None req-d0da0315-adc4-4ead-a842-20d4f0552e83 None None] Fixed interval looping call 'neutron.plugins.ml2.plugin.DhcpAgentSchedulerDbMixin.remove_networks_from_down_agents' sleeping for 36.99 seconds {{(pid=105967) _run_loop /opt/stack/data/venv/lib/python3.12/site-packages/oslo_service/backend/_threading/loopingcall.py:125}}
Apr 20 19:33:57.118839 np0000168560 neutron-periodic-workers[105978]: DEBUG oslo.service.backend._threading.loopingcall [None req-7a57be44-8c30-4d10-a313-8beaae600150 None None] Fixed interval looping call 'neutron.db.quota.driver_nolock.DbQuotaNoLockDriver._remove_expired_reservations' sleeping for 120.00 seconds {{(pid=105978) _run_loop /opt/stack/data/venv/lib/python3.12/site-packages/oslo_service/backend/_threading/loopingcall.py:125}}
Apr 20 19:34:06.069238 np0000168560 neutron-periodic-workers[105967]: DEBUG dbcounter [-] [105967] Writing DB stats neutron:SELECT=3 {{(pid=105967) stat_writer /opt/stack/data/venv/lib/python3.12/site-packages/dbcounter.py:115}}
Apr 20 19:34:07.081682 np0000168560 neutron-periodic-workers[105974]: DEBUG neutron.db.agents_db [None req-026a38a9-6920-4760-b6f9-60ed87f881d4 None None] Agent healthcheck: found 0 active agents {{(pid=105974) agent_health_check /opt/stack/neutron/neutron/db/agents_db.py:317}}
Apr 20 19:34:07.082248 np0000168560 neutron-periodic-workers[105974]: DEBUG oslo.service.backend._threading.loopingcall [None req-026a38a9-6920-4760-b6f9-60ed87f881d4 None None] Fixed interval looping call 'neutron.plugins.ml2.plugin.AgentDbMixin.agent_health_check' sleeping for 36.99 seconds {{(pid=105974) _run_loop /opt/stack/data/venv/lib/python3.12/site-packages/oslo_service/backend/_threading/loopingcall.py:125}}
Apr 20 19:34:07.117212 np0000168560 neutron-periodic-workers[105978]: DEBUG dbcounter [-] [105978] Writing DB stats neutron:DELETE=1 {{(pid=105978) stat_writer /opt/stack/data/venv/lib/python3.12/site-packages/dbcounter.py:115}}
Apr 20 19:34:17.080146 np0000168560 neutron-periodic-workers[105974]: DEBUG dbcounter [-] [105974] Writing DB stats neutron:SELECT=1 {{(pid=105974) stat_writer /opt/stack/data/venv/lib/python3.12/site-packages/dbcounter.py:115}}
Apr 20 19:34:33.070905 np0000168560 neutron-periodic-workers[105967]: DEBUG oslo.service.backend._threading.loopingcall [None req-d0da0315-adc4-4ead-a842-20d4f0552e83 None None] Fixed interval looping call 'neutron.plugins.ml2.plugin.DhcpAgentSchedulerDbMixin.remove_networks_from_down_agents' sleeping for 36.99 seconds {{(pid=105967) _run_loop /opt/stack/data/venv/lib/python3.12/site-packages/oslo_service/backend/_threading/loopingcall.py:125}}
Apr 20 19:34:43.069261 np0000168560 neutron-periodic-workers[105967]: DEBUG dbcounter [-] [105967] Writing DB stats neutron:SELECT=3 {{(pid=105967) stat_writer /opt/stack/data/venv/lib/python3.12/site-packages/dbcounter.py:115}}
Apr 20 19:34:44.077296 np0000168560 neutron-periodic-workers[105974]: DEBUG neutron.db.agents_db [None req-026a38a9-6920-4760-b6f9-60ed87f881d4 None None] Agent healthcheck: found 0 active agents {{(pid=105974) agent_health_check /opt/stack/neutron/neutron/db/agents_db.py:317}}
Apr 20 19:34:44.077296 np0000168560 neutron-periodic-workers[105974]: DEBUG oslo.service.backend._threading.loopingcall [None req-026a38a9-6920-4760-b6f9-60ed87f881d4 None None] Fixed interval looping call 'neutron.plugins.ml2.plugin.AgentDbMixin.agent_health_check' sleeping for 36.99 seconds {{(pid=105974) _run_loop /opt/stack/data/venv/lib/python3.12/site-packages/oslo_service/backend/_threading/loopingcall.py:125}}
Apr 20 19:34:54.075771 np0000168560 neutron-periodic-workers[105974]: DEBUG dbcounter [-] [105974] Writing DB stats neutron:SELECT=1 {{(pid=105974) stat_writer /opt/stack/data/venv/lib/python3.12/site-packages/dbcounter.py:115}}
Apr 20 19:35:10.071032 np0000168560 neutron-periodic-workers[105967]: DEBUG oslo.service.backend._threading.loopingcall [None req-d0da0315-adc4-4ead-a842-20d4f0552e83 None None] Fixed interval looping call 'neutron.plugins.ml2.plugin.DhcpAgentSchedulerDbMixin.remove_networks_from_down_agents' sleeping for 36.99 seconds {{(pid=105967) _run_loop /opt/stack/data/venv/lib/python3.12/site-packages/oslo_service/backend/_threading/loopingcall.py:125}}
Apr 20 19:35:20.070254 np0000168560 neutron-periodic-workers[105967]: DEBUG dbcounter [-] [105967] Writing DB stats neutron:SELECT=3 {{(pid=105967) stat_writer /opt/stack/data/venv/lib/python3.12/site-packages/dbcounter.py:115}}
Apr 20 19:35:21.072534 np0000168560 neutron-periodic-workers[105974]: DEBUG neutron.db.agents_db [None req-026a38a9-6920-4760-b6f9-60ed87f881d4 None None] Agent healthcheck: found 0 active agents {{(pid=105974) agent_health_check /opt/stack/neutron/neutron/db/agents_db.py:317}}
Apr 20 19:35:21.072534 np0000168560 neutron-periodic-workers[105974]: DEBUG oslo.service.backend._threading.loopingcall [None req-026a38a9-6920-4760-b6f9-60ed87f881d4 None None] Fixed interval looping call 'neutron.plugins.ml2.plugin.AgentDbMixin.agent_health_check' sleeping for 37.00 seconds {{(pid=105974) _run_loop /opt/stack/data/venv/lib/python3.12/site-packages/oslo_service/backend/_threading/loopingcall.py:125}}
Apr 20 19:35:31.071599 np0000168560 neutron-periodic-workers[105974]: DEBUG dbcounter [-] [105974] Writing DB stats neutron:SELECT=1 {{(pid=105974) stat_writer /opt/stack/data/venv/lib/python3.12/site-packages/dbcounter.py:115}}
Apr 20 19:35:47.069845 np0000168560 neutron-periodic-workers[105967]: DEBUG oslo.service.backend._threading.loopingcall [None req-d0da0315-adc4-4ead-a842-20d4f0552e83 None None] Fixed interval looping call 'neutron.plugins.ml2.plugin.DhcpAgentSchedulerDbMixin.remove_networks_from_down_agents' sleeping for 36.99 seconds {{(pid=105967) _run_loop /opt/stack/data/venv/lib/python3.12/site-packages/oslo_service/backend/_threading/loopingcall.py:125}}
Apr 20 19:35:57.068856 np0000168560 neutron-periodic-workers[105967]: DEBUG dbcounter [-] [105967] Writing DB stats neutron:SELECT=3 {{(pid=105967) stat_writer /opt/stack/data/venv/lib/python3.12/site-packages/dbcounter.py:115}}
Apr 20 19:35:57.124093 np0000168560 neutron-periodic-workers[105978]: DEBUG oslo.service.backend._threading.loopingcall [None req-7a57be44-8c30-4d10-a313-8beaae600150 None None] Fixed interval looping call 'neutron.db.quota.driver_nolock.DbQuotaNoLockDriver._remove_expired_reservations' sleeping for 120.00 seconds {{(pid=105978) _run_loop /opt/stack/data/venv/lib/python3.12/site-packages/oslo_service/backend/_threading/loopingcall.py:125}}
Apr 20 19:35:58.078355 np0000168560 neutron-periodic-workers[105974]: DEBUG neutron.db.agents_db [None req-026a38a9-6920-4760-b6f9-60ed87f881d4 None None] Agent healthcheck: found 0 active agents {{(pid=105974) agent_health_check /opt/stack/neutron/neutron/db/agents_db.py:317}}
Apr 20 19:35:58.079209 np0000168560 neutron-periodic-workers[105974]: DEBUG oslo.service.backend._threading.loopingcall [None req-026a38a9-6920-4760-b6f9-60ed87f881d4 None None] Fixed interval looping call 'neutron.plugins.ml2.plugin.AgentDbMixin.agent_health_check' sleeping for 36.99 seconds {{(pid=105974) _run_loop /opt/stack/data/venv/lib/python3.12/site-packages/oslo_service/backend/_threading/loopingcall.py:125}}
Apr 20 19:36:07.122718 np0000168560 neutron-periodic-workers[105978]: DEBUG dbcounter [-] [105978] Writing DB stats neutron:DELETE=1 {{(pid=105978) stat_writer /opt/stack/data/venv/lib/python3.12/site-packages/dbcounter.py:115}}
Apr 20 19:36:08.076622 np0000168560 neutron-periodic-workers[105974]: DEBUG dbcounter [-] [105974] Writing DB stats neutron:SELECT=1 {{(pid=105974) stat_writer /opt/stack/data/venv/lib/python3.12/site-packages/dbcounter.py:115}}
Apr 20 19:36:09.135166 np0000168560 neutron-periodic-workers[105990]: DEBUG oslo.service.backend._threading.loopingcall [None req-1d266716-ef6c-47ac-8dfe-e4985c9d83d7 None None] Fixed interval looping call 'neutron.services.ovn_l3.plugin.L3_NAT_dbonly_mixin._clean_garbage' sleeping for 299.99 seconds {{(pid=105990) _run_loop /opt/stack/data/venv/lib/python3.12/site-packages/oslo_service/backend/_threading/loopingcall.py:125}}
Apr 20 19:36:19.128581 np0000168560 neutron-periodic-workers[105990]: DEBUG dbcounter [-] [105990] Writing DB stats neutron:SELECT=1 {{(pid=105990) stat_writer /opt/stack/data/venv/lib/python3.12/site-packages/dbcounter.py:115}}
Apr 20 19:36:24.069188 np0000168560 neutron-periodic-workers[105967]: DEBUG oslo.service.backend._threading.loopingcall [None req-d0da0315-adc4-4ead-a842-20d4f0552e83 None None] Fixed interval looping call 'neutron.plugins.ml2.plugin.DhcpAgentSchedulerDbMixin.remove_networks_from_down_agents' sleeping for 36.99 seconds {{(pid=105967) _run_loop /opt/stack/data/venv/lib/python3.12/site-packages/oslo_service/backend/_threading/loopingcall.py:125}}
Apr 20 19:36:34.067895 np0000168560 neutron-periodic-workers[105967]: DEBUG dbcounter [-] [105967] Writing DB stats neutron:SELECT=3 {{(pid=105967) stat_writer /opt/stack/data/venv/lib/python3.12/site-packages/dbcounter.py:115}}
Apr 20 19:36:35.074848 np0000168560 neutron-periodic-workers[105974]: DEBUG neutron.db.agents_db [None req-026a38a9-6920-4760-b6f9-60ed87f881d4 None None] Agent healthcheck: found 0 active agents {{(pid=105974) agent_health_check /opt/stack/neutron/neutron/db/agents_db.py:317}}
Apr 20 19:36:35.074848 np0000168560 neutron-periodic-workers[105974]: DEBUG oslo.service.backend._threading.loopingcall [None req-026a38a9-6920-4760-b6f9-60ed87f881d4 None None] Fixed interval looping call 'neutron.plugins.ml2.plugin.AgentDbMixin.agent_health_check' sleeping for 36.99 seconds {{(pid=105974) _run_loop /opt/stack/data/venv/lib/python3.12/site-packages/oslo_service/backend/_threading/loopingcall.py:125}}
Apr 20 19:36:45.072727 np0000168560 neutron-periodic-workers[105974]: DEBUG dbcounter [-] [105974] Writing DB stats neutron:SELECT=1 {{(pid=105974) stat_writer /opt/stack/data/venv/lib/python3.12/site-packages/dbcounter.py:115}}
Apr 20 19:37:01.069076 np0000168560 neutron-periodic-workers[105967]: DEBUG oslo.service.backend._threading.loopingcall [None req-d0da0315-adc4-4ead-a842-20d4f0552e83 None None] Fixed interval looping call 'neutron.plugins.ml2.plugin.DhcpAgentSchedulerDbMixin.remove_networks_from_down_agents' sleeping for 36.99 seconds {{(pid=105967) _run_loop /opt/stack/data/venv/lib/python3.12/site-packages/oslo_service/backend/_threading/loopingcall.py:125}}
Apr 20 19:37:11.067453 np0000168560 neutron-periodic-workers[105967]: DEBUG dbcounter [-] [105967] Writing DB stats neutron:SELECT=3 {{(pid=105967) stat_writer /opt/stack/data/venv/lib/python3.12/site-packages/dbcounter.py:115}}
Apr 20 19:37:12.070280 np0000168560 neutron-periodic-workers[105974]: DEBUG neutron.db.agents_db [None req-026a38a9-6920-4760-b6f9-60ed87f881d4 None None] Agent healthcheck: found 0 active agents {{(pid=105974) agent_health_check /opt/stack/neutron/neutron/db/agents_db.py:317}}
Apr 20 19:37:12.070280 np0000168560 neutron-periodic-workers[105974]: DEBUG oslo.service.backend._threading.loopingcall [None req-026a38a9-6920-4760-b6f9-60ed87f881d4 None None] Fixed interval looping call 'neutron.plugins.ml2.plugin.AgentDbMixin.agent_health_check' sleeping for 36.99 seconds {{(pid=105974) _run_loop /opt/stack/data/venv/lib/python3.12/site-packages/oslo_service/backend/_threading/loopingcall.py:125}}
Apr 20 19:37:22.068575 np0000168560 neutron-periodic-workers[105974]: DEBUG dbcounter [-] [105974] Writing DB stats neutron:SELECT=1 {{(pid=105974) stat_writer /opt/stack/data/venv/lib/python3.12/site-packages/dbcounter.py:115}}
Apr 20 19:37:38.070162 np0000168560 neutron-periodic-workers[105967]: DEBUG oslo.service.backend._threading.loopingcall [None req-d0da0315-adc4-4ead-a842-20d4f0552e83 None None] Fixed interval looping call 'neutron.plugins.ml2.plugin.DhcpAgentSchedulerDbMixin.remove_networks_from_down_agents' sleeping for 36.99 seconds {{(pid=105967) _run_loop /opt/stack/data/venv/lib/python3.12/site-packages/oslo_service/backend/_threading/loopingcall.py:125}}
