2026-07-02 06:28:01.863 8 INFO neutron.db.segments_db [None req-f662e80d-95b6-43c4-8b83-0d7cb61203ed a154c027ddf149caa4e7feb03d903273 fe35377923bc45b4830810f79e9789e4 - - default default] Added segment 1f9c5737-16b7-46b1-bede-a3745262f905 of type geneve for network 7552c530-6e7c-4a30-9678-65802025f0a6 [pid: 9|app: 0|req: 807/1742] 10.0.0.123 () {32 vars in 735 bytes} [Thu Jul 2 06:28:01 2026] GET /v2.0/ports?device_id=ee42bea1-336c-4e7b-8bf4-b2327e756090 => generated 946 bytes in 71 msecs (HTTP/1.1 200) 4 headers in 157 bytes (1 switches on core 0)
2026-07-02 06:28:01.969 8 INFO neutron.db.ovn_revision_numbers_db [None req-f662e80d-95b6-43c4-8b83-0d7cb61203ed a154c027ddf149caa4e7feb03d903273 fe35377923bc45b4830810f79e9789e4 - - default default] Successfully bumped revision number for resource 7552c530-6e7c-4a30-9678-65802025f0a6 (type: networks) to 1 [pid: 9|app: 0|req: 808/1743] 10.0.0.123 () {32 vars in 739 bytes} [Thu Jul 2 06:28:01 2026] DELETE /v2.0/security-groups/519d2ec6-66de-4582-b3db-97ab0a345d60 => generated 0 bytes in 237 msecs (HTTP/1.1 204) 2 headers in 112 bytes (1 switches on core 0)
2026-07-02 06:28:02.155 8 WARNING neutron.scheduler.dhcp_agent_scheduler [None req-f662e80d-95b6-43c4-8b83-0d7cb61203ed a154c027ddf149caa4e7feb03d903273 fe35377923bc45b4830810f79e9789e4 - - default default] No more DHCP agents
2026-07-02 06:28:02.156 8 WARNING neutron.api.rpc.agentnotifiers.dhcp_rpc_agent_api [None req-f662e80d-95b6-43c4-8b83-0d7cb61203ed a154c027ddf149caa4e7feb03d903273 fe35377923bc45b4830810f79e9789e4 - - default default] Unable to schedule network 7552c530-6e7c-4a30-9678-65802025f0a6: no agents available; will retry on subsequent port and subnet creation events.
2026-07-02 06:28:02.169 9 INFO neutron.pecan_wsgi.hooks.translation [None req-49635874-c59c-4324-8bea-2ccf049633e6 38261d1fdb1e40e78b66e6f1d040c3da 0f7d3c43a95a407594dd22e87af0f8bb - - default default] DELETE failed (client error): The resource could not be found. [pid: 9|app: 0|req: 809/1744] 10.0.0.123 () {32 vars in 719 bytes} [Thu Jul 2 06:28:02 2026] DELETE /v2.0/ports/2a17df01-e1f1-4250-98aa-e014c5e111e2 => generated 132 bytes in 21 msecs (HTTP/1.1 404) 4 headers in 164 bytes (1 switches on core 0)
2026-07-02 06:28:02.244 8 INFO neutron.db.ovn_revision_numbers_db [None req-f662e80d-95b6-43c4-8b83-0d7cb61203ed a154c027ddf149caa4e7feb03d903273 fe35377923bc45b4830810f79e9789e4 - - default default] Successfully bumped revision number for resource e0592db1-47bc-43c3-a5c3-2cfb280233c7 (type: ports) to 1
2026-07-02 06:28:02.255 9 INFO neutron.plugins.ml2.drivers.ovn.mech_driver.mech_driver [None req-4fb3c4b0-d1a8-44fa-9312-818110e63149 - - - - - -] OVN reports status down for port: e0592db1-47bc-43c3-a5c3-2cfb280233c7 [pid: 8|app: 0|req: 936/1745] 10.0.0.123 () {34 vars in 669 bytes} [Thu Jul 2 06:28:01 2026] POST /v2.0/networks => generated 668 bytes in 495 msecs (HTTP/1.1 201) 4 headers in 162 bytes (1 switches on core 0)
2026-07-02 06:28:02.279 8 INFO neutron.pecan_wsgi.hooks.translation [None req-92644377-eb9f-48b6-aa0e-6980d0d5c70c 38261d1fdb1e40e78b66e6f1d040c3da 0f7d3c43a95a407594dd22e87af0f8bb - - default default] DELETE failed (client error): The resource could not be found. [pid: 8|app: 0|req: 937/1746] 10.0.0.123 () {32 vars in 723 bytes} [Thu Jul 2 06:28:02 2026] DELETE /v2.0/subnets/81dc1254-e5c2-486a-b243-d11c52804618 => generated 136 bytes in 13 msecs (HTTP/1.1 404) 4 headers in 164 bytes (1 switches on core 0)
2026-07-02 06:28:02.360 8 INFO neutron.db.segments_db [None req-434b619c-60be-42d0-b8da-f5b77de9a12a a154c027ddf149caa4e7feb03d903273 fe35377923bc45b4830810f79e9789e4 - - default default] Added segment e24a14b4-6e63-4f26-86cd-072fcb88f191 of type geneve for network efc1212f-889f-4733-87ce-20e26fc6f547
2026-07-02 06:28:02.463 8 INFO neutron.db.ovn_revision_numbers_db [None req-434b619c-60be-42d0-b8da-f5b77de9a12a a154c027ddf149caa4e7feb03d903273 fe35377923bc45b4830810f79e9789e4 - - default default] Successfully bumped revision number for resource efc1212f-889f-4733-87ce-20e26fc6f547 (type: networks) to 1
2026-07-02 06:28:02.534 9 INFO neutron_taas.services.taas.taas_plugin [None req-b8645e1f-6c0b-499b-9596-9980dfb5f72c cc667053503f47cd8517af45c0c95238 7e7befec89cd4e60b559da758021063d - - default default] TaaS: Handle Delete Port: a94b3d5a-82e7-4e61-904c-3aaf7cc1a927
2026-07-02 06:28:02.537 9 INFO neutron_taas.services.taas.tap_mirror_plugin [None req-b8645e1f-6c0b-499b-9596-9980dfb5f72c cc667053503f47cd8517af45c0c95238 7e7befec89cd4e60b559da758021063d - - default default] Tap Mirror: Handle Delete Port: a94b3d5a-82e7-4e61-904c-3aaf7cc1a927
2026-07-02 06:28:02.645 8 WARNING neutron.scheduler.dhcp_agent_scheduler [None req-434b619c-60be-42d0-b8da-f5b77de9a12a a154c027ddf149caa4e7feb03d903273 fe35377923bc45b4830810f79e9789e4 - - default default] No more DHCP agents
2026-07-02 06:28:02.646 8 WARNING neutron.api.rpc.agentnotifiers.dhcp_rpc_agent_api [None req-434b619c-60be-42d0-b8da-f5b77de9a12a a154c027ddf149caa4e7feb03d903273 fe35377923bc45b4830810f79e9789e4 - - default default] Unable to schedule network efc1212f-889f-4733-87ce-20e26fc6f547: no agents available; will retry on subsequent port and subnet creation events.
2026-07-02 06:28:02.711 9 INFO neutron.plugins.ml2.drivers.ovn.mech_driver.mech_driver [None req-4fb3c4b0-d1a8-44fa-9312-818110e63149 - - - - - -] OVN reports status down for port: 589472e7-3c45-420d-8316-bce25bb16de7
2026-07-02 06:28:02.719 8 INFO neutron.db.ovn_revision_numbers_db [None req-434b619c-60be-42d0-b8da-f5b77de9a12a a154c027ddf149caa4e7feb03d903273 fe35377923bc45b4830810f79e9789e4 - - default default] Successfully bumped revision number for resource 589472e7-3c45-420d-8316-bce25bb16de7 (type: ports) to 1 [pid: 8|app: 0|req: 938/1747] 10.0.0.123 () {34 vars in 669 bytes} [Thu Jul 2 06:28:02 2026] POST /v2.0/networks => generated 669 bytes in 484 msecs (HTTP/1.1 201) 4 headers in 162 bytes (1 switches on core 0)
2026-07-02 06:28:02.781 8 INFO neutron.pecan_wsgi.hooks.translation [None req-d15fceb0-a9ca-4918-8607-eea0a78deb74 38261d1fdb1e40e78b66e6f1d040c3da 0f7d3c43a95a407594dd22e87af0f8bb - - default default] DELETE failed (client error): The resource could not be found. [pid: 8|app: 0|req: 939/1748] 10.0.0.123 () {32 vars in 723 bytes} [Thu Jul 2 06:28:02 2026] DELETE /v2.0/subnets/e72e5ba6-67b9-43e5-b185-93bfe337bc88 => generated 136 bytes in 17 msecs (HTTP/1.1 404) 4 headers in 164 bytes (1 switches on core 0)
2026-07-02 06:28:02.906 8 INFO neutron.db.segments_db [None req-10eb3b02-053a-48ba-9c99-381e3de88c81 a154c027ddf149caa4e7feb03d903273 fe35377923bc45b4830810f79e9789e4 - - default default] Added segment eaade6ab-fe62-485d-afa4-d3cd815cfdfe of type geneve for network d39f5fc8-3f70-4c15-b7e9-38c589111a19
2026-07-02 06:28:03.010 8 INFO neutron.db.ovn_revision_numbers_db [None req-10eb3b02-053a-48ba-9c99-381e3de88c81 a154c027ddf149caa4e7feb03d903273 fe35377923bc45b4830810f79e9789e4 - - default default] Successfully bumped revision number for resource d39f5fc8-3f70-4c15-b7e9-38c589111a19 (type: networks) to 1 [pid: 9|app: 0|req: 810/1749] 10.0.0.123 () {34 vars in 788 bytes} [Thu Jul 2 06:28:02 2026] PUT /v2.0/routers/ee42bea1-336c-4e7b-8bf4-b2327e756090/remove_router_interface => generated 309 bytes in 968 msecs (HTTP/1.1 200) 4 headers in 157 bytes (1 switches on core 0) /var/lib/openstack/lib/python3.12/site-packages/pycadf/identifier.py:70: UserWarning: Invalid uuid: neutron. To ensure interoperability, identifiers should be a valid uuid. warnings.warn(('Invalid uuid: %s. To ensure interoperability, '
2026-07-02 06:28:03.186 8 WARNING neutron.scheduler.dhcp_agent_scheduler [None req-10eb3b02-053a-48ba-9c99-381e3de88c81 a154c027ddf149caa4e7feb03d903273 fe35377923bc45b4830810f79e9789e4 - - default default] No more DHCP agents
2026-07-02 06:28:03.187 8 WARNING neutron.api.rpc.agentnotifiers.dhcp_rpc_agent_api [None req-10eb3b02-053a-48ba-9c99-381e3de88c81 a154c027ddf149caa4e7feb03d903273 fe35377923bc45b4830810f79e9789e4 - - default default] Unable to schedule network d39f5fc8-3f70-4c15-b7e9-38c589111a19: no agents available; will retry on subsequent port and subnet creation events.
2026-07-02 06:28:03.266 9 INFO neutron.plugins.ml2.drivers.ovn.mech_driver.mech_driver [None req-4fb3c4b0-d1a8-44fa-9312-818110e63149 - - - - - -] OVN reports status down for port: 895a9e48-06c5-4603-a762-64b8fcd4071d
2026-07-02 06:28:03.276 8 INFO neutron.db.ovn_revision_numbers_db [None req-10eb3b02-053a-48ba-9c99-381e3de88c81 a154c027ddf149caa4e7feb03d903273 fe35377923bc45b4830810f79e9789e4 - - default default] Successfully bumped revision number for resource 895a9e48-06c5-4603-a762-64b8fcd4071d (type: ports) to 1
2026-07-02 06:28:03.294 9 INFO neutron_taas.services.taas.taas_plugin [None req-9c140a1f-13b0-466b-9240-3ea2166f86ca 38261d1fdb1e40e78b66e6f1d040c3da 0f7d3c43a95a407594dd22e87af0f8bb - - default default] TaaS: Handle Delete Port: 7cffd84e-7472-427e-aa76-b73a207ab9da
2026-07-02 06:28:03.300 9 INFO neutron_taas.services.taas.tap_mirror_plugin [None req-9c140a1f-13b0-466b-9240-3ea2166f86ca 38261d1fdb1e40e78b66e6f1d040c3da 0f7d3c43a95a407594dd22e87af0f8bb - - default default] Tap Mirror: Handle Delete Port: 7cffd84e-7472-427e-aa76-b73a207ab9da [pid: 8|app: 0|req: 940/1750] 10.0.0.123 () {34 vars in 669 bytes} [Thu Jul 2 06:28:02 2026] POST /v2.0/networks => generated 669 bytes in 518 msecs (HTTP/1.1 201) 4 headers in 162 bytes (1 switches on core 0) [pid: 9|app: 0|req: 811/1751] 10.0.0.123 () {32 vars in 719 bytes} [Thu Jul 2 06:28:03 2026] DELETE /v2.0/ports/7cffd84e-7472-427e-aa76-b73a207ab9da => generated 0 bytes in 298 msecs (HTTP/1.1 204) 3 headers in 131 bytes (1 switches on core 0) [pid: 9|app: 0|req: 812/1752] 10.0.0.123 () {34 vars in 752 bytes} [Thu Jul 2 06:28:03 2026] PUT /v2.0/networks/190ba900-db64-4408-9ef8-811ecdbc3a00/tags => generated 17 bytes in 54 msecs (HTTP/1.1 200) 4 headers in 156 bytes (1 switches on core 0)
2026-07-02 06:28:03.639 9 INFO neutron_taas.services.taas.taas_plugin [None req-dad83a2d-2d7d-4c29-86cc-0ada4195de1d 38261d1fdb1e40e78b66e6f1d040c3da 0f7d3c43a95a407594dd22e87af0f8bb - - default default] TaaS: Handle Delete Port: 4755f5a1-afed-40e2-a0e8-f671658ffd82
2026-07-02 06:28:03.644 9 INFO neutron_taas.services.taas.tap_mirror_plugin [None req-dad83a2d-2d7d-4c29-86cc-0ada4195de1d 38261d1fdb1e40e78b66e6f1d040c3da 0f7d3c43a95a407594dd22e87af0f8bb - - default default] Tap Mirror: Handle Delete Port: 4755f5a1-afed-40e2-a0e8-f671658ffd82
2026-07-02 06:28:03.651 8 INFO neutron_taas.services.taas.taas_plugin [None req-cd6b911c-288f-424c-8b4b-cf669db9fb4f cc667053503f47cd8517af45c0c95238 7e7befec89cd4e60b559da758021063d - - default default] TaaS: Handle Delete Port: c079675e-a85f-484c-827f-6d272ac5ac91
2026-07-02 06:28:03.655 8 INFO neutron_taas.services.taas.tap_mirror_plugin [None req-cd6b911c-288f-424c-8b4b-cf669db9fb4f cc667053503f47cd8517af45c0c95238 7e7befec89cd4e60b559da758021063d - - default default] Tap Mirror: Handle Delete Port: c079675e-a85f-484c-827f-6d272ac5ac91
2026-07-02 06:28:03.892 9 INFO neutron.services.segments.plugin [-] Segment 9341464a-68f3-4f86-ab78-e3d5d149b406 resource provider aggregate not found
2026-07-02 06:28:03.903 9 INFO neutron.services.segments.plugin [-] Segment 9341464a-68f3-4f86-ab78-e3d5d149b406 resource provider aggregate not found
2026-07-02 06:28:03.911 9 INFO neutron.services.segments.plugin [-] Segment 9341464a-68f3-4f86-ab78-e3d5d149b406 resource provider not found; error: Placement Client Error (4xx): {"errors": [{"status": 404, "title": "Not Found", "detail": "The resource could not be found.\n\n No resource provider with uuid 9341464a-68f3-4f86-ab78-e3d5d149b406 found for delete ", "request_id": "req-39fe43eb-da9d-40e6-a936-dfe6cb4e7b81"}]}
2026-07-02 06:28:03.924 9 INFO neutron.services.segments.plugin [-] Segment 9341464a-68f3-4f86-ab78-e3d5d149b406 resource provider not found; error: Placement Client Error (4xx): {"errors": [{"status": 404, "title": "Not Found", "detail": "The resource could not be found.\n\n No resource provider with uuid 9341464a-68f3-4f86-ab78-e3d5d149b406 found for delete ", "request_id": "req-6b442318-e828-4762-ace0-002b2eaee4c3"}]} [pid: 9|app: 0|req: 813/1753] 10.0.0.123 () {32 vars in 725 bytes} [Thu Jul 2 06:28:03 2026] DELETE /v2.0/networks/cb005df7-c081-4dc9-b0e8-ea4503ed2f47 => generated 0 bytes in 450 msecs (HTTP/1.1 204) 3 headers in 131 bytes (1 switches on core 0) [pid: 9|app: 0|req: 814/1754] 10.0.0.123 () {34 vars in 752 bytes} [Thu Jul 2 06:28:03 2026] PUT /v2.0/networks/93c53f74-bb4f-46a5-bfd5-de49d01bf91a/tags => generated 25 bytes in 48 msecs (HTTP/1.1 200) 4 headers in 156 bytes (1 switches on core 0) [pid: 9|app: 0|req: 815/1755] 10.0.0.123 () {34 vars in 752 bytes} [Thu Jul 2 06:28:03 2026] PUT /v2.0/networks/7552c530-6e7c-4a30-9678-65802025f0a6/tags => generated 34 bytes in 75 msecs (HTTP/1.1 200) 4 headers in 156 bytes (1 switches on core 0) [pid: 8|app: 0|req: 941/1756] 10.0.0.123 () {32 vars in 723 bytes} [Thu Jul 2 06:28:03 2026] DELETE /v2.0/routers/ee42bea1-336c-4e7b-8bf4-b2327e756090 => generated 0 bytes in 781 msecs (HTTP/1.1 204) 2 headers in 112 bytes (1 switches on core 0) [pid: 9|app: 0|req: 816/1757] 10.0.0.123 () {34 vars in 752 bytes} [Thu Jul 2 06:28:04 2026] PUT /v2.0/networks/efc1212f-889f-4733-87ce-20e26fc6f547/tags => generated 19 bytes in 52 msecs (HTTP/1.1 200) 4 headers in 156 bytes (1 switches on core 0) [pid: 9|app: 0|req: 817/1758] 10.0.0.123 () {32 vars in 665 bytes} [Thu Jul 2 06:28:04 2026] GET /v2.0/networks?tags=red => generated 1986 bytes in 47 msecs (HTTP/1.1 200) 4 headers in 158 bytes (1 switches on core 0) [pid: 8|app: 0|req: 942/1759] 10.0.0.123 () {32 vars in 723 bytes} [Thu Jul 2 06:28:04 2026] DELETE /v2.0/subnets/173efa9f-5396-481e-a977-22f12bab2c6b => generated 0 bytes in 117 msecs (HTTP/1.1 204) 3 headers in 131 bytes (1 switches on core 0) [pid: 9|app: 0|req: 818/1760] 10.0.0.123 () {32 vars in 679 bytes} [Thu Jul 2 06:28:04 2026] GET /v2.0/networks?tags=red%2Cblue => generated 1335 bytes in 45 msecs (HTTP/1.1 200) 4 headers in 158 bytes (1 switches on core 0) [pid: 9|app: 0|req: 819/1761] 10.0.0.123 () {32 vars in 675 bytes} [Thu Jul 2 06:28:04 2026] GET /v2.0/networks?tags-any=blue => generated 1335 bytes in 59 msecs (HTTP/1.1 200) 4 headers in 158 bytes (1 switches on core 0)
2026-07-02 06:28:04.340 8 INFO neutron_taas.services.taas.taas_plugin [None req-5609a671-d9f6-47af-85f9-971132fcf852 cc667053503f47cd8517af45c0c95238 7e7befec89cd4e60b559da758021063d - - default default] TaaS: Handle Delete Port: 643e5e11-5290-491f-a77a-28da3ae088e4
2026-07-02 06:28:04.342 8 INFO neutron_taas.services.taas.tap_mirror_plugin [None req-5609a671-d9f6-47af-85f9-971132fcf852 cc667053503f47cd8517af45c0c95238 7e7befec89cd4e60b559da758021063d - - default default] Tap Mirror: Handle Delete Port: 643e5e11-5290-491f-a77a-28da3ae088e4 [pid: 9|app: 0|req: 820/1762] 10.0.0.123 () {32 vars in 687 bytes} [Thu Jul 2 06:28:04 2026] GET /v2.0/networks?tags-any=red%2Cblue => generated 1986 bytes in 44 msecs (HTTP/1.1 200) 4 headers in 158 bytes (1 switches on core 0) [pid: 9|app: 0|req: 821/1763] 10.0.0.123 () {32 vars in 673 bytes} [Thu Jul 2 06:28:04 2026] GET /v2.0/networks?not-tags=red => generated 1986 bytes in 78 msecs (HTTP/1.1 200) 4 headers in 158 bytes (1 switches on core 0)
2026-07-02 06:28:04.542 8 INFO neutron.services.segments.plugin [-] Segment 05d1c5d2-eea1-4b75-aebf-59057387060c resource provider aggregate not found
2026-07-02 06:28:04.549 8 INFO neutron.services.segments.plugin [-] Segment 05d1c5d2-eea1-4b75-aebf-59057387060c resource provider aggregate not found
2026-07-02 06:28:04.568 8 INFO neutron.services.segments.plugin [-] Segment 05d1c5d2-eea1-4b75-aebf-59057387060c resource provider not found; error: Placement Client Error (4xx): {"errors": [{"status": 404, "title": "Not Found", "detail": "The resource could not be found.\n\n No resource provider with uuid 05d1c5d2-eea1-4b75-aebf-59057387060c found for delete ", "request_id": "req-bb1d3c79-8f2e-452f-856a-7a4101b7b960"}]}
2026-07-02 06:28:04.569 8 INFO neutron.services.segments.plugin [-] Segment 05d1c5d2-eea1-4b75-aebf-59057387060c resource provider not found; error: Placement Client Error (4xx): {"errors": [{"status": 404, "title": "Not Found", "detail": "The resource could not be found.\n\n No resource provider with uuid 05d1c5d2-eea1-4b75-aebf-59057387060c found for delete ", "request_id": "req-9f96fa34-22a1-4566-8204-fc1f50f07236"}]} [pid: 8|app: 0|req: 943/1764] 10.0.0.123 () {32 vars in 725 bytes} [Thu Jul 2 06:28:04 2026] DELETE /v2.0/networks/20f9bff7-8758-4127-a6f3-297831201c26 => generated 0 bytes in 395 msecs (HTTP/1.1 204) 3 headers in 131 bytes (1 switches on core 0) [pid: 9|app: 0|req: 822/1765] 10.0.0.123 () {32 vars in 773 bytes} [Thu Jul 2 06:28:04 2026] GET /v2.0/security-groups?tenant_id=0f7d3c43a95a407594dd22e87af0f8bb&name=default => generated 2925 bytes in 218 msecs (HTTP/1.1 200) 4 headers in 158 bytes (1 switches on core 0) [pid: 8|app: 0|req: 944/1766] 10.0.0.123 () {32 vars in 687 bytes} [Thu Jul 2 06:28:04 2026] GET /v2.0/networks?not-tags=red%2Cblue => generated 2637 bytes in 61 msecs (HTTP/1.1 200) 4 headers in 158 bytes (1 switches on core 0) [pid: 8|app: 0|req: 945/1767] 10.0.0.123 () {32 vars in 683 bytes} [Thu Jul 2 06:28:04 2026] GET /v2.0/networks?not-tags-any=blue => generated 2637 bytes in 76 msecs (HTTP/1.1 200) 4 headers in 158 bytes (1 switches on core 0) [pid: 8|app: 0|req: 946/1768] 10.0.0.123 () {32 vars in 695 bytes} [Thu Jul 2 06:28:04 2026] GET /v2.0/networks?not-tags-any=red%2Cblue => generated 1986 bytes in 71 msecs (HTTP/1.1 200) 4 headers in 158 bytes (1 switches on core 0) [pid: 9|app: 0|req: 823/1769] 10.0.0.123 () {32 vars in 739 bytes} [Thu Jul 2 06:28:04 2026] DELETE /v2.0/security-groups/b064c502-f5f7-4e0b-bd8c-5d2a1c3498e3 => generated 0 bytes in 241 msecs (HTTP/1.1 204) 2 headers in 112 bytes (1 switches on core 0)
2026-07-02 06:28:04.946 8 INFO neutron_taas.services.taas.taas_plugin [None req-7539cf2f-385b-4c3d-ac93-0dd0efb9002d a154c027ddf149caa4e7feb03d903273 fe35377923bc45b4830810f79e9789e4 - - default default] TaaS: Handle Delete Port: 81b92588-21bd-4c16-b4c5-970eb8878265
2026-07-02 06:28:04.950 8 INFO neutron_taas.services.taas.tap_mirror_plugin [None req-7539cf2f-385b-4c3d-ac93-0dd0efb9002d a154c027ddf149caa4e7feb03d903273 fe35377923bc45b4830810f79e9789e4 - - default default] Tap Mirror: Handle Delete Port: 81b92588-21bd-4c16-b4c5-970eb8878265 [pid: 8|app: 0|req: 947/1770] 10.0.0.123 () {32 vars in 725 bytes} [Thu Jul 2 06:28:04 2026] DELETE /v2.0/networks/190ba900-db64-4408-9ef8-811ecdbc3a00 => generated 0 bytes in 339 msecs (HTTP/1.1 204) 3 headers in 131 bytes (1 switches on core 0) [pid: 8|app: 0|req: 948/1771] 10.0.0.123 () {32 vars in 773 bytes} [Thu Jul 2 06:28:05 2026] GET /v2.0/security-groups?tenant_id=7e7befec89cd4e60b559da758021063d&name=default => generated 2925 bytes in 65 msecs (HTTP/1.1 200) 4 headers in 158 bytes (1 switches on core 0)
2026-07-02 06:28:05.306 9 INFO neutron.db.ovn_revision_numbers_db [None req-af2a1bf4-fc71-41e9-85ae-4fe431eb1d04 795b2bf263be4c03a09123a48d97820e 8fd8d26cdbcc477cb066b26e276d648c - - default default] Successfully bumped revision number for resource 7e1bff7c-ab14-44e6-872d-5b92f79685b2 (type: security_groups) to 1
2026-07-02 06:28:05.315 9 INFO neutron.db.ovn_revision_numbers_db [None req-af2a1bf4-fc71-41e9-85ae-4fe431eb1d04 795b2bf263be4c03a09123a48d97820e 8fd8d26cdbcc477cb066b26e276d648c - - default default] Successfully bumped revision number for resource 402ff2d5-fd45-439e-bc91-eed1d5d1735d (type: security_group_rules) to 0
2026-07-02 06:28:05.329 9 INFO neutron.db.ovn_revision_numbers_db [None req-af2a1bf4-fc71-41e9-85ae-4fe431eb1d04 795b2bf263be4c03a09123a48d97820e 8fd8d26cdbcc477cb066b26e276d648c - - default default] Successfully bumped revision number for resource 724d6725-d783-4167-ab1a-a2e03de4a9aa (type: security_group_rules) to 0
2026-07-02 06:28:05.339 9 INFO neutron.db.ovn_revision_numbers_db [None req-af2a1bf4-fc71-41e9-85ae-4fe431eb1d04 795b2bf263be4c03a09123a48d97820e 8fd8d26cdbcc477cb066b26e276d648c - - default default] Successfully bumped revision number for resource 95caf290-c4f1-44e1-9483-ad73c4d18daa (type: security_group_rules) to 0
2026-07-02 06:28:05.352 8 INFO neutron_taas.services.taas.taas_plugin [None req-43ca20e2-4011-4290-ae82-e6b11d16262e a154c027ddf149caa4e7feb03d903273 fe35377923bc45b4830810f79e9789e4 - - default default] TaaS: Handle Delete Port: 38c15e09-6ac0-4c15-9372-ef52d1332bc8
2026-07-02 06:28:05.353 9 INFO neutron.db.ovn_revision_numbers_db [None req-af2a1bf4-fc71-41e9-85ae-4fe431eb1d04 795b2bf263be4c03a09123a48d97820e 8fd8d26cdbcc477cb066b26e276d648c - - default default] Successfully bumped revision number for resource c3f844d6-82cc-466a-a2f8-84d838c343dc (type: security_group_rules) to 0
2026-07-02 06:28:05.355 8 INFO neutron_taas.services.taas.tap_mirror_plugin [None req-43ca20e2-4011-4290-ae82-e6b11d16262e a154c027ddf149caa4e7feb03d903273 fe35377923bc45b4830810f79e9789e4 - - default default] Tap Mirror: Handle Delete Port: 38c15e09-6ac0-4c15-9372-ef52d1332bc8
2026-07-02 06:28:05.459 9 INFO neutron.db.segments_db [None req-af2a1bf4-fc71-41e9-85ae-4fe431eb1d04 795b2bf263be4c03a09123a48d97820e 8fd8d26cdbcc477cb066b26e276d648c - - default default] Added segment 34a38d07-5ed4-4681-ada6-8d990ad2ba86 of type geneve for network 649088ec-f54a-43d7-a468-5cb9c669337d [pid: 8|app: 0|req: 949/1772] 10.0.0.123 () {32 vars in 725 bytes} [Thu Jul 2 06:28:05 2026] DELETE /v2.0/networks/93c53f74-bb4f-46a5-bfd5-de49d01bf91a => generated 0 bytes in 326 msecs (HTTP/1.1 204) 3 headers in 131 bytes (1 switches on core 0)
2026-07-02 06:28:05.608 9 INFO neutron.db.ovn_revision_numbers_db [None req-af2a1bf4-fc71-41e9-85ae-4fe431eb1d04 795b2bf263be4c03a09123a48d97820e 8fd8d26cdbcc477cb066b26e276d648c - - default default] Successfully bumped revision number for resource 649088ec-f54a-43d7-a468-5cb9c669337d (type: networks) to 1 [pid: 8|app: 0|req: 952/1775] 10.0.0.123 () {32 vars in 739 bytes} [Thu Jul 2 06:28:05 2026] DELETE /v2.0/security-groups/59ce3ac2-8167-47b6-bc0c-367f69b72c95 => generated 0 bytes in 213 msecs (HTTP/1.1 204) 2 headers in 112 bytes (1 switches on core 0)
2026-07-02 06:28:05.790 9 WARNING neutron.scheduler.dhcp_agent_scheduler [None req-af2a1bf4-fc71-41e9-85ae-4fe431eb1d04 795b2bf263be4c03a09123a48d97820e 8fd8d26cdbcc477cb066b26e276d648c - - default default] No more DHCP agents
2026-07-02 06:28:05.791 9 WARNING neutron.api.rpc.agentnotifiers.dhcp_rpc_agent_api [None req-af2a1bf4-fc71-41e9-85ae-4fe431eb1d04 795b2bf263be4c03a09123a48d97820e 8fd8d26cdbcc477cb066b26e276d648c - - default default] Unable to schedule network 649088ec-f54a-43d7-a468-5cb9c669337d: no agents available; will retry on subsequent port and subnet creation events.
2026-07-02 06:28:05.838 8 INFO neutron.plugins.ml2.drivers.ovn.mech_driver.mech_driver [None req-710c91e6-91f8-4bd4-aca6-4c3c9f975f6d - - - - - -] OVN reports status down for port: 69671ab0-7369-4d46-a78a-5e14ac7f7550
2026-07-02 06:28:05.866 9 INFO neutron.db.ovn_revision_numbers_db [None req-af2a1bf4-fc71-41e9-85ae-4fe431eb1d04 795b2bf263be4c03a09123a48d97820e 8fd8d26cdbcc477cb066b26e276d648c - - default default] Successfully bumped revision number for resource 69671ab0-7369-4d46-a78a-5e14ac7f7550 (type: ports) to 1 [pid: 9|app: 0|req: 824/1776] 10.0.0.123 () {34 vars in 670 bytes} [Thu Jul 2 06:28:04 2026] POST /v2.0/networks => generated 671 bytes in 967 msecs (HTTP/1.1 201) 4 headers in 162 bytes (1 switches on core 0)
2026-07-02 06:28:05.923 8 INFO neutron_taas.services.taas.taas_plugin [None req-924c0ff7-8fe1-44c2-9c26-259acf65945c a154c027ddf149caa4e7feb03d903273 fe35377923bc45b4830810f79e9789e4 - - default default] TaaS: Handle Delete Port: e0592db1-47bc-43c3-a5c3-2cfb280233c7
2026-07-02 06:28:05.929 8 INFO neutron_taas.services.taas.tap_mirror_plugin [None req-924c0ff7-8fe1-44c2-9c26-259acf65945c a154c027ddf149caa4e7feb03d903273 fe35377923bc45b4830810f79e9789e4 - - default default] Tap Mirror: Handle Delete Port: e0592db1-47bc-43c3-a5c3-2cfb280233c7 [pid: 8|app: 0|req: 953/1777] 10.0.0.123 () {32 vars in 725 bytes} [Thu Jul 2 06:28:05 2026] DELETE /v2.0/networks/7552c530-6e7c-4a30-9678-65802025f0a6 => generated 0 bytes in 356 msecs (HTTP/1.1 204) 3 headers in 131 bytes (1 switches on core 0)
2026-07-02 06:28:06.260 8 INFO neutron_taas.services.taas.taas_plugin [None req-fd53e2e5-6385-43bb-a822-ff4ab9f75683 a154c027ddf149caa4e7feb03d903273 fe35377923bc45b4830810f79e9789e4 - - default default] TaaS: Handle Delete Port: 589472e7-3c45-420d-8316-bce25bb16de7
2026-07-02 06:28:06.263 8 INFO neutron_taas.services.taas.tap_mirror_plugin [None req-fd53e2e5-6385-43bb-a822-ff4ab9f75683 a154c027ddf149caa4e7feb03d903273 fe35377923bc45b4830810f79e9789e4 - - default default] Tap Mirror: Handle Delete Port: 589472e7-3c45-420d-8316-bce25bb16de7
2026-07-02 06:28:06.267 9 WARNING neutron.scheduler.dhcp_agent_scheduler [None req-3d27bb05-2fff-4aae-a25f-f12d37bc6b38 795b2bf263be4c03a09123a48d97820e 8fd8d26cdbcc477cb066b26e276d648c - - default default] No more DHCP agents
2026-07-02 06:28:06.268 9 WARNING neutron.api.rpc.agentnotifiers.dhcp_rpc_agent_api [None req-3d27bb05-2fff-4aae-a25f-f12d37bc6b38 795b2bf263be4c03a09123a48d97820e 8fd8d26cdbcc477cb066b26e276d648c - - default default] Unable to schedule network 1d023a09-8e88-438f-9236-01c64d27464e: no agents available; will retry on subsequent port and subnet creation events.
2026-07-02 06:28:06.364 8 INFO neutron.plugins.ml2.drivers.ovn.mech_driver.mech_driver [None req-710c91e6-91f8-4bd4-aca6-4c3c9f975f6d - - - - - -] OVN reports status down for port: 80e98403-16fc-4ff6-a68e-e0a07d1fcc89
2026-07-02 06:28:06.394 9 INFO neutron.db.ovn_revision_numbers_db [None req-3d27bb05-2fff-4aae-a25f-f12d37bc6b38 795b2bf263be4c03a09123a48d97820e 8fd8d26cdbcc477cb066b26e276d648c - - default default] Successfully bumped revision number for resource 80e98403-16fc-4ff6-a68e-e0a07d1fcc89 (type: ports) to 1 [pid: 8|app: 0|req: 954/1778] 10.0.0.123 () {32 vars in 725 bytes} [Thu Jul 2 06:28:06 2026] DELETE /v2.0/networks/efc1212f-889f-4733-87ce-20e26fc6f547 => generated 0 bytes in 395 msecs (HTTP/1.1 204) 3 headers in 131 bytes (1 switches on core 0)
2026-07-02 06:28:06.592 8 INFO neutron.services.segments.plugin [-] Segment 87549790-c7ce-4293-9754-97072e505996 resource provider aggregate not found
2026-07-02 06:28:06.596 8 INFO neutron.services.segments.plugin [-] Segment 87549790-c7ce-4293-9754-97072e505996 resource provider aggregate not found
2026-07-02 06:28:06.611 8 INFO neutron.services.segments.plugin [-] Segment 87549790-c7ce-4293-9754-97072e505996 resource provider not found; error: Placement Client Error (4xx): {"errors": [{"status": 404, "title": "Not Found", "detail": "The resource could not be found.\n\n No resource provider with uuid 87549790-c7ce-4293-9754-97072e505996 found for delete ", "request_id": "req-147c0df2-76fa-4a02-89da-de8614451d5b"}]}
2026-07-02 06:28:06.617 8 INFO neutron.services.segments.plugin [-] Segment 87549790-c7ce-4293-9754-97072e505996 resource provider not found; error: Placement Client Error (4xx): {"errors": [{"status": 404, "title": "Not Found", "detail": "The resource could not be found.\n\n No resource provider with uuid 87549790-c7ce-4293-9754-97072e505996 found for delete ", "request_id": "req-d77a59ff-3747-4d9c-aa98-5a8639ed75fb"}]}
2026-07-02 06:28:06.635 8 INFO neutron.services.segments.plugin [-] Segment 7faaa7f0-2026-4637-bebd-74538b83a754 resource provider aggregate not found
2026-07-02 06:28:06.640 8 INFO neutron.services.segments.plugin [-] Segment 7faaa7f0-2026-4637-bebd-74538b83a754 resource provider aggregate not found
2026-07-02 06:28:06.660 8 INFO neutron.services.segments.plugin [-] Segment 7faaa7f0-2026-4637-bebd-74538b83a754 resource provider not found; error: Placement Client Error (4xx): {"errors": [{"status": 404, "title": "Not Found", "detail": "The resource could not be found.\n\n No resource provider with uuid 7faaa7f0-2026-4637-bebd-74538b83a754 found for delete ", "request_id": "req-8350c44e-ac32-483b-9890-56b56a3febd8"}]}
2026-07-02 06:28:06.666 8 INFO neutron.services.segments.plugin [-] Segment 7faaa7f0-2026-4637-bebd-74538b83a754 resource provider not found; error: Placement Client Error (4xx): {"errors": [{"status": 404, "title": "Not Found", "detail": "The resource could not be found.\n\n No resource provider with uuid 7faaa7f0-2026-4637-bebd-74538b83a754 found for delete ", "request_id": "req-c91ab0ad-602f-4546-a2d8-9dd0d46d97b1"}]}
2026-07-02 06:28:06.683 8 INFO neutron.services.segments.plugin [-] Segment 1f9c5737-16b7-46b1-bede-a3745262f905 resource provider aggregate not found
2026-07-02 06:28:06.683 8 INFO neutron.services.segments.plugin [-] Segment 1f9c5737-16b7-46b1-bede-a3745262f905 resource provider aggregate not found
2026-07-02 06:28:06.705 8 INFO neutron.services.segments.plugin [-] Segment 1f9c5737-16b7-46b1-bede-a3745262f905 resource provider not found; error: Placement Client Error (4xx): {"errors": [{"status": 404, "title": "Not Found", "detail": "The resource could not be found.\n\n No resource provider with uuid 1f9c5737-16b7-46b1-bede-a3745262f905 found for delete ", "request_id": "req-8c20ddb6-45ca-4f0d-9a29-99fb4d6a786e"}]}
2026-07-02 06:28:06.711 8 INFO neutron.services.segments.plugin [-] Segment 1f9c5737-16b7-46b1-bede-a3745262f905 resource provider not found; error: Placement Client Error (4xx): {"errors": [{"status": 404, "title": "Not Found", "detail": "The resource could not be found.\n\n No resource provider with uuid 1f9c5737-16b7-46b1-bede-a3745262f905 found for delete ", "request_id": "req-ff99ad21-fcda-49a0-b3a6-d788a25e3c63"}]}
2026-07-02 06:28:06.727 8 INFO neutron_taas.services.taas.taas_plugin [None req-26708c3e-ab0d-4f82-90c6-11d18d9864be a154c027ddf149caa4e7feb03d903273 fe35377923bc45b4830810f79e9789e4 - - default default] TaaS: Handle Delete Port: 895a9e48-06c5-4603-a762-64b8fcd4071d
2026-07-02 06:28:06.730 8 INFO neutron_taas.services.taas.tap_mirror_plugin [None req-26708c3e-ab0d-4f82-90c6-11d18d9864be a154c027ddf149caa4e7feb03d903273 fe35377923bc45b4830810f79e9789e4 - - default default] Tap Mirror: Handle Delete Port: 895a9e48-06c5-4603-a762-64b8fcd4071d
2026-07-02 06:28:06.731 8 INFO neutron.services.segments.plugin [-] Segment e24a14b4-6e63-4f26-86cd-072fcb88f191 resource provider aggregate not found
2026-07-02 06:28:06.736 8 INFO neutron.services.segments.plugin [-] Segment e24a14b4-6e63-4f26-86cd-072fcb88f191 resource provider aggregate not found
2026-07-02 06:28:06.752 8 INFO neutron.services.segments.plugin [-] Segment e24a14b4-6e63-4f26-86cd-072fcb88f191 resource provider not found; error: Placement Client Error (4xx): {"errors": [{"status": 404, "title": "Not Found", "detail": "The resource could not be found.\n\n No resource provider with uuid e24a14b4-6e63-4f26-86cd-072fcb88f191 found for delete ", "request_id": "req-05a0fde6-16f9-4d11-a584-01960ca1065e"}]}
2026-07-02 06:28:06.756 8 INFO neutron.services.segments.plugin [-] Segment e24a14b4-6e63-4f26-86cd-072fcb88f191 resource provider not found; error: Placement Client Error (4xx): {"errors": [{"status": 404, "title": "Not Found", "detail": "The resource could not be found.\n\n No resource provider with uuid e24a14b4-6e63-4f26-86cd-072fcb88f191 found for delete ", "request_id": "req-daea7112-8aa5-4ed7-92f0-07f2c2b193dc"}]} [pid: 8|app: 0|req: 955/1779] 10.0.0.123 () {32 vars in 725 bytes} [Thu Jul 2 06:28:06 2026] DELETE /v2.0/networks/d39f5fc8-3f70-4c15-b7e9-38c589111a19 => generated 0 bytes in 425 msecs (HTTP/1.1 204) 3 headers in 131 bytes (1 switches on core 0)
2026-07-02 06:28:07.028 9 INFO neutron.plugins.ml2.drivers.ovn.mech_driver.ovsdb.commands [None req-838310d4-ec4a-4e03-8c7c-a0752d833b43 - - - - - -] Schedule LRP lrp-80e98403-16fc-4ff6-a68e-e0a07d1fcc89 on gateway 6215535f-75bb-4b12-8669-f0e8113ed015 with priority 1
2026-07-02 06:28:07.073 8 INFO neutron.plugins.ml2.drivers.ovn.mech_driver.mech_driver [None req-710c91e6-91f8-4bd4-aca6-4c3c9f975f6d - - - - - -] OVN reports status up for port: 80e98403-16fc-4ff6-a68e-e0a07d1fcc89
2026-07-02 06:28:07.095 8 INFO neutron.plugins.ml2.plugin [None req-710c91e6-91f8-4bd4-aca6-4c3c9f975f6d - - - - - -] Attempt 1 to provision port 80e98403-16fc-4ff6-a68e-e0a07d1fcc89
2026-07-02 06:28:07.098 9 INFO neutron.plugins.ml2.drivers.ovn.mech_driver.ovsdb.ovsdb_monitor [None req-e693d209-cd80-401b-8c27-2213d1d233da - - - - - -] Router c1064b2b-898c-47d8-b6e7-d07655a8e641 is bound to host instance
2026-07-02 06:28:07.130 9 INFO neutron.db.ovn_revision_numbers_db [None req-3d27bb05-2fff-4aae-a25f-f12d37bc6b38 795b2bf263be4c03a09123a48d97820e 8fd8d26cdbcc477cb066b26e276d648c - - default default] Successfully bumped revision number for resource 80e98403-16fc-4ff6-a68e-e0a07d1fcc89 (type: router_ports) to 1 [pid: 8|app: 0|req: 956/1780] 10.0.0.123 () {34 vars in 675 bytes} [Thu Jul 2 06:28:06 2026] POST /v2.0/subnetpools => generated 548 bytes in 260 msecs (HTTP/1.1 201) 4 headers in 162 bytes (1 switches on core 0)
2026-07-02 06:28:07.229 9 INFO neutron.db.ovn_revision_numbers_db [None req-3d27bb05-2fff-4aae-a25f-f12d37bc6b38 795b2bf263be4c03a09123a48d97820e 8fd8d26cdbcc477cb066b26e276d648c - - default default] Successfully bumped revision number for resource c1064b2b-898c-47d8-b6e7-d07655a8e641 (type: routers) to 2 [pid: 8|app: 0|req: 957/1781] 10.0.0.123 () {32 vars in 728 bytes} [Thu Jul 2 06:28:07 2026] GET /v2.0/subnetpools/6e18c86e-3e0d-4dc5-b95e-f27e86fcd53c => generated 548 bytes in 22 msecs (HTTP/1.1 200) 4 headers in 157 bytes (1 switches on core 0) [pid: 9|app: 0|req: 825/1782] 10.0.0.123 () {34 vars in 668 bytes} [Thu Jul 2 06:28:05 2026] POST /v2.0/routers => generated 954 bytes in 1336 msecs (HTTP/1.1 201) 4 headers in 162 bytes (1 switches on core 0) [pid: 8|app: 0|req: 958/1783] 10.0.0.123 () {34 vars in 748 bytes} [Thu Jul 2 06:28:07 2026] PUT /v2.0/subnetpools/6e18c86e-3e0d-4dc5-b95e-f27e86fcd53c => generated 501 bytes in 47 msecs (HTTP/1.1 200) 4 headers in 157 bytes (1 switches on core 0) [pid: 8|app: 0|req: 959/1784] 10.0.0.123 () {32 vars in 731 bytes} [Thu Jul 2 06:28:07 2026] DELETE /v2.0/subnetpools/6e18c86e-3e0d-4dc5-b95e-f27e86fcd53c => generated 0 bytes in 53 msecs (HTTP/1.1 204) 2 headers in 112 bytes (1 switches on core 0)
2026-07-02 06:28:07.380 8 INFO neutron.api.v2.resource [None req-fcfd5a56-a485-4dac-b199-e779cef0438e adb7f3d907be4a83a89d14ad7ac8cb16 2760b70d009a4b7ea7e6dcbce1c7093c - - default default] show failed (client error): The resource could not be found. [pid: 8|app: 0|req: 960/1785] 10.0.0.123 () {32 vars in 728 bytes} [Thu Jul 2 06:28:07 2026] GET /v2.0/subnetpools/6e18c86e-3e0d-4dc5-b95e-f27e86fcd53c => generated 145 bytes in 9 msecs (HTTP/1.1 404) 4 headers in 164 bytes (1 switches on core 0)
2026-07-02 06:28:07.396 8 INFO neutron.api.v2.resource [None req-371b8b21-0b3c-4afe-bdc1-56e9cd109306 adb7f3d907be4a83a89d14ad7ac8cb16 2760b70d009a4b7ea7e6dcbce1c7093c - - default default] delete failed (client error): The resource could not be found. [pid: 8|app: 0|req: 961/1786] 10.0.0.123 () {32 vars in 731 bytes} [Thu Jul 2 06:28:07 2026] DELETE /v2.0/subnetpools/6e18c86e-3e0d-4dc5-b95e-f27e86fcd53c => generated 145 bytes in 11 msecs (HTTP/1.1 404) 4 headers in 164 bytes (1 switches on core 0) [pid: 9|app: 0|req: 826/1787] 10.0.0.123 () {32 vars in 775 bytes} [Thu Jul 2 06:28:07 2026] GET /v2.0/subnets?project_id=8fd8d26cdbcc477cb066b26e276d648c&cidr=10.100.0.0%2F28 => generated 14 bytes in 235 msecs (HTTP/1.1 200) 4 headers in 156 bytes (1 switches on core 0) [pid: 8|app: 0|req: 962/1788] 10.0.0.123 () {32 vars in 693 bytes} [Thu Jul 2 06:28:07 2026] GET /v2.0/networks?router%3Aexternal=True => generated 791 bytes in 83 msecs (HTTP/1.1 200) 4 headers in 157 bytes (1 switches on core 0) [pid: 8|app: 0|req: 963/1789] 10.0.0.123 () {32 vars in 783 bytes} [Thu Jul 2 06:28:07 2026] GET /v2.0/subnets?network_id=1d023a09-8e88-438f-9236-01c64d27464e&cidr=10.100.0.0%2F28 => generated 14 bytes in 46 msecs (HTTP/1.1 200) 4 headers in 156 bytes (1 switches on core 0)
2026-07-02 06:28:07.814 8 WARNING neutron.scheduler.dhcp_agent_scheduler [None req-bc48c9db-b176-4e1e-8a6e-f505e8da4d78 795b2bf263be4c03a09123a48d97820e 8fd8d26cdbcc477cb066b26e276d648c - - default default] No more DHCP agents
2026-07-02 06:28:07.815 8 WARNING neutron.api.rpc.agentnotifiers.dhcp_rpc_agent_api [None req-bc48c9db-b176-4e1e-8a6e-f505e8da4d78 795b2bf263be4c03a09123a48d97820e 8fd8d26cdbcc477cb066b26e276d648c - - default default] Unable to schedule network 649088ec-f54a-43d7-a468-5cb9c669337d: no agents available; will retry on subsequent port and subnet creation events.
2026-07-02 06:28:07.956 9 INFO neutron.db.ovn_revision_numbers_db [None req-b333a39a-6cdd-4a14-89e8-ceb2f3446733 bae469ccf9b04657800c0cfdadc6ef2c 9b6c419e4523432e884e5ee615140305 - - default default] Successfully bumped revision number for resource fc08ac36-4d28-43b0-84e0-d1403904b1cf (type: security_groups) to 1
2026-07-02 06:28:07.973 9 INFO neutron.db.ovn_revision_numbers_db [None req-b333a39a-6cdd-4a14-89e8-ceb2f3446733 bae469ccf9b04657800c0cfdadc6ef2c 9b6c419e4523432e884e5ee615140305 - - default default] Successfully bumped revision number for resource 22e91039-531e-4aca-9099-94c0fd233bcf (type: security_group_rules) to 0
2026-07-02 06:28:07.997 9 INFO neutron.db.ovn_revision_numbers_db [None req-b333a39a-6cdd-4a14-89e8-ceb2f3446733 bae469ccf9b04657800c0cfdadc6ef2c 9b6c419e4523432e884e5ee615140305 - - default default] Successfully bumped revision number for resource 7adb58b7-8858-4704-ac1d-ca1776d3c95a (type: security_group_rules) to 0
2026-07-02 06:28:08.024 9 INFO neutron.db.ovn_revision_numbers_db [None req-b333a39a-6cdd-4a14-89e8-ceb2f3446733 bae469ccf9b04657800c0cfdadc6ef2c 9b6c419e4523432e884e5ee615140305 - - default default] Successfully bumped revision number for resource ab64913e-0959-44ca-a17b-2c880766ba4a (type: security_group_rules) to 0
2026-07-02 06:28:08.045 9 INFO neutron.db.ovn_revision_numbers_db [None req-b333a39a-6cdd-4a14-89e8-ceb2f3446733 bae469ccf9b04657800c0cfdadc6ef2c 9b6c419e4523432e884e5ee615140305 - - default default] Successfully bumped revision number for resource ddb1007a-3e72-4c7d-8254-e03f0fb18f3b (type: security_group_rules) to 0
2026-07-02 06:28:08.128 9 INFO neutron.db.ovn_revision_numbers_db [None req-9b36bb3c-8e47-45dd-88b3-fcc07a683e83 - - - - - -] Successfully bumped revision number for resource 80e98403-16fc-4ff6-a68e-e0a07d1fcc89 (type: ports) to 4
2026-07-02 06:28:08.182 9 INFO neutron.db.segments_db [None req-b333a39a-6cdd-4a14-89e8-ceb2f3446733 bae469ccf9b04657800c0cfdadc6ef2c 9b6c419e4523432e884e5ee615140305 - - default default] Added segment 57505a93-5539-4790-ac3d-1c1b3d787186 of type geneve for network c8396073-d6b0-4db3-b4f5-21aa51250aa5
2026-07-02 06:28:08.256 8 INFO neutron.db.ovn_revision_numbers_db [None req-95aaeb25-bc0c-4da7-b100-528b509e96e0 - - - - - -] Successfully bumped revision number for resource 69671ab0-7369-4d46-a78a-5e14ac7f7550 (type: ports) to 2
2026-07-02 06:28:08.290 8 INFO neutron.db.ovn_revision_numbers_db [None req-95aaeb25-bc0c-4da7-b100-528b509e96e0 - - - - - -] Successfully bumped revision number for resource 1985fcf7-c0c9-4be2-9280-5ca7d66e7525 (type: subnets) to 0 [pid: 8|app: 0|req: 964/1790] 10.0.0.123 () {34 vars in 668 bytes} [Thu Jul 2 06:28:07 2026] POST /v2.0/subnets => generated 656 bytes in 654 msecs (HTTP/1.1 201) 4 headers in 162 bytes (1 switches on core 0)
2026-07-02 06:28:08.341 9 INFO neutron.db.segments_db [None req-b333a39a-6cdd-4a14-89e8-ceb2f3446733 bae469ccf9b04657800c0cfdadc6ef2c 9b6c419e4523432e884e5ee615140305 - - default default] Added segment dde0f6d1-ba9b-4b9b-bd60-59af52226348 of type geneve for network 1dab8433-2396-4ea4-9544-1d4a3bc976b5
2026-07-02 06:28:08.450 8 INFO neutron.db.ovn_revision_numbers_db [None req-4c50f45e-362d-49a6-9e24-64c99679125d 836b780a28c2466fad8f3e2caa670dc2 3b9850a79718492e89813c5cef85d5cc - - default default] Successfully bumped revision number for resource 93c618e9-a7d9-47f2-bf6f-0d039b90d02f (type: security_groups) to 1
2026-07-02 06:28:08.466 8 INFO neutron.db.ovn_revision_numbers_db [None req-4c50f45e-362d-49a6-9e24-64c99679125d 836b780a28c2466fad8f3e2caa670dc2 3b9850a79718492e89813c5cef85d5cc - - default default] Successfully bumped revision number for resource 185ab50e-b5d1-4459-ac9c-d3e4f56eb332 (type: security_group_rules) to 0
2026-07-02 06:28:08.481 8 INFO neutron.db.ovn_revision_numbers_db [None req-4c50f45e-362d-49a6-9e24-64c99679125d 836b780a28c2466fad8f3e2caa670dc2 3b9850a79718492e89813c5cef85d5cc - - default default] Successfully bumped revision number for resource 2e390c53-600b-4fdc-bc5b-f957080012ec (type: security_group_rules) to 0
2026-07-02 06:28:08.502 8 INFO neutron.db.ovn_revision_numbers_db [None req-4c50f45e-362d-49a6-9e24-64c99679125d 836b780a28c2466fad8f3e2caa670dc2 3b9850a79718492e89813c5cef85d5cc - - default default] Successfully bumped revision number for resource 5264005e-50ef-4fb0-b325-d787910a55a0 (type: security_group_rules) to 0
2026-07-02 06:28:08.516 8 INFO neutron.db.ovn_revision_numbers_db [None req-4c50f45e-362d-49a6-9e24-64c99679125d 836b780a28c2466fad8f3e2caa670dc2 3b9850a79718492e89813c5cef85d5cc - - default default] Successfully bumped revision number for resource f34ce207-d87b-401b-8372-ca541b8b6abc (type: security_group_rules) to 0 [pid: 8|app: 0|req: 965/1791] 10.0.0.123 () {32 vars in 773 bytes} [Thu Jul 2 06:28:08 2026] GET /v2.0/security-groups?tenant_id=60f247aaa51c4f02a0af107e68889499&name=default => generated 2925 bytes in 249 msecs (HTTP/1.1 200) 4 headers in 158 bytes (1 switches on core 0)
2026-07-02 06:28:08.571 9 INFO neutron.db.ovn_revision_numbers_db [None req-b333a39a-6cdd-4a14-89e8-ceb2f3446733 bae469ccf9b04657800c0cfdadc6ef2c 9b6c419e4523432e884e5ee615140305 - - default default] Successfully bumped revision number for resource c8396073-d6b0-4db3-b4f5-21aa51250aa5 (type: networks) to 1
2026-07-02 06:28:08.685 9 INFO neutron.db.ovn_revision_numbers_db [None req-9b36bb3c-8e47-45dd-88b3-fcc07a683e83 - - - - - -] Successfully bumped revision number for resource 80e98403-16fc-4ff6-a68e-e0a07d1fcc89 (type: ports) to 5
2026-07-02 06:28:08.722 8 INFO neutron.db.ovn_revision_numbers_db [None req-38b8db15-16a8-4066-af92-a0025ef91ab8 836b780a28c2466fad8f3e2caa670dc2 3b9850a79718492e89813c5cef85d5cc - - default default] Successfully bumped revision number for resource cd2281c3-0b08-4c4b-a39d-a2bde63564bc (type: security_groups) to 1
2026-07-02 06:28:08.737 8 INFO neutron.db.ovn_revision_numbers_db [None req-38b8db15-16a8-4066-af92-a0025ef91ab8 836b780a28c2466fad8f3e2caa670dc2 3b9850a79718492e89813c5cef85d5cc - - default default] Successfully bumped revision number for resource 580f2733-3516-4e50-b747-b570d53d1a88 (type: security_group_rules) to 0
2026-07-02 06:28:08.748 8 INFO neutron.db.ovn_revision_numbers_db [None req-38b8db15-16a8-4066-af92-a0025ef91ab8 836b780a28c2466fad8f3e2caa670dc2 3b9850a79718492e89813c5cef85d5cc - - default default] Successfully bumped revision number for resource be5b30ee-a68d-4adb-9a8a-32c42bbd519f (type: security_group_rules) to 0
2026-07-02 06:28:08.768 8 INFO neutron.db.ovn_revision_numbers_db [None req-38b8db15-16a8-4066-af92-a0025ef91ab8 836b780a28c2466fad8f3e2caa670dc2 3b9850a79718492e89813c5cef85d5cc - - default default] Successfully bumped revision number for resource e772ff52-b44f-4bd8-85ee-fb5a7465030b (type: security_group_rules) to 0
2026-07-02 06:28:08.774 8 INFO neutron.services.segments.plugin [-] Segment eaade6ab-fe62-485d-afa4-d3cd815cfdfe resource provider aggregate not found
2026-07-02 06:28:08.778 8 INFO neutron.services.segments.plugin [-] Segment eaade6ab-fe62-485d-afa4-d3cd815cfdfe resource provider aggregate not found
2026-07-02 06:28:08.788 8 INFO neutron.db.ovn_revision_numbers_db [None req-38b8db15-16a8-4066-af92-a0025ef91ab8 836b780a28c2466fad8f3e2caa670dc2 3b9850a79718492e89813c5cef85d5cc - - default default] Successfully bumped revision number for resource fc480282-f742-4f17-8dd9-5c1ec8adcaf1 (type: security_group_rules) to 0
2026-07-02 06:28:08.795 8 INFO neutron.services.segments.plugin [-] Segment eaade6ab-fe62-485d-afa4-d3cd815cfdfe resource provider not found; error: Placement Client Error (4xx): {"errors": [{"status": 404, "title": "Not Found", "detail": "The resource could not be found.\n\n No resource provider with uuid eaade6ab-fe62-485d-afa4-d3cd815cfdfe found for delete ", "request_id": "req-c0d33776-c4c4-4d39-bb6e-d2a968c8055f"}]}
2026-07-02 06:28:08.796 8 INFO neutron.services.segments.plugin [-] Segment eaade6ab-fe62-485d-afa4-d3cd815cfdfe resource provider not found; error: Placement Client Error (4xx): {"errors": [{"status": 404, "title": "Not Found", "detail": "The resource could not be found.\n\n No resource provider with uuid eaade6ab-fe62-485d-afa4-d3cd815cfdfe found for delete ", "request_id": "req-96e8f113-b655-4d31-809c-0629bc8155bf"}]} [pid: 8|app: 0|req: 966/1792] 10.0.0.123 () {32 vars in 773 bytes} [Thu Jul 2 06:28:08 2026] GET /v2.0/security-groups?tenant_id=2760b70d009a4b7ea7e6dcbce1c7093c&name=default => generated 2925 bytes in 268 msecs (HTTP/1.1 200) 4 headers in 158 bytes (1 switches on core 0)
2026-07-02 06:28:08.861 9 WARNING neutron.scheduler.dhcp_agent_scheduler [None req-b333a39a-6cdd-4a14-89e8-ceb2f3446733 bae469ccf9b04657800c0cfdadc6ef2c 9b6c419e4523432e884e5ee615140305 - - default default] No more DHCP agents
2026-07-02 06:28:08.862 9 WARNING neutron.api.rpc.agentnotifiers.dhcp_rpc_agent_api [None req-b333a39a-6cdd-4a14-89e8-ceb2f3446733 bae469ccf9b04657800c0cfdadc6ef2c 9b6c419e4523432e884e5ee615140305 - - default default] Unable to schedule network c8396073-d6b0-4db3-b4f5-21aa51250aa5: no agents available; will retry on subsequent port and subnet creation events.
2026-07-02 06:28:08.947 9 INFO neutron.db.ovn_revision_numbers_db [None req-b333a39a-6cdd-4a14-89e8-ceb2f3446733 bae469ccf9b04657800c0cfdadc6ef2c 9b6c419e4523432e884e5ee615140305 - - default default] Successfully bumped revision number for resource 97d25cac-6c3e-488d-95e9-853de29f1065 (type: ports) to 1
2026-07-02 06:28:09.004 9 INFO neutron.db.ovn_revision_numbers_db [None req-b333a39a-6cdd-4a14-89e8-ceb2f3446733 bae469ccf9b04657800c0cfdadc6ef2c 9b6c419e4523432e884e5ee615140305 - - default default] Successfully bumped revision number for resource 1dab8433-2396-4ea4-9544-1d4a3bc976b5 (type: networks) to 1
2026-07-02 06:28:09.161 9 WARNING neutron.scheduler.dhcp_agent_scheduler [None req-b333a39a-6cdd-4a14-89e8-ceb2f3446733 bae469ccf9b04657800c0cfdadc6ef2c 9b6c419e4523432e884e5ee615140305 - - default default] No more DHCP agents
2026-07-02 06:28:09.163 9 WARNING neutron.api.rpc.agentnotifiers.dhcp_rpc_agent_api [None req-b333a39a-6cdd-4a14-89e8-ceb2f3446733 bae469ccf9b04657800c0cfdadc6ef2c 9b6c419e4523432e884e5ee615140305 - - default default] Unable to schedule network 1dab8433-2396-4ea4-9544-1d4a3bc976b5: no agents available; will retry on subsequent port and subnet creation events.
2026-07-02 06:28:09.245 9 INFO neutron.db.ovn_revision_numbers_db [None req-b333a39a-6cdd-4a14-89e8-ceb2f3446733 bae469ccf9b04657800c0cfdadc6ef2c 9b6c419e4523432e884e5ee615140305 - - default default] Successfully bumped revision number for resource f5d65faf-8763-4354-bbec-e11106bca14b (type: ports) to 1 [pid: 9|app: 0|req: 827/1793] 10.0.0.123 () {34 vars in 669 bytes} [Thu Jul 2 06:28:07 2026] POST /v2.0/networks => generated 1320 bytes in 1716 msecs (HTTP/1.1 201) 4 headers in 163 bytes (1 switches on core 0)
2026-07-02 06:28:09.357 8 WARNING neutron.scheduler.dhcp_agent_scheduler [None req-0b6877fa-c0d1-4531-aa38-f92acc7df951 795b2bf263be4c03a09123a48d97820e 8fd8d26cdbcc477cb066b26e276d648c - - default default] No more DHCP agents
2026-07-02 06:28:09.359 8 WARNING neutron.api.rpc.agentnotifiers.dhcp_rpc_agent_api [None req-0b6877fa-c0d1-4531-aa38-f92acc7df951 795b2bf263be4c03a09123a48d97820e 8fd8d26cdbcc477cb066b26e276d648c - - default default] Unable to schedule network 649088ec-f54a-43d7-a468-5cb9c669337d: no agents available; will retry on subsequent port and subnet creation events.
2026-07-02 06:28:09.504 8 INFO neutron.db.ovn_revision_numbers_db [None req-0b6877fa-c0d1-4531-aa38-f92acc7df951 795b2bf263be4c03a09123a48d97820e 8fd8d26cdbcc477cb066b26e276d648c - - default default] Successfully bumped revision number for resource e0394c1d-40df-4d30-aa2b-cf4c7f88683c (type: ports) to 1 [pid: 9|app: 0|req: 828/1794] 10.0.0.123 () {32 vars in 739 bytes} [Thu Jul 2 06:28:09 2026] DELETE /v2.0/security-groups/93c618e9-a7d9-47f2-bf6f-0d039b90d02f => generated 0 bytes in 250 msecs (HTTP/1.1 204) 2 headers in 112 bytes (1 switches on core 0)
2026-07-02 06:28:09.637 8 INFO neutron.plugins.ml2.drivers.ovn.mech_driver.mech_driver [None req-710c91e6-91f8-4bd4-aca6-4c3c9f975f6d - - - - - -] OVN reports status down for port: 97d25cac-6c3e-488d-95e9-853de29f1065 [pid: 9|app: 0|req: 829/1795] 10.0.0.123 () {32 vars in 739 bytes} [Thu Jul 2 06:28:09 2026] DELETE /v2.0/security-groups/cd2281c3-0b08-4c4b-a39d-a2bde63564bc => generated 0 bytes in 228 msecs (HTTP/1.1 204) 2 headers in 112 bytes (1 switches on core 0)
2026-07-02 06:28:09.762 8 INFO neutron.plugins.ml2.drivers.ovn.mech_driver.mech_driver [None req-710c91e6-91f8-4bd4-aca6-4c3c9f975f6d - - - - - -] OVN reports status down for port: f5d65faf-8763-4354-bbec-e11106bca14b [pid: 9|app: 0|req: 830/1796] 10.0.0.123 () {32 vars in 648 bytes} [Thu Jul 2 06:28:09 2026] GET /v2.0/networks => generated 1969 bytes in 51 msecs (HTTP/1.1 200) 4 headers in 158 bytes (1 switches on core 0) [pid: 9|app: 0|req: 831/1797] 10.0.0.123 () {32 vars in 773 bytes} [Thu Jul 2 06:28:09 2026] GET /v2.0/security-groups?tenant_id=fe35377923bc45b4830810f79e9789e4&name=default => generated 2925 bytes in 25 msecs (HTTP/1.1 200) 4 headers in 158 bytes (1 switches on core 0)
