2026-07-02 05:50:03.790 8 INFO neutron.api.extensions [None req-7efde157-69c0-4222-b0d8-6ee538aadbfa - - - - - -] Loaded extension: external-gateway-multihoming
2026-07-02 05:50:03.790 8 INFO neutron.api.extensions [None req-7efde157-69c0-4222-b0d8-6ee538aadbfa - - - - - -] Loaded extension: l3-flavors
2026-07-02 05:50:03.791 8 INFO neutron.api.extensions [None req-7efde157-69c0-4222-b0d8-6ee538aadbfa - - - - - -] Extension l3-ndp-proxy not supported by any of loaded plugins
2026-07-02 05:50:03.791 8 INFO neutron.api.extensions [None req-7efde157-69c0-4222-b0d8-6ee538aadbfa - - - - - -] Extension l3-port-ip-change-not-allowed not supported by any of loaded plugins
2026-07-02 05:50:03.794 8 INFO neutron.api.extensions [None req-7efde157-69c0-4222-b0d8-6ee538aadbfa - - - - - -] Extension l3_agent_scheduler not supported by any of loaded plugins
2026-07-02 05:50:03.794 9 INFO neutron.quota.resource_registry [None req-f2b49300-7500-41b7-bbc5-bdbae1fe8b15 - - - - - -] Creating instance of CountableResource for resource:rbac_policy
2026-07-02 05:50:03.795 8 INFO neutron.api.extensions [None req-7efde157-69c0-4222-b0d8-6ee538aadbfa - - - - - -] Extension local_ip not supported by any of loaded plugins
2026-07-02 05:50:03.795 9 INFO neutron.quota.resource_registry [None req-f2b49300-7500-41b7-bbc5-bdbae1fe8b15 - - - - - -] Creating instance of TrackedResource for resource:security_group
2026-07-02 05:50:03.796 9 INFO neutron.quota.resource_registry [None req-f2b49300-7500-41b7-bbc5-bdbae1fe8b15 - - - - - -] Creating instance of TrackedResource for resource:security_group_rule
2026-07-02 05:50:03.796 8 INFO neutron.api.extensions [None req-7efde157-69c0-4222-b0d8-6ee538aadbfa - - - - - -] Loaded extension: logging
2026-07-02 05:50:03.796 9 INFO neutron.quota.resource_registry [None req-f2b49300-7500-41b7-bbc5-bdbae1fe8b15 - - - - - -] Creating instance of TrackedResource for resource:subnetpool
2026-07-02 05:50:03.797 9 WARNING neutron.quota.resource_registry [None req-f2b49300-7500-41b7-bbc5-bdbae1fe8b15 - - - - - -] subnetpool is already registered
2026-07-02 05:50:03.797 9 INFO neutron.quota.resource_registry [None req-f2b49300-7500-41b7-bbc5-bdbae1fe8b15 - - - - - -] Creating instance of CountableResource for resource:trunk
2026-07-02 05:50:03.797 8 INFO neutron.api.extensions [None req-7efde157-69c0-4222-b0d8-6ee538aadbfa - - - - - -] Extension metering not supported by any of loaded plugins
2026-07-02 05:50:03.797 9 INFO neutron.quota.resource_registry [None req-f2b49300-7500-41b7-bbc5-bdbae1fe8b15 - - - - - -] Creating instance of CountableResource for resource:ikepolicy
2026-07-02 05:50:03.798 9 INFO neutron.quota.resource_registry [None req-f2b49300-7500-41b7-bbc5-bdbae1fe8b15 - - - - - -] Creating instance of CountableResource for resource:ipsecpolicy
2026-07-02 05:50:03.798 8 INFO neutron.api.extensions [None req-7efde157-69c0-4222-b0d8-6ee538aadbfa - - - - - -] Extension metering_source_and_destination_fields not supported by any of loaded plugins
2026-07-02 05:50:03.798 9 INFO neutron.quota.resource_registry [None req-f2b49300-7500-41b7-bbc5-bdbae1fe8b15 - - - - - -] Creating instance of CountableResource for resource:endpoint_group
2026-07-02 05:50:03.798 8 INFO neutron.api.extensions [None req-7efde157-69c0-4222-b0d8-6ee538aadbfa - - - - - -] Loaded extension: multi-provider
2026-07-02 05:50:03.798 9 INFO neutron.quota.resource_registry [None req-f2b49300-7500-41b7-bbc5-bdbae1fe8b15 - - - - - -] Creating instance of CountableResource for resource:vpnservice
2026-07-02 05:50:03.799 8 INFO neutron.api.extensions [None req-7efde157-69c0-4222-b0d8-6ee538aadbfa - - - - - -] Loaded extension: net-mtu
2026-07-02 05:50:03.799 9 INFO neutron.quota.resource_registry [None req-f2b49300-7500-41b7-bbc5-bdbae1fe8b15 - - - - - -] Creating instance of CountableResource for resource:ipsec_site_connection
2026-07-02 05:50:03.799 8 INFO neutron.api.extensions [None req-7efde157-69c0-4222-b0d8-6ee538aadbfa - - - - - -] Loaded extension: net-mtu-writable
2026-07-02 05:50:03.799 9 INFO neutron.quota.resource_registry [None req-f2b49300-7500-41b7-bbc5-bdbae1fe8b15 - - - - - -] Creating instance of CountableResource for resource:ipsecpolicy
2026-07-02 05:50:03.800 9 WARNING neutron.quota.resource_registry [None req-f2b49300-7500-41b7-bbc5-bdbae1fe8b15 - - - - - -] ipsecpolicy is already registered
2026-07-02 05:50:03.800 8 INFO neutron.api.extensions [None req-7efde157-69c0-4222-b0d8-6ee538aadbfa - - - - - -] Loaded extension: network_availability_zone
2026-07-02 05:50:03.800 9 INFO neutron.quota.resource_registry [None req-f2b49300-7500-41b7-bbc5-bdbae1fe8b15 - - - - - -] Creating instance of CountableResource for resource:ikepolicy
2026-07-02 05:50:03.800 9 WARNING neutron.quota.resource_registry [None req-f2b49300-7500-41b7-bbc5-bdbae1fe8b15 - - - - - -] ikepolicy is already registered
2026-07-02 05:50:03.800 8 INFO neutron.api.extensions [None req-7efde157-69c0-4222-b0d8-6ee538aadbfa - - - - - -] Extension network_ha not supported by any of loaded plugins
2026-07-02 05:50:03.801 8 INFO neutron.api.extensions [None req-7efde157-69c0-4222-b0d8-6ee538aadbfa - - - - - -] Loaded extension: network-ip-availability
2026-07-02 05:50:03.802 8 INFO neutron.api.extensions [None req-7efde157-69c0-4222-b0d8-6ee538aadbfa - - - - - -] Extension network-segment-range not supported by any of loaded plugins
2026-07-02 05:50:03.802 8 INFO neutron.api.extensions [None req-7efde157-69c0-4222-b0d8-6ee538aadbfa - - - - - -] Loaded extension: pagination
2026-07-02 05:50:03.803 8 INFO neutron.api.extensions [None req-7efde157-69c0-4222-b0d8-6ee538aadbfa - - - - - -] Loaded extension: port-device-profile
2026-07-02 05:50:03.803 8 INFO neutron.api.extensions [None req-7efde157-69c0-4222-b0d8-6ee538aadbfa - - - - - -] Extension port-hardware-offload-type not supported by any of loaded plugins
2026-07-02 05:50:03.804 8 INFO neutron.api.extensions [None req-7efde157-69c0-4222-b0d8-6ee538aadbfa - - - - - -] Extension port-hint-ovs-tx-steering not supported by any of loaded plugins
2026-07-02 05:50:03.804 9 INFO neutron.quota.resource_registry [None req-f2b49300-7500-41b7-bbc5-bdbae1fe8b15 - - - - - -] Creating instance of TrackedResource for resource:router
2026-07-02 05:50:03.804 8 INFO neutron.api.extensions [None req-7efde157-69c0-4222-b0d8-6ee538aadbfa - - - - - -] Extension port-hints not supported by any of loaded plugins
2026-07-02 05:50:03.804 9 WARNING neutron.quota.resource_registry [None req-f2b49300-7500-41b7-bbc5-bdbae1fe8b15 - - - - - -] router is already registered
2026-07-02 05:50:03.805 9 INFO neutron.quota.resource_registry [None req-f2b49300-7500-41b7-bbc5-bdbae1fe8b15 - - - - - -] Creating instance of TrackedResource for resource:floatingip
2026-07-02 05:50:03.805 8 INFO neutron.api.extensions [None req-7efde157-69c0-4222-b0d8-6ee538aadbfa - - - - - -] Extension port-mac-override not supported by any of loaded plugins
2026-07-02 05:50:03.805 9 WARNING neutron.quota.resource_registry [None req-f2b49300-7500-41b7-bbc5-bdbae1fe8b15 - - - - - -] floatingip is already registered
2026-07-02 05:50:03.805 8 INFO neutron.api.extensions [None req-7efde157-69c0-4222-b0d8-6ee538aadbfa - - - - - -] Loaded extension: port-mac-address-regenerate
2026-07-02 05:50:03.806 8 INFO neutron.api.extensions [None req-7efde157-69c0-4222-b0d8-6ee538aadbfa - - - - - -] Loaded extension: port-numa-affinity-policy
2026-07-02 05:50:03.806 8 INFO neutron.api.extensions [None req-7efde157-69c0-4222-b0d8-6ee538aadbfa - - - - - -] Loaded extension: port-numa-affinity-policy-socket
2026-07-02 05:50:03.807 8 INFO neutron.api.extensions [None req-7efde157-69c0-4222-b0d8-6ee538aadbfa - - - - - -] Loaded extension: port-resource-request
2026-07-02 05:50:03.807 8 INFO neutron.api.extensions [None req-7efde157-69c0-4222-b0d8-6ee538aadbfa - - - - - -] Loaded extension: port-resource-request-groups
2026-07-02 05:50:03.808 8 INFO neutron.api.extensions [None req-7efde157-69c0-4222-b0d8-6ee538aadbfa - - - - - -] Extension port-trusted-vif not supported by any of loaded plugins
2026-07-02 05:50:03.808 8 INFO neutron.api.extensions [None req-7efde157-69c0-4222-b0d8-6ee538aadbfa - - - - - -] Loaded extension: binding
2026-07-02 05:50:03.809 9 INFO neutron.quota.resource_registry [None req-f2b49300-7500-41b7-bbc5-bdbae1fe8b15 - - - - - -] Creating instance of CountableResource for resource:rbac_policy
2026-07-02 05:50:03.809 9 WARNING neutron.quota.resource_registry [None req-f2b49300-7500-41b7-bbc5-bdbae1fe8b15 - - - - - -] rbac_policy is already registered
2026-07-02 05:50:03.809 8 INFO neutron.api.extensions [None req-7efde157-69c0-4222-b0d8-6ee538aadbfa - - - - - -] Loaded extension: binding-extended
2026-07-02 05:50:03.809 9 INFO neutron.quota.resource_registry [None req-f2b49300-7500-41b7-bbc5-bdbae1fe8b15 - - - - - -] Creating instance of TrackedResource for resource:security_group
2026-07-02 05:50:03.809 8 INFO neutron.api.extensions [None req-7efde157-69c0-4222-b0d8-6ee538aadbfa - - - - - -] Loaded extension: port-security
2026-07-02 05:50:03.810 9 WARNING neutron.quota.resource_registry [None req-f2b49300-7500-41b7-bbc5-bdbae1fe8b15 - - - - - -] security_group is already registered
2026-07-02 05:50:03.810 8 INFO neutron.api.extensions [None req-7efde157-69c0-4222-b0d8-6ee538aadbfa - - - - - -] Loaded extension: project-id
2026-07-02 05:50:03.810 9 INFO neutron.quota.resource_registry [None req-f2b49300-7500-41b7-bbc5-bdbae1fe8b15 - - - - - -] Creating instance of TrackedResource for resource:security_group_rule
2026-07-02 05:50:03.810 9 WARNING neutron.quota.resource_registry [None req-f2b49300-7500-41b7-bbc5-bdbae1fe8b15 - - - - - -] security_group_rule is already registered
2026-07-02 05:50:03.810 8 INFO neutron.api.extensions [None req-7efde157-69c0-4222-b0d8-6ee538aadbfa - - - - - -] Loaded extension: provider
2026-07-02 05:50:03.811 8 INFO neutron.api.extensions [None req-7efde157-69c0-4222-b0d8-6ee538aadbfa - - - - - -] Loaded extension: qinq
2026-07-02 05:50:03.812 9 INFO neutron.quota.resource_registry [None req-f2b49300-7500-41b7-bbc5-bdbae1fe8b15 - - - - - -] Creating instance of TrackedResource for resource:subnetpool
2026-07-02 05:50:03.812 9 WARNING neutron.quota.resource_registry [None req-f2b49300-7500-41b7-bbc5-bdbae1fe8b15 - - - - - -] subnetpool is already registered
2026-07-02 05:50:03.812 9 INFO neutron.quota.resource_registry [None req-f2b49300-7500-41b7-bbc5-bdbae1fe8b15 - - - - - -] Creating instance of CountableResource for resource:trunk
2026-07-02 05:50:03.812 9 WARNING neutron.quota.resource_registry [None req-f2b49300-7500-41b7-bbc5-bdbae1fe8b15 - - - - - -] trunk is already registered
2026-07-02 05:50:03.813 9 INFO neutron.quota.resource_registry [None req-f2b49300-7500-41b7-bbc5-bdbae1fe8b15 - - - - - -] Creating instance of CountableResource for resource:ikepolicy
2026-07-02 05:50:03.813 9 WARNING neutron.quota.resource_registry [None req-f2b49300-7500-41b7-bbc5-bdbae1fe8b15 - - - - - -] ikepolicy is already registered
2026-07-02 05:50:03.813 9 INFO neutron.quota.resource_registry [None req-f2b49300-7500-41b7-bbc5-bdbae1fe8b15 - - - - - -] Creating instance of CountableResource for resource:ipsecpolicy
2026-07-02 05:50:03.813 9 WARNING neutron.quota.resource_registry [None req-f2b49300-7500-41b7-bbc5-bdbae1fe8b15 - - - - - -] ipsecpolicy is already registered
2026-07-02 05:50:03.813 8 INFO neutron.api.extensions [None req-7efde157-69c0-4222-b0d8-6ee538aadbfa - - - - - -] Loaded extension: qos
2026-07-02 05:50:03.814 9 INFO neutron.quota.resource_registry [None req-f2b49300-7500-41b7-bbc5-bdbae1fe8b15 - - - - - -] Creating instance of CountableResource for resource:endpoint_group
2026-07-02 05:50:03.814 9 WARNING neutron.quota.resource_registry [None req-f2b49300-7500-41b7-bbc5-bdbae1fe8b15 - - - - - -] endpoint_group is already registered
2026-07-02 05:50:03.814 9 INFO neutron.quota.resource_registry [None req-f2b49300-7500-41b7-bbc5-bdbae1fe8b15 - - - - - -] Creating instance of CountableResource for resource:vpnservice
2026-07-02 05:50:03.814 8 INFO neutron.api.extensions [None req-7efde157-69c0-4222-b0d8-6ee538aadbfa - - - - - -] Loaded extension: qos-bw-limit-direction
2026-07-02 05:50:03.814 9 WARNING neutron.quota.resource_registry [None req-f2b49300-7500-41b7-bbc5-bdbae1fe8b15 - - - - - -] vpnservice is already registered
2026-07-02 05:50:03.815 9 INFO neutron.quota.resource_registry [None req-f2b49300-7500-41b7-bbc5-bdbae1fe8b15 - - - - - -] Creating instance of CountableResource for resource:ipsec_site_connection
2026-07-02 05:50:03.815 8 INFO neutron.api.extensions [None req-7efde157-69c0-4222-b0d8-6ee538aadbfa - - - - - -] Loaded extension: qos-bw-minimum-ingress
2026-07-02 05:50:03.815 9 WARNING neutron.quota.resource_registry [None req-f2b49300-7500-41b7-bbc5-bdbae1fe8b15 - - - - - -] ipsec_site_connection is already registered
2026-07-02 05:50:03.815 9 INFO neutron.quota.resource_registry [None req-f2b49300-7500-41b7-bbc5-bdbae1fe8b15 - - - - - -] Creating instance of CountableResource for resource:ipsecpolicy
2026-07-02 05:50:03.815 8 INFO neutron.api.extensions [None req-7efde157-69c0-4222-b0d8-6ee538aadbfa - - - - - -] Loaded extension: qos-default
2026-07-02 05:50:03.815 9 WARNING neutron.quota.resource_registry [None req-f2b49300-7500-41b7-bbc5-bdbae1fe8b15 - - - - - -] ipsecpolicy is already registered
2026-07-02 05:50:03.816 8 INFO neutron.api.extensions [None req-7efde157-69c0-4222-b0d8-6ee538aadbfa - - - - - -] Loaded extension: qos-fip
2026-07-02 05:50:03.816 9 INFO neutron.quota.resource_registry [None req-f2b49300-7500-41b7-bbc5-bdbae1fe8b15 - - - - - -] Creating instance of CountableResource for resource:ikepolicy
2026-07-02 05:50:03.816 9 WARNING neutron.quota.resource_registry [None req-f2b49300-7500-41b7-bbc5-bdbae1fe8b15 - - - - - -] ikepolicy is already registered
2026-07-02 05:50:03.816 8 INFO neutron.api.extensions [None req-7efde157-69c0-4222-b0d8-6ee538aadbfa - - - - - -] Extension qos-fip-network-policy not supported by any of loaded plugins
2026-07-02 05:50:03.816 8 INFO neutron.api.extensions [None req-7efde157-69c0-4222-b0d8-6ee538aadbfa - - - - - -] Loaded extension: qos-gateway-ip
2026-07-02 05:50:03.817 8 INFO neutron.api.extensions [None req-7efde157-69c0-4222-b0d8-6ee538aadbfa - - - - - -] Loaded extension: qos-port-network-policy
2026-07-02 05:50:03.818 8 INFO neutron.api.extensions [None req-7efde157-69c0-4222-b0d8-6ee538aadbfa - - - - - -] Loaded extension: qos-pps-minimum
2026-07-02 05:50:03.818 8 INFO neutron.api.extensions [None req-7efde157-69c0-4222-b0d8-6ee538aadbfa - - - - - -] Loaded extension: qos-pps-minimum-rule-alias
2026-07-02 05:50:03.819 8 INFO neutron.api.extensions [None req-7efde157-69c0-4222-b0d8-6ee538aadbfa - - - - - -] Loaded extension: qos-pps
2026-07-02 05:50:03.819 8 INFO neutron.api.extensions [None req-7efde157-69c0-4222-b0d8-6ee538aadbfa - - - - - -] Loaded extension: qos-rule-type-details
2026-07-02 05:50:03.820 8 INFO neutron.api.extensions [None req-7efde157-69c0-4222-b0d8-6ee538aadbfa - - - - - -] Loaded extension: qos-rule-type-filter
2026-07-02 05:50:03.820 8 INFO neutron.api.extensions [None req-7efde157-69c0-4222-b0d8-6ee538aadbfa - - - - - -] Loaded extension: qos-rules-alias
2026-07-02 05:50:03.821 8 INFO neutron.api.extensions [None req-7efde157-69c0-4222-b0d8-6ee538aadbfa - - - - - -] Loaded extension: quota-check-limit
2026-07-02 05:50:03.821 8 INFO neutron.api.extensions [None req-7efde157-69c0-4222-b0d8-6ee538aadbfa - - - - - -] Loaded extension: quota-check-limit-default
2026-07-02 05:50:03.824 8 INFO neutron.api.extensions [None req-7efde157-69c0-4222-b0d8-6ee538aadbfa - - - - - -] Loaded extension: quotas
2026-07-02 05:50:03.825 8 INFO neutron.api.extensions [None req-7efde157-69c0-4222-b0d8-6ee538aadbfa - - - - - -] Loaded extension: quota_details
2026-07-02 05:50:03.826 8 INFO neutron.api.extensions [None req-7efde157-69c0-4222-b0d8-6ee538aadbfa - - - - - -] Loaded extension: rbac-policies
2026-07-02 05:50:03.826 8 INFO neutron.api.extensions [None req-7efde157-69c0-4222-b0d8-6ee538aadbfa - - - - - -] Extension rbac-address-group not supported by any of loaded plugins
2026-07-02 05:50:03.827 8 INFO neutron.api.extensions [None req-7efde157-69c0-4222-b0d8-6ee538aadbfa - - - - - -] Loaded extension: rbac-address-scope
2026-07-02 05:50:03.827 8 INFO neutron.api.extensions [None req-7efde157-69c0-4222-b0d8-6ee538aadbfa - - - - - -] Loaded extension: rbac-security-groups
2026-07-02 05:50:03.828 8 INFO neutron.api.extensions [None req-7efde157-69c0-4222-b0d8-6ee538aadbfa - - - - - -] Extension rbac-subnetpool not supported by any of loaded plugins
2026-07-02 05:50:03.828 8 INFO neutron.api.extensions [None req-7efde157-69c0-4222-b0d8-6ee538aadbfa - - - - - -] Loaded extension: revision-if-match
2026-07-02 05:50:03.829 8 INFO neutron.api.extensions [None req-7efde157-69c0-4222-b0d8-6ee538aadbfa - - - - - -] Loaded extension: standard-attr-revisions
2026-07-02 05:50:03.830 8 INFO neutron.api.extensions [None req-7efde157-69c0-4222-b0d8-6ee538aadbfa - - - - - -] Loaded extension: router_availability_zone
2026-07-02 05:50:03.830 8 INFO neutron.api.extensions [None req-7efde157-69c0-4222-b0d8-6ee538aadbfa - - - - - -] Extension router-service-type not supported by any of loaded plugins
2026-07-02 05:50:03.832 8 INFO neutron.api.extensions [None req-7efde157-69c0-4222-b0d8-6ee538aadbfa - - - - - -] Loaded extension: security-groups-default-rules
2026-07-02 05:50:03.832 8 INFO neutron.api.extensions [None req-7efde157-69c0-4222-b0d8-6ee538aadbfa - - - - - -] Loaded extension: security-groups-normalized-cidr
2026-07-02 05:50:03.833 8 INFO neutron.api.extensions [None req-7efde157-69c0-4222-b0d8-6ee538aadbfa - - - - - -] Extension port-security-groups-filtering not supported by any of loaded plugins
2026-07-02 05:50:03.833 8 INFO neutron.api.extensions [None req-7efde157-69c0-4222-b0d8-6ee538aadbfa - - - - - -] Loaded extension: security-groups-remote-address-group
2026-07-02 05:50:03.834 8 INFO neutron.api.extensions [None req-7efde157-69c0-4222-b0d8-6ee538aadbfa - - - - - -] Loaded extension: security-groups-rules-belongs-to-default-sg
2026-07-02 05:50:03.834 8 INFO neutron.api.extensions [None req-7efde157-69c0-4222-b0d8-6ee538aadbfa - - - - - -] Loaded extension: security-groups-shared-filtering
2026-07-02 05:50:03.839 8 INFO neutron.api.extensions [None req-7efde157-69c0-4222-b0d8-6ee538aadbfa - - - - - -] Loaded extension: security-group
2026-07-02 05:50:03.840 8 INFO neutron.api.extensions [None req-7efde157-69c0-4222-b0d8-6ee538aadbfa - - - - - -] Loaded extension: segment
2026-07-02 05:50:03.840 8 INFO neutron.api.extensions [None req-7efde157-69c0-4222-b0d8-6ee538aadbfa - - - - - -] Loaded extension: segments-peer-subnet-host-routes
2026-07-02 05:50:03.841 8 INFO neutron.api.extensions [None req-7efde157-69c0-4222-b0d8-6ee538aadbfa - - - - - -] Loaded extension: service-type
2026-07-02 05:50:03.841 8 INFO neutron.api.extensions [None req-7efde157-69c0-4222-b0d8-6ee538aadbfa - - - - - -] Loaded extension: sorting
2026-07-02 05:50:03.842 8 INFO neutron.api.extensions [None req-7efde157-69c0-4222-b0d8-6ee538aadbfa - - - - - -] Loaded extension: standard-attr-segment
2026-07-02 05:50:03.842 8 INFO neutron.api.extensions [None req-7efde157-69c0-4222-b0d8-6ee538aadbfa - - - - - -] Loaded extension: standard-attr-description
2026-07-02 05:50:03.843 8 INFO neutron.api.extensions [None req-7efde157-69c0-4222-b0d8-6ee538aadbfa - - - - - -] Loaded extension: stateful-security-group
2026-07-02 05:50:03.843 8 WARNING neutron.api.extensions [None req-7efde157-69c0-4222-b0d8-6ee538aadbfa - - - - - -] Did not find expected name "Stdattrs_common" in /var/lib/openstack/lib/python3.12/site-packages/neutron/extensions/stdattrs_common.py
2026-07-02 05:50:03.844 8 INFO neutron.api.extensions [None req-7efde157-69c0-4222-b0d8-6ee538aadbfa - - - - - -] Loaded extension: subnet-dns-publish-fixed-ip
2026-07-02 05:50:03.844 8 INFO neutron.api.extensions [None req-7efde157-69c0-4222-b0d8-6ee538aadbfa - - - - - -] Loaded extension: subnet-external-network
2026-07-02 05:50:03.845 8 INFO neutron.api.extensions [None req-7efde157-69c0-4222-b0d8-6ee538aadbfa - - - - - -] Extension subnet_onboard not supported by any of loaded plugins
2026-07-02 05:50:03.845 8 INFO neutron.api.extensions [None req-7efde157-69c0-4222-b0d8-6ee538aadbfa - - - - - -] Loaded extension: subnet-segmentid-writable
2026-07-02 05:50:03.846 8 INFO neutron.api.extensions [None req-7efde157-69c0-4222-b0d8-6ee538aadbfa - - - - - -] Loaded extension: subnet-service-types
2026-07-02 05:50:03.846 8 INFO neutron.api.extensions [None req-7efde157-69c0-4222-b0d8-6ee538aadbfa - - - - - -] Loaded extension: subnet_allocation
2026-07-02 05:50:03.847 8 INFO neutron.api.extensions [None req-7efde157-69c0-4222-b0d8-6ee538aadbfa - - - - - -] Loaded extension: subnetpool-prefix-ops
2026-07-02 05:50:03.848 8 INFO neutron.api.extensions [None req-7efde157-69c0-4222-b0d8-6ee538aadbfa - - - - - -] Loaded extension: tag-creation
2026-07-02 05:50:03.848 8 INFO neutron.api.extensions [None req-7efde157-69c0-4222-b0d8-6ee538aadbfa - - - - - -] Extension tag-ports-during-bulk-creation not supported by any of loaded plugins
2026-07-02 05:50:03.851 9 WARNING keystonemiddleware._common.config [None req-f2b49300-7500-41b7-bbc5-bdbae1fe8b15 - - - - - -] The option "audit_map_file" is not known to keystonemiddleware
2026-07-02 05:50:03.852 8 INFO neutron.api.extensions [None req-7efde157-69c0-4222-b0d8-6ee538aadbfa - - - - - -] Loaded extension: standard-attr-tag
2026-07-02 05:50:03.853 8 INFO neutron.api.extensions [None req-7efde157-69c0-4222-b0d8-6ee538aadbfa - - - - - -] Loaded extension: standard-attr-timestamp
2026-07-02 05:50:03.853 8 INFO neutron.api.extensions [None req-7efde157-69c0-4222-b0d8-6ee538aadbfa - - - - - -] Loaded extension: trunk
2026-07-02 05:50:03.854 8 INFO neutron.api.extensions [None req-7efde157-69c0-4222-b0d8-6ee538aadbfa - - - - - -] Loaded extension: trunk-details
2026-07-02 05:50:03.854 8 INFO neutron.api.extensions [None req-7efde157-69c0-4222-b0d8-6ee538aadbfa - - - - - -] Extension uplink-status-propagation not supported by any of loaded plugins
2026-07-02 05:50:03.855 8 INFO neutron.api.extensions [None req-7efde157-69c0-4222-b0d8-6ee538aadbfa - - - - - -] Extension uplink-status-propagation-updatable not supported by any of loaded plugins
2026-07-02 05:50:03.855 8 INFO neutron.api.extensions [None req-7efde157-69c0-4222-b0d8-6ee538aadbfa - - - - - -] Loaded extension: vlan-transparent
2026-07-02 05:50:03.856 8 INFO neutron.api.extensions [None req-7efde157-69c0-4222-b0d8-6ee538aadbfa - - - - - -] Loaded extension: vpn-aes-ctr
2026-07-02 05:50:03.857 9 WARNING oslo_config.cfg [None req-f2b49300-7500-41b7-bbc5-bdbae1fe8b15 - - - - - -] Deprecated: Option "auth_uri" from group "keystone_authtoken" is deprecated. Use option "www_authenticate_uri" from group "keystone_authtoken".
2026-07-02 05:50:03.858 8 INFO neutron.api.extensions [None req-7efde157-69c0-4222-b0d8-6ee538aadbfa - - - - - -] Loaded extension: vpn-agent-scheduler
2026-07-02 05:50:03.859 8 INFO neutron.api.extensions [None req-7efde157-69c0-4222-b0d8-6ee538aadbfa - - - - - -] Loaded extension: vpn-endpoint-groups
2026-07-02 05:50:03.859 8 INFO neutron.api.extensions [None req-7efde157-69c0-4222-b0d8-6ee538aadbfa - - - - - -] Loaded extension: vpn-flavors
2026-07-02 05:50:03.861 8 INFO neutron.api.extensions [None req-7efde157-69c0-4222-b0d8-6ee538aadbfa - - - - - -] Loaded extension: vpnaas
2026-07-02 05:50:03.862 8 INFO neutron.api.extensions [None req-7efde157-69c0-4222-b0d8-6ee538aadbfa - - - - - -] Loaded extension: taas
2026-07-02 05:50:03.863 8 INFO neutron.api.extensions [None req-7efde157-69c0-4222-b0d8-6ee538aadbfa - - - - - -] Loaded extension: tap-mirror
2026-07-02 05:50:03.864 8 INFO neutron.api.extensions [None req-7efde157-69c0-4222-b0d8-6ee538aadbfa - - - - - -] Loaded extension: taas-vlan-filter
2026-07-02 05:50:03.866 8 INFO neutron.quota.resource_registry [None req-7efde157-69c0-4222-b0d8-6ee538aadbfa - - - - - -] Creating instance of TrackedResource for resource:network
2026-07-02 05:50:03.867 8 INFO neutron.quota.resource_registry [None req-7efde157-69c0-4222-b0d8-6ee538aadbfa - - - - - -] Creating instance of TrackedResource for resource:subnet
2026-07-02 05:50:03.867 8 INFO neutron.quota.resource_registry [None req-7efde157-69c0-4222-b0d8-6ee538aadbfa - - - - - -] Creating instance of TrackedResource for resource:subnetpool
2026-07-02 05:50:03.867 8 INFO neutron.quota.resource_registry [None req-7efde157-69c0-4222-b0d8-6ee538aadbfa - - - - - -] Creating instance of TrackedResource for resource:port
2026-07-02 05:50:03.870 8 INFO neutron.quota.resource_registry [None req-7efde157-69c0-4222-b0d8-6ee538aadbfa - - - - - -] Creating instance of TrackedResource for resource:router
2026-07-02 05:50:03.870 8 INFO neutron.quota.resource_registry [None req-7efde157-69c0-4222-b0d8-6ee538aadbfa - - - - - -] Creating instance of TrackedResource for resource:floatingip
2026-07-02 05:50:03.875 8 INFO neutron.quota.resource_registry [None req-7efde157-69c0-4222-b0d8-6ee538aadbfa - - - - - -] Creating instance of CountableResource for resource:rbac_policy
2026-07-02 05:50:03.876 8 INFO neutron.quota.resource_registry [None req-7efde157-69c0-4222-b0d8-6ee538aadbfa - - - - - -] Creating instance of TrackedResource for resource:security_group
2026-07-02 05:50:03.876 8 INFO neutron.quota.resource_registry [None req-7efde157-69c0-4222-b0d8-6ee538aadbfa - - - - - -] Creating instance of TrackedResource for resource:security_group_rule
2026-07-02 05:50:03.877 8 INFO neutron.quota.resource_registry [None req-7efde157-69c0-4222-b0d8-6ee538aadbfa - - - - - -] Creating instance of TrackedResource for resource:subnetpool
2026-07-02 05:50:03.877 8 WARNING neutron.quota.resource_registry [None req-7efde157-69c0-4222-b0d8-6ee538aadbfa - - - - - -] subnetpool is already registered
2026-07-02 05:50:03.877 9 WARNING neutron.plugins.ml2.drivers.ovn.mech_driver.mech_driver [None req-f2b49300-7500-41b7-bbc5-bdbae1fe8b15 - - - - - -] uWSGI must provide a start time using the configuration parameter "start-time %t" in the configuration file
2026-07-02 05:50:03.878 8 INFO neutron.quota.resource_registry [None req-7efde157-69c0-4222-b0d8-6ee538aadbfa - - - - - -] Creating instance of CountableResource for resource:trunk
2026-07-02 05:50:03.878 8 INFO neutron.quota.resource_registry [None req-7efde157-69c0-4222-b0d8-6ee538aadbfa - - - - - -] Creating instance of CountableResource for resource:ikepolicy
2026-07-02 05:50:03.878 8 INFO neutron.quota.resource_registry [None req-7efde157-69c0-4222-b0d8-6ee538aadbfa - - - - - -] Creating instance of CountableResource for resource:ipsecpolicy
2026-07-02 05:50:03.879 8 INFO neutron.quota.resource_registry [None req-7efde157-69c0-4222-b0d8-6ee538aadbfa - - - - - -] Creating instance of CountableResource for resource:endpoint_group
2026-07-02 05:50:03.879 8 INFO neutron.quota.resource_registry [None req-7efde157-69c0-4222-b0d8-6ee538aadbfa - - - - - -] Creating instance of CountableResource for resource:vpnservice
2026-07-02 05:50:03.879 8 INFO neutron.quota.resource_registry [None req-7efde157-69c0-4222-b0d8-6ee538aadbfa - - - - - -] Creating instance of CountableResource for resource:ipsec_site_connection
2026-07-02 05:50:03.880 8 INFO neutron.quota.resource_registry [None req-7efde157-69c0-4222-b0d8-6ee538aadbfa - - - - - -] Creating instance of CountableResource for resource:ipsecpolicy
2026-07-02 05:50:03.880 8 WARNING neutron.quota.resource_registry [None req-7efde157-69c0-4222-b0d8-6ee538aadbfa - - - - - -] ipsecpolicy is already registered
2026-07-02 05:50:03.880 8 INFO neutron.quota.resource_registry [None req-7efde157-69c0-4222-b0d8-6ee538aadbfa - - - - - -] Creating instance of CountableResource for resource:ikepolicy
2026-07-02 05:50:03.881 8 WARNING neutron.quota.resource_registry [None req-7efde157-69c0-4222-b0d8-6ee538aadbfa - - - - - -] ikepolicy is already registered
2026-07-02 05:50:03.885 8 INFO neutron.quota.resource_registry [None req-7efde157-69c0-4222-b0d8-6ee538aadbfa - - - - - -] Creating instance of TrackedResource for resource:router
2026-07-02 05:50:03.885 8 WARNING neutron.quota.resource_registry [None req-7efde157-69c0-4222-b0d8-6ee538aadbfa - - - - - -] router is already registered
2026-07-02 05:50:03.885 8 INFO neutron.quota.resource_registry [None req-7efde157-69c0-4222-b0d8-6ee538aadbfa - - - - - -] Creating instance of TrackedResource for resource:floatingip
2026-07-02 05:50:03.885 8 WARNING neutron.quota.resource_registry [None req-7efde157-69c0-4222-b0d8-6ee538aadbfa - - - - - -] floatingip is already registered
2026-07-02 05:50:03.889 8 INFO neutron.quota.resource_registry [None req-7efde157-69c0-4222-b0d8-6ee538aadbfa - - - - - -] Creating instance of CountableResource for resource:rbac_policy
2026-07-02 05:50:03.890 8 WARNING neutron.quota.resource_registry [None req-7efde157-69c0-4222-b0d8-6ee538aadbfa - - - - - -] rbac_policy is already registered
2026-07-02 05:50:03.890 8 INFO neutron.quota.resource_registry [None req-7efde157-69c0-4222-b0d8-6ee538aadbfa - - - - - -] Creating instance of TrackedResource for resource:security_group
2026-07-02 05:50:03.890 8 WARNING neutron.quota.resource_registry [None req-7efde157-69c0-4222-b0d8-6ee538aadbfa - - - - - -] security_group is already registered
2026-07-02 05:50:03.891 8 INFO neutron.quota.resource_registry [None req-7efde157-69c0-4222-b0d8-6ee538aadbfa - - - - - -] Creating instance of TrackedResource for resource:security_group_rule
2026-07-02 05:50:03.891 8 WARNING neutron.quota.resource_registry [None req-7efde157-69c0-4222-b0d8-6ee538aadbfa - - - - - -] security_group_rule is already registered
2026-07-02 05:50:03.892 9 INFO neutron.db.ovn_hash_ring_db [None req-f2b49300-7500-41b7-bbc5-bdbae1fe8b15 - - - - - -] Nodes from host "neutron-server-bff6d4855-5h87g" and group "mechanism_driver" removed from the Hash Ring created at
2026-07-02 05:50:03+00:00
2026-07-02 05:50:03.892 8 INFO neutron.quota.resource_registry [None req-7efde157-69c0-4222-b0d8-6ee538aadbfa - - - - - -] Creating instance of TrackedResource for resource:subnetpool
2026-07-02 05:50:03.892 8 WARNING neutron.quota.resource_registry [None req-7efde157-69c0-4222-b0d8-6ee538aadbfa - - - - - -] subnetpool is already registered
2026-07-02 05:50:03.893 8 INFO neutron.quota.resource_registry [None req-7efde157-69c0-4222-b0d8-6ee538aadbfa - - - - - -] Creating instance of CountableResource for resource:trunk
2026-07-02 05:50:03.893 8 WARNING neutron.quota.resource_registry [None req-7efde157-69c0-4222-b0d8-6ee538aadbfa - - - - - -] trunk is already registered
2026-07-02 05:50:03.893 8 INFO neutron.quota.resource_registry [None req-7efde157-69c0-4222-b0d8-6ee538aadbfa - - - - - -] Creating instance of CountableResource for resource:ikepolicy
2026-07-02 05:50:03.893 8 WARNING neutron.quota.resource_registry [None req-7efde157-69c0-4222-b0d8-6ee538aadbfa - - - - - -] ikepolicy is already registered
2026-07-02 05:50:03.894 9 INFO neutron.db.ovn_hash_ring_db [None req-f2b49300-7500-41b7-bbc5-bdbae1fe8b15 - - - - - -] Node f5cdd66e4fda553ca2f5d3b02b195e81 from host "neutron-server-bff6d4855-5h87g" and group "mechanism_driver" added to the Hash Ring
2026-07-02 05:50:03.894 8 INFO neutron.quota.resource_registry [None req-7efde157-69c0-4222-b0d8-6ee538aadbfa - - - - - -] Creating instance of CountableResource for resource:ipsecpolicy
2026-07-02 05:50:03.894 8 WARNING neutron.quota.resource_registry [None req-7efde157-69c0-4222-b0d8-6ee538aadbfa - - - - - -] ipsecpolicy is already registered
2026-07-02 05:50:03.894 8 INFO neutron.quota.resource_registry [None req-7efde157-69c0-4222-b0d8-6ee538aadbfa - - - - - -] Creating instance of CountableResource for resource:endpoint_group
2026-07-02 05:50:03.894 8 WARNING neutron.quota.resource_registry [None req-7efde157-69c0-4222-b0d8-6ee538aadbfa - - - - - -] endpoint_group is already registered
2026-07-02 05:50:03.895 8 INFO neutron.quota.resource_registry [None req-7efde157-69c0-4222-b0d8-6ee538aadbfa - - - - - -] Creating instance of CountableResource for resource:vpnservice
2026-07-02 05:50:03.895 8 WARNING neutron.quota.resource_registry [None req-7efde157-69c0-4222-b0d8-6ee538aadbfa - - - - - -] vpnservice is already registered
2026-07-02 05:50:03.895 8 INFO neutron.quota.resource_registry [None req-7efde157-69c0-4222-b0d8-6ee538aadbfa - - - - - -] Creating instance of CountableResource for resource:ipsec_site_connection
2026-07-02 05:50:03.895 8 WARNING neutron.quota.resource_registry [None req-7efde157-69c0-4222-b0d8-6ee538aadbfa - - - - - -] ipsec_site_connection is already registered
2026-07-02 05:50:03.896 8 INFO neutron.quota.resource_registry [None req-7efde157-69c0-4222-b0d8-6ee538aadbfa - - - - - -] Creating instance of CountableResource for resource:ipsecpolicy
2026-07-02 05:50:03.896 8 WARNING neutron.quota.resource_registry [None req-7efde157-69c0-4222-b0d8-6ee538aadbfa - - - - - -] ipsecpolicy is already registered
2026-07-02 05:50:03.896 8 INFO neutron.quota.resource_registry [None req-7efde157-69c0-4222-b0d8-6ee538aadbfa - - - - - -] Creating instance of CountableResource for resource:ikepolicy
2026-07-02 05:50:03.897 8 WARNING neutron.quota.resource_registry [None req-7efde157-69c0-4222-b0d8-6ee538aadbfa - - - - - -] ikepolicy is already registered
2026-07-02 05:50:03.900 9 INFO neutron.plugins.ml2.drivers.ovn.mech_driver.mech_driver [None req-f2b49300-7500-41b7-bbc5-bdbae1fe8b15 - - - - - -] Hash Ring probing thread for node f5cdd66e4fda553ca2f5d3b02b195e81 has started
2026-07-02 05:50:03.901 9 INFO neutron.plugins.ml2.drivers.ovn.mech_driver.ovsdb.impl_idl_ovn [None req-f2b49300-7500-41b7-bbc5-bdbae1fe8b15 - - - - - -] Getting OvsdbNbOvnIdl for WorkerService with retry
2026-07-02 05:50:03.932 9 INFO ovsdbapp.backend.ovs_idl.vlog [None req-f2b49300-7500-41b7-bbc5-bdbae1fe8b15 - - - - - -] tcp:10.96.135.33:6641: connecting...
2026-07-02 05:50:03.932 9 INFO ovsdbapp.backend.ovs_idl.vlog [None req-f2b49300-7500-41b7-bbc5-bdbae1fe8b15 - - - - - -] tcp:10.96.135.33:6641: connected
2026-07-02 05:50:03.932 8 WARNING keystonemiddleware._common.config [None req-7efde157-69c0-4222-b0d8-6ee538aadbfa - - - - - -] The option "audit_map_file" is not known to keystonemiddleware
2026-07-02 05:50:03.938 8 WARNING oslo_config.cfg [None req-7efde157-69c0-4222-b0d8-6ee538aadbfa - - - - - -] Deprecated: Option "auth_uri" from group "keystone_authtoken" is deprecated. Use option "www_authenticate_uri" from group "keystone_authtoken".
2026-07-02 05:50:03.959 8 WARNING neutron.plugins.ml2.drivers.ovn.mech_driver.mech_driver [None req-7efde157-69c0-4222-b0d8-6ee538aadbfa - - - - - -] uWSGI must provide a start time using the configuration parameter "start-time %t" in the configuration file
2026-07-02 05:50:03.973 8 INFO neutron.db.ovn_hash_ring_db [None req-7efde157-69c0-4222-b0d8-6ee538aadbfa - - - - - -] Nodes from host "neutron-server-bff6d4855-5h87g" and group "mechanism_driver" removed from the Hash Ring created at
2026-07-02 05:50:03+00:00
2026-07-02 05:50:03.975 8 INFO neutron.db.ovn_hash_ring_db [None req-7efde157-69c0-4222-b0d8-6ee538aadbfa - - - - - -] Node 7ed4e2664f0453358c3d279c2d8766fc from host "neutron-server-bff6d4855-5h87g" and group "mechanism_driver" added to the Hash Ring
2026-07-02 05:50:03.986 8 INFO neutron.plugins.ml2.drivers.ovn.mech_driver.mech_driver [None req-7efde157-69c0-4222-b0d8-6ee538aadbfa - - - - - -] Hash Ring probing thread for node 7ed4e2664f0453358c3d279c2d8766fc has started
2026-07-02 05:50:03.987 8 INFO neutron.plugins.ml2.drivers.ovn.mech_driver.ovsdb.impl_idl_ovn [None req-7efde157-69c0-4222-b0d8-6ee538aadbfa - - - - - -] Getting OvsdbNbOvnIdl for WorkerService with retry
2026-07-02 05:50:03.991 9 INFO neutron.plugins.ml2.drivers.ovn.mech_driver.ovsdb.impl_idl_ovn [None req-f2b49300-7500-41b7-bbc5-bdbae1fe8b15 - - - - - -] Getting OvsdbSbOvnIdl for WorkerService with retry
2026-07-02 05:50:04.012 9 INFO ovsdbapp.backend.ovs_idl.vlog [None req-f2b49300-7500-41b7-bbc5-bdbae1fe8b15 - - - - - -] tcp:10.101.133.138:6642: connecting...
2026-07-02 05:50:04.012 9 INFO ovsdbapp.backend.ovs_idl.vlog [None req-f2b49300-7500-41b7-bbc5-bdbae1fe8b15 - - - - - -] tcp:10.101.133.138:6642: connected
2026-07-02 05:50:04.016 8 INFO ovsdbapp.backend.ovs_idl.vlog [None req-7efde157-69c0-4222-b0d8-6ee538aadbfa - - - - - -] tcp:10.96.135.33:6641: connecting...
2026-07-02 05:50:04.016 8 INFO ovsdbapp.backend.ovs_idl.vlog [None req-7efde157-69c0-4222-b0d8-6ee538aadbfa - - - - - -] tcp:10.96.135.33:6641: connected
2026-07-02 05:50:04.043 9 INFO neutron.plugins.ml2.drivers.ovn.mech_driver.mech_driver [None req-f2b49300-7500-41b7-bbc5-bdbae1fe8b15 - - - - - -] WorkerService process has finished the post initialization
2026-07-02 05:50:04.050 8 INFO neutron.plugins.ml2.drivers.ovn.mech_driver.ovsdb.impl_idl_ovn [None req-7efde157-69c0-4222-b0d8-6ee538aadbfa - - - - - -] Getting OvsdbSbOvnIdl for WorkerService with retry
2026-07-02 05:50:04.065 9 INFO ovsdbapp.backend.ovs_idl.vlog [None req-f2b49300-7500-41b7-bbc5-bdbae1fe8b15 - - - - - -] tcp:10.96.135.33:6641: connecting...
2026-07-02 05:50:04.065 9 INFO ovsdbapp.backend.ovs_idl.vlog [None req-f2b49300-7500-41b7-bbc5-bdbae1fe8b15 - - - - - -] tcp:10.96.135.33:6641: connected
2026-07-02 05:50:04.068 8 INFO ovsdbapp.backend.ovs_idl.vlog [None req-7efde157-69c0-4222-b0d8-6ee538aadbfa - - - - - -] tcp:10.101.133.138:6642: connecting...
2026-07-02 05:50:04.068 8 INFO ovsdbapp.backend.ovs_idl.vlog [None req-7efde157-69c0-4222-b0d8-6ee538aadbfa - - - - - -] tcp:10.101.133.138:6642: connected
2026-07-02 05:50:04.095 8 INFO neutron.plugins.ml2.drivers.ovn.mech_driver.mech_driver [None req-7efde157-69c0-4222-b0d8-6ee538aadbfa - - - - - -] WorkerService process has finished the post initialization
2026-07-02 05:50:04.096 8 INFO neutron.plugins.ml2.drivers.ovn.mech_driver.ovsdb.extensions.qos [-] Starting OVNClientQosExtension
2026-07-02 05:50:04.096 8 INFO neutron.plugins.ml2.drivers.ovn.mech_driver.ovsdb.extensions.placement [-] Starting OVNClientPlacementExtension
2026-07-02 05:50:04.117 8 INFO ovsdbapp.backend.ovs_idl.vlog [None req-7efde157-69c0-4222-b0d8-6ee538aadbfa - - - - - -] tcp:10.96.135.33:6641: connecting...
2026-07-02 05:50:04.117 8 INFO ovsdbapp.backend.ovs_idl.vlog [None req-7efde157-69c0-4222-b0d8-6ee538aadbfa - - - - - -] tcp:10.96.135.33:6641: connected
2026-07-02 05:50:04.276 9 INFO ovsdbapp.backend.ovs_idl.vlog [None req-f2b49300-7500-41b7-bbc5-bdbae1fe8b15 - - - - - -] tcp:10.96.135.33:6641: connecting...
2026-07-02 05:50:04.276 9 INFO ovsdbapp.backend.ovs_idl.vlog [None req-f2b49300-7500-41b7-bbc5-bdbae1fe8b15 - - - - - -] tcp:10.96.135.33:6641: connected WSGI app 0 (mountpoint='') ready in 10 seconds on interpreter 0x7efe7d479668 pid: 9 (default app)
2026-07-02 05:50:04.318 8 INFO ovsdbapp.backend.ovs_idl.vlog [None req-7efde157-69c0-4222-b0d8-6ee538aadbfa - - - - - -] tcp:10.96.135.33:6641: connecting...
2026-07-02 05:50:04.318 8 INFO ovsdbapp.backend.ovs_idl.vlog [None req-7efde157-69c0-4222-b0d8-6ee538aadbfa - - - - - -] tcp:10.96.135.33:6641: connected WSGI app 0 (mountpoint='') ready in 10 seconds on interpreter 0x7efe7d479668 pid: 8 (default app) /var/lib/openstack/lib/python3.12/site-packages/pycadf/identifier.py:70: UserWarning: Invalid uuid: unknown. To ensure interoperability, identifiers should be a valid uuid. warnings.warn(('Invalid uuid: %s. To ensure interoperability, '
2026-07-02 05:50:12.409 9 INFO neutron.pecan_wsgi.hooks.translation [None req-77f492e0-6cc8-42e1-a8ed-840a7d2da635 836b780a28c2466fad8f3e2caa670dc2 3b9850a79718492e89813c5cef85d5cc - - default default] GET failed (client error): The resource could not be found. [pid: 9|app: 0|req: 2/3] 199.204.45.109 () {44 vars in 927 bytes} [Thu Jul 2 05:50:11 2026] GET /v2.0/networks/public => generated 108 bytes in 588 msecs (HTTP/1.1 404) 4 headers in 164 bytes (1 switches on core 0) /var/lib/openstack/lib/python3.12/site-packages/pycadf/identifier.py:70: UserWarning: Invalid uuid: unknown. To ensure interoperability, identifiers should be a valid uuid. warnings.warn(('Invalid uuid: %s. To ensure interoperability, ' [pid: 8|app: 0|req: 2/4] 199.204.45.109 () {44 vars in 949 bytes} [Thu Jul 2 05:50:12 2026] GET /v2.0/networks?name=public => generated 15 bytes in 201 msecs (HTTP/1.1 200) 4 headers in 156 bytes (1 switches on core 0)
2026-07-02 05:50:12.916 9 INFO neutron.plugins.ml2.drivers.ovn.mech_driver.ovsdb.extensions.qos [None req-30b0c141-ca05-4781-9061-3899cd602900 836b780a28c2466fad8f3e2caa670dc2 3b9850a79718492e89813c5cef85d5cc - - default default] Starting OVNClientQosExtension
2026-07-02 05:50:12.917 9 INFO neutron.plugins.ml2.drivers.ovn.mech_driver.ovsdb.extensions.placement [None req-30b0c141-ca05-4781-9061-3899cd602900 836b780a28c2466fad8f3e2caa670dc2 3b9850a79718492e89813c5cef85d5cc - - default default] Starting OVNClientPlacementExtension
2026-07-02 05:50:12.955 9 INFO neutron.db.ovn_revision_numbers_db [None req-30b0c141-ca05-4781-9061-3899cd602900 836b780a28c2466fad8f3e2caa670dc2 3b9850a79718492e89813c5cef85d5cc - - default default] Successfully bumped revision number for resource 862903a5-8347-4e89-9ae1-9d3076b03f42 (type: security_groups) to 1
2026-07-02 05:50:12.967 9 INFO neutron.db.ovn_revision_numbers_db [None req-30b0c141-ca05-4781-9061-3899cd602900 836b780a28c2466fad8f3e2caa670dc2 3b9850a79718492e89813c5cef85d5cc - - default default] Successfully bumped revision number for resource 0943bfbd-e049-40fa-a03d-d51d6f8f92e1 (type: security_group_rules) to 0
2026-07-02 05:50:12.979 9 INFO neutron.db.ovn_revision_numbers_db [None req-30b0c141-ca05-4781-9061-3899cd602900 836b780a28c2466fad8f3e2caa670dc2 3b9850a79718492e89813c5cef85d5cc - - default default] Successfully bumped revision number for resource 3dbad738-dd95-4142-a6bf-2699b45044d4 (type: security_group_rules) to 0
2026-07-02 05:50:12.990 9 INFO neutron.db.ovn_revision_numbers_db [None req-30b0c141-ca05-4781-9061-3899cd602900 836b780a28c2466fad8f3e2caa670dc2 3b9850a79718492e89813c5cef85d5cc - - default default] Successfully bumped revision number for resource 4a8732fe-70e9-42d0-88ca-60995d628047 (type: security_group_rules) to 0
2026-07-02 05:50:13.004 9 INFO neutron.db.ovn_revision_numbers_db [None req-30b0c141-ca05-4781-9061-3899cd602900 836b780a28c2466fad8f3e2caa670dc2 3b9850a79718492e89813c5cef85d5cc - - default default] Successfully bumped revision number for resource 740db9d3-fa72-46aa-830b-c8073b2e4d0c (type: security_group_rules) to 0
2026-07-02 05:50:13.086 9 WARNING neutron.services.revisions.revision_plugin [None req-30b0c141-ca05-4781-9061-3899cd602900 836b780a28c2466fad8f3e2caa670dc2 3b9850a79718492e89813c5cef85d5cc - - default default] Could not find related network for resource to bump revision.
2026-07-02 05:50:13.113 9 INFO neutron.db.segments_db [None req-30b0c141-ca05-4781-9061-3899cd602900 836b780a28c2466fad8f3e2caa670dc2 3b9850a79718492e89813c5cef85d5cc - - default default] Added segment 9ede5db8-64d5-40a7-99db-f8fcd7c85e14 of type flat for network 1d023a09-8e88-438f-9236-01c64d27464e
2026-07-02 05:50:13.250 9 INFO neutron.plugins.ml2.drivers.ovn.mech_driver.mech_driver [-] OVN reports status down for port: provnet-9ede5db8-64d5-40a7-99db-f8fcd7c85e14
2026-07-02 05:50:13.322 9 INFO neutron.db.ovn_revision_numbers_db [None req-30b0c141-ca05-4781-9061-3899cd602900 836b780a28c2466fad8f3e2caa670dc2 3b9850a79718492e89813c5cef85d5cc - - default default] Successfully bumped revision number for resource 1d023a09-8e88-438f-9236-01c64d27464e (type: networks) to 1
2026-07-02 05:50:13.752 9 WARNING neutron.scheduler.dhcp_agent_scheduler [None req-30b0c141-ca05-4781-9061-3899cd602900 836b780a28c2466fad8f3e2caa670dc2 3b9850a79718492e89813c5cef85d5cc - - default default] No more DHCP agents
2026-07-02 05:50:13.754 9 WARNING neutron.api.rpc.agentnotifiers.dhcp_rpc_agent_api [None req-30b0c141-ca05-4781-9061-3899cd602900 836b780a28c2466fad8f3e2caa670dc2 3b9850a79718492e89813c5cef85d5cc - - default default] Unable to schedule network 1d023a09-8e88-438f-9236-01c64d27464e: no agents available; will retry on subsequent port and subnet creation events.
2026-07-02 05:50:13.816 8 INFO neutron.plugins.ml2.drivers.ovn.mech_driver.mech_driver [-] OVN reports status down for port: 2e4f9669-a344-4a13-88bf-9f1793591e49
2026-07-02 05:50:13.822 9 INFO neutron.plugins.ml2.drivers.ovn.mech_driver.mech_driver [None req-7a7f4e69-7dc9-435d-b1b6-c6679fe8785c - - - - - -] OVN reports status down for port: 2e4f9669-a344-4a13-88bf-9f1793591e49
2026-07-02 05:50:13.906 9 INFO neutron.db.ovn_revision_numbers_db [None req-30b0c141-ca05-4781-9061-3899cd602900 836b780a28c2466fad8f3e2caa670dc2 3b9850a79718492e89813c5cef85d5cc - - default default] Successfully bumped revision number for resource 2e4f9669-a344-4a13-88bf-9f1793591e49 (type: ports) to 1 [pid: 9|app: 0|req: 3/5] 199.204.45.109 () {48 vars in 967 bytes} [Thu Jul 2 05:50:12 2026] POST /v2.0/networks => generated 744 bytes in 1314 msecs (HTTP/1.1 201) 4 headers in 162 bytes (1 switches on core 0)
2026-07-02 05:50:15.323 8 INFO neutron.pecan_wsgi.hooks.translation [None req-5e9f35e8-9440-4913-a977-16d096799c7e 836b780a28c2466fad8f3e2caa670dc2 3b9850a79718492e89813c5cef85d5cc - - default default] GET failed (client error): The resource could not be found. [pid: 8|app: 0|req: 3/6] 199.204.45.109 () {44 vars in 927 bytes} [Thu Jul 2 05:50:14 2026] GET /v2.0/networks/public => generated 108 bytes in 372 msecs (HTTP/1.1 404) 4 headers in 164 bytes (1 switches on core 0) [pid: 9|app: 0|req: 4/7] 199.204.45.109 () {44 vars in 949 bytes} [Thu Jul 2 05:50:15 2026] GET /v2.0/networks?name=public => generated 753 bytes in 34 msecs (HTTP/1.1 200) 4 headers in 157 bytes (1 switches on core 0)
2026-07-02 05:50:15.398 8 INFO neutron.pecan_wsgi.hooks.translation [None req-951e9158-72fe-4790-80cd-5e30c2a7debb 836b780a28c2466fad8f3e2caa670dc2 3b9850a79718492e89813c5cef85d5cc - - default default] GET failed (client error): The resource could not be found. [pid: 8|app: 0|req: 4/8] 199.204.45.109 () {44 vars in 1034 bytes} [Thu Jul 2 05:50:15 2026] GET /v2.0/subnets/public-subnet?network_id=1d023a09-8e88-438f-9236-01c64d27464e => generated 113 bytes in 28 msecs (HTTP/1.1 404) 4 headers in 164 bytes (1 switches on core 0) [pid: 9|app: 0|req: 5/9] 199.204.45.109 () {44 vars in 1057 bytes} [Thu Jul 2 05:50:15 2026] GET /v2.0/subnets?name=public-subnet&network_id=1d023a09-8e88-438f-9236-01c64d27464e => generated 14 bytes in 20 msecs (HTTP/1.1 200) 4 headers in 156 bytes (1 switches on core 0)
2026-07-02 05:50:15.861 8 WARNING neutron.scheduler.dhcp_agent_scheduler [None req-65aad8d6-02f1-47f1-b60f-884858e35de4 836b780a28c2466fad8f3e2caa670dc2 3b9850a79718492e89813c5cef85d5cc - - default default] No more DHCP agents
2026-07-02 05:50:15.862 8 WARNING neutron.api.rpc.agentnotifiers.dhcp_rpc_agent_api [None req-65aad8d6-02f1-47f1-b60f-884858e35de4 836b780a28c2466fad8f3e2caa670dc2 3b9850a79718492e89813c5cef85d5cc - - default default] Unable to schedule network 1d023a09-8e88-438f-9236-01c64d27464e: no agents available; will retry on subsequent port and subnet creation events.
2026-07-02 05:50:16.628 8 INFO neutron.db.ovn_revision_numbers_db [None req-12bfc946-e195-4020-9966-022a806c1098 - - - - - -] Successfully bumped revision number for resource 2e4f9669-a344-4a13-88bf-9f1793591e49 (type: ports) to 2
2026-07-02 05:50:16.676 8 INFO neutron.db.ovn_revision_numbers_db [None req-12bfc946-e195-4020-9966-022a806c1098 - - - - - -] Successfully bumped revision number for resource 33431b84-aeb1-4fc4-bd52-b8558f1f94b6 (type: subnets) to 0 [pid: 8|app: 0|req: 5/10] 199.204.45.109 () {48 vars in 965 bytes} [Thu Jul 2 05:50:15 2026] POST /v2.0/subnets => generated 664 bytes in 1267 msecs (HTTP/1.1 201) 4 headers in 162 bytes (1 switches on core 0)
2026-07-02 05:55:01.644 9 INFO neutron.pecan_wsgi.hooks.translation [None req-64392c52-cf0a-49a3-8ddb-e034d00e61fc 836b780a28c2466fad8f3e2caa670dc2 3b9850a79718492e89813c5cef85d5cc - - default default] GET failed (client error): The resource could not be found. [pid: 9|app: 0|req: 24/46] 199.204.45.109 () {44 vars in 937 bytes} [Thu Jul 2 05:55:01 2026] GET /v2.0/networks/lb-mgmt-net => generated 113 bytes in 103 msecs (HTTP/1.1 404) 4 headers in 164 bytes (1 switches on core 0) [pid: 8|app: 0|req: 23/47] 199.204.45.109 () {44 vars in 959 bytes} [Thu Jul 2 05:55:01 2026] GET /v2.0/networks?name=lb-mgmt-net => generated 15 bytes in 18 msecs (HTTP/1.1 200) 4 headers in 156 bytes (1 switches on core 0)
2026-07-02 05:55:01.760 9 INFO neutron.db.segments_db [None req-208f505e-4805-4c83-b851-d6aa2ce035f8 836b780a28c2466fad8f3e2caa670dc2 3b9850a79718492e89813c5cef85d5cc - - default default] Added segment 5bc5c26f-a052-47fd-8cd5-55c71fe19efa of type geneve for network 60941f7a-e7cc-40d8-8713-7b88f2ba96ff
2026-07-02 05:55:01.893 9 INFO neutron.db.ovn_revision_numbers_db [None req-208f505e-4805-4c83-b851-d6aa2ce035f8 836b780a28c2466fad8f3e2caa670dc2 3b9850a79718492e89813c5cef85d5cc - - default default] Successfully bumped revision number for resource 60941f7a-e7cc-40d8-8713-7b88f2ba96ff (type: networks) to 1
2026-07-02 05:55:02.037 9 WARNING neutron.scheduler.dhcp_agent_scheduler [None req-208f505e-4805-4c83-b851-d6aa2ce035f8 836b780a28c2466fad8f3e2caa670dc2 3b9850a79718492e89813c5cef85d5cc - - default default] No more DHCP agents
2026-07-02 05:55:02.038 9 WARNING neutron.api.rpc.agentnotifiers.dhcp_rpc_agent_api [None req-208f505e-4805-4c83-b851-d6aa2ce035f8 836b780a28c2466fad8f3e2caa670dc2 3b9850a79718492e89813c5cef85d5cc - - default default] Unable to schedule network 60941f7a-e7cc-40d8-8713-7b88f2ba96ff: no agents available; will retry on subsequent port and subnet creation events.
2026-07-02 05:55:02.077 9 INFO neutron.plugins.ml2.drivers.ovn.mech_driver.mech_driver [None req-7a7f4e69-7dc9-435d-b1b6-c6679fe8785c - - - - - -] OVN reports status down for port: 33f7777d-2232-4cf7-ba14-b37c5fc484b6
