2026-07-02 06:27:31.670 8 INFO neutron.db.ovn_revision_numbers_db [None req-1e908505-401c-41a1-af11-a0b3fd1069e9 1945df8127f0432e81cb470809154643 06fa32b549e94e2c906945f4e2582bcd - - default default] Successfully bumped revision number for resource bdd8ce6c-eb3b-4878-91ce-2160cef4d4b5 (type: ports) to 1 [pid: 8|app: 0|req: 834/1550] 10.0.0.123 () {34 vars in 669 bytes} [Thu Jul 2 06:27:31 2026] POST /v2.0/networks => generated 668 bytes in 503 msecs (HTTP/1.1 201) 4 headers in 162 bytes (1 switches on core 0) [pid: 8|app: 0|req: 835/1551] 10.0.0.164 () {34 vars in 989 bytes} [Thu Jul 2 06:27:31 2026] GET /v2.0/ports?device_id=7fe6835d-885f-487f-8b9c-7b9c66068f96 => generated 973 bytes in 68 msecs (HTTP/1.1 200) 4 headers in 157 bytes (1 switches on core 0)
2026-07-02 06:27:31.898 9 WARNING neutron.scheduler.dhcp_agent_scheduler [None req-eacea322-6176-4220-a9b5-7b88d0e105e2 1945df8127f0432e81cb470809154643 06fa32b549e94e2c906945f4e2582bcd - - default default] No more DHCP agents
2026-07-02 06:27:31.899 9 WARNING neutron.api.rpc.agentnotifiers.dhcp_rpc_agent_api [None req-eacea322-6176-4220-a9b5-7b88d0e105e2 1945df8127f0432e81cb470809154643 06fa32b549e94e2c906945f4e2582bcd - - default default] Unable to schedule network a45c9f8b-099a-4d50-ac55-b2c3e623c576: no agents available; will retry on subsequent port and subnet creation events. [pid: 8|app: 0|req: 836/1552] 10.0.0.164 () {34 vars in 1039 bytes} [Thu Jul 2 06:27:31 2026] GET /v2.0/security-groups?id=dd89bc7c-7978-4073-83e5-8b68d37d0782&fields=id&fields=name => generated 88 bytes in 37 msecs (HTTP/1.1 200) 4 headers in 156 bytes (1 switches on core 0)
2026-07-02 06:27:32.319 9 INFO neutron.db.ovn_revision_numbers_db [None req-bb6023a8-7894-4099-adda-5f93696f7ed4 - - - - - -] Successfully bumped revision number for resource bdd8ce6c-eb3b-4878-91ce-2160cef4d4b5 (type: ports) to 2
2026-07-02 06:27:32.344 9 INFO neutron.db.ovn_revision_numbers_db [None req-bb6023a8-7894-4099-adda-5f93696f7ed4 - - - - - -] Successfully bumped revision number for resource e288a407-9a86-4c70-a2ed-4bf6bd14d1f5 (type: subnets) to 0 [pid: 9|app: 0|req: 717/1553] 10.0.0.123 () {34 vars in 668 bytes} [Thu Jul 2 06:27:31 2026] POST /v2.0/subnets => generated 626 bytes in 662 msecs (HTTP/1.1 201) 4 headers in 162 bytes (1 switches on core 0)
2026-07-02 06:27:32.465 8 INFO neutron.db.ovn_revision_numbers_db [None req-1d4fb326-7d50-4c1d-9e28-bdf02360c456 1945df8127f0432e81cb470809154643 06fa32b549e94e2c906945f4e2582bcd - - default default] Successfully bumped revision number for resource 6cd0f8b5-7edb-4075-a94b-37dc1ece7713 (type: routers) to 1 [pid: 8|app: 0|req: 837/1554] 10.0.0.123 () {34 vars in 668 bytes} [Thu Jul 2 06:27:32 2026] POST /v2.0/routers => generated 603 bytes in 115 msecs (HTTP/1.1 201) 4 headers in 162 bytes (1 switches on core 0)
2026-07-02 06:27:32.838 9 WARNING neutron.scheduler.dhcp_agent_scheduler [None req-22cf18fb-7457-4add-8f9b-1a88f210472d 1945df8127f0432e81cb470809154643 06fa32b549e94e2c906945f4e2582bcd - - default default] No more DHCP agents
2026-07-02 06:27:32.839 9 WARNING neutron.api.rpc.agentnotifiers.dhcp_rpc_agent_api [None req-22cf18fb-7457-4add-8f9b-1a88f210472d 1945df8127f0432e81cb470809154643 06fa32b549e94e2c906945f4e2582bcd - - default default] Unable to schedule network a45c9f8b-099a-4d50-ac55-b2c3e623c576: no agents available; will retry on subsequent port and subnet creation events.
2026-07-02 06:27:33.039 9 INFO neutron.db.ovn_revision_numbers_db [None req-22cf18fb-7457-4add-8f9b-1a88f210472d 1945df8127f0432e81cb470809154643 06fa32b549e94e2c906945f4e2582bcd - - default default] Successfully bumped revision number for resource 9eff5873-537b-4a89-97b2-245066d0673c (type: ports) to 1 [pid: 8|app: 0|req: 838/1555] 10.0.0.164 () {34 vars in 989 bytes} [Thu Jul 2 06:27:32 2026] GET /v2.0/ports?device_id=7fe6835d-885f-487f-8b9c-7b9c66068f96 => generated 973 bytes in 59 msecs (HTTP/1.1 200) 4 headers in 157 bytes (1 switches on core 0) [pid: 8|app: 0|req: 839/1556] 10.0.0.164 () {34 vars in 1039 bytes} [Thu Jul 2 06:27:33 2026] GET /v2.0/security-groups?id=dd89bc7c-7978-4073-83e5-8b68d37d0782&fields=id&fields=name => generated 88 bytes in 38 msecs (HTTP/1.1 200) 4 headers in 156 bytes (1 switches on core 0)
2026-07-02 06:27:33.652 9 WARNING neutron.scheduler.dhcp_agent_scheduler [None req-22cf18fb-7457-4add-8f9b-1a88f210472d 1945df8127f0432e81cb470809154643 06fa32b549e94e2c906945f4e2582bcd - - default default] No more DHCP agents
2026-07-02 06:27:33.654 9 WARNING neutron.api.rpc.agentnotifiers.dhcp_rpc_agent_api [None req-22cf18fb-7457-4add-8f9b-1a88f210472d 1945df8127f0432e81cb470809154643 06fa32b549e94e2c906945f4e2582bcd - - default default] Unable to schedule network a45c9f8b-099a-4d50-ac55-b2c3e623c576: no agents available; will retry on subsequent port and subnet creation events.
2026-07-02 06:27:33.840 9 INFO neutron.db.ovn_revision_numbers_db [None req-22cf18fb-7457-4add-8f9b-1a88f210472d 1945df8127f0432e81cb470809154643 06fa32b549e94e2c906945f4e2582bcd - - default default] Successfully bumped revision number for resource 9eff5873-537b-4a89-97b2-245066d0673c (type: router_ports) to 1 [pid: 9|app: 0|req: 718/1557] 10.0.0.123 () {34 vars in 782 bytes} [Thu Jul 2 06:27:32 2026] PUT /v2.0/routers/6cd0f8b5-7edb-4075-a94b-37dc1ece7713/add_router_interface => generated 309 bytes in 1362 msecs (HTTP/1.1 200) 4 headers in 157 bytes (1 switches on core 0) [pid: 8|app: 0|req: 840/1558] 10.0.0.123 () {32 vars in 716 bytes} [Thu Jul 2 06:27:33 2026] GET /v2.0/ports/9eff5873-537b-4a89-97b2-245066d0673c => generated 941 bytes in 70 msecs (HTTP/1.1 200) 4 headers in 157 bytes (1 switches on core 0) [pid: 9|app: 0|req: 719/1559] 10.0.0.123 () {32 vars in 716 bytes} [Thu Jul 2 06:27:33 2026] GET /v2.0/ports/9eff5873-537b-4a89-97b2-245066d0673c => generated 941 bytes in 39 msecs (HTTP/1.1 200) 4 headers in 157 bytes (1 switches on core 0) [pid: 8|app: 0|req: 841/1560] 10.0.0.164 () {34 vars in 989 bytes} [Thu Jul 2 06:27:34 2026] GET /v2.0/ports?device_id=7fe6835d-885f-487f-8b9c-7b9c66068f96 => generated 973 bytes in 41 msecs (HTTP/1.1 200) 4 headers in 157 bytes (1 switches on core 0) [pid: 9|app: 0|req: 720/1561] 10.0.0.164 () {34 vars in 1039 bytes} [Thu Jul 2 06:27:34 2026] GET /v2.0/security-groups?id=dd89bc7c-7978-4073-83e5-8b68d37d0782&fields=id&fields=name => generated 88 bytes in 28 msecs (HTTP/1.1 200) 4 headers in 156 bytes (1 switches on core 0)
2026-07-02 06:27:34.656 8 INFO neutron.db.ovn_revision_numbers_db [None req-2d360fc9-c0eb-4782-8299-aae24f934315 836b780a28c2466fad8f3e2caa670dc2 3b9850a79718492e89813c5cef85d5cc - - default default] Successfully bumped revision number for resource 363ec398-c69c-4ca4-a54d-ade797990808 (type: security_groups) to 1
2026-07-02 06:27:34.669 8 INFO neutron.db.ovn_revision_numbers_db [None req-2d360fc9-c0eb-4782-8299-aae24f934315 836b780a28c2466fad8f3e2caa670dc2 3b9850a79718492e89813c5cef85d5cc - - default default] Successfully bumped revision number for resource 338918ed-0e3b-4d7a-a0fa-9a19980d07a5 (type: security_group_rules) to 0
2026-07-02 06:27:34.684 8 INFO neutron.db.ovn_revision_numbers_db [None req-2d360fc9-c0eb-4782-8299-aae24f934315 836b780a28c2466fad8f3e2caa670dc2 3b9850a79718492e89813c5cef85d5cc - - default default] Successfully bumped revision number for resource 543b6bd0-03f0-4bed-98fd-70d453c81ae5 (type: security_group_rules) to 0
2026-07-02 06:27:34.695 8 INFO neutron.db.ovn_revision_numbers_db [None req-2d360fc9-c0eb-4782-8299-aae24f934315 836b780a28c2466fad8f3e2caa670dc2 3b9850a79718492e89813c5cef85d5cc - - default default] Successfully bumped revision number for resource 689aab02-c427-4fad-9242-f2659e379cac (type: security_group_rules) to 0
2026-07-02 06:27:34.721 8 WARNING neutron.plugins.ml2.drivers.ovn.mech_driver.ovsdb.ovn_client [None req-5870f2cd-9aa7-447c-affb-29f976db3121 - - - - - -] No port found with ID 23aecc4c-bc3c-476d-9049-c8f170124e41: RuntimeError: No port found with ID 23aecc4c-bc3c-476d-9049-c8f170124e41
2026-07-02 06:27:34.732 8 INFO neutron.db.ovn_revision_numbers_db [None req-2d360fc9-c0eb-4782-8299-aae24f934315 836b780a28c2466fad8f3e2caa670dc2 3b9850a79718492e89813c5cef85d5cc - - default default] Successfully bumped revision number for resource ee5535f5-1772-4f46-9273-7183194bdc91 (type: security_group_rules) to 0
2026-07-02 06:27:34.752 8 INFO neutron.plugins.ml2.drivers.ovn.mech_driver.mech_driver [None req-5870f2cd-9aa7-447c-affb-29f976db3121 - - - - - -] OVN reports status down for port: bdd8ce6c-eb3b-4878-91ce-2160cef4d4b5 [pid: 8|app: 0|req: 842/1562] 10.0.0.123 () {32 vars in 773 bytes} [Thu Jul 2 06:27:34 2026] GET /v2.0/security-groups?tenant_id=aa14df3639a24065a981daba456b720f&name=default => generated 2925 bytes in 402 msecs (HTTP/1.1 200) 4 headers in 158 bytes (1 switches on core 0)
2026-07-02 06:27:34.845 8 INFO neutron.plugins.ml2.drivers.ovn.mech_driver.mech_driver [None req-5870f2cd-9aa7-447c-affb-29f976db3121 - - - - - -] OVN reports status up for port: f35caddc-ae0f-476c-9d43-a6afb8789a8b
2026-07-02 06:27:34.854 8 INFO neutron.plugins.ml2.plugin [None req-5870f2cd-9aa7-447c-affb-29f976db3121 - - - - - -] Attempt 1 to provision port f35caddc-ae0f-476c-9d43-a6afb8789a8b
2026-07-02 06:27:34.951 8 INFO neutron.notifiers.nova [-] Nova event matching ['req-fe2783fb-abb5-48b9-b9ec-516041c5eabd'] response: {'server_uuid': '7fe6835d-885f-487f-8b9c-7b9c66068f96', 'name': 'network-vif-plugged', 'status': 'completed', 'tag': 'f35caddc-ae0f-476c-9d43-a6afb8789a8b', 'code': 200} [pid: 8|app: 0|req: 843/1563] 10.0.0.123 () {32 vars in 716 bytes} [Thu Jul 2 06:27:34 2026] GET /v2.0/ports/9eff5873-537b-4a89-97b2-245066d0673c => generated 941 bytes in 81 msecs (HTTP/1.1 200) 4 headers in 157 bytes (1 switches on core 0) [pid: 9|app: 0|req: 721/1564] 10.0.0.123 () {32 vars in 739 bytes} [Thu Jul 2 06:27:34 2026] DELETE /v2.0/security-groups/363ec398-c69c-4ca4-a54d-ade797990808 => generated 0 bytes in 244 msecs (HTTP/1.1 204) 2 headers in 112 bytes (1 switches on core 0)
2026-07-02 06:27:35.131 8 INFO neutron.db.ovn_revision_numbers_db [None req-5870f2cd-9aa7-447c-affb-29f976db3121 - - - - - -] Successfully bumped revision number for resource f35caddc-ae0f-476c-9d43-a6afb8789a8b (type: ports) to 5 /var/lib/openstack/lib/python3.12/site-packages/pycadf/identifier.py:70: UserWarning: Invalid uuid: neutron. To ensure interoperability, identifiers should be a valid uuid. warnings.warn(('Invalid uuid: %s. To ensure interoperability, '
2026-07-02 06:27:35.240 8 INFO neutron.plugins.ml2.drivers.ovn.mech_driver.mech_driver [None req-1550c38d-d15f-4f5d-832a-d130fddca776 - - - - - -] OVN reports status down for port: 9eff5873-537b-4a89-97b2-245066d0673c [pid: 9|app: 0|req: 724/1567] 10.0.0.164 () {34 vars in 989 bytes} [Thu Jul 2 06:27:35 2026] GET /v2.0/ports?device_id=7fe6835d-885f-487f-8b9c-7b9c66068f96 => generated 975 bytes in 57 msecs (HTTP/1.1 200) 4 headers in 157 bytes (1 switches on core 0)
2026-07-02 06:27:35.372 8 WARNING neutron.plugins.ml2.drivers.ovn.mech_driver.ovsdb.ovn_client [None req-1550c38d-d15f-4f5d-832a-d130fddca776 - - - - - -] Logical_Switch_Port 9eff5873-537b-4a89-97b2-245066d0673c host information not removed, the port state is up
2026-07-02 06:27:35.373 8 INFO neutron.plugins.ml2.drivers.ovn.mech_driver.mech_driver [None req-1550c38d-d15f-4f5d-832a-d130fddca776 - - - - - -] OVN reports status up for port: 9eff5873-537b-4a89-97b2-245066d0673c
2026-07-02 06:27:35.392 8 INFO neutron.db.ovn_revision_numbers_db [None req-e54382e1-92f9-4554-872f-cc376c630a8f 836b780a28c2466fad8f3e2caa670dc2 3b9850a79718492e89813c5cef85d5cc - - default default] Successfully bumped revision number for resource e63f350b-3874-4cd7-86ce-fddf699c2ae3 (type: security_groups) to 1 [pid: 9|app: 0|req: 725/1568] 10.0.0.164 () {34 vars in 1039 bytes} [Thu Jul 2 06:27:35 2026] GET /v2.0/security-groups?id=dd89bc7c-7978-4073-83e5-8b68d37d0782&fields=id&fields=name => generated 88 bytes in 36 msecs (HTTP/1.1 200) 4 headers in 156 bytes (1 switches on core 0)
2026-07-02 06:27:35.395 8 INFO neutron.plugins.ml2.plugin [None req-1550c38d-d15f-4f5d-832a-d130fddca776 - - - - - -] Attempt 1 to provision port 9eff5873-537b-4a89-97b2-245066d0673c
2026-07-02 06:27:35.417 8 INFO neutron.db.ovn_revision_numbers_db [None req-e54382e1-92f9-4554-872f-cc376c630a8f 836b780a28c2466fad8f3e2caa670dc2 3b9850a79718492e89813c5cef85d5cc - - default default] Successfully bumped revision number for resource 06cdfa02-601f-45cd-bb03-4488e6251d7e (type: security_group_rules) to 0
2026-07-02 06:27:35.443 8 INFO neutron.db.ovn_revision_numbers_db [None req-e54382e1-92f9-4554-872f-cc376c630a8f 836b780a28c2466fad8f3e2caa670dc2 3b9850a79718492e89813c5cef85d5cc - - default default] Successfully bumped revision number for resource 349fd6f8-47d3-4477-8733-f7a1d3aeb425 (type: security_group_rules) to 0
2026-07-02 06:27:35.466 8 INFO neutron.db.ovn_revision_numbers_db [None req-e54382e1-92f9-4554-872f-cc376c630a8f 836b780a28c2466fad8f3e2caa670dc2 3b9850a79718492e89813c5cef85d5cc - - default default] Successfully bumped revision number for resource 3726538a-3982-4a24-ac48-531e25b5a89c (type: security_group_rules) to 0
2026-07-02 06:27:35.497 8 INFO neutron.db.ovn_revision_numbers_db [None req-e54382e1-92f9-4554-872f-cc376c630a8f 836b780a28c2466fad8f3e2caa670dc2 3b9850a79718492e89813c5cef85d5cc - - default default] Successfully bumped revision number for resource 7d179bbb-f160-4b27-a83d-382a472c6a84 (type: security_group_rules) to 0 [pid: 8|app: 0|req: 844/1569] 10.0.0.123 () {32 vars in 773 bytes} [Thu Jul 2 06:27:35 2026] GET /v2.0/security-groups?tenant_id=68628e19021445c29bc68087cd3d76c4&name=default => generated 2925 bytes in 415 msecs (HTTP/1.1 200) 4 headers in 158 bytes (1 switches on core 0)
2026-07-02 06:27:35.879 8 INFO neutron.db.ovn_revision_numbers_db [None req-1550c38d-d15f-4f5d-832a-d130fddca776 - - - - - -] Successfully bumped revision number for resource 9eff5873-537b-4a89-97b2-245066d0673c (type: ports) to 2 [pid: 9|app: 0|req: 726/1570] 10.0.0.123 () {32 vars in 739 bytes} [Thu Jul 2 06:27:35 2026] DELETE /v2.0/security-groups/e63f350b-3874-4cd7-86ce-fddf699c2ae3 => generated 0 bytes in 295 msecs (HTTP/1.1 204) 2 headers in 112 bytes (1 switches on core 0) [pid: 8|app: 0|req: 845/1571] 10.0.0.123 () {32 vars in 716 bytes} [Thu Jul 2 06:27:36 2026] GET /v2.0/ports/9eff5873-537b-4a89-97b2-245066d0673c => generated 943 bytes in 50 msecs (HTTP/1.1 200) 4 headers in 157 bytes (1 switches on core 0)
2026-07-02 06:27:36.350 9 INFO neutron_taas.services.taas.taas_plugin [None req-7f9c82ac-0d93-4e0f-9ff4-17c5bdca859e 1945df8127f0432e81cb470809154643 06fa32b549e94e2c906945f4e2582bcd - - default default] TaaS: Handle Delete Port: 9eff5873-537b-4a89-97b2-245066d0673c
2026-07-02 06:27:36.354 9 INFO neutron_taas.services.taas.tap_mirror_plugin [None req-7f9c82ac-0d93-4e0f-9ff4-17c5bdca859e 1945df8127f0432e81cb470809154643 06fa32b549e94e2c906945f4e2582bcd - - default default] Tap Mirror: Handle Delete Port: 9eff5873-537b-4a89-97b2-245066d0673c [pid: 8|app: 0|req: 846/1572] 10.0.0.164 () {34 vars in 989 bytes} [Thu Jul 2 06:27:36 2026] GET /v2.0/ports?device_id=7fe6835d-885f-487f-8b9c-7b9c66068f96 => generated 975 bytes in 50 msecs (HTTP/1.1 200) 4 headers in 157 bytes (1 switches on core 0) [pid: 8|app: 0|req: 847/1573] 10.0.0.164 () {34 vars in 1039 bytes} [Thu Jul 2 06:27:36 2026] GET /v2.0/security-groups?id=dd89bc7c-7978-4073-83e5-8b68d37d0782&fields=id&fields=name => generated 88 bytes in 42 msecs (HTTP/1.1 200) 4 headers in 156 bytes (1 switches on core 0) [pid: 9|app: 0|req: 727/1574] 10.0.0.123 () {34 vars in 788 bytes} [Thu Jul 2 06:27:36 2026] PUT /v2.0/routers/6cd0f8b5-7edb-4075-a94b-37dc1ece7713/remove_router_interface => generated 309 bytes in 599 msecs (HTTP/1.1 200) 4 headers in 157 bytes (1 switches on core 0) /var/lib/openstack/lib/python3.12/site-packages/pycadf/identifier.py:70: UserWarning: Invalid uuid: neutron. To ensure interoperability, identifiers should be a valid uuid. warnings.warn(('Invalid uuid: %s. To ensure interoperability, ' [pid: 9|app: 0|req: 728/1575] 10.0.0.123 () {32 vars in 735 bytes} [Thu Jul 2 06:27:36 2026] GET /v2.0/ports?device_id=6cd0f8b5-7edb-4075-a94b-37dc1ece7713 => generated 12 bytes in 31 msecs (HTTP/1.1 200) 4 headers in 156 bytes (1 switches on core 0)
2026-07-02 06:27:36.870 8 INFO neutron.db.ovn_revision_numbers_db [None req-ea65c974-1539-455d-a862-1605fba9ad9a 836b780a28c2466fad8f3e2caa670dc2 3b9850a79718492e89813c5cef85d5cc - - default default] Successfully bumped revision number for resource eb03be93-2e30-4426-980b-07bb91d06292 (type: security_groups) to 1
2026-07-02 06:27:36.885 8 INFO neutron.db.ovn_revision_numbers_db [None req-ea65c974-1539-455d-a862-1605fba9ad9a 836b780a28c2466fad8f3e2caa670dc2 3b9850a79718492e89813c5cef85d5cc - - default default] Successfully bumped revision number for resource 50dc54bb-0994-4c9b-ae40-f5e5bd990528 (type: security_group_rules) to 0
2026-07-02 06:27:36.899 8 INFO neutron.db.ovn_revision_numbers_db [None req-ea65c974-1539-455d-a862-1605fba9ad9a 836b780a28c2466fad8f3e2caa670dc2 3b9850a79718492e89813c5cef85d5cc - - default default] Successfully bumped revision number for resource 87596f08-aef2-4323-b1dc-920504d2572f (type: security_group_rules) to 0
2026-07-02 06:27:36.913 8 INFO neutron.db.ovn_revision_numbers_db [None req-ea65c974-1539-455d-a862-1605fba9ad9a 836b780a28c2466fad8f3e2caa670dc2 3b9850a79718492e89813c5cef85d5cc - - default default] Successfully bumped revision number for resource 8fd57455-b6bd-4798-8e6f-377a704ff695 (type: security_group_rules) to 0
2026-07-02 06:27:36.925 8 INFO neutron.db.ovn_revision_numbers_db [None req-ea65c974-1539-455d-a862-1605fba9ad9a 836b780a28c2466fad8f3e2caa670dc2 3b9850a79718492e89813c5cef85d5cc - - default default] Successfully bumped revision number for resource eb7dadae-dd2a-4b1d-8ecf-370bd77ba1b3 (type: security_group_rules) to 0 [pid: 8|app: 0|req: 848/1576] 10.0.0.123 () {32 vars in 773 bytes} [Thu Jul 2 06:27:36 2026] GET /v2.0/security-groups?tenant_id=c46b17a96a3041ec941989391a33d1d4&name=default => generated 2925 bytes in 377 msecs (HTTP/1.1 200) 4 headers in 158 bytes (1 switches on core 0) [pid: 9|app: 0|req: 729/1577] 10.0.0.123 () {32 vars in 723 bytes} [Thu Jul 2 06:27:36 2026] DELETE /v2.0/routers/6cd0f8b5-7edb-4075-a94b-37dc1ece7713 => generated 0 bytes in 223 msecs (HTTP/1.1 204) 2 headers in 112 bytes (1 switches on core 0)
2026-07-02 06:27:36.993 8 INFO neutron.notifiers.nova [-] Nova event matching ['req-fefe2187-6682-4a72-a2bb-eb8645f147ef'] response: {'server_uuid': '7fe6835d-885f-487f-8b9c-7b9c66068f96', 'name': 'network-vif-plugged', 'status': 'completed', 'tag': 'f35caddc-ae0f-476c-9d43-a6afb8789a8b', 'code': 200} [pid: 9|app: 0|req: 730/1578] 10.0.0.123 () {32 vars in 723 bytes} [Thu Jul 2 06:27:36 2026] DELETE /v2.0/subnets/e288a407-9a86-4c70-a2ed-4bf6bd14d1f5 => generated 0 bytes in 210 msecs (HTTP/1.1 204) 3 headers in 131 bytes (1 switches on core 0) [pid: 8|app: 0|req: 849/1579] 10.0.0.123 () {32 vars in 739 bytes} [Thu Jul 2 06:27:36 2026] DELETE /v2.0/security-groups/eb03be93-2e30-4426-980b-07bb91d06292 => generated 0 bytes in 246 msecs (HTTP/1.1 204) 2 headers in 112 bytes (1 switches on core 0)
2026-07-02 06:27:37.331 9 INFO neutron_taas.services.taas.taas_plugin [None req-88adcf34-4c96-4e25-bf4b-0ed142fecf38 1945df8127f0432e81cb470809154643 06fa32b549e94e2c906945f4e2582bcd - - default default] TaaS: Handle Delete Port: bdd8ce6c-eb3b-4878-91ce-2160cef4d4b5
2026-07-02 06:27:37.335 9 INFO neutron_taas.services.taas.tap_mirror_plugin [None req-88adcf34-4c96-4e25-bf4b-0ed142fecf38 1945df8127f0432e81cb470809154643 06fa32b549e94e2c906945f4e2582bcd - - default default] Tap Mirror: Handle Delete Port: bdd8ce6c-eb3b-4878-91ce-2160cef4d4b5
2026-07-02 06:27:37.468 8 INFO neutron.db.ovn_revision_numbers_db [None req-f333bea8-84e4-478d-8035-effa99314f81 836b780a28c2466fad8f3e2caa670dc2 3b9850a79718492e89813c5cef85d5cc - - default default] Successfully bumped revision number for resource 514562cc-f2ca-4f44-8327-de487dad7e29 (type: security_groups) to 1
2026-07-02 06:27:37.486 8 INFO neutron.db.ovn_revision_numbers_db [None req-f333bea8-84e4-478d-8035-effa99314f81 836b780a28c2466fad8f3e2caa670dc2 3b9850a79718492e89813c5cef85d5cc - - default default] Successfully bumped revision number for resource 34cad84b-fc0f-4666-826c-f7f8f40f3f0d (type: security_group_rules) to 0
2026-07-02 06:27:37.501 8 INFO neutron.db.ovn_revision_numbers_db [None req-f333bea8-84e4-478d-8035-effa99314f81 836b780a28c2466fad8f3e2caa670dc2 3b9850a79718492e89813c5cef85d5cc - - default default] Successfully bumped revision number for resource 89dcd61d-4f8f-42eb-8ba3-016aef2c5909 (type: security_group_rules) to 0
2026-07-02 06:27:37.519 9 INFO neutron.services.segments.plugin [-] Segment 25a86dfe-01a2-4e8a-9f76-431997e392c0 resource provider aggregate not found
2026-07-02 06:27:37.521 9 INFO neutron.services.segments.plugin [-] Segment 25a86dfe-01a2-4e8a-9f76-431997e392c0 resource provider aggregate not found
2026-07-02 06:27:37.523 8 INFO neutron.db.ovn_revision_numbers_db [None req-f333bea8-84e4-478d-8035-effa99314f81 836b780a28c2466fad8f3e2caa670dc2 3b9850a79718492e89813c5cef85d5cc - - default default] Successfully bumped revision number for resource b07670e6-bdf5-4026-a234-92f2f08d5b5c (type: security_group_rules) to 0
2026-07-02 06:27:37.539 9 INFO neutron.services.segments.plugin [-] Segment 25a86dfe-01a2-4e8a-9f76-431997e392c0 resource provider not found; error: Placement Client Error (4xx): {"errors": [{"status": 404, "title": "Not Found", "detail": "The resource could not be found.\n\n No resource provider with uuid 25a86dfe-01a2-4e8a-9f76-431997e392c0 found for delete ", "request_id": "req-573593a9-7e80-4761-b4a1-fc16192da253"}]}
2026-07-02 06:27:37.540 9 INFO neutron.services.segments.plugin [-] Segment 25a86dfe-01a2-4e8a-9f76-431997e392c0 resource provider not found; error: Placement Client Error (4xx): {"errors": [{"status": 404, "title": "Not Found", "detail": "The resource could not be found.\n\n No resource provider with uuid 25a86dfe-01a2-4e8a-9f76-431997e392c0 found for delete ", "request_id": "req-b0acb82c-82a0-4585-8479-3a04874f9549"}]}
2026-07-02 06:27:37.543 8 INFO neutron.db.ovn_revision_numbers_db [None req-f333bea8-84e4-478d-8035-effa99314f81 836b780a28c2466fad8f3e2caa670dc2 3b9850a79718492e89813c5cef85d5cc - - default default] Successfully bumped revision number for resource ec8fac78-9dc0-4f41-8a08-5f3c3403a5d9 (type: security_group_rules) to 0 [pid: 9|app: 0|req: 731/1580] 10.0.0.123 () {32 vars in 725 bytes} [Thu Jul 2 06:27:37 2026] DELETE /v2.0/networks/a45c9f8b-099a-4d50-ac55-b2c3e623c576 => generated 0 bytes in 371 msecs (HTTP/1.1 204) 3 headers in 131 bytes (1 switches on core 0) [pid: 8|app: 0|req: 850/1581] 10.0.0.123 () {32 vars in 773 bytes} [Thu Jul 2 06:27:37 2026] GET /v2.0/security-groups?tenant_id=f82c70c04cec47b09511390228e7cf3a&name=default => generated 2925 bytes in 268 msecs (HTTP/1.1 200) 4 headers in 158 bytes (1 switches on core 0) [pid: 8|app: 0|req: 851/1582] 10.0.0.123 () {32 vars in 739 bytes} [Thu Jul 2 06:27:37 2026] DELETE /v2.0/security-groups/514562cc-f2ca-4f44-8327-de487dad7e29 => generated 0 bytes in 278 msecs (HTTP/1.1 204) 2 headers in 112 bytes (1 switches on core 0) [pid: 8|app: 0|req: 852/1583] 10.0.0.164 () {34 vars in 989 bytes} [Thu Jul 2 06:27:37 2026] GET /v2.0/ports?device_id=7fe6835d-885f-487f-8b9c-7b9c66068f96 => generated 975 bytes in 93 msecs (HTTP/1.1 200) 4 headers in 157 bytes (1 switches on core 0) [pid: 8|app: 0|req: 853/1584] 10.0.0.164 () {34 vars in 1039 bytes} [Thu Jul 2 06:27:37 2026] GET /v2.0/security-groups?id=dd89bc7c-7978-4073-83e5-8b68d37d0782&fields=id&fields=name => generated 88 bytes in 20 msecs (HTTP/1.1 200) 4 headers in 156 bytes (1 switches on core 0)
2026-07-02 06:27:38.045 9 WARNING neutron.scheduler.dhcp_agent_scheduler [None req-cb2277be-b2e6-435a-8b48-aca8f2f0861f 1945df8127f0432e81cb470809154643 06fa32b549e94e2c906945f4e2582bcd - - default default] No more DHCP agents
2026-07-02 06:27:38.047 9 WARNING neutron.api.rpc.agentnotifiers.dhcp_rpc_agent_api [None req-cb2277be-b2e6-435a-8b48-aca8f2f0861f 1945df8127f0432e81cb470809154643 06fa32b549e94e2c906945f4e2582bcd - - default default] Unable to schedule network 1d023a09-8e88-438f-9236-01c64d27464e: no agents available; will retry on subsequent port and subnet creation events.
2026-07-02 06:27:38.183 9 INFO neutron.plugins.ml2.drivers.ovn.mech_driver.mech_driver [None req-4fb3c4b0-d1a8-44fa-9312-818110e63149 - - - - - -] OVN reports status down for port: 7946bb2f-102e-40c8-81cf-6f7e41c9127a
2026-07-02 06:27:38.235 9 INFO neutron.db.ovn_revision_numbers_db [None req-cb2277be-b2e6-435a-8b48-aca8f2f0861f 1945df8127f0432e81cb470809154643 06fa32b549e94e2c906945f4e2582bcd - - default default] Successfully bumped revision number for resource 7946bb2f-102e-40c8-81cf-6f7e41c9127a (type: ports) to 1
2026-07-02 06:27:38.849 9 INFO neutron.plugins.ml2.drivers.ovn.mech_driver.ovsdb.commands [None req-838310d4-ec4a-4e03-8c7c-a0752d833b43 - - - - - -] Schedule LRP lrp-7946bb2f-102e-40c8-81cf-6f7e41c9127a on gateway 6215535f-75bb-4b12-8669-f0e8113ed015 with priority 1
2026-07-02 06:27:38.906 9 INFO neutron.plugins.ml2.drivers.ovn.mech_driver.mech_driver [None req-4fb3c4b0-d1a8-44fa-9312-818110e63149 - - - - - -] OVN reports status up for port: 7946bb2f-102e-40c8-81cf-6f7e41c9127a
2026-07-02 06:27:38.953 9 INFO neutron.plugins.ml2.plugin [None req-4fb3c4b0-d1a8-44fa-9312-818110e63149 - - - - - -] Attempt 1 to provision port 7946bb2f-102e-40c8-81cf-6f7e41c9127a
2026-07-02 06:27:38.960 9 INFO neutron.db.ovn_revision_numbers_db [None req-cb2277be-b2e6-435a-8b48-aca8f2f0861f 1945df8127f0432e81cb470809154643 06fa32b549e94e2c906945f4e2582bcd - - default default] Successfully bumped revision number for resource 7946bb2f-102e-40c8-81cf-6f7e41c9127a (type: router_ports) to 1
2026-07-02 06:27:39.080 9 INFO neutron.db.ovn_revision_numbers_db [None req-cb2277be-b2e6-435a-8b48-aca8f2f0861f 1945df8127f0432e81cb470809154643 06fa32b549e94e2c906945f4e2582bcd - - default default] Successfully bumped revision number for resource 2892b79b-bcc1-4ce2-b9fa-1702858e6227 (type: routers) to 2 [pid: 9|app: 0|req: 732/1585] 10.0.0.123 () {34 vars in 668 bytes} [Thu Jul 2 06:27:37 2026] POST /v2.0/routers => generated 948 bytes in 1533 msecs (HTTP/1.1 201) 4 headers in 162 bytes (1 switches on core 0) [pid: 8|app: 0|req: 854/1586] 10.0.0.164 () {34 vars in 989 bytes} [Thu Jul 2 06:27:39 2026] GET /v2.0/ports?device_id=7fe6835d-885f-487f-8b9c-7b9c66068f96 => generated 975 bytes in 39 msecs (HTTP/1.1 200) 4 headers in 157 bytes (1 switches on core 0) [pid: 8|app: 0|req: 855/1587] 10.0.0.164 () {34 vars in 1039 bytes} [Thu Jul 2 06:27:39 2026] GET /v2.0/security-groups?id=dd89bc7c-7978-4073-83e5-8b68d37d0782&fields=id&fields=name => generated 88 bytes in 31 msecs (HTTP/1.1 200) 4 headers in 156 bytes (1 switches on core 0) [pid: 9|app: 0|req: 733/1588] 10.0.0.123 () {32 vars in 720 bytes} [Thu Jul 2 06:27:39 2026] GET /v2.0/routers/2892b79b-bcc1-4ce2-b9fa-1702858e6227 => generated 954 bytes in 74 msecs (HTTP/1.1 200) 4 headers in 157 bytes (1 switches on core 0) [pid: 8|app: 0|req: 856/1589] 10.0.0.123 () {32 vars in 646 bytes} [Thu Jul 2 06:27:39 2026] GET /v2.0/routers => generated 957 bytes in 91 msecs (HTTP/1.1 200) 4 headers in 157 bytes (1 switches on core 0)
2026-07-02 06:27:39.487 8 WARNING keystonemiddleware.audit [None req-525115af-2e90-42cd-87e8-82e2c60e064c 1945df8127f0432e81cb470809154643 06fa32b549e94e2c906945f4e2582bcd - - default default] Skipping service tempest-service-332318799 as it have no endpoints. [pid: 8|app: 0|req: 857/1590] 10.0.0.169 () {28 vars in 578 bytes} [Thu Jul 2 06:27:39 2026] GET /v2.0/ports => generated 10601 bytes in 259 msecs (HTTP/1.1 200) 4 headers in 159 bytes (1 switches on core 0)
2026-07-02 06:27:39.569 8 WARNING keystonemiddleware.audit [None req-9c31fbcd-4ceb-4578-9e7a-7e5b6068e2e3 836b780a28c2466fad8f3e2caa670dc2 3b9850a79718492e89813c5cef85d5cc - - default default] Skipping service tempest-service-332318799 as it have no endpoints. [pid: 8|app: 0|req: 858/1591] 10.0.0.169 () {28 vars in 582 bytes} [Thu Jul 2 06:27:39 2026] GET /v2.0/routers => generated 1938 bytes in 85 msecs (HTTP/1.1 200) 4 headers in 158 bytes (1 switches on core 0)
2026-07-02 06:27:39.657 8 WARNING keystonemiddleware.audit [None req-a9aac5bf-4199-415a-837d-269f046b95f2 836b780a28c2466fad8f3e2caa670dc2 3b9850a79718492e89813c5cef85d5cc - - default default] Skipping service tempest-service-332318799 as it have no endpoints. [pid: 8|app: 0|req: 859/1592] 10.0.0.169 () {28 vars in 623 bytes} [Thu Jul 2 06:27:39 2026] GET /v2.0/agents?binary=ovn-controller => generated 416 bytes in 17 msecs (HTTP/1.1 200) 4 headers in 157 bytes (1 switches on core 0)
2026-07-02 06:27:39.680 8 WARNING keystonemiddleware.audit [None req-1fdf76c3-bed1-4df4-9e15-9c2f4fcada9a 836b780a28c2466fad8f3e2caa670dc2 3b9850a79718492e89813c5cef85d5cc - - default default] Skipping service tempest-service-332318799 as it have no endpoints. [pid: 8|app: 0|req: 860/1593] 10.0.0.169 () {28 vars in 580 bytes} [Thu Jul 2 06:27:39 2026] GET /v2.0/agents => generated 1214 bytes in 10 msecs (HTTP/1.1 200) 4 headers in 158 bytes (1 switches on core 0)
2026-07-02 06:27:39.693 8 WARNING keystonemiddleware.audit [None req-2ec24761-4d3b-4949-81e3-5ba75724ea92 836b780a28c2466fad8f3e2caa670dc2 3b9850a79718492e89813c5cef85d5cc - - default default] Skipping service tempest-service-332318799 as it have no endpoints. [pid: 8|app: 0|req: 861/1594] 10.0.0.169 () {28 vars in 590 bytes} [Thu Jul 2 06:27:39 2026] GET /v2.0/floatingips => generated 19 bytes in 15 msecs (HTTP/1.1 200) 4 headers in 156 bytes (1 switches on core 0)
2026-07-02 06:27:39.715 8 WARNING keystonemiddleware.audit [None req-b44c2686-556b-4085-b5a7-fcc853467fe8 836b780a28c2466fad8f3e2caa670dc2 3b9850a79718492e89813c5cef85d5cc - - default default] Skipping service tempest-service-332318799 as it have no endpoints.
2026-07-02 06:27:39.731 9 INFO neutron.db.ovn_revision_numbers_db [None req-964e4fdc-d9c4-405a-846b-1e23163e449e 1945df8127f0432e81cb470809154643 06fa32b549e94e2c906945f4e2582bcd - - default default] Successfully bumped revision number for resource 2892b79b-bcc1-4ce2-b9fa-1702858e6227 (type: routers) to 3 [pid: 9|app: 0|req: 734/1595] 10.0.0.123 () {34 vars in 740 bytes} [Thu Jul 2 06:27:39 2026] PUT /v2.0/routers/2892b79b-bcc1-4ce2-b9fa-1702858e6227 => generated 961 bytes in 444 msecs (HTTP/1.1 200) 4 headers in 157 bytes (1 switches on core 0) [pid: 8|app: 0|req: 862/1596] 10.0.0.169 () {28 vars in 584 bytes} [Thu Jul 2 06:27:39 2026] GET /v2.0/networks => generated 3084 bytes in 53 msecs (HTTP/1.1 200) 4 headers in 158 bytes (1 switches on core 0)
2026-07-02 06:27:39.771 8 WARNING keystonemiddleware.audit [None req-8206e8c6-419a-48fb-a50c-ba65dc8dacdd 836b780a28c2466fad8f3e2caa670dc2 3b9850a79718492e89813c5cef85d5cc - - default default] Skipping service tempest-service-332318799 as it have no endpoints. [pid: 8|app: 0|req: 863/1597] 10.0.0.169 () {28 vars in 618 bytes} [Thu Jul 2 06:27:39 2026] GET /v2.0/network-ip-availabilities => generated 1576 bytes in 12 msecs (HTTP/1.1 200) 4 headers in 158 bytes (1 switches on core 0)
2026-07-02 06:27:39.789 8 WARNING keystonemiddleware.audit [None req-5d37f4bb-071d-4b31-b037-ef4e117cf5e7 836b780a28c2466fad8f3e2caa670dc2 3b9850a79718492e89813c5cef85d5cc - - default default] Skipping service tempest-service-332318799 as it have no endpoints. [pid: 9|app: 0|req: 735/1598] 10.0.0.123 () {32 vars in 720 bytes} [Thu Jul 2 06:27:39 2026] GET /v2.0/routers/2892b79b-bcc1-4ce2-b9fa-1702858e6227 => generated 961 bytes in 55 msecs (HTTP/1.1 200) 4 headers in 157 bytes (1 switches on core 0) [pid: 9|app: 0|req: 736/1599] 10.0.0.123 () {32 vars in 735 bytes} [Thu Jul 2 06:27:39 2026] GET /v2.0/ports?device_id=2892b79b-bcc1-4ce2-b9fa-1702858e6227 => generated 12 bytes in 19 msecs (HTTP/1.1 200) 4 headers in 156 bytes (1 switches on core 0) [pid: 8|app: 0|req: 864/1600] 10.0.0.169 () {28 vars in 582 bytes} [Thu Jul 2 06:27:39 2026] GET /v2.0/subnets => generated 1986 bytes in 36 msecs (HTTP/1.1 200) 4 headers in 158 bytes (1 switches on core 0)
2026-07-02 06:27:39.827 8 WARNING keystonemiddleware.audit [None req-f2fede7f-e61a-4399-bbbf-c65ed663aa64 836b780a28c2466fad8f3e2caa670dc2 3b9850a79718492e89813c5cef85d5cc - - default default] Skipping service tempest-service-332318799 as it have no endpoints. [pid: 8|app: 0|req: 865/1601] 10.0.0.169 () {28 vars in 582 bytes} [Thu Jul 2 06:27:39 2026] GET /v2.0/subnets => generated 1986 bytes in 26 msecs (HTTP/1.1 200) 4 headers in 158 bytes (1 switches on core 0)
2026-07-02 06:27:39.858 8 WARNING keystonemiddleware.audit [None req-c68b3a70-c8ec-4730-b72d-f501c3b69615 836b780a28c2466fad8f3e2caa670dc2 3b9850a79718492e89813c5cef85d5cc - - default default] Skipping service tempest-service-332318799 as it have no endpoints. [pid: 8|app: 0|req: 866/1602] 10.0.0.169 () {28 vars in 590 bytes} [Thu Jul 2 06:27:39 2026] GET /v2.0/subnetpools => generated 19 bytes in 10 msecs (HTTP/1.1 200) 4 headers in 156 bytes (1 switches on core 0)
2026-07-02 06:27:39.872 8 WARNING keystonemiddleware.audit [None req-14986e89-43ff-48e6-b141-c487f1afbf80 836b780a28c2466fad8f3e2caa670dc2 3b9850a79718492e89813c5cef85d5cc - - default default] Skipping service tempest-service-332318799 as it have no endpoints. [pid: 8|app: 0|req: 867/1603] 10.0.0.169 () {28 vars in 598 bytes} [Thu Jul 2 06:27:39 2026] GET /v2.0/security-groups => generated 23209 bytes in 35 msecs (HTTP/1.1 200) 4 headers in 159 bytes (1 switches on core 0)
2026-07-02 06:27:40.117 9 INFO neutron_taas.services.taas.taas_plugin [None req-b4146042-ef1d-481b-b057-5c3bbe80fcd7 1945df8127f0432e81cb470809154643 06fa32b549e94e2c906945f4e2582bcd - - default default] TaaS: Handle Delete Port: 7946bb2f-102e-40c8-81cf-6f7e41c9127a
2026-07-02 06:27:40.120 9 INFO neutron_taas.services.taas.tap_mirror_plugin [None req-b4146042-ef1d-481b-b057-5c3bbe80fcd7 1945df8127f0432e81cb470809154643 06fa32b549e94e2c906945f4e2582bcd - - default default] Tap Mirror: Handle Delete Port: 7946bb2f-102e-40c8-81cf-6f7e41c9127a [pid: 8|app: 0|req: 868/1604] 199.204.45.109 () {34 vars in 993 bytes} [Thu Jul 2 06:27:40 2026] GET /v2.0/ports?device_id=7fe6835d-885f-487f-8b9c-7b9c66068f96 => generated 975 bytes in 57 msecs (HTTP/1.1 200) 4 headers in 157 bytes (1 switches on core 0)
2026-07-02 06:27:40.341 8 INFO neutron_taas.services.taas.taas_plugin [req-fe023ef5-f3c6-4b8b-812e-1fc6234baa9b req-7d6addd8-2003-49e0-86b9-f7eb98f97564 6aff0bdfa864471a95d88986b71fe1b3 5103f6963ca84ee8b186637f484b2c6b - - default default] TaaS: Handle Delete Port: f35caddc-ae0f-476c-9d43-a6afb8789a8b
2026-07-02 06:27:40.345 8 INFO neutron_taas.services.taas.tap_mirror_plugin [req-fe023ef5-f3c6-4b8b-812e-1fc6234baa9b req-7d6addd8-2003-49e0-86b9-f7eb98f97564 6aff0bdfa864471a95d88986b71fe1b3 5103f6963ca84ee8b186637f484b2c6b - - default default] Tap Mirror: Handle Delete Port: f35caddc-ae0f-476c-9d43-a6afb8789a8b [pid: 8|app: 0|req: 869/1605] 199.204.45.109 () {36 vars in 996 bytes} [Thu Jul 2 06:27:40 2026] DELETE /v2.0/ports/f35caddc-ae0f-476c-9d43-a6afb8789a8b => generated 0 bytes in 277 msecs (HTTP/1.1 204) 3 headers in 131 bytes (1 switches on core 0) [pid: 8|app: 0|req: 870/1606] 10.0.0.164 () {34 vars in 989 bytes} [Thu Jul 2 06:27:40 2026] GET /v2.0/ports?device_id=7fe6835d-885f-487f-8b9c-7b9c66068f96 => generated 12 bytes in 25 msecs (HTTP/1.1 200) 4 headers in 156 bytes (1 switches on core 0)
2026-07-02 06:27:40.519 8 INFO neutron.notifiers.nova [-] Nova event matching ['req-10fea788-e7b0-4910-b343-70a5c4c5921a'] response: {'server_uuid': '7fe6835d-885f-487f-8b9c-7b9c66068f96', 'name': 'network-vif-deleted', 'tag': 'f35caddc-ae0f-476c-9d43-a6afb8789a8b', 'status': 'completed', 'code': 200} [pid: 9|app: 0|req: 737/1607] 10.0.0.123 () {32 vars in 723 bytes} [Thu Jul 2 06:27:39 2026] DELETE /v2.0/routers/2892b79b-bcc1-4ce2-b9fa-1702858e6227 => generated 0 bytes in 731 msecs (HTTP/1.1 204) 2 headers in 112 bytes (1 switches on core 0) [pid: 8|app: 0|req: 871/1608] 10.0.0.123 () {32 vars in 735 bytes} [Thu Jul 2 06:27:40 2026] GET /v2.0/ports?device_id=2892b79b-bcc1-4ce2-b9fa-1702858e6227 => generated 12 bytes in 21 msecs (HTTP/1.1 200) 4 headers in 156 bytes (1 switches on core 0)
2026-07-02 06:27:40.602 9 INFO neutron.api.v2.resource [None req-3df388c9-28a4-4f9d-8a20-3fad71a6327d 1945df8127f0432e81cb470809154643 06fa32b549e94e2c906945f4e2582bcd - - default default] delete failed (client error): The resource could not be found. [pid: 9|app: 0|req: 738/1609] 10.0.0.123 () {32 vars in 723 bytes} [Thu Jul 2 06:27:40 2026] DELETE /v2.0/routers/2892b79b-bcc1-4ce2-b9fa-1702858e6227 => generated 135 bytes in 14 msecs (HTTP/1.1 404) 4 headers in 164 bytes (1 switches on core 0) [pid: 8|app: 0|req: 872/1610] 10.0.0.123 () {32 vars in 735 bytes} [Thu Jul 2 06:27:40 2026] GET /v2.0/ports?device_id=6cd0f8b5-7edb-4075-a94b-37dc1ece7713 => generated 12 bytes in 19 msecs (HTTP/1.1 200) 4 headers in 156 bytes (1 switches on core 0)
2026-07-02 06:27:40.649 9 INFO neutron.api.v2.resource [None req-e500699c-a93e-445d-898f-74d627b2451b 1945df8127f0432e81cb470809154643 06fa32b549e94e2c906945f4e2582bcd - - default default] delete failed (client error): The resource could not be found. [pid: 9|app: 0|req: 739/1611] 10.0.0.123 () {32 vars in 723 bytes} [Thu Jul 2 06:27:40 2026] DELETE /v2.0/routers/6cd0f8b5-7edb-4075-a94b-37dc1ece7713 => generated 135 bytes in 20 msecs (HTTP/1.1 404) 4 headers in 164 bytes (1 switches on core 0)
2026-07-02 06:27:40.670 8 INFO neutron.pecan_wsgi.hooks.translation [None req-065ffed2-805f-44fc-b4fc-b0095408027f 1945df8127f0432e81cb470809154643 06fa32b549e94e2c906945f4e2582bcd - - default default] DELETE failed (client error): The resource could not be found. [pid: 8|app: 0|req: 873/1612] 10.0.0.123 () {32 vars in 723 bytes} [Thu Jul 2 06:27:40 2026] DELETE /v2.0/subnets/e288a407-9a86-4c70-a2ed-4bf6bd14d1f5 => generated 136 bytes in 16 msecs (HTTP/1.1 404) 4 headers in 164 bytes (1 switches on core 0) [pid: 9|app: 0|req: 740/1613] 10.0.0.123 () {32 vars in 735 bytes} [Thu Jul 2 06:27:40 2026] GET /v2.0/ports?device_id=142c4e43-be1b-4169-8689-d9b79434f903 => generated 12 bytes in 19 msecs (HTTP/1.1 200) 4 headers in 156 bytes (1 switches on core 0)
2026-07-02 06:27:40.718 8 INFO neutron.api.v2.resource [None req-7b2032f3-fc02-4799-ab45-cc8b4aa4a2d7 1945df8127f0432e81cb470809154643 06fa32b549e94e2c906945f4e2582bcd - - default default] delete failed (client error): The resource could not be found. [pid: 8|app: 0|req: 874/1614] 10.0.0.123 () {32 vars in 723 bytes} [Thu Jul 2 06:27:40 2026] DELETE /v2.0/routers/142c4e43-be1b-4169-8689-d9b79434f903 => generated 135 bytes in 18 msecs (HTTP/1.1 404) 4 headers in 164 bytes (1 switches on core 0)
2026-07-02 06:27:40.741 9 INFO neutron.pecan_wsgi.hooks.translation [None req-1056c135-c276-4974-9753-210ab969ef67 1945df8127f0432e81cb470809154643 06fa32b549e94e2c906945f4e2582bcd - - default default] DELETE failed (client error): The resource could not be found. [pid: 9|app: 0|req: 741/1615] 10.0.0.123 () {32 vars in 723 bytes} [Thu Jul 2 06:27:40 2026] DELETE /v2.0/subnets/797be449-874f-4afc-83a0-d7e0426eae58 => generated 136 bytes in 20 msecs (HTTP/1.1 404) 4 headers in 164 bytes (1 switches on core 0) [pid: 8|app: 0|req: 875/1616] 10.0.0.123 () {32 vars in 735 bytes} [Thu Jul 2 06:27:40 2026] GET /v2.0/ports?device_id=729918fc-d91a-470a-8aff-1c916eb52045 => generated 12 bytes in 18 msecs (HTTP/1.1 200) 4 headers in 156 bytes (1 switches on core 0)
2026-07-02 06:27:40.790 9 INFO neutron.api.v2.resource [None req-b41fbdf9-31c2-4ba8-abf4-97b841bb1425 1945df8127f0432e81cb470809154643 06fa32b549e94e2c906945f4e2582bcd - - default default] delete failed (client error): The resource could not be found. [pid: 9|app: 0|req: 742/1617] 10.0.0.123 () {32 vars in 723 bytes} [Thu Jul 2 06:27:40 2026] DELETE /v2.0/routers/729918fc-d91a-470a-8aff-1c916eb52045 => generated 135 bytes in 19 msecs (HTTP/1.1 404) 4 headers in 164 bytes (1 switches on core 0)
2026-07-02 06:27:40.808 9 INFO neutron.pecan_wsgi.hooks.translation [None req-0539a549-c468-4cf5-a5a9-aa158b6a918d 1945df8127f0432e81cb470809154643 06fa32b549e94e2c906945f4e2582bcd - - default default] DELETE failed (client error): The resource could not be found. [pid: 9|app: 0|req: 743/1618] 10.0.0.123 () {32 vars in 723 bytes} [Thu Jul 2 06:27:40 2026] DELETE /v2.0/subnets/1d1b2165-6725-47ca-84b5-d6c991e65e3c => generated 136 bytes in 15 msecs (HTTP/1.1 404) 4 headers in 164 bytes (1 switches on core 0)
2026-07-02 06:27:40.823 9 INFO neutron.pecan_wsgi.hooks.translation [None req-8055d410-7882-4430-b06f-1b5ecaf5a26d 1945df8127f0432e81cb470809154643 06fa32b549e94e2c906945f4e2582bcd - - default default] DELETE failed (client error): The resource could not be found. [pid: 9|app: 0|req: 744/1619] 10.0.0.123 () {32 vars in 723 bytes} [Thu Jul 2 06:27:40 2026] DELETE /v2.0/subnets/240641f5-0d10-435c-9cc1-d7d487e60c1f => generated 136 bytes in 13 msecs (HTTP/1.1 404) 4 headers in 164 bytes (1 switches on core 0)
2026-07-02 06:27:41.004 8 WARNING neutron.plugins.ml2.drivers.ovn.mech_driver.ovsdb.ovn_client [None req-c3d3281d-fc0f-47d4-88e3-8e242d24f3e3 - - - - - -] No port found with ID 9eff5873-537b-4a89-97b2-245066d0673c: RuntimeError: No port found with ID 9eff5873-537b-4a89-97b2-245066d0673c
2026-07-02 06:27:41.040 8 INFO neutron.plugins.ml2.drivers.ovn.mech_driver.mech_driver [None req-c3d3281d-fc0f-47d4-88e3-8e242d24f3e3 - - - - - -] OVN reports status down for port: f35caddc-ae0f-476c-9d43-a6afb8789a8b
2026-07-02 06:27:41.047 8 INFO neutron.db.ovn_revision_numbers_db [None req-2e51dd4c-2b77-4546-9644-ce7a4c338abc 836b780a28c2466fad8f3e2caa670dc2 3b9850a79718492e89813c5cef85d5cc - - default default] Successfully bumped revision number for resource f2dc26ba-2a1f-4c40-9f88-bb7b225063a3 (type: security_groups) to 1
2026-07-02 06:27:41.064 8 INFO neutron.db.ovn_revision_numbers_db [None req-2e51dd4c-2b77-4546-9644-ce7a4c338abc 836b780a28c2466fad8f3e2caa670dc2 3b9850a79718492e89813c5cef85d5cc - - default default] Successfully bumped revision number for resource 54d08146-fe06-45c2-9a47-4b223dd1af9f (type: security_group_rules) to 0
2026-07-02 06:27:41.082 8 INFO neutron.db.ovn_revision_numbers_db [None req-2e51dd4c-2b77-4546-9644-ce7a4c338abc 836b780a28c2466fad8f3e2caa670dc2 3b9850a79718492e89813c5cef85d5cc - - default default] Successfully bumped revision number for resource 86cd3c8d-0d80-45d8-b2a5-56c86ba0181d (type: security_group_rules) to 0
2026-07-02 06:27:41.094 8 INFO neutron.db.ovn_revision_numbers_db [None req-2e51dd4c-2b77-4546-9644-ce7a4c338abc 836b780a28c2466fad8f3e2caa670dc2 3b9850a79718492e89813c5cef85d5cc - - default default] Successfully bumped revision number for resource bb0a718a-075c-41f7-88b4-0010cfe31f0a (type: security_group_rules) to 0
2026-07-02 06:27:41.105 8 INFO neutron.db.ovn_revision_numbers_db [None req-2e51dd4c-2b77-4546-9644-ce7a4c338abc 836b780a28c2466fad8f3e2caa670dc2 3b9850a79718492e89813c5cef85d5cc - - default default] Successfully bumped revision number for resource d15d4ca4-cf8e-4756-9f69-1c74b0c70408 (type: security_group_rules) to 0 [pid: 8|app: 0|req: 876/1620] 10.0.0.123 () {32 vars in 773 bytes} [Thu Jul 2 06:27:40 2026] GET /v2.0/security-groups?tenant_id=51ac2a403ef44134aebb8c2b91b51654&name=default => generated 2925 bytes in 356 msecs (HTTP/1.1 200) 4 headers in 158 bytes (1 switches on core 0) [pid: 8|app: 0|req: 877/1621] 10.0.0.123 () {32 vars in 773 bytes} [Thu Jul 2 06:27:41 2026] GET /v2.0/security-groups?tenant_id=06fa32b549e94e2c906945f4e2582bcd&name=default => generated 2925 bytes in 99 msecs (HTTP/1.1 200) 4 headers in 158 bytes (1 switches on core 0) [pid: 9|app: 0|req: 745/1622] 10.0.0.123 () {32 vars in 739 bytes} [Thu Jul 2 06:27:41 2026] DELETE /v2.0/security-groups/f2dc26ba-2a1f-4c40-9f88-bb7b225063a3 => generated 0 bytes in 204 msecs (HTTP/1.1 204) 2 headers in 112 bytes (1 switches on core 0) [pid: 8|app: 0|req: 878/1623] 10.0.0.123 () {32 vars in 739 bytes} [Thu Jul 2 06:27:41 2026] DELETE /v2.0/security-groups/1b6b58dd-6d95-48bb-8917-c2b05351ca07 => generated 0 bytes in 234 msecs (HTTP/1.1 204) 2 headers in 112 bytes (1 switches on core 0)
2026-07-02 06:27:41.607 9 INFO neutron.db.ovn_revision_numbers_db [None req-096949d6-b44b-42a6-b8ce-edcc76ff5c9f 836b780a28c2466fad8f3e2caa670dc2 3b9850a79718492e89813c5cef85d5cc - - default default] Successfully bumped revision number for resource 723cfa9c-488e-4553-ace1-8dc3a459a803 (type: security_groups) to 1 [pid: 8|app: 0|req: 879/1624] 10.0.0.164 () {34 vars in 989 bytes} [Thu Jul 2 06:27:41 2026] GET /v2.0/ports?device_id=7fe6835d-885f-487f-8b9c-7b9c66068f96 => generated 12 bytes in 28 msecs (HTTP/1.1 200) 4 headers in 156 bytes (1 switches on core 0)
2026-07-02 06:27:41.622 9 INFO neutron.db.ovn_revision_numbers_db [None req-096949d6-b44b-42a6-b8ce-edcc76ff5c9f 836b780a28c2466fad8f3e2caa670dc2 3b9850a79718492e89813c5cef85d5cc - - default default] Successfully bumped revision number for resource 7e8d898d-2520-42dd-aa2d-f5bf47a39438 (type: security_group_rules) to 0
2026-07-02 06:27:41.635 9 INFO neutron.db.ovn_revision_numbers_db [None req-096949d6-b44b-42a6-b8ce-edcc76ff5c9f 836b780a28c2466fad8f3e2caa670dc2 3b9850a79718492e89813c5cef85d5cc - - default default] Successfully bumped revision number for resource b1808ce1-2726-4ba8-936e-9ead58147985 (type: security_group_rules) to 0
2026-07-02 06:27:41.647 9 INFO neutron.db.ovn_revision_numbers_db [None req-096949d6-b44b-42a6-b8ce-edcc76ff5c9f 836b780a28c2466fad8f3e2caa670dc2 3b9850a79718492e89813c5cef85d5cc - - default default] Successfully bumped revision number for resource d6144ab4-00fc-4fa9-83ff-5de54f7f04f2 (type: security_group_rules) to 0
2026-07-02 06:27:41.674 9 INFO neutron.db.ovn_revision_numbers_db [None req-096949d6-b44b-42a6-b8ce-edcc76ff5c9f 836b780a28c2466fad8f3e2caa670dc2 3b9850a79718492e89813c5cef85d5cc - - default default] Successfully bumped revision number for resource ece1d61a-5ae8-411f-86c3-9748c2630539 (type: security_group_rules) to 0 [pid: 9|app: 0|req: 746/1625] 10.0.0.123 () {32 vars in 773 bytes} [Thu Jul 2 06:27:41 2026] GET /v2.0/security-groups?tenant_id=6b4006935b5341a1a62ef12581a25648&name=default => generated 2925 bytes in 267 msecs (HTTP/1.1 200) 4 headers in 158 bytes (1 switches on core 0) [pid: 8|app: 0|req: 880/1626] 10.0.0.123 () {32 vars in 739 bytes} [Thu Jul 2 06:27:41 2026] DELETE /v2.0/security-groups/723cfa9c-488e-4553-ace1-8dc3a459a803 => generated 0 bytes in 199 msecs (HTTP/1.1 204) 2 headers in 112 bytes (1 switches on core 0) [pid: 8|app: 0|req: 881/1627] 10.0.0.164 () {34 vars in 989 bytes} [Thu Jul 2 06:27:42 2026] GET /v2.0/ports?device_id=7fe6835d-885f-487f-8b9c-7b9c66068f96 => generated 12 bytes in 25 msecs (HTTP/1.1 200) 4 headers in 156 bytes (1 switches on core 0)
2026-07-02 06:27:42.771 9 INFO neutron.db.ovn_revision_numbers_db [None req-e3faa3e6-b904-4cbd-a3e4-7797c207e3e7 836b780a28c2466fad8f3e2caa670dc2 3b9850a79718492e89813c5cef85d5cc - - default default] Successfully bumped revision number for resource 7c1022ed-466f-4745-9550-32eaea431feb (type: security_groups) to 1
2026-07-02 06:27:42.782 9 INFO neutron.db.ovn_revision_numbers_db [None req-e3faa3e6-b904-4cbd-a3e4-7797c207e3e7 836b780a28c2466fad8f3e2caa670dc2 3b9850a79718492e89813c5cef85d5cc - - default default] Successfully bumped revision number for resource 329af873-9140-4387-93f4-36c96952a9ef (type: security_group_rules) to 0
2026-07-02 06:27:42.806 9 INFO neutron.db.ovn_revision_numbers_db [None req-e3faa3e6-b904-4cbd-a3e4-7797c207e3e7 836b780a28c2466fad8f3e2caa670dc2 3b9850a79718492e89813c5cef85d5cc - - default default] Successfully bumped revision number for resource 55f0a179-0920-4d95-a888-7e5201331cbd (type: security_group_rules) to 0
2026-07-02 06:27:42.831 9 INFO neutron.db.ovn_revision_numbers_db [None req-e3faa3e6-b904-4cbd-a3e4-7797c207e3e7 836b780a28c2466fad8f3e2caa670dc2 3b9850a79718492e89813c5cef85d5cc - - default default] Successfully bumped revision number for resource 59611ea6-f8eb-4ec3-a4e0-ae36a6e86ac7 (type: security_group_rules) to 0
2026-07-02 06:27:42.846 9 INFO neutron.db.ovn_revision_numbers_db [None req-e3faa3e6-b904-4cbd-a3e4-7797c207e3e7 836b780a28c2466fad8f3e2caa670dc2 3b9850a79718492e89813c5cef85d5cc - - default default] Successfully bumped revision number for resource 6bb048e7-9245-4f5a-ac8f-a76295f16dad (type: security_group_rules) to 0 [pid: 9|app: 0|req: 747/1628] 10.0.0.123 () {32 vars in 773 bytes} [Thu Jul 2 06:27:42 2026] GET /v2.0/security-groups?tenant_id=e4426ee43da94ed3b9e369eaae90e06a&name=default => generated 2925 bytes in 419 msecs (HTTP/1.1 200) 4 headers in 158 bytes (1 switches on core 0) [pid: 8|app: 0|req: 882/1629] 10.0.0.123 () {32 vars in 739 bytes} [Thu Jul 2 06:27:42 2026] DELETE /v2.0/security-groups/7c1022ed-466f-4745-9550-32eaea431feb => generated 0 bytes in 218 msecs (HTTP/1.1 204) 2 headers in 112 bytes (1 switches on core 0)
2026-07-02 06:27:43.741 9 INFO neutron.db.ovn_revision_numbers_db [None req-d77b2bed-47ed-484d-a913-f744fd55b57f 1de567afeeea4b618f5ca3449dd84149 dcca6f38536f479c9ae630483f096872 - - default default] Successfully bumped revision number for resource e263716a-4381-46cf-859f-c59c3ee2958e (type: security_groups) to 1
2026-07-02 06:27:43.751 9 INFO neutron.db.ovn_revision_numbers_db [None req-d77b2bed-47ed-484d-a913-f744fd55b57f 1de567afeeea4b618f5ca3449dd84149 dcca6f38536f479c9ae630483f096872 - - default default] Successfully bumped revision number for resource 154792be-79b2-4181-9dda-5e33784d3795 (type: security_group_rules) to 0
