2026-07-02 06:27:53.068 8 WARNING neutron.scheduler.dhcp_agent_scheduler [None req-e0477ab7-0a2a-4015-bde2-42c52db6d9cd 38261d1fdb1e40e78b66e6f1d040c3da 0f7d3c43a95a407594dd22e87af0f8bb - - default default] No more DHCP agents
2026-07-02 06:27:53.070 8 WARNING neutron.api.rpc.agentnotifiers.dhcp_rpc_agent_api [None req-e0477ab7-0a2a-4015-bde2-42c52db6d9cd 38261d1fdb1e40e78b66e6f1d040c3da 0f7d3c43a95a407594dd22e87af0f8bb - - default default] Unable to schedule network cb005df7-c081-4dc9-b0e8-ea4503ed2f47: no agents available; will retry on subsequent port and subnet creation events.
2026-07-02 06:27:53.084 9 WARNING neutron.scheduler.dhcp_agent_scheduler [None req-806ce4ca-ac34-45a3-9672-dbc7867dd31b cc667053503f47cd8517af45c0c95238 7e7befec89cd4e60b559da758021063d - - default default] No more DHCP agents
2026-07-02 06:27:53.086 9 WARNING neutron.api.rpc.agentnotifiers.dhcp_rpc_agent_api [None req-806ce4ca-ac34-45a3-9672-dbc7867dd31b cc667053503f47cd8517af45c0c95238 7e7befec89cd4e60b559da758021063d - - default default] Unable to schedule network 20f9bff7-8758-4127-a6f3-297831201c26: no agents available; will retry on subsequent port and subnet creation events.
2026-07-02 06:27:53.161 8 INFO neutron.db.ovn_revision_numbers_db [None req-e0477ab7-0a2a-4015-bde2-42c52db6d9cd 38261d1fdb1e40e78b66e6f1d040c3da 0f7d3c43a95a407594dd22e87af0f8bb - - default default] Successfully bumped revision number for resource 7cffd84e-7472-427e-aa76-b73a207ab9da (type: ports) to 1
2026-07-02 06:27:53.197 8 INFO neutron.plugins.ml2.drivers.ovn.mech_driver.mech_driver [None req-c3d3281d-fc0f-47d4-88e3-8e242d24f3e3 - - - - - -] OVN reports status down for port: a94b3d5a-82e7-4e61-904c-3aaf7cc1a927
2026-07-02 06:27:53.233 9 INFO neutron.db.ovn_revision_numbers_db [None req-806ce4ca-ac34-45a3-9672-dbc7867dd31b cc667053503f47cd8517af45c0c95238 7e7befec89cd4e60b559da758021063d - - default default] Successfully bumped revision number for resource a94b3d5a-82e7-4e61-904c-3aaf7cc1a927 (type: ports) to 1 [pid: 8|app: 0|req: 911/1699] 10.0.0.123 () {34 vars in 664 bytes} [Thu Jul 2 06:27:52 2026] POST /v2.0/ports => generated 775 bytes in 402 msecs (HTTP/1.1 201) 4 headers in 162 bytes (1 switches on core 0) /var/lib/openstack/lib/python3.12/site-packages/pycadf/identifier.py:70: UserWarning: Invalid uuid: neutron. To ensure interoperability, identifiers should be a valid uuid. warnings.warn(('Invalid uuid: %s. To ensure interoperability, '
2026-07-02 06:27:53.355 8 INFO neutron.db.segments_db [None req-757766d5-123d-47ee-b137-e244be83815c 38261d1fdb1e40e78b66e6f1d040c3da 0f7d3c43a95a407594dd22e87af0f8bb - - default default] Added segment a52a2e8e-2322-4f66-b8e4-72fb62fd6bef of type geneve for network 556bc4f5-937a-4961-a6f6-bb0d2be1860d
2026-07-02 06:27:53.498 8 INFO neutron.db.ovn_revision_numbers_db [None req-757766d5-123d-47ee-b137-e244be83815c 38261d1fdb1e40e78b66e6f1d040c3da 0f7d3c43a95a407594dd22e87af0f8bb - - default default] Successfully bumped revision number for resource 556bc4f5-937a-4961-a6f6-bb0d2be1860d (type: networks) to 1
2026-07-02 06:27:53.673 8 WARNING neutron.scheduler.dhcp_agent_scheduler [None req-757766d5-123d-47ee-b137-e244be83815c 38261d1fdb1e40e78b66e6f1d040c3da 0f7d3c43a95a407594dd22e87af0f8bb - - default default] No more DHCP agents
2026-07-02 06:27:53.675 8 WARNING neutron.api.rpc.agentnotifiers.dhcp_rpc_agent_api [None req-757766d5-123d-47ee-b137-e244be83815c 38261d1fdb1e40e78b66e6f1d040c3da 0f7d3c43a95a407594dd22e87af0f8bb - - default default] Unable to schedule network 556bc4f5-937a-4961-a6f6-bb0d2be1860d: no agents available; will retry on subsequent port and subnet creation events.
2026-07-02 06:27:53.741 8 INFO neutron.db.ovn_revision_numbers_db [None req-757766d5-123d-47ee-b137-e244be83815c 38261d1fdb1e40e78b66e6f1d040c3da 0f7d3c43a95a407594dd22e87af0f8bb - - default default] Successfully bumped revision number for resource c2739333-40a9-4080-b5ca-4d2afc4a6829 (type: ports) to 1 [pid: 8|app: 0|req: 912/1700] 10.0.0.123 () {34 vars in 669 bytes} [Thu Jul 2 06:27:53 2026] POST /v2.0/networks => generated 669 bytes in 516 msecs (HTTP/1.1 201) 4 headers in 162 bytes (1 switches on core 0)
2026-07-02 06:27:53.965 8 WARNING neutron.scheduler.dhcp_agent_scheduler [None req-763007f8-4584-4b06-b7aa-46922b76d974 38261d1fdb1e40e78b66e6f1d040c3da 0f7d3c43a95a407594dd22e87af0f8bb - - default default] No more DHCP agents
2026-07-02 06:27:53.967 8 WARNING neutron.api.rpc.agentnotifiers.dhcp_rpc_agent_api [None req-763007f8-4584-4b06-b7aa-46922b76d974 38261d1fdb1e40e78b66e6f1d040c3da 0f7d3c43a95a407594dd22e87af0f8bb - - default default] Unable to schedule network 556bc4f5-937a-4961-a6f6-bb0d2be1860d: no agents available; will retry on subsequent port and subnet creation events.
2026-07-02 06:27:54.399 8 INFO neutron.plugins.ml2.drivers.ovn.mech_driver.mech_driver [None req-c3d3281d-fc0f-47d4-88e3-8e242d24f3e3 - - - - - -] OVN reports status up for port: a94b3d5a-82e7-4e61-904c-3aaf7cc1a927
2026-07-02 06:27:54.441 8 INFO neutron.plugins.ml2.plugin [None req-c3d3281d-fc0f-47d4-88e3-8e242d24f3e3 - - - - - -] Attempt 1 to provision port a94b3d5a-82e7-4e61-904c-3aaf7cc1a927
2026-07-02 06:27:54.512 9 WARNING neutron.scheduler.dhcp_agent_scheduler [None req-806ce4ca-ac34-45a3-9672-dbc7867dd31b cc667053503f47cd8517af45c0c95238 7e7befec89cd4e60b559da758021063d - - default default] No more DHCP agents
2026-07-02 06:27:54.514 9 WARNING neutron.api.rpc.agentnotifiers.dhcp_rpc_agent_api [None req-806ce4ca-ac34-45a3-9672-dbc7867dd31b cc667053503f47cd8517af45c0c95238 7e7befec89cd4e60b559da758021063d - - default default] Unable to schedule network 20f9bff7-8758-4127-a6f3-297831201c26: no agents available; will retry on subsequent port and subnet creation events.
2026-07-02 06:27:54.525 8 INFO neutron.db.ovn_revision_numbers_db [None req-f14fb808-9799-4a2c-9b8d-18cd237a6a0b - - - - - -] Successfully bumped revision number for resource c2739333-40a9-4080-b5ca-4d2afc4a6829 (type: ports) to 2
2026-07-02 06:27:54.598 8 INFO neutron.db.ovn_revision_numbers_db [None req-f14fb808-9799-4a2c-9b8d-18cd237a6a0b - - - - - -] Successfully bumped revision number for resource e72e5ba6-67b9-43e5-b185-93bfe337bc88 (type: subnets) to 0 [pid: 8|app: 0|req: 913/1701] 10.0.0.123 () {34 vars in 668 bytes} [Thu Jul 2 06:27:53 2026] POST /v2.0/subnets => generated 626 bytes in 862 msecs (HTTP/1.1 201) 4 headers in 162 bytes (1 switches on core 0)
2026-07-02 06:27:54.897 9 INFO neutron.db.ovn_revision_numbers_db [None req-806ce4ca-ac34-45a3-9672-dbc7867dd31b cc667053503f47cd8517af45c0c95238 7e7befec89cd4e60b559da758021063d - - default default] Successfully bumped revision number for resource a94b3d5a-82e7-4e61-904c-3aaf7cc1a927 (type: router_ports) to 1 [pid: 9|app: 0|req: 789/1702] 10.0.0.123 () {34 vars in 782 bytes} [Thu Jul 2 06:27:52 2026] PUT /v2.0/routers/ee42bea1-336c-4e7b-8bf4-b2327e756090/add_router_interface => generated 309 bytes in 2487 msecs (HTTP/1.1 200) 4 headers in 157 bytes (1 switches on core 0)
2026-07-02 06:27:55.179 8 WARNING neutron.scheduler.dhcp_agent_scheduler [None req-41880b07-5a7a-46f4-b915-2806c59050d4 38261d1fdb1e40e78b66e6f1d040c3da 0f7d3c43a95a407594dd22e87af0f8bb - - default default] No more DHCP agents
2026-07-02 06:27:55.182 8 WARNING neutron.api.rpc.agentnotifiers.dhcp_rpc_agent_api [None req-41880b07-5a7a-46f4-b915-2806c59050d4 38261d1fdb1e40e78b66e6f1d040c3da 0f7d3c43a95a407594dd22e87af0f8bb - - default default] Unable to schedule network 556bc4f5-937a-4961-a6f6-bb0d2be1860d: no agents available; will retry on subsequent port and subnet creation events.
2026-07-02 06:27:55.191 9 WARNING neutron.scheduler.dhcp_agent_scheduler [None req-a9427c79-124f-47e3-9a94-5ee1a67988c1 cc667053503f47cd8517af45c0c95238 7e7befec89cd4e60b559da758021063d - - default default] No more DHCP agents
2026-07-02 06:27:55.192 9 WARNING neutron.api.rpc.agentnotifiers.dhcp_rpc_agent_api [None req-a9427c79-124f-47e3-9a94-5ee1a67988c1 cc667053503f47cd8517af45c0c95238 7e7befec89cd4e60b559da758021063d - - default default] Unable to schedule network 20f9bff7-8758-4127-a6f3-297831201c26: no agents available; will retry on subsequent port and subnet creation events.
2026-07-02 06:27:55.353 8 INFO neutron.db.ovn_revision_numbers_db [None req-c3d3281d-fc0f-47d4-88e3-8e242d24f3e3 - - - - - -] Successfully bumped revision number for resource a94b3d5a-82e7-4e61-904c-3aaf7cc1a927 (type: ports) to 2
2026-07-02 06:27:55.370 9 INFO neutron.db.ovn_revision_numbers_db [None req-a9427c79-124f-47e3-9a94-5ee1a67988c1 cc667053503f47cd8517af45c0c95238 7e7befec89cd4e60b559da758021063d - - default default] Successfully bumped revision number for resource aeb93637-92f3-48a5-b971-55fe097c7966 (type: ports) to 1 [pid: 9|app: 0|req: 790/1703] 10.0.0.123 () {34 vars in 664 bytes} [Thu Jul 2 06:27:54 2026] POST /v2.0/ports => generated 955 bytes in 540 msecs (HTTP/1.1 201) 4 headers in 162 bytes (1 switches on core 0) /var/lib/openstack/lib/python3.12/site-packages/pycadf/identifier.py:70: UserWarning: Invalid uuid: neutron. To ensure interoperability, identifiers should be a valid uuid. warnings.warn(('Invalid uuid: %s. To ensure interoperability, '
2026-07-02 06:27:55.502 8 INFO neutron.db.ovn_revision_numbers_db [None req-41880b07-5a7a-46f4-b915-2806c59050d4 38261d1fdb1e40e78b66e6f1d040c3da 0f7d3c43a95a407594dd22e87af0f8bb - - default default] Successfully bumped revision number for resource 7c981fe5-245a-4d97-9b8b-353888bcd0fe (type: ports) to 1 [pid: 8|app: 0|req: 914/1704] 10.0.0.123 () {34 vars in 664 bytes} [Thu Jul 2 06:27:54 2026] POST /v2.0/ports => generated 954 bytes in 917 msecs (HTTP/1.1 201) 4 headers in 162 bytes (1 switches on core 0) /var/lib/openstack/lib/python3.12/site-packages/pycadf/identifier.py:70: UserWarning: Invalid uuid: neutron. To ensure interoperability, identifiers should be a valid uuid. warnings.warn(('Invalid uuid: %s. To ensure interoperability, '
2026-07-02 06:27:55.736 9 WARNING neutron.scheduler.dhcp_agent_scheduler [None req-1d6ab5fc-1193-47ea-aa9e-89144b3de9e8 cc667053503f47cd8517af45c0c95238 7e7befec89cd4e60b559da758021063d - - default default] No more DHCP agents
2026-07-02 06:27:55.737 9 WARNING neutron.api.rpc.agentnotifiers.dhcp_rpc_agent_api [None req-1d6ab5fc-1193-47ea-aa9e-89144b3de9e8 cc667053503f47cd8517af45c0c95238 7e7befec89cd4e60b559da758021063d - - default default] Unable to schedule network 20f9bff7-8758-4127-a6f3-297831201c26: no agents available; will retry on subsequent port and subnet creation events.
2026-07-02 06:27:55.781 8 INFO neutron.db.ovn_revision_numbers_db [None req-4f12779a-54db-4d2a-b5ca-7ee3fa097f9c 836b780a28c2466fad8f3e2caa670dc2 3b9850a79718492e89813c5cef85d5cc - - default default] Successfully bumped revision number for resource 2581217a-65fb-4d72-9b6a-63ff70773973 (type: security_groups) to 1
2026-07-02 06:27:55.793 8 INFO neutron.db.ovn_revision_numbers_db [None req-4f12779a-54db-4d2a-b5ca-7ee3fa097f9c 836b780a28c2466fad8f3e2caa670dc2 3b9850a79718492e89813c5cef85d5cc - - default default] Successfully bumped revision number for resource 1651b02b-1ed3-42a1-9c9c-dea12f91d66c (type: security_group_rules) to 0
2026-07-02 06:27:55.805 8 INFO neutron.db.ovn_revision_numbers_db [None req-4f12779a-54db-4d2a-b5ca-7ee3fa097f9c 836b780a28c2466fad8f3e2caa670dc2 3b9850a79718492e89813c5cef85d5cc - - default default] Successfully bumped revision number for resource 82a553da-eb15-47ee-bf8f-2fbd6cfc72ba (type: security_group_rules) to 0
2026-07-02 06:27:55.814 8 INFO neutron.db.ovn_revision_numbers_db [None req-4f12779a-54db-4d2a-b5ca-7ee3fa097f9c 836b780a28c2466fad8f3e2caa670dc2 3b9850a79718492e89813c5cef85d5cc - - default default] Successfully bumped revision number for resource 8785006f-0415-4fdd-ab5e-4510d6f6fd7d (type: security_group_rules) to 0
2026-07-02 06:27:55.825 8 INFO neutron.db.ovn_revision_numbers_db [None req-4f12779a-54db-4d2a-b5ca-7ee3fa097f9c 836b780a28c2466fad8f3e2caa670dc2 3b9850a79718492e89813c5cef85d5cc - - default default] Successfully bumped revision number for resource b87648d8-3738-4451-b596-e05d71642a38 (type: security_group_rules) to 0
2026-07-02 06:27:55.887 9 INFO neutron.db.ovn_revision_numbers_db [None req-1d6ab5fc-1193-47ea-aa9e-89144b3de9e8 cc667053503f47cd8517af45c0c95238 7e7befec89cd4e60b559da758021063d - - default default] Successfully bumped revision number for resource 17a2faa7-58e3-423c-87b1-fa2263c27625 (type: ports) to 1 [pid: 8|app: 0|req: 915/1705] 10.0.0.123 () {32 vars in 773 bytes} [Thu Jul 2 06:27:55 2026] GET /v2.0/security-groups?tenant_id=a0f57301f3d748b5acfa490bb1b8baab&name=default => generated 2925 bytes in 331 msecs (HTTP/1.1 200) 4 headers in 158 bytes (1 switches on core 0) [pid: 9|app: 0|req: 791/1706] 10.0.0.123 () {34 vars in 664 bytes} [Thu Jul 2 06:27:55 2026] POST /v2.0/ports => generated 954 bytes in 457 msecs (HTTP/1.1 201) 4 headers in 162 bytes (1 switches on core 0) /var/lib/openstack/lib/python3.12/site-packages/pycadf/identifier.py:70: UserWarning: Invalid uuid: neutron. To ensure interoperability, identifiers should be a valid uuid. warnings.warn(('Invalid uuid: %s. To ensure interoperability, '
2026-07-02 06:27:56.008 8 INFO neutron_taas.services.taas.taas_plugin [None req-2a00fc7a-0d56-428d-8889-ecb3c1ee3cee 38261d1fdb1e40e78b66e6f1d040c3da 0f7d3c43a95a407594dd22e87af0f8bb - - default default] TaaS: Handle Delete Port: 7c981fe5-245a-4d97-9b8b-353888bcd0fe
2026-07-02 06:27:56.013 8 INFO neutron_taas.services.taas.tap_mirror_plugin [None req-2a00fc7a-0d56-428d-8889-ecb3c1ee3cee 38261d1fdb1e40e78b66e6f1d040c3da 0f7d3c43a95a407594dd22e87af0f8bb - - default default] Tap Mirror: Handle Delete Port: 7c981fe5-245a-4d97-9b8b-353888bcd0fe [pid: 9|app: 0|req: 792/1707] 10.0.0.123 () {32 vars in 739 bytes} [Thu Jul 2 06:27:55 2026] DELETE /v2.0/security-groups/2581217a-65fb-4d72-9b6a-63ff70773973 => generated 0 bytes in 202 msecs (HTTP/1.1 204) 2 headers in 112 bytes (1 switches on core 0) [pid: 8|app: 0|req: 916/1708] 10.0.0.123 () {32 vars in 719 bytes} [Thu Jul 2 06:27:55 2026] DELETE /v2.0/ports/7c981fe5-245a-4d97-9b8b-353888bcd0fe => generated 0 bytes in 307 msecs (HTTP/1.1 204) 3 headers in 131 bytes (1 switches on core 0)
2026-07-02 06:27:56.215 8 INFO neutron.pecan_wsgi.hooks.translation [None req-48c15f21-7b17-41a7-a365-ae2bab0a4f3a 38261d1fdb1e40e78b66e6f1d040c3da 0f7d3c43a95a407594dd22e87af0f8bb - - default default] DELETE failed (client error): The resource could not be found. [pid: 8|app: 0|req: 917/1709] 10.0.0.123 () {32 vars in 719 bytes} [Thu Jul 2 06:27:56 2026] DELETE /v2.0/ports/7c981fe5-245a-4d97-9b8b-353888bcd0fe => generated 132 bytes in 18 msecs (HTTP/1.1 404) 4 headers in 164 bytes (1 switches on core 0)
2026-07-02 06:27:56.237 8 INFO neutron.pecan_wsgi.hooks.translation [None req-cf3b55f5-9f76-48a1-9b3f-c856e97ac8b9 38261d1fdb1e40e78b66e6f1d040c3da 0f7d3c43a95a407594dd22e87af0f8bb - - default default] GET failed (client error): The resource could not be found. [pid: 8|app: 0|req: 918/1710] 10.0.0.123 () {32 vars in 716 bytes} [Thu Jul 2 06:27:56 2026] GET /v2.0/ports/7c981fe5-245a-4d97-9b8b-353888bcd0fe => generated 132 bytes in 16 msecs (HTTP/1.1 404) 4 headers in 164 bytes (1 switches on core 0)
2026-07-02 06:27:56.343 9 WARNING neutron.scheduler.dhcp_agent_scheduler [None req-3fae90cc-4d5b-4529-b3a4-63d0912e3bcb cc667053503f47cd8517af45c0c95238 7e7befec89cd4e60b559da758021063d - - default default] No more DHCP agents
2026-07-02 06:27:56.344 9 WARNING neutron.api.rpc.agentnotifiers.dhcp_rpc_agent_api [None req-3fae90cc-4d5b-4529-b3a4-63d0912e3bcb cc667053503f47cd8517af45c0c95238 7e7befec89cd4e60b559da758021063d - - default default] Unable to schedule network 1d023a09-8e88-438f-9236-01c64d27464e: no agents available; will retry on subsequent port and subnet creation events. [pid: 8|app: 0|req: 919/1711] 10.0.0.123 () {32 vars in 723 bytes} [Thu Jul 2 06:27:56 2026] DELETE /v2.0/subnets/e72e5ba6-67b9-43e5-b185-93bfe337bc88 => generated 0 bytes in 170 msecs (HTTP/1.1 204) 3 headers in 131 bytes (1 switches on core 0)
2026-07-02 06:27:56.546 8 INFO neutron_taas.services.taas.taas_plugin [None req-f46b771a-6d21-4dc2-a794-98bb51f4cc08 38261d1fdb1e40e78b66e6f1d040c3da 0f7d3c43a95a407594dd22e87af0f8bb - - default default] TaaS: Handle Delete Port: c2739333-40a9-4080-b5ca-4d2afc4a6829
2026-07-02 06:27:56.549 8 INFO neutron_taas.services.taas.tap_mirror_plugin [None req-f46b771a-6d21-4dc2-a794-98bb51f4cc08 38261d1fdb1e40e78b66e6f1d040c3da 0f7d3c43a95a407594dd22e87af0f8bb - - default default] Tap Mirror: Handle Delete Port: c2739333-40a9-4080-b5ca-4d2afc4a6829
2026-07-02 06:27:56.723 8 INFO neutron.services.segments.plugin [-] Segment a52a2e8e-2322-4f66-b8e4-72fb62fd6bef resource provider aggregate not found
2026-07-02 06:27:56.729 8 INFO neutron.services.segments.plugin [-] Segment a52a2e8e-2322-4f66-b8e4-72fb62fd6bef resource provider aggregate not found
2026-07-02 06:27:56.740 8 INFO neutron.services.segments.plugin [-] Segment a52a2e8e-2322-4f66-b8e4-72fb62fd6bef resource provider not found; error: Placement Client Error (4xx): {"errors": [{"status": 404, "title": "Not Found", "detail": "The resource could not be found.\n\n No resource provider with uuid a52a2e8e-2322-4f66-b8e4-72fb62fd6bef found for delete ", "request_id": "req-b365465d-fb5b-4c53-af46-46c6ea0177bf"}]}
2026-07-02 06:27:56.757 8 INFO neutron.services.segments.plugin [-] Segment a52a2e8e-2322-4f66-b8e4-72fb62fd6bef resource provider not found; error: Placement Client Error (4xx): {"errors": [{"status": 404, "title": "Not Found", "detail": "The resource could not be found.\n\n No resource provider with uuid a52a2e8e-2322-4f66-b8e4-72fb62fd6bef found for delete ", "request_id": "req-db01ca76-65ad-470b-b0ca-f3a64623151e"}]} [pid: 8|app: 0|req: 920/1712] 10.0.0.123 () {32 vars in 725 bytes} [Thu Jul 2 06:27:56 2026] DELETE /v2.0/networks/556bc4f5-937a-4961-a6f6-bb0d2be1860d => generated 0 bytes in 372 msecs (HTTP/1.1 204) 3 headers in 131 bytes (1 switches on core 0)
2026-07-02 06:27:56.875 8 INFO neutron.db.segments_db [None req-1f7ab61a-942c-4fd3-93ea-3cc4b730c837 38261d1fdb1e40e78b66e6f1d040c3da 0f7d3c43a95a407594dd22e87af0f8bb - - default default] Added segment 9e770847-3df9-48b4-9891-4f1e72c9e770 of type geneve for network 50e90fb6-955c-4fd9-9ac2-8070b05d5bca
2026-07-02 06:27:56.981 8 INFO neutron.db.ovn_revision_numbers_db [None req-1f7ab61a-942c-4fd3-93ea-3cc4b730c837 38261d1fdb1e40e78b66e6f1d040c3da 0f7d3c43a95a407594dd22e87af0f8bb - - default default] Successfully bumped revision number for resource 50e90fb6-955c-4fd9-9ac2-8070b05d5bca (type: networks) to 1
2026-07-02 06:27:57.142 9 INFO neutron.db.ovn_revision_numbers_db [None req-3fae90cc-4d5b-4529-b3a4-63d0912e3bcb cc667053503f47cd8517af45c0c95238 7e7befec89cd4e60b559da758021063d - - default default] Successfully bumped revision number for resource a87d25f7-6ff7-43fc-8ae7-94c29165ec40 (type: floatingips) to 1
2026-07-02 06:27:57.142 9 INFO neutron.db.l3_db [None req-3fae90cc-4d5b-4529-b3a4-63d0912e3bcb cc667053503f47cd8517af45c0c95238 7e7befec89cd4e60b559da758021063d - - default default] Floating IP a87d25f7-6ff7-43fc-8ae7-94c29165ec40 associated. External IP: 10.96.250.217, port: 17a2faa7-58e3-423c-87b1-fa2263c27625.
2026-07-02 06:27:57.147 8 WARNING neutron.scheduler.dhcp_agent_scheduler [None req-1f7ab61a-942c-4fd3-93ea-3cc4b730c837 38261d1fdb1e40e78b66e6f1d040c3da 0f7d3c43a95a407594dd22e87af0f8bb - - default default] No more DHCP agents
2026-07-02 06:27:57.151 8 WARNING neutron.api.rpc.agentnotifiers.dhcp_rpc_agent_api [None req-1f7ab61a-942c-4fd3-93ea-3cc4b730c837 38261d1fdb1e40e78b66e6f1d040c3da 0f7d3c43a95a407594dd22e87af0f8bb - - default default] Unable to schedule network 50e90fb6-955c-4fd9-9ac2-8070b05d5bca: no agents available; will retry on subsequent port and subnet creation events. [pid: 9|app: 0|req: 793/1713] 10.0.0.123 () {34 vars in 676 bytes} [Thu Jul 2 06:27:56 2026] POST /v2.0/floatingips => generated 841 bytes in 1069 msecs (HTTP/1.1 201) 4 headers in 162 bytes (1 switches on core 0)
2026-07-02 06:27:57.230 8 INFO neutron.db.ovn_revision_numbers_db [None req-1f7ab61a-942c-4fd3-93ea-3cc4b730c837 38261d1fdb1e40e78b66e6f1d040c3da 0f7d3c43a95a407594dd22e87af0f8bb - - default default] Successfully bumped revision number for resource 75ae4628-95bc-4f49-9d02-e09fb6ac74a8 (type: ports) to 1 [pid: 8|app: 0|req: 921/1714] 10.0.0.123 () {34 vars in 669 bytes} [Thu Jul 2 06:27:56 2026] POST /v2.0/networks => generated 669 bytes in 461 msecs (HTTP/1.1 201) 4 headers in 162 bytes (1 switches on core 0)
2026-07-02 06:27:57.363 9 INFO neutron.db.ovn_revision_numbers_db [None req-c2e94d06-bb27-419f-84c3-e4a9705a4d0b cc667053503f47cd8517af45c0c95238 7e7befec89cd4e60b559da758021063d - - default default] Successfully bumped revision number for resource a87d25f7-6ff7-43fc-8ae7-94c29165ec40 (type: floatingips) to 2
2026-07-02 06:27:57.421 9 INFO neutron.db.l3_db [None req-c2e94d06-bb27-419f-84c3-e4a9705a4d0b cc667053503f47cd8517af45c0c95238 7e7befec89cd4e60b559da758021063d - - default default] Floating IP a87d25f7-6ff7-43fc-8ae7-94c29165ec40 disassociated. External IP: 10.96.250.217, port: 17a2faa7-58e3-423c-87b1-fa2263c27625. [pid: 9|app: 0|req: 794/1715] 10.0.0.123 () {34 vars in 748 bytes} [Thu Jul 2 06:27:57 2026] PUT /v2.0/floatingips/a87d25f7-6ff7-43fc-8ae7-94c29165ec40 => generated 554 bytes in 258 msecs (HTTP/1.1 200) 4 headers in 157 bytes (1 switches on core 0)
2026-07-02 06:27:57.451 8 WARNING neutron.scheduler.dhcp_agent_scheduler [None req-9e8fd674-49f5-4e68-b8b0-8bb5ef0a53d4 38261d1fdb1e40e78b66e6f1d040c3da 0f7d3c43a95a407594dd22e87af0f8bb - - default default] No more DHCP agents
2026-07-02 06:27:57.452 8 WARNING neutron.api.rpc.agentnotifiers.dhcp_rpc_agent_api [None req-9e8fd674-49f5-4e68-b8b0-8bb5ef0a53d4 38261d1fdb1e40e78b66e6f1d040c3da 0f7d3c43a95a407594dd22e87af0f8bb - - default default] Unable to schedule network 50e90fb6-955c-4fd9-9ac2-8070b05d5bca: no agents available; will retry on subsequent port and subnet creation events.
2026-07-02 06:27:57.581 9 INFO neutron_taas.services.taas.taas_plugin [None req-96986240-bc55-4b79-8157-05cc8128f8ce cc667053503f47cd8517af45c0c95238 7e7befec89cd4e60b559da758021063d - - default default] TaaS: Handle Delete Port: af47ee21-f1f1-47e9-8e23-07e3020460e0
2026-07-02 06:27:57.584 9 INFO neutron_taas.services.taas.tap_mirror_plugin [None req-96986240-bc55-4b79-8157-05cc8128f8ce cc667053503f47cd8517af45c0c95238 7e7befec89cd4e60b559da758021063d - - default default] Tap Mirror: Handle Delete Port: af47ee21-f1f1-47e9-8e23-07e3020460e0
2026-07-02 06:27:57.688 9 WARNING neutron.plugins.ml2.drivers.ovn.mech_driver.ovsdb.ovn_client [None req-4fb3c4b0-d1a8-44fa-9312-818110e63149 - - - - - -] No hosting information found for port c079675e-a85f-484c-827f-6d272ac5ac91: RuntimeError: No hosting information found for port c079675e-a85f-484c-827f-6d272ac5ac91
2026-07-02 06:27:57.689 9 INFO neutron.plugins.ml2.drivers.ovn.mech_driver.mech_driver [None req-4fb3c4b0-d1a8-44fa-9312-818110e63149 - - - - - -] OVN reports status down for port: 4755f5a1-afed-40e2-a0e8-f671658ffd82
2026-07-02 06:27:57.777 9 INFO neutron.plugins.ml2.drivers.ovn.mech_driver.mech_driver [None req-4fb3c4b0-d1a8-44fa-9312-818110e63149 - - - - - -] OVN reports status down for port: 7cffd84e-7472-427e-aa76-b73a207ab9da [pid: 9|app: 0|req: 795/1716] 10.0.0.123 () {32 vars in 731 bytes} [Thu Jul 2 06:27:57 2026] DELETE /v2.0/floatingips/a87d25f7-6ff7-43fc-8ae7-94c29165ec40 => generated 0 bytes in 349 msecs (HTTP/1.1 204) 2 headers in 112 bytes (1 switches on core 0)
2026-07-02 06:27:57.897 8 INFO neutron.db.ovn_revision_numbers_db [None req-da106605-2387-47ad-a740-8b19447a8dca - - - - - -] Successfully bumped revision number for resource 75ae4628-95bc-4f49-9d02-e09fb6ac74a8 (type: ports) to 2
2026-07-02 06:27:57.904 9 INFO neutron.plugins.ml2.drivers.ovn.mech_driver.mech_driver [None req-4fb3c4b0-d1a8-44fa-9312-818110e63149 - - - - - -] OVN reports status down for port: c2739333-40a9-4080-b5ca-4d2afc4a6829
2026-07-02 06:27:57.921 9 INFO neutron.plugins.ml2.drivers.ovn.mech_driver.mech_driver [None req-4fb3c4b0-d1a8-44fa-9312-818110e63149 - - - - - -] OVN reports status down for port: aeb93637-92f3-48a5-b971-55fe097c7966
2026-07-02 06:27:57.936 8 INFO neutron.db.ovn_revision_numbers_db [None req-da106605-2387-47ad-a740-8b19447a8dca - - - - - -] Successfully bumped revision number for resource 81dc1254-e5c2-486a-b243-d11c52804618 (type: subnets) to 0 [pid: 8|app: 0|req: 922/1717] 10.0.0.123 () {34 vars in 668 bytes} [Thu Jul 2 06:27:57 2026] POST /v2.0/subnets => generated 626 bytes in 688 msecs (HTTP/1.1 201) 4 headers in 162 bytes (1 switches on core 0)
2026-07-02 06:27:58.054 9 INFO neutron.plugins.ml2.drivers.ovn.mech_driver.mech_driver [None req-4fb3c4b0-d1a8-44fa-9312-818110e63149 - - - - - -] OVN reports status down for port: 17a2faa7-58e3-423c-87b1-fa2263c27625
2026-07-02 06:27:58.113 9 WARNING neutron.scheduler.dhcp_agent_scheduler [None req-2b3e0500-b357-4815-904e-dc6d5bb71c00 cc667053503f47cd8517af45c0c95238 7e7befec89cd4e60b559da758021063d - - default default] No more DHCP agents
2026-07-02 06:27:58.115 9 WARNING neutron.api.rpc.agentnotifiers.dhcp_rpc_agent_api [None req-2b3e0500-b357-4815-904e-dc6d5bb71c00 cc667053503f47cd8517af45c0c95238 7e7befec89cd4e60b559da758021063d - - default default] Unable to schedule network 1d023a09-8e88-438f-9236-01c64d27464e: no agents available; will retry on subsequent port and subnet creation events.
2026-07-02 06:27:58.171 9 INFO neutron.plugins.ml2.drivers.ovn.mech_driver.mech_driver [None req-4fb3c4b0-d1a8-44fa-9312-818110e63149 - - - - - -] OVN reports status down for port: 75ae4628-95bc-4f49-9d02-e09fb6ac74a8
2026-07-02 06:27:58.220 8 WARNING neutron.scheduler.dhcp_agent_scheduler [None req-6ce12dd3-e402-41aa-9314-3085f03d14b3 38261d1fdb1e40e78b66e6f1d040c3da 0f7d3c43a95a407594dd22e87af0f8bb - - default default] No more DHCP agents
2026-07-02 06:27:58.221 8 WARNING neutron.api.rpc.agentnotifiers.dhcp_rpc_agent_api [None req-6ce12dd3-e402-41aa-9314-3085f03d14b3 38261d1fdb1e40e78b66e6f1d040c3da 0f7d3c43a95a407594dd22e87af0f8bb - - default default] Unable to schedule network 50e90fb6-955c-4fd9-9ac2-8070b05d5bca: no agents available; will retry on subsequent port and subnet creation events.
2026-07-02 06:27:58.348 9 INFO neutron.plugins.ml2.drivers.ovn.mech_driver.mech_driver [None req-4fb3c4b0-d1a8-44fa-9312-818110e63149 - - - - - -] OVN reports status down for port: 2a17df01-e1f1-4250-98aa-e014c5e111e2
2026-07-02 06:27:58.367 8 INFO neutron.db.ovn_revision_numbers_db [None req-6ce12dd3-e402-41aa-9314-3085f03d14b3 38261d1fdb1e40e78b66e6f1d040c3da 0f7d3c43a95a407594dd22e87af0f8bb - - default default] Successfully bumped revision number for resource 2a17df01-e1f1-4250-98aa-e014c5e111e2 (type: ports) to 1 [pid: 8|app: 0|req: 923/1718] 10.0.0.123 () {34 vars in 664 bytes} [Thu Jul 2 06:27:57 2026] POST /v2.0/ports => generated 915 bytes in 435 msecs (HTTP/1.1 201) 4 headers in 162 bytes (1 switches on core 0)
2026-07-02 06:27:58.527 8 INFO neutron_taas.services.taas.taas_plugin [None req-e0bddd52-696e-401c-8dd0-e76c3c6a9ec6 38261d1fdb1e40e78b66e6f1d040c3da 0f7d3c43a95a407594dd22e87af0f8bb - - default default] TaaS: Handle Delete Port: 2a17df01-e1f1-4250-98aa-e014c5e111e2
2026-07-02 06:27:58.530 8 INFO neutron_taas.services.taas.tap_mirror_plugin [None req-e0bddd52-696e-401c-8dd0-e76c3c6a9ec6 38261d1fdb1e40e78b66e6f1d040c3da 0f7d3c43a95a407594dd22e87af0f8bb - - default default] Tap Mirror: Handle Delete Port: 2a17df01-e1f1-4250-98aa-e014c5e111e2 [pid: 8|app: 0|req: 924/1719] 10.0.0.123 () {32 vars in 719 bytes} [Thu Jul 2 06:27:58 2026] DELETE /v2.0/ports/2a17df01-e1f1-4250-98aa-e014c5e111e2 => generated 0 bytes in 274 msecs (HTTP/1.1 204) 3 headers in 131 bytes (1 switches on core 0)
2026-07-02 06:27:58.686 8 INFO neutron.pecan_wsgi.hooks.translation [None req-256165f6-f99e-4b47-aeb5-cf2332dadab2 38261d1fdb1e40e78b66e6f1d040c3da 0f7d3c43a95a407594dd22e87af0f8bb - - default default] GET failed (client error): The resource could not be found. [pid: 8|app: 0|req: 925/1720] 10.0.0.123 () {32 vars in 716 bytes} [Thu Jul 2 06:27:58 2026] GET /v2.0/ports/2a17df01-e1f1-4250-98aa-e014c5e111e2 => generated 132 bytes in 12 msecs (HTTP/1.1 404) 4 headers in 164 bytes (1 switches on core 0) [pid: 8|app: 0|req: 926/1721] 10.0.0.123 () {32 vars in 723 bytes} [Thu Jul 2 06:27:58 2026] DELETE /v2.0/subnets/81dc1254-e5c2-486a-b243-d11c52804618 => generated 0 bytes in 140 msecs (HTTP/1.1 204) 3 headers in 131 bytes (1 switches on core 0)
2026-07-02 06:27:58.952 8 INFO neutron_taas.services.taas.taas_plugin [None req-49236682-c46c-4712-a65e-c011831f2875 38261d1fdb1e40e78b66e6f1d040c3da 0f7d3c43a95a407594dd22e87af0f8bb - - default default] TaaS: Handle Delete Port: 75ae4628-95bc-4f49-9d02-e09fb6ac74a8
2026-07-02 06:27:58.955 8 INFO neutron_taas.services.taas.tap_mirror_plugin [None req-49236682-c46c-4712-a65e-c011831f2875 38261d1fdb1e40e78b66e6f1d040c3da 0f7d3c43a95a407594dd22e87af0f8bb - - default default] Tap Mirror: Handle Delete Port: 75ae4628-95bc-4f49-9d02-e09fb6ac74a8
2026-07-02 06:27:59.065 9 INFO neutron.db.ovn_revision_numbers_db [None req-2b3e0500-b357-4815-904e-dc6d5bb71c00 cc667053503f47cd8517af45c0c95238 7e7befec89cd4e60b559da758021063d - - default default] Successfully bumped revision number for resource f3f135fc-93ef-4ec8-b2cb-703c86d5edd2 (type: floatingips) to 1
2026-07-02 06:27:59.066 9 INFO neutron.db.l3_db [None req-2b3e0500-b357-4815-904e-dc6d5bb71c00 cc667053503f47cd8517af45c0c95238 7e7befec89cd4e60b559da758021063d - - default default] Floating IP f3f135fc-93ef-4ec8-b2cb-703c86d5edd2 associated. External IP: 10.96.250.210, port: aeb93637-92f3-48a5-b971-55fe097c7966. [pid: 9|app: 0|req: 796/1722] 10.0.0.123 () {34 vars in 676 bytes} [Thu Jul 2 06:27:57 2026] POST /v2.0/floatingips => generated 842 bytes in 1298 msecs (HTTP/1.1 201) 4 headers in 162 bytes (1 switches on core 0)
2026-07-02 06:27:59.116 8 INFO neutron.services.segments.plugin [-] Segment 9e770847-3df9-48b4-9891-4f1e72c9e770 resource provider aggregate not found
2026-07-02 06:27:59.122 8 INFO neutron.services.segments.plugin [-] Segment 9e770847-3df9-48b4-9891-4f1e72c9e770 resource provider aggregate not found
2026-07-02 06:27:59.133 8 INFO neutron.services.segments.plugin [-] Segment 9e770847-3df9-48b4-9891-4f1e72c9e770 resource provider not found; error: Placement Client Error (4xx): {"errors": [{"status": 404, "title": "Not Found", "detail": "The resource could not be found.\n\n No resource provider with uuid 9e770847-3df9-48b4-9891-4f1e72c9e770 found for delete ", "request_id": "req-9d7fd6eb-6e7f-4e99-a4c2-14236a08bb1a"}]}
2026-07-02 06:27:59.138 8 INFO neutron.services.segments.plugin [-] Segment 9e770847-3df9-48b4-9891-4f1e72c9e770 resource provider not found; error: Placement Client Error (4xx): {"errors": [{"status": 404, "title": "Not Found", "detail": "The resource could not be found.\n\n No resource provider with uuid 9e770847-3df9-48b4-9891-4f1e72c9e770 found for delete ", "request_id": "req-fa69ec94-e3ee-4eab-aa45-0af9646821ce"}]} [pid: 8|app: 0|req: 927/1723] 10.0.0.123 () {32 vars in 725 bytes} [Thu Jul 2 06:27:58 2026] DELETE /v2.0/networks/50e90fb6-955c-4fd9-9ac2-8070b05d5bca => generated 0 bytes in 322 msecs (HTTP/1.1 204) 3 headers in 131 bytes (1 switches on core 0) [pid: 9|app: 0|req: 797/1724] 10.0.0.123 () {32 vars in 728 bytes} [Thu Jul 2 06:27:59 2026] GET /v2.0/floatingips/f3f135fc-93ef-4ec8-b2cb-703c86d5edd2 => generated 844 bytes in 51 msecs (HTTP/1.1 200) 4 headers in 157 bytes (1 switches on core 0) [pid: 8|app: 0|req: 928/1725] 10.0.0.123 () {32 vars in 654 bytes} [Thu Jul 2 06:27:59 2026] GET /v2.0/floatingips => generated 847 bytes in 60 msecs (HTTP/1.1 200) 4 headers in 157 bytes (1 switches on core 0)
2026-07-02 06:27:59.373 9 WARNING neutron.scheduler.dhcp_agent_scheduler [None req-f6f52196-48e6-4e0e-a54f-4ddf4f6e7566 38261d1fdb1e40e78b66e6f1d040c3da 0f7d3c43a95a407594dd22e87af0f8bb - - default default] No more DHCP agents
2026-07-02 06:27:59.375 9 WARNING neutron.api.rpc.agentnotifiers.dhcp_rpc_agent_api [None req-f6f52196-48e6-4e0e-a54f-4ddf4f6e7566 38261d1fdb1e40e78b66e6f1d040c3da 0f7d3c43a95a407594dd22e87af0f8bb - - default default] Unable to schedule network cb005df7-c081-4dc9-b0e8-ea4503ed2f47: no agents available; will retry on subsequent port and subnet creation events.
2026-07-02 06:27:59.428 9 INFO neutron.plugins.ml2.drivers.ovn.mech_driver.mech_driver [None req-4fb3c4b0-d1a8-44fa-9312-818110e63149 - - - - - -] OVN reports status down for port: e9a9f733-3548-4283-8c17-de96d0609044
2026-07-02 06:27:59.512 9 INFO neutron.db.ovn_revision_numbers_db [None req-f6f52196-48e6-4e0e-a54f-4ddf4f6e7566 38261d1fdb1e40e78b66e6f1d040c3da 0f7d3c43a95a407594dd22e87af0f8bb - - default default] Successfully bumped revision number for resource e9a9f733-3548-4283-8c17-de96d0609044 (type: ports) to 1 [pid: 9|app: 0|req: 798/1726] 10.0.0.123 () {34 vars in 664 bytes} [Thu Jul 2 06:27:59 2026] POST /v2.0/ports => generated 775 bytes in 436 msecs (HTTP/1.1 201) 4 headers in 162 bytes (1 switches on core 0) /var/lib/openstack/lib/python3.12/site-packages/pycadf/identifier.py:70: UserWarning: Invalid uuid: neutron. To ensure interoperability, identifiers should be a valid uuid. warnings.warn(('Invalid uuid: %s. To ensure interoperability, '
2026-07-02 06:27:59.803 8 INFO neutron.db.ovn_revision_numbers_db [None req-abcea15e-acf4-4f5a-b069-cfd2259b2621 cc667053503f47cd8517af45c0c95238 7e7befec89cd4e60b559da758021063d - - default default] Successfully bumped revision number for resource f3f135fc-93ef-4ec8-b2cb-703c86d5edd2 (type: floatingips) to 2
2026-07-02 06:27:59.891 9 INFO neutron.plugins.ml2.drivers.ovn.mech_driver.mech_driver [None req-4fb3c4b0-d1a8-44fa-9312-818110e63149 - - - - - -] OVN reports status down for port: e9a9f733-3548-4283-8c17-de96d0609044
2026-07-02 06:27:59.935 8 INFO neutron.db.l3_db [None req-abcea15e-acf4-4f5a-b069-cfd2259b2621 cc667053503f47cd8517af45c0c95238 7e7befec89cd4e60b559da758021063d - - default default] Floating IP f3f135fc-93ef-4ec8-b2cb-703c86d5edd2 associated. External IP: 10.96.250.210, port: aeb93637-92f3-48a5-b971-55fe097c7966.
2026-07-02 06:27:59.951 9 INFO neutron.db.ovn_revision_numbers_db [None req-4d661b64-7347-4c55-a746-d087a6e16c42 38261d1fdb1e40e78b66e6f1d040c3da 0f7d3c43a95a407594dd22e87af0f8bb - - default default] Successfully bumped revision number for resource e9a9f733-3548-4283-8c17-de96d0609044 (type: ports) to 2 [pid: 8|app: 0|req: 929/1727] 10.0.0.123 () {34 vars in 748 bytes} [Thu Jul 2 06:27:59 2026] PUT /v2.0/floatingips/f3f135fc-93ef-4ec8-b2cb-703c86d5edd2 => generated 843 bytes in 755 msecs (HTTP/1.1 200) 4 headers in 157 bytes (1 switches on core 0) [pid: 9|app: 0|req: 799/1728] 10.0.0.123 () {34 vars in 736 bytes} [Thu Jul 2 06:27:59 2026] PUT /v2.0/ports/e9a9f733-3548-4283-8c17-de96d0609044 => generated 752 bytes in 389 msecs (HTTP/1.1 200) 4 headers in 157 bytes (1 switches on core 0) /var/lib/openstack/lib/python3.12/site-packages/pycadf/identifier.py:70: UserWarning: Invalid uuid: neutron. To ensure interoperability, identifiers should be a valid uuid. warnings.warn(('Invalid uuid: %s. To ensure interoperability, '
2026-07-02 06:28:00.161 9 INFO neutron.db.ovn_revision_numbers_db [None req-20e90be4-9735-4760-a63e-c1a0a9b714d3 cc667053503f47cd8517af45c0c95238 7e7befec89cd4e60b559da758021063d - - default default] Successfully bumped revision number for resource f3f135fc-93ef-4ec8-b2cb-703c86d5edd2 (type: floatingips) to 3
2026-07-02 06:28:00.200 9 INFO neutron.db.l3_db [None req-20e90be4-9735-4760-a63e-c1a0a9b714d3 cc667053503f47cd8517af45c0c95238 7e7befec89cd4e60b559da758021063d - - default default] Floating IP f3f135fc-93ef-4ec8-b2cb-703c86d5edd2 disassociated. External IP: 10.96.250.210, port: 17a2faa7-58e3-423c-87b1-fa2263c27625. [pid: 9|app: 0|req: 800/1729] 10.0.0.123 () {34 vars in 748 bytes} [Thu Jul 2 06:27:59 2026] PUT /v2.0/floatingips/f3f135fc-93ef-4ec8-b2cb-703c86d5edd2 => generated 554 bytes in 237 msecs (HTTP/1.1 200) 4 headers in 157 bytes (1 switches on core 0) /var/lib/openstack/lib/python3.12/site-packages/pycadf/identifier.py:70: UserWarning: Invalid uuid: neutron. To ensure interoperability, identifiers should be a valid uuid. warnings.warn(('Invalid uuid: %s. To ensure interoperability, '
2026-07-02 06:28:00.252 8 INFO neutron.db.ovn_revision_numbers_db [None req-2b5828b6-aef8-484d-bc56-cf5b7029851f a154c027ddf149caa4e7feb03d903273 fe35377923bc45b4830810f79e9789e4 - - default default] Successfully bumped revision number for resource c4074a54-fd5d-4e9f-bff2-bf6b61392022 (type: security_groups) to 1
2026-07-02 06:28:00.265 8 INFO neutron.db.ovn_revision_numbers_db [None req-2b5828b6-aef8-484d-bc56-cf5b7029851f a154c027ddf149caa4e7feb03d903273 fe35377923bc45b4830810f79e9789e4 - - default default] Successfully bumped revision number for resource 4586c898-f4e8-490f-a4e1-5b71a238e2db (type: security_group_rules) to 0
2026-07-02 06:28:00.277 8 INFO neutron.db.ovn_revision_numbers_db [None req-2b5828b6-aef8-484d-bc56-cf5b7029851f a154c027ddf149caa4e7feb03d903273 fe35377923bc45b4830810f79e9789e4 - - default default] Successfully bumped revision number for resource 9c8d529c-9cfa-4d5c-b1fc-1b19c83c1232 (type: security_group_rules) to 0
2026-07-02 06:28:00.288 8 INFO neutron.db.ovn_revision_numbers_db [None req-2b5828b6-aef8-484d-bc56-cf5b7029851f a154c027ddf149caa4e7feb03d903273 fe35377923bc45b4830810f79e9789e4 - - default default] Successfully bumped revision number for resource a5df615b-ac97-4bd2-84e6-50e909464b8d (type: security_group_rules) to 0
2026-07-02 06:28:00.299 8 INFO neutron.db.ovn_revision_numbers_db [None req-2b5828b6-aef8-484d-bc56-cf5b7029851f a154c027ddf149caa4e7feb03d903273 fe35377923bc45b4830810f79e9789e4 - - default default] Successfully bumped revision number for resource d24ce1b3-28a7-4a16-8640-c6d449e63730 (type: security_group_rules) to 0
2026-07-02 06:28:00.362 9 INFO neutron_taas.services.taas.taas_plugin [None req-409b6470-a385-4eaf-98f0-9198109e0047 38261d1fdb1e40e78b66e6f1d040c3da 0f7d3c43a95a407594dd22e87af0f8bb - - default default] TaaS: Handle Delete Port: e9a9f733-3548-4283-8c17-de96d0609044
2026-07-02 06:28:00.366 9 INFO neutron_taas.services.taas.tap_mirror_plugin [None req-409b6470-a385-4eaf-98f0-9198109e0047 38261d1fdb1e40e78b66e6f1d040c3da 0f7d3c43a95a407594dd22e87af0f8bb - - default default] Tap Mirror: Handle Delete Port: e9a9f733-3548-4283-8c17-de96d0609044
2026-07-02 06:28:00.376 8 INFO neutron.db.segments_db [None req-2b5828b6-aef8-484d-bc56-cf5b7029851f a154c027ddf149caa4e7feb03d903273 fe35377923bc45b4830810f79e9789e4 - - default default] Added segment 87549790-c7ce-4293-9754-97072e505996 of type geneve for network 190ba900-db64-4408-9ef8-811ecdbc3a00 [pid: 9|app: 0|req: 801/1730] 10.0.0.123 () {32 vars in 719 bytes} [Thu Jul 2 06:28:00 2026] DELETE /v2.0/ports/e9a9f733-3548-4283-8c17-de96d0609044 => generated 0 bytes in 269 msecs (HTTP/1.1 204) 3 headers in 131 bytes (1 switches on core 0)
2026-07-02 06:28:00.523 8 INFO neutron.db.ovn_revision_numbers_db [None req-2b5828b6-aef8-484d-bc56-cf5b7029851f a154c027ddf149caa4e7feb03d903273 fe35377923bc45b4830810f79e9789e4 - - default default] Successfully bumped revision number for resource 190ba900-db64-4408-9ef8-811ecdbc3a00 (type: networks) to 1
2026-07-02 06:28:00.645 9 INFO neutron_taas.services.taas.taas_plugin [None req-9df10f17-9104-4c5b-a893-91c9959375e9 cc667053503f47cd8517af45c0c95238 7e7befec89cd4e60b559da758021063d - - default default] TaaS: Handle Delete Port: fe01830c-9e55-45d7-af3b-7f349985f61d
2026-07-02 06:28:00.647 9 INFO neutron_taas.services.taas.tap_mirror_plugin [None req-9df10f17-9104-4c5b-a893-91c9959375e9 cc667053503f47cd8517af45c0c95238 7e7befec89cd4e60b559da758021063d - - default default] Tap Mirror: Handle Delete Port: fe01830c-9e55-45d7-af3b-7f349985f61d
2026-07-02 06:28:00.717 8 WARNING neutron.scheduler.dhcp_agent_scheduler [None req-2b5828b6-aef8-484d-bc56-cf5b7029851f a154c027ddf149caa4e7feb03d903273 fe35377923bc45b4830810f79e9789e4 - - default default] No more DHCP agents
2026-07-02 06:28:00.718 8 WARNING neutron.api.rpc.agentnotifiers.dhcp_rpc_agent_api [None req-2b5828b6-aef8-484d-bc56-cf5b7029851f a154c027ddf149caa4e7feb03d903273 fe35377923bc45b4830810f79e9789e4 - - default default] Unable to schedule network 190ba900-db64-4408-9ef8-811ecdbc3a00: no agents available; will retry on subsequent port and subnet creation events.
2026-07-02 06:28:00.791 9 INFO neutron.plugins.ml2.drivers.ovn.mech_driver.mech_driver [None req-4fb3c4b0-d1a8-44fa-9312-818110e63149 - - - - - -] OVN reports status down for port: 81b92588-21bd-4c16-b4c5-970eb8878265
2026-07-02 06:28:00.801 8 WARNING neutron.plugins.ml2.drivers.ovn.mech_driver.ovsdb.ovn_client [None req-710c91e6-91f8-4bd4-aca6-4c3c9f975f6d - - - - - -] No hosting information found for port a94b3d5a-82e7-4e61-904c-3aaf7cc1a927: RuntimeError: No hosting information found for port a94b3d5a-82e7-4e61-904c-3aaf7cc1a927 [pid: 9|app: 0|req: 802/1731] 10.0.0.123 () {32 vars in 731 bytes} [Thu Jul 2 06:28:00 2026] DELETE /v2.0/floatingips/f3f135fc-93ef-4ec8-b2cb-703c86d5edd2 => generated 0 bytes in 332 msecs (HTTP/1.1 204) 2 headers in 112 bytes (1 switches on core 0)
2026-07-02 06:28:00.850 8 INFO neutron.db.ovn_revision_numbers_db [None req-2b5828b6-aef8-484d-bc56-cf5b7029851f a154c027ddf149caa4e7feb03d903273 fe35377923bc45b4830810f79e9789e4 - - default default] Successfully bumped revision number for resource 81b92588-21bd-4c16-b4c5-970eb8878265 (type: ports) to 1 [pid: 8|app: 0|req: 930/1732] 10.0.0.123 () {34 vars in 669 bytes} [Thu Jul 2 06:27:59 2026] POST /v2.0/networks => generated 670 bytes in 924 msecs (HTTP/1.1 201) 4 headers in 162 bytes (1 switches on core 0) [pid: 9|app: 0|req: 803/1733] 10.0.0.123 () {32 vars in 642 bytes} [Thu Jul 2 06:28:00 2026] GET /v2.0/ports => generated 1534 bytes in 79 msecs (HTTP/1.1 200) 4 headers in 158 bytes (1 switches on core 0)
2026-07-02 06:28:00.935 8 INFO neutron.db.ovn_revision_numbers_db [None req-710c91e6-91f8-4bd4-aca6-4c3c9f975f6d - - - - - -] Successfully bumped revision number for resource a94b3d5a-82e7-4e61-904c-3aaf7cc1a927 (type: router_ports) to 2
2026-07-02 06:28:00.937 8 INFO neutron.api.v2.resource [None req-3a2320c6-f7bd-4aab-ae2d-14f2ef9e87a0 cc667053503f47cd8517af45c0c95238 7e7befec89cd4e60b559da758021063d - - default default] delete failed (client error): The resource could not be found. [pid: 8|app: 0|req: 931/1734] 10.0.0.123 () {32 vars in 731 bytes} [Thu Jul 2 06:28:00 2026] DELETE /v2.0/floatingips/f3f135fc-93ef-4ec8-b2cb-703c86d5edd2 => generated 144 bytes in 31 msecs (HTTP/1.1 404) 4 headers in 164 bytes (1 switches on core 0)
2026-07-02 06:28:00.965 8 INFO neutron.pecan_wsgi.hooks.translation [None req-c0bad6d6-66bc-4545-9651-89e5e0cf23d2 38261d1fdb1e40e78b66e6f1d040c3da 0f7d3c43a95a407594dd22e87af0f8bb - - default default] GET failed (client error): The resource could not be found. [pid: 8|app: 0|req: 932/1735] 10.0.0.123 () {32 vars in 716 bytes} [Thu Jul 2 06:28:00 2026] GET /v2.0/ports/e9a9f733-3548-4283-8c17-de96d0609044 => generated 132 bytes in 26 msecs (HTTP/1.1 404) 4 headers in 164 bytes (1 switches on core 0)
2026-07-02 06:28:00.999 9 INFO neutron.db.segments_db [None req-984209d2-f852-4949-be04-f8ed65356751 a154c027ddf149caa4e7feb03d903273 fe35377923bc45b4830810f79e9789e4 - - default default] Added segment 7faaa7f0-2026-4637-bebd-74538b83a754 of type geneve for network 93c53f74-bb4f-46a5-bfd5-de49d01bf91a
2026-07-02 06:28:01.017 8 INFO neutron.plugins.ml2.drivers.ovn.mech_driver.mech_driver [None req-710c91e6-91f8-4bd4-aca6-4c3c9f975f6d - - - - - -] OVN reports status down for port: 7c981fe5-245a-4d97-9b8b-353888bcd0fe
2026-07-02 06:28:01.127 9 INFO neutron.db.ovn_revision_numbers_db [None req-984209d2-f852-4949-be04-f8ed65356751 a154c027ddf149caa4e7feb03d903273 fe35377923bc45b4830810f79e9789e4 - - default default] Successfully bumped revision number for resource 93c53f74-bb4f-46a5-bfd5-de49d01bf91a (type: networks) to 1
2026-07-02 06:28:01.234 8 INFO neutron_taas.services.taas.taas_plugin [None req-d39e89ca-30a6-4dd1-8ce5-81cf8c5ed21f cc667053503f47cd8517af45c0c95238 7e7befec89cd4e60b559da758021063d - - default default] TaaS: Handle Delete Port: 17a2faa7-58e3-423c-87b1-fa2263c27625
2026-07-02 06:28:01.237 8 INFO neutron_taas.services.taas.tap_mirror_plugin [None req-d39e89ca-30a6-4dd1-8ce5-81cf8c5ed21f cc667053503f47cd8517af45c0c95238 7e7befec89cd4e60b559da758021063d - - default default] Tap Mirror: Handle Delete Port: 17a2faa7-58e3-423c-87b1-fa2263c27625
2026-07-02 06:28:01.295 9 WARNING neutron.scheduler.dhcp_agent_scheduler [None req-984209d2-f852-4949-be04-f8ed65356751 a154c027ddf149caa4e7feb03d903273 fe35377923bc45b4830810f79e9789e4 - - default default] No more DHCP agents
2026-07-02 06:28:01.296 9 WARNING neutron.api.rpc.agentnotifiers.dhcp_rpc_agent_api [None req-984209d2-f852-4949-be04-f8ed65356751 a154c027ddf149caa4e7feb03d903273 fe35377923bc45b4830810f79e9789e4 - - default default] Unable to schedule network 93c53f74-bb4f-46a5-bfd5-de49d01bf91a: no agents available; will retry on subsequent port and subnet creation events.
2026-07-02 06:28:01.348 9 INFO neutron.plugins.ml2.drivers.ovn.mech_driver.mech_driver [None req-4fb3c4b0-d1a8-44fa-9312-818110e63149 - - - - - -] OVN reports status down for port: 38c15e09-6ac0-4c15-9372-ef52d1332bc8 [pid: 8|app: 0|req: 933/1736] 10.0.0.123 () {32 vars in 719 bytes} [Thu Jul 2 06:28:00 2026] DELETE /v2.0/ports/17a2faa7-58e3-423c-87b1-fa2263c27625 => generated 0 bytes in 429 msecs (HTTP/1.1 204) 3 headers in 131 bytes (1 switches on core 0) /var/lib/openstack/lib/python3.12/site-packages/pycadf/identifier.py:70: UserWarning: Invalid uuid: neutron. To ensure interoperability, identifiers should be a valid uuid. warnings.warn(('Invalid uuid: %s. To ensure interoperability, '
2026-07-02 06:28:01.425 9 INFO neutron.db.ovn_revision_numbers_db [None req-984209d2-f852-4949-be04-f8ed65356751 a154c027ddf149caa4e7feb03d903273 fe35377923bc45b4830810f79e9789e4 - - default default] Successfully bumped revision number for resource 38c15e09-6ac0-4c15-9372-ef52d1332bc8 (type: ports) to 1 [pid: 9|app: 0|req: 804/1737] 10.0.0.123 () {34 vars in 669 bytes} [Thu Jul 2 06:28:00 2026] POST /v2.0/networks => generated 669 bytes in 555 msecs (HTTP/1.1 201) 4 headers in 162 bytes (1 switches on core 0) [pid: 8|app: 0|req: 934/1738] 10.0.0.123 () {32 vars in 642 bytes} [Thu Jul 2 06:28:01 2026] GET /v2.0/ports => generated 1534 bytes in 80 msecs (HTTP/1.1 200) 4 headers in 158 bytes (1 switches on core 0)
2026-07-02 06:28:01.605 8 INFO neutron_taas.services.taas.taas_plugin [None req-990ae4e5-6a81-49f6-916a-0cef97d52a09 cc667053503f47cd8517af45c0c95238 7e7befec89cd4e60b559da758021063d - - default default] TaaS: Handle Delete Port: aeb93637-92f3-48a5-b971-55fe097c7966
2026-07-02 06:28:01.608 8 INFO neutron_taas.services.taas.tap_mirror_plugin [None req-990ae4e5-6a81-49f6-916a-0cef97d52a09 cc667053503f47cd8517af45c0c95238 7e7befec89cd4e60b559da758021063d - - default default] Tap Mirror: Handle Delete Port: aeb93637-92f3-48a5-b971-55fe097c7966
2026-07-02 06:28:01.708 9 INFO neutron.db.ovn_revision_numbers_db [None req-039b4e46-5a41-4dd5-a768-7490a7a2e4fa 836b780a28c2466fad8f3e2caa670dc2 3b9850a79718492e89813c5cef85d5cc - - default default] Successfully bumped revision number for resource 519d2ec6-66de-4582-b3db-97ab0a345d60 (type: security_groups) to 1
2026-07-02 06:28:01.720 9 INFO neutron.db.ovn_revision_numbers_db [None req-039b4e46-5a41-4dd5-a768-7490a7a2e4fa 836b780a28c2466fad8f3e2caa670dc2 3b9850a79718492e89813c5cef85d5cc - - default default] Successfully bumped revision number for resource 3b7692ea-3300-43ee-9f40-273fbb0bd570 (type: security_group_rules) to 0
2026-07-02 06:28:01.734 9 INFO neutron.db.ovn_revision_numbers_db [None req-039b4e46-5a41-4dd5-a768-7490a7a2e4fa 836b780a28c2466fad8f3e2caa670dc2 3b9850a79718492e89813c5cef85d5cc - - default default] Successfully bumped revision number for resource 515994ba-92e1-4c30-9daf-02a5099a82df (type: security_group_rules) to 0
2026-07-02 06:28:01.753 9 INFO neutron.db.ovn_revision_numbers_db [None req-039b4e46-5a41-4dd5-a768-7490a7a2e4fa 836b780a28c2466fad8f3e2caa670dc2 3b9850a79718492e89813c5cef85d5cc - - default default] Successfully bumped revision number for resource 52374e9a-f2ba-4ab8-b99e-aa9f660cff06 (type: security_group_rules) to 0 [pid: 8|app: 0|req: 935/1739] 10.0.0.123 () {32 vars in 719 bytes} [Thu Jul 2 06:28:01 2026] DELETE /v2.0/ports/aeb93637-92f3-48a5-b971-55fe097c7966 => generated 0 bytes in 294 msecs (HTTP/1.1 204) 3 headers in 131 bytes (1 switches on core 0)
2026-07-02 06:28:01.772 9 INFO neutron.db.ovn_revision_numbers_db [None req-039b4e46-5a41-4dd5-a768-7490a7a2e4fa 836b780a28c2466fad8f3e2caa670dc2 3b9850a79718492e89813c5cef85d5cc - - default default] Successfully bumped revision number for resource 89cad2e3-aaba-4fab-932e-d34d4b3a2970 (type: security_group_rules) to 0 [pid: 9|app: 0|req: 805/1740] 10.0.0.123 () {32 vars in 773 bytes} [Thu Jul 2 06:28:01 2026] GET /v2.0/security-groups?tenant_id=6ac663e8496b4b4d9dec930c533b0190&name=default => generated 2925 bytes in 342 msecs (HTTP/1.1 200) 4 headers in 158 bytes (1 switches on core 0) [pid: 9|app: 0|req: 806/1741] 10.0.0.123 () {32 vars in 716 bytes} [Thu Jul 2 06:28:01 2026] GET /v2.0/ports/7cffd84e-7472-427e-aa76-b73a207ab9da => generated 775 bytes in 30 msecs (HTTP/1.1 200) 4 headers in 157 bytes (1 switches on core 0)
