2026-03-04 02:32:36.768 8 INFO placement.requestlog [req-cf9d10a7-fb01-4b92-a09d-88a85f06e654 req-c9be34b7-ed2a-479a-9d97-61169efb9c7c a63addf91c584c479276129c86b973f2 9376a166be5d47d18e3716a8e867ec3e - - b5538bd34ef14d28b47e5e05653aef87 b5538bd34ef14d28b47e5e05653aef87] 10.0.0.50 "PUT /allocations/40f3c957-9fdd-4284-8c10-90127684d2af" status: 204 len: 0 microversion: 1.36 [pid: 8|app: 0|req: 588/1181] 10.0.0.50 () {38 vars in 913 bytes} [Wed Mar 4 02:32:36 2026] PUT /allocations/40f3c957-9fdd-4284-8c10-90127684d2af => generated 0 bytes in 75 msecs (HTTP/1.1 204) 5 headers in 199 bytes (1 switches on core 0)
2026-03-04 02:32:37.021 7 INFO placement.requestlog [req-cf9d10a7-fb01-4b92-a09d-88a85f06e654 req-afcb88de-5afa-4f79-bbee-75787235587a a63addf91c584c479276129c86b973f2 9376a166be5d47d18e3716a8e867ec3e - - b5538bd34ef14d28b47e5e05653aef87 b5538bd34ef14d28b47e5e05653aef87] 162.253.55.43 "GET /allocations/40f3c957-9fdd-4284-8c10-90127684d2af" status: 200 len: 245 microversion: 1.28 [pid: 7|app: 0|req: 594/1182] 162.253.55.43 () {34 vars in 862 bytes} [Wed Mar 4 02:32:37 2026] GET /allocations/40f3c957-9fdd-4284-8c10-90127684d2af => generated 245 bytes in 14 msecs (HTTP/1.1 200) 8 headers in 296 bytes (1 switches on core 0)
2026-03-04 02:32:37.164 8 INFO placement.requestlog [req-cf9d10a7-fb01-4b92-a09d-88a85f06e654 req-380b693d-a394-44c5-b7b8-909dcbb3a09d a63addf91c584c479276129c86b973f2 9376a166be5d47d18e3716a8e867ec3e - - b5538bd34ef14d28b47e5e05653aef87 b5538bd34ef14d28b47e5e05653aef87] 162.253.55.43 "GET /resource_providers/cc33f816-d717-4d65-a4cd-089694145608/allocations" status: 200 len: 340 microversion: 1.0 [pid: 8|app: 0|req: 589/1183] 162.253.55.43 () {32 vars in 856 bytes} [Wed Mar 4 02:32:37 2026] GET /resource_providers/cc33f816-d717-4d65-a4cd-089694145608/allocations => generated 340 bytes in 17 msecs (HTTP/1.1 200) 6 headers in 224 bytes (1 switches on core 0)
2026-03-04 02:32:37.189 7 INFO placement.requestlog [req-cf9d10a7-fb01-4b92-a09d-88a85f06e654 req-46ac0178-12fa-4517-86b9-2fec0228d3c9 a63addf91c584c479276129c86b973f2 9376a166be5d47d18e3716a8e867ec3e - - b5538bd34ef14d28b47e5e05653aef87 b5538bd34ef14d28b47e5e05653aef87] 162.253.55.43 "GET /allocations/40f3c957-9fdd-4284-8c10-90127684d2af" status: 200 len: 245 microversion: 1.28 [pid: 7|app: 0|req: 595/1184] 162.253.55.43 () {34 vars in 862 bytes} [Wed Mar 4 02:32:37 2026] GET /allocations/40f3c957-9fdd-4284-8c10-90127684d2af => generated 245 bytes in 15 msecs (HTTP/1.1 200) 8 headers in 296 bytes (1 switches on core 0)
2026-03-04 02:32:37.213 8 INFO placement.requestlog [req-cf9d10a7-fb01-4b92-a09d-88a85f06e654 req-b6185efb-6b8e-4238-a53e-5f06b56ac902 a63addf91c584c479276129c86b973f2 9376a166be5d47d18e3716a8e867ec3e - - b5538bd34ef14d28b47e5e05653aef87 b5538bd34ef14d28b47e5e05653aef87] 162.253.55.43 "GET /allocations/b231cb6d-eb95-4440-abae-da2a1e9a9742" status: 200 len: 258 microversion: 1.28 [pid: 8|app: 0|req: 590/1185] 162.253.55.43 () {34 vars in 862 bytes} [Wed Mar 4 02:32:37 2026] GET /allocations/b231cb6d-eb95-4440-abae-da2a1e9a9742 => generated 258 bytes in 16 msecs (HTTP/1.1 200) 8 headers in 296 bytes (1 switches on core 0)
2026-03-04 02:32:37.239 7 INFO placement.requestlog [req-cf9d10a7-fb01-4b92-a09d-88a85f06e654 req-28a3acab-9651-4f13-ac79-17c488c0f896 a63addf91c584c479276129c86b973f2 9376a166be5d47d18e3716a8e867ec3e - - b5538bd34ef14d28b47e5e05653aef87 b5538bd34ef14d28b47e5e05653aef87] 162.253.55.43 "GET /allocations/97f6dfbc-f1ef-4317-b7e8-4ed663bd1f75" status: 200 len: 258 microversion: 1.28 [pid: 7|app: 0|req: 596/1186] 162.253.55.43 () {34 vars in 862 bytes} [Wed Mar 4 02:32:37 2026] GET /allocations/97f6dfbc-f1ef-4317-b7e8-4ed663bd1f75 => generated 258 bytes in 20 msecs (HTTP/1.1 200) 8 headers in 296 bytes (1 switches on core 0)
2026-03-04 02:32:38.632 7 INFO placement.requestlog [None req-117ab177-337f-41a1-9ed3-0bd58d20b276 - - - - - -] 10.0.0.25 "GET /" status: 200 len: 136 microversion: 1.0
2026-03-04 02:32:38.632 8 INFO placement.requestlog [None req-181f6809-9013-4728-b252-462af5283149 - - - - - -] 10.0.0.25 "GET /" status: 200 len: 136 microversion: 1.0
2026-03-04 02:32:48.631 7 INFO placement.requestlog [None req-2c5963d4-10af-43dd-931a-191054cd643b - - - - - -] 10.0.0.25 "GET /" status: 200 len: 136 microversion: 1.0
2026-03-04 02:32:48.632 8 INFO placement.requestlog [None req-c8bb9614-6d3a-4f53-8834-3002201d7828 - - - - - -] 10.0.0.25 "GET /" status: 200 len: 136 microversion: 1.0
2026-03-04 02:32:52.971 8 INFO placement.requestlog [req-3f2ad9a0-371b-4c15-8c11-61ee1a7f919d req-16027546-7f7f-4685-96e9-0e0521509f5e a63addf91c584c479276129c86b973f2 9376a166be5d47d18e3716a8e867ec3e - - b5538bd34ef14d28b47e5e05653aef87 b5538bd34ef14d28b47e5e05653aef87] 162.253.55.43 "GET /resource_providers/cc33f816-d717-4d65-a4cd-089694145608/allocations" status: 200 len: 340 microversion: 1.0 [pid: 8|app: 0|req: 593/1191] 162.253.55.43 () {32 vars in 856 bytes} [Wed Mar 4 02:32:52 2026] GET /resource_providers/cc33f816-d717-4d65-a4cd-089694145608/allocations => generated 340 bytes in 86 msecs (HTTP/1.1 200) 6 headers in 224 bytes (1 switches on core 0)
2026-03-04 02:32:53.005 7 INFO placement.requestlog [req-3f2ad9a0-371b-4c15-8c11-61ee1a7f919d req-2024db34-4228-4605-a98c-f2d969ec197f a63addf91c584c479276129c86b973f2 9376a166be5d47d18e3716a8e867ec3e - - b5538bd34ef14d28b47e5e05653aef87 b5538bd34ef14d28b47e5e05653aef87] 162.253.55.43 "GET /resource_providers?in_tree=cc33f816-d717-4d65-a4cd-089694145608" status: 200 len: 798 microversion: 1.14 [pid: 7|app: 0|req: 599/1192] 162.253.55.43 () {34 vars in 891 bytes} [Wed Mar 4 02:32:52 2026] GET /resource_providers?in_tree=cc33f816-d717-4d65-a4cd-089694145608 => generated 798 bytes in 20 msecs (HTTP/1.1 200) 6 headers in 225 bytes (1 switches on core 0)
2026-03-04 02:32:53.036 8 INFO placement.requestlog [req-3f2ad9a0-371b-4c15-8c11-61ee1a7f919d req-1219a16a-88d2-43a8-8ccc-3b6167f0aaee a63addf91c584c479276129c86b973f2 9376a166be5d47d18e3716a8e867ec3e - - b5538bd34ef14d28b47e5e05653aef87 b5538bd34ef14d28b47e5e05653aef87] 162.253.55.43 "GET /resource_providers/cc33f816-d717-4d65-a4cd-089694145608/inventories" status: 200 len: 401 microversion: 1.0 [pid: 8|app: 0|req: 594/1193] 162.253.55.43 () {32 vars in 856 bytes} [Wed Mar 4 02:32:53 2026] GET /resource_providers/cc33f816-d717-4d65-a4cd-089694145608/inventories => generated 401 bytes in 19 msecs (HTTP/1.1 200) 6 headers in 224 bytes (1 switches on core 0)
2026-03-04 02:32:53.060 7 INFO placement.requestlog [req-3f2ad9a0-371b-4c15-8c11-61ee1a7f919d req-25ca8945-e94e-4a4e-a1cb-0d5d5ca90103 a63addf91c584c479276129c86b973f2 9376a166be5d47d18e3716a8e867ec3e - - b5538bd34ef14d28b47e5e05653aef87 b5538bd34ef14d28b47e5e05653aef87] 162.253.55.43 "GET /resource_providers/cc33f816-d717-4d65-a4cd-089694145608/aggregates" status: 200 len: 54 microversion: 1.19 [pid: 7|app: 0|req: 600/1194] 162.253.55.43 () {34 vars in 898 bytes} [Wed Mar 4 02:32:53 2026] GET /resource_providers/cc33f816-d717-4d65-a4cd-089694145608/aggregates => generated 54 bytes in 17 msecs (HTTP/1.1 200) 8 headers in 295 bytes (1 switches on core 0)
2026-03-04 02:32:53.093 8 INFO placement.requestlog [req-3f2ad9a0-371b-4c15-8c11-61ee1a7f919d req-93bf47db-7bd8-415d-ab9e-c17be26e7567 a63addf91c584c479276129c86b973f2 9376a166be5d47d18e3716a8e867ec3e - - b5538bd34ef14d28b47e5e05653aef87 b5538bd34ef14d28b47e5e05653aef87] 162.253.55.43 "GET /resource_providers/cc33f816-d717-4d65-a4cd-089694145608/traits" status: 200 len: 1683 microversion: 1.6 [pid: 8|app: 0|req: 595/1195] 162.253.55.43 () {34 vars in 889 bytes} [Wed Mar 4 02:32:53 2026] GET /resource_providers/cc33f816-d717-4d65-a4cd-089694145608/traits => generated 1683 bytes in 28 msecs (HTTP/1.1 200) 6 headers in 225 bytes (1 switches on core 0)
2026-03-04 02:32:53.120 7 INFO placement.requestlog [req-3f2ad9a0-371b-4c15-8c11-61ee1a7f919d req-a0a055b0-3bba-4234-8680-027b364bc775 a63addf91c584c479276129c86b973f2 9376a166be5d47d18e3716a8e867ec3e - - b5538bd34ef14d28b47e5e05653aef87 b5538bd34ef14d28b47e5e05653aef87] 162.253.55.43 "GET /resource_providers/cc33f816-d717-4d65-a4cd-089694145608/allocations" status: 200 len: 340 microversion: 1.0 [pid: 7|app: 0|req: 601/1196] 162.253.55.43 () {32 vars in 856 bytes} [Wed Mar 4 02:32:53 2026] GET /resource_providers/cc33f816-d717-4d65-a4cd-089694145608/allocations => generated 340 bytes in 18 msecs (HTTP/1.1 200) 6 headers in 224 bytes (1 switches on core 0)
2026-03-04 02:32:53.147 8 INFO placement.requestlog [req-3f2ad9a0-371b-4c15-8c11-61ee1a7f919d req-b2258e53-2059-4818-ad11-70a550d584c9 a63addf91c584c479276129c86b973f2 9376a166be5d47d18e3716a8e867ec3e - - b5538bd34ef14d28b47e5e05653aef87 b5538bd34ef14d28b47e5e05653aef87] 162.253.55.43 "GET /allocations/40f3c957-9fdd-4284-8c10-90127684d2af" status: 200 len: 245 microversion: 1.28 [pid: 8|app: 0|req: 596/1197] 162.253.55.43 () {34 vars in 862 bytes} [Wed Mar 4 02:32:53 2026] GET /allocations/40f3c957-9fdd-4284-8c10-90127684d2af => generated 245 bytes in 20 msecs (HTTP/1.1 200) 8 headers in 296 bytes (1 switches on core 0)
2026-03-04 02:32:53.170 7 INFO placement.requestlog [req-3f2ad9a0-371b-4c15-8c11-61ee1a7f919d req-1faf3877-d21f-4ef3-b2c1-512216bbb142 a63addf91c584c479276129c86b973f2 9376a166be5d47d18e3716a8e867ec3e - - b5538bd34ef14d28b47e5e05653aef87 b5538bd34ef14d28b47e5e05653aef87] 162.253.55.43 "GET /allocations/b231cb6d-eb95-4440-abae-da2a1e9a9742" status: 200 len: 258 microversion: 1.28 [pid: 7|app: 0|req: 602/1198] 162.253.55.43 () {34 vars in 862 bytes} [Wed Mar 4 02:32:53 2026] GET /allocations/b231cb6d-eb95-4440-abae-da2a1e9a9742 => generated 258 bytes in 17 msecs (HTTP/1.1 200) 8 headers in 296 bytes (1 switches on core 0)
2026-03-04 02:32:53.218 8 INFO placement.requestlog [req-3f2ad9a0-371b-4c15-8c11-61ee1a7f919d req-c427b9db-dac4-4fd2-a2df-368679a0d8f7 a63addf91c584c479276129c86b973f2 9376a166be5d47d18e3716a8e867ec3e - - b5538bd34ef14d28b47e5e05653aef87 b5538bd34ef14d28b47e5e05653aef87] 162.253.55.43 "GET /allocations/97f6dfbc-f1ef-4317-b7e8-4ed663bd1f75" status: 200 len: 258 microversion: 1.28 [pid: 8|app: 0|req: 597/1199] 162.253.55.43 () {34 vars in 862 bytes} [Wed Mar 4 02:32:53 2026] GET /allocations/97f6dfbc-f1ef-4317-b7e8-4ed663bd1f75 => generated 258 bytes in 41 msecs (HTTP/1.1 200) 8 headers in 296 bytes (1 switches on core 0)
2026-03-04 02:32:58.631 7 INFO placement.requestlog [None req-9511cc8a-1052-41b1-b894-c10963ece39e - - - - - -] 10.0.0.25 "GET /" status: 200 len: 136 microversion: 1.0
2026-03-04 02:32:58.632 8 INFO placement.requestlog [None req-0a89362b-3471-46ca-b183-eba7def02d75 - - - - - -] 10.0.0.25 "GET /" status: 200 len: 136 microversion: 1.0
2026-03-04 02:33:08.631 7 INFO placement.requestlog [None req-0ddec5fc-1e75-4e37-b1a2-a21633a268cb - - - - - -] 10.0.0.25 "GET /" status: 200 len: 136 microversion: 1.0
2026-03-04 02:33:08.632 8 INFO placement.requestlog [None req-002c0a4b-0c77-4521-b5a7-e5c4739ef4ab - - - - - -] 10.0.0.25 "GET /" status: 200 len: 136 microversion: 1.0
2026-03-04 02:33:18.632 8 INFO placement.requestlog [None req-a43134a2-9992-43dd-b1d9-5811ebb52827 - - - - - -] 10.0.0.25 "GET /" status: 200 len: 136 microversion: 1.0
2026-03-04 02:33:18.633 7 INFO placement.requestlog [None req-75698cf3-1ad0-40ca-88ed-be15c40d9e91 - - - - - -] 10.0.0.25 "GET /" status: 200 len: 136 microversion: 1.0
2026-03-04 02:33:24.588 7 INFO placement.requestlog [None req-b625c8ae-e510-42d5-839f-d0d8b7a62c85 bf084f09cde14a22b48b163c570fc931 4a0b356476fd4057a2264ba8abcdcec4 - - default default] 10.0.0.88 "GET /resource_providers" status: 200 len: 406 microversion: 1.0 [pid: 7|app: 0|req: 606/1206] 10.0.0.88 () {28 vars in 592 bytes} [Wed Mar 4 02:33:24 2026] GET /resource_providers => generated 406 bytes in 76 msecs (HTTP/1.1 200) 6 headers in 224 bytes (1 switches on core 0)
2026-03-04 02:33:24.620 8 INFO placement.requestlog [None req-f868c882-de11-47a4-88e5-df71661ab5ab bf084f09cde14a22b48b163c570fc931 4a0b356476fd4057a2264ba8abcdcec4 - - default default] 10.0.0.88 "GET /resource_providers/cc33f816-d717-4d65-a4cd-089694145608/inventories" status: 200 len: 401 microversion: 1.0 [pid: 8|app: 0|req: 601/1207] 10.0.0.88 () {28 vars in 690 bytes} [Wed Mar 4 02:33:24 2026] GET /resource_providers/cc33f816-d717-4d65-a4cd-089694145608/inventories => generated 401 bytes in 26 msecs (HTTP/1.1 200) 6 headers in 224 bytes (1 switches on core 0)
2026-03-04 02:33:24.642 7 INFO placement.requestlog [None req-26fc6d9b-54c9-400f-8600-00975660cfde bf084f09cde14a22b48b163c570fc931 4a0b356476fd4057a2264ba8abcdcec4 - - default default] 10.0.0.88 "GET /resource_providers/cc33f816-d717-4d65-a4cd-089694145608/usages" status: 200 len: 92 microversion: 1.0 [pid: 7|app: 0|req: 607/1208] 10.0.0.88 () {28 vars in 680 bytes} [Wed Mar 4 02:33:24 2026] GET /resource_providers/cc33f816-d717-4d65-a4cd-089694145608/usages => generated 92 bytes in 16 msecs (HTTP/1.1 200) 6 headers in 223 bytes (1 switches on core 0)
2026-03-04 02:33:28.631 7 INFO placement.requestlog [None req-11b437ff-9f07-489e-983e-6f87ae40ed11 - - - - - -] 10.0.0.25 "GET /" status: 200 len: 136 microversion: 1.0
2026-03-04 02:33:28.631 8 INFO placement.requestlog [None req-28b3745e-61bb-47f2-99e2-7cb0bf5112b7 - - - - - -] 10.0.0.25 "GET /" status: 200 len: 136 microversion: 1.0
2026-03-04 02:33:38.631 7 INFO placement.requestlog [None req-5fc20aa5-4ba5-49ba-9782-94e3d626e346 - - - - - -] 10.0.0.25 "GET /" status: 200 len: 136 microversion: 1.0
2026-03-04 02:33:38.631 8 INFO placement.requestlog [None req-cba94555-2082-4906-a42d-85e6e86b6767 - - - - - -] 10.0.0.25 "GET /" status: 200 len: 136 microversion: 1.0
2026-03-04 02:33:48.631 7 INFO placement.requestlog [None req-8b6fbe61-3415-43f6-9706-3f9f6dcecc2f - - - - - -] 10.0.0.25 "GET /" status: 200 len: 136 microversion: 1.0
2026-03-04 02:33:48.631 8 INFO placement.requestlog [None req-62551e9d-3dda-4153-8618-4f23de96eea2 - - - - - -] 10.0.0.25 "GET /" status: 200 len: 136 microversion: 1.0
2026-03-04 02:33:54.721 7 INFO placement.requestlog [req-530caa9d-b9f4-48ab-bd5f-79ec8e08611f req-73b4007c-9dda-42cf-9604-a45af1e04b91 a63addf91c584c479276129c86b973f2 9376a166be5d47d18e3716a8e867ec3e - - b5538bd34ef14d28b47e5e05653aef87 b5538bd34ef14d28b47e5e05653aef87] 162.253.55.43 "GET /resource_providers/cc33f816-d717-4d65-a4cd-089694145608/allocations" status: 200 len: 340 microversion: 1.0 [pid: 7|app: 0|req: 611/1215] 162.253.55.43 () {32 vars in 856 bytes} [Wed Mar 4 02:33:54 2026] GET /resource_providers/cc33f816-d717-4d65-a4cd-089694145608/allocations => generated 340 bytes in 17 msecs (HTTP/1.1 200) 6 headers in 224 bytes (1 switches on core 0)
2026-03-04 02:33:54.751 8 INFO placement.requestlog [req-530caa9d-b9f4-48ab-bd5f-79ec8e08611f req-1fd12e97-fe19-4a3d-8b6f-d37f4b1570f0 a63addf91c584c479276129c86b973f2 9376a166be5d47d18e3716a8e867ec3e - - b5538bd34ef14d28b47e5e05653aef87 b5538bd34ef14d28b47e5e05653aef87] 162.253.55.43 "GET /resource_providers/cc33f816-d717-4d65-a4cd-089694145608/allocations" status: 200 len: 340 microversion: 1.0 [pid: 8|app: 0|req: 605/1216] 162.253.55.43 () {32 vars in 856 bytes} [Wed Mar 4 02:33:54 2026] GET /resource_providers/cc33f816-d717-4d65-a4cd-089694145608/allocations => generated 340 bytes in 21 msecs (HTTP/1.1 200) 6 headers in 224 bytes (1 switches on core 0)
2026-03-04 02:33:54.770 7 INFO placement.requestlog [req-530caa9d-b9f4-48ab-bd5f-79ec8e08611f req-832f2ae8-fd5a-46f0-88e1-6019b9574e78 a63addf91c584c479276129c86b973f2 9376a166be5d47d18e3716a8e867ec3e - - b5538bd34ef14d28b47e5e05653aef87 b5538bd34ef14d28b47e5e05653aef87] 162.253.55.43 "GET /allocations/40f3c957-9fdd-4284-8c10-90127684d2af" status: 200 len: 245 microversion: 1.28 [pid: 7|app: 0|req: 612/1217] 162.253.55.43 () {34 vars in 862 bytes} [Wed Mar 4 02:33:54 2026] GET /allocations/40f3c957-9fdd-4284-8c10-90127684d2af => generated 245 bytes in 15 msecs (HTTP/1.1 200) 8 headers in 296 bytes (1 switches on core 0)
2026-03-04 02:33:54.801 8 INFO placement.requestlog [req-530caa9d-b9f4-48ab-bd5f-79ec8e08611f req-6b7200d1-7125-4d02-8fdb-55cb6ecc3886 a63addf91c584c479276129c86b973f2 9376a166be5d47d18e3716a8e867ec3e - - b5538bd34ef14d28b47e5e05653aef87 b5538bd34ef14d28b47e5e05653aef87] 162.253.55.43 "GET /allocations/b231cb6d-eb95-4440-abae-da2a1e9a9742" status: 200 len: 258 microversion: 1.28 [pid: 8|app: 0|req: 606/1218] 162.253.55.43 () {34 vars in 862 bytes} [Wed Mar 4 02:33:54 2026] GET /allocations/b231cb6d-eb95-4440-abae-da2a1e9a9742 => generated 258 bytes in 13 msecs (HTTP/1.1 200) 8 headers in 296 bytes (1 switches on core 0)
2026-03-04 02:33:54.824 7 INFO placement.requestlog [req-530caa9d-b9f4-48ab-bd5f-79ec8e08611f req-9c8645cf-80bf-496a-bfad-b03e6f5cc6d3 a63addf91c584c479276129c86b973f2 9376a166be5d47d18e3716a8e867ec3e - - b5538bd34ef14d28b47e5e05653aef87 b5538bd34ef14d28b47e5e05653aef87] 162.253.55.43 "GET /allocations/97f6dfbc-f1ef-4317-b7e8-4ed663bd1f75" status: 200 len: 258 microversion: 1.28 [pid: 7|app: 0|req: 613/1219] 162.253.55.43 () {34 vars in 862 bytes} [Wed Mar 4 02:33:54 2026] GET /allocations/97f6dfbc-f1ef-4317-b7e8-4ed663bd1f75 => generated 258 bytes in 15 msecs (HTTP/1.1 200) 8 headers in 296 bytes (1 switches on core 0)
2026-03-04 02:33:58.631 7 INFO placement.requestlog [None req-3f9495f1-e12f-4f7d-876a-a3b0cf7d7524 - - - - - -] 10.0.0.25 "GET /" status: 200 len: 136 microversion: 1.0
2026-03-04 02:33:58.631 8 INFO placement.requestlog [None req-ed4c3dbc-8036-4820-bc90-b19c15573211 - - - - - -] 10.0.0.25 "GET /" status: 200 len: 136 microversion: 1.0
2026-03-04 02:34:08.630 8 INFO placement.requestlog [None req-ab2fec66-7ab1-409a-b3a5-b6f236d65e8c - - - - - -] 10.0.0.25 "GET /" status: 200 len: 136 microversion: 1.0
2026-03-04 02:34:08.631 7 INFO placement.requestlog [None req-1819f85c-d27b-447b-ae9f-d215a6152c86 - - - - - -] 10.0.0.25 "GET /" status: 200 len: 136 microversion: 1.0
2026-03-04 02:34:18.632 7 INFO placement.requestlog [None req-a37af548-fff2-4f64-ac73-1110834a6fda - - - - - -] 10.0.0.25 "GET /" status: 200 len: 136 microversion: 1.0
2026-03-04 02:34:18.632 8 INFO placement.requestlog [None req-a1fe8ac3-dc93-43f9-b350-60758e652519 - - - - - -] 10.0.0.25 "GET /" status: 200 len: 136 microversion: 1.0
2026-03-04 02:34:24.521 7 INFO placement.requestlog [None req-2f213639-093e-482f-a160-a19242826b42 bf084f09cde14a22b48b163c570fc931 4a0b356476fd4057a2264ba8abcdcec4 - - default default] 10.0.0.88 "GET /resource_providers" status: 200 len: 406 microversion: 1.0 [pid: 7|app: 0|req: 617/1226] 10.0.0.88 () {28 vars in 592 bytes} [Wed Mar 4 02:34:24 2026] GET /resource_providers => generated 406 bytes in 82 msecs (HTTP/1.1 200) 6 headers in 224 bytes (1 switches on core 0)
2026-03-04 02:34:24.542 8 INFO placement.requestlog [None req-56619e65-45c5-4dee-8bb3-b3efe78da435 bf084f09cde14a22b48b163c570fc931 4a0b356476fd4057a2264ba8abcdcec4 - - default default] 10.0.0.88 "GET /resource_providers/cc33f816-d717-4d65-a4cd-089694145608/inventories" status: 200 len: 401 microversion: 1.0 [pid: 8|app: 0|req: 610/1227] 10.0.0.88 () {28 vars in 690 bytes} [Wed Mar 4 02:34:24 2026] GET /resource_providers/cc33f816-d717-4d65-a4cd-089694145608/inventories => generated 401 bytes in 17 msecs (HTTP/1.1 200) 6 headers in 224 bytes (1 switches on core 0)
2026-03-04 02:34:24.562 7 INFO placement.requestlog [None req-f3a0a2b0-5983-449e-b37d-82c7cfba4aaa bf084f09cde14a22b48b163c570fc931 4a0b356476fd4057a2264ba8abcdcec4 - - default default] 10.0.0.88 "GET /resource_providers/cc33f816-d717-4d65-a4cd-089694145608/usages" status: 200 len: 92 microversion: 1.0 [pid: 7|app: 0|req: 618/1228] 10.0.0.88 () {28 vars in 680 bytes} [Wed Mar 4 02:34:24 2026] GET /resource_providers/cc33f816-d717-4d65-a4cd-089694145608/usages => generated 92 bytes in 16 msecs (HTTP/1.1 200) 6 headers in 223 bytes (1 switches on core 0)
2026-03-04 02:34:28.631 8 INFO placement.requestlog [None req-1204e5c1-7d00-43e5-9737-c70dfacf7fa2 - - - - - -] 10.0.0.25 "GET /" status: 200 len: 136 microversion: 1.0
2026-03-04 02:34:28.632 7 INFO placement.requestlog [None req-eff40492-fc05-4392-b47e-737ef98b0bd9 - - - - - -] 10.0.0.25 "GET /" status: 200 len: 136 microversion: 1.0
2026-03-04 02:34:33.028 8 INFO placement.requestlog [req-a78cbca3-380a-4f85-82af-d8e4fc1f0e30 req-2b86c282-7fd5-4a4d-8d50-0114e1ed67f9 a63addf91c584c479276129c86b973f2 9376a166be5d47d18e3716a8e867ec3e - - b5538bd34ef14d28b47e5e05653aef87 b5538bd34ef14d28b47e5e05653aef87] 162.253.55.43 "GET /resource_providers/cc33f816-d717-4d65-a4cd-089694145608/allocations" status: 200 len: 340 microversion: 1.0 [pid: 8|app: 0|req: 612/1231] 162.253.55.43 () {32 vars in 856 bytes} [Wed Mar 4 02:34:33 2026] GET /resource_providers/cc33f816-d717-4d65-a4cd-089694145608/allocations => generated 340 bytes in 17 msecs (HTTP/1.1 200) 6 headers in 224 bytes (1 switches on core 0)
2026-03-04 02:34:33.055 7 INFO placement.requestlog [req-a78cbca3-380a-4f85-82af-d8e4fc1f0e30 req-e0d2b4f2-8089-492c-9862-8ab06f5c26a8 a63addf91c584c479276129c86b973f2 9376a166be5d47d18e3716a8e867ec3e - - b5538bd34ef14d28b47e5e05653aef87 b5538bd34ef14d28b47e5e05653aef87] 162.253.55.43 "GET /allocations/40f3c957-9fdd-4284-8c10-90127684d2af" status: 200 len: 245 microversion: 1.28 [pid: 7|app: 0|req: 620/1232] 162.253.55.43 () {34 vars in 862 bytes} [Wed Mar 4 02:34:33 2026] GET /allocations/40f3c957-9fdd-4284-8c10-90127684d2af => generated 245 bytes in 21 msecs (HTTP/1.1 200) 8 headers in 296 bytes (1 switches on core 0)
2026-03-04 02:34:33.074 8 INFO placement.requestlog [req-a78cbca3-380a-4f85-82af-d8e4fc1f0e30 req-7c09fedb-616f-4a3c-a709-46c7fd2cd4f3 a63addf91c584c479276129c86b973f2 9376a166be5d47d18e3716a8e867ec3e - - b5538bd34ef14d28b47e5e05653aef87 b5538bd34ef14d28b47e5e05653aef87] 162.253.55.43 "GET /allocations/b231cb6d-eb95-4440-abae-da2a1e9a9742" status: 200 len: 258 microversion: 1.28 [pid: 8|app: 0|req: 613/1233] 162.253.55.43 () {34 vars in 862 bytes} [Wed Mar 4 02:34:33 2026] GET /allocations/b231cb6d-eb95-4440-abae-da2a1e9a9742 => generated 258 bytes in 12 msecs (HTTP/1.1 200) 8 headers in 296 bytes (1 switches on core 0)
2026-03-04 02:34:33.097 7 INFO placement.requestlog [req-a78cbca3-380a-4f85-82af-d8e4fc1f0e30 req-4b2ecabf-94fc-4a85-b0bd-580a4e4095dd a63addf91c584c479276129c86b973f2 9376a166be5d47d18e3716a8e867ec3e - - b5538bd34ef14d28b47e5e05653aef87 b5538bd34ef14d28b47e5e05653aef87] 162.253.55.43 "GET /allocations/97f6dfbc-f1ef-4317-b7e8-4ed663bd1f75" status: 200 len: 258 microversion: 1.28 [pid: 7|app: 0|req: 621/1234] 162.253.55.43 () {34 vars in 862 bytes} [Wed Mar 4 02:34:33 2026] GET /allocations/97f6dfbc-f1ef-4317-b7e8-4ed663bd1f75 => generated 258 bytes in 17 msecs (HTTP/1.1 200) 8 headers in 296 bytes (1 switches on core 0)
2026-03-04 02:34:33.195 8 INFO placement.requestlog [req-a78cbca3-380a-4f85-82af-d8e4fc1f0e30 req-ac3cee01-b8df-402d-a213-458f50d47936 a63addf91c584c479276129c86b973f2 9376a166be5d47d18e3716a8e867ec3e - - b5538bd34ef14d28b47e5e05653aef87 b5538bd34ef14d28b47e5e05653aef87] 162.253.55.43 "DELETE /allocations/40f3c957-9fdd-4284-8c10-90127684d2af" status: 204 len: 0 microversion: 1.0 [pid: 8|app: 0|req: 614/1235] 162.253.55.43 () {34 vars in 840 bytes} [Wed Mar 4 02:34:33 2026] DELETE /allocations/40f3c957-9fdd-4284-8c10-90127684d2af => generated 0 bytes in 37 msecs (HTTP/1.1 204) 5 headers in 198 bytes (1 switches on core 0)
2026-03-04 02:34:35.526 7 INFO placement.requestlog [req-e366a40c-a7d7-4439-a83d-681437f55964 req-733ad61c-c405-4022-8d4f-fb0314bf5322 a63addf91c584c479276129c86b973f2 9376a166be5d47d18e3716a8e867ec3e - - b5538bd34ef14d28b47e5e05653aef87 b5538bd34ef14d28b47e5e05653aef87] 162.253.55.43 "GET /resource_providers/cc33f816-d717-4d65-a4cd-089694145608/allocations" status: 200 len: 253 microversion: 1.0 [pid: 7|app: 0|req: 622/1236] 162.253.55.43 () {32 vars in 856 bytes} [Wed Mar 4 02:34:35 2026] GET /resource_providers/cc33f816-d717-4d65-a4cd-089694145608/allocations => generated 253 bytes in 29 msecs (HTTP/1.1 200) 6 headers in 224 bytes (1 switches on core 0)
2026-03-04 02:34:35.545 8 INFO placement.requestlog [req-e366a40c-a7d7-4439-a83d-681437f55964 req-4da8a353-267f-4b35-b5c0-fdbc9950a1d2 a63addf91c584c479276129c86b973f2 9376a166be5d47d18e3716a8e867ec3e - - b5538bd34ef14d28b47e5e05653aef87 b5538bd34ef14d28b47e5e05653aef87] 162.253.55.43 "GET /allocations/b231cb6d-eb95-4440-abae-da2a1e9a9742" status: 200 len: 258 microversion: 1.28 [pid: 8|app: 0|req: 615/1237] 162.253.55.43 () {34 vars in 862 bytes} [Wed Mar 4 02:34:35 2026] GET /allocations/b231cb6d-eb95-4440-abae-da2a1e9a9742 => generated 258 bytes in 12 msecs (HTTP/1.1 200) 8 headers in 296 bytes (1 switches on core 0)
2026-03-04 02:34:35.571 7 INFO placement.requestlog [req-e366a40c-a7d7-4439-a83d-681437f55964 req-2100d7df-515b-46ea-9329-57aef659d48f a63addf91c584c479276129c86b973f2 9376a166be5d47d18e3716a8e867ec3e - - b5538bd34ef14d28b47e5e05653aef87 b5538bd34ef14d28b47e5e05653aef87] 162.253.55.43 "GET /allocations/97f6dfbc-f1ef-4317-b7e8-4ed663bd1f75" status: 200 len: 258 microversion: 1.28 [pid: 7|app: 0|req: 623/1238] 162.253.55.43 () {34 vars in 862 bytes} [Wed Mar 4 02:34:35 2026] GET /allocations/97f6dfbc-f1ef-4317-b7e8-4ed663bd1f75 => generated 258 bytes in 19 msecs (HTTP/1.1 200) 8 headers in 296 bytes (1 switches on core 0)
2026-03-04 02:34:35.653 8 INFO placement.requestlog [req-e366a40c-a7d7-4439-a83d-681437f55964 req-92b620aa-9b52-4b43-bb17-709fa64f6bc7 a63addf91c584c479276129c86b973f2 9376a166be5d47d18e3716a8e867ec3e - - b5538bd34ef14d28b47e5e05653aef87 b5538bd34ef14d28b47e5e05653aef87] 162.253.55.43 "DELETE /allocations/b231cb6d-eb95-4440-abae-da2a1e9a9742" status: 204 len: 0 microversion: 1.0 [pid: 8|app: 0|req: 616/1239] 162.253.55.43 () {34 vars in 840 bytes} [Wed Mar 4 02:34:35 2026] DELETE /allocations/b231cb6d-eb95-4440-abae-da2a1e9a9742 => generated 0 bytes in 28 msecs (HTTP/1.1 204) 5 headers in 198 bytes (1 switches on core 0)
2026-03-04 02:34:38.632 7 INFO placement.requestlog [None req-d7ebf7a8-0224-4cfe-a670-61bdd9ab6cb7 - - - - - -] 10.0.0.25 "GET /" status: 200 len: 136 microversion: 1.0
2026-03-04 02:34:38.632 8 INFO placement.requestlog [None req-e1ed05bd-ee37-49a9-a0a3-a2c06a40b597 - - - - - -] 10.0.0.25 "GET /" status: 200 len: 136 microversion: 1.0
2026-03-04 02:34:41.813 7 INFO placement.requestlog [req-ae1011f9-2e16-4aed-a95d-3e04dc599f18 req-d8e095a9-c078-435e-ab57-ad11dc1ad19a a63addf91c584c479276129c86b973f2 9376a166be5d47d18e3716a8e867ec3e - - b5538bd34ef14d28b47e5e05653aef87 b5538bd34ef14d28b47e5e05653aef87] 162.253.55.43 "GET /resource_providers/cc33f816-d717-4d65-a4cd-089694145608/allocations" status: 200 len: 153 microversion: 1.0 [pid: 7|app: 0|req: 625/1242] 162.253.55.43 () {32 vars in 856 bytes} [Wed Mar 4 02:34:41 2026] GET /resource_providers/cc33f816-d717-4d65-a4cd-089694145608/allocations => generated 153 bytes in 21 msecs (HTTP/1.1 200) 6 headers in 224 bytes (1 switches on core 0)
2026-03-04 02:34:41.836 8 INFO placement.requestlog [req-ae1011f9-2e16-4aed-a95d-3e04dc599f18 req-3f336335-dd77-4dc9-bceb-44ca6d902e0e a63addf91c584c479276129c86b973f2 9376a166be5d47d18e3716a8e867ec3e - - b5538bd34ef14d28b47e5e05653aef87 b5538bd34ef14d28b47e5e05653aef87] 162.253.55.43 "GET /allocations/97f6dfbc-f1ef-4317-b7e8-4ed663bd1f75" status: 200 len: 258 microversion: 1.28 [pid: 8|app: 0|req: 618/1243] 162.253.55.43 () {34 vars in 862 bytes} [Wed Mar 4 02:34:41 2026] GET /allocations/97f6dfbc-f1ef-4317-b7e8-4ed663bd1f75 => generated 258 bytes in 15 msecs (HTTP/1.1 200) 8 headers in 296 bytes (1 switches on core 0)
2026-03-04 02:34:41.926 7 INFO placement.requestlog [req-ae1011f9-2e16-4aed-a95d-3e04dc599f18 req-929b4faa-6a9f-498f-87e5-f8254e0c02db a63addf91c584c479276129c86b973f2 9376a166be5d47d18e3716a8e867ec3e - - b5538bd34ef14d28b47e5e05653aef87 b5538bd34ef14d28b47e5e05653aef87] 162.253.55.43 "DELETE /allocations/97f6dfbc-f1ef-4317-b7e8-4ed663bd1f75" status: 204 len: 0 microversion: 1.0 [pid: 7|app: 0|req: 626/1244] 162.253.55.43 () {34 vars in 840 bytes} [Wed Mar 4 02:34:41 2026] DELETE /allocations/97f6dfbc-f1ef-4317-b7e8-4ed663bd1f75 => generated 0 bytes in 31 msecs (HTTP/1.1 204) 5 headers in 198 bytes (1 switches on core 0)
2026-03-04 02:34:48.632 8 INFO placement.requestlog [None req-490346cb-6426-427a-ae30-30b5c2112d9c - - - - - -] 10.0.0.25 "GET /" status: 200 len: 136 microversion: 1.0
2026-03-04 02:34:48.632 7 INFO placement.requestlog [None req-15b75582-085a-4350-9d66-c63f8c4fed37 - - - - - -] 10.0.0.25 "GET /" status: 200 len: 136 microversion: 1.0
2026-03-04 02:34:52.925 7 INFO placement.requestlog [None req-aa2e0af6-7b40-4922-b1b8-46d627840643 a8672afbf9ec4a4fbda270ce84901c05 9376a166be5d47d18e3716a8e867ec3e - - b5538bd34ef14d28b47e5e05653aef87 b5538bd34ef14d28b47e5e05653aef87] 10.0.0.172 "GET /resource_providers/77c34e74-48ae-46e9-a933-dcca3fa24855/aggregates" status: 404 len: 235 microversion: 1.1 [pid: 7|app: 0|req: 628/1247] 10.0.0.172 () {32 vars in 816 bytes} [Wed Mar 4 02:34:52 2026] GET /resource_providers/77c34e74-48ae-46e9-a933-dcca3fa24855/aggregates => generated 235 bytes in 56 msecs (HTTP/1.1 404) 5 headers in 202 bytes (1 switches on core 0)
2026-03-04 02:34:52.927 8 INFO placement.requestlog [None req-ed0b309b-2f3d-4a70-b727-cdcffbc03309 a8672afbf9ec4a4fbda270ce84901c05 9376a166be5d47d18e3716a8e867ec3e - - b5538bd34ef14d28b47e5e05653aef87 b5538bd34ef14d28b47e5e05653aef87] 10.0.0.172 "GET /resource_providers/77c34e74-48ae-46e9-a933-dcca3fa24855/aggregates" status: 404 len: 235 microversion: 1.1 [pid: 8|app: 0|req: 620/1248] 10.0.0.172 () {32 vars in 816 bytes} [Wed Mar 4 02:34:52 2026] GET /resource_providers/77c34e74-48ae-46e9-a933-dcca3fa24855/aggregates => generated 235 bytes in 58 msecs (HTTP/1.1 404) 5 headers in 202 bytes (1 switches on core 0)
2026-03-04 02:34:52.996 7 INFO placement.requestlog [None req-6686029c-e5d3-42b8-ae0e-c82238ac3d21 a8672afbf9ec4a4fbda270ce84901c05 9376a166be5d47d18e3716a8e867ec3e - - b5538bd34ef14d28b47e5e05653aef87 b5538bd34ef14d28b47e5e05653aef87] 10.0.0.172 "DELETE /resource_providers/77c34e74-48ae-46e9-a933-dcca3fa24855" status: 404 len: 246 microversion: 1.1 [pid: 7|app: 0|req: 629/1249] 10.0.0.172 () {34 vars in 816 bytes} [Wed Mar 4 02:34:52 2026] DELETE /resource_providers/77c34e74-48ae-46e9-a933-dcca3fa24855 => generated 246 bytes in 10 msecs (HTTP/1.1 404) 6 headers in 231 bytes (1 switches on core 0)
2026-03-04 02:34:52.999 8 INFO placement.requestlog [None req-b8fd3681-8669-4cf5-849d-2266ace513ef a8672afbf9ec4a4fbda270ce84901c05 9376a166be5d47d18e3716a8e867ec3e - - b5538bd34ef14d28b47e5e05653aef87 b5538bd34ef14d28b47e5e05653aef87] 10.0.0.172 "DELETE /resource_providers/77c34e74-48ae-46e9-a933-dcca3fa24855" status: 404 len: 246 microversion: 1.1 [pid: 8|app: 0|req: 621/1250] 10.0.0.172 () {34 vars in 816 bytes} [Wed Mar 4 02:34:52 2026] DELETE /resource_providers/77c34e74-48ae-46e9-a933-dcca3fa24855 => generated 246 bytes in 12 msecs (HTTP/1.1 404) 6 headers in 231 bytes (1 switches on core 0)
2026-03-04 02:34:55.018 7 INFO placement.requestlog [None req-efba0671-f19e-4528-92e4-ed2adb71aad9 a8672afbf9ec4a4fbda270ce84901c05 9376a166be5d47d18e3716a8e867ec3e - - b5538bd34ef14d28b47e5e05653aef87 b5538bd34ef14d28b47e5e05653aef87] 10.0.0.172 "GET /resource_providers/662016ba-b89d-4db8-9143-98dbdd3a0d00/aggregates" status: 404 len: 235 microversion: 1.1 [pid: 7|app: 0|req: 630/1251] 10.0.0.172 () {32 vars in 816 bytes} [Wed Mar 4 02:34:55 2026] GET /resource_providers/662016ba-b89d-4db8-9143-98dbdd3a0d00/aggregates => generated 235 bytes in 12 msecs (HTTP/1.1 404) 5 headers in 202 bytes (1 switches on core 0)
2026-03-04 02:34:55.022 8 INFO placement.requestlog [None req-11bf0e9e-b41f-4945-9718-e88a589808c7 a8672afbf9ec4a4fbda270ce84901c05 9376a166be5d47d18e3716a8e867ec3e - - b5538bd34ef14d28b47e5e05653aef87 b5538bd34ef14d28b47e5e05653aef87] 10.0.0.172 "GET /resource_providers/662016ba-b89d-4db8-9143-98dbdd3a0d00/aggregates" status: 404 len: 235 microversion: 1.1 [pid: 8|app: 0|req: 622/1252] 10.0.0.172 () {32 vars in 816 bytes} [Wed Mar 4 02:34:55 2026] GET /resource_providers/662016ba-b89d-4db8-9143-98dbdd3a0d00/aggregates => generated 235 bytes in 12 msecs (HTTP/1.1 404) 5 headers in 202 bytes (1 switches on core 0)
2026-03-04 02:34:55.037 8 INFO placement.requestlog [None req-4ae283f9-f95e-4d48-849e-fe65c00e64a0 a8672afbf9ec4a4fbda270ce84901c05 9376a166be5d47d18e3716a8e867ec3e - - b5538bd34ef14d28b47e5e05653aef87 b5538bd34ef14d28b47e5e05653aef87] 10.0.0.172 "DELETE /resource_providers/662016ba-b89d-4db8-9143-98dbdd3a0d00" status: 404 len: 246 microversion: 1.1 [pid: 8|app: 0|req: 623/1253] 10.0.0.172 () {34 vars in 816 bytes} [Wed Mar 4 02:34:55 2026] DELETE /resource_providers/662016ba-b89d-4db8-9143-98dbdd3a0d00 => generated 246 bytes in 9 msecs (HTTP/1.1 404) 6 headers in 231 bytes (1 switches on core 0)
2026-03-04 02:34:55.038 7 INFO placement.requestlog [None req-795af783-5142-43c8-a21c-082317ccc2e3 a8672afbf9ec4a4fbda270ce84901c05 9376a166be5d47d18e3716a8e867ec3e - - b5538bd34ef14d28b47e5e05653aef87 b5538bd34ef14d28b47e5e05653aef87] 10.0.0.172 "DELETE /resource_providers/662016ba-b89d-4db8-9143-98dbdd3a0d00" status: 404 len: 246 microversion: 1.1 [pid: 7|app: 0|req: 631/1254] 10.0.0.172 () {34 vars in 816 bytes} [Wed Mar 4 02:34:55 2026] DELETE /resource_providers/662016ba-b89d-4db8-9143-98dbdd3a0d00 => generated 246 bytes in 10 msecs (HTTP/1.1 404) 6 headers in 231 bytes (1 switches on core 0)
2026-03-04 02:34:55.051 8 INFO placement.requestlog [None req-cb5cee0d-1c7c-4fbd-941a-cdd7b561a09e a8672afbf9ec4a4fbda270ce84901c05 9376a166be5d47d18e3716a8e867ec3e - - b5538bd34ef14d28b47e5e05653aef87 b5538bd34ef14d28b47e5e05653aef87] 10.0.0.172 "GET /resource_providers/990fa497-7d60-44b9-b498-2a35746ddc80/aggregates" status: 404 len: 235 microversion: 1.1 [pid: 8|app: 0|req: 624/1255] 10.0.0.172 () {32 vars in 816 bytes} [Wed Mar 4 02:34:55 2026] GET /resource_providers/990fa497-7d60-44b9-b498-2a35746ddc80/aggregates => generated 235 bytes in 9 msecs (HTTP/1.1 404) 5 headers in 202 bytes (1 switches on core 0)
2026-03-04 02:34:55.058 7 INFO placement.requestlog [None req-6bdf6e7b-c3f7-4353-ac8f-92bb87169150 a8672afbf9ec4a4fbda270ce84901c05 9376a166be5d47d18e3716a8e867ec3e - - b5538bd34ef14d28b47e5e05653aef87 b5538bd34ef14d28b47e5e05653aef87] 10.0.0.172 "GET /resource_providers/990fa497-7d60-44b9-b498-2a35746ddc80/aggregates" status: 404 len: 235 microversion: 1.1 [pid: 7|app: 0|req: 632/1256] 10.0.0.172 () {32 vars in 816 bytes} [Wed Mar 4 02:34:55 2026] GET /resource_providers/990fa497-7d60-44b9-b498-2a35746ddc80/aggregates => generated 235 bytes in 11 msecs (HTTP/1.1 404) 5 headers in 202 bytes (1 switches on core 0)
2026-03-04 02:34:55.067 8 INFO placement.requestlog [None req-cc6d9861-62e0-40da-8044-313e478fa2bc a8672afbf9ec4a4fbda270ce84901c05 9376a166be5d47d18e3716a8e867ec3e - - b5538bd34ef14d28b47e5e05653aef87 b5538bd34ef14d28b47e5e05653aef87] 10.0.0.172 "DELETE /resource_providers/990fa497-7d60-44b9-b498-2a35746ddc80" status: 404 len: 246 microversion: 1.1 [pid: 8|app: 0|req: 625/1257] 10.0.0.172 () {34 vars in 816 bytes} [Wed Mar 4 02:34:55 2026] DELETE /resource_providers/990fa497-7d60-44b9-b498-2a35746ddc80 => generated 246 bytes in 9 msecs (HTTP/1.1 404) 6 headers in 231 bytes (1 switches on core 0)
2026-03-04 02:34:55.071 7 INFO placement.requestlog [None req-2945c360-dd0a-4d42-87f4-0887b508e076 a8672afbf9ec4a4fbda270ce84901c05 9376a166be5d47d18e3716a8e867ec3e - - b5538bd34ef14d28b47e5e05653aef87 b5538bd34ef14d28b47e5e05653aef87] 10.0.0.172 "DELETE /resource_providers/990fa497-7d60-44b9-b498-2a35746ddc80" status: 404 len: 246 microversion: 1.1 [pid: 7|app: 0|req: 633/1258] 10.0.0.172 () {34 vars in 816 bytes} [Wed Mar 4 02:34:55 2026] DELETE /resource_providers/990fa497-7d60-44b9-b498-2a35746ddc80 => generated 246 bytes in 8 msecs (HTTP/1.1 404) 6 headers in 231 bytes (1 switches on core 0)
2026-03-04 02:34:56.256 8 INFO placement.requestlog [req-c8c925bf-5235-435d-8487-876a9da2832f req-6798244a-4624-4814-bd67-26550eb07fd9 a63addf91c584c479276129c86b973f2 9376a166be5d47d18e3716a8e867ec3e - - b5538bd34ef14d28b47e5e05653aef87 b5538bd34ef14d28b47e5e05653aef87] 162.253.55.43 "GET /resource_providers/cc33f816-d717-4d65-a4cd-089694145608/allocations" status: 200 len: 55 microversion: 1.0 [pid: 8|app: 0|req: 626/1259] 162.253.55.43 () {32 vars in 856 bytes} [Wed Mar 4 02:34:56 2026] GET /resource_providers/cc33f816-d717-4d65-a4cd-089694145608/allocations => generated 55 bytes in 23 msecs (HTTP/1.1 200) 6 headers in 223 bytes (1 switches on core 0)
2026-03-04 02:34:56.283 7 INFO placement.requestlog [req-c8c925bf-5235-435d-8487-876a9da2832f req-eafd299e-bd00-41c0-b90e-3d4ce57ed635 a63addf91c584c479276129c86b973f2 9376a166be5d47d18e3716a8e867ec3e - - b5538bd34ef14d28b47e5e05653aef87 b5538bd34ef14d28b47e5e05653aef87] 162.253.55.43 "GET /resource_providers/cc33f816-d717-4d65-a4cd-089694145608/allocations" status: 200 len: 55 microversion: 1.0 [pid: 7|app: 0|req: 634/1260] 162.253.55.43 () {32 vars in 856 bytes} [Wed Mar 4 02:34:56 2026] GET /resource_providers/cc33f816-d717-4d65-a4cd-089694145608/allocations => generated 55 bytes in 18 msecs (HTTP/1.1 200) 6 headers in 223 bytes (1 switches on core 0)
2026-03-04 02:34:57.929 7 INFO placement.requestlog [None req-ab3b4e72-b11c-490b-8b02-7d2987681326 a8672afbf9ec4a4fbda270ce84901c05 9376a166be5d47d18e3716a8e867ec3e - - b5538bd34ef14d28b47e5e05653aef87 b5538bd34ef14d28b47e5e05653aef87] 10.0.0.172 "GET /resource_providers/5683301f-25f4-434a-8fc8-b63ec35f19d4/aggregates" status: 404 len: 235 microversion: 1.1
2026-03-04 02:34:57.928 8 INFO placement.requestlog [None req-6e1fb905-f9d9-41ab-a609-65918d412246 a8672afbf9ec4a4fbda270ce84901c05 9376a166be5d47d18e3716a8e867ec3e - - b5538bd34ef14d28b47e5e05653aef87 b5538bd34ef14d28b47e5e05653aef87] 10.0.0.172 "GET /resource_providers/5683301f-25f4-434a-8fc8-b63ec35f19d4/aggregates" status: 404 len: 235 microversion: 1.1 [pid: 7|app: 0|req: 635/1261] 10.0.0.172 () {32 vars in 816 bytes} [Wed Mar 4 02:34:57 2026] GET /resource_providers/5683301f-25f4-434a-8fc8-b63ec35f19d4/aggregates => generated 235 bytes in 12 msecs (HTTP/1.1 404) 5 headers in 202 bytes (1 switches on core 0) [pid: 8|app: 0|req: 627/1262] 10.0.0.172 () {32 vars in 816 bytes} [Wed Mar 4 02:34:57 2026] GET /resource_providers/5683301f-25f4-434a-8fc8-b63ec35f19d4/aggregates => generated 235 bytes in 14 msecs (HTTP/1.1 404) 5 headers in 202 bytes (1 switches on core 0)
2026-03-04 02:34:57.952 7 INFO placement.requestlog [None req-d16f58b5-4240-4a68-a70c-5f9526e1cab2 a8672afbf9ec4a4fbda270ce84901c05 9376a166be5d47d18e3716a8e867ec3e - - b5538bd34ef14d28b47e5e05653aef87 b5538bd34ef14d28b47e5e05653aef87] 10.0.0.172 "DELETE /resource_providers/5683301f-25f4-434a-8fc8-b63ec35f19d4" status: 404 len: 246 microversion: 1.1 [pid: 7|app: 0|req: 636/1263] 10.0.0.172 () {34 vars in 816 bytes} [Wed Mar 4 02:34:57 2026] DELETE /resource_providers/5683301f-25f4-434a-8fc8-b63ec35f19d4 => generated 246 bytes in 15 msecs (HTTP/1.1 404) 6 headers in 231 bytes (1 switches on core 0)
2026-03-04 02:34:57.955 8 INFO placement.requestlog [None req-199a715b-7944-4738-8e1c-f22c3142d8d3 a8672afbf9ec4a4fbda270ce84901c05 9376a166be5d47d18e3716a8e867ec3e - - b5538bd34ef14d28b47e5e05653aef87 b5538bd34ef14d28b47e5e05653aef87] 10.0.0.172 "DELETE /resource_providers/5683301f-25f4-434a-8fc8-b63ec35f19d4" status: 404 len: 246 microversion: 1.1 [pid: 8|app: 0|req: 628/1264] 10.0.0.172 () {34 vars in 816 bytes} [Wed Mar 4 02:34:57 2026] DELETE /resource_providers/5683301f-25f4-434a-8fc8-b63ec35f19d4 => generated 246 bytes in 13 msecs (HTTP/1.1 404) 6 headers in 231 bytes (1 switches on core 0)
2026-03-04 02:34:58.631 7 INFO placement.requestlog [None req-376288d0-94e1-4faf-9219-535978eedae7 - - - - - -] 10.0.0.25 "GET /" status: 200 len: 136 microversion: 1.0
2026-03-04 02:34:58.632 8 INFO placement.requestlog [None req-c6ad2c06-9a86-4193-9c00-c785ab2e7791 - - - - - -] 10.0.0.25 "GET /" status: 200 len: 136 microversion: 1.0
2026-03-04 02:35:08.632 8 INFO placement.requestlog [None req-0f14b229-ce01-4b4e-8e7b-fd2ffc6c468d - - - - - -] 10.0.0.25 "GET /" status: 200 len: 136 microversion: 1.0
2026-03-04 02:35:08.632 7 INFO placement.requestlog [None req-08decadd-5da2-409a-868e-461896f26b18 - - - - - -] 10.0.0.25 "GET /" status: 200 len: 136 microversion: 1.0
2026-03-04 02:35:18.632 7 INFO placement.requestlog [None req-649ac76a-360c-460a-94f4-bf5871dc1c01 - - - - - -] 10.0.0.25 "GET /" status: 200 len: 136 microversion: 1.0
2026-03-04 02:35:18.632 8 INFO placement.requestlog [None req-ea8d3e7a-7fdd-4bf4-8bb3-c29e87839375 - - - - - -] 10.0.0.25 "GET /" status: 200 len: 136 microversion: 1.0
2026-03-04 02:35:18.725 8 INFO placement.requestlog [None req-691abef1-3d2e-4ccc-97db-831e0cba8986 a8672afbf9ec4a4fbda270ce84901c05 9376a166be5d47d18e3716a8e867ec3e - - b5538bd34ef14d28b47e5e05653aef87 b5538bd34ef14d28b47e5e05653aef87] 10.0.0.172 "GET /resource_providers/9af4643a-c591-409b-a5a2-510fa0ed4327/aggregates" status: 404 len: 235 microversion: 1.1 [pid: 8|app: 0|req: 632/1271] 10.0.0.172 () {32 vars in 816 bytes} [Wed Mar 4 02:35:18 2026] GET /resource_providers/9af4643a-c591-409b-a5a2-510fa0ed4327/aggregates => generated 235 bytes in 8 msecs (HTTP/1.1 404) 5 headers in 202 bytes (1 switches on core 0)
2026-03-04 02:35:18.730 7 INFO placement.requestlog [None req-5d21a482-4e73-4db7-b7ee-afe0ee522e0e a8672afbf9ec4a4fbda270ce84901c05 9376a166be5d47d18e3716a8e867ec3e - - b5538bd34ef14d28b47e5e05653aef87 b5538bd34ef14d28b47e5e05653aef87] 10.0.0.172 "GET /resource_providers/9af4643a-c591-409b-a5a2-510fa0ed4327/aggregates" status: 404 len: 235 microversion: 1.1 [pid: 7|app: 0|req: 640/1272] 10.0.0.172 () {32 vars in 816 bytes} [Wed Mar 4 02:35:18 2026] GET /resource_providers/9af4643a-c591-409b-a5a2-510fa0ed4327/aggregates => generated 235 bytes in 13 msecs (HTTP/1.1 404) 5 headers in 202 bytes (1 switches on core 0)
2026-03-04 02:35:19.189 7 INFO placement.requestlog [None req-c4bfab58-bcd6-49d4-a9a6-8cfea482aecb a8672afbf9ec4a4fbda270ce84901c05 9376a166be5d47d18e3716a8e867ec3e - - b5538bd34ef14d28b47e5e05653aef87 b5538bd34ef14d28b47e5e05653aef87] 10.0.0.172 "DELETE /resource_providers/9af4643a-c591-409b-a5a2-510fa0ed4327" status: 404 len: 246 microversion: 1.1 [pid: 7|app: 0|req: 641/1273] 10.0.0.172 () {34 vars in 816 bytes} [Wed Mar 4 02:35:19 2026] DELETE /resource_providers/9af4643a-c591-409b-a5a2-510fa0ed4327 => generated 246 bytes in 12 msecs (HTTP/1.1 404) 6 headers in 231 bytes (1 switches on core 0)
2026-03-04 02:35:19.198 8 INFO placement.requestlog [None req-2ff76ff6-aacd-4d5c-a43e-5a526de00e4e a8672afbf9ec4a4fbda270ce84901c05 9376a166be5d47d18e3716a8e867ec3e - - b5538bd34ef14d28b47e5e05653aef87 b5538bd34ef14d28b47e5e05653aef87] 10.0.0.172 "DELETE /resource_providers/9af4643a-c591-409b-a5a2-510fa0ed4327" status: 404 len: 246 microversion: 1.1 [pid: 8|app: 0|req: 633/1274] 10.0.0.172 () {34 vars in 816 bytes} [Wed Mar 4 02:35:19 2026] DELETE /resource_providers/9af4643a-c591-409b-a5a2-510fa0ed4327 => generated 246 bytes in 22 msecs (HTTP/1.1 404) 6 headers in 231 bytes (1 switches on core 0)
2026-03-04 02:35:25.103 7 INFO placement.requestlog [None req-9dff67a0-8c72-435e-a9eb-bfefd762262a bf084f09cde14a22b48b163c570fc931 4a0b356476fd4057a2264ba8abcdcec4 - - default default] 10.0.0.88 "GET /resource_providers" status: 200 len: 406 microversion: 1.0 [pid: 7|app: 0|req: 642/1275] 10.0.0.88 () {28 vars in 592 bytes} [Wed Mar 4 02:35:24 2026] GET /resource_providers => generated 406 bytes in 213 msecs (HTTP/1.1 200) 6 headers in 224 bytes (1 switches on core 0)
2026-03-04 02:35:25.137 8 INFO placement.requestlog [None req-f1754b3d-427e-4815-87c9-7e26433b1312 bf084f09cde14a22b48b163c570fc931 4a0b356476fd4057a2264ba8abcdcec4 - - default default] 10.0.0.88 "GET /resource_providers/cc33f816-d717-4d65-a4cd-089694145608/inventories" status: 200 len: 401 microversion: 1.0 [pid: 8|app: 0|req: 634/1276] 10.0.0.88 () {28 vars in 690 bytes} [Wed Mar 4 02:35:25 2026] GET /resource_providers/cc33f816-d717-4d65-a4cd-089694145608/inventories => generated 401 bytes in 29 msecs (HTTP/1.1 200) 6 headers in 224 bytes (1 switches on core 0)
2026-03-04 02:35:25.158 7 INFO placement.requestlog [None req-0c0052cc-fb7e-4a60-abcc-2a4371414986 bf084f09cde14a22b48b163c570fc931 4a0b356476fd4057a2264ba8abcdcec4 - - default default] 10.0.0.88 "GET /resource_providers/cc33f816-d717-4d65-a4cd-089694145608/usages" status: 200 len: 89 microversion: 1.0 [pid: 7|app: 0|req: 643/1277] 10.0.0.88 () {28 vars in 680 bytes} [Wed Mar 4 02:35:25 2026] GET /resource_providers/cc33f816-d717-4d65-a4cd-089694145608/usages => generated 89 bytes in 16 msecs (HTTP/1.1 200) 6 headers in 223 bytes (1 switches on core 0)
2026-03-04 02:35:28.631 7 INFO placement.requestlog [None req-288a96c9-634d-40a4-8e2d-99db12712c9e - - - - - -] 10.0.0.25 "GET /" status: 200 len: 136 microversion: 1.0
2026-03-04 02:35:28.631 8 INFO placement.requestlog [None req-96fefb49-7d09-47a2-8c77-1604b09fc5b6 - - - - - -] 10.0.0.25 "GET /" status: 200 len: 136 microversion: 1.0
2026-03-04 02:35:38.631 7 INFO placement.requestlog [None req-0ec04509-3218-4c78-b4cf-29bee68f6c3a - - - - - -] 10.0.0.25 "GET /" status: 200 len: 136 microversion: 1.0
2026-03-04 02:35:38.632 8 INFO placement.requestlog [None req-42113795-3f30-4874-8c15-8a5c0cf04b4f - - - - - -] 10.0.0.25 "GET /" status: 200 len: 136 microversion: 1.0
2026-03-04 02:35:39.615 7 INFO placement.requestlog [None req-60864d8c-447a-4a66-aedc-2847d93f040b a8672afbf9ec4a4fbda270ce84901c05 9376a166be5d47d18e3716a8e867ec3e - - b5538bd34ef14d28b47e5e05653aef87 b5538bd34ef14d28b47e5e05653aef87] 10.0.0.172 "GET /resource_providers/859b68d1-0fdd-4cf7-8441-b7e40cddf00c/aggregates" status: 404 len: 235 microversion: 1.1 [pid: 7|app: 0|req: 646/1282] 10.0.0.172 () {32 vars in 816 bytes} [Wed Mar 4 02:35:39 2026] GET /resource_providers/859b68d1-0fdd-4cf7-8441-b7e40cddf00c/aggregates => generated 235 bytes in 108 msecs (HTTP/1.1 404) 5 headers in 202 bytes (1 switches on core 0)
2026-03-04 02:35:39.624 8 INFO placement.requestlog [None req-d2fdeb99-68b1-4e3d-9e5a-21a9715c3867 a8672afbf9ec4a4fbda270ce84901c05 9376a166be5d47d18e3716a8e867ec3e - - b5538bd34ef14d28b47e5e05653aef87 b5538bd34ef14d28b47e5e05653aef87] 10.0.0.172 "GET /resource_providers/859b68d1-0fdd-4cf7-8441-b7e40cddf00c/aggregates" status: 404 len: 235 microversion: 1.1 [pid: 8|app: 0|req: 637/1283] 10.0.0.172 () {32 vars in 816 bytes} [Wed Mar 4 02:35:39 2026] GET /resource_providers/859b68d1-0fdd-4cf7-8441-b7e40cddf00c/aggregates => generated 235 bytes in 112 msecs (HTTP/1.1 404) 5 headers in 202 bytes (1 switches on core 0)
2026-03-04 02:35:39.745 7 INFO placement.requestlog [None req-9364b367-f9ae-4064-b381-5d3b4d640500 a8672afbf9ec4a4fbda270ce84901c05 9376a166be5d47d18e3716a8e867ec3e - - b5538bd34ef14d28b47e5e05653aef87 b5538bd34ef14d28b47e5e05653aef87] 10.0.0.172 "GET /resource_providers/9eb118ce-acab-4443-b8de-17ad30d4dd0b/aggregates" status: 404 len: 235 microversion: 1.1 [pid: 7|app: 0|req: 647/1284] 10.0.0.172 () {32 vars in 816 bytes} [Wed Mar 4 02:35:39 2026] GET /resource_providers/9eb118ce-acab-4443-b8de-17ad30d4dd0b/aggregates => generated 235 bytes in 10 msecs (HTTP/1.1 404) 5 headers in 202 bytes (1 switches on core 0)
2026-03-04 02:35:39.748 8 INFO placement.requestlog [None req-56034544-9296-4611-935b-7dd7b7818823 a8672afbf9ec4a4fbda270ce84901c05 9376a166be5d47d18e3716a8e867ec3e - - b5538bd34ef14d28b47e5e05653aef87 b5538bd34ef14d28b47e5e05653aef87] 10.0.0.172 "GET /resource_providers/9eb118ce-acab-4443-b8de-17ad30d4dd0b/aggregates" status: 404 len: 235 microversion: 1.1 [pid: 8|app: 0|req: 638/1285] 10.0.0.172 () {32 vars in 816 bytes} [Wed Mar 4 02:35:39 2026] GET /resource_providers/9eb118ce-acab-4443-b8de-17ad30d4dd0b/aggregates => generated 235 bytes in 14 msecs (HTTP/1.1 404) 5 headers in 202 bytes (1 switches on core 0)
2026-03-04 02:35:39.771 7 INFO placement.requestlog [None req-498605d9-0cea-4b63-8c7e-416acbbff9f6 a8672afbf9ec4a4fbda270ce84901c05 9376a166be5d47d18e3716a8e867ec3e - - b5538bd34ef14d28b47e5e05653aef87 b5538bd34ef14d28b47e5e05653aef87] 10.0.0.172 "DELETE /resource_providers/9eb118ce-acab-4443-b8de-17ad30d4dd0b" status: 404 len: 246 microversion: 1.1 [pid: 7|app: 0|req: 648/1286] 10.0.0.172 () {34 vars in 816 bytes} [Wed Mar 4 02:35:39 2026] DELETE /resource_providers/9eb118ce-acab-4443-b8de-17ad30d4dd0b => generated 246 bytes in 8 msecs (HTTP/1.1 404) 6 headers in 231 bytes (1 switches on core 0)
2026-03-04 02:35:39.776 8 INFO placement.requestlog [None req-4ec5b3fc-7fbc-4fe0-a77e-ab3e7c11d552 a8672afbf9ec4a4fbda270ce84901c05 9376a166be5d47d18e3716a8e867ec3e - - b5538bd34ef14d28b47e5e05653aef87 b5538bd34ef14d28b47e5e05653aef87] 10.0.0.172 "DELETE /resource_providers/9eb118ce-acab-4443-b8de-17ad30d4dd0b" status: 404 len: 246 microversion: 1.1 [pid: 8|app: 0|req: 639/1287] 10.0.0.172 () {34 vars in 816 bytes} [Wed Mar 4 02:35:39 2026] DELETE /resource_providers/9eb118ce-acab-4443-b8de-17ad30d4dd0b => generated 246 bytes in 11 msecs (HTTP/1.1 404) 6 headers in 231 bytes (1 switches on core 0)
2026-03-04 02:35:39.827 7 INFO placement.requestlog [None req-210e788b-7a2a-4980-ac83-2d02c82933dd a8672afbf9ec4a4fbda270ce84901c05 9376a166be5d47d18e3716a8e867ec3e - - b5538bd34ef14d28b47e5e05653aef87 b5538bd34ef14d28b47e5e05653aef87] 10.0.0.172 "DELETE /resource_providers/859b68d1-0fdd-4cf7-8441-b7e40cddf00c" status: 404 len: 246 microversion: 1.1 [pid: 7|app: 0|req: 649/1288] 10.0.0.172 () {34 vars in 816 bytes} [Wed Mar 4 02:35:39 2026] DELETE /resource_providers/859b68d1-0fdd-4cf7-8441-b7e40cddf00c => generated 246 bytes in 8 msecs (HTTP/1.1 404) 6 headers in 231 bytes (1 switches on core 0)
