2026-07-06 06:50:34.672 8 INFO neutron.db.ovn_revision_numbers_db [None req-1abfed61-9c0a-49c5-abcf-b4c6c972c2c6 46a2cb84882f4b5abc4999ed1ef80c8d 1fab89c085614312897be0444a7ff500 - - default default] Successfully bumped revision number for resource 3a29ee79-ecad-4d4c-a2c1-48786ef7b913 (type: networks) to 1
2026-07-06 06:50:34.688 7 INFO neutron.db.ovn_revision_numbers_db [None req-a77c21e1-9fe8-4077-aa4c-7c18d92b2766 2b2aab201f0a4d7cb7d89df331626c23 2a4dacc78037464b9a762c477bd08ae1 - - default default] Successfully bumped revision number for resource b092a3d3-19bd-4db1-95ba-58a55519cdf4 (type: router_ports) to 3 [pid: 7|app: 0|req: 700/1419] 10.0.0.2 () {34 vars in 781 bytes} [Mon Jul 6 06:50:32 2026] PUT /v2.0/routers/fae94d48-32c3-4062-9f60-42a39548ff47/add_router_interface => generated 309 bytes in 2247 msecs (HTTP/1.1 200) 4 headers in 157 bytes (1 switches on core 0) /var/lib/openstack/lib/python3.12/site-packages/pycadf/identifier.py:70: UserWarning: Invalid uuid: neutron. To ensure interoperability, identifiers should be a valid uuid. warnings.warn(('Invalid uuid: %s. To ensure interoperability, '
2026-07-06 06:50:34.859 8 WARNING neutron.scheduler.dhcp_agent_scheduler [None req-1abfed61-9c0a-49c5-abcf-b4c6c972c2c6 46a2cb84882f4b5abc4999ed1ef80c8d 1fab89c085614312897be0444a7ff500 - - default default] No more DHCP agents
2026-07-06 06:50:34.860 8 WARNING neutron.api.rpc.agentnotifiers.dhcp_rpc_agent_api [None req-1abfed61-9c0a-49c5-abcf-b4c6c972c2c6 46a2cb84882f4b5abc4999ed1ef80c8d 1fab89c085614312897be0444a7ff500 - - default default] Unable to schedule network 3a29ee79-ecad-4d4c-a2c1-48786ef7b913: no agents available; will retry on subsequent port and subnet creation events.
2026-07-06 06:50:34.971 8 INFO neutron.db.ovn_revision_numbers_db [None req-1abfed61-9c0a-49c5-abcf-b4c6c972c2c6 46a2cb84882f4b5abc4999ed1ef80c8d 1fab89c085614312897be0444a7ff500 - - default default] Successfully bumped revision number for resource 625980f2-7c82-406b-ae37-03ea53fcaf95 (type: ports) to 1 [pid: 8|app: 0|req: 720/1420] 10.0.0.2 () {34 vars in 668 bytes} [Mon Jul 6 06:50:34 2026] POST /v2.0/networks => generated 730 bytes in 910 msecs (HTTP/1.1 201) 4 headers in 162 bytes (1 switches on core 0)
2026-07-06 06:50:34.998 7 INFO neutron.db.ovn_revision_numbers_db [None req-11846faa-c2c8-4926-a180-a03fb411f52d f76221d4dc904a34be9f115eaaf3f6c8 e267bfd4393b4b268a329db1bc5db9d8 - - default default] Successfully bumped revision number for resource bcef7075-121c-4120-821a-4056c4846736 (type: security_groups) to 1
2026-07-06 06:50:35.009 7 INFO neutron.db.ovn_revision_numbers_db [None req-11846faa-c2c8-4926-a180-a03fb411f52d f76221d4dc904a34be9f115eaaf3f6c8 e267bfd4393b4b268a329db1bc5db9d8 - - default default] Successfully bumped revision number for resource 94bf6058-1f0f-44d0-b717-e99f60e152b9 (type: security_group_rules) to 0
2026-07-06 06:50:35.020 7 INFO neutron.db.ovn_revision_numbers_db [None req-11846faa-c2c8-4926-a180-a03fb411f52d f76221d4dc904a34be9f115eaaf3f6c8 e267bfd4393b4b268a329db1bc5db9d8 - - default default] Successfully bumped revision number for resource 977f8f19-d800-4433-bb77-809a77dbdd70 (type: security_group_rules) to 0
2026-07-06 06:50:35.030 7 INFO neutron.db.ovn_revision_numbers_db [None req-11846faa-c2c8-4926-a180-a03fb411f52d f76221d4dc904a34be9f115eaaf3f6c8 e267bfd4393b4b268a329db1bc5db9d8 - - default default] Successfully bumped revision number for resource c8ae5b59-3cab-4a15-9547-14aea2d55bff (type: security_group_rules) to 0
2026-07-06 06:50:35.041 7 INFO neutron.db.ovn_revision_numbers_db [None req-11846faa-c2c8-4926-a180-a03fb411f52d f76221d4dc904a34be9f115eaaf3f6c8 e267bfd4393b4b268a329db1bc5db9d8 - - default default] Successfully bumped revision number for resource d201ee53-be2c-407d-bcba-2df8421aadbf (type: security_group_rules) to 0 [pid: 7|app: 0|req: 701/1421] 10.0.0.2 () {32 vars in 772 bytes} [Mon Jul 6 06:50:34 2026] GET /v2.0/security-groups?tenant_id=31e4866ee6dd4754ad36d8b4f54fd7a0&name=default => generated 2925 bytes in 379 msecs (HTTP/1.1 200) 4 headers in 158 bytes (1 switches on core 0)
2026-07-06 06:50:35.194 8 INFO neutron.db.ovn_revision_numbers_db [None req-23a72ecb-89b2-420d-8a4b-dbe2133e6e94 f76221d4dc904a34be9f115eaaf3f6c8 e267bfd4393b4b268a329db1bc5db9d8 - - default default] Successfully bumped revision number for resource f253eb3c-34a5-423b-a666-4d086091b732 (type: security_groups) to 1 [pid: 7|app: 0|req: 702/1422] 10.0.0.2 () {32 vars in 715 bytes} [Mon Jul 6 06:50:35 2026] GET /v2.0/ports/b092a3d3-19bd-4db1-95ba-58a55519cdf4 => generated 1026 bytes in 124 msecs (HTTP/1.1 200) 4 headers in 158 bytes (1 switches on core 0)
2026-07-06 06:50:35.206 8 INFO neutron.db.ovn_revision_numbers_db [None req-23a72ecb-89b2-420d-8a4b-dbe2133e6e94 f76221d4dc904a34be9f115eaaf3f6c8 e267bfd4393b4b268a329db1bc5db9d8 - - default default] Successfully bumped revision number for resource 52643bc6-38d2-4054-acf2-1f5414673a7a (type: security_group_rules) to 0
2026-07-06 06:50:35.218 8 INFO neutron.db.ovn_revision_numbers_db [None req-23a72ecb-89b2-420d-8a4b-dbe2133e6e94 f76221d4dc904a34be9f115eaaf3f6c8 e267bfd4393b4b268a329db1bc5db9d8 - - default default] Successfully bumped revision number for resource 6bc0f9c5-b108-4fce-bc49-8dd10206dca9 (type: security_group_rules) to 0
2026-07-06 06:50:35.229 8 INFO neutron.db.ovn_revision_numbers_db [None req-23a72ecb-89b2-420d-8a4b-dbe2133e6e94 f76221d4dc904a34be9f115eaaf3f6c8 e267bfd4393b4b268a329db1bc5db9d8 - - default default] Successfully bumped revision number for resource d902753d-5046-40a9-879d-0fe302ce62f8 (type: security_group_rules) to 0
2026-07-06 06:50:35.239 8 INFO neutron.db.ovn_revision_numbers_db [None req-23a72ecb-89b2-420d-8a4b-dbe2133e6e94 f76221d4dc904a34be9f115eaaf3f6c8 e267bfd4393b4b268a329db1bc5db9d8 - - default default] Successfully bumped revision number for resource f68d8415-27ec-4864-894f-cd76ea0c5f07 (type: security_group_rules) to 0 [pid: 8|app: 0|req: 721/1423] 10.0.0.2 () {32 vars in 772 bytes} [Mon Jul 6 06:50:34 2026] GET /v2.0/security-groups?tenant_id=c05ddd0e959e444cab002eb5aa069d00&name=default => generated 2925 bytes in 278 msecs (HTTP/1.1 200) 4 headers in 158 bytes (1 switches on core 0)
2026-07-06 06:50:35.330 7 WARNING neutron.scheduler.dhcp_agent_scheduler [None req-b6865161-e6dd-47ac-98ce-d2c2b4add3f0 46a2cb84882f4b5abc4999ed1ef80c8d 1fab89c085614312897be0444a7ff500 - - default default] No more DHCP agents
2026-07-06 06:50:35.332 7 WARNING neutron.api.rpc.agentnotifiers.dhcp_rpc_agent_api [None req-b6865161-e6dd-47ac-98ce-d2c2b4add3f0 46a2cb84882f4b5abc4999ed1ef80c8d 1fab89c085614312897be0444a7ff500 - - default default] Unable to schedule network 3a29ee79-ecad-4d4c-a2c1-48786ef7b913: no agents available; will retry on subsequent port and subnet creation events. [pid: 8|app: 0|req: 722/1424] 10.0.0.2 () {32 vars in 738 bytes} [Mon Jul 6 06:50:35 2026] DELETE /v2.0/security-groups/bcef7075-121c-4120-821a-4056c4846736 => generated 0 bytes in 240 msecs (HTTP/1.1 204) 2 headers in 112 bytes (1 switches on core 0)
2026-07-06 06:50:35.800 8 INFO neutron_taas.services.taas.taas_plugin [None req-c5ca53d9-413a-42ff-8a0a-e90c01af0866 2b2aab201f0a4d7cb7d89df331626c23 2a4dacc78037464b9a762c477bd08ae1 - - default default] TaaS: Handle Delete Port: b092a3d3-19bd-4db1-95ba-58a55519cdf4
2026-07-06 06:50:35.803 7 INFO neutron.db.ovn_revision_numbers_db [None req-5238bd78-1e80-4c96-895b-66d32c5316a9 - - - - - -] Successfully bumped revision number for resource 625980f2-7c82-406b-ae37-03ea53fcaf95 (type: ports) to 2
2026-07-06 06:50:35.803 8 INFO neutron_taas.services.taas.tap_mirror_plugin [None req-c5ca53d9-413a-42ff-8a0a-e90c01af0866 2b2aab201f0a4d7cb7d89df331626c23 2a4dacc78037464b9a762c477bd08ae1 - - default default] Tap Mirror: Handle Delete Port: b092a3d3-19bd-4db1-95ba-58a55519cdf4
2026-07-06 06:50:35.822 7 INFO neutron.db.ovn_revision_numbers_db [None req-5238bd78-1e80-4c96-895b-66d32c5316a9 - - - - - -] Successfully bumped revision number for resource c1953652-96f5-491a-aa77-753746a62d30 (type: subnets) to 0 [pid: 7|app: 0|req: 703/1425] 10.0.0.2 () {34 vars in 667 bytes} [Mon Jul 6 06:50:35 2026] POST /v2.0/subnets => generated 644 bytes in 632 msecs (HTTP/1.1 201) 4 headers in 162 bytes (1 switches on core 0) [pid: 7|app: 0|req: 704/1426] 10.0.0.2 () {32 vars in 738 bytes} [Mon Jul 6 06:50:35 2026] DELETE /v2.0/security-groups/f253eb3c-34a5-423b-a666-4d086091b732 => generated 0 bytes in 255 msecs (HTTP/1.1 204) 2 headers in 112 bytes (1 switches on core 0) [pid: 8|app: 0|req: 723/1427] 10.0.0.2 () {34 vars in 787 bytes} [Mon Jul 6 06:50:35 2026] PUT /v2.0/routers/fae94d48-32c3-4062-9f60-42a39548ff47/remove_router_interface => generated 309 bytes in 625 msecs (HTTP/1.1 200) 4 headers in 157 bytes (1 switches on core 0) /var/lib/openstack/lib/python3.12/site-packages/pycadf/identifier.py:70: UserWarning: Invalid uuid: neutron. To ensure interoperability, identifiers should be a valid uuid. warnings.warn(('Invalid uuid: %s. To ensure interoperability, '
2026-07-06 06:50:36.147 8 WARNING neutron.api.v2.base [None req-287ab861-383b-4c02-98fc-de3e659146cc 46a2cb84882f4b5abc4999ed1ef80c8d 1fab89c085614312897be0444a7ff500 - - default default] An exception happened while processing the request body. The exception message is [Invalid input for target_tenant. Reason: 'None' is not a valid string.].: webob.exc.HTTPBadRequest: Invalid input for target_tenant. Reason: 'None' is not a valid string.
2026-07-06 06:50:36.148 8 INFO neutron.api.v2.resource [None req-287ab861-383b-4c02-98fc-de3e659146cc 46a2cb84882f4b5abc4999ed1ef80c8d 1fab89c085614312897be0444a7ff500 - - default default] create failed (client error): Invalid input for target_tenant. Reason: 'None' is not a valid string. [pid: 8|app: 0|req: 724/1428] 10.0.0.2 () {34 vars in 679 bytes} [Mon Jul 6 06:50:36 2026] POST /v2.0/rbac-policies => generated 143 bytes in 7 msecs (HTTP/1.1 400) 4 headers in 166 bytes (1 switches on core 0)
2026-07-06 06:50:36.200 8 INFO neutron.api.v2.resource [None req-301cf1ed-b796-4ce7-abe6-c607d023971b 2b2aab201f0a4d7cb7d89df331626c23 2a4dacc78037464b9a762c477bd08ae1 - - default default] remove_router_interface failed (client error): The resource could not be found. [pid: 8|app: 0|req: 725/1429] 10.0.0.2 () {34 vars in 787 bytes} [Mon Jul 6 06:50:36 2026] PUT /v2.0/routers/fae94d48-32c3-4062-9f60-42a39548ff47/remove_router_interface => generated 197 bytes in 51 msecs (HTTP/1.1 404) 4 headers in 164 bytes (1 switches on core 0)
2026-07-06 06:50:36.266 7 INFO neutron.db.ovn_revision_numbers_db [None req-e9569c7e-c5ff-44de-b4bf-c1259f0d16d8 f76221d4dc904a34be9f115eaaf3f6c8 e267bfd4393b4b268a329db1bc5db9d8 - - default default] Successfully bumped revision number for resource e92276d4-5be2-4e1a-a061-ec1baf230f49 (type: security_groups) to 1
2026-07-06 06:50:36.277 7 INFO neutron.db.ovn_revision_numbers_db [None req-e9569c7e-c5ff-44de-b4bf-c1259f0d16d8 f76221d4dc904a34be9f115eaaf3f6c8 e267bfd4393b4b268a329db1bc5db9d8 - - default default] Successfully bumped revision number for resource 18918bef-c0a9-465e-9e18-31d0ce32bb9f (type: security_group_rules) to 0
2026-07-06 06:50:36.287 7 INFO neutron.db.ovn_revision_numbers_db [None req-e9569c7e-c5ff-44de-b4bf-c1259f0d16d8 f76221d4dc904a34be9f115eaaf3f6c8 e267bfd4393b4b268a329db1bc5db9d8 - - default default] Successfully bumped revision number for resource 4c26dcd3-7471-4bce-bc76-30d5ac0e58cb (type: security_group_rules) to 0
2026-07-06 06:50:36.299 7 INFO neutron.db.ovn_revision_numbers_db [None req-e9569c7e-c5ff-44de-b4bf-c1259f0d16d8 f76221d4dc904a34be9f115eaaf3f6c8 e267bfd4393b4b268a329db1bc5db9d8 - - default default] Successfully bumped revision number for resource 81bd470b-020a-4733-88f2-c8a428596e40 (type: security_group_rules) to 0
2026-07-06 06:50:36.310 7 INFO neutron.db.ovn_revision_numbers_db [None req-e9569c7e-c5ff-44de-b4bf-c1259f0d16d8 f76221d4dc904a34be9f115eaaf3f6c8 e267bfd4393b4b268a329db1bc5db9d8 - - default default] Successfully bumped revision number for resource 96924588-a420-4042-8be8-5e0a7017740a (type: security_group_rules) to 0 [pid: 7|app: 0|req: 705/1430] 10.0.0.2 () {32 vars in 772 bytes} [Mon Jul 6 06:50:36 2026] GET /v2.0/security-groups?tenant_id=7f0ffc0dd58d47189b28b63b01d53acc&name=default => generated 2925 bytes in 260 msecs (HTTP/1.1 200) 4 headers in 158 bytes (1 switches on core 0) [pid: 7|app: 0|req: 706/1431] 10.0.0.2 () {32 vars in 734 bytes} [Mon Jul 6 06:50:36 2026] GET /v2.0/ports?device_id=fae94d48-32c3-4062-9f60-42a39548ff47 => generated 12 bytes in 14 msecs (HTTP/1.1 200) 4 headers in 156 bytes (1 switches on core 0)
2026-07-06 06:50:36.382 8 INFO neutron_taas.services.taas.taas_plugin [None req-3dafcbca-5a3e-4de6-b23f-09e722a743e6 46a2cb84882f4b5abc4999ed1ef80c8d 1fab89c085614312897be0444a7ff500 - - default default] TaaS: Handle Delete Port: 625980f2-7c82-406b-ae37-03ea53fcaf95
2026-07-06 06:50:36.385 8 INFO neutron_taas.services.taas.tap_mirror_plugin [None req-3dafcbca-5a3e-4de6-b23f-09e722a743e6 46a2cb84882f4b5abc4999ed1ef80c8d 1fab89c085614312897be0444a7ff500 - - default default] Tap Mirror: Handle Delete Port: 625980f2-7c82-406b-ae37-03ea53fcaf95 [pid: 7|app: 0|req: 707/1432] 10.0.0.2 () {32 vars in 738 bytes} [Mon Jul 6 06:50:36 2026] DELETE /v2.0/security-groups/e92276d4-5be2-4e1a-a061-ec1baf230f49 => generated 0 bytes in 370 msecs (HTTP/1.1 204) 2 headers in 112 bytes (1 switches on core 0)
2026-07-06 06:50:36.830 8 INFO neutron.services.segments.plugin [-] Segment 3e797824-93d1-41fe-ae1c-da58448c698a resource provider aggregate not found
2026-07-06 06:50:36.839 8 INFO neutron.services.segments.plugin [-] Segment 3e797824-93d1-41fe-ae1c-da58448c698a resource provider aggregate not found
2026-07-06 06:50:36.849 8 INFO neutron.services.segments.plugin [-] Client error retrieving segment 3e797824-93d1-41fe-ae1c-da58448c698a resource provider; error: Placement Client Error (4xx): {"errors": [{"status": 404, "title": "Not Found", "detail": "The resource could not be found.\n\n No resource provider with uuid 3e797824-93d1-41fe-ae1c-da58448c698a found for delete ", "request_id": "req-4ba165af-3fc6-4720-89a3-0e52e19c39e6"}]}
2026-07-06 06:50:36.879 8 INFO neutron.services.segments.plugin [-] Client error retrieving segment 3e797824-93d1-41fe-ae1c-da58448c698a resource provider; error: Placement Client Error (4xx): {"errors": [{"status": 404, "title": "Not Found", "detail": "The resource could not be found.\n\n No resource provider with uuid 3e797824-93d1-41fe-ae1c-da58448c698a found for delete ", "request_id": "req-dd187ea2-7921-418c-bf08-4cc98a34ce41"}]} [pid: 8|app: 0|req: 726/1433] 10.0.0.2 () {32 vars in 724 bytes} [Mon Jul 6 06:50:36 2026] DELETE /v2.0/networks/3a29ee79-ecad-4d4c-a2c1-48786ef7b913 => generated 0 bytes in 704 msecs (HTTP/1.1 204) 3 headers in 131 bytes (1 switches on core 0) [pid: 7|app: 0|req: 708/1434] 10.0.0.2 () {32 vars in 722 bytes} [Mon Jul 6 06:50:36 2026] DELETE /v2.0/routers/fae94d48-32c3-4062-9f60-42a39548ff47 => generated 0 bytes in 232 msecs (HTTP/1.1 204) 2 headers in 112 bytes (1 switches on core 0)
2026-07-06 06:50:37.014 8 INFO neutron.db.segments_db [None req-64a0fcdd-2b00-41bf-984d-de8dd6872265 46a2cb84882f4b5abc4999ed1ef80c8d 1fab89c085614312897be0444a7ff500 - - default default] Added segment 740964c2-00a9-446b-a25e-058e9fe80ad7 of type geneve for network b736f08b-5d0d-4472-9f33-f65c2a2e2a44 [pid: 7|app: 0|req: 709/1435] 10.0.0.2 () {32 vars in 722 bytes} [Mon Jul 6 06:50:36 2026] DELETE /v2.0/subnets/8f56b7be-a56d-48f9-8f5c-edf1e0834b5d => generated 0 bytes in 131 msecs (HTTP/1.1 204) 3 headers in 131 bytes (1 switches on core 0)
2026-07-06 06:50:37.169 8 INFO neutron.db.ovn_revision_numbers_db [None req-64a0fcdd-2b00-41bf-984d-de8dd6872265 46a2cb84882f4b5abc4999ed1ef80c8d 1fab89c085614312897be0444a7ff500 - - default default] Successfully bumped revision number for resource b736f08b-5d0d-4472-9f33-f65c2a2e2a44 (type: networks) to 1
2026-07-06 06:50:37.233 7 INFO neutron_taas.services.taas.taas_plugin [None req-04e68e31-9e67-4bc8-860e-922883411efc 2b2aab201f0a4d7cb7d89df331626c23 2a4dacc78037464b9a762c477bd08ae1 - - default default] TaaS: Handle Delete Port: 71872342-c486-48e1-9342-968c15f807fc
2026-07-06 06:50:37.236 7 INFO neutron_taas.services.taas.tap_mirror_plugin [None req-04e68e31-9e67-4bc8-860e-922883411efc 2b2aab201f0a4d7cb7d89df331626c23 2a4dacc78037464b9a762c477bd08ae1 - - default default] Tap Mirror: Handle Delete Port: 71872342-c486-48e1-9342-968c15f807fc
2026-07-06 06:50:37.378 8 WARNING neutron.scheduler.dhcp_agent_scheduler [None req-64a0fcdd-2b00-41bf-984d-de8dd6872265 46a2cb84882f4b5abc4999ed1ef80c8d 1fab89c085614312897be0444a7ff500 - - default default] No more DHCP agents
2026-07-06 06:50:37.383 8 WARNING neutron.api.rpc.agentnotifiers.dhcp_rpc_agent_api [None req-64a0fcdd-2b00-41bf-984d-de8dd6872265 46a2cb84882f4b5abc4999ed1ef80c8d 1fab89c085614312897be0444a7ff500 - - default default] Unable to schedule network b736f08b-5d0d-4472-9f33-f65c2a2e2a44: no agents available; will retry on subsequent port and subnet creation events.
2026-07-06 06:50:37.464 7 INFO neutron.services.segments.plugin [-] Segment 4a187f74-b452-474a-ac95-b3e048e20db9 resource provider aggregate not found
2026-07-06 06:50:37.465 7 INFO neutron.services.segments.plugin [-] Segment 4a187f74-b452-474a-ac95-b3e048e20db9 resource provider aggregate not found
2026-07-06 06:50:37.500 7 INFO neutron.services.segments.plugin [-] Client error retrieving segment 4a187f74-b452-474a-ac95-b3e048e20db9 resource provider; error: Placement Client Error (4xx): {"errors": [{"status": 404, "title": "Not Found", "detail": "The resource could not be found.\n\n No resource provider with uuid 4a187f74-b452-474a-ac95-b3e048e20db9 found for delete ", "request_id": "req-82eb7b2e-e665-479a-8a7f-d6886e8c1b4e"}]}
2026-07-06 06:50:37.503 7 INFO neutron.services.segments.plugin [-] Client error retrieving segment 4a187f74-b452-474a-ac95-b3e048e20db9 resource provider; error: Placement Client Error (4xx): {"errors": [{"status": 404, "title": "Not Found", "detail": "The resource could not be found.\n\n No resource provider with uuid 4a187f74-b452-474a-ac95-b3e048e20db9 found for delete ", "request_id": "req-e9960a16-cf99-491a-8e39-1a8eebcade8c"}]}
2026-07-06 06:50:37.510 8 INFO neutron.db.ovn_revision_numbers_db [None req-64a0fcdd-2b00-41bf-984d-de8dd6872265 46a2cb84882f4b5abc4999ed1ef80c8d 1fab89c085614312897be0444a7ff500 - - default default] Successfully bumped revision number for resource 65d64990-0e07-4763-9008-dd32a2b37404 (type: ports) to 1 [pid: 8|app: 0|req: 727/1436] 10.0.0.2 () {34 vars in 668 bytes} [Mon Jul 6 06:50:36 2026] POST /v2.0/networks => generated 730 bytes in 619 msecs (HTTP/1.1 201) 4 headers in 162 bytes (1 switches on core 0) [pid: 7|app: 0|req: 710/1437] 10.0.0.2 () {32 vars in 724 bytes} [Mon Jul 6 06:50:37 2026] DELETE /v2.0/networks/f4d38825-c6bf-47f2-98c7-533ec2aabc49 => generated 0 bytes in 487 msecs (HTTP/1.1 204) 3 headers in 131 bytes (1 switches on core 0)
2026-07-06 06:50:37.683 7 INFO neutron.db.segments_db [None req-22e22f41-febc-4332-85f7-91ca76c57690 2b2aab201f0a4d7cb7d89df331626c23 2a4dacc78037464b9a762c477bd08ae1 - - default default] Added segment 6fae08d6-8e51-4dcd-9ed1-f7679536bf17 of type geneve for network 0e578fd3-e3f9-4d6d-9db7-2565ee5d3ea4
2026-07-06 06:50:37.772 8 WARNING neutron.scheduler.dhcp_agent_scheduler [None req-f37821eb-3b82-4f76-b8ef-4f57a0523610 46a2cb84882f4b5abc4999ed1ef80c8d 1fab89c085614312897be0444a7ff500 - - default default] No more DHCP agents
2026-07-06 06:50:37.774 8 WARNING neutron.api.rpc.agentnotifiers.dhcp_rpc_agent_api [None req-f37821eb-3b82-4f76-b8ef-4f57a0523610 46a2cb84882f4b5abc4999ed1ef80c8d 1fab89c085614312897be0444a7ff500 - - default default] Unable to schedule network b736f08b-5d0d-4472-9f33-f65c2a2e2a44: no agents available; will retry on subsequent port and subnet creation events.
2026-07-06 06:50:37.850 7 INFO neutron.db.ovn_revision_numbers_db [None req-22e22f41-febc-4332-85f7-91ca76c57690 2b2aab201f0a4d7cb7d89df331626c23 2a4dacc78037464b9a762c477bd08ae1 - - default default] Successfully bumped revision number for resource 0e578fd3-e3f9-4d6d-9db7-2565ee5d3ea4 (type: networks) to 1
2026-07-06 06:50:38.018 7 WARNING neutron.scheduler.dhcp_agent_scheduler [None req-22e22f41-febc-4332-85f7-91ca76c57690 2b2aab201f0a4d7cb7d89df331626c23 2a4dacc78037464b9a762c477bd08ae1 - - default default] No more DHCP agents
2026-07-06 06:50:38.019 7 WARNING neutron.api.rpc.agentnotifiers.dhcp_rpc_agent_api [None req-22e22f41-febc-4332-85f7-91ca76c57690 2b2aab201f0a4d7cb7d89df331626c23 2a4dacc78037464b9a762c477bd08ae1 - - default default] Unable to schedule network 0e578fd3-e3f9-4d6d-9db7-2565ee5d3ea4: no agents available; will retry on subsequent port and subnet creation events.
2026-07-06 06:50:38.116 7 INFO neutron.db.ovn_revision_numbers_db [None req-22e22f41-febc-4332-85f7-91ca76c57690 2b2aab201f0a4d7cb7d89df331626c23 2a4dacc78037464b9a762c477bd08ae1 - - default default] Successfully bumped revision number for resource 965b105c-2db8-42ba-91c7-d9ddfbe0eef0 (type: ports) to 1 [pid: 7|app: 0|req: 711/1438] 10.0.0.2 () {34 vars in 668 bytes} [Mon Jul 6 06:50:37 2026] POST /v2.0/networks => generated 634 bytes in 537 msecs (HTTP/1.1 201) 4 headers in 162 bytes (1 switches on core 0) [pid: 7|app: 0|req: 712/1439] 10.0.0.2 () {32 vars in 651 bytes} [Mon Jul 6 06:50:38 2026] GET /v2.0/extensions => generated 20118 bytes in 167 msecs (HTTP/1.1 200) 4 headers in 159 bytes (1 switches on core 0)
2026-07-06 06:50:38.304 8 INFO neutron.db.ovn_revision_numbers_db [None req-ddaeff9e-e988-4dad-a21b-38cfde3a2244 - - - - - -] Successfully bumped revision number for resource 65d64990-0e07-4763-9008-dd32a2b37404 (type: ports) to 2
2026-07-06 06:50:38.327 8 INFO neutron.db.ovn_revision_numbers_db [None req-ddaeff9e-e988-4dad-a21b-38cfde3a2244 - - - - - -] Successfully bumped revision number for resource ea0def63-5016-474f-897f-cb3e1c63a822 (type: subnets) to 0 [pid: 8|app: 0|req: 728/1440] 10.0.0.2 () {34 vars in 667 bytes} [Mon Jul 6 06:50:37 2026] POST /v2.0/subnets => generated 647 bytes in 806 msecs (HTTP/1.1 201) 4 headers in 162 bytes (1 switches on core 0) [pid: 8|app: 0|req: 729/1441] 10.0.0.2 () {32 vars in 679 bytes} [Mon Jul 6 06:50:38 2026] GET /v2.0/extensions/address-group => generated 159 bytes in 5 msecs (HTTP/1.1 200) 4 headers in 157 bytes (1 switches on core 0)
2026-07-06 06:50:38.354 8 WARNING neutron.api.v2.base [None req-7ecc42de-917d-46df-87ff-645d7171a7c7 46a2cb84882f4b5abc4999ed1ef80c8d 1fab89c085614312897be0444a7ff500 - - default default] An exception happened while processing the request body. The exception message is [Invalid input for target_tenant. Reason: '1234123412341234123412341234123412341234123412341234123412341234123412341234123412341234123412341234123412341234123412341234123412341234123412341234123412341234123412341234123412341234123412341234123412341234123412341234123412341234123412341234123412341234123412341234123412341234123412341234123412341234123412341234123412341234123412341234123412341234123412341234123412341234123412341234123412341234' exceeds maximum length of 255.].: webob.exc.HTTPBadRequest: Invalid input for target_tenant. Reason: '1234123412341234123412341234123412341234123412341234123412341234123412341234123412341234123412341234123412341234123412341234123412341234123412341234123412341234123412341234123412341234123412341234123412341234123412341234123412341234123412341234123412341234123412341234123412341234123412341234123412341234123412341234123412341234123412341234123412341234123412341234123412341234123412341234123412341234' exceeds maximum length of 255.
2026-07-06 06:50:38.354 8 INFO neutron.api.v2.resource [None req-7ecc42de-917d-46df-87ff-645d7171a7c7 46a2cb84882f4b5abc4999ed1ef80c8d 1fab89c085614312897be0444a7ff500 - - default default] create failed (client error): Invalid input for target_tenant. Reason: '1234123412341234123412341234123412341234123412341234123412341234123412341234123412341234123412341234123412341234123412341234123412341234123412341234123412341234123412341234123412341234123412341234123412341234123412341234123412341234123412341234123412341234123412341234123412341234123412341234123412341234123412341234123412341234123412341234123412341234123412341234123412341234123412341234123412341234' exceeds maximum length of 255. [pid: 8|app: 0|req: 730/1442] 10.0.0.2 () {34 vars in 679 bytes} [Mon Jul 6 06:50:38 2026] POST /v2.0/rbac-policies => generated 547 bytes in 5 msecs (HTTP/1.1 400) 4 headers in 166 bytes (1 switches on core 0) [pid: 8|app: 0|req: 731/1443] 10.0.0.2 () {32 vars in 679 bytes} [Mon Jul 6 06:50:38 2026] GET /v2.0/extensions/address-scope => generated 163 bytes in 3 msecs (HTTP/1.1 200) 4 headers in 157 bytes (1 switches on core 0)
2026-07-06 06:50:38.466 8 INFO neutron_taas.services.taas.taas_plugin [None req-cf29b0c4-fb31-4592-adf5-8749700ce359 46a2cb84882f4b5abc4999ed1ef80c8d 1fab89c085614312897be0444a7ff500 - - default default] TaaS: Handle Delete Port: 65d64990-0e07-4763-9008-dd32a2b37404
2026-07-06 06:50:38.470 8 INFO neutron_taas.services.taas.tap_mirror_plugin [None req-cf29b0c4-fb31-4592-adf5-8749700ce359 46a2cb84882f4b5abc4999ed1ef80c8d 1fab89c085614312897be0444a7ff500 - - default default] Tap Mirror: Handle Delete Port: 65d64990-0e07-4763-9008-dd32a2b37404
2026-07-06 06:50:38.475 7 WARNING neutron.scheduler.dhcp_agent_scheduler [None req-7220c868-c364-480c-a040-654994287385 2b2aab201f0a4d7cb7d89df331626c23 2a4dacc78037464b9a762c477bd08ae1 - - default default] No more DHCP agents
2026-07-06 06:50:38.476 7 WARNING neutron.api.rpc.agentnotifiers.dhcp_rpc_agent_api [None req-7220c868-c364-480c-a040-654994287385 2b2aab201f0a4d7cb7d89df331626c23 2a4dacc78037464b9a762c477bd08ae1 - - default default] Unable to schedule network 0e578fd3-e3f9-4d6d-9db7-2565ee5d3ea4: no agents available; will retry on subsequent port and subnet creation events.
2026-07-06 06:50:38.528 7 INFO neutron.db.ovn_revision_numbers_db [None req-7220c868-c364-480c-a040-654994287385 2b2aab201f0a4d7cb7d89df331626c23 2a4dacc78037464b9a762c477bd08ae1 - - default default] Successfully bumped revision number for resource a6c35ae6-1b35-4710-9dbe-6c39bacbe804 (type: subnets) to 0 [pid: 7|app: 0|req: 713/1444] 10.0.0.2 () {34 vars in 667 bytes} [Mon Jul 6 06:50:38 2026] POST /v2.0/subnets => generated 646 bytes in 239 msecs (HTTP/1.1 201) 4 headers in 162 bytes (1 switches on core 0) [pid: 7|app: 0|req: 714/1445] 10.0.0.2 () {32 vars in 663 bytes} [Mon Jul 6 06:50:38 2026] GET /v2.0/extensions/agent => generated 153 bytes in 4 msecs (HTTP/1.1 200) 4 headers in 157 bytes (1 switches on core 0)
2026-07-06 06:50:38.629 7 WARNING neutron.plugins.ml2.drivers.ovn.mech_driver.ovsdb.ovn_client [None req-4095d84b-0879-4ebb-a505-ccf237f34753 - - - - - -] No port found with ID b092a3d3-19bd-4db1-95ba-58a55519cdf4: RuntimeError: No port found with ID b092a3d3-19bd-4db1-95ba-58a55519cdf4
2026-07-06 06:50:38.666 7 INFO neutron.plugins.ml2.drivers.ovn.mech_driver.mech_driver [None req-4095d84b-0879-4ebb-a505-ccf237f34753 - - - - - -] OVN reports status down for port: 625980f2-7c82-406b-ae37-03ea53fcaf95
2026-07-06 06:50:38.741 7 INFO neutron.plugins.ml2.drivers.ovn.mech_driver.mech_driver [None req-4095d84b-0879-4ebb-a505-ccf237f34753 - - - - - -] OVN reports status down for port: 65d64990-0e07-4763-9008-dd32a2b37404
2026-07-06 06:50:38.755 7 INFO neutron.plugins.ml2.drivers.ovn.mech_driver.mech_driver [None req-4095d84b-0879-4ebb-a505-ccf237f34753 - - - - - -] OVN reports status down for port: 965b105c-2db8-42ba-91c7-d9ddfbe0eef0 [pid: 8|app: 0|req: 732/1446] 10.0.0.2 () {32 vars in 724 bytes} [Mon Jul 6 06:50:38 2026] DELETE /v2.0/networks/b736f08b-5d0d-4472-9f33-f65c2a2e2a44 => generated 0 bytes in 479 msecs (HTTP/1.1 204) 3 headers in 131 bytes (1 switches on core 0)
2026-07-06 06:50:38.871 8 INFO neutron.services.segments.plugin [-] Segment 740964c2-00a9-446b-a25e-058e9fe80ad7 resource provider aggregate not found
2026-07-06 06:50:38.895 8 INFO neutron.services.segments.plugin [-] Client error retrieving segment 740964c2-00a9-446b-a25e-058e9fe80ad7 resource provider; error: Placement Client Error (4xx): {"errors": [{"status": 404, "title": "Not Found", "detail": "The resource could not be found.\n\n No resource provider with uuid 740964c2-00a9-446b-a25e-058e9fe80ad7 found for delete ", "request_id": "req-80f9e35f-3128-4c43-a2b8-ea7fea484538"}]}
2026-07-06 06:50:38.896 8 INFO neutron.services.segments.plugin [-] Segment 740964c2-00a9-446b-a25e-058e9fe80ad7 resource provider aggregate not found
2026-07-06 06:50:38.920 8 INFO neutron.services.segments.plugin [-] Client error retrieving segment 740964c2-00a9-446b-a25e-058e9fe80ad7 resource provider; error: Placement Client Error (4xx): {"errors": [{"status": 404, "title": "Not Found", "detail": "The resource could not be found.\n\n No resource provider with uuid 740964c2-00a9-446b-a25e-058e9fe80ad7 found for delete ", "request_id": "req-f39fbf1f-683d-4e43-ae21-5b815cffb06d"}]}
2026-07-06 06:50:38.945 7 INFO neutron.db.ovn_revision_numbers_db [None req-9c8b9733-58eb-4a79-8f5d-b8adcc821255 f2c342b306494241813411bddb3775e6 2b2a4f8239704191ac8bf44add26b95c - - default default] Successfully bumped revision number for resource 9d631909-e2e7-4233-ae8c-41fc2f855a7d (type: security_groups) to 1
2026-07-06 06:50:38.954 7 INFO neutron.db.ovn_revision_numbers_db [None req-9c8b9733-58eb-4a79-8f5d-b8adcc821255 f2c342b306494241813411bddb3775e6 2b2a4f8239704191ac8bf44add26b95c - - default default] Successfully bumped revision number for resource 21a74925-d1c1-4cfe-a3c4-9b1c2ea16f79 (type: security_group_rules) to 0
2026-07-06 06:50:38.966 7 INFO neutron.db.ovn_revision_numbers_db [None req-9c8b9733-58eb-4a79-8f5d-b8adcc821255 f2c342b306494241813411bddb3775e6 2b2a4f8239704191ac8bf44add26b95c - - default default] Successfully bumped revision number for resource 28d77245-98a8-4b3f-a965-16b0469ec137 (type: security_group_rules) to 0
2026-07-06 06:50:38.978 7 INFO neutron.db.ovn_revision_numbers_db [None req-9c8b9733-58eb-4a79-8f5d-b8adcc821255 f2c342b306494241813411bddb3775e6 2b2a4f8239704191ac8bf44add26b95c - - default default] Successfully bumped revision number for resource 3337b4d5-91e8-49a4-bbe2-ebf8beeb8abc (type: security_group_rules) to 0
2026-07-06 06:50:38.995 7 INFO neutron.db.ovn_revision_numbers_db [None req-9c8b9733-58eb-4a79-8f5d-b8adcc821255 f2c342b306494241813411bddb3775e6 2b2a4f8239704191ac8bf44add26b95c - - default default] Successfully bumped revision number for resource 9bc11bc0-22cf-41bc-afdd-e9b6105f3ac1 (type: security_group_rules) to 0
2026-07-06 06:50:39.024 8 INFO neutron.db.ovn_revision_numbers_db [None req-2ea9d20f-f860-420b-9c38-0844c12eff35 2b2aab201f0a4d7cb7d89df331626c23 2a4dacc78037464b9a762c477bd08ae1 - - default default] Successfully bumped revision number for resource 20078ed3-c13c-421d-b3ae-d5ea7add4e17 (type: routers) to 1 [pid: 8|app: 0|req: 733/1447] 10.0.0.2 () {34 vars in 667 bytes} [Mon Jul 6 06:50:38 2026] POST /v2.0/routers => generated 607 bytes in 200 msecs (HTTP/1.1 201) 4 headers in 162 bytes (1 switches on core 0) [pid: 8|app: 0|req: 734/1448] 10.0.0.2 () {32 vars in 695 bytes} [Mon Jul 6 06:50:39 2026] GET /v2.0/extensions/allowed-address-pairs => generated 184 bytes in 4 msecs (HTTP/1.1 200) 4 headers in 157 bytes (1 switches on core 0)
2026-07-06 06:50:39.099 7 INFO neutron.db.segments_db [None req-9c8b9733-58eb-4a79-8f5d-b8adcc821255 f2c342b306494241813411bddb3775e6 2b2a4f8239704191ac8bf44add26b95c - - default default] Added segment 339ada20-24d7-4e32-a115-66525e5012e5 of type geneve for network 2a7492a2-fc1a-47fd-99a1-066f776543a8
2026-07-06 06:50:39.131 8 INFO neutron.db.segments_db [None req-634ce94f-fedc-4606-8fb4-e1c72010eaa4 46a2cb84882f4b5abc4999ed1ef80c8d 1fab89c085614312897be0444a7ff500 - - default default] Added segment d94d86a5-d0f7-41b6-b516-dc0b272a94c2 of type geneve for network 629c2092-2308-490a-9a1a-4eb6c0b684f5
2026-07-06 06:50:39.192 7 INFO neutron.db.segments_db [None req-9c8b9733-58eb-4a79-8f5d-b8adcc821255 f2c342b306494241813411bddb3775e6 2b2a4f8239704191ac8bf44add26b95c - - default default] Added segment e8f5ccb5-c448-4f20-b5f0-65b415269be9 of type geneve for network bc066f03-5d0b-4616-a980-1dc8e3f2885f
2026-07-06 06:50:39.253 8 INFO neutron.db.ovn_revision_numbers_db [None req-634ce94f-fedc-4606-8fb4-e1c72010eaa4 46a2cb84882f4b5abc4999ed1ef80c8d 1fab89c085614312897be0444a7ff500 - - default default] Successfully bumped revision number for resource 629c2092-2308-490a-9a1a-4eb6c0b684f5 (type: networks) to 1
2026-07-06 06:50:39.339 7 INFO neutron.db.ovn_revision_numbers_db [None req-9c8b9733-58eb-4a79-8f5d-b8adcc821255 f2c342b306494241813411bddb3775e6 2b2a4f8239704191ac8bf44add26b95c - - default default] Successfully bumped revision number for resource 2a7492a2-fc1a-47fd-99a1-066f776543a8 (type: networks) to 1
2026-07-06 06:50:39.415 8 WARNING neutron.scheduler.dhcp_agent_scheduler [None req-634ce94f-fedc-4606-8fb4-e1c72010eaa4 46a2cb84882f4b5abc4999ed1ef80c8d 1fab89c085614312897be0444a7ff500 - - default default] No more DHCP agents
2026-07-06 06:50:39.416 8 WARNING neutron.api.rpc.agentnotifiers.dhcp_rpc_agent_api [None req-634ce94f-fedc-4606-8fb4-e1c72010eaa4 46a2cb84882f4b5abc4999ed1ef80c8d 1fab89c085614312897be0444a7ff500 - - default default] Unable to schedule network 629c2092-2308-490a-9a1a-4eb6c0b684f5: no agents available; will retry on subsequent port and subnet creation events.
2026-07-06 06:50:39.520 7 INFO neutron.plugins.ml2.drivers.ovn.mech_driver.mech_driver [None req-4095d84b-0879-4ebb-a505-ccf237f34753 - - - - - -] OVN reports status down for port: 35ddd068-5327-4159-8f71-3358a7517d4d
2026-07-06 06:50:39.524 8 INFO neutron.db.ovn_revision_numbers_db [None req-634ce94f-fedc-4606-8fb4-e1c72010eaa4 46a2cb84882f4b5abc4999ed1ef80c8d 1fab89c085614312897be0444a7ff500 - - default default] Successfully bumped revision number for resource 35ddd068-5327-4159-8f71-3358a7517d4d (type: ports) to 1 [pid: 8|app: 0|req: 735/1449] 10.0.0.2 () {34 vars in 668 bytes} [Mon Jul 6 06:50:39 2026] POST /v2.0/networks => generated 729 bytes in 499 msecs (HTTP/1.1 201) 4 headers in 162 bytes (1 switches on core 0)
2026-07-06 06:50:39.545 7 WARNING neutron.scheduler.dhcp_agent_scheduler [None req-9c8b9733-58eb-4a79-8f5d-b8adcc821255 f2c342b306494241813411bddb3775e6 2b2a4f8239704191ac8bf44add26b95c - - default default] No more DHCP agents
2026-07-06 06:50:39.555 7 WARNING neutron.api.rpc.agentnotifiers.dhcp_rpc_agent_api [None req-9c8b9733-58eb-4a79-8f5d-b8adcc821255 f2c342b306494241813411bddb3775e6 2b2a4f8239704191ac8bf44add26b95c - - default default] Unable to schedule network 2a7492a2-fc1a-47fd-99a1-066f776543a8: no agents available; will retry on subsequent port and subnet creation events.
2026-07-06 06:50:39.680 7 INFO neutron.plugins.ml2.drivers.ovn.mech_driver.mech_driver [None req-4095d84b-0879-4ebb-a505-ccf237f34753 - - - - - -] OVN reports status down for port: ede744bc-7221-4049-955e-73cba105421a
2026-07-06 06:50:39.734 7 INFO neutron.db.ovn_revision_numbers_db [None req-9c8b9733-58eb-4a79-8f5d-b8adcc821255 f2c342b306494241813411bddb3775e6 2b2a4f8239704191ac8bf44add26b95c - - default default] Successfully bumped revision number for resource ede744bc-7221-4049-955e-73cba105421a (type: ports) to 1
2026-07-06 06:50:39.856 7 INFO neutron.db.ovn_revision_numbers_db [None req-9c8b9733-58eb-4a79-8f5d-b8adcc821255 f2c342b306494241813411bddb3775e6 2b2a4f8239704191ac8bf44add26b95c - - default default] Successfully bumped revision number for resource bc066f03-5d0b-4616-a980-1dc8e3f2885f (type: networks) to 1
2026-07-06 06:50:39.975 8 WARNING neutron.scheduler.dhcp_agent_scheduler [None req-1f5d2a40-2ccf-465c-b1cd-069f3ffe8c7e 2b2aab201f0a4d7cb7d89df331626c23 2a4dacc78037464b9a762c477bd08ae1 - - default default] No more DHCP agents
2026-07-06 06:50:39.976 8 WARNING neutron.api.rpc.agentnotifiers.dhcp_rpc_agent_api [None req-1f5d2a40-2ccf-465c-b1cd-069f3ffe8c7e 2b2aab201f0a4d7cb7d89df331626c23 2a4dacc78037464b9a762c477bd08ae1 - - default default] Unable to schedule network 0e578fd3-e3f9-4d6d-9db7-2565ee5d3ea4: no agents available; will retry on subsequent port and subnet creation events.
2026-07-06 06:50:40.006 7 WARNING neutron.scheduler.dhcp_agent_scheduler [None req-9c8b9733-58eb-4a79-8f5d-b8adcc821255 f2c342b306494241813411bddb3775e6 2b2a4f8239704191ac8bf44add26b95c - - default default] No more DHCP agents
2026-07-06 06:50:40.007 7 WARNING neutron.api.rpc.agentnotifiers.dhcp_rpc_agent_api [None req-9c8b9733-58eb-4a79-8f5d-b8adcc821255 f2c342b306494241813411bddb3775e6 2b2a4f8239704191ac8bf44add26b95c - - default default] Unable to schedule network bc066f03-5d0b-4616-a980-1dc8e3f2885f: no agents available; will retry on subsequent port and subnet creation events.
2026-07-06 06:50:40.061 7 INFO neutron.plugins.ml2.drivers.ovn.mech_driver.mech_driver [None req-4095d84b-0879-4ebb-a505-ccf237f34753 - - - - - -] OVN reports status down for port: 6f83a692-210b-494e-83f5-a8a4c46a3de7
2026-07-06 06:50:40.115 8 INFO neutron.db.ovn_revision_numbers_db [None req-1f5d2a40-2ccf-465c-b1cd-069f3ffe8c7e 2b2aab201f0a4d7cb7d89df331626c23 2a4dacc78037464b9a762c477bd08ae1 - - default default] Successfully bumped revision number for resource 6f83a692-210b-494e-83f5-a8a4c46a3de7 (type: ports) to 1
2026-07-06 06:50:40.184 7 INFO neutron.plugins.ml2.drivers.ovn.mech_driver.mech_driver [None req-4095d84b-0879-4ebb-a505-ccf237f34753 - - - - - -] OVN reports status down for port: a8ddce50-5e29-49f7-bf6b-ec3ffed1bdfe
2026-07-06 06:50:40.216 7 INFO neutron.db.ovn_revision_numbers_db [None req-9c8b9733-58eb-4a79-8f5d-b8adcc821255 f2c342b306494241813411bddb3775e6 2b2a4f8239704191ac8bf44add26b95c - - default default] Successfully bumped revision number for resource a8ddce50-5e29-49f7-bf6b-ec3ffed1bdfe (type: ports) to 1 [pid: 7|app: 0|req: 715/1450] 10.0.0.2 () {34 vars in 668 bytes} [Mon Jul 6 06:50:38 2026] POST /v2.0/networks => generated 1244 bytes in 1704 msecs (HTTP/1.1 201) 4 headers in 163 bytes (1 switches on core 0) [pid: 7|app: 0|req: 716/1451] 10.0.0.2 () {32 vars in 699 bytes} [Mon Jul 6 06:50:40 2026] GET /v2.0/extensions/auto-allocated-topology => generated 200 bytes in 7 msecs (HTTP/1.1 200) 4 headers in 157 bytes (1 switches on core 0)
2026-07-06 06:50:40.381 7 WARNING neutron.scheduler.dhcp_agent_scheduler [None req-cbc66171-a419-4673-bea2-1c5d93e944fd 46a2cb84882f4b5abc4999ed1ef80c8d 1fab89c085614312897be0444a7ff500 - - default default] No more DHCP agents
2026-07-06 06:50:40.382 7 WARNING neutron.api.rpc.agentnotifiers.dhcp_rpc_agent_api [None req-cbc66171-a419-4673-bea2-1c5d93e944fd 46a2cb84882f4b5abc4999ed1ef80c8d 1fab89c085614312897be0444a7ff500 - - default default] Unable to schedule network 629c2092-2308-490a-9a1a-4eb6c0b684f5: no agents available; will retry on subsequent port and subnet creation events.
2026-07-06 06:50:40.598 7 INFO neutron.plugins.ml2.drivers.ovn.mech_driver.mech_driver [None req-4095d84b-0879-4ebb-a505-ccf237f34753 - - - - - -] OVN reports status up for port: 6f83a692-210b-494e-83f5-a8a4c46a3de7
2026-07-06 06:50:40.625 7 INFO neutron.plugins.ml2.plugin [None req-4095d84b-0879-4ebb-a505-ccf237f34753 - - - - - -] Attempt 1 to provision port 6f83a692-210b-494e-83f5-a8a4c46a3de7
2026-07-06 06:50:40.662 8 WARNING neutron.scheduler.dhcp_agent_scheduler [None req-1f5d2a40-2ccf-465c-b1cd-069f3ffe8c7e 2b2aab201f0a4d7cb7d89df331626c23 2a4dacc78037464b9a762c477bd08ae1 - - default default] No more DHCP agents
2026-07-06 06:50:40.663 8 WARNING neutron.api.rpc.agentnotifiers.dhcp_rpc_agent_api [None req-1f5d2a40-2ccf-465c-b1cd-069f3ffe8c7e 2b2aab201f0a4d7cb7d89df331626c23 2a4dacc78037464b9a762c477bd08ae1 - - default default] Unable to schedule network 0e578fd3-e3f9-4d6d-9db7-2565ee5d3ea4: no agents available; will retry on subsequent port and subnet creation events.
2026-07-06 06:50:40.871 8 INFO neutron.db.ovn_revision_numbers_db [None req-1f5d2a40-2ccf-465c-b1cd-069f3ffe8c7e 2b2aab201f0a4d7cb7d89df331626c23 2a4dacc78037464b9a762c477bd08ae1 - - default default] Successfully bumped revision number for resource 6f83a692-210b-494e-83f5-a8a4c46a3de7 (type: router_ports) to 1 [pid: 8|app: 0|req: 736/1452] 10.0.0.2 () {34 vars in 781 bytes} [Mon Jul 6 06:50:39 2026] PUT /v2.0/routers/20078ed3-c13c-421d-b3ae-d5ea7add4e17/add_router_interface => generated 309 bytes in 1332 msecs (HTTP/1.1 200) 4 headers in 157 bytes (1 switches on core 0) [pid: 8|app: 0|req: 737/1453] 10.0.0.2 () {32 vars in 647 bytes} [Mon Jul 6 06:50:40 2026] GET /v2.0/networks => generated 1855 bytes in 49 msecs (HTTP/1.1 200) 4 headers in 158 bytes (1 switches on core 0) [pid: 8|app: 0|req: 738/1454] 10.0.0.2 () {32 vars in 687 bytes} [Mon Jul 6 06:50:40 2026] GET /v2.0/extensions/availability_zone => generated 178 bytes in 3 msecs (HTTP/1.1 200) 4 headers in 157 bytes (1 switches on core 0) [pid: 8|app: 0|req: 739/1455] 10.0.0.2 () {32 vars in 715 bytes} [Mon Jul 6 06:50:40 2026] GET /v2.0/ports/6f83a692-210b-494e-83f5-a8a4c46a3de7 => generated 947 bytes in 56 msecs (HTTP/1.1 200) 4 headers in 157 bytes (1 switches on core 0)
2026-07-06 06:50:41.067 8 INFO neutron_taas.services.taas.taas_plugin [None req-119db7b4-aab0-4bd8-ba7d-390a70e900b0 f2c342b306494241813411bddb3775e6 2b2a4f8239704191ac8bf44add26b95c - - default default] TaaS: Handle Delete Port: ede744bc-7221-4049-955e-73cba105421a
2026-07-06 06:50:41.069 8 INFO neutron_taas.services.taas.tap_mirror_plugin [None req-119db7b4-aab0-4bd8-ba7d-390a70e900b0 f2c342b306494241813411bddb3775e6 2b2a4f8239704191ac8bf44add26b95c - - default default] Tap Mirror: Handle Delete Port: ede744bc-7221-4049-955e-73cba105421a
2026-07-06 06:50:41.220 7 INFO neutron.db.ovn_revision_numbers_db [None req-1a73c414-2278-4009-bf17-afeda7f99b8f - - - - - -] Successfully bumped revision number for resource 35ddd068-5327-4159-8f71-3358a7517d4d (type: ports) to 2
2026-07-06 06:50:41.274 8 INFO neutron.services.segments.plugin [-] Segment 339ada20-24d7-4e32-a115-66525e5012e5 resource provider aggregate not found
2026-07-06 06:50:41.280 8 INFO neutron.services.segments.plugin [-] Segment 339ada20-24d7-4e32-a115-66525e5012e5 resource provider aggregate not found
2026-07-06 06:50:41.280 7 INFO neutron.db.ovn_revision_numbers_db [None req-1a73c414-2278-4009-bf17-afeda7f99b8f - - - - - -] Successfully bumped revision number for resource c108e218-1881-4ecb-b8ad-5ffb1ec31503 (type: subnets) to 0
2026-07-06 06:50:41.298 8 INFO neutron.services.segments.plugin [-] Client error retrieving segment 339ada20-24d7-4e32-a115-66525e5012e5 resource provider; error: Placement Client Error (4xx): {"errors": [{"status": 404, "title": "Not Found", "detail": "The resource could not be found.\n\n No resource provider with uuid 339ada20-24d7-4e32-a115-66525e5012e5 found for delete ", "request_id": "req-2abe274a-9c1b-4699-958e-5f4c545c3c21"}]}
2026-07-06 06:50:41.301 8 INFO neutron.services.segments.plugin [-] Client error retrieving segment 339ada20-24d7-4e32-a115-66525e5012e5 resource provider; error: Placement Client Error (4xx): {"errors": [{"status": 404, "title": "Not Found", "detail": "The resource could not be found.\n\n No resource provider with uuid 339ada20-24d7-4e32-a115-66525e5012e5 found for delete ", "request_id": "req-2c8e3bed-7234-4a60-9658-cb3c7f10b88c"}]} [pid: 8|app: 0|req: 740/1456] 10.0.0.2 () {32 vars in 724 bytes} [Mon Jul 6 06:50:40 2026] DELETE /v2.0/networks/2a7492a2-fc1a-47fd-99a1-066f776543a8 => generated 0 bytes in 333 msecs (HTTP/1.1 204) 3 headers in 131 bytes (1 switches on core 0) [pid: 7|app: 0|req: 717/1457] 10.0.0.2 () {34 vars in 667 bytes} [Mon Jul 6 06:50:40 2026] POST /v2.0/subnets => generated 647 bytes in 1062 msecs (HTTP/1.1 201) 4 headers in 162 bytes (1 switches on core 0) [pid: 8|app: 0|req: 741/1458] 10.0.0.2 () {32 vars in 691 bytes} [Mon Jul 6 06:50:41 2026] GET /v2.0/extensions/default-subnetpools => generated 211 bytes in 3 msecs (HTTP/1.1 200) 4 headers in 157 bytes (1 switches on core 0) [pid: 7|app: 0|req: 718/1459] 10.0.0.2 () {32 vars in 715 bytes} [Mon Jul 6 06:50:41 2026] GET /v2.0/ports/6f83a692-210b-494e-83f5-a8a4c46a3de7 => generated 947 bytes in 54 msecs (HTTP/1.1 200) 4 headers in 157 bytes (1 switches on core 0)
2026-07-06 06:50:41.384 7 INFO neutron.db.ovn_revision_numbers_db [None req-4095d84b-0879-4ebb-a505-ccf237f34753 - - - - - -] Successfully bumped revision number for resource 6f83a692-210b-494e-83f5-a8a4c46a3de7 (type: ports) to 2
2026-07-06 06:50:41.426 8 INFO neutron_taas.services.taas.taas_plugin [None req-7e2f28b7-ace8-4e0a-a742-b5b3f87f7e4f f2c342b306494241813411bddb3775e6 2b2a4f8239704191ac8bf44add26b95c - - default default] TaaS: Handle Delete Port: a8ddce50-5e29-49f7-bf6b-ec3ffed1bdfe
2026-07-06 06:50:41.428 8 INFO neutron_taas.services.taas.tap_mirror_plugin [None req-7e2f28b7-ace8-4e0a-a742-b5b3f87f7e4f f2c342b306494241813411bddb3775e6 2b2a4f8239704191ac8bf44add26b95c - - default default] Tap Mirror: Handle Delete Port: a8ddce50-5e29-49f7-bf6b-ec3ffed1bdfe [pid: 7|app: 0|req: 719/1460] 10.0.0.2 () {34 vars in 679 bytes} [Mon Jul 6 06:50:41 2026] POST /v2.0/rbac-policies => generated 324 bytes in 262 msecs (HTTP/1.1 201) 4 headers in 162 bytes (1 switches on core 0) [pid: 7|app: 0|req: 720/1461] 10.0.0.2 () {32 vars in 693 bytes} [Mon Jul 6 06:50:41 2026] GET /v2.0/extensions/dhcp_agent_scheduler => generated 187 bytes in 14 msecs (HTTP/1.1 200) 4 headers in 157 bytes (1 switches on core 0) [pid: 8|app: 0|req: 742/1462] 10.0.0.2 () {32 vars in 724 bytes} [Mon Jul 6 06:50:41 2026] DELETE /v2.0/networks/bc066f03-5d0b-4616-a980-1dc8e3f2885f => generated 0 bytes in 359 msecs (HTTP/1.1 204) 3 headers in 131 bytes (1 switches on core 0) [pid: 8|app: 0|req: 743/1463] 10.0.0.2 () {32 vars in 683 bytes} [Mon Jul 6 06:50:41 2026] GET /v2.0/extensions/dns-integration => generated 172 bytes in 11 msecs (HTTP/1.1 200) 4 headers in 157 bytes (1 switches on core 0) [pid: 8|app: 0|req: 744/1464] 10.0.0.2 () {32 vars in 647 bytes} [Mon Jul 6 06:50:41 2026] GET /v2.0/networks => generated 651 bytes in 37 msecs (HTTP/1.1 200) 4 headers in 157 bytes (1 switches on core 0) [pid: 8|app: 0|req: 745/1465] 10.0.0.2 () {32 vars in 685 bytes} [Mon Jul 6 06:50:41 2026] GET /v2.0/extensions/dns-domain-ports => generated 205 bytes in 5 msecs (HTTP/1.1 200) 4 headers in 157 bytes (1 switches on core 0)
2026-07-06 06:50:41.834 8 INFO neutron.db.segments_db [None req-d265ecff-0c94-413b-9fc9-89de3e6469cf f2c342b306494241813411bddb3775e6 2b2a4f8239704191ac8bf44add26b95c - - default default] Added segment a2f21d22-67dd-43ad-9a1e-1dda6326f36d of type geneve for network 1b92ba5c-5c66-4de1-885f-0e3d1287dbc7
2026-07-06 06:50:41.951 8 INFO neutron.db.ovn_revision_numbers_db [None req-d265ecff-0c94-413b-9fc9-89de3e6469cf f2c342b306494241813411bddb3775e6 2b2a4f8239704191ac8bf44add26b95c - - default default] Successfully bumped revision number for resource 1b92ba5c-5c66-4de1-885f-0e3d1287dbc7 (type: networks) to 1
2026-07-06 06:50:41.973 7 INFO neutron_taas.services.taas.taas_plugin [None req-57d05624-7ccf-4710-b687-705e9dcb425c 2b2aab201f0a4d7cb7d89df331626c23 2a4dacc78037464b9a762c477bd08ae1 - - default default] TaaS: Handle Delete Port: 6f83a692-210b-494e-83f5-a8a4c46a3de7
2026-07-06 06:50:41.976 7 INFO neutron_taas.services.taas.tap_mirror_plugin [None req-57d05624-7ccf-4710-b687-705e9dcb425c 2b2aab201f0a4d7cb7d89df331626c23 2a4dacc78037464b9a762c477bd08ae1 - - default default] Tap Mirror: Handle Delete Port: 6f83a692-210b-494e-83f5-a8a4c46a3de7
2026-07-06 06:50:42.133 8 WARNING neutron.scheduler.dhcp_agent_scheduler [None req-d265ecff-0c94-413b-9fc9-89de3e6469cf f2c342b306494241813411bddb3775e6 2b2a4f8239704191ac8bf44add26b95c - - default default] No more DHCP agents
2026-07-06 06:50:42.135 8 WARNING neutron.api.rpc.agentnotifiers.dhcp_rpc_agent_api [None req-d265ecff-0c94-413b-9fc9-89de3e6469cf f2c342b306494241813411bddb3775e6 2b2a4f8239704191ac8bf44add26b95c - - default default] Unable to schedule network 1b92ba5c-5c66-4de1-885f-0e3d1287dbc7: no agents available; will retry on subsequent port and subnet creation events.
