Jun 22 12:11:19.693913 np0000182467 devstack@neutron-api.service[103481]: DEBUG ovsdbapp.backend.ovs_idl.transaction [None req-faad571c-61c9-48bd-8590-12b4c6e2b7f4 None None] Running txn n=1 command(idx=3): PgAclAddCommand(_result=None, entity=pg_f03d54cf_a12c_4e27_85f5_42d2a0e5d856, direction=to-lport, priority=1002, match=outport == @pg_f03d54cf_a12c_4e27_85f5_42d2a0e5d856 && ip6 && ip6.src == $pg_f03d54cf_a12c_4e27_85f5_42d2a0e5d856_ip6, action=allow-related, log=False, may_exist=True, severity=[], name=[], meter=[], external_ids={'neutron:security_group_rule_id': 'd8130df4-690f-460f-a74c-b518174756e0'}) {{(pid=103481) do_commit /opt/stack/data/venv/lib/python3.12/site-packages/ovsdbapp/backend/ovs_idl/transaction.py:89}}
Jun 22 12:11:19.694458 np0000182467 devstack@neutron-api.service[103481]: DEBUG ovsdbapp.backend.ovs_idl.transaction [None req-faad571c-61c9-48bd-8590-12b4c6e2b7f4 None None] Running txn n=1 command(idx=4): PgAclAddCommand(_result=None, entity=pg_f03d54cf_a12c_4e27_85f5_42d2a0e5d856, direction=from-lport, priority=1002, match=inport == @pg_f03d54cf_a12c_4e27_85f5_42d2a0e5d856 && ip6, action=allow-related, log=False, may_exist=True, severity=[], name=[], meter=[], external_ids={'neutron:security_group_rule_id': 'f030efaf-793c-4c60-bbcb-ee8373915e32'}) {{(pid=103481) do_commit /opt/stack/data/venv/lib/python3.12/site-packages/ovsdbapp/backend/ovs_idl/transaction.py:89}}
Jun 22 12:11:19.748679 np0000182467 devstack@neutron-api.service[103482]: DEBUG neutron.common.ovn.hash_ring_manager [None req-937f6105-a015-46b4-b36f-1c434a01e98e None None] Hash Ring loaded. 4 active nodes. 0 offline nodes {{(pid=103482) _load_hash_ring /opt/stack/neutron/neutron/common/ovn/hash_ring_manager.py:110}}
Jun 22 12:11:19.749077 np0000182467 devstack@neutron-api.service[103479]: DEBUG neutron.common.ovn.hash_ring_manager [None req-61539c13-2f59-4f58-a6e0-49d23c7e7a73 None None] Hash Ring loaded. 4 active nodes. 0 offline nodes {{(pid=103479) _load_hash_ring /opt/stack/neutron/neutron/common/ovn/hash_ring_manager.py:110}}
Jun 22 12:11:19.749223 np0000182467 devstack@neutron-api.service[103481]: DEBUG neutron.common.ovn.hash_ring_manager [None req-faad571c-61c9-48bd-8590-12b4c6e2b7f4 None None] Hash Ring loaded. 4 active nodes. 0 offline nodes {{(pid=103481) _load_hash_ring /opt/stack/neutron/neutron/common/ovn/hash_ring_manager.py:110}}
Jun 22 12:11:19.749223 np0000182467 devstack@neutron-api.service[103481]: DEBUG neutron.plugins.ml2.drivers.ovn.mech_driver.ovsdb.ovsdb_monitor [None req-faad571c-61c9-48bd-8590-12b4c6e2b7f4 None None] Hash Ring: Node a550016a96cf57f3bb086552e5ece3cc (host: np0000182467) handling event "create" for row 0efd5adf-9a96-4ff7-a70c-9bd701283775 (table: ACL) {{(pid=103481) notify /opt/stack/neutron/neutron/plugins/ml2/drivers/ovn/mech_driver/ovsdb/ovsdb_monitor.py:1015}}
Jun 22 12:11:19.749223 np0000182467 devstack@neutron-api.service[103481]: DEBUG neutron.plugins.ml2.drivers.ovn.mech_driver.ovsdb.ovsdb_monitor [None req-faad571c-61c9-48bd-8590-12b4c6e2b7f4 None None] Hash Ring: Node a550016a96cf57f3bb086552e5ece3cc (host: np0000182467) handling event "create" for row 53a94c9d-7699-4f6a-a3f3-6dc08835c34d (table: ACL) {{(pid=103481) notify /opt/stack/neutron/neutron/plugins/ml2/drivers/ovn/mech_driver/ovsdb/ovsdb_monitor.py:1015}}
Jun 22 12:11:19.749837 np0000182467 devstack@neutron-api.service[103481]: DEBUG neutron.plugins.ml2.drivers.ovn.mech_driver.ovsdb.ovsdb_monitor [None req-faad571c-61c9-48bd-8590-12b4c6e2b7f4 None None] Hash Ring: Node a550016a96cf57f3bb086552e5ece3cc (host: np0000182467) handling event "create" for row b17e10a1-a4a6-4e1c-a42b-3eb3e84e9227 (table: Port_Group) {{(pid=103481) notify /opt/stack/neutron/neutron/plugins/ml2/drivers/ovn/mech_driver/ovsdb/ovsdb_monitor.py:1015}}
Jun 22 12:11:19.750133 np0000182467 devstack@neutron-api.service[103480]: DEBUG neutron.common.ovn.hash_ring_manager [None req-fd9927b8-ab3a-4d46-99e0-4b4cc4bbdc74 None None] Hash Ring loaded. 4 active nodes. 0 offline nodes {{(pid=103480) _load_hash_ring /opt/stack/neutron/neutron/common/ovn/hash_ring_manager.py:110}}
Jun 22 12:11:19.750390 np0000182467 devstack@neutron-api.service[103480]: DEBUG neutron.plugins.ml2.drivers.ovn.mech_driver.ovsdb.ovsdb_monitor [None req-fd9927b8-ab3a-4d46-99e0-4b4cc4bbdc74 None None] Hash Ring: Node d1699d6a448c58d4800cf45ec30cfe5e (host: np0000182467) handling event "create" for row 9ccfc20e-4242-4b7a-a807-fa69e81d9a22 (table: ACL) {{(pid=103480) notify /opt/stack/neutron/neutron/plugins/ml2/drivers/ovn/mech_driver/ovsdb/ovsdb_monitor.py:1015}}
Jun 22 12:11:19.750874 np0000182467 devstack@neutron-api.service[103480]: DEBUG neutron.plugins.ml2.drivers.ovn.mech_driver.ovsdb.ovsdb_monitor [None req-fd9927b8-ab3a-4d46-99e0-4b4cc4bbdc74 None None] Hash Ring: Node d1699d6a448c58d4800cf45ec30cfe5e (host: np0000182467) handling event "create" for row e41b7eb3-fdc1-41a8-8420-d13b4d47e7e1 (table: ACL) {{(pid=103480) notify /opt/stack/neutron/neutron/plugins/ml2/drivers/ovn/mech_driver/ovsdb/ovsdb_monitor.py:1015}}
Jun 22 12:11:19.776544 np0000182467 devstack@neutron-api.service[103481]: INFO neutron.db.ovn_revision_numbers_db [None req-5b830e1e-2d4c-46b8-b5d3-d6215b2b54df admin admin] Successfully bumped revision number for resource f03d54cf-a12c-4e27-85f5-42d2a0e5d856 (type: security_groups) to 1
Jun 22 12:11:19.796299 np0000182467 devstack@neutron-api.service[103481]: INFO neutron.db.ovn_revision_numbers_db [None req-5b830e1e-2d4c-46b8-b5d3-d6215b2b54df admin admin] Successfully bumped revision number for resource 465bb917-a163-4b5c-8d16-566237883883 (type: security_group_rules) to 0
Jun 22 12:11:19.812778 np0000182467 devstack@neutron-api.service[103481]: INFO neutron.db.ovn_revision_numbers_db [None req-5b830e1e-2d4c-46b8-b5d3-d6215b2b54df admin admin] Successfully bumped revision number for resource 8a2d08d2-378b-4332-8387-21ab428f2766 (type: security_group_rules) to 0
Jun 22 12:11:19.826687 np0000182467 devstack@neutron-api.service[103481]: INFO neutron.db.ovn_revision_numbers_db [None req-5b830e1e-2d4c-46b8-b5d3-d6215b2b54df admin admin] Successfully bumped revision number for resource d8130df4-690f-460f-a74c-b518174756e0 (type: security_group_rules) to 0
Jun 22 12:11:19.839926 np0000182467 devstack@neutron-api.service[103481]: INFO neutron.db.ovn_revision_numbers_db [None req-5b830e1e-2d4c-46b8-b5d3-d6215b2b54df admin admin] Successfully bumped revision number for resource f030efaf-793c-4c60-bbcb-ee8373915e32 (type: security_group_rules) to 0
Jun 22 12:11:19.869078 np0000182467 devstack@neutron-api.service[103481]: DEBUG neutron.api.rpc.handlers.resources_rpc [None req-5b830e1e-2d4c-46b8-b5d3-d6215b2b54df admin admin] Pushing event updated for resources: {'SecurityGroup': ['ID=f03d54cf-a12c-4e27-85f5-42d2a0e5d856,revision_number=1']} {{(pid=103481) push /opt/stack/neutron/neutron/api/rpc/handlers/resources_rpc.py:237}}
Jun 22 12:11:19.876560 np0000182467 devstack@neutron-api.service[103481]: DEBUG ovsdbapp.backend.ovs_idl.transaction [None req-faad571c-61c9-48bd-8590-12b4c6e2b7f4 None None] Running txn n=1 command(idx=0): CheckLivenessCommand(_result=None) {{(pid=103481) do_commit /opt/stack/data/venv/lib/python3.12/site-packages/ovsdbapp/backend/ovs_idl/transaction.py:89}}
Jun 22 12:11:19.887997 np0000182467 devstack@neutron-api.service[103482]: DEBUG neutron.plugins.ml2.drivers.ovn.mech_driver.ovsdb.ovsdb_monitor [None req-937f6105-a015-46b4-b36f-1c434a01e98e None None] Hash Ring: Node f73ff7569f315dfea603a1e9d9575142 (host: np0000182467) handling event "update" for row 012774e8-0612-4ffa-83c5-c25fda43cc0f (table: NB_Global) {{(pid=103482) notify /opt/stack/neutron/neutron/plugins/ml2/drivers/ovn/mech_driver/ovsdb/ovsdb_monitor.py:1015}}
Jun 22 12:11:19.888218 np0000182467 devstack@neutron-api.service[103479]: DEBUG neutron.plugins.ml2.drivers.ovn.mech_driver.ovsdb.ovsdb_monitor [None req-d69a70f2-81c0-4f25-bda9-16b8d32b6f7b None None] ChassisAgentWriteEvent : Matched Chassis_Private, update, None None {{(pid=103479) matches /opt/stack/neutron/neutron/plugins/ml2/drivers/ovn/mech_driver/ovsdb/ovsdb_monitor.py:64}}
Jun 22 12:11:19.888986 np0000182467 devstack@neutron-api.service[103481]: DEBUG neutron.api.rpc.callbacks.version_manager [None req-5b830e1e-2d4c-46b8-b5d3-d6215b2b54df admin admin] Tracked resource versions report:
Jun 22 12:11:19.888986 np0000182467 devstack@neutron-api.service[103481]: pushed versions:
Jun 22 12:11:19.888986 np0000182467 devstack@neutron-api.service[103481]: { 'AddressGroup': {'1.2'},
Jun 22 12:11:19.888986 np0000182467 devstack@neutron-api.service[103481]: 'Agent': {'1.1'},
Jun 22 12:11:19.888986 np0000182467 devstack@neutron-api.service[103481]: 'ConntrackHelper': {'1.0'},
Jun 22 12:11:19.888986 np0000182467 devstack@neutron-api.service[103481]: 'LocalIPAssociation': {'1.0'},
Jun 22 12:11:19.888986 np0000182467 devstack@neutron-api.service[103481]: 'Log': {'1.0'},
Jun 22 12:11:19.888986 np0000182467 devstack@neutron-api.service[103481]: 'NDPProxy': {'1.0'},
Jun 22 12:11:19.888986 np0000182467 devstack@neutron-api.service[103481]: 'Network': {'1.3'},
Jun 22 12:11:19.888986 np0000182467 devstack@neutron-api.service[103481]: 'Port': {'1.11'},
Jun 22 12:11:19.888986 np0000182467 devstack@neutron-api.service[103481]: 'PortForwarding': {'1.3'},
Jun 22 12:11:19.888986 np0000182467 devstack@neutron-api.service[103481]: 'QosPolicy': {'1.10'},
Jun 22 12:11:19.888986 np0000182467 devstack@neutron-api.service[103481]: 'SecurityGroup': {'1.6'},
Jun 22 12:11:19.888986 np0000182467 devstack@neutron-api.service[103481]: 'SecurityGroupRule': {'1.3'},
Jun 22 12:11:19.888986 np0000182467 devstack@neutron-api.service[103481]: 'SubPort': {'1.0'},
Jun 22 12:11:19.888986 np0000182467 devstack@neutron-api.service[103481]: 'Subnet': {'1.2'},
Jun 22 12:11:19.888986 np0000182467 devstack@neutron-api.service[103481]: 'Trunk': {'1.1'}}
Jun 22 12:11:19.888986 np0000182467 devstack@neutron-api.service[103481]: consumer versions:
Jun 22 12:11:19.888986 np0000182467 devstack@neutron-api.service[103481]: { OVN Neutron agent@np0000182467: {},
Jun 22 12:11:19.888986 np0000182467 devstack@neutron-api.service[103481]: OVN Controller Gateway agent@np0000182467: {}}
Jun 22 12:11:19.888986 np0000182467 devstack@neutron-api.service[103481]: {{(pid=103481) report /opt/stack/neutron/neutron/api/rpc/callbacks/version_manager.py:183}}
Jun 22 12:11:19.890010 np0000182467 devstack@neutron-api.service[103482]: DEBUG neutron.plugins.ml2.drivers.ovn.mech_driver.ovsdb.ovsdb_monitor [None req-bc3ebb0b-686a-4485-a746-d69d27ef0ff5 None None] ChassisAgentWriteEvent : Matched Chassis_Private, update, None None {{(pid=103482) matches /opt/stack/neutron/neutron/plugins/ml2/drivers/ovn/mech_driver/ovsdb/ovsdb_monitor.py:64}}
Jun 22 12:11:19.893510 np0000182467 devstack@neutron-api.service[103482]: DEBUG neutron.plugins.ml2.drivers.ovn.mech_driver.ovsdb.ovsdb_monitor [None req-937f6105-a015-46b4-b36f-1c434a01e98e None None] Hash Ring: Node f73ff7569f315dfea603a1e9d9575142 (host: np0000182467) handling event "update" for row 012774e8-0612-4ffa-83c5-c25fda43cc0f (table: NB_Global) {{(pid=103482) notify /opt/stack/neutron/neutron/plugins/ml2/drivers/ovn/mech_driver/ovsdb/ovsdb_monitor.py:1015}}
Jun 22 12:11:19.894042 np0000182467 devstack@neutron-api.service[103480]: DEBUG neutron.plugins.ml2.drivers.ovn.mech_driver.ovsdb.ovsdb_monitor [None req-b6c95b79-53e4-4aeb-941c-92553e2f6fad None None] ChassisAgentWriteEvent : Matched Chassis_Private, update, None None {{(pid=103480) matches /opt/stack/neutron/neutron/plugins/ml2/drivers/ovn/mech_driver/ovsdb/ovsdb_monitor.py:64}}
Jun 22 12:11:19.895073 np0000182467 devstack@neutron-api.service[103482]: DEBUG neutron.plugins.ml2.drivers.ovn.mech_driver.ovsdb.ovsdb_monitor [None req-937f6105-a015-46b4-b36f-1c434a01e98e None None] Hash Ring: Node f73ff7569f315dfea603a1e9d9575142 (host: np0000182467) handling event "update" for row 012774e8-0612-4ffa-83c5-c25fda43cc0f (table: NB_Global) {{(pid=103482) notify /opt/stack/neutron/neutron/plugins/ml2/drivers/ovn/mech_driver/ovsdb/ovsdb_monitor.py:1015}}
Jun 22 12:11:19.895960 np0000182467 devstack@neutron-api.service[103481]: DEBUG neutron.plugins.ml2.drivers.ovn.mech_driver.ovsdb.ovsdb_monitor [None req-94edb0cf-fc80-4c8d-8e9b-412272f7c277 None None] ChassisAgentWriteEvent : Matched Chassis_Private, update, None None {{(pid=103481) matches /opt/stack/neutron/neutron/plugins/ml2/drivers/ovn/mech_driver/ovsdb/ovsdb_monitor.py:64}}
Jun 22 12:11:19.897465 np0000182467 devstack@neutron-api.service[103482]: DEBUG neutron.plugins.ml2.drivers.ovn.mech_driver.ovsdb.ovsdb_monitor [None req-937f6105-a015-46b4-b36f-1c434a01e98e None None] Hash Ring: Node f73ff7569f315dfea603a1e9d9575142 (host: np0000182467) handling event "update" for row 012774e8-0612-4ffa-83c5-c25fda43cc0f (table: NB_Global) {{(pid=103482) notify /opt/stack/neutron/neutron/plugins/ml2/drivers/ovn/mech_driver/ovsdb/ovsdb_monitor.py:1015}}
Jun 22 12:11:19.900893 np0000182467 devstack@neutron-api.service[103479]: DEBUG neutron.common.ovn.hash_ring_manager [None req-d69a70f2-81c0-4f25-bda9-16b8d32b6f7b None None] Hash Ring loaded. 4 active nodes. 0 offline nodes {{(pid=103479) _load_hash_ring /opt/stack/neutron/neutron/common/ovn/hash_ring_manager.py:110}}
Jun 22 12:11:19.902007 np0000182467 devstack@neutron-api.service[103482]: DEBUG neutron.common.ovn.hash_ring_manager [None req-bc3ebb0b-686a-4485-a746-d69d27ef0ff5 None None] Hash Ring loaded. 4 active nodes. 0 offline nodes {{(pid=103482) _load_hash_ring /opt/stack/neutron/neutron/common/ovn/hash_ring_manager.py:110}}
Jun 22 12:11:19.903966 np0000182467 devstack@neutron-api.service[103480]: DEBUG neutron.common.ovn.hash_ring_manager [None req-b6c95b79-53e4-4aeb-941c-92553e2f6fad None None] Hash Ring loaded. 4 active nodes. 0 offline nodes {{(pid=103480) _load_hash_ring /opt/stack/neutron/neutron/common/ovn/hash_ring_manager.py:110}}
Jun 22 12:11:19.904116 np0000182467 devstack@neutron-api.service[103480]: DEBUG neutron.plugins.ml2.drivers.ovn.mech_driver.ovsdb.ovsdb_monitor [None req-b6c95b79-53e4-4aeb-941c-92553e2f6fad None None] Hash Ring: Node d1699d6a448c58d4800cf45ec30cfe5e (host: np0000182467) handling event "update" for row 2385a374-2d9f-49ee-95f3-fe06c920e8c0 (table: Chassis_Private) {{(pid=103480) notify /opt/stack/neutron/neutron/plugins/ml2/drivers/ovn/mech_driver/ovsdb/ovsdb_monitor.py:1015}}
Jun 22 12:11:19.919453 np0000182467 devstack@neutron-api.service[103481]: DEBUG neutron.common.ovn.hash_ring_manager [None req-94edb0cf-fc80-4c8d-8e9b-412272f7c277 None None] Hash Ring loaded. 4 active nodes. 0 offline nodes {{(pid=103481) _load_hash_ring /opt/stack/neutron/neutron/common/ovn/hash_ring_manager.py:110}}
Jun 22 12:11:19.945252 np0000182467 devstack@neutron-api.service[103481]: DEBUG neutron.plugins.ml2.drivers.helpers [None req-5b830e1e-2d4c-46b8-b5d3-d6215b2b54df admin admin] geneve segment allocate from pool success with {'geneve_vni': 33700} {{(pid=103481) allocate_partially_specified_segment /opt/stack/neutron/neutron/plugins/ml2/drivers/helpers.py:142}}
Jun 22 12:11:19.952934 np0000182467 devstack@neutron-api.service[103481]: DEBUG neutron_lib.callbacks.manager [None req-5b830e1e-2d4c-46b8-b5d3-d6215b2b54df admin admin] Publish callbacks ['neutron.plugins.ml2.plugin.Ml2Plugin._handle_segment_change-4155732'] for segment (51b61cb1-eaa8-4396-b8fc-60c216490aef), precommit_create {{(pid=103481) _notify_loop /opt/stack/data/venv/lib/python3.12/site-packages/neutron_lib/callbacks/manager.py:184}}
Jun 22 12:11:19.953093 np0000182467 devstack@neutron-api.service[103481]: INFO neutron.db.segments_db [None req-5b830e1e-2d4c-46b8-b5d3-d6215b2b54df admin admin] Added segment 51b61cb1-eaa8-4396-b8fc-60c216490aef of type geneve for network 22e0b27a-d930-4c81-a96c-672b8621d011
Jun 22 12:11:19.966322 np0000182467 devstack@neutron-api.service[103481]: DEBUG neutron_lib.callbacks.manager [None req-5b830e1e-2d4c-46b8-b5d3-d6215b2b54df admin admin] Publish callbacks ['neutron.services.auto_allocate.db._ensure_external_network_default_value_callback-7926215496808'] for network (22e0b27a-d930-4c81-a96c-672b8621d011), precommit_create {{(pid=103481) _notify_loop /opt/stack/data/venv/lib/python3.12/site-packages/neutron_lib/callbacks/manager.py:184}}
Jun 22 12:11:19.977065 np0000182467 devstack@neutron-api.service[103481]: DEBUG neutron.plugins.ml2.drivers.ovn.mech_driver.mech_driver [None req-5b830e1e-2d4c-46b8-b5d3-d6215b2b54df admin admin] Validating network segment with type geneve, segmentation ID 33700, physical network None {{(pid=103481) _validate_network_segments /opt/stack/neutron/neutron/plugins/ml2/drivers/ovn/mech_driver/mech_driver.py:646}}
Jun 22 12:11:19.977202 np0000182467 devstack@neutron-api.service[103481]: DEBUG neutron.db.ovn_revision_numbers_db [None req-5b830e1e-2d4c-46b8-b5d3-d6215b2b54df admin admin] create_initial_revision uuid=22e0b27a-d930-4c81-a96c-672b8621d011, type=networks, rev=-1 {{(pid=103481) create_initial_revision /opt/stack/neutron/neutron/db/ovn_revision_numbers_db.py:98}}
Jun 22 12:11:19.986596 np0000182467 devstack@neutron-api.service[103481]: DEBUG neutron_lib.callbacks.manager [None req-5b830e1e-2d4c-46b8-b5d3-d6215b2b54df admin admin] Publish callbacks ['neutron.plugins.ml2.ovo_rpc._ObjectChangeHandler.handle_event-2273083'] for network (22e0b27a-d930-4c81-a96c-672b8621d011), after_create {{(pid=103481) _notify_loop /opt/stack/data/venv/lib/python3.12/site-packages/neutron_lib/callbacks/manager.py:184}}
Jun 22 12:11:20.004472 np0000182467 devstack@neutron-api.service[103481]: DEBUG neutron.api.rpc.handlers.resources_rpc [None req-5b830e1e-2d4c-46b8-b5d3-d6215b2b54df admin admin] Pushing event updated for resources: {'Network': ['ID=22e0b27a-d930-4c81-a96c-672b8621d011,revision_number=1']} {{(pid=103481) push /opt/stack/neutron/neutron/api/rpc/handlers/resources_rpc.py:237}}
Jun 22 12:11:20.014193 np0000182467 devstack@neutron-api.service[103481]: DEBUG ovsdbapp.backend.ovs_idl.transaction [None req-faad571c-61c9-48bd-8590-12b4c6e2b7f4 None None] Running txn n=1 command(idx=0): AddNetworkCommand(_result=None, network_uuid=22e0b27a-d930-4c81-a96c-672b8621d011, may_exist=True, columns={'external_ids': {'neutron:network_name': 'admin_net', 'neutron:mtu': '1372', 'neutron:revision_number': '1', 'neutron:availability_zone_hints': '', 'neutron:provnet-network-type': 'geneve'}, 'other_config': {'mcast_snoop': 'false', 'mcast_flood_unregistered': 'false', 'vlan-passthru': 'false'}}) {{(pid=103481) do_commit /opt/stack/data/venv/lib/python3.12/site-packages/ovsdbapp/backend/ovs_idl/transaction.py:89}}
Jun 22 12:11:20.026142 np0000182467 devstack@neutron-api.service[103482]: DEBUG neutron.plugins.ml2.drivers.ovn.mech_driver.ovsdb.ovsdb_monitor [None req-937f6105-a015-46b4-b36f-1c434a01e98e None None] Hash Ring: Node f73ff7569f315dfea603a1e9d9575142 (host: np0000182467) handling event "create" for row 22e0b27a-d930-4c81-a96c-672b8621d011 (table: Logical_Switch) {{(pid=103482) notify /opt/stack/neutron/neutron/plugins/ml2/drivers/ovn/mech_driver/ovsdb/ovsdb_monitor.py:1015}}
Jun 22 12:11:20.028016 np0000182467 devstack@neutron-api.service[103482]: DEBUG neutron.plugins.ml2.drivers.ovn.mech_driver.ovsdb.ovsdb_monitor [None req-bc3ebb0b-686a-4485-a746-d69d27ef0ff5 None None] Hash Ring: Node f73ff7569f315dfea603a1e9d9575142 (host: np0000182467) handling event "create" for row e06af476-5112-4676-b7db-a3ba8c35d79e (table: Datapath_Binding) {{(pid=103482) notify /opt/stack/neutron/neutron/plugins/ml2/drivers/ovn/mech_driver/ovsdb/ovsdb_monitor.py:1015}}
Jun 22 12:11:20.047541 np0000182467 devstack@neutron-api.service[103481]: INFO neutron.db.ovn_revision_numbers_db [None req-5b830e1e-2d4c-46b8-b5d3-d6215b2b54df admin admin] Successfully bumped revision number for resource 22e0b27a-d930-4c81-a96c-672b8621d011 (type: networks) to 1
Jun 22 12:11:20.061364 np0000182467 devstack@neutron-api.service[103481]: DEBUG neutron_lib.callbacks.manager [None req-5b830e1e-2d4c-46b8-b5d3-d6215b2b54df admin admin] Publish callbacks ['neutron.plugins.ml2.plugin.SecurityGroupDbMixin._ensure_default_security_group_handler-238266'] for port (None), before_create {{(pid=103481) _notify_loop /opt/stack/data/venv/lib/python3.12/site-packages/neutron_lib/callbacks/manager.py:184}}
Jun 22 12:11:20.133590 np0000182467 devstack@neutron-api.service[103481]: DEBUG neutron_lib.callbacks.manager [None req-5b830e1e-2d4c-46b8-b5d3-d6215b2b54df admin admin] Publish callbacks ['neutron.plugins.ml2.drivers.ovn.mech_driver.mech_driver.OVNMechanismDriver._validate_allowed_address_pairs-463898'] for allowed_address_pair (2692e8d4-7166-4861-85b4-29377826e440), before_create {{(pid=103481) _notify_loop /opt/stack/data/venv/lib/python3.12/site-packages/neutron_lib/callbacks/manager.py:184}}
Jun 22 12:11:20.134049 np0000182467 devstack@neutron-api.service[103481]: DEBUG neutron_lib.callbacks.manager [None req-5b830e1e-2d4c-46b8-b5d3-d6215b2b54df admin admin] Publish callbacks [] for port (2692e8d4-7166-4861-85b4-29377826e440), precommit_create {{(pid=103481) _notify_loop /opt/stack/data/venv/lib/python3.12/site-packages/neutron_lib/callbacks/manager.py:184}}
Jun 22 12:11:20.134211 np0000182467 devstack@neutron-api.service[103481]: DEBUG neutron.plugins.ml2.drivers.ovn.mech_driver.mech_driver [None req-5b830e1e-2d4c-46b8-b5d3-d6215b2b54df admin admin] No provisioning block for port 2692e8d4-7166-4861-85b4-29377826e440 since it does not have a host {{(pid=103481) _is_port_provisioning_required /opt/stack/neutron/neutron/plugins/ml2/drivers/ovn/mech_driver/mech_driver.py:899}}
Jun 22 12:11:20.134355 np0000182467 devstack@neutron-api.service[103481]: DEBUG neutron.db.ovn_revision_numbers_db [None req-5b830e1e-2d4c-46b8-b5d3-d6215b2b54df admin admin] create_initial_revision uuid=2692e8d4-7166-4861-85b4-29377826e440, type=ports, rev=-1 {{(pid=103481) create_initial_revision /opt/stack/neutron/neutron/db/ovn_revision_numbers_db.py:98}}
Jun 22 12:11:20.166293 np0000182467 devstack@neutron-api.service[103481]: DEBUG neutron_lib.callbacks.manager [None req-5b830e1e-2d4c-46b8-b5d3-d6215b2b54df admin admin] Publish callbacks ['neutron.plugins.ml2.ovo_rpc._ObjectChangeHandler.handle_event-2272963'] for port (2692e8d4-7166-4861-85b4-29377826e440), after_create {{(pid=103481) _notify_loop /opt/stack/data/venv/lib/python3.12/site-packages/neutron_lib/callbacks/manager.py:184}}
Jun 22 12:11:20.194645 np0000182467 devstack@neutron-api.service[103481]: DEBUG neutron.api.rpc.handlers.resources_rpc [None req-5b830e1e-2d4c-46b8-b5d3-d6215b2b54df admin admin] Pushing event updated for resources: {'Port': ['ID=2692e8d4-7166-4861-85b4-29377826e440,revision_number=1']} {{(pid=103481) push /opt/stack/neutron/neutron/api/rpc/handlers/resources_rpc.py:237}}
Jun 22 12:11:20.200366 np0000182467 devstack@neutron-api.service[103481]: DEBUG neutron.plugins.ml2.drivers.ovn.mech_driver.ovsdb.commands [None req-5b830e1e-2d4c-46b8-b5d3-d6215b2b54df admin admin] Converting tag [] to a tag_request {{(pid=103481) _tag_column_to_tag_request /opt/stack/neutron/neutron/plugins/ml2/drivers/ovn/mech_driver/ovsdb/commands.py:205}}
Jun 22 12:11:20.201481 np0000182467 devstack@neutron-api.service[103481]: DEBUG ovsdbapp.backend.ovs_idl.transaction [None req-faad571c-61c9-48bd-8590-12b4c6e2b7f4 None None] Running txn n=1 command(idx=0): AddLSwitchPortCommand(_result=None, lport=2692e8d4-7166-4861-85b4-29377826e440, lswitch=neutron-22e0b27a-d930-4c81-a96c-672b8621d011, may_exist=True, network_uuid=22e0b27a-d930-4c81-a96c-672b8621d011, columns={'addresses': ['fa:16:3e:ef:b2:61'], 'external_ids': {'neutron:port_name': '', 'neutron:device_id': 'ovnmeta-22e0b27a-d930-4c81-a96c-672b8621d011', 'neutron:project_id': 'd32f5dc6cbc94f3e91f12c8a4c356e03', 'neutron:cidrs': '', 'neutron:device_owner': 'network:distributed', 'neutron:subnet_pool_addr_scope4': '', 'neutron:subnet_pool_addr_scope6': '', 'neutron:network_name': 'neutron-22e0b27a-d930-4c81-a96c-672b8621d011', 'neutron:security_group_ids': '', 'neutron:revision_number': '1', 'neutron:vnic_type': 'normal', 'neutron:port_capabilities': '', 'neutron:mtu': '1372'}, 'parent_name': [], 'enabled': True, 'options': {}, 'type': 'localport', 'port_security': [], 'dhcpv4_options': [], 'dhcpv6_options': [], 'tag_request': []}) {{(pid=103481) do_commit /opt/stack/data/venv/lib/python3.12/site-packages/ovsdbapp/backend/ovs_idl/transaction.py:89}}
Jun 22 12:11:20.202511 np0000182467 devstack@neutron-api.service[103481]: DEBUG ovsdbapp.backend.ovs_idl.transaction [None req-faad571c-61c9-48bd-8590-12b4c6e2b7f4 None None] Running txn n=1 command(idx=1): QoSDelCommand(_result=None, switch=neutron-22e0b27a-d930-4c81-a96c-672b8621d011, conditions=[('direction', '=', 'to-lport'), ('priority', '=', 2002), ('match', '=', 'outport == "2692e8d4-7166-4861-85b4-29377826e440"')], if_exists=True) {{(pid=103481) do_commit /opt/stack/data/venv/lib/python3.12/site-packages/ovsdbapp/backend/ovs_idl/transaction.py:89}}
Jun 22 12:11:20.202861 np0000182467 devstack@neutron-api.service[103481]: DEBUG ovsdbapp.backend.ovs_idl.transaction [None req-faad571c-61c9-48bd-8590-12b4c6e2b7f4 None None] Running txn n=1 command(idx=2): QoSDelCommand(_result=None, switch=neutron-22e0b27a-d930-4c81-a96c-672b8621d011, conditions=[('direction', '=', 'from-lport'), ('priority', '=', 2002), ('match', '=', 'inport == "2692e8d4-7166-4861-85b4-29377826e440"')], if_exists=True) {{(pid=103481) do_commit /opt/stack/data/venv/lib/python3.12/site-packages/ovsdbapp/backend/ovs_idl/transaction.py:89}}
Jun 22 12:11:20.210564 np0000182467 devstack@neutron-api.service[103479]: DEBUG neutron.plugins.ml2.drivers.ovn.mech_driver.ovsdb.ovsdb_monitor [None req-61539c13-2f59-4f58-a6e0-49d23c7e7a73 None None] Hash Ring: Node cf17cb95415e5628a3bdd14082f6ffa6 (host: np0000182467) handling event "create" for row 547c2cb4-731e-4501-bda7-8e976e3b51af (table: Logical_Switch_Port) {{(pid=103479) notify /opt/stack/neutron/neutron/plugins/ml2/drivers/ovn/mech_driver/ovsdb/ovsdb_monitor.py:1015}}
Jun 22 12:11:20.212465 np0000182467 devstack@neutron-api.service[103479]: DEBUG ovsdbapp.backend.ovs_idl.event [None req-61539c13-2f59-4f58-a6e0-49d23c7e7a73 None None] Matched CREATE: LogicalSwitchPortCreateEvent(events=('create',), table='Logical_Switch_Port', conditions=[], old_conditions=None), priority=20 to row=Logical_Switch_Port(uuid=547c2cb4-731e-4501-bda7-8e976e3b51af, addresses=['fa:16:3e:ef:b2:61'], dhcpv4_options=[], dhcpv6_options=[], dynamic_addresses=[], enabled=True, external_ids={'neutron:cidrs': '', 'neutron:device_id': 'ovnmeta-22e0b27a-d930-4c81-a96c-672b8621d011', 'neutron:device_owner': 'network:distributed', 'neutron:mtu': '1372', 'neutron:network_name': 'neutron-22e0b27a-d930-4c81-a96c-672b8621d011', 'neutron:port_capabilities': '', 'neutron:port_name': '', 'neutron:project_id': 'd32f5dc6cbc94f3e91f12c8a4c356e03', 'neutron:revision_number': '1', 'neutron:security_group_ids': '', 'neutron:subnet_pool_addr_scope4': '', 'neutron:subnet_pool_addr_scope6': '', 'neutron:vnic_type': 'normal'}, ha_chassis_group=[], mirror_rules=[], name='2692e8d4-7166-4861-85b4-29377826e440', options={}, parent_name=[], port_security=[], tag=[], tag_request=[], type='localport', up=[]) old= {{(pid=103479) matches /opt/stack/data/venv/lib/python3.12/site-packages/ovsdbapp/backend/ovs_idl/event.py:55}}
Jun 22 12:11:20.215155 np0000182467 devstack@neutron-api.service[103479]: DEBUG neutron.plugins.ml2.drivers.ovn.mech_driver.ovsdb.ovsdb_monitor [None req-61539c13-2f59-4f58-a6e0-49d23c7e7a73 None None] Hash Ring: Node cf17cb95415e5628a3bdd14082f6ffa6 (host: np0000182467) handling event "update" for row 547c2cb4-731e-4501-bda7-8e976e3b51af (table: Logical_Switch_Port) {{(pid=103479) notify /opt/stack/neutron/neutron/plugins/ml2/drivers/ovn/mech_driver/ovsdb/ovsdb_monitor.py:1015}}
Jun 22 12:11:20.215677 np0000182467 devstack@neutron-api.service[103482]: DEBUG neutron.plugins.ml2.drivers.ovn.mech_driver.ovsdb.ovsdb_monitor [None req-937f6105-a015-46b4-b36f-1c434a01e98e None None] Hash Ring: Node f73ff7569f315dfea603a1e9d9575142 (host: np0000182467) handling event "update" for row 22e0b27a-d930-4c81-a96c-672b8621d011 (table: Logical_Switch) {{(pid=103482) notify /opt/stack/neutron/neutron/plugins/ml2/drivers/ovn/mech_driver/ovsdb/ovsdb_monitor.py:1015}}
Jun 22 12:11:20.215826 np0000182467 devstack@neutron-api.service[103479]: INFO neutron.plugins.ml2.drivers.ovn.mech_driver.mech_driver [None req-e10ec431-7e75-4a3a-8680-7dee9abdaf00 None None] OVN reports status down for port: 2692e8d4-7166-4861-85b4-29377826e440
Jun 22 12:11:20.218015 np0000182467 devstack@neutron-api.service[103479]: DEBUG neutron.plugins.ml2.drivers.ovn.mech_driver.ovsdb.ovsdb_monitor [None req-d69a70f2-81c0-4f25-bda9-16b8d32b6f7b None None] Hash Ring: Node cf17cb95415e5628a3bdd14082f6ffa6 (host: np0000182467) handling event "create" for row f7e54799-455e-4dd6-b154-4bc21800dc71 (table: Port_Binding) {{(pid=103479) notify /opt/stack/neutron/neutron/plugins/ml2/drivers/ovn/mech_driver/ovsdb/ovsdb_monitor.py:1015}}
Jun 22 12:11:20.242424 np0000182467 devstack@neutron-api.service[103479]: DEBUG neutron.db.provisioning_blocks [None req-e10ec431-7e75-4a3a-8680-7dee9abdaf00 None None] Transition to ACTIVE for port object 2692e8d4-7166-4861-85b4-29377826e440 will not be triggered until provisioned by entity L2. {{(pid=103479) add_provisioning_component /opt/stack/neutron/neutron/db/provisioning_blocks.py:74}}
Jun 22 12:11:20.243804 np0000182467 devstack@neutron-api.service[103481]: INFO neutron.db.ovn_revision_numbers_db [None req-5b830e1e-2d4c-46b8-b5d3-d6215b2b54df admin admin] Successfully bumped revision number for resource 2692e8d4-7166-4861-85b4-29377826e440 (type: ports) to 1
Jun 22 12:11:20.252595 np0000182467 devstack@neutron-api.service[103481]: DEBUG neutron.pecan_wsgi.hooks.policy_enforcement [None req-5b830e1e-2d4c-46b8-b5d3-d6215b2b54df admin admin] Attributes excluded by policy engine: ['standard_attr_id'] {{(pid=103481) _exclude_attributes_by_policy /opt/stack/neutron/neutron/pecan_wsgi/hooks/policy_enforcement.py:259}}
Jun 22 12:11:20.252888 np0000182467 devstack@neutron-api.service[103481]: DEBUG neutron_lib.callbacks.manager [None req-5b830e1e-2d4c-46b8-b5d3-d6215b2b54df admin admin] Publish callbacks [] for network (None), before_response {{(pid=103481) _notify_loop /opt/stack/data/venv/lib/python3.12/site-packages/neutron_lib/callbacks/manager.py:184}}
Jun 22 12:11:20.267255 np0000182467 devstack@neutron-api.service[103481]: [pid: 103481|app: 0|req: 23/93] 199.204.45.49 () {68 vars in 1351 bytes} [Mon Jun 22 12:11:19 2026] POST /networking/v2.0/networks => generated 683 bytes in 707 msecs (HTTP/1.1 201) 4 headers in 162 bytes (1 switches on core 0)
Jun 22 12:11:20.268967 np0000182467 devstack@neutron-api.service[103479]: DEBUG neutron.plugins.ml2.plugin [None req-e10ec431-7e75-4a3a-8680-7dee9abdaf00 None None] Current status of the port 2692e8d4-7166-4861-85b4-29377826e440 is: DOWN; New status is: DOWN {{(pid=103479) _update_individual_port_db_status /opt/stack/neutron/neutron/plugins/ml2/plugin.py:2473}}
Jun 22 12:11:20.270525 np0000182467 devstack@neutron-api.service[103479]: DEBUG ovsdbapp.backend.ovs_idl.transaction [None req-61539c13-2f59-4f58-a6e0-49d23c7e7a73 None None] Running txn n=1 command(idx=0): DbRemoveCommand(_result=None, table=Logical_Switch_Port, record=2692e8d4-7166-4861-85b4-29377826e440, column=external_ids, values=('neutron:host_id',), keyvalues={}, if_exists=True) {{(pid=103479) do_commit /opt/stack/data/venv/lib/python3.12/site-packages/ovsdbapp/backend/ovs_idl/transaction.py:89}}
Jun 22 12:11:20.485168 np0000182467 devstack@neutron-api.service[103480]: INFO neutron.pecan_wsgi.hooks.translation [None req-b2890b26-ea58-49dd-8ace-a0367d616742 admin admin] GET failed (client error): The resource could not be found.
Jun 22 12:11:20.485758 np0000182467 devstack@neutron-api.service[103480]: [pid: 103480|app: 0|req: 25/94] 199.204.45.49 () {64 vars in 1327 bytes} [Mon Jun 22 12:11:20 2026] GET /networking/v2.0/networks/admin_net => generated 111 bytes in 13 msecs (HTTP/1.1 404) 4 headers in 164 bytes (1 switches on core 0)
Jun 22 12:11:20.532605 np0000182467 devstack@neutron-api.service[103479]: DEBUG neutron.pecan_wsgi.hooks.policy_enforcement [None req-76f8f464-ab70-4ae9-a55f-0e598436ee48 admin admin] Attributes excluded by policy engine: ['standard_attr_id'] {{(pid=103479) _exclude_attributes_by_policy /opt/stack/neutron/neutron/pecan_wsgi/hooks/policy_enforcement.py:259}}
Jun 22 12:11:20.533631 np0000182467 devstack@neutron-api.service[103479]: [pid: 103479|app: 0|req: 24/95] 199.204.45.49 () {64 vars in 1339 bytes} [Mon Jun 22 12:11:20 2026] GET /networking/v2.0/networks?name=admin_net => generated 667 bytes in 37 msecs (HTTP/1.1 200) 4 headers in 157 bytes (1 switches on core 0)
Jun 22 12:11:20.769577 np0000182467 devstack@neutron-api.service[103482]: INFO neutron.pecan_wsgi.hooks.translation [None req-d3fd6cc7-a9ec-4802-8a7a-f76c43e747f0 admin admin] GET failed (client error): The resource could not be found.
Jun 22 12:11:20.770288 np0000182467 devstack@neutron-api.service[103482]: [pid: 103482|app: 0|req: 24/96] 199.204.45.49 () {64 vars in 1333 bytes} [Mon Jun 22 12:11:20 2026] GET /networking/v2.0/subnets/admin_subnet => generated 112 bytes in 14 msecs (HTTP/1.1 404) 4 headers in 164 bytes (1 switches on core 0)
Jun 22 12:11:20.807306 np0000182467 devstack@neutron-api.service[103481]: [pid: 103481|app: 0|req: 24/97] 199.204.45.49 () {64 vars in 1342 bytes} [Mon Jun 22 12:11:20 2026] GET /networking/v2.0/subnets?name=admin_subnet => generated 14 bytes in 25 msecs (HTTP/1.1 200) 4 headers in 156 bytes (1 switches on core 0)
Jun 22 12:11:21.096670 np0000182467 devstack@neutron-api.service[103480]: DEBUG neutron.pecan_wsgi.hooks.policy_enforcement [None req-ff69a679-4840-4067-a612-02e07cc84af1 admin admin] Attributes excluded by policy engine: ['standard_attr_id'] {{(pid=103480) _exclude_attributes_by_policy /opt/stack/neutron/neutron/pecan_wsgi/hooks/policy_enforcement.py:259}}
Jun 22 12:11:21.097756 np0000182467 devstack@neutron-api.service[103480]: [pid: 103480|app: 0|req: 26/98] 199.204.45.49 () {64 vars in 1408 bytes} [Mon Jun 22 12:11:21 2026] GET /networking/v2.0/networks/22e0b27a-d930-4c81-a96c-672b8621d011 => generated 664 bytes in 29 msecs (HTTP/1.1 200) 4 headers in 157 bytes (1 switches on core 0)
Jun 22 12:11:21.119360 np0000182467 devstack@neutron-api.service[103479]: DEBUG neutron.api.v2.base [None req-3e4388e9-aedb-4b07-9069-11229d482d30 admin admin] Request body: {'subnet': {'network_id': '22e0b27a-d930-4c81-a96c-672b8621d011', 'cidr': '10.2.5.0/24', 'name': 'admin_subnet', 'project_id': 'd32f5dc6cbc94f3e91f12c8a4c356e03', 'gateway_ip': None, 'ip_version': 4}} {{(pid=103479) prepare_request_body /opt/stack/neutron/neutron/api/v2/base.py:727}}
Jun 22 12:11:21.139433 np0000182467 devstack@neutron-api.service[103479]: DEBUG neutron.pecan_wsgi.hooks.quota_enforcement [None req-3e4388e9-aedb-4b07-9069-11229d482d30 admin admin] Made reservation on behalf of d32f5dc6cbc94f3e91f12c8a4c356e03 for: {'subnet': 1} {{(pid=103479) before /opt/stack/neutron/neutron/pecan_wsgi/hooks/quota_enforcement.py:66}}
Jun 22 12:11:21.142896 np0000182467 devstack@neutron-api.service[103479]: DEBUG neutron_lib.callbacks.manager [None req-3e4388e9-aedb-4b07-9069-11229d482d30 admin admin] Publish callbacks [] for subnet (None), before_create {{(pid=103479) _notify_loop /opt/stack/data/venv/lib/python3.12/site-packages/neutron_lib/callbacks/manager.py:184}}
Jun 22 12:11:21.210404 np0000182467 devstack@neutron-api.service[103479]: DEBUG neutron.db.ovn_revision_numbers_db [None req-3e4388e9-aedb-4b07-9069-11229d482d30 admin admin] create_initial_revision uuid=98b4bad7-b96a-4e99-aa18-4405e6eb2a08, type=subnets, rev=-1 {{(pid=103479) create_initial_revision /opt/stack/neutron/neutron/db/ovn_revision_numbers_db.py:98}}
Jun 22 12:11:21.216893 np0000182467 devstack@neutron-api.service[103479]: DEBUG neutron_lib.callbacks.manager [None req-3e4388e9-aedb-4b07-9069-11229d482d30 admin admin] Publish callbacks ['neutron.plugins.ml2.ovo_rpc._ObjectChangeHandler.handle_event-2263782'] for subnet (98b4bad7-b96a-4e99-aa18-4405e6eb2a08), after_create {{(pid=103479) _notify_loop /opt/stack/data/venv/lib/python3.12/site-packages/neutron_lib/callbacks/manager.py:184}}
Jun 22 12:11:21.229091 np0000182467 devstack@neutron-api.service[103479]: DEBUG neutron.api.rpc.handlers.resources_rpc [None req-3e4388e9-aedb-4b07-9069-11229d482d30 admin admin] Pushing event updated for resources: {'Subnet': ['ID=98b4bad7-b96a-4e99-aa18-4405e6eb2a08,revision_number=0']} {{(pid=103479) push /opt/stack/neutron/neutron/api/rpc/handlers/resources_rpc.py:237}}
Jun 22 12:11:21.279410 np0000182467 devstack@neutron-api.service[103479]: DEBUG neutron_lib.callbacks.manager [None req-3e4388e9-aedb-4b07-9069-11229d482d30 admin admin] Publish callbacks ['neutron.plugins.ml2.plugin.SecurityGroupDbMixin._ensure_default_security_group_handler-4085133', 'neutron.services.ovn_l3.plugin.OVNL3RouterPlugin._port_update-7926215504726', 'neutron.db.l3_db.L3_NAT_dbonly_mixin._prevent_internal_ip_change_for_fip-7926217333834'] for port (2692e8d4-7166-4861-85b4-29377826e440), before_update {{(pid=103479) _notify_loop /opt/stack/data/venv/lib/python3.12/site-packages/neutron_lib/callbacks/manager.py:184}}
Jun 22 12:11:21.359244 np0000182467 devstack@neutron-api.service[103479]: DEBUG neutron.db.db_base_plugin_common [None req-3e4388e9-aedb-4b07-9069-11229d482d30 admin admin] Allocated IP 10.2.5.1 (22e0b27a-d930-4c81-a96c-672b8621d011/98b4bad7-b96a-4e99-aa18-4405e6eb2a08/2692e8d4-7166-4861-85b4-29377826e440) {{(pid=103479) _store_ip_allocation /opt/stack/neutron/neutron/db/db_base_plugin_common.py:131}}
Jun 22 12:11:21.427899 np0000182467 devstack@neutron-api.service[103479]: DEBUG neutron_lib.callbacks.manager [None req-3e4388e9-aedb-4b07-9069-11229d482d30 admin admin] Publish callbacks [] for port (2692e8d4-7166-4861-85b4-29377826e440), precommit_update {{(pid=103479) _notify_loop /opt/stack/data/venv/lib/python3.12/site-packages/neutron_lib/callbacks/manager.py:184}}
Jun 22 12:11:21.428176 np0000182467 devstack@neutron-api.service[103479]: DEBUG neutron.plugins.ml2.drivers.ovn.mech_driver.mech_driver [None req-3e4388e9-aedb-4b07-9069-11229d482d30 admin admin] No provisioning block for port 2692e8d4-7166-4861-85b4-29377826e440 since it does not have a host {{(pid=103479) _is_port_provisioning_required /opt/stack/neutron/neutron/plugins/ml2/drivers/ovn/mech_driver/mech_driver.py:899}}
Jun 22 12:11:21.442936 np0000182467 devstack@neutron-api.service[103479]: DEBUG neutron_lib.callbacks.manager [None req-3e4388e9-aedb-4b07-9069-11229d482d30 admin admin] Publish callbacks ['neutron.plugins.ml2.ovo_rpc._ObjectChangeHandler.handle_event-2263794', 'neutron.services.ovn_l3.plugin.OVNL3RouterPlugin._port_update-7926215504726'] for port (2692e8d4-7166-4861-85b4-29377826e440), after_update {{(pid=103479) _notify_loop /opt/stack/data/venv/lib/python3.12/site-packages/neutron_lib/callbacks/manager.py:184}}
Jun 22 12:11:21.487944 np0000182467 devstack@neutron-api.service[103479]: DEBUG neutron.api.rpc.handlers.resources_rpc [None req-3e4388e9-aedb-4b07-9069-11229d482d30 admin admin] Pushing event updated for resources: {'Port': ['ID=2692e8d4-7166-4861-85b4-29377826e440,revision_number=2']} {{(pid=103479) push /opt/stack/neutron/neutron/api/rpc/handlers/resources_rpc.py:237}}
Jun 22 12:11:21.590939 np0000182467 devstack@neutron-api.service[103479]: DEBUG neutron.plugins.ml2.drivers.ovn.mech_driver.ovsdb.commands [None req-3e4388e9-aedb-4b07-9069-11229d482d30 admin admin] Converting tag [] to a tag_request {{(pid=103479) _tag_column_to_tag_request /opt/stack/neutron/neutron/plugins/ml2/drivers/ovn/mech_driver/ovsdb/commands.py:205}}
Jun 22 12:11:21.592370 np0000182467 devstack@neutron-api.service[103479]: DEBUG ovsdbapp.backend.ovs_idl.transaction [None req-61539c13-2f59-4f58-a6e0-49d23c7e7a73 None None] Running txn n=1 command(idx=0): CheckRevisionNumberCommand(_result=None, name=2692e8d4-7166-4861-85b4-29377826e440, resource={'id': '2692e8d4-7166-4861-85b4-29377826e440', 'name': '', 'network_id': '22e0b27a-d930-4c81-a96c-672b8621d011', 'project_id': 'd32f5dc6cbc94f3e91f12c8a4c356e03', 'mac_address': 'fa:16:3e:ef:b2:61', 'admin_state_up': True, 'status': 'DOWN', 'device_id': 'ovnmeta-22e0b27a-d930-4c81-a96c-672b8621d011', 'device_owner': 'network:distributed', 'standard_attr_id': 44, 'fixed_ips': [{'subnet_id': '98b4bad7-b96a-4e99-aa18-4405e6eb2a08', 'ip_address': '10.2.5.1'}], 'allowed_address_pairs': [], 'extra_dhcp_opts': [], 'security_groups': [], 'description': '', 'binding:vnic_type': 'normal', 'binding:profile': {}, 'binding:host_id': '', 'binding:vif_type': 'unbound', 'binding:vif_details': {}, 'port_security_enabled': False, 'tags': [], 'created_at': '2026-06-22T12:11:20Z', 'updated_at': '2026-06-22T12:11:21Z', 'revision_number': 2, 'tenant_id': 'd32f5dc6cbc94f3e91f12c8a4c356e03', 'network': {'id': '22e0b27a-d930-4c81-a96c-672b8621d011', 'name': 'admin_net', 'tenant_id': 'd32f5dc6cbc94f3e91f12c8a4c356e03', 'project_id': 'd32f5dc6cbc94f3e91f12c8a4c356e03', 'admin_state_up': True, 'mtu': 1372, 'status': 'ACTIVE', 'subnets': ['98b4bad7-b96a-4e99-aa18-4405e6eb2a08'], 'standard_attr_id': 42, 'shared': False, 'availability_zone_hints': [], 'availability_zones': [], 'ipv4_address_scope': None, 'ipv6_address_scope': None, 'router:external': False, 'qinq': False, 'vlan_transparent': False, 'description': '', 'port_security_enabled': True, 'tags': [], 'created_at': '2026-06-22T12:11:19Z', 'updated_at': '2026-06-22T12:11:21Z', 'revision_number': 2, 'provider:network_type': 'geneve', 'provider:physical_network': None, 'provider:segmentation_id': 33700}}, resource_type=ports, if_exists=True) {{(pid=103479) do_commit /opt/stack/data/venv/lib/python3.12/site-packages/ovsdbapp/backend/ovs_idl/transaction.py:89}}
Jun 22 12:11:21.593176 np0000182467 devstack@neutron-api.service[103479]: DEBUG ovsdbapp.backend.ovs_idl.transaction [None req-61539c13-2f59-4f58-a6e0-49d23c7e7a73 None None] Running txn n=1 command(idx=1): AddDHCPOptionsCommand(_result=None, columns={'cidr': '10.2.5.0/24', 'options': {'server_id': '10.2.5.1', 'lease_time': '43200', 'mtu': '1372', 'server_mac': 'fa:16:3e:75:ab:92', 'dns_server': '{127.0.0.53}', 'classless_static_route': '{169.254.169.254/32,10.2.5.1}'}, 'external_ids': {'subnet_id': '98b4bad7-b96a-4e99-aa18-4405e6eb2a08', 'neutron:network_id': '22e0b27a-d930-4c81-a96c-672b8621d011', 'neutron:revision_number': '0'}}, may_exist=True, subnet_id=98b4bad7-b96a-4e99-aa18-4405e6eb2a08, port_id=None, new_insert=False) {{(pid=103479) do_commit /opt/stack/data/venv/lib/python3.12/site-packages/ovsdbapp/backend/ovs_idl/transaction.py:89}}
Jun 22 12:11:21.593865 np0000182467 devstack@neutron-api.service[103479]: DEBUG ovsdbapp.backend.ovs_idl.transaction [None req-61539c13-2f59-4f58-a6e0-49d23c7e7a73 None None] Running txn n=1 command(idx=2): SetLSwitchPortCommand(_result=None, lport=2692e8d4-7166-4861-85b4-29377826e440, external_ids_update=None, columns={'external_ids': {'neutron:port_name': '', 'neutron:device_id': 'ovnmeta-22e0b27a-d930-4c81-a96c-672b8621d011', 'neutron:project_id': 'd32f5dc6cbc94f3e91f12c8a4c356e03', 'neutron:cidrs': '10.2.5.1/24', 'neutron:device_owner': 'network:distributed', 'neutron:subnet_pool_addr_scope4': '', 'neutron:subnet_pool_addr_scope6': '', 'neutron:network_name': 'neutron-22e0b27a-d930-4c81-a96c-672b8621d011', 'neutron:security_group_ids': '', 'neutron:revision_number': '2', 'neutron:vnic_type': 'normal', 'neutron:port_capabilities': '', 'neutron:mtu': '1372'}, 'parent_name': [], 'options': {}, 'enabled': True, 'port_security': [], 'dhcpv4_options': [], 'dhcpv6_options': [], 'type': 'localport', 'addresses': ['fa:16:3e:ef:b2:61 10.2.5.1'], 'ha_chassis_group': [], 'tag_request': []}, if_exists=False) {{(pid=103479) do_commit /opt/stack/data/venv/lib/python3.12/site-packages/ovsdbapp/backend/ovs_idl/transaction.py:89}}
Jun 22 12:11:21.595386 np0000182467 devstack@neutron-api.service[103479]: DEBUG ovsdbapp.backend.ovs_idl.transaction [None req-61539c13-2f59-4f58-a6e0-49d23c7e7a73 None None] Running txn n=1 command(idx=3): PgDelPortCommand(_result=None, port_group=neutron_pg_drop, lsp=['2692e8d4-7166-4861-85b4-29377826e440'], if_exists=False) {{(pid=103479) do_commit /opt/stack/data/venv/lib/python3.12/site-packages/ovsdbapp/backend/ovs_idl/transaction.py:89}}
Jun 22 12:11:21.666417 np0000182467 devstack@neutron-api.service[103479]: DEBUG neutron.plugins.ml2.drivers.ovn.mech_driver.ovsdb.ovsdb_monitor [None req-61539c13-2f59-4f58-a6e0-49d23c7e7a73 None None] Hash Ring: Node cf17cb95415e5628a3bdd14082f6ffa6 (host: np0000182467) handling event "update" for row 547c2cb4-731e-4501-bda7-8e976e3b51af (table: Logical_Switch_Port) {{(pid=103479) notify /opt/stack/neutron/neutron/plugins/ml2/drivers/ovn/mech_driver/ovsdb/ovsdb_monitor.py:1015}}
Jun 22 12:11:21.674659 np0000182467 devstack@neutron-api.service[103479]: DEBUG neutron.plugins.ml2.drivers.ovn.mech_driver.ovsdb.ovsdb_monitor [None req-d69a70f2-81c0-4f25-bda9-16b8d32b6f7b None None] Hash Ring: Node cf17cb95415e5628a3bdd14082f6ffa6 (host: np0000182467) handling event "update" for row f7e54799-455e-4dd6-b154-4bc21800dc71 (table: Port_Binding) {{(pid=103479) notify /opt/stack/neutron/neutron/plugins/ml2/drivers/ovn/mech_driver/ovsdb/ovsdb_monitor.py:1015}}
Jun 22 12:11:21.675840 np0000182467 devstack@neutron-api.service[103480]: DEBUG neutron.plugins.ml2.drivers.ovn.mech_driver.ovsdb.ovsdb_monitor [None req-fd9927b8-ab3a-4d46-99e0-4b4cc4bbdc74 None None] Hash Ring: Node d1699d6a448c58d4800cf45ec30cfe5e (host: np0000182467) handling event "create" for row f9ae9517-e7e4-404a-afd5-125ac2be2a4c (table: DHCP_Options) {{(pid=103480) notify /opt/stack/neutron/neutron/plugins/ml2/drivers/ovn/mech_driver/ovsdb/ovsdb_monitor.py:1015}}
Jun 22 12:11:21.704977 np0000182467 devstack@neutron-api.service[103479]: INFO neutron.db.ovn_revision_numbers_db [None req-3e4388e9-aedb-4b07-9069-11229d482d30 admin admin] Successfully bumped revision number for resource 2692e8d4-7166-4861-85b4-29377826e440 (type: ports) to 2
Jun 22 12:11:21.715647 np0000182467 devstack@neutron-api.service[103479]: DEBUG neutron.plugins.ml2.plugin [None req-3e4388e9-aedb-4b07-9069-11229d482d30 admin admin] In _notify_port_updated(), no bound segment for port 2692e8d4-7166-4861-85b4-29377826e440 on network 22e0b27a-d930-4c81-a96c-672b8621d011 {{(pid=103479) _notify_port_updated /opt/stack/neutron/neutron/plugins/ml2/plugin.py:1041}}
Jun 22 12:11:21.735805 np0000182467 devstack@neutron-api.service[103479]: INFO neutron.db.ovn_revision_numbers_db [None req-3e4388e9-aedb-4b07-9069-11229d482d30 admin admin] Successfully bumped revision number for resource 98b4bad7-b96a-4e99-aa18-4405e6eb2a08 (type: subnets) to 0
Jun 22 12:11:21.738152 np0000182467 devstack@neutron-api.service[103479]: DEBUG neutron.pecan_wsgi.hooks.policy_enforcement [None req-3e4388e9-aedb-4b07-9069-11229d482d30 admin admin] Attributes excluded by policy engine: ['standard_attr_id', 'shared', 'network'] {{(pid=103479) _exclude_attributes_by_policy /opt/stack/neutron/neutron/pecan_wsgi/hooks/policy_enforcement.py:259}}
Jun 22 12:11:21.738608 np0000182467 devstack@neutron-api.service[103479]: DEBUG neutron_lib.callbacks.manager [None req-3e4388e9-aedb-4b07-9069-11229d482d30 admin admin] Publish callbacks [] for subnet (None), before_response {{(pid=103479) _notify_loop /opt/stack/data/venv/lib/python3.12/site-packages/neutron_lib/callbacks/manager.py:184}}
Jun 22 12:11:21.759876 np0000182467 devstack@neutron-api.service[103479]: [pid: 103479|app: 0|req: 25/99] 199.204.45.49 () {68 vars in 1348 bytes} [Mon Jun 22 12:11:21 2026] POST /networking/v2.0/subnets => generated 625 bytes in 647 msecs (HTTP/1.1 201) 4 headers in 162 bytes (1 switches on core 0)
Jun 22 12:11:21.996348 np0000182467 devstack@neutron-api.service[103482]: INFO neutron.pecan_wsgi.hooks.translation [None req-19b65c17-7665-4635-9975-1f7ef2a6caf7 admin admin] GET failed (client error): The resource could not be found.
Jun 22 12:11:21.997140 np0000182467 devstack@neutron-api.service[103482]: [pid: 103482|app: 0|req: 25/100] 199.204.45.49 () {64 vars in 1333 bytes} [Mon Jun 22 12:11:21 2026] GET /networking/v2.0/subnets/admin_subnet => generated 112 bytes in 12 msecs (HTTP/1.1 404) 4 headers in 164 bytes (1 switches on core 0)
Jun 22 12:11:22.034247 np0000182467 devstack@neutron-api.service[103481]: DEBUG neutron.pecan_wsgi.hooks.policy_enforcement [None req-090b2270-fb8e-4f62-bbc6-1dd0bbd17702 admin admin] Attributes excluded by policy engine: ['standard_attr_id', 'shared'] {{(pid=103481) _exclude_attributes_by_policy /opt/stack/neutron/neutron/pecan_wsgi/hooks/policy_enforcement.py:259}}
Jun 22 12:11:22.035968 np0000182467 devstack@neutron-api.service[103481]: [pid: 103481|app: 0|req: 25/101] 199.204.45.49 () {64 vars in 1342 bytes} [Mon Jun 22 12:11:22 2026] GET /networking/v2.0/subnets?name=admin_subnet => generated 628 bytes in 27 msecs (HTTP/1.1 200) 4 headers in 157 bytes (1 switches on core 0)
Jun 22 12:11:22.927660 np0000182467 devstack@neutron-api.service[103479]: DEBUG neutron.plugins.ml2.drivers.ovn.mech_driver.ovsdb.ovsdb_monitor [None req-d69a70f2-81c0-4f25-bda9-16b8d32b6f7b None None] ChassisOVNAgentWriteEvent : Matched Chassis_Private, update, None None {{(pid=103479) matches /opt/stack/neutron/neutron/plugins/ml2/drivers/ovn/mech_driver/ovsdb/ovsdb_monitor.py:64}}
Jun 22 12:11:22.928594 np0000182467 devstack@neutron-api.service[103481]: DEBUG neutron.plugins.ml2.drivers.ovn.mech_driver.ovsdb.ovsdb_monitor [None req-94edb0cf-fc80-4c8d-8e9b-412272f7c277 None None] ChassisOVNAgentWriteEvent : Matched Chassis_Private, update, None None {{(pid=103481) matches /opt/stack/neutron/neutron/plugins/ml2/drivers/ovn/mech_driver/ovsdb/ovsdb_monitor.py:64}}
