Mar 30 14:05:50.275772 np0000161230 devstack@neutron-api.service[102198]: DEBUG ovsdbapp.backend.ovs_idl [None req-8b05fab1-1740-4efe-93e9-441748fc2a76 None None] Created schema index Chassis_Template_Var.chassis {{(pid=102198) autocreate_indices /opt/stack/data/venv/lib/python3.12/site-packages/ovsdbapp/backend/ovs_idl/__init__.py:106}}
Mar 30 14:05:50.275866 np0000161230 devstack@neutron-api.service[102198]: DEBUG ovsdbapp.backend.ovs_idl [None req-8b05fab1-1740-4efe-93e9-441748fc2a76 None None] Created schema index Logical_Router_Port.name {{(pid=102198) autocreate_indices /opt/stack/data/venv/lib/python3.12/site-packages/ovsdbapp/backend/ovs_idl/__init__.py:106}}
Mar 30 14:05:50.275961 np0000161230 devstack@neutron-api.service[102198]: DEBUG ovsdbapp.backend.ovs_idl [None req-8b05fab1-1740-4efe-93e9-441748fc2a76 None None] Created schema index Port_Group.name {{(pid=102198) autocreate_indices /opt/stack/data/venv/lib/python3.12/site-packages/ovsdbapp/backend/ovs_idl/__init__.py:106}}
Mar 30 14:05:50.276051 np0000161230 devstack@neutron-api.service[102198]: DEBUG ovsdbapp.backend.ovs_idl [None req-8b05fab1-1740-4efe-93e9-441748fc2a76 None None] Created schema index Logical_Switch_Port.name {{(pid=102198) autocreate_indices /opt/stack/data/venv/lib/python3.12/site-packages/ovsdbapp/backend/ovs_idl/__init__.py:106}}
Mar 30 14:05:50.278645 np0000161230 devstack@neutron-api.service[102198]: INFO ovsdbapp.backend.ovs_idl.vlog [None req-8b05fab1-1740-4efe-93e9-441748fc2a76 None None] ssl:199.204.45.235:6641: connecting...
Mar 30 14:05:50.282716 np0000161230 devstack@neutron-api.service[102198]: INFO ovsdbapp.backend.ovs_idl.vlog [None req-8b05fab1-1740-4efe-93e9-441748fc2a76 None None] ssl:199.204.45.235:6641: connected
Mar 30 14:05:50.288146 np0000161230 devstack@neutron-api.service[102197]: DEBUG ovsdbapp.backend.ovs_idl [None req-888417c8-f90a-4f8d-8198-3d690b7367c9 None None] Created lookup_table index Chassis.name {{(pid=102197) autocreate_indices /opt/stack/data/venv/lib/python3.12/site-packages/ovsdbapp/backend/ovs_idl/__init__.py:87}}
Mar 30 14:05:50.288259 np0000161230 devstack@neutron-api.service[102197]: DEBUG ovsdbapp.backend.ovs_idl [None req-888417c8-f90a-4f8d-8198-3d690b7367c9 None None] Created lookup_table index Port_Binding.logical_port {{(pid=102197) autocreate_indices /opt/stack/data/venv/lib/python3.12/site-packages/ovsdbapp/backend/ovs_idl/__init__.py:87}}
Mar 30 14:05:50.288357 np0000161230 devstack@neutron-api.service[102197]: DEBUG ovsdbapp.backend.ovs_idl [None req-888417c8-f90a-4f8d-8198-3d690b7367c9 None None] Created schema index Chassis_Private.name {{(pid=102197) autocreate_indices /opt/stack/data/venv/lib/python3.12/site-packages/ovsdbapp/backend/ovs_idl/__init__.py:106}}
Mar 30 14:05:50.288447 np0000161230 devstack@neutron-api.service[102197]: DEBUG ovsdbapp.backend.ovs_idl [None req-888417c8-f90a-4f8d-8198-3d690b7367c9 None None] Created schema index Datapath_Binding.tunnel_key {{(pid=102197) autocreate_indices /opt/stack/data/venv/lib/python3.12/site-packages/ovsdbapp/backend/ovs_idl/__init__.py:106}}
Mar 30 14:05:50.290349 np0000161230 devstack@neutron-api.service[102197]: INFO ovsdbapp.backend.ovs_idl.vlog [None req-888417c8-f90a-4f8d-8198-3d690b7367c9 None None] ssl:199.204.45.235:6642: connecting...
Mar 30 14:05:50.294298 np0000161230 devstack@neutron-api.service[102196]: DEBUG neutron.common.ovn.hash_ring_manager [None req-66865e1e-220c-48c4-9a06-bdb0d68c94c1 None None] Allow caching, nodes 4>=4 {{(pid=102196) _wait_startup_before_caching /opt/stack/neutron/neutron/common/ovn/hash_ring_manager.py:65}}
Mar 30 14:05:50.294567 np0000161230 devstack@neutron-api.service[102197]: INFO ovsdbapp.backend.ovs_idl.vlog [None req-888417c8-f90a-4f8d-8198-3d690b7367c9 None None] ssl:199.204.45.235:6642: connected
Mar 30 14:05:50.297271 np0000161230 devstack@neutron-api.service[102196]: DEBUG neutron.common.ovn.hash_ring_manager [None req-66865e1e-220c-48c4-9a06-bdb0d68c94c1 None None] Hash Ring loaded. 4 active nodes. 0 offline nodes {{(pid=102196) _load_hash_ring /opt/stack/neutron/neutron/common/ovn/hash_ring_manager.py:102}}
Mar 30 14:05:50.297486 np0000161230 devstack@neutron-api.service[102196]: DEBUG neutron.plugins.ml2.drivers.ovn.mech_driver.ovsdb.ovsdb_monitor [None req-66865e1e-220c-48c4-9a06-bdb0d68c94c1 None None] ChassisOVNAgentWriteEvent : Matched Chassis_Private, create, None None {{(pid=102196) matches /opt/stack/neutron/neutron/plugins/ml2/drivers/ovn/mech_driver/ovsdb/ovsdb_monitor.py:64}}
Mar 30 14:05:50.297550 np0000161230 devstack@neutron-api.service[102196]: DEBUG neutron.plugins.ml2.drivers.ovn.mech_driver.ovsdb.ovsdb_monitor [None req-66865e1e-220c-48c4-9a06-bdb0d68c94c1 None None] ChassisAgentWriteEvent : Matched Chassis_Private, create, None None {{(pid=102196) matches /opt/stack/neutron/neutron/plugins/ml2/drivers/ovn/mech_driver/ovsdb/ovsdb_monitor.py:64}}
Mar 30 14:05:50.297868 np0000161230 devstack@neutron-api.service[102196]: DEBUG neutron.plugins.ml2.drivers.ovn.mech_driver.ovsdb.ovsdb_monitor [None req-66865e1e-220c-48c4-9a06-bdb0d68c94c1 None None] Hash Ring: Node 803c6471840653938ad5809eecce9303 (host: np0000161230) handling event "create" for row 9fa2dcf3-1f1a-4f54-8cab-87f53a23de20 (table: Chassis_Private) {{(pid=102196) notify /opt/stack/neutron/neutron/plugins/ml2/drivers/ovn/mech_driver/ovsdb/ovsdb_monitor.py:912}}
Mar 30 14:05:50.298033 np0000161230 devstack@neutron-api.service[102196]: DEBUG neutron.plugins.ml2.drivers.ovn.mech_driver.ovsdb.ovsdb_monitor [None req-66865e1e-220c-48c4-9a06-bdb0d68c94c1 None None] Hash Ring: Node 803c6471840653938ad5809eecce9303 (host: np0000161230) handling event "create" for row bb288817-fa64-4b7f-a1b1-e48595e7d750 (table: Encap) {{(pid=102196) notify /opt/stack/neutron/neutron/plugins/ml2/drivers/ovn/mech_driver/ovsdb/ovsdb_monitor.py:912}}
Mar 30 14:05:50.300377 np0000161230 devstack@neutron-api.service[102196]: INFO neutron.plugins.ml2.drivers.ovn.mech_driver.mech_driver [None req-66865e1e-220c-48c4-9a06-bdb0d68c94c1 None None] WorkerService process has finished the post initialization
Mar 30 14:05:50.301279 np0000161230 devstack@neutron-api.service[102196]: WSGI app 0 (mountpoint='') ready in 8 seconds on interpreter 0x7e5d6bea3668 pid: 102196 (default app)
Mar 30 14:05:50.316781 np0000161230 devstack@neutron-api.service[102198]: DEBUG neutron.common.ovn.hash_ring_manager [None req-8b05fab1-1740-4efe-93e9-441748fc2a76 None None] Allow caching, nodes 4>=4 {{(pid=102198) _wait_startup_before_caching /opt/stack/neutron/neutron/common/ovn/hash_ring_manager.py:65}}
Mar 30 14:05:50.321133 np0000161230 devstack@neutron-api.service[102198]: DEBUG neutron.common.ovn.hash_ring_manager [None req-8b05fab1-1740-4efe-93e9-441748fc2a76 None None] Hash Ring loaded. 4 active nodes. 0 offline nodes {{(pid=102198) _load_hash_ring /opt/stack/neutron/neutron/common/ovn/hash_ring_manager.py:102}}
Mar 30 14:05:50.321217 np0000161230 devstack@neutron-api.service[102198]: DEBUG neutron.plugins.ml2.drivers.ovn.mech_driver.ovsdb.ovsdb_monitor [None req-8b05fab1-1740-4efe-93e9-441748fc2a76 None None] Hash Ring: Node 5fda94c6634a56078aa9f53bd7fc5db8 (host: np0000161230) handling event "create" for row 4fa713e8-2f5b-4bc0-b5e2-9e0b83d79fc7 (table: ACL) {{(pid=102198) notify /opt/stack/neutron/neutron/plugins/ml2/drivers/ovn/mech_driver/ovsdb/ovsdb_monitor.py:912}}
Mar 30 14:05:50.321494 np0000161230 devstack@neutron-api.service[102198]: DEBUG neutron.plugins.ml2.drivers.ovn.mech_driver.ovsdb.ovsdb_monitor [None req-8b05fab1-1740-4efe-93e9-441748fc2a76 None None] Hash Ring: Node 5fda94c6634a56078aa9f53bd7fc5db8 (host: np0000161230) handling event "create" for row 2f300225-78ca-4f88-b972-d07ae93dc8fa (table: Connection) {{(pid=102198) notify /opt/stack/neutron/neutron/plugins/ml2/drivers/ovn/mech_driver/ovsdb/ovsdb_monitor.py:912}}
Mar 30 14:05:50.321736 np0000161230 devstack@neutron-api.service[102198]: DEBUG neutron.plugins.ml2.drivers.ovn.mech_driver.ovsdb.ovsdb_monitor [None req-8b05fab1-1740-4efe-93e9-441748fc2a76 None None] Hash Ring: Node 5fda94c6634a56078aa9f53bd7fc5db8 (host: np0000161230) handling event "create" for row b14d0afa-958b-4a73-82d0-7ff8d4707f96 (table: SSL) {{(pid=102198) notify /opt/stack/neutron/neutron/plugins/ml2/drivers/ovn/mech_driver/ovsdb/ovsdb_monitor.py:912}}
Mar 30 14:05:50.322682 np0000161230 devstack@neutron-api.service[102198]: INFO neutron.plugins.ml2.drivers.ovn.mech_driver.ovsdb.impl_idl_ovn [None req-8b05fab1-1740-4efe-93e9-441748fc2a76 None None] Getting OvsdbSbOvnIdl for WorkerService with retry
Mar 30 14:05:50.326384 np0000161230 devstack@neutron-api.service[102197]: DEBUG neutron.common.ovn.hash_ring_manager [None req-888417c8-f90a-4f8d-8198-3d690b7367c9 None None] Allow caching, nodes 4>=4 {{(pid=102197) _wait_startup_before_caching /opt/stack/neutron/neutron/common/ovn/hash_ring_manager.py:65}}
Mar 30 14:05:50.331167 np0000161230 devstack@neutron-api.service[102197]: DEBUG neutron.common.ovn.hash_ring_manager [None req-888417c8-f90a-4f8d-8198-3d690b7367c9 None None] Hash Ring loaded. 4 active nodes. 0 offline nodes {{(pid=102197) _load_hash_ring /opt/stack/neutron/neutron/common/ovn/hash_ring_manager.py:102}}
Mar 30 14:05:50.331475 np0000161230 devstack@neutron-api.service[102197]: DEBUG neutron.plugins.ml2.drivers.ovn.mech_driver.ovsdb.ovsdb_monitor [None req-888417c8-f90a-4f8d-8198-3d690b7367c9 None None] ChassisOVNAgentWriteEvent : Matched Chassis_Private, create, None None {{(pid=102197) matches /opt/stack/neutron/neutron/plugins/ml2/drivers/ovn/mech_driver/ovsdb/ovsdb_monitor.py:64}}
Mar 30 14:05:50.331540 np0000161230 devstack@neutron-api.service[102197]: DEBUG neutron.plugins.ml2.drivers.ovn.mech_driver.ovsdb.ovsdb_monitor [None req-888417c8-f90a-4f8d-8198-3d690b7367c9 None None] ChassisAgentWriteEvent : Matched Chassis_Private, create, None None {{(pid=102197) matches /opt/stack/neutron/neutron/plugins/ml2/drivers/ovn/mech_driver/ovsdb/ovsdb_monitor.py:64}}
Mar 30 14:05:50.334110 np0000161230 devstack@neutron-api.service[102197]: INFO neutron.plugins.ml2.drivers.ovn.mech_driver.mech_driver [None req-888417c8-f90a-4f8d-8198-3d690b7367c9 None None] WorkerService process has finished the post initialization
Mar 30 14:05:50.335681 np0000161230 devstack@neutron-api.service[102197]: WSGI app 0 (mountpoint='') ready in 8 seconds on interpreter 0x7e5d6bea3668 pid: 102197 (default app)
Mar 30 14:05:50.355985 np0000161230 devstack@neutron-api.service[102198]: DEBUG ovsdbapp.backend.ovs_idl [None req-8b05fab1-1740-4efe-93e9-441748fc2a76 None None] Created lookup_table index Chassis.name {{(pid=102198) autocreate_indices /opt/stack/data/venv/lib/python3.12/site-packages/ovsdbapp/backend/ovs_idl/__init__.py:87}}
Mar 30 14:05:50.356146 np0000161230 devstack@neutron-api.service[102198]: DEBUG ovsdbapp.backend.ovs_idl [None req-8b05fab1-1740-4efe-93e9-441748fc2a76 None None] Created lookup_table index Port_Binding.logical_port {{(pid=102198) autocreate_indices /opt/stack/data/venv/lib/python3.12/site-packages/ovsdbapp/backend/ovs_idl/__init__.py:87}}
Mar 30 14:05:50.356268 np0000161230 devstack@neutron-api.service[102198]: DEBUG ovsdbapp.backend.ovs_idl [None req-8b05fab1-1740-4efe-93e9-441748fc2a76 None None] Created schema index Chassis_Private.name {{(pid=102198) autocreate_indices /opt/stack/data/venv/lib/python3.12/site-packages/ovsdbapp/backend/ovs_idl/__init__.py:106}}
Mar 30 14:05:50.356372 np0000161230 devstack@neutron-api.service[102198]: DEBUG ovsdbapp.backend.ovs_idl [None req-8b05fab1-1740-4efe-93e9-441748fc2a76 None None] Created schema index Datapath_Binding.tunnel_key {{(pid=102198) autocreate_indices /opt/stack/data/venv/lib/python3.12/site-packages/ovsdbapp/backend/ovs_idl/__init__.py:106}}
Mar 30 14:05:50.359287 np0000161230 devstack@neutron-api.service[102198]: INFO ovsdbapp.backend.ovs_idl.vlog [None req-8b05fab1-1740-4efe-93e9-441748fc2a76 None None] ssl:199.204.45.235:6642: connecting...
Mar 30 14:05:50.363751 np0000161230 devstack@neutron-api.service[102198]: INFO ovsdbapp.backend.ovs_idl.vlog [None req-8b05fab1-1740-4efe-93e9-441748fc2a76 None None] ssl:199.204.45.235:6642: connected
Mar 30 14:05:50.396940 np0000161230 devstack@neutron-api.service[102198]: DEBUG neutron.common.ovn.hash_ring_manager [None req-8b05fab1-1740-4efe-93e9-441748fc2a76 None None] Allow caching, nodes 4>=4 {{(pid=102198) _wait_startup_before_caching /opt/stack/neutron/neutron/common/ovn/hash_ring_manager.py:65}}
Mar 30 14:05:50.400111 np0000161230 devstack@neutron-api.service[102198]: DEBUG neutron.common.ovn.hash_ring_manager [None req-8b05fab1-1740-4efe-93e9-441748fc2a76 None None] Hash Ring loaded. 4 active nodes. 0 offline nodes {{(pid=102198) _load_hash_ring /opt/stack/neutron/neutron/common/ovn/hash_ring_manager.py:102}}
Mar 30 14:05:50.400237 np0000161230 devstack@neutron-api.service[102198]: DEBUG neutron.plugins.ml2.drivers.ovn.mech_driver.ovsdb.ovsdb_monitor [None req-8b05fab1-1740-4efe-93e9-441748fc2a76 None None] Hash Ring: Node 5fda94c6634a56078aa9f53bd7fc5db8 (host: np0000161230) handling event "create" for row 158f1abb-6bd8-420f-a3cb-a14e6b173375 (table: Chassis) {{(pid=102198) notify /opt/stack/neutron/neutron/plugins/ml2/drivers/ovn/mech_driver/ovsdb/ovsdb_monitor.py:912}}
Mar 30 14:05:50.400990 np0000161230 devstack@neutron-api.service[102198]: DEBUG ovsdbapp.backend.ovs_idl.event [None req-8b05fab1-1740-4efe-93e9-441748fc2a76 None None] Matched CREATE: ChassisBandwidthConfigEvent(events=('create', 'update'), table='Chassis', conditions=None, old_conditions=None), priority=20 to row=Chassis(uuid=158f1abb-6bd8-420f-a3cb-a14e6b173375, encaps=[bb288817-fa64-4b7f-a1b1-e48595e7d750], external_ids={}, hostname='np0000161230', name='5540b2f2-a348-4fb4-870e-7d4d23b75237', nb_cfg=0, other_config={'ct-commit-nat-v2': 'true', 'ct-commit-to-zone': 'true', 'ct-next-zone': 'true', 'ct-no-masked-label': 'true', 'ct-state-save': 'true', 'datapath-type': 'system', 'fdb-timestamp': 'true', 'iface-types': 'afxdp,afxdp-nonpmd,bareudp,erspan,geneve,gre,gtpu,internal,ip6erspan,ip6gre,lisp,patch,srv6,stt,system,tap,vxlan', 'is-interconn': 'false', 'ls-dpg-column': 'true', 'mac-binding-timestamp': 'true', 'ovn-bridge-mappings': 'public:br-ex', 'ovn-chassis-mac-mappings': '', 'ovn-cms-options': 'enable-chassis-as-gw', 'ovn-ct-lb-related': 'true', 'ovn-enable-lflow-cache': 'true', 'ovn-limit-lflow-cache': '', 'ovn-memlimit-lflow-cache-kb': '', 'ovn-monitor-all': 'false', 'ovn-trim-limit-lflow-cache': '', 'ovn-trim-timeout-ms': '', 'ovn-trim-wmark-perc-lflow-cache': '', 'port-up-notif': 'true'}, transport_zones=[], vtep_logical_switches=[]) old= {{(pid=102198) matches /opt/stack/data/venv/lib/python3.12/site-packages/ovsdbapp/backend/ovs_idl/event.py:55}}
Mar 30 14:05:50.401456 np0000161230 devstack@neutron-api.service[102198]: DEBUG neutron.plugins.ml2.drivers.ovn.mech_driver.ovsdb.ovsdb_monitor [None req-8b05fab1-1740-4efe-93e9-441748fc2a76 None None] ChassisAgentWriteEvent : Matched Chassis_Private, create, None None {{(pid=102198) matches /opt/stack/neutron/neutron/plugins/ml2/drivers/ovn/mech_driver/ovsdb/ovsdb_monitor.py:64}}
Mar 30 14:05:50.401583 np0000161230 devstack@neutron-api.service[102198]: DEBUG neutron.plugins.ml2.drivers.ovn.mech_driver.ovsdb.ovsdb_monitor [None req-8b05fab1-1740-4efe-93e9-441748fc2a76 None None] ChassisOVNAgentWriteEvent : Matched Chassis_Private, create, None None {{(pid=102198) matches /opt/stack/neutron/neutron/plugins/ml2/drivers/ovn/mech_driver/ovsdb/ovsdb_monitor.py:64}}
Mar 30 14:05:50.402878 np0000161230 devstack@neutron-api.service[102198]: INFO neutron.plugins.ml2.drivers.ovn.mech_driver.mech_driver [None req-8b05fab1-1740-4efe-93e9-441748fc2a76 None None] WorkerService process has finished the post initialization
Mar 30 14:05:50.403748 np0000161230 devstack@neutron-api.service[102198]: INFO neutron.plugins.ml2.drivers.ovn.mech_driver.ovsdb.extensions.qos [-] Starting OVNClientQosExtension
Mar 30 14:05:50.404435 np0000161230 devstack@neutron-api.service[102198]: INFO neutron.plugins.ml2.drivers.ovn.mech_driver.ovsdb.extensions.placement [-] Starting OVNClientPlacementExtension
Mar 30 14:05:50.404883 np0000161230 devstack@neutron-api.service[102198]: WSGI app 0 (mountpoint='') ready in 8 seconds on interpreter 0x7e5d6bea3668 pid: 102198 (default app)
Mar 30 14:05:52.092567 np0000161230 devstack@neutron-api.service[102198]: DEBUG neutron.plugins.ml2.drivers.ovn.mech_driver.ovsdb.ovsdb_monitor [-] Hash Ring: Node 5fda94c6634a56078aa9f53bd7fc5db8 (host: np0000161230) handling event "update" for row 2f300225-78ca-4f88-b972-d07ae93dc8fa (table: Connection) {{(pid=102198) notify /opt/stack/neutron/neutron/plugins/ml2/drivers/ovn/mech_driver/ovsdb/ovsdb_monitor.py:912}}
Mar 30 14:05:52.096622 np0000161230 devstack@neutron-api.service[102196]: DEBUG neutron.common.ovn.hash_ring_manager [-] Allow caching, nodes 4>=4 {{(pid=102196) _wait_startup_before_caching /opt/stack/neutron/neutron/common/ovn/hash_ring_manager.py:65}}
Mar 30 14:05:52.100673 np0000161230 devstack@neutron-api.service[102199]: DEBUG neutron.common.ovn.hash_ring_manager [-] Allow caching, nodes 4>=4 {{(pid=102199) _wait_startup_before_caching /opt/stack/neutron/neutron/common/ovn/hash_ring_manager.py:65}}
Mar 30 14:05:52.101417 np0000161230 devstack@neutron-api.service[102199]: DEBUG neutron.plugins.ml2.drivers.ovn.mech_driver.ovsdb.ovsdb_monitor [-] Hash Ring: Node 45460dd46f465c3c986bce7db9cb24bd (host: np0000161230) handling event "update" for row 2f300225-78ca-4f88-b972-d07ae93dc8fa (table: Connection) {{(pid=102199) notify /opt/stack/neutron/neutron/plugins/ml2/drivers/ovn/mech_driver/ovsdb/ovsdb_monitor.py:912}}
Mar 30 14:05:54.594601 np0000161230 devstack@neutron-api.service[102199]: DEBUG neutron.plugins.ml2.drivers.ovn.mech_driver.ovsdb.ovsdb_monitor [-] Hash Ring: Node 45460dd46f465c3c986bce7db9cb24bd (host: np0000161230) handling event "update" for row 2f300225-78ca-4f88-b972-d07ae93dc8fa (table: Connection) {{(pid=102199) notify /opt/stack/neutron/neutron/plugins/ml2/drivers/ovn/mech_driver/ovsdb/ovsdb_monitor.py:912}}
Mar 30 14:05:54.595063 np0000161230 devstack@neutron-api.service[102198]: DEBUG neutron.plugins.ml2.drivers.ovn.mech_driver.ovsdb.ovsdb_monitor [-] Hash Ring: Node 5fda94c6634a56078aa9f53bd7fc5db8 (host: np0000161230) handling event "update" for row 2f300225-78ca-4f88-b972-d07ae93dc8fa (table: Connection) {{(pid=102198) notify /opt/stack/neutron/neutron/plugins/ml2/drivers/ovn/mech_driver/ovsdb/ovsdb_monitor.py:912}}
Mar 30 14:05:55.618008 np0000161230 devstack@neutron-api.service[102199]: DEBUG neutron.api.wsgi [None req-6ffbdff6-0aa6-467f-b9a3-fffe49f3578f admin admin] Missing Content-Type {{(pid=102199) get_content_type /opt/stack/neutron/neutron/api/wsgi.py:85}}
Mar 30 14:05:55.618620 np0000161230 devstack@neutron-api.service[102199]: DEBUG neutron.api.wsgi [None req-6ffbdff6-0aa6-467f-b9a3-fffe49f3578f admin admin] https://199.204.45.235/networking/v2.0/extensions returned with HTTP 200 {{(pid=102199) __call__ /opt/stack/neutron/neutron/api/wsgi.py:545}}
Mar 30 14:05:55.618748 np0000161230 devstack@neutron-api.service[102199]: [pid: 102199|app: 0|req: 2/2] 199.204.45.235 () {64 vars in 1323 bytes} [Mon Mar 30 14:05:55 2026] GET /networking/v2.0/extensions => generated 15208 bytes in 256 msecs (HTTP/1.1 200) 4 headers in 159 bytes (1 switches on core 0)
Mar 30 14:05:55.999903 np0000161230 devstack@neutron-api.service[102196]: DEBUG neutron.api.v2.base [None req-80a3974e-d652-4841-a857-0db8d0f70675 admin admin] Request body: {'subnetpool': {'name': 'shared-default-subnetpool-v4', 'shared': True, 'default_prefixlen': 26, 'prefixes': ['10.1.0.0/20'], 'is_default': True}} {{(pid=102196) prepare_request_body /opt/stack/neutron/neutron/api/v2/base.py:729}}
Mar 30 14:05:56.200051 np0000161230 devstack@neutron-api.service[102196]: DEBUG neutron.policy [None req-80a3974e-d652-4841-a857-0db8d0f70675 admin admin] Loaded default policies from ['neutron'] under neutron.policies entry points {{(pid=102196) register_rules /opt/stack/neutron/neutron/policy.py:65}}
Mar 30 14:05:56.353219 np0000161230 devstack@neutron-api.service[102196]: DEBUG neutron_lib.callbacks.manager [None req-80a3974e-d652-4841-a857-0db8d0f70675 admin admin] Publish callbacks ['neutron.objects.securitygroup.RbacNeutronDbObjectMixin.validate_rbac_policy_change-2648177527664', 'neutron.objects.address_group.RbacNeutronDbObjectMixin.validate_rbac_policy_change-2648177522372', 'neutron.objects.network.RbacNeutronDbObjectMixin.validate_rbac_policy_change-2648177170475', 'neutron.objects.qos.policy.RbacNeutronDbObjectMixin.validate_rbac_policy_change-2648177173972', 'neutron.objects.subnetpool.RbacNeutronDbObjectMixin.validate_rbac_policy_change-2648177152533', 'neutron.objects.address_scope.RbacNeutronDbObjectMixin.validate_rbac_policy_change-2648177153567', 'neutron.plugins.ml2.plugin.External_net_db_mixin._process_ext_policy_create-176407', 'neutron.plugins.ml2.plugin.NeutronDbPluginV2.validate_network_rbac_policy_change-91383'] for rbac-policy (None), before_create {{(pid=102196) _notify_loop /opt/stack/data/venv/lib/python3.12/site-packages/neutron_lib/callbacks/manager.py:184}}
Mar 30 14:05:56.399629 np0000161230 devstack@neutron-api.service[102196]: DEBUG neutron_lib.callbacks.manager [None req-80a3974e-d652-4841-a857-0db8d0f70675 admin admin] Publish callbacks [] for subnetpool (None), before_response {{(pid=102196) _notify_loop /opt/stack/data/venv/lib/python3.12/site-packages/neutron_lib/callbacks/manager.py:184}}
Mar 30 14:05:56.400213 np0000161230 devstack@neutron-api.service[102196]: [pid: 102196|app: 0|req: 1/3] 199.204.45.235 () {68 vars in 1367 bytes} [Mon Mar 30 14:05:55 2026] POST /networking/v2.0/subnetpools => generated 533 bytes in 505 msecs (HTTP/1.1 201) 4 headers in 162 bytes (1 switches on core 0)
Mar 30 14:05:56.718770 np0000161230 devstack@neutron-api.service[102197]: DEBUG neutron.api.v2.base [None req-9eea4ccf-b36e-4ec2-b39c-58689fbfd4fc admin admin] Request body: {'subnetpool': {'name': 'shared-default-subnetpool-v6', 'shared': True, 'default_prefixlen': 64, 'prefixes': ['fd17:1357:76e4::/56'], 'is_default': True}} {{(pid=102197) prepare_request_body /opt/stack/neutron/neutron/api/v2/base.py:729}}
Mar 30 14:05:56.888531 np0000161230 devstack@neutron-api.service[102197]: DEBUG neutron.policy [None req-9eea4ccf-b36e-4ec2-b39c-58689fbfd4fc admin admin] Loaded default policies from ['neutron'] under neutron.policies entry points {{(pid=102197) register_rules /opt/stack/neutron/neutron/policy.py:65}}
Mar 30 14:05:57.031915 np0000161230 devstack@neutron-api.service[102197]: DEBUG neutron_lib.callbacks.manager [None req-9eea4ccf-b36e-4ec2-b39c-58689fbfd4fc admin admin] Publish callbacks ['neutron.objects.securitygroup.RbacNeutronDbObjectMixin.validate_rbac_policy_change-2648177612930', 'neutron.objects.address_group.RbacNeutronDbObjectMixin.validate_rbac_policy_change-2648177144926', 'neutron.objects.network.RbacNeutronDbObjectMixin.validate_rbac_policy_change-2648177130915', 'neutron.objects.qos.policy.RbacNeutronDbObjectMixin.validate_rbac_policy_change-2648177127690', 'neutron.objects.subnetpool.RbacNeutronDbObjectMixin.validate_rbac_policy_change-2648177167361', 'neutron.objects.address_scope.RbacNeutronDbObjectMixin.validate_rbac_policy_change-2648177165927', 'neutron.plugins.ml2.plugin.External_net_db_mixin._process_ext_policy_create-88113', 'neutron.plugins.ml2.plugin.NeutronDbPluginV2.validate_network_rbac_policy_change-186269'] for rbac-policy (None), before_create {{(pid=102197) _notify_loop /opt/stack/data/venv/lib/python3.12/site-packages/neutron_lib/callbacks/manager.py:184}}
Mar 30 14:05:57.074141 np0000161230 devstack@neutron-api.service[102197]: DEBUG neutron_lib.callbacks.manager [None req-9eea4ccf-b36e-4ec2-b39c-58689fbfd4fc admin admin] Publish callbacks [] for subnetpool (None), before_response {{(pid=102197) _notify_loop /opt/stack/data/venv/lib/python3.12/site-packages/neutron_lib/callbacks/manager.py:184}}
Mar 30 14:05:57.074822 np0000161230 devstack@neutron-api.service[102197]: [pid: 102197|app: 0|req: 1/4] 199.204.45.235 () {68 vars in 1367 bytes} [Mon Mar 30 14:05:56 2026] POST /networking/v2.0/subnetpools => generated 543 bytes in 460 msecs (HTTP/1.1 201) 4 headers in 162 bytes (1 switches on core 0)
Mar 30 14:05:57.456124 np0000161230 devstack@neutron-api.service[102198]: DEBUG neutron.api.v2.base [None req-bbe6879c-18a9-466a-92b2-9f8885d0bdc7 admin admin] Request body: {'network': {'name': 'private', 'admin_state_up': True}} {{(pid=102198) prepare_request_body /opt/stack/neutron/neutron/api/v2/base.py:729}}
Mar 30 14:05:57.482917 np0000161230 devstack@neutron-api.service[102198]: DEBUG neutron.pecan_wsgi.hooks.quota_enforcement [None req-bbe6879c-18a9-466a-92b2-9f8885d0bdc7 admin admin] Made reservation on behalf of 0f4470ca18c049a581def9c809c71be8 for: {'network': 1} {{(pid=102198) before /opt/stack/neutron/neutron/pecan_wsgi/hooks/quota_enforcement.py:66}}
Mar 30 14:05:57.652218 np0000161230 devstack@neutron-api.service[102198]: DEBUG neutron.policy [None req-bbe6879c-18a9-466a-92b2-9f8885d0bdc7 admin admin] Loaded default policies from ['neutron'] under neutron.policies entry points {{(pid=102198) register_rules /opt/stack/neutron/neutron/policy.py:65}}
Mar 30 14:05:57.752757 np0000161230 devstack@neutron-api.service[102198]: DEBUG neutron_lib.callbacks.manager [None req-bbe6879c-18a9-466a-92b2-9f8885d0bdc7 admin admin] Publish callbacks ['neutron.plugins.ml2.plugin.SecurityGroupDbMixin._ensure_default_security_group_handler-28031'] for network (None), before_create {{(pid=102198) _notify_loop /opt/stack/data/venv/lib/python3.12/site-packages/neutron_lib/callbacks/manager.py:184}}
Mar 30 14:05:57.770358 np0000161230 devstack@neutron-api.service[102198]: DEBUG neutron_lib.callbacks.manager [None req-bbe6879c-18a9-466a-92b2-9f8885d0bdc7 admin admin] Publish callbacks [] for security_group (None), before_create {{(pid=102198) _notify_loop /opt/stack/data/venv/lib/python3.12/site-packages/neutron_lib/callbacks/manager.py:184}}
Mar 30 14:05:57.859137 np0000161230 devstack@neutron-api.service[102198]: DEBUG neutron_lib.callbacks.manager [None req-bbe6879c-18a9-466a-92b2-9f8885d0bdc7 admin admin] Publish callbacks ['neutron.plugins.ml2.drivers.ovn.mech_driver.mech_driver.OVNMechanismDriver._create_security_group_precommit-1902232'] for security_group (64bb2421-bae7-48c8-8944-584a3371e38b), precommit_create {{(pid=102198) _notify_loop /opt/stack/data/venv/lib/python3.12/site-packages/neutron_lib/callbacks/manager.py:184}}
Mar 30 14:05:57.859327 np0000161230 devstack@neutron-api.service[102198]: DEBUG neutron.db.ovn_revision_numbers_db [None req-bbe6879c-18a9-466a-92b2-9f8885d0bdc7 admin admin] create_initial_revision uuid=64bb2421-bae7-48c8-8944-584a3371e38b, type=security_groups, rev=-1 {{(pid=102198) create_initial_revision /opt/stack/neutron/neutron/db/ovn_revision_numbers_db.py:98}}
Mar 30 14:05:57.861434 np0000161230 devstack@neutron-api.service[102198]: DEBUG neutron.db.ovn_revision_numbers_db [None req-bbe6879c-18a9-466a-92b2-9f8885d0bdc7 admin admin] create_initial_revision uuid=05296c5e-99ee-428a-8491-4d28331baa63, type=security_group_rules, rev=-1 {{(pid=102198) create_initial_revision /opt/stack/neutron/neutron/db/ovn_revision_numbers_db.py:98}}
Mar 30 14:05:57.862443 np0000161230 devstack@neutron-api.service[102198]: DEBUG neutron.db.ovn_revision_numbers_db [None req-bbe6879c-18a9-466a-92b2-9f8885d0bdc7 admin admin] create_initial_revision uuid=053d1a7f-8746-4d9c-8ea2-dcbc212fabb0, type=security_group_rules, rev=-1 {{(pid=102198) create_initial_revision /opt/stack/neutron/neutron/db/ovn_revision_numbers_db.py:98}}
Mar 30 14:05:57.863686 np0000161230 devstack@neutron-api.service[102198]: DEBUG neutron.db.ovn_revision_numbers_db [None req-bbe6879c-18a9-466a-92b2-9f8885d0bdc7 admin admin] create_initial_revision uuid=cc6f25de-8009-4189-86be-0051f63c1912, type=security_group_rules, rev=-1 {{(pid=102198) create_initial_revision /opt/stack/neutron/neutron/db/ovn_revision_numbers_db.py:98}}
Mar 30 14:05:57.865031 np0000161230 devstack@neutron-api.service[102198]: DEBUG neutron.db.ovn_revision_numbers_db [None req-bbe6879c-18a9-466a-92b2-9f8885d0bdc7 admin admin] create_initial_revision uuid=d81a97ad-2213-4c95-babb-09b2a2ef98b1, type=security_group_rules, rev=-1 {{(pid=102198) create_initial_revision /opt/stack/neutron/neutron/db/ovn_revision_numbers_db.py:98}}
Mar 30 14:05:57.872014 np0000161230 devstack@neutron-api.service[102198]: DEBUG neutron_lib.callbacks.manager [None req-bbe6879c-18a9-466a-92b2-9f8885d0bdc7 admin admin] Publish callbacks ['neutron.plugins.ml2.drivers.ovn.mech_driver.mech_driver.OVNMechanismDriver._create_security_group-1902226', 'neutron.plugins.ml2.ovo_rpc._ObjectChangeHandler.handle_event-6837095'] for security_group (64bb2421-bae7-48c8-8944-584a3371e38b), after_create {{(pid=102198) _notify_loop /opt/stack/data/venv/lib/python3.12/site-packages/neutron_lib/callbacks/manager.py:184}}
Mar 30 14:05:57.873320 np0000161230 devstack@neutron-api.service[102198]: DEBUG ovsdbapp.backend.ovs_idl.transaction [-] Running txn n=1 command(idx=0): PgAddCommand(_result=None, name=pg_64bb2421_bae7_48c8_8944_584a3371e38b, may_exist=False, columns={'acls': [], 'external_ids': {'neutron:security_group_id': '64bb2421-bae7-48c8-8944-584a3371e38b'}}) {{(pid=102198) do_commit /opt/stack/data/venv/lib/python3.12/site-packages/ovsdbapp/backend/ovs_idl/transaction.py:89}}
Mar 30 14:05:57.875801 np0000161230 devstack@neutron-api.service[102198]: DEBUG ovsdbapp.backend.ovs_idl.transaction [-] Running txn n=1 command(idx=1): PgAclAddCommand(_result=None, entity=pg_64bb2421_bae7_48c8_8944_584a3371e38b, direction=to-lport, priority=1002, match=outport == @pg_64bb2421_bae7_48c8_8944_584a3371e38b && ip6 && ip6.src == $pg_64bb2421_bae7_48c8_8944_584a3371e38b_ip6, action=allow-related, log=False, may_exist=True, severity=[], name=[], meter=[], external_ids={'neutron:security_group_rule_id': '05296c5e-99ee-428a-8491-4d28331baa63'}) {{(pid=102198) do_commit /opt/stack/data/venv/lib/python3.12/site-packages/ovsdbapp/backend/ovs_idl/transaction.py:89}}
Mar 30 14:05:57.876480 np0000161230 devstack@neutron-api.service[102198]: DEBUG ovsdbapp.backend.ovs_idl.transaction [-] Running txn n=1 command(idx=2): PgAclAddCommand(_result=None, entity=pg_64bb2421_bae7_48c8_8944_584a3371e38b, direction=from-lport, priority=1002, match=inport == @pg_64bb2421_bae7_48c8_8944_584a3371e38b && ip6, action=allow-related, log=False, may_exist=True, severity=[], name=[], meter=[], external_ids={'neutron:security_group_rule_id': '053d1a7f-8746-4d9c-8ea2-dcbc212fabb0'}) {{(pid=102198) do_commit /opt/stack/data/venv/lib/python3.12/site-packages/ovsdbapp/backend/ovs_idl/transaction.py:89}}
Mar 30 14:05:57.877064 np0000161230 devstack@neutron-api.service[102198]: DEBUG ovsdbapp.backend.ovs_idl.transaction [-] Running txn n=1 command(idx=3): PgAclAddCommand(_result=None, entity=pg_64bb2421_bae7_48c8_8944_584a3371e38b, direction=to-lport, priority=1002, match=outport == @pg_64bb2421_bae7_48c8_8944_584a3371e38b && ip4 && ip4.src == $pg_64bb2421_bae7_48c8_8944_584a3371e38b_ip4, action=allow-related, log=False, may_exist=True, severity=[], name=[], meter=[], external_ids={'neutron:security_group_rule_id': 'cc6f25de-8009-4189-86be-0051f63c1912'}) {{(pid=102198) do_commit /opt/stack/data/venv/lib/python3.12/site-packages/ovsdbapp/backend/ovs_idl/transaction.py:89}}
Mar 30 14:05:57.877647 np0000161230 devstack@neutron-api.service[102198]: DEBUG ovsdbapp.backend.ovs_idl.transaction [-] Running txn n=1 command(idx=4): PgAclAddCommand(_result=None, entity=pg_64bb2421_bae7_48c8_8944_584a3371e38b, direction=from-lport, priority=1002, match=inport == @pg_64bb2421_bae7_48c8_8944_584a3371e38b && ip4, action=allow-related, log=False, may_exist=True, severity=[], name=[], meter=[], external_ids={'neutron:security_group_rule_id': 'd81a97ad-2213-4c95-babb-09b2a2ef98b1'}) {{(pid=102198) do_commit /opt/stack/data/venv/lib/python3.12/site-packages/ovsdbapp/backend/ovs_idl/transaction.py:89}}
Mar 30 14:05:57.884130 np0000161230 devstack@neutron-api.service[102198]: DEBUG neutron.plugins.ml2.drivers.ovn.mech_driver.ovsdb.ovsdb_monitor [-] Hash Ring: Node 5fda94c6634a56078aa9f53bd7fc5db8 (host: np0000161230) handling event "create" for row 7461ead4-7bde-4727-9ecf-efcc9bdfcd07 (table: ACL) {{(pid=102198) notify /opt/stack/neutron/neutron/plugins/ml2/drivers/ovn/mech_driver/ovsdb/ovsdb_monitor.py:912}}
Mar 30 14:05:57.884331 np0000161230 devstack@neutron-api.service[102198]: DEBUG neutron.plugins.ml2.drivers.ovn.mech_driver.ovsdb.ovsdb_monitor [-] Hash Ring: Node 5fda94c6634a56078aa9f53bd7fc5db8 (host: np0000161230) handling event "create" for row 95a0dfb2-f794-467b-8478-28a2b27a02eb (table: ACL) {{(pid=102198) notify /opt/stack/neutron/neutron/plugins/ml2/drivers/ovn/mech_driver/ovsdb/ovsdb_monitor.py:912}}
Mar 30 14:05:57.884566 np0000161230 devstack@neutron-api.service[102198]: DEBUG neutron.plugins.ml2.drivers.ovn.mech_driver.ovsdb.ovsdb_monitor [-] Hash Ring: Node 5fda94c6634a56078aa9f53bd7fc5db8 (host: np0000161230) handling event "create" for row 46a2aeae-8dba-4e14-8f39-7105f7516555 (table: Port_Group) {{(pid=102198) notify /opt/stack/neutron/neutron/plugins/ml2/drivers/ovn/mech_driver/ovsdb/ovsdb_monitor.py:912}}
Mar 30 14:05:57.885980 np0000161230 devstack@neutron-api.service[102199]: DEBUG neutron.plugins.ml2.drivers.ovn.mech_driver.ovsdb.ovsdb_monitor [-] Hash Ring: Node 45460dd46f465c3c986bce7db9cb24bd (host: np0000161230) handling event "create" for row 7461ead4-7bde-4727-9ecf-efcc9bdfcd07 (table: ACL) {{(pid=102199) notify /opt/stack/neutron/neutron/plugins/ml2/drivers/ovn/mech_driver/ovsdb/ovsdb_monitor.py:912}}
Mar 30 14:05:57.886338 np0000161230 devstack@neutron-api.service[102196]: DEBUG neutron.plugins.ml2.drivers.ovn.mech_driver.ovsdb.ovsdb_monitor [-] Hash Ring: Node 803c6471840653938ad5809eecce9303 (host: np0000161230) handling event "create" for row 7461ead4-7bde-4727-9ecf-efcc9bdfcd07 (table: ACL) {{(pid=102196) notify /opt/stack/neutron/neutron/plugins/ml2/drivers/ovn/mech_driver/ovsdb/ovsdb_monitor.py:912}}
Mar 30 14:05:57.886610 np0000161230 devstack@neutron-api.service[102199]: DEBUG neutron.plugins.ml2.drivers.ovn.mech_driver.ovsdb.ovsdb_monitor [-] Hash Ring: Node 45460dd46f465c3c986bce7db9cb24bd (host: np0000161230) handling event "create" for row 95a0dfb2-f794-467b-8478-28a2b27a02eb (table: ACL) {{(pid=102199) notify /opt/stack/neutron/neutron/plugins/ml2/drivers/ovn/mech_driver/ovsdb/ovsdb_monitor.py:912}}
Mar 30 14:05:57.886668 np0000161230 devstack@neutron-api.service[102196]: DEBUG neutron.plugins.ml2.drivers.ovn.mech_driver.ovsdb.ovsdb_monitor [-] Hash Ring: Node 803c6471840653938ad5809eecce9303 (host: np0000161230) handling event "create" for row c9ae6c4e-fdf7-48cc-91c1-48c5841265de (table: ACL) {{(pid=102196) notify /opt/stack/neutron/neutron/plugins/ml2/drivers/ovn/mech_driver/ovsdb/ovsdb_monitor.py:912}}
Mar 30 14:05:57.886668 np0000161230 devstack@neutron-api.service[102196]: DEBUG neutron.plugins.ml2.drivers.ovn.mech_driver.ovsdb.ovsdb_monitor [-] Hash Ring: Node 803c6471840653938ad5809eecce9303 (host: np0000161230) handling event "create" for row d300b4dc-4be4-4da3-88bc-113311a582ad (table: ACL) {{(pid=102196) notify /opt/stack/neutron/neutron/plugins/ml2/drivers/ovn/mech_driver/ovsdb/ovsdb_monitor.py:912}}
Mar 30 14:05:57.886766 np0000161230 devstack@neutron-api.service[102199]: DEBUG neutron.plugins.ml2.drivers.ovn.mech_driver.ovsdb.ovsdb_monitor [-] Hash Ring: Node 45460dd46f465c3c986bce7db9cb24bd (host: np0000161230) handling event "create" for row c9ae6c4e-fdf7-48cc-91c1-48c5841265de (table: ACL) {{(pid=102199) notify /opt/stack/neutron/neutron/plugins/ml2/drivers/ovn/mech_driver/ovsdb/ovsdb_monitor.py:912}}
Mar 30 14:05:57.886864 np0000161230 devstack@neutron-api.service[102199]: DEBUG neutron.plugins.ml2.drivers.ovn.mech_driver.ovsdb.ovsdb_monitor [-] Hash Ring: Node 45460dd46f465c3c986bce7db9cb24bd (host: np0000161230) handling event "create" for row d300b4dc-4be4-4da3-88bc-113311a582ad (table: ACL) {{(pid=102199) notify /opt/stack/neutron/neutron/plugins/ml2/drivers/ovn/mech_driver/ovsdb/ovsdb_monitor.py:912}}
Mar 30 14:05:57.887130 np0000161230 devstack@neutron-api.service[102199]: DEBUG neutron.plugins.ml2.drivers.ovn.mech_driver.ovsdb.ovsdb_monitor [-] Hash Ring: Node 45460dd46f465c3c986bce7db9cb24bd (host: np0000161230) handling event "create" for row 46a2aeae-8dba-4e14-8f39-7105f7516555 (table: Port_Group) {{(pid=102199) notify /opt/stack/neutron/neutron/plugins/ml2/drivers/ovn/mech_driver/ovsdb/ovsdb_monitor.py:912}}
Mar 30 14:05:57.912299 np0000161230 devstack@neutron-api.service[102198]: INFO neutron.db.ovn_revision_numbers_db [None req-bbe6879c-18a9-466a-92b2-9f8885d0bdc7 admin admin] Successfully bumped revision number for resource 64bb2421-bae7-48c8-8944-584a3371e38b (type: security_groups) to 1
Mar 30 14:05:57.928491 np0000161230 devstack@neutron-api.service[102198]: INFO neutron.db.ovn_revision_numbers_db [None req-bbe6879c-18a9-466a-92b2-9f8885d0bdc7 admin admin] Successfully bumped revision number for resource 05296c5e-99ee-428a-8491-4d28331baa63 (type: security_group_rules) to 0
Mar 30 14:05:57.939527 np0000161230 devstack@neutron-api.service[102198]: INFO neutron.db.ovn_revision_numbers_db [None req-bbe6879c-18a9-466a-92b2-9f8885d0bdc7 admin admin] Successfully bumped revision number for resource 053d1a7f-8746-4d9c-8ea2-dcbc212fabb0 (type: security_group_rules) to 0
Mar 30 14:05:57.952613 np0000161230 devstack@neutron-api.service[102198]: INFO neutron.db.ovn_revision_numbers_db [None req-bbe6879c-18a9-466a-92b2-9f8885d0bdc7 admin admin] Successfully bumped revision number for resource cc6f25de-8009-4189-86be-0051f63c1912 (type: security_group_rules) to 0
Mar 30 14:05:57.964586 np0000161230 devstack@neutron-api.service[102198]: INFO neutron.db.ovn_revision_numbers_db [None req-bbe6879c-18a9-466a-92b2-9f8885d0bdc7 admin admin] Successfully bumped revision number for resource d81a97ad-2213-4c95-babb-09b2a2ef98b1 (type: security_group_rules) to 0
Mar 30 14:05:57.989727 np0000161230 devstack@neutron-api.service[102198]: DEBUG neutron.api.rpc.handlers.resources_rpc [None req-bbe6879c-18a9-466a-92b2-9f8885d0bdc7 admin admin] Pushing event updated for resources: {'SecurityGroup': ['ID=64bb2421-bae7-48c8-8944-584a3371e38b,revision_number=1']} {{(pid=102198) push /opt/stack/neutron/neutron/api/rpc/handlers/resources_rpc.py:237}}
Mar 30 14:05:57.998913 np0000161230 devstack@neutron-api.service[102198]: DEBUG ovsdbapp.backend.ovs_idl.transaction [-] Running txn n=1 command(idx=0): CheckLivenessCommand(_result=None) {{(pid=102198) do_commit /opt/stack/data/venv/lib/python3.12/site-packages/ovsdbapp/backend/ovs_idl/transaction.py:89}}
Mar 30 14:05:58.002657 np0000161230 devstack@neutron-api.service[102199]: DEBUG neutron.plugins.ml2.drivers.ovn.mech_driver.ovsdb.ovsdb_monitor [-] Hash Ring: Node 45460dd46f465c3c986bce7db9cb24bd (host: np0000161230) handling event "update" for row ad7bfb2c-9bd9-4de6-b116-1144f88b6e5e (table: NB_Global) {{(pid=102199) notify /opt/stack/neutron/neutron/plugins/ml2/drivers/ovn/mech_driver/ovsdb/ovsdb_monitor.py:912}}
Mar 30 14:05:58.003883 np0000161230 devstack@neutron-api.service[102197]: DEBUG neutron.plugins.ml2.drivers.ovn.mech_driver.ovsdb.ovsdb_monitor [-] Hash Ring: Node 37c0b52b570b59d4a454ace2d4599678 (host: np0000161230) handling event "update" for row ad7bfb2c-9bd9-4de6-b116-1144f88b6e5e (table: NB_Global) {{(pid=102197) notify /opt/stack/neutron/neutron/plugins/ml2/drivers/ovn/mech_driver/ovsdb/ovsdb_monitor.py:912}}
Mar 30 14:05:58.004281 np0000161230 devstack@neutron-api.service[102199]: DEBUG neutron.plugins.ml2.drivers.ovn.mech_driver.ovsdb.ovsdb_monitor [-] Hash Ring: Node 45460dd46f465c3c986bce7db9cb24bd (host: np0000161230) handling event "update" for row ad7bfb2c-9bd9-4de6-b116-1144f88b6e5e (table: NB_Global) {{(pid=102199) notify /opt/stack/neutron/neutron/plugins/ml2/drivers/ovn/mech_driver/ovsdb/ovsdb_monitor.py:912}}
Mar 30 14:05:58.005154 np0000161230 devstack@neutron-api.service[102197]: DEBUG neutron.plugins.ml2.drivers.ovn.mech_driver.ovsdb.ovsdb_monitor [-] Hash Ring: Node 37c0b52b570b59d4a454ace2d4599678 (host: np0000161230) handling event "update" for row ad7bfb2c-9bd9-4de6-b116-1144f88b6e5e (table: NB_Global) {{(pid=102197) notify /opt/stack/neutron/neutron/plugins/ml2/drivers/ovn/mech_driver/ovsdb/ovsdb_monitor.py:912}}
Mar 30 14:05:58.005244 np0000161230 devstack@neutron-api.service[102199]: DEBUG neutron.plugins.ml2.drivers.ovn.mech_driver.ovsdb.ovsdb_monitor [-] Hash Ring: Node 45460dd46f465c3c986bce7db9cb24bd (host: np0000161230) handling event "update" for row ad7bfb2c-9bd9-4de6-b116-1144f88b6e5e (table: NB_Global) {{(pid=102199) notify /opt/stack/neutron/neutron/plugins/ml2/drivers/ovn/mech_driver/ovsdb/ovsdb_monitor.py:912}}
Mar 30 14:05:58.005969 np0000161230 devstack@neutron-api.service[102196]: DEBUG neutron.plugins.ml2.drivers.ovn.mech_driver.ovsdb.ovsdb_monitor [-] ChassisAgentWriteEvent : Matched Chassis_Private, update, None None {{(pid=102196) matches /opt/stack/neutron/neutron/plugins/ml2/drivers/ovn/mech_driver/ovsdb/ovsdb_monitor.py:64}}
Mar 30 14:05:58.006477 np0000161230 devstack@neutron-api.service[102196]: DEBUG neutron.plugins.ml2.drivers.ovn.mech_driver.ovsdb.ovsdb_monitor [-] Hash Ring: Node 803c6471840653938ad5809eecce9303 (host: np0000161230) handling event "update" for row 9fa2dcf3-1f1a-4f54-8cab-87f53a23de20 (table: Chassis_Private) {{(pid=102196) notify /opt/stack/neutron/neutron/plugins/ml2/drivers/ovn/mech_driver/ovsdb/ovsdb_monitor.py:912}}
Mar 30 14:05:58.006898 np0000161230 devstack@neutron-api.service[102197]: DEBUG neutron.plugins.ml2.drivers.ovn.mech_driver.ovsdb.ovsdb_monitor [-] Hash Ring: Node 37c0b52b570b59d4a454ace2d4599678 (host: np0000161230) handling event "update" for row ad7bfb2c-9bd9-4de6-b116-1144f88b6e5e (table: NB_Global) {{(pid=102197) notify /opt/stack/neutron/neutron/plugins/ml2/drivers/ovn/mech_driver/ovsdb/ovsdb_monitor.py:912}}
Mar 30 14:05:58.007148 np0000161230 devstack@neutron-api.service[102199]: DEBUG neutron.plugins.ml2.drivers.ovn.mech_driver.ovsdb.ovsdb_monitor [-] ChassisAgentWriteEvent : Matched Chassis_Private, update, None None {{(pid=102199) matches /opt/stack/neutron/neutron/plugins/ml2/drivers/ovn/mech_driver/ovsdb/ovsdb_monitor.py:64}}
Mar 30 14:05:58.007568 np0000161230 devstack@neutron-api.service[102197]: DEBUG neutron.plugins.ml2.drivers.ovn.mech_driver.ovsdb.ovsdb_monitor [-] Hash Ring: Node 37c0b52b570b59d4a454ace2d4599678 (host: np0000161230) handling event "update" for row ad7bfb2c-9bd9-4de6-b116-1144f88b6e5e (table: NB_Global) {{(pid=102197) notify /opt/stack/neutron/neutron/plugins/ml2/drivers/ovn/mech_driver/ovsdb/ovsdb_monitor.py:912}}
Mar 30 14:05:58.008517 np0000161230 devstack@neutron-api.service[102198]: DEBUG neutron.api.rpc.callbacks.version_manager [None req-bbe6879c-18a9-466a-92b2-9f8885d0bdc7 admin admin] Tracked resource versions report:
Mar 30 14:05:58.008517 np0000161230 devstack@neutron-api.service[102198]: pushed versions:
Mar 30 14:05:58.008517 np0000161230 devstack@neutron-api.service[102198]: { 'AddressGroup': {'1.2'},
Mar 30 14:05:58.008517 np0000161230 devstack@neutron-api.service[102198]: 'Agent': {'1.1'},
Mar 30 14:05:58.008517 np0000161230 devstack@neutron-api.service[102198]: 'ConntrackHelper': {'1.0'},
Mar 30 14:05:58.008517 np0000161230 devstack@neutron-api.service[102198]: 'LocalIPAssociation': {'1.0'},
Mar 30 14:05:58.008517 np0000161230 devstack@neutron-api.service[102198]: 'Log': {'1.0'},
Mar 30 14:05:58.008517 np0000161230 devstack@neutron-api.service[102198]: 'NDPProxy': {'1.0'},
Mar 30 14:05:58.008517 np0000161230 devstack@neutron-api.service[102198]: 'Network': {'1.2'},
Mar 30 14:05:58.008517 np0000161230 devstack@neutron-api.service[102198]: 'Port': {'1.10'},
Mar 30 14:05:58.008517 np0000161230 devstack@neutron-api.service[102198]: 'PortForwarding': {'1.3'},
Mar 30 14:05:58.008517 np0000161230 devstack@neutron-api.service[102198]: 'QosPolicy': {'1.10'},
Mar 30 14:05:58.008517 np0000161230 devstack@neutron-api.service[102198]: 'SecurityGroup': {'1.6'},
Mar 30 14:05:58.008517 np0000161230 devstack@neutron-api.service[102198]: 'SecurityGroupRule': {'1.3'},
Mar 30 14:05:58.008517 np0000161230 devstack@neutron-api.service[102198]: 'SubPort': {'1.0'},
Mar 30 14:05:58.008517 np0000161230 devstack@neutron-api.service[102198]: 'Subnet': {'1.2'},
Mar 30 14:05:58.008517 np0000161230 devstack@neutron-api.service[102198]: 'Trunk': {'1.1'}}
Mar 30 14:05:58.008517 np0000161230 devstack@neutron-api.service[102198]: consumer versions:
Mar 30 14:05:58.008517 np0000161230 devstack@neutron-api.service[102198]: {}
Mar 30 14:05:58.008517 np0000161230 devstack@neutron-api.service[102198]: {{(pid=102198) report /opt/stack/neutron/neutron/api/rpc/callbacks/version_manager.py:183}}
Mar 30 14:05:58.010287 np0000161230 devstack@neutron-api.service[102197]: DEBUG neutron.plugins.ml2.drivers.ovn.mech_driver.ovsdb.ovsdb_monitor [-] ChassisAgentWriteEvent : Matched Chassis_Private, update, None None {{(pid=102197) matches /opt/stack/neutron/neutron/plugins/ml2/drivers/ovn/mech_driver/ovsdb/ovsdb_monitor.py:64}}
Mar 30 14:05:58.011352 np0000161230 devstack@neutron-api.service[102199]: DEBUG neutron.plugins.ml2.drivers.ovn.mech_driver.ovsdb.ovsdb_monitor [-] Hash Ring: Node 45460dd46f465c3c986bce7db9cb24bd (host: np0000161230) handling event "update" for row ad7bfb2c-9bd9-4de6-b116-1144f88b6e5e (table: NB_Global) {{(pid=102199) notify /opt/stack/neutron/neutron/plugins/ml2/drivers/ovn/mech_driver/ovsdb/ovsdb_monitor.py:912}}
Mar 30 14:05:58.012967 np0000161230 devstack@neutron-api.service[102197]: DEBUG neutron.plugins.ml2.drivers.ovn.mech_driver.ovsdb.ovsdb_monitor [-] ChassisOVNAgentWriteEvent : Matched Chassis_Private, update, None None {{(pid=102197) matches /opt/stack/neutron/neutron/plugins/ml2/drivers/ovn/mech_driver/ovsdb/ovsdb_monitor.py:64}}
Mar 30 14:05:58.013193 np0000161230 devstack@neutron-api.service[102196]: DEBUG neutron.plugins.ml2.drivers.ovn.mech_driver.ovsdb.ovsdb_monitor [-] ChassisOVNAgentWriteEvent : Matched Chassis_Private, update, None None {{(pid=102196) matches /opt/stack/neutron/neutron/plugins/ml2/drivers/ovn/mech_driver/ovsdb/ovsdb_monitor.py:64}}
Mar 30 14:05:58.013847 np0000161230 devstack@neutron-api.service[102199]: DEBUG neutron.common.ovn.hash_ring_manager [-] Allow caching, nodes 4>=4 {{(pid=102199) _wait_startup_before_caching /opt/stack/neutron/neutron/common/ovn/hash_ring_manager.py:65}}
Mar 30 14:05:58.014040 np0000161230 devstack@neutron-api.service[102199]: DEBUG neutron.plugins.ml2.drivers.ovn.mech_driver.ovsdb.ovsdb_monitor [-] Hash Ring: Node 45460dd46f465c3c986bce7db9cb24bd (host: np0000161230) handling event "update" for row 9fa2dcf3-1f1a-4f54-8cab-87f53a23de20 (table: Chassis_Private) {{(pid=102199) notify /opt/stack/neutron/neutron/plugins/ml2/drivers/ovn/mech_driver/ovsdb/ovsdb_monitor.py:912}}
Mar 30 14:05:58.014808 np0000161230 devstack@neutron-api.service[102196]: DEBUG neutron.plugins.ml2.drivers.ovn.mech_driver.ovsdb.ovsdb_monitor [-] Hash Ring: Node 803c6471840653938ad5809eecce9303 (host: np0000161230) handling event "update" for row 9fa2dcf3-1f1a-4f54-8cab-87f53a23de20 (table: Chassis_Private) {{(pid=102196) notify /opt/stack/neutron/neutron/plugins/ml2/drivers/ovn/mech_driver/ovsdb/ovsdb_monitor.py:912}}
Mar 30 14:05:58.015495 np0000161230 devstack@neutron-api.service[102199]: DEBUG neutron.plugins.ml2.drivers.ovn.mech_driver.ovsdb.ovsdb_monitor [-] ChassisOVNAgentWriteEvent : Matched Chassis_Private, update, None None {{(pid=102199) matches /opt/stack/neutron/neutron/plugins/ml2/drivers/ovn/mech_driver/ovsdb/ovsdb_monitor.py:64}}
Mar 30 14:05:58.015899 np0000161230 devstack@neutron-api.service[102199]: DEBUG neutron.plugins.ml2.drivers.ovn.mech_driver.ovsdb.ovsdb_monitor [-] Hash Ring: Node 45460dd46f465c3c986bce7db9cb24bd (host: np0000161230) handling event "update" for row 9fa2dcf3-1f1a-4f54-8cab-87f53a23de20 (table: Chassis_Private) {{(pid=102199) notify /opt/stack/neutron/neutron/plugins/ml2/drivers/ovn/mech_driver/ovsdb/ovsdb_monitor.py:912}}
Mar 30 14:05:58.016845 np0000161230 devstack@neutron-api.service[102198]: DEBUG neutron.plugins.ml2.drivers.ovn.mech_driver.ovsdb.ovsdb_monitor [-] ChassisAgentWriteEvent : Matched Chassis_Private, update, None None {{(pid=102198) matches /opt/stack/neutron/neutron/plugins/ml2/drivers/ovn/mech_driver/ovsdb/ovsdb_monitor.py:64}}
Mar 30 14:05:58.019066 np0000161230 devstack@neutron-api.service[102198]: DEBUG neutron.plugins.ml2.drivers.ovn.mech_driver.ovsdb.ovsdb_monitor [-] ChassisOVNAgentWriteEvent : Matched Chassis_Private, update, None None {{(pid=102198) matches /opt/stack/neutron/neutron/plugins/ml2/drivers/ovn/mech_driver/ovsdb/ovsdb_monitor.py:64}}
Mar 30 14:05:58.073204 np0000161230 devstack@neutron-api.service[102198]: DEBUG neutron.plugins.ml2.drivers.helpers [None req-bbe6879c-18a9-466a-92b2-9f8885d0bdc7 admin admin] geneve segment allocate from pool success with {'geneve_vni': 59923} {{(pid=102198) allocate_partially_specified_segment /opt/stack/neutron/neutron/plugins/ml2/drivers/helpers.py:142}}
Mar 30 14:05:58.085688 np0000161230 devstack@neutron-api.service[102198]: DEBUG neutron_lib.callbacks.manager [None req-bbe6879c-18a9-466a-92b2-9f8885d0bdc7 admin admin] Publish callbacks ['neutron.services.segments.db._add_segment_host_mapping_for_segment-8683724868148', 'neutron.plugins.ml2.plugin.Ml2Plugin._handle_segment_change-267923'] for segment (e71a10f2-7567-4bc4-94ad-b06b7c2153e6), precommit_create {{(pid=102198) _notify_loop /opt/stack/data/venv/lib/python3.12/site-packages/neutron_lib/callbacks/manager.py:184}}
