Mar 30 14:06:20.705298 np0000161230 nova-scheduler[107451]: DEBUG cotyledon.oslo_config_glue [-] vnc.vencrypt_client_cert = None {{(pid=107451) log_opt_values /opt/stack/data/venv/lib/python3.12/site-packages/oslo_config/cfg.py:3006}}
Mar 30 14:06:20.705298 np0000161230 nova-scheduler[107451]: DEBUG cotyledon.oslo_config_glue [-] vnc.vencrypt_client_key = None {{(pid=107451) log_opt_values /opt/stack/data/venv/lib/python3.12/site-packages/oslo_config/cfg.py:3006}}
Mar 30 14:06:20.705298 np0000161230 nova-scheduler[107451]: DEBUG cotyledon.oslo_config_glue [-] workarounds.disable_compute_service_check_for_ffu = False {{(pid=107451) log_opt_values /opt/stack/data/venv/lib/python3.12/site-packages/oslo_config/cfg.py:3006}}
Mar 30 14:06:20.705298 np0000161230 nova-scheduler[107451]: DEBUG cotyledon.oslo_config_glue [-] workarounds.disable_deep_image_inspection = False {{(pid=107451) log_opt_values /opt/stack/data/venv/lib/python3.12/site-packages/oslo_config/cfg.py:3006}}
Mar 30 14:06:20.705298 np0000161230 nova-scheduler[107451]: DEBUG cotyledon.oslo_config_glue [-] workarounds.disable_fallback_pcpu_query = False {{(pid=107451) log_opt_values /opt/stack/data/venv/lib/python3.12/site-packages/oslo_config/cfg.py:3006}}
Mar 30 14:06:20.705298 np0000161230 nova-scheduler[107451]: DEBUG cotyledon.oslo_config_glue [-] workarounds.disable_group_policy_check_upcall = False {{(pid=107451) log_opt_values /opt/stack/data/venv/lib/python3.12/site-packages/oslo_config/cfg.py:3006}}
Mar 30 14:06:20.705547 np0000161230 nova-scheduler[107451]: DEBUG cotyledon.oslo_config_glue [-] workarounds.disable_libvirt_livesnapshot = False {{(pid=107451) log_opt_values /opt/stack/data/venv/lib/python3.12/site-packages/oslo_config/cfg.py:3006}}
Mar 30 14:06:20.705547 np0000161230 nova-scheduler[107451]: DEBUG cotyledon.oslo_config_glue [-] workarounds.disable_rootwrap = False {{(pid=107451) log_opt_values /opt/stack/data/venv/lib/python3.12/site-packages/oslo_config/cfg.py:3006}}
Mar 30 14:06:20.705547 np0000161230 nova-scheduler[107451]: DEBUG cotyledon.oslo_config_glue [-] workarounds.enable_numa_live_migration = False {{(pid=107451) log_opt_values /opt/stack/data/venv/lib/python3.12/site-packages/oslo_config/cfg.py:3006}}
Mar 30 14:06:20.705547 np0000161230 nova-scheduler[107451]: DEBUG cotyledon.oslo_config_glue [-] workarounds.enable_qemu_monitor_announce_self = False {{(pid=107451) log_opt_values /opt/stack/data/venv/lib/python3.12/site-packages/oslo_config/cfg.py:3006}}
Mar 30 14:06:20.705547 np0000161230 nova-scheduler[107451]: DEBUG cotyledon.oslo_config_glue [-] workarounds.ensure_libvirt_rbd_instance_dir_cleanup = False {{(pid=107451) log_opt_values /opt/stack/data/venv/lib/python3.12/site-packages/oslo_config/cfg.py:3006}}
Mar 30 14:06:20.705547 np0000161230 nova-scheduler[107451]: DEBUG cotyledon.oslo_config_glue [-] workarounds.handle_virt_lifecycle_events = True {{(pid=107451) log_opt_values /opt/stack/data/venv/lib/python3.12/site-packages/oslo_config/cfg.py:3006}}
Mar 30 14:06:20.705547 np0000161230 nova-scheduler[107451]: DEBUG cotyledon.oslo_config_glue [-] workarounds.libvirt_disable_apic = False {{(pid=107451) log_opt_values /opt/stack/data/venv/lib/python3.12/site-packages/oslo_config/cfg.py:3006}}
Mar 30 14:06:20.705547 np0000161230 nova-scheduler[107451]: DEBUG cotyledon.oslo_config_glue [-] workarounds.never_download_image_if_on_rbd = False {{(pid=107451) log_opt_values /opt/stack/data/venv/lib/python3.12/site-packages/oslo_config/cfg.py:3006}}
Mar 30 14:06:20.705547 np0000161230 nova-scheduler[107451]: DEBUG cotyledon.oslo_config_glue [-] workarounds.qemu_monitor_announce_self_count = 3 {{(pid=107451) log_opt_values /opt/stack/data/venv/lib/python3.12/site-packages/oslo_config/cfg.py:3006}}
Mar 30 14:06:20.705770 np0000161230 nova-scheduler[107451]: DEBUG cotyledon.oslo_config_glue [-] workarounds.qemu_monitor_announce_self_interval = 1 {{(pid=107451) log_opt_values /opt/stack/data/venv/lib/python3.12/site-packages/oslo_config/cfg.py:3006}}
Mar 30 14:06:20.705770 np0000161230 nova-scheduler[107451]: DEBUG cotyledon.oslo_config_glue [-] workarounds.reserve_disk_resource_for_image_cache = False {{(pid=107451) log_opt_values /opt/stack/data/venv/lib/python3.12/site-packages/oslo_config/cfg.py:3006}}
Mar 30 14:06:20.705770 np0000161230 nova-scheduler[107451]: DEBUG cotyledon.oslo_config_glue [-] workarounds.skip_cpu_compare_at_startup = False {{(pid=107451) log_opt_values /opt/stack/data/venv/lib/python3.12/site-packages/oslo_config/cfg.py:3006}}
Mar 30 14:06:20.705770 np0000161230 nova-scheduler[107451]: DEBUG cotyledon.oslo_config_glue [-] workarounds.skip_cpu_compare_on_dest = False {{(pid=107451) log_opt_values /opt/stack/data/venv/lib/python3.12/site-packages/oslo_config/cfg.py:3006}}
Mar 30 14:06:20.705770 np0000161230 nova-scheduler[107451]: DEBUG cotyledon.oslo_config_glue [-] workarounds.skip_hypervisor_version_check_on_lm = False {{(pid=107451) log_opt_values /opt/stack/data/venv/lib/python3.12/site-packages/oslo_config/cfg.py:3006}}
Mar 30 14:06:20.705770 np0000161230 nova-scheduler[107451]: DEBUG cotyledon.oslo_config_glue [-] workarounds.skip_reserve_in_use_ironic_nodes = False {{(pid=107451) log_opt_values /opt/stack/data/venv/lib/python3.12/site-packages/oslo_config/cfg.py:3006}}
Mar 30 14:06:20.705770 np0000161230 nova-scheduler[107451]: DEBUG cotyledon.oslo_config_glue [-] workarounds.unified_limits_count_pcpu_as_vcpu = False {{(pid=107451) log_opt_values /opt/stack/data/venv/lib/python3.12/site-packages/oslo_config/cfg.py:3006}}
Mar 30 14:06:20.705770 np0000161230 nova-scheduler[107451]: DEBUG cotyledon.oslo_config_glue [-] workarounds.wait_for_vif_plugged_event_during_hard_reboot = [] {{(pid=107451) log_opt_values /opt/stack/data/venv/lib/python3.12/site-packages/oslo_config/cfg.py:3006}}
Mar 30 14:06:20.705978 np0000161230 nova-scheduler[107451]: DEBUG cotyledon.oslo_config_glue [-] wsgi.api_paste_config = /etc/nova/api-paste.ini {{(pid=107451) log_opt_values /opt/stack/data/venv/lib/python3.12/site-packages/oslo_config/cfg.py:3006}}
Mar 30 14:06:20.705978 np0000161230 nova-scheduler[107451]: DEBUG cotyledon.oslo_config_glue [-] wsgi.secure_proxy_ssl_header = None {{(pid=107451) log_opt_values /opt/stack/data/venv/lib/python3.12/site-packages/oslo_config/cfg.py:3006}}
Mar 30 14:06:20.705978 np0000161230 nova-scheduler[107451]: DEBUG cotyledon.oslo_config_glue [-] zvm.ca_file = None {{(pid=107451) log_opt_values /opt/stack/data/venv/lib/python3.12/site-packages/oslo_config/cfg.py:3006}}
Mar 30 14:06:20.705978 np0000161230 nova-scheduler[107451]: DEBUG cotyledon.oslo_config_glue [-] zvm.cloud_connector_url = None {{(pid=107451) log_opt_values /opt/stack/data/venv/lib/python3.12/site-packages/oslo_config/cfg.py:3006}}
Mar 30 14:06:20.705978 np0000161230 nova-scheduler[107451]: DEBUG cotyledon.oslo_config_glue [-] zvm.image_tmp_path = /opt/stack/data/nova/images {{(pid=107451) log_opt_values /opt/stack/data/venv/lib/python3.12/site-packages/oslo_config/cfg.py:3006}}
Mar 30 14:06:20.705978 np0000161230 nova-scheduler[107451]: DEBUG cotyledon.oslo_config_glue [-] zvm.reachable_timeout = 300 {{(pid=107451) log_opt_values /opt/stack/data/venv/lib/python3.12/site-packages/oslo_config/cfg.py:3006}}
Mar 30 14:06:20.705978 np0000161230 nova-scheduler[107451]: DEBUG cotyledon.oslo_config_glue [-] oslo_versionedobjects.fatal_exception_format_errors = False {{(pid=107451) log_opt_values /opt/stack/data/venv/lib/python3.12/site-packages/oslo_config/cfg.py:3006}}
Mar 30 14:06:20.705978 np0000161230 nova-scheduler[107451]: DEBUG cotyledon.oslo_config_glue [-] oslo_middleware.http_basic_auth_user_file = /etc/htpasswd {{(pid=107451) log_opt_values /opt/stack/data/venv/lib/python3.12/site-packages/oslo_config/cfg.py:3006}}
Mar 30 14:06:20.705978 np0000161230 nova-scheduler[107451]: DEBUG cotyledon.oslo_config_glue [-] oslo_messaging_metrics.metrics_buffer_size = 1000 {{(pid=107451) log_opt_values /opt/stack/data/venv/lib/python3.12/site-packages/oslo_config/cfg.py:3006}}
Mar 30 14:06:20.706206 np0000161230 nova-scheduler[107451]: DEBUG cotyledon.oslo_config_glue [-] oslo_messaging_metrics.metrics_enabled = False {{(pid=107451) log_opt_values /opt/stack/data/venv/lib/python3.12/site-packages/oslo_config/cfg.py:3006}}
Mar 30 14:06:20.706206 np0000161230 nova-scheduler[107451]: DEBUG cotyledon.oslo_config_glue [-] oslo_messaging_metrics.metrics_process_name = {{(pid=107451) log_opt_values /opt/stack/data/venv/lib/python3.12/site-packages/oslo_config/cfg.py:3006}}
Mar 30 14:06:20.706206 np0000161230 nova-scheduler[107451]: DEBUG cotyledon.oslo_config_glue [-] oslo_messaging_metrics.metrics_socket_file = /var/tmp/metrics_collector.sock {{(pid=107451) log_opt_values /opt/stack/data/venv/lib/python3.12/site-packages/oslo_config/cfg.py:3006}}
Mar 30 14:06:20.706206 np0000161230 nova-scheduler[107451]: DEBUG cotyledon.oslo_config_glue [-] oslo_messaging_metrics.metrics_thread_stop_timeout = 10 {{(pid=107451) log_opt_values /opt/stack/data/venv/lib/python3.12/site-packages/oslo_config/cfg.py:3006}}
Mar 30 14:06:20.706206 np0000161230 nova-scheduler[107451]: DEBUG cotyledon.oslo_config_glue [-] profiler.connection_string = messaging:// {{(pid=107451) log_opt_values /opt/stack/data/venv/lib/python3.12/site-packages/oslo_config/cfg.py:3006}}
Mar 30 14:06:20.706206 np0000161230 nova-scheduler[107451]: DEBUG cotyledon.oslo_config_glue [-] profiler.enabled = False {{(pid=107451) log_opt_values /opt/stack/data/venv/lib/python3.12/site-packages/oslo_config/cfg.py:3006}}
Mar 30 14:06:20.706206 np0000161230 nova-scheduler[107451]: DEBUG cotyledon.oslo_config_glue [-] profiler.es_doc_type = notification {{(pid=107451) log_opt_values /opt/stack/data/venv/lib/python3.12/site-packages/oslo_config/cfg.py:3006}}
Mar 30 14:06:20.706206 np0000161230 nova-scheduler[107451]: DEBUG cotyledon.oslo_config_glue [-] profiler.es_scroll_size = 10000 {{(pid=107451) log_opt_values /opt/stack/data/venv/lib/python3.12/site-packages/oslo_config/cfg.py:3006}}
Mar 30 14:06:20.706206 np0000161230 nova-scheduler[107451]: DEBUG cotyledon.oslo_config_glue [-] profiler.es_scroll_time = 2m {{(pid=107451) log_opt_values /opt/stack/data/venv/lib/python3.12/site-packages/oslo_config/cfg.py:3006}}
Mar 30 14:06:20.706422 np0000161230 nova-scheduler[107451]: DEBUG cotyledon.oslo_config_glue [-] profiler.filter_error_trace = False {{(pid=107451) log_opt_values /opt/stack/data/venv/lib/python3.12/site-packages/oslo_config/cfg.py:3006}}
Mar 30 14:06:20.706422 np0000161230 nova-scheduler[107451]: DEBUG cotyledon.oslo_config_glue [-] profiler.hmac_keys = **** {{(pid=107451) log_opt_values /opt/stack/data/venv/lib/python3.12/site-packages/oslo_config/cfg.py:3006}}
Mar 30 14:06:20.706422 np0000161230 nova-scheduler[107451]: DEBUG cotyledon.oslo_config_glue [-] profiler.sentinel_service_name = mymaster {{(pid=107451) log_opt_values /opt/stack/data/venv/lib/python3.12/site-packages/oslo_config/cfg.py:3006}}
Mar 30 14:06:20.706422 np0000161230 nova-scheduler[107451]: DEBUG cotyledon.oslo_config_glue [-] profiler.socket_timeout = 0.1 {{(pid=107451) log_opt_values /opt/stack/data/venv/lib/python3.12/site-packages/oslo_config/cfg.py:3006}}
Mar 30 14:06:20.706422 np0000161230 nova-scheduler[107451]: DEBUG cotyledon.oslo_config_glue [-] profiler.trace_requests = False {{(pid=107451) log_opt_values /opt/stack/data/venv/lib/python3.12/site-packages/oslo_config/cfg.py:3006}}
Mar 30 14:06:20.706422 np0000161230 nova-scheduler[107451]: DEBUG cotyledon.oslo_config_glue [-] profiler.trace_sqlalchemy = False {{(pid=107451) log_opt_values /opt/stack/data/venv/lib/python3.12/site-packages/oslo_config/cfg.py:3006}}
Mar 30 14:06:20.706422 np0000161230 nova-scheduler[107451]: DEBUG cotyledon.oslo_config_glue [-] profiler_jaeger.process_tags = {} {{(pid=107451) log_opt_values /opt/stack/data/venv/lib/python3.12/site-packages/oslo_config/cfg.py:3006}}
Mar 30 14:06:20.706422 np0000161230 nova-scheduler[107451]: DEBUG cotyledon.oslo_config_glue [-] profiler_jaeger.service_name_prefix = None {{(pid=107451) log_opt_values /opt/stack/data/venv/lib/python3.12/site-packages/oslo_config/cfg.py:3006}}
Mar 30 14:06:20.706422 np0000161230 nova-scheduler[107451]: DEBUG cotyledon.oslo_config_glue [-] profiler_otlp.service_name_prefix = None {{(pid=107451) log_opt_values /opt/stack/data/venv/lib/python3.12/site-packages/oslo_config/cfg.py:3006}}
Mar 30 14:06:20.706632 np0000161230 nova-scheduler[107451]: DEBUG cotyledon.oslo_config_glue [-] oslo_messaging_rabbit.amqp_auto_delete = False {{(pid=107451) log_opt_values /opt/stack/data/venv/lib/python3.12/site-packages/oslo_config/cfg.py:3006}}
Mar 30 14:06:20.706632 np0000161230 nova-scheduler[107451]: DEBUG cotyledon.oslo_config_glue [-] oslo_messaging_rabbit.amqp_durable_queues = False {{(pid=107451) log_opt_values /opt/stack/data/venv/lib/python3.12/site-packages/oslo_config/cfg.py:3006}}
Mar 30 14:06:20.706632 np0000161230 nova-scheduler[107451]: DEBUG cotyledon.oslo_config_glue [-] oslo_messaging_rabbit.conn_pool_min_size = 2 {{(pid=107451) log_opt_values /opt/stack/data/venv/lib/python3.12/site-packages/oslo_config/cfg.py:3006}}
Mar 30 14:06:20.706632 np0000161230 nova-scheduler[107451]: DEBUG cotyledon.oslo_config_glue [-] oslo_messaging_rabbit.conn_pool_ttl = 1200 {{(pid=107451) log_opt_values /opt/stack/data/venv/lib/python3.12/site-packages/oslo_config/cfg.py:3006}}
Mar 30 14:06:20.706632 np0000161230 nova-scheduler[107451]: DEBUG cotyledon.oslo_config_glue [-] oslo_messaging_rabbit.direct_mandatory_flag = True {{(pid=107451) log_opt_values /opt/stack/data/venv/lib/python3.12/site-packages/oslo_config/cfg.py:3006}}
Mar 30 14:06:20.706632 np0000161230 nova-scheduler[107451]: DEBUG cotyledon.oslo_config_glue [-] oslo_messaging_rabbit.enable_cancel_on_failover = False {{(pid=107451) log_opt_values /opt/stack/data/venv/lib/python3.12/site-packages/oslo_config/cfg.py:3006}}
Mar 30 14:06:20.706632 np0000161230 nova-scheduler[107451]: DEBUG cotyledon.oslo_config_glue [-] oslo_messaging_rabbit.heartbeat_in_pthread = False {{(pid=107451) log_opt_values /opt/stack/data/venv/lib/python3.12/site-packages/oslo_config/cfg.py:3006}}
Mar 30 14:06:20.706632 np0000161230 nova-scheduler[107451]: DEBUG cotyledon.oslo_config_glue [-] oslo_messaging_rabbit.heartbeat_rate = 3 {{(pid=107451) log_opt_values /opt/stack/data/venv/lib/python3.12/site-packages/oslo_config/cfg.py:3006}}
Mar 30 14:06:20.706632 np0000161230 nova-scheduler[107451]: DEBUG cotyledon.oslo_config_glue [-] oslo_messaging_rabbit.heartbeat_timeout_threshold = 60 {{(pid=107451) log_opt_values /opt/stack/data/venv/lib/python3.12/site-packages/oslo_config/cfg.py:3006}}
Mar 30 14:06:20.706862 np0000161230 nova-scheduler[107451]: DEBUG cotyledon.oslo_config_glue [-] oslo_messaging_rabbit.hostname = np0000161230 {{(pid=107451) log_opt_values /opt/stack/data/venv/lib/python3.12/site-packages/oslo_config/cfg.py:3006}}
Mar 30 14:06:20.706862 np0000161230 nova-scheduler[107451]: DEBUG cotyledon.oslo_config_glue [-] oslo_messaging_rabbit.kombu_compression = None {{(pid=107451) log_opt_values /opt/stack/data/venv/lib/python3.12/site-packages/oslo_config/cfg.py:3006}}
Mar 30 14:06:20.706862 np0000161230 nova-scheduler[107451]: DEBUG cotyledon.oslo_config_glue [-] oslo_messaging_rabbit.kombu_failover_strategy = round-robin {{(pid=107451) log_opt_values /opt/stack/data/venv/lib/python3.12/site-packages/oslo_config/cfg.py:3006}}
Mar 30 14:06:20.706862 np0000161230 nova-scheduler[107451]: DEBUG cotyledon.oslo_config_glue [-] oslo_messaging_rabbit.kombu_missing_consumer_retry_timeout = 60 {{(pid=107451) log_opt_values /opt/stack/data/venv/lib/python3.12/site-packages/oslo_config/cfg.py:3006}}
Mar 30 14:06:20.706862 np0000161230 nova-scheduler[107451]: DEBUG cotyledon.oslo_config_glue [-] oslo_messaging_rabbit.kombu_reconnect_delay = 1.0 {{(pid=107451) log_opt_values /opt/stack/data/venv/lib/python3.12/site-packages/oslo_config/cfg.py:3006}}
Mar 30 14:06:20.706862 np0000161230 nova-scheduler[107451]: DEBUG cotyledon.oslo_config_glue [-] oslo_messaging_rabbit.kombu_reconnect_splay = 0.0 {{(pid=107451) log_opt_values /opt/stack/data/venv/lib/python3.12/site-packages/oslo_config/cfg.py:3006}}
Mar 30 14:06:20.706862 np0000161230 nova-scheduler[107451]: DEBUG cotyledon.oslo_config_glue [-] oslo_messaging_rabbit.processname = nova-scheduler {{(pid=107451) log_opt_values /opt/stack/data/venv/lib/python3.12/site-packages/oslo_config/cfg.py:3006}}
Mar 30 14:06:20.706862 np0000161230 nova-scheduler[107451]: DEBUG cotyledon.oslo_config_glue [-] oslo_messaging_rabbit.rabbit_ha_queues = False {{(pid=107451) log_opt_values /opt/stack/data/venv/lib/python3.12/site-packages/oslo_config/cfg.py:3006}}
Mar 30 14:06:20.706862 np0000161230 nova-scheduler[107451]: DEBUG cotyledon.oslo_config_glue [-] oslo_messaging_rabbit.rabbit_interval_max = 30 {{(pid=107451) log_opt_values /opt/stack/data/venv/lib/python3.12/site-packages/oslo_config/cfg.py:3006}}
Mar 30 14:06:20.707070 np0000161230 nova-scheduler[107451]: DEBUG cotyledon.oslo_config_glue [-] oslo_messaging_rabbit.rabbit_login_method = AMQPLAIN {{(pid=107451) log_opt_values /opt/stack/data/venv/lib/python3.12/site-packages/oslo_config/cfg.py:3006}}
Mar 30 14:06:20.707070 np0000161230 nova-scheduler[107451]: DEBUG cotyledon.oslo_config_glue [-] oslo_messaging_rabbit.rabbit_qos_prefetch_count = 0 {{(pid=107451) log_opt_values /opt/stack/data/venv/lib/python3.12/site-packages/oslo_config/cfg.py:3006}}
Mar 30 14:06:20.707070 np0000161230 nova-scheduler[107451]: DEBUG cotyledon.oslo_config_glue [-] oslo_messaging_rabbit.rabbit_quorum_delivery_limit = 0 {{(pid=107451) log_opt_values /opt/stack/data/venv/lib/python3.12/site-packages/oslo_config/cfg.py:3006}}
Mar 30 14:06:20.707070 np0000161230 nova-scheduler[107451]: DEBUG cotyledon.oslo_config_glue [-] oslo_messaging_rabbit.rabbit_quorum_max_memory_bytes = 0 {{(pid=107451) log_opt_values /opt/stack/data/venv/lib/python3.12/site-packages/oslo_config/cfg.py:3006}}
Mar 30 14:06:20.707070 np0000161230 nova-scheduler[107451]: DEBUG cotyledon.oslo_config_glue [-] oslo_messaging_rabbit.rabbit_quorum_max_memory_length = 0 {{(pid=107451) log_opt_values /opt/stack/data/venv/lib/python3.12/site-packages/oslo_config/cfg.py:3006}}
Mar 30 14:06:20.707070 np0000161230 nova-scheduler[107451]: DEBUG cotyledon.oslo_config_glue [-] oslo_messaging_rabbit.rabbit_quorum_queue = False {{(pid=107451) log_opt_values /opt/stack/data/venv/lib/python3.12/site-packages/oslo_config/cfg.py:3006}}
Mar 30 14:06:20.707070 np0000161230 nova-scheduler[107451]: DEBUG cotyledon.oslo_config_glue [-] oslo_messaging_rabbit.rabbit_retry_backoff = 2 {{(pid=107451) log_opt_values /opt/stack/data/venv/lib/python3.12/site-packages/oslo_config/cfg.py:3006}}
Mar 30 14:06:20.707070 np0000161230 nova-scheduler[107451]: DEBUG cotyledon.oslo_config_glue [-] oslo_messaging_rabbit.rabbit_retry_interval = 1 {{(pid=107451) log_opt_values /opt/stack/data/venv/lib/python3.12/site-packages/oslo_config/cfg.py:3006}}
Mar 30 14:06:20.707263 np0000161230 nova-scheduler[107451]: DEBUG cotyledon.oslo_config_glue [-] oslo_messaging_rabbit.rabbit_stream_fanout = False {{(pid=107451) log_opt_values /opt/stack/data/venv/lib/python3.12/site-packages/oslo_config/cfg.py:3006}}
Mar 30 14:06:20.707263 np0000161230 nova-scheduler[107451]: DEBUG cotyledon.oslo_config_glue [-] oslo_messaging_rabbit.rabbit_transient_queues_ttl = 1800 {{(pid=107451) log_opt_values /opt/stack/data/venv/lib/python3.12/site-packages/oslo_config/cfg.py:3006}}
Mar 30 14:06:20.707263 np0000161230 nova-scheduler[107451]: DEBUG cotyledon.oslo_config_glue [-] oslo_messaging_rabbit.rabbit_transient_quorum_queue = False {{(pid=107451) log_opt_values /opt/stack/data/venv/lib/python3.12/site-packages/oslo_config/cfg.py:3006}}
Mar 30 14:06:20.707263 np0000161230 nova-scheduler[107451]: DEBUG cotyledon.oslo_config_glue [-] oslo_messaging_rabbit.rpc_conn_pool_size = 30 {{(pid=107451) log_opt_values /opt/stack/data/venv/lib/python3.12/site-packages/oslo_config/cfg.py:3006}}
Mar 30 14:06:20.707263 np0000161230 nova-scheduler[107451]: DEBUG cotyledon.oslo_config_glue [-] oslo_messaging_rabbit.ssl = False {{(pid=107451) log_opt_values /opt/stack/data/venv/lib/python3.12/site-packages/oslo_config/cfg.py:3006}}
Mar 30 14:06:20.707263 np0000161230 nova-scheduler[107451]: DEBUG cotyledon.oslo_config_glue [-] oslo_messaging_rabbit.ssl_ca_file = {{(pid=107451) log_opt_values /opt/stack/data/venv/lib/python3.12/site-packages/oslo_config/cfg.py:3006}}
Mar 30 14:06:20.707263 np0000161230 nova-scheduler[107451]: DEBUG cotyledon.oslo_config_glue [-] oslo_messaging_rabbit.ssl_cert_file = {{(pid=107451) log_opt_values /opt/stack/data/venv/lib/python3.12/site-packages/oslo_config/cfg.py:3006}}
Mar 30 14:06:20.707263 np0000161230 nova-scheduler[107451]: DEBUG cotyledon.oslo_config_glue [-] oslo_messaging_rabbit.ssl_enforce_fips_mode = False {{(pid=107451) log_opt_values /opt/stack/data/venv/lib/python3.12/site-packages/oslo_config/cfg.py:3006}}
Mar 30 14:06:20.707263 np0000161230 nova-scheduler[107451]: DEBUG cotyledon.oslo_config_glue [-] oslo_messaging_rabbit.ssl_key_file = {{(pid=107451) log_opt_values /opt/stack/data/venv/lib/python3.12/site-packages/oslo_config/cfg.py:3006}}
Mar 30 14:06:20.707540 np0000161230 nova-scheduler[107451]: DEBUG cotyledon.oslo_config_glue [-] oslo_messaging_rabbit.ssl_version = {{(pid=107451) log_opt_values /opt/stack/data/venv/lib/python3.12/site-packages/oslo_config/cfg.py:3006}}
Mar 30 14:06:20.707540 np0000161230 nova-scheduler[107451]: DEBUG cotyledon.oslo_config_glue [-] oslo_messaging_rabbit.use_queue_manager = False {{(pid=107451) log_opt_values /opt/stack/data/venv/lib/python3.12/site-packages/oslo_config/cfg.py:3006}}
Mar 30 14:06:20.707540 np0000161230 nova-scheduler[107451]: DEBUG cotyledon.oslo_config_glue [-] oslo_messaging_notifications.driver = ['messagingv2'] {{(pid=107451) log_opt_values /opt/stack/data/venv/lib/python3.12/site-packages/oslo_config/cfg.py:3006}}
Mar 30 14:06:20.707540 np0000161230 nova-scheduler[107451]: DEBUG cotyledon.oslo_config_glue [-] oslo_messaging_notifications.retry = -1 {{(pid=107451) log_opt_values /opt/stack/data/venv/lib/python3.12/site-packages/oslo_config/cfg.py:3006}}
Mar 30 14:06:20.707540 np0000161230 nova-scheduler[107451]: DEBUG cotyledon.oslo_config_glue [-] oslo_messaging_notifications.topics = ['notifications'] {{(pid=107451) log_opt_values /opt/stack/data/venv/lib/python3.12/site-packages/oslo_config/cfg.py:3006}}
Mar 30 14:06:20.707540 np0000161230 nova-scheduler[107451]: DEBUG cotyledon.oslo_config_glue [-] oslo_messaging_notifications.transport_url = **** {{(pid=107451) log_opt_values /opt/stack/data/venv/lib/python3.12/site-packages/oslo_config/cfg.py:3006}}
Mar 30 14:06:20.707540 np0000161230 nova-scheduler[107451]: DEBUG cotyledon.oslo_config_glue [-] oslo_limit.auth_section = None {{(pid=107451) log_opt_values /opt/stack/data/venv/lib/python3.12/site-packages/oslo_config/cfg.py:3006}}
Mar 30 14:06:20.707540 np0000161230 nova-scheduler[107451]: DEBUG cotyledon.oslo_config_glue [-] oslo_limit.auth_type = None {{(pid=107451) log_opt_values /opt/stack/data/venv/lib/python3.12/site-packages/oslo_config/cfg.py:3006}}
Mar 30 14:06:20.707540 np0000161230 nova-scheduler[107451]: DEBUG cotyledon.oslo_config_glue [-] oslo_limit.cafile = None {{(pid=107451) log_opt_values /opt/stack/data/venv/lib/python3.12/site-packages/oslo_config/cfg.py:3006}}
Mar 30 14:06:20.707816 np0000161230 nova-scheduler[107451]: DEBUG cotyledon.oslo_config_glue [-] oslo_limit.certfile = None {{(pid=107451) log_opt_values /opt/stack/data/venv/lib/python3.12/site-packages/oslo_config/cfg.py:3006}}
Mar 30 14:06:20.707816 np0000161230 nova-scheduler[107451]: DEBUG cotyledon.oslo_config_glue [-] oslo_limit.collect_timing = False {{(pid=107451) log_opt_values /opt/stack/data/venv/lib/python3.12/site-packages/oslo_config/cfg.py:3006}}
Mar 30 14:06:20.707816 np0000161230 nova-scheduler[107451]: DEBUG cotyledon.oslo_config_glue [-] oslo_limit.connect_retries = None {{(pid=107451) log_opt_values /opt/stack/data/venv/lib/python3.12/site-packages/oslo_config/cfg.py:3006}}
Mar 30 14:06:20.707816 np0000161230 nova-scheduler[107451]: DEBUG cotyledon.oslo_config_glue [-] oslo_limit.connect_retry_delay = None {{(pid=107451) log_opt_values /opt/stack/data/venv/lib/python3.12/site-packages/oslo_config/cfg.py:3006}}
Mar 30 14:06:20.707816 np0000161230 nova-scheduler[107451]: DEBUG cotyledon.oslo_config_glue [-] oslo_limit.endpoint_id = None {{(pid=107451) log_opt_values /opt/stack/data/venv/lib/python3.12/site-packages/oslo_config/cfg.py:3006}}
Mar 30 14:06:20.707816 np0000161230 nova-scheduler[107451]: DEBUG cotyledon.oslo_config_glue [-] oslo_limit.endpoint_interface = public {{(pid=107451) log_opt_values /opt/stack/data/venv/lib/python3.12/site-packages/oslo_config/cfg.py:3006}}
Mar 30 14:06:20.707816 np0000161230 nova-scheduler[107451]: DEBUG cotyledon.oslo_config_glue [-] oslo_limit.endpoint_override = None {{(pid=107451) log_opt_values /opt/stack/data/venv/lib/python3.12/site-packages/oslo_config/cfg.py:3006}}
Mar 30 14:06:20.707816 np0000161230 nova-scheduler[107451]: DEBUG cotyledon.oslo_config_glue [-] oslo_limit.endpoint_region_name = None {{(pid=107451) log_opt_values /opt/stack/data/venv/lib/python3.12/site-packages/oslo_config/cfg.py:3006}}
Mar 30 14:06:20.707816 np0000161230 nova-scheduler[107451]: DEBUG cotyledon.oslo_config_glue [-] oslo_limit.endpoint_service_name = None {{(pid=107451) log_opt_values /opt/stack/data/venv/lib/python3.12/site-packages/oslo_config/cfg.py:3006}}
Mar 30 14:06:20.708056 np0000161230 nova-scheduler[107451]: DEBUG cotyledon.oslo_config_glue [-] oslo_limit.endpoint_service_type = None {{(pid=107451) log_opt_values /opt/stack/data/venv/lib/python3.12/site-packages/oslo_config/cfg.py:3006}}
Mar 30 14:06:20.708056 np0000161230 nova-scheduler[107451]: DEBUG cotyledon.oslo_config_glue [-] oslo_limit.insecure = False {{(pid=107451) log_opt_values /opt/stack/data/venv/lib/python3.12/site-packages/oslo_config/cfg.py:3006}}
Mar 30 14:06:20.708056 np0000161230 nova-scheduler[107451]: DEBUG cotyledon.oslo_config_glue [-] oslo_limit.keyfile = None {{(pid=107451) log_opt_values /opt/stack/data/venv/lib/python3.12/site-packages/oslo_config/cfg.py:3006}}
Mar 30 14:06:20.708056 np0000161230 nova-scheduler[107451]: DEBUG cotyledon.oslo_config_glue [-] oslo_limit.max_version = None {{(pid=107451) log_opt_values /opt/stack/data/venv/lib/python3.12/site-packages/oslo_config/cfg.py:3006}}
Mar 30 14:06:20.708056 np0000161230 nova-scheduler[107451]: DEBUG cotyledon.oslo_config_glue [-] oslo_limit.min_version = None {{(pid=107451) log_opt_values /opt/stack/data/venv/lib/python3.12/site-packages/oslo_config/cfg.py:3006}}
Mar 30 14:06:20.708056 np0000161230 nova-scheduler[107451]: DEBUG cotyledon.oslo_config_glue [-] oslo_limit.region_name = None {{(pid=107451) log_opt_values /opt/stack/data/venv/lib/python3.12/site-packages/oslo_config/cfg.py:3006}}
Mar 30 14:06:20.708056 np0000161230 nova-scheduler[107451]: DEBUG cotyledon.oslo_config_glue [-] oslo_limit.retriable_status_codes = None {{(pid=107451) log_opt_values /opt/stack/data/venv/lib/python3.12/site-packages/oslo_config/cfg.py:3006}}
Mar 30 14:06:20.708056 np0000161230 nova-scheduler[107451]: DEBUG cotyledon.oslo_config_glue [-] oslo_limit.service_name = None {{(pid=107451) log_opt_values /opt/stack/data/venv/lib/python3.12/site-packages/oslo_config/cfg.py:3006}}
Mar 30 14:06:20.708056 np0000161230 nova-scheduler[107451]: DEBUG cotyledon.oslo_config_glue [-] oslo_limit.service_type = None {{(pid=107451) log_opt_values /opt/stack/data/venv/lib/python3.12/site-packages/oslo_config/cfg.py:3006}}
Mar 30 14:06:20.708282 np0000161230 nova-scheduler[107451]: DEBUG cotyledon.oslo_config_glue [-] oslo_limit.split_loggers = False {{(pid=107451) log_opt_values /opt/stack/data/venv/lib/python3.12/site-packages/oslo_config/cfg.py:3006}}
Mar 30 14:06:20.708282 np0000161230 nova-scheduler[107451]: DEBUG cotyledon.oslo_config_glue [-] oslo_limit.status_code_retries = None {{(pid=107451) log_opt_values /opt/stack/data/venv/lib/python3.12/site-packages/oslo_config/cfg.py:3006}}
Mar 30 14:06:20.708282 np0000161230 nova-scheduler[107451]: DEBUG cotyledon.oslo_config_glue [-] oslo_limit.status_code_retry_delay = None {{(pid=107451) log_opt_values /opt/stack/data/venv/lib/python3.12/site-packages/oslo_config/cfg.py:3006}}
Mar 30 14:06:20.708282 np0000161230 nova-scheduler[107451]: DEBUG cotyledon.oslo_config_glue [-] oslo_limit.timeout = None {{(pid=107451) log_opt_values /opt/stack/data/venv/lib/python3.12/site-packages/oslo_config/cfg.py:3006}}
Mar 30 14:06:20.708282 np0000161230 nova-scheduler[107451]: DEBUG cotyledon.oslo_config_glue [-] oslo_limit.valid_interfaces = None {{(pid=107451) log_opt_values /opt/stack/data/venv/lib/python3.12/site-packages/oslo_config/cfg.py:3006}}
Mar 30 14:06:20.708282 np0000161230 nova-scheduler[107451]: DEBUG cotyledon.oslo_config_glue [-] oslo_limit.version = None {{(pid=107451) log_opt_values /opt/stack/data/venv/lib/python3.12/site-packages/oslo_config/cfg.py:3006}}
Mar 30 14:06:20.708282 np0000161230 nova-scheduler[107451]: DEBUG cotyledon.oslo_config_glue [-] oslo_reports.file_event_handler = None {{(pid=107451) log_opt_values /opt/stack/data/venv/lib/python3.12/site-packages/oslo_config/cfg.py:3006}}
Mar 30 14:06:20.708282 np0000161230 nova-scheduler[107451]: DEBUG cotyledon.oslo_config_glue [-] oslo_reports.file_event_handler_interval = 1 {{(pid=107451) log_opt_values /opt/stack/data/venv/lib/python3.12/site-packages/oslo_config/cfg.py:3006}}
Mar 30 14:06:20.708282 np0000161230 nova-scheduler[107451]: DEBUG cotyledon.oslo_config_glue [-] oslo_reports.log_dir = None {{(pid=107451) log_opt_values /opt/stack/data/venv/lib/python3.12/site-packages/oslo_config/cfg.py:3006}}
Mar 30 14:06:20.708498 np0000161230 nova-scheduler[107451]: DEBUG cotyledon.oslo_config_glue [-] ******************************************************************************** {{(pid=107451) log_opt_values /opt/stack/data/venv/lib/python3.12/site-packages/oslo_config/cfg.py:3013}}
Mar 30 14:06:20.708498 np0000161230 nova-scheduler[107451]: DEBUG cotyledon._service_worker [-] Run service ServiceWrapper(3) [107451] {{(pid=107451) wait_forever /opt/stack/data/venv/lib/python3.12/site-packages/cotyledon/_service_worker.py:218}}
Mar 30 14:06:20.708553 np0000161230 nova-scheduler[107429]: DEBUG nova.service [None req-9eb75e2a-34dc-4f0a-99fa-1e09e0642738 None None] Creating RPC server for service: nova-scheduler on topic: scheduler {{(pid=107429) start /opt/stack/nova/nova/service.py:195}}
Mar 30 14:06:20.708588 np0000161230 nova-scheduler[107451]: INFO nova.service [-] Starting scheduler node (version 33.1.0)
Mar 30 14:06:20.710144 np0000161230 nova-scheduler[107451]: INFO dbcounter [None req-39f3a55a-4de9-4599-b988-8c7ce71d26d3 None None] Registered counter for database nova_cell0
Mar 30 14:06:20.714232 np0000161230 nova-scheduler[107438]: DEBUG nova.service [None req-c5448622-3f70-4f47-9b2e-60b1759787d2 None None] Creating RPC server for service: nova-scheduler on topic: scheduler {{(pid=107438) start /opt/stack/nova/nova/service.py:195}}
Mar 30 14:06:20.716252 np0000161230 nova-scheduler[107444]: DEBUG dbcounter [-] [107444] Writer thread running {{(pid=107444) stat_writer /opt/stack/data/venv/lib/python3.12/site-packages/dbcounter.py:102}}
Mar 30 14:06:20.720937 np0000161230 nova-scheduler[107444]: DEBUG nova.service [None req-d8388fc3-9317-4594-b68f-08c834285f13 None None] Creating RPC server for service: nova-scheduler on topic: scheduler {{(pid=107444) start /opt/stack/nova/nova/service.py:195}}
Mar 30 14:06:20.724777 np0000161230 nova-scheduler[107451]: DEBUG oslo_db.sqlalchemy.engines [None req-39f3a55a-4de9-4599-b988-8c7ce71d26d3 None None] MySQL server mode set to STRICT_TRANS_TABLES,STRICT_ALL_TABLES,NO_ZERO_IN_DATE,NO_ZERO_DATE,ERROR_FOR_DIVISION_BY_ZERO,TRADITIONAL,NO_ENGINE_SUBSTITUTION {{(pid=107451) _check_effective_sql_mode /opt/stack/data/venv/lib/python3.12/site-packages/oslo_db/sqlalchemy/engines.py:325}}
Mar 30 14:06:20.743332 np0000161230 nova-scheduler[107429]: DEBUG nova.service [None req-9eb75e2a-34dc-4f0a-99fa-1e09e0642738 None None] Join ServiceGroup membership for this service scheduler {{(pid=107429) start /opt/stack/nova/nova/service.py:221}}
Mar 30 14:06:20.744345 np0000161230 nova-scheduler[107429]: DEBUG nova.servicegroup.drivers.db [None req-9eb75e2a-34dc-4f0a-99fa-1e09e0642738 None None] DB_Driver: join new ServiceGroup member np0000161230 to the scheduler group, service = {{(pid=107429) join /opt/stack/nova/nova/servicegroup/drivers/db.py:44}}
Mar 30 14:06:20.744462 np0000161230 nova-scheduler[107438]: DEBUG nova.service [None req-c5448622-3f70-4f47-9b2e-60b1759787d2 None None] Join ServiceGroup membership for this service scheduler {{(pid=107438) start /opt/stack/nova/nova/service.py:221}}
Mar 30 14:06:20.744462 np0000161230 nova-scheduler[107438]: DEBUG nova.servicegroup.drivers.db [None req-c5448622-3f70-4f47-9b2e-60b1759787d2 None None] DB_Driver: join new ServiceGroup member np0000161230 to the scheduler group, service = {{(pid=107438) join /opt/stack/nova/nova/servicegroup/drivers/db.py:44}}
Mar 30 14:06:20.744611 np0000161230 nova-scheduler[107451]: DEBUG dbcounter [-] [107451] Writer thread running {{(pid=107451) stat_writer /opt/stack/data/venv/lib/python3.12/site-packages/dbcounter.py:102}}
Mar 30 14:06:20.749038 np0000161230 nova-scheduler[107451]: DEBUG nova.service [None req-39f3a55a-4de9-4599-b988-8c7ce71d26d3 None None] Creating RPC server for service: nova-scheduler on topic: scheduler {{(pid=107451) start /opt/stack/nova/nova/service.py:195}}
Mar 30 14:06:20.752194 np0000161230 nova-scheduler[107444]: DEBUG nova.service [None req-d8388fc3-9317-4594-b68f-08c834285f13 None None] Join ServiceGroup membership for this service scheduler {{(pid=107444) start /opt/stack/nova/nova/service.py:221}}
Mar 30 14:06:20.752718 np0000161230 nova-scheduler[107444]: DEBUG nova.servicegroup.drivers.db [None req-d8388fc3-9317-4594-b68f-08c834285f13 None None] DB_Driver: join new ServiceGroup member np0000161230 to the scheduler group, service = {{(pid=107444) join /opt/stack/nova/nova/servicegroup/drivers/db.py:44}}
Mar 30 14:06:20.755711 np0000161230 nova-scheduler[107444]: DEBUG oslo.service.backend._threading.loopingcall [None req-87b2a932-2f5d-41ba-9bdb-2f718af068b3 None None] Dynamic interval looping call 'nova.service.Service.periodic_tasks' sleeping for 60.00 seconds {{(pid=107444) _run_loop /opt/stack/data/venv/lib/python3.12/site-packages/oslo_service/backend/_threading/loopingcall.py:125}}
Mar 30 14:06:20.776852 np0000161230 nova-scheduler[107451]: DEBUG nova.service [None req-39f3a55a-4de9-4599-b988-8c7ce71d26d3 None None] Join ServiceGroup membership for this service scheduler {{(pid=107451) start /opt/stack/nova/nova/service.py:221}}
Mar 30 14:06:20.777196 np0000161230 nova-scheduler[107451]: DEBUG nova.servicegroup.drivers.db [None req-39f3a55a-4de9-4599-b988-8c7ce71d26d3 None None] DB_Driver: join new ServiceGroup member np0000161230 to the scheduler group, service = {{(pid=107451) join /opt/stack/nova/nova/servicegroup/drivers/db.py:44}}
Mar 30 14:06:25.766262 np0000161230 nova-scheduler[107429]: DEBUG oslo.service.backend._threading.loopingcall [-] Fixed interval looping call 'nova.servicegroup.drivers.db.DbDriver._report_state' sleeping for 119.98 seconds {{(pid=107429) _run_loop /opt/stack/data/venv/lib/python3.12/site-packages/oslo_service/backend/_threading/loopingcall.py:125}}
Mar 30 14:06:25.766828 np0000161230 nova-scheduler[107438]: DEBUG oslo.service.backend._threading.loopingcall [-] Fixed interval looping call 'nova.servicegroup.drivers.db.DbDriver._report_state' sleeping for 119.98 seconds {{(pid=107438) _run_loop /opt/stack/data/venv/lib/python3.12/site-packages/oslo_service/backend/_threading/loopingcall.py:125}}
Mar 30 14:06:25.770449 np0000161230 nova-scheduler[107444]: DEBUG oslo.service.backend._threading.loopingcall [-] Fixed interval looping call 'nova.servicegroup.drivers.db.DbDriver._report_state' sleeping for 119.98 seconds {{(pid=107444) _run_loop /opt/stack/data/venv/lib/python3.12/site-packages/oslo_service/backend/_threading/loopingcall.py:125}}
Mar 30 14:06:25.793125 np0000161230 nova-scheduler[107451]: DEBUG oslo.service.backend._threading.loopingcall [-] Fixed interval looping call 'nova.servicegroup.drivers.db.DbDriver._report_state' sleeping for 119.99 seconds {{(pid=107451) _run_loop /opt/stack/data/venv/lib/python3.12/site-packages/oslo_service/backend/_threading/loopingcall.py:125}}
Mar 30 14:06:29.257454 np0000161230 nova-scheduler[106649]: DEBUG dbcounter [-] [106649] Writing DB stats nova_api:SELECT=3 {{(pid=106649) stat_writer /opt/stack/data/venv/lib/python3.12/site-packages/dbcounter.py:115}}
Mar 30 14:06:29.353891 np0000161230 nova-scheduler[106649]: DEBUG dbcounter [-] [106649] Writing DB stats nova_cell0:SELECT=1 {{(pid=106649) stat_writer /opt/stack/data/venv/lib/python3.12/site-packages/dbcounter.py:115}}
Mar 30 14:06:29.357554 np0000161230 nova-scheduler[106649]: DEBUG dbcounter [-] [106649] Writing DB stats nova_cell1:SELECT=1 {{(pid=106649) stat_writer /opt/stack/data/venv/lib/python3.12/site-packages/dbcounter.py:115}}
Mar 30 14:06:35.760428 np0000161230 nova-scheduler[107429]: DEBUG dbcounter [-] [107429] Writing DB stats nova_cell0:SELECT=4,nova_cell0:INSERT=1,nova_cell0:UPDATE=1 {{(pid=107429) stat_writer /opt/stack/data/venv/lib/python3.12/site-packages/dbcounter.py:115}}
Mar 30 14:06:35.764481 np0000161230 nova-scheduler[107438]: DEBUG dbcounter [-] [107438] Writing DB stats nova_cell0:SELECT=5,nova_cell0:INSERT=1,nova_cell0:UPDATE=1 {{(pid=107438) stat_writer /opt/stack/data/venv/lib/python3.12/site-packages/dbcounter.py:115}}
Mar 30 14:06:35.770360 np0000161230 nova-scheduler[107444]: DEBUG dbcounter [-] [107444] Writing DB stats nova_cell0:SELECT=3,nova_cell0:UPDATE=1 {{(pid=107444) stat_writer /opt/stack/data/venv/lib/python3.12/site-packages/dbcounter.py:115}}
Mar 30 14:06:35.790376 np0000161230 nova-scheduler[107451]: DEBUG dbcounter [-] [107451] Writing DB stats nova_cell0:SELECT=3 {{(pid=107451) stat_writer /opt/stack/data/venv/lib/python3.12/site-packages/dbcounter.py:115}}
Mar 30 14:06:47.747324 np0000161230 nova-scheduler[107429]: DEBUG oslo.service.backend._threading.loopingcall [None req-75208b7d-03c0-4e49-be2d-410fb97f2905 None None] Dynamic interval looping call 'nova.service.Service.periodic_tasks' sleeping for 60.00 seconds {{(pid=107429) _run_loop /opt/stack/data/venv/lib/python3.12/site-packages/oslo_service/backend/_threading/loopingcall.py:125}}
Mar 30 14:07:01.779926 np0000161230 nova-scheduler[107451]: DEBUG oslo.service.backend._threading.loopingcall [None req-659b9ae5-9305-40ca-b149-96c4e2d6259c None None] Dynamic interval looping call 'nova.service.Service.periodic_tasks' sleeping for 60.00 seconds {{(pid=107451) _run_loop /opt/stack/data/venv/lib/python3.12/site-packages/oslo_service/backend/_threading/loopingcall.py:125}}
Mar 30 14:07:18.747408 np0000161230 nova-scheduler[107438]: DEBUG oslo.service.backend._threading.loopingcall [None req-39397786-4517-4f88-a501-c53a860a0e58 None None] Dynamic interval looping call 'nova.service.Service.periodic_tasks' sleeping for 60.00 seconds {{(pid=107438) _run_loop /opt/stack/data/venv/lib/python3.12/site-packages/oslo_service/backend/_threading/loopingcall.py:125}}
Mar 30 14:07:20.757034 np0000161230 nova-scheduler[107444]: DEBUG oslo.service.backend._threading.loopingcall [None req-87b2a932-2f5d-41ba-9bdb-2f718af068b3 None None] Dynamic interval looping call 'nova.service.Service.periodic_tasks' sleeping for 60.00 seconds {{(pid=107444) _run_loop /opt/stack/data/venv/lib/python3.12/site-packages/oslo_service/backend/_threading/loopingcall.py:125}}
Mar 30 14:07:47.748766 np0000161230 nova-scheduler[107429]: DEBUG oslo.service.backend._threading.loopingcall [None req-75208b7d-03c0-4e49-be2d-410fb97f2905 None None] Dynamic interval looping call 'nova.service.Service.periodic_tasks' sleeping for 60.00 seconds {{(pid=107429) _run_loop /opt/stack/data/venv/lib/python3.12/site-packages/oslo_service/backend/_threading/loopingcall.py:125}}
Mar 30 14:08:01.780769 np0000161230 nova-scheduler[107451]: DEBUG oslo.service.backend._threading.loopingcall [None req-659b9ae5-9305-40ca-b149-96c4e2d6259c None None] Dynamic interval looping call 'nova.service.Service.periodic_tasks' sleeping for 60.00 seconds {{(pid=107451) _run_loop /opt/stack/data/venv/lib/python3.12/site-packages/oslo_service/backend/_threading/loopingcall.py:125}}
Mar 30 14:08:18.748079 np0000161230 nova-scheduler[107438]: DEBUG oslo.service.backend._threading.loopingcall [None req-39397786-4517-4f88-a501-c53a860a0e58 None None] Dynamic interval looping call 'nova.service.Service.periodic_tasks' sleeping for 60.00 seconds {{(pid=107438) _run_loop /opt/stack/data/venv/lib/python3.12/site-packages/oslo_service/backend/_threading/loopingcall.py:125}}
Mar 30 14:08:20.758041 np0000161230 nova-scheduler[107444]: DEBUG oslo.service.backend._threading.loopingcall [None req-87b2a932-2f5d-41ba-9bdb-2f718af068b3 None None] Dynamic interval looping call 'nova.service.Service.periodic_tasks' sleeping for 60.00 seconds {{(pid=107444) _run_loop /opt/stack/data/venv/lib/python3.12/site-packages/oslo_service/backend/_threading/loopingcall.py:125}}
Mar 30 14:08:25.758088 np0000161230 nova-scheduler[107429]: DEBUG oslo.service.backend._threading.loopingcall [-] Fixed interval looping call 'nova.servicegroup.drivers.db.DbDriver._report_state' sleeping for 119.99 seconds {{(pid=107429) _run_loop /opt/stack/data/venv/lib/python3.12/site-packages/oslo_service/backend/_threading/loopingcall.py:125}}
Mar 30 14:08:25.758585 np0000161230 nova-scheduler[107438]: DEBUG oslo.service.backend._threading.loopingcall [-] Fixed interval looping call 'nova.servicegroup.drivers.db.DbDriver._report_state' sleeping for 119.99 seconds {{(pid=107438) _run_loop /opt/stack/data/venv/lib/python3.12/site-packages/oslo_service/backend/_threading/loopingcall.py:125}}
Mar 30 14:08:25.758908 np0000161230 nova-scheduler[107444]: DEBUG oslo.service.backend._threading.loopingcall [-] Fixed interval looping call 'nova.servicegroup.drivers.db.DbDriver._report_state' sleeping for 119.99 seconds {{(pid=107444) _run_loop /opt/stack/data/venv/lib/python3.12/site-packages/oslo_service/backend/_threading/loopingcall.py:125}}
Mar 30 14:08:25.789621 np0000161230 nova-scheduler[107451]: DEBUG oslo.service.backend._threading.loopingcall [-] Fixed interval looping call 'nova.servicegroup.drivers.db.DbDriver._report_state' sleeping for 119.99 seconds {{(pid=107451) _run_loop /opt/stack/data/venv/lib/python3.12/site-packages/oslo_service/backend/_threading/loopingcall.py:125}}
Mar 30 14:08:35.752775 np0000161230 nova-scheduler[107429]: DEBUG dbcounter [-] [107429] Writing DB stats nova_cell0:SELECT=1,nova_cell0:UPDATE=1 {{(pid=107429) stat_writer /opt/stack/data/venv/lib/python3.12/site-packages/dbcounter.py:115}}
Mar 30 14:08:35.753500 np0000161230 nova-scheduler[107438]: DEBUG dbcounter [-] [107438] Writing DB stats nova_cell0:SELECT=1,nova_cell0:UPDATE=1 {{(pid=107438) stat_writer /opt/stack/data/venv/lib/python3.12/site-packages/dbcounter.py:115}}
Mar 30 14:08:35.755779 np0000161230 nova-scheduler[107444]: DEBUG dbcounter [-] [107444] Writing DB stats nova_cell0:SELECT=1,nova_cell0:UPDATE=1 {{(pid=107444) stat_writer /opt/stack/data/venv/lib/python3.12/site-packages/dbcounter.py:115}}
Mar 30 14:08:35.786391 np0000161230 nova-scheduler[107451]: DEBUG dbcounter [-] [107451] Writing DB stats nova_cell0:SELECT=1 {{(pid=107451) stat_writer /opt/stack/data/venv/lib/python3.12/site-packages/dbcounter.py:115}}
Mar 30 14:08:47.749511 np0000161230 nova-scheduler[107429]: DEBUG oslo.service.backend._threading.loopingcall [None req-75208b7d-03c0-4e49-be2d-410fb97f2905 None None] Dynamic interval looping call 'nova.service.Service.periodic_tasks' sleeping for 60.00 seconds {{(pid=107429) _run_loop /opt/stack/data/venv/lib/python3.12/site-packages/oslo_service/backend/_threading/loopingcall.py:125}}
Mar 30 14:09:01.781551 np0000161230 nova-scheduler[107451]: DEBUG oslo.service.backend._threading.loopingcall [None req-659b9ae5-9305-40ca-b149-96c4e2d6259c None None] Dynamic interval looping call 'nova.service.Service.periodic_tasks' sleeping for 60.00 seconds {{(pid=107451) _run_loop /opt/stack/data/venv/lib/python3.12/site-packages/oslo_service/backend/_threading/loopingcall.py:125}}
Mar 30 14:09:18.748784 np0000161230 nova-scheduler[107438]: DEBUG oslo.service.backend._threading.loopingcall [None req-39397786-4517-4f88-a501-c53a860a0e58 None None] Dynamic interval looping call 'nova.service.Service.periodic_tasks' sleeping for 60.00 seconds {{(pid=107438) _run_loop /opt/stack/data/venv/lib/python3.12/site-packages/oslo_service/backend/_threading/loopingcall.py:125}}
Mar 30 14:09:20.758623 np0000161230 nova-scheduler[107444]: DEBUG oslo.service.backend._threading.loopingcall [None req-87b2a932-2f5d-41ba-9bdb-2f718af068b3 None None] Dynamic interval looping call 'nova.service.Service.periodic_tasks' sleeping for 60.00 seconds {{(pid=107444) _run_loop /opt/stack/data/venv/lib/python3.12/site-packages/oslo_service/backend/_threading/loopingcall.py:125}}
Mar 30 14:09:47.750273 np0000161230 nova-scheduler[107429]: DEBUG oslo.service.backend._threading.loopingcall [None req-75208b7d-03c0-4e49-be2d-410fb97f2905 None None] Dynamic interval looping call 'nova.service.Service.periodic_tasks' sleeping for 60.00 seconds {{(pid=107429) _run_loop /opt/stack/data/venv/lib/python3.12/site-packages/oslo_service/backend/_threading/loopingcall.py:125}}
Mar 30 14:10:01.782318 np0000161230 nova-scheduler[107451]: DEBUG oslo.service.backend._threading.loopingcall [None req-659b9ae5-9305-40ca-b149-96c4e2d6259c None None] Dynamic interval looping call 'nova.service.Service.periodic_tasks' sleeping for 60.00 seconds {{(pid=107451) _run_loop /opt/stack/data/venv/lib/python3.12/site-packages/oslo_service/backend/_threading/loopingcall.py:125}}
Mar 30 14:10:18.749786 np0000161230 nova-scheduler[107438]: DEBUG oslo.service.backend._threading.loopingcall [None req-39397786-4517-4f88-a501-c53a860a0e58 None None] Dynamic interval looping call 'nova.service.Service.periodic_tasks' sleeping for 60.00 seconds {{(pid=107438) _run_loop /opt/stack/data/venv/lib/python3.12/site-packages/oslo_service/backend/_threading/loopingcall.py:125}}
Mar 30 14:10:20.759364 np0000161230 nova-scheduler[107444]: DEBUG oslo.service.backend._threading.loopingcall [None req-87b2a932-2f5d-41ba-9bdb-2f718af068b3 None None] Dynamic interval looping call 'nova.service.Service.periodic_tasks' sleeping for 60.00 seconds {{(pid=107444) _run_loop /opt/stack/data/venv/lib/python3.12/site-packages/oslo_service/backend/_threading/loopingcall.py:125}}
Mar 30 14:10:25.758627 np0000161230 nova-scheduler[107429]: DEBUG oslo.service.backend._threading.loopingcall [-] Fixed interval looping call 'nova.servicegroup.drivers.db.DbDriver._report_state' sleeping for 119.99 seconds {{(pid=107429) _run_loop /opt/stack/data/venv/lib/python3.12/site-packages/oslo_service/backend/_threading/loopingcall.py:125}}
Mar 30 14:10:25.759450 np0000161230 nova-scheduler[107438]: DEBUG oslo.service.backend._threading.loopingcall [-] Fixed interval looping call 'nova.servicegroup.drivers.db.DbDriver._report_state' sleeping for 119.99 seconds {{(pid=107438) _run_loop /opt/stack/data/venv/lib/python3.12/site-packages/oslo_service/backend/_threading/loopingcall.py:125}}
Mar 30 14:10:25.760101 np0000161230 nova-scheduler[107444]: DEBUG oslo.service.backend._threading.loopingcall [-] Fixed interval looping call 'nova.servicegroup.drivers.db.DbDriver._report_state' sleeping for 119.99 seconds {{(pid=107444) _run_loop /opt/stack/data/venv/lib/python3.12/site-packages/oslo_service/backend/_threading/loopingcall.py:125}}
Mar 30 14:10:25.783474 np0000161230 nova-scheduler[107451]: DEBUG oslo.service.backend._threading.loopingcall [-] Fixed interval looping call 'nova.servicegroup.drivers.db.DbDriver._report_state' sleeping for 120.00 seconds {{(pid=107451) _run_loop /opt/stack/data/venv/lib/python3.12/site-packages/oslo_service/backend/_threading/loopingcall.py:125}}
Mar 30 14:10:35.752950 np0000161230 nova-scheduler[107429]: DEBUG dbcounter [-] [107429] Writing DB stats nova_cell0:SELECT=1,nova_cell0:UPDATE=1 {{(pid=107429) stat_writer /opt/stack/data/venv/lib/python3.12/site-packages/dbcounter.py:115}}
Mar 30 14:10:35.753628 np0000161230 nova-scheduler[107438]: DEBUG dbcounter [-] [107438] Writing DB stats nova_cell0:SELECT=1,nova_cell0:UPDATE=1 {{(pid=107438) stat_writer /opt/stack/data/venv/lib/python3.12/site-packages/dbcounter.py:115}}
Mar 30 14:10:35.754149 np0000161230 nova-scheduler[107444]: DEBUG dbcounter [-] [107444] Writing DB stats nova_cell0:SELECT=1,nova_cell0:UPDATE=1 {{(pid=107444) stat_writer /opt/stack/data/venv/lib/python3.12/site-packages/dbcounter.py:115}}
Mar 30 14:10:35.782141 np0000161230 nova-scheduler[107451]: DEBUG dbcounter [-] [107451] Writing DB stats nova_cell0:SELECT=1 {{(pid=107451) stat_writer /opt/stack/data/venv/lib/python3.12/site-packages/dbcounter.py:115}}
Mar 30 14:10:47.751073 np0000161230 nova-scheduler[107429]: DEBUG oslo.service.backend._threading.loopingcall [None req-75208b7d-03c0-4e49-be2d-410fb97f2905 None None] Dynamic interval looping call 'nova.service.Service.periodic_tasks' sleeping for 60.00 seconds {{(pid=107429) _run_loop /opt/stack/data/venv/lib/python3.12/site-packages/oslo_service/backend/_threading/loopingcall.py:125}}
Mar 30 14:11:01.783121 np0000161230 nova-scheduler[107451]: DEBUG oslo.service.backend._threading.loopingcall [None req-659b9ae5-9305-40ca-b149-96c4e2d6259c None None] Dynamic interval looping call 'nova.service.Service.periodic_tasks' sleeping for 60.00 seconds {{(pid=107451) _run_loop /opt/stack/data/venv/lib/python3.12/site-packages/oslo_service/backend/_threading/loopingcall.py:125}}
