Apr 16 17:47:57.640632 np0000166762 devstack@neutron-api.service[104218]: INFO neutron.api.extensions [None req-ae9f1c1b-87e5-40c6-8f15-5cc4fcd21561 None None] Extension uplink-status-propagation-updatable not supported by any of loaded plugins
Apr 16 17:47:57.640778 np0000166762 devstack@neutron-api.service[104218]: DEBUG neutron.api.extensions [None req-ae9f1c1b-87e5-40c6-8f15-5cc4fcd21561 None None] Loading extension file: vlantransparent.py {{(pid=104218) _load_all_extensions_from_path /opt/stack/neutron/neutron/api/extensions.py:449}}
Apr 16 17:47:57.641103 np0000166762 devstack@neutron-api.service[104218]: DEBUG neutron.api.extensions [None req-ae9f1c1b-87e5-40c6-8f15-5cc4fcd21561 None None] Ext name="Vlantransparent" alias="vlan-transparent" description="Provides Vlan Transparent Networks" updated="2015-03-23T09:00:00-00:00" {{(pid=104218) _check_extension /opt/stack/neutron/neutron/api/extensions.py:415}}
Apr 16 17:47:57.641276 np0000166762 devstack@neutron-api.service[104218]: INFO neutron.api.extensions [None req-ae9f1c1b-87e5-40c6-8f15-5cc4fcd21561 None None] Loaded extension: vlan-transparent
Apr 16 17:47:57.642908 np0000166762 devstack@neutron-api.service[104218]: INFO neutron.quota.resource_registry [None req-ae9f1c1b-87e5-40c6-8f15-5cc4fcd21561 None None] Creating instance of TrackedResource for resource:network
Apr 16 17:47:57.643129 np0000166762 devstack@neutron-api.service[104218]: INFO neutron.quota.resource_registry [None req-ae9f1c1b-87e5-40c6-8f15-5cc4fcd21561 None None] Creating instance of TrackedResource for resource:subnet
Apr 16 17:47:57.643265 np0000166762 devstack@neutron-api.service[104218]: INFO neutron.quota.resource_registry [None req-ae9f1c1b-87e5-40c6-8f15-5cc4fcd21561 None None] Creating instance of TrackedResource for resource:subnetpool
Apr 16 17:47:57.643382 np0000166762 devstack@neutron-api.service[104218]: INFO neutron.quota.resource_registry [None req-ae9f1c1b-87e5-40c6-8f15-5cc4fcd21561 None None] Creating instance of TrackedResource for resource:port
Apr 16 17:47:57.644818 np0000166762 devstack@neutron-api.service[104218]: DEBUG neutron.api.v2.resource_helper [None req-ae9f1c1b-87e5-40c6-8f15-5cc4fcd21561 None None] Service L3_ROUTER_NAT assigned prefix: {{(pid=104218) build_resource_info /opt/stack/neutron/neutron/api/v2/resource_helper.py:77}}
Apr 16 17:47:57.645213 np0000166762 devstack@neutron-api.service[104218]: DEBUG neutron.api.v2.resource_helper [None req-ae9f1c1b-87e5-40c6-8f15-5cc4fcd21561 None None] Service FLAVORS assigned prefix: {{(pid=104218) build_resource_info /opt/stack/neutron/neutron/api/v2/resource_helper.py:77}}
Apr 16 17:47:57.646239 np0000166762 devstack@neutron-api.service[104218]: DEBUG neutron.api.v2.resource_helper [None req-ae9f1c1b-87e5-40c6-8f15-5cc4fcd21561 None None] Service L3_ROUTER_NAT assigned prefix: {{(pid=104218) build_resource_info /opt/stack/neutron/neutron/api/v2/resource_helper.py:77}}
Apr 16 17:47:57.646596 np0000166762 devstack@neutron-api.service[104218]: DEBUG neutron.api.v2.resource_helper [None req-ae9f1c1b-87e5-40c6-8f15-5cc4fcd21561 None None] Service L3_ROUTER_NAT assigned prefix: {{(pid=104218) build_resource_info /opt/stack/neutron/neutron/api/v2/resource_helper.py:77}}
Apr 16 17:47:57.646725 np0000166762 devstack@neutron-api.service[104218]: INFO neutron.quota.resource_registry [None req-ae9f1c1b-87e5-40c6-8f15-5cc4fcd21561 None None] Creating instance of TrackedResource for resource:router
Apr 16 17:47:57.647167 np0000166762 devstack@neutron-api.service[104218]: INFO neutron.quota.resource_registry [None req-ae9f1c1b-87e5-40c6-8f15-5cc4fcd21561 None None] Creating instance of TrackedResource for resource:floatingip
Apr 16 17:47:57.648130 np0000166762 devstack@neutron-api.service[104218]: INFO neutron.quota.resource_registry [None req-ae9f1c1b-87e5-40c6-8f15-5cc4fcd21561 None None] Creating instance of CountableResource for resource:rbac_policy
Apr 16 17:47:57.648651 np0000166762 devstack@neutron-api.service[104218]: INFO neutron.quota.resource_registry [None req-ae9f1c1b-87e5-40c6-8f15-5cc4fcd21561 None None] Creating instance of TrackedResource for resource:security_group
Apr 16 17:47:57.649045 np0000166762 devstack@neutron-api.service[104218]: INFO neutron.quota.resource_registry [None req-ae9f1c1b-87e5-40c6-8f15-5cc4fcd21561 None None] Creating instance of TrackedResource for resource:security_group_rule
Apr 16 17:47:57.651030 np0000166762 devstack@neutron-api.service[104218]: DEBUG neutron.api.v2.resource_helper [None req-ae9f1c1b-87e5-40c6-8f15-5cc4fcd21561 None None] Service CORE assigned prefix: {{(pid=104218) build_resource_info /opt/stack/neutron/neutron/api/v2/resource_helper.py:77}}
Apr 16 17:47:57.651030 np0000166762 devstack@neutron-api.service[104218]: INFO neutron.quota.resource_registry [None req-ae9f1c1b-87e5-40c6-8f15-5cc4fcd21561 None None] Creating instance of TrackedResource for resource:subnetpool
Apr 16 17:47:57.651030 np0000166762 devstack@neutron-api.service[104218]: WARNING neutron.quota.resource_registry [None req-ae9f1c1b-87e5-40c6-8f15-5cc4fcd21561 None None] subnetpool is already registered
Apr 16 17:47:57.652099 np0000166762 devstack@neutron-api.service[104218]: DEBUG neutron.api.v2.resource_helper [None req-ae9f1c1b-87e5-40c6-8f15-5cc4fcd21561 None None] Service L3_ROUTER_NAT assigned prefix: {{(pid=104218) build_resource_info /opt/stack/neutron/neutron/api/v2/resource_helper.py:77}}
Apr 16 17:47:57.652471 np0000166762 devstack@neutron-api.service[104218]: DEBUG neutron.api.v2.resource_helper [None req-ae9f1c1b-87e5-40c6-8f15-5cc4fcd21561 None None] Service FLAVORS assigned prefix: {{(pid=104218) build_resource_info /opt/stack/neutron/neutron/api/v2/resource_helper.py:77}}
Apr 16 17:47:57.653340 np0000166762 devstack@neutron-api.service[104218]: DEBUG neutron.api.v2.resource_helper [None req-ae9f1c1b-87e5-40c6-8f15-5cc4fcd21561 None None] Service L3_ROUTER_NAT assigned prefix: {{(pid=104218) build_resource_info /opt/stack/neutron/neutron/api/v2/resource_helper.py:77}}
Apr 16 17:47:57.654096 np0000166762 devstack@neutron-api.service[104218]: DEBUG neutron.api.v2.resource_helper [None req-ae9f1c1b-87e5-40c6-8f15-5cc4fcd21561 None None] Service L3_ROUTER_NAT assigned prefix: {{(pid=104218) build_resource_info /opt/stack/neutron/neutron/api/v2/resource_helper.py:77}}
Apr 16 17:47:57.654096 np0000166762 devstack@neutron-api.service[104218]: INFO neutron.quota.resource_registry [None req-ae9f1c1b-87e5-40c6-8f15-5cc4fcd21561 None None] Creating instance of TrackedResource for resource:router
Apr 16 17:47:57.654096 np0000166762 devstack@neutron-api.service[104218]: WARNING neutron.quota.resource_registry [None req-ae9f1c1b-87e5-40c6-8f15-5cc4fcd21561 None None] router is already registered
Apr 16 17:47:57.654448 np0000166762 devstack@neutron-api.service[104218]: INFO neutron.quota.resource_registry [None req-ae9f1c1b-87e5-40c6-8f15-5cc4fcd21561 None None] Creating instance of TrackedResource for resource:floatingip
Apr 16 17:47:57.654448 np0000166762 devstack@neutron-api.service[104218]: WARNING neutron.quota.resource_registry [None req-ae9f1c1b-87e5-40c6-8f15-5cc4fcd21561 None None] floatingip is already registered
Apr 16 17:47:57.655929 np0000166762 devstack@neutron-api.service[104218]: INFO neutron.quota.resource_registry [None req-ae9f1c1b-87e5-40c6-8f15-5cc4fcd21561 None None] Creating instance of CountableResource for resource:rbac_policy
Apr 16 17:47:57.656033 np0000166762 devstack@neutron-api.service[104218]: WARNING neutron.quota.resource_registry [None req-ae9f1c1b-87e5-40c6-8f15-5cc4fcd21561 None None] rbac_policy is already registered
Apr 16 17:47:57.656682 np0000166762 devstack@neutron-api.service[104218]: INFO neutron.quota.resource_registry [None req-ae9f1c1b-87e5-40c6-8f15-5cc4fcd21561 None None] Creating instance of TrackedResource for resource:security_group
Apr 16 17:47:57.656782 np0000166762 devstack@neutron-api.service[104218]: WARNING neutron.quota.resource_registry [None req-ae9f1c1b-87e5-40c6-8f15-5cc4fcd21561 None None] security_group is already registered
Apr 16 17:47:57.657223 np0000166762 devstack@neutron-api.service[104218]: INFO neutron.quota.resource_registry [None req-ae9f1c1b-87e5-40c6-8f15-5cc4fcd21561 None None] Creating instance of TrackedResource for resource:security_group_rule
Apr 16 17:47:57.657315 np0000166762 devstack@neutron-api.service[104218]: WARNING neutron.quota.resource_registry [None req-ae9f1c1b-87e5-40c6-8f15-5cc4fcd21561 None None] security_group_rule is already registered
Apr 16 17:47:57.657767 np0000166762 devstack@neutron-api.service[104218]: DEBUG neutron.api.v2.resource_helper [None req-ae9f1c1b-87e5-40c6-8f15-5cc4fcd21561 None None] Service CORE assigned prefix: {{(pid=104218) build_resource_info /opt/stack/neutron/neutron/api/v2/resource_helper.py:77}}
Apr 16 17:47:57.657909 np0000166762 devstack@neutron-api.service[104218]: INFO neutron.quota.resource_registry [None req-ae9f1c1b-87e5-40c6-8f15-5cc4fcd21561 None None] Creating instance of TrackedResource for resource:subnetpool
Apr 16 17:47:57.658030 np0000166762 devstack@neutron-api.service[104218]: WARNING neutron.quota.resource_registry [None req-ae9f1c1b-87e5-40c6-8f15-5cc4fcd21561 None None] subnetpool is already registered
Apr 16 17:47:57.658409 np0000166762 devstack@neutron-api.service[104218]: DEBUG neutron.api.extensions [None req-ae9f1c1b-87e5-40c6-8f15-5cc4fcd21561 None None] Extended resource: extensions {{(pid=104218) __init__ /opt/stack/neutron/neutron/api/extensions.py:156}}
Apr 16 17:47:57.659177 np0000166762 devstack@neutron-api.service[104218]: DEBUG neutron.api.extensions [None req-ae9f1c1b-87e5-40c6-8f15-5cc4fcd21561 None None] Extended resource: address-groups {{(pid=104218) __init__ /opt/stack/neutron/neutron/api/extensions.py:156}}
Apr 16 17:47:57.659976 np0000166762 devstack@neutron-api.service[104218]: DEBUG neutron.api.extensions [None req-ae9f1c1b-87e5-40c6-8f15-5cc4fcd21561 None None] Extended resource: address-scopes {{(pid=104218) __init__ /opt/stack/neutron/neutron/api/extensions.py:156}}
Apr 16 17:47:57.660495 np0000166762 devstack@neutron-api.service[104218]: DEBUG neutron.api.extensions [None req-ae9f1c1b-87e5-40c6-8f15-5cc4fcd21561 None None] Extended resource: agents {{(pid=104218) __init__ /opt/stack/neutron/neutron/api/extensions.py:156}}
Apr 16 17:47:57.661018 np0000166762 devstack@neutron-api.service[104218]: DEBUG neutron.api.extensions [None req-ae9f1c1b-87e5-40c6-8f15-5cc4fcd21561 None None] Extended resource: auto-allocated-topology {{(pid=104218) __init__ /opt/stack/neutron/neutron/api/extensions.py:156}}
Apr 16 17:47:57.661631 np0000166762 devstack@neutron-api.service[104218]: DEBUG neutron.api.extensions [None req-ae9f1c1b-87e5-40c6-8f15-5cc4fcd21561 None None] Extended resource: availability_zones {{(pid=104218) __init__ /opt/stack/neutron/neutron/api/extensions.py:156}}
Apr 16 17:47:57.663013 np0000166762 devstack@neutron-api.service[104218]: DEBUG neutron.api.extensions [None req-ae9f1c1b-87e5-40c6-8f15-5cc4fcd21561 None None] Extended resource: dhcp-networks {{(pid=104218) __init__ /opt/stack/neutron/neutron/api/extensions.py:156}}
Apr 16 17:47:57.663617 np0000166762 devstack@neutron-api.service[104218]: DEBUG neutron.api.extensions [None req-ae9f1c1b-87e5-40c6-8f15-5cc4fcd21561 None None] Extended resource: dhcp-agents {{(pid=104218) __init__ /opt/stack/neutron/neutron/api/extensions.py:156}}
Apr 16 17:47:57.664744 np0000166762 devstack@neutron-api.service[104218]: DEBUG neutron.api.extensions [None req-ae9f1c1b-87e5-40c6-8f15-5cc4fcd21561 None None] Extended resource: routers {{(pid=104218) __init__ /opt/stack/neutron/neutron/api/extensions.py:156}}
Apr 16 17:47:57.664941 np0000166762 devstack@neutron-api.service[104216]: DEBUG ovsdbapp.backend.ovs_idl [None req-3f253a84-3db7-4a25-8c34-3b0b893079e3 None None] Created lookup_table index Logical_Switch.name {{(pid=104216) autocreate_indices /opt/stack/data/venv/lib/python3.12/site-packages/ovsdbapp/backend/ovs_idl/__init__.py:87}}
Apr 16 17:47:57.665066 np0000166762 devstack@neutron-api.service[104216]: DEBUG ovsdbapp.backend.ovs_idl [None req-3f253a84-3db7-4a25-8c34-3b0b893079e3 None None] Created lookup_table index Logical_Router.name {{(pid=104216) autocreate_indices /opt/stack/data/venv/lib/python3.12/site-packages/ovsdbapp/backend/ovs_idl/__init__.py:87}}
Apr 16 17:47:57.665370 np0000166762 devstack@neutron-api.service[104216]: DEBUG ovsdbapp.backend.ovs_idl [None req-3f253a84-3db7-4a25-8c34-3b0b893079e3 None None] Created lookup_table index Load_Balancer.name {{(pid=104216) autocreate_indices /opt/stack/data/venv/lib/python3.12/site-packages/ovsdbapp/backend/ovs_idl/__init__.py:87}}
Apr 16 17:47:57.665370 np0000166762 devstack@neutron-api.service[104216]: DEBUG ovsdbapp.backend.ovs_idl [None req-3f253a84-3db7-4a25-8c34-3b0b893079e3 None None] Created schema index Copp.name {{(pid=104216) autocreate_indices /opt/stack/data/venv/lib/python3.12/site-packages/ovsdbapp/backend/ovs_idl/__init__.py:106}}
Apr 16 17:47:57.665896 np0000166762 devstack@neutron-api.service[104216]: DEBUG ovsdbapp.backend.ovs_idl [None req-3f253a84-3db7-4a25-8c34-3b0b893079e3 None None] Created schema index Meter.name {{(pid=104216) autocreate_indices /opt/stack/data/venv/lib/python3.12/site-packages/ovsdbapp/backend/ovs_idl/__init__.py:106}}
Apr 16 17:47:57.665896 np0000166762 devstack@neutron-api.service[104216]: DEBUG ovsdbapp.backend.ovs_idl [None req-3f253a84-3db7-4a25-8c34-3b0b893079e3 None None] Created schema index Load_Balancer_Group.name {{(pid=104216) autocreate_indices /opt/stack/data/venv/lib/python3.12/site-packages/ovsdbapp/backend/ovs_idl/__init__.py:106}}
Apr 16 17:47:57.666286 np0000166762 devstack@neutron-api.service[104218]: DEBUG neutron.api.extensions [None req-ae9f1c1b-87e5-40c6-8f15-5cc4fcd21561 None None] Extended resource: flavors {{(pid=104218) __init__ /opt/stack/neutron/neutron/api/extensions.py:156}}
Apr 16 17:47:57.666626 np0000166762 devstack@neutron-api.service[104216]: DEBUG ovsdbapp.backend.ovs_idl [None req-3f253a84-3db7-4a25-8c34-3b0b893079e3 None None] Created schema index HA_Chassis_Group.name {{(pid=104216) autocreate_indices /opt/stack/data/venv/lib/python3.12/site-packages/ovsdbapp/backend/ovs_idl/__init__.py:106}}
Apr 16 17:47:57.666626 np0000166762 devstack@neutron-api.service[104216]: DEBUG ovsdbapp.backend.ovs_idl [None req-3f253a84-3db7-4a25-8c34-3b0b893079e3 None None] Created schema index Address_Set.name {{(pid=104216) autocreate_indices /opt/stack/data/venv/lib/python3.12/site-packages/ovsdbapp/backend/ovs_idl/__init__.py:106}}
Apr 16 17:47:57.666626 np0000166762 devstack@neutron-api.service[104216]: DEBUG ovsdbapp.backend.ovs_idl [None req-3f253a84-3db7-4a25-8c34-3b0b893079e3 None None] Created schema index Connection.target {{(pid=104216) autocreate_indices /opt/stack/data/venv/lib/python3.12/site-packages/ovsdbapp/backend/ovs_idl/__init__.py:106}}
Apr 16 17:47:57.666626 np0000166762 devstack@neutron-api.service[104216]: DEBUG ovsdbapp.backend.ovs_idl [None req-3f253a84-3db7-4a25-8c34-3b0b893079e3 None None] Created schema index Gateway_Chassis.name {{(pid=104216) autocreate_indices /opt/stack/data/venv/lib/python3.12/site-packages/ovsdbapp/backend/ovs_idl/__init__.py:106}}
Apr 16 17:47:57.667167 np0000166762 devstack@neutron-api.service[104218]: DEBUG neutron.api.extensions [None req-ae9f1c1b-87e5-40c6-8f15-5cc4fcd21561 None None] Extended resource: service_profiles {{(pid=104218) __init__ /opt/stack/neutron/neutron/api/extensions.py:156}}
Apr 16 17:47:57.667686 np0000166762 devstack@neutron-api.service[104216]: DEBUG ovsdbapp.backend.ovs_idl [None req-3f253a84-3db7-4a25-8c34-3b0b893079e3 None None] Created schema index Mirror.name {{(pid=104216) autocreate_indices /opt/stack/data/venv/lib/python3.12/site-packages/ovsdbapp/backend/ovs_idl/__init__.py:106}}
Apr 16 17:47:57.667686 np0000166762 devstack@neutron-api.service[104216]: DEBUG ovsdbapp.backend.ovs_idl [None req-3f253a84-3db7-4a25-8c34-3b0b893079e3 None None] Created schema index Chassis_Template_Var.chassis {{(pid=104216) autocreate_indices /opt/stack/data/venv/lib/python3.12/site-packages/ovsdbapp/backend/ovs_idl/__init__.py:106}}
Apr 16 17:47:57.667686 np0000166762 devstack@neutron-api.service[104216]: DEBUG ovsdbapp.backend.ovs_idl [None req-3f253a84-3db7-4a25-8c34-3b0b893079e3 None None] Created schema index Logical_Router_Port.name {{(pid=104216) autocreate_indices /opt/stack/data/venv/lib/python3.12/site-packages/ovsdbapp/backend/ovs_idl/__init__.py:106}}
Apr 16 17:47:57.667686 np0000166762 devstack@neutron-api.service[104216]: DEBUG ovsdbapp.backend.ovs_idl [None req-3f253a84-3db7-4a25-8c34-3b0b893079e3 None None] Created schema index Port_Group.name {{(pid=104216) autocreate_indices /opt/stack/data/venv/lib/python3.12/site-packages/ovsdbapp/backend/ovs_idl/__init__.py:106}}
Apr 16 17:47:57.668221 np0000166762 devstack@neutron-api.service[104218]: DEBUG neutron.api.extensions [None req-ae9f1c1b-87e5-40c6-8f15-5cc4fcd21561 None None] Extended resource: next_providers {{(pid=104218) __init__ /opt/stack/neutron/neutron/api/extensions.py:156}}
Apr 16 17:47:57.668597 np0000166762 devstack@neutron-api.service[104216]: DEBUG ovsdbapp.backend.ovs_idl [None req-3f253a84-3db7-4a25-8c34-3b0b893079e3 None None] Created schema index Logical_Switch_Port.name {{(pid=104216) autocreate_indices /opt/stack/data/venv/lib/python3.12/site-packages/ovsdbapp/backend/ovs_idl/__init__.py:106}}
Apr 16 17:47:57.669121 np0000166762 devstack@neutron-api.service[104218]: DEBUG neutron.api.extensions [None req-ae9f1c1b-87e5-40c6-8f15-5cc4fcd21561 None None] Extended resource: service_profiles {{(pid=104218) __init__ /opt/stack/neutron/neutron/api/extensions.py:156}}
Apr 16 17:47:57.669121 np0000166762 devstack@neutron-api.service[104218]: DEBUG neutron.api.extensions [None req-ae9f1c1b-87e5-40c6-8f15-5cc4fcd21561 None None] Extended resource: floatingip-pools {{(pid=104218) __init__ /opt/stack/neutron/neutron/api/extensions.py:156}}
Apr 16 17:47:57.669121 np0000166762 devstack@neutron-api.service[104218]: DEBUG neutron.api.extensions [None req-ae9f1c1b-87e5-40c6-8f15-5cc4fcd21561 None None] Extended resource: routers {{(pid=104218) __init__ /opt/stack/neutron/neutron/api/extensions.py:156}}
Apr 16 17:47:57.669699 np0000166762 devstack@neutron-api.service[104219]: DEBUG oslo_concurrency.processutils [None req-7c93fa58-1974-4404-aac1-76cc0caf5571 None None] CMD "ovsdb-client transact ssl:199.204.45.72:6641 --timeout 180 -p /opt/stack/data/CA/int-ca/private/devstack-cert.key -c /opt/stack/data/CA/int-ca/devstack-cert.crt -C /opt/stack/data/CA/int-ca/ca-chain.pem ["OVN_Northbound", {"op": "wait", "timeout": 0, "table": "Port_Group", "where": [["name", "==", "neutron_pg_drop"]], "until": "==", "rows": []}, {"op": "insert", "table": "ACL", "row": {"action": "drop", "direction": "to-lport", "match": "outport == @neutron_pg_drop && ip", "priority": 1001}, "uuid-name": "droptoport"}, {"op": "insert", "table": "ACL", "row": {"action": "drop", "direction": "from-lport", "match": "inport == @neutron_pg_drop && ip", "priority": 1001}, "uuid-name": "dropfromport"}, {"op": "insert", "table": "Port_Group", "row": {"name": "neutron_pg_drop", "acls": ["set", [["named-uuid", "droptoport"], ["named-uuid", "dropfromport"]]]}}]" returned: 0 in 0.039s {{(pid=104219) execute /opt/stack/data/venv/lib/python3.12/site-packages/oslo_concurrency/processutils.py:468}}
Apr 16 17:47:57.670288 np0000166762 devstack@neutron-api.service[104218]: DEBUG neutron.api.extensions [None req-ae9f1c1b-87e5-40c6-8f15-5cc4fcd21561 None None] Extended resource: floatingips {{(pid=104218) __init__ /opt/stack/neutron/neutron/api/extensions.py:156}}
Apr 16 17:47:57.670807 np0000166762 devstack@neutron-api.service[104219]: DEBUG neutron_lib.callbacks.manager [None req-7c93fa58-1974-4404-aac1-76cc0caf5571 None None] Publish callbacks ['neutron.plugins.ml2.drivers.ovn.mech_driver.mech_driver.OVNMechanismDriver.post_fork_initialize-820285', 'neutron.services.ovn_l3.plugin.OVNL3RouterPlugin._post_fork_initialize-1858458'] for process (None), after_init {{(pid=104219) _notify_loop /opt/stack/data/venv/lib/python3.12/site-packages/neutron_lib/callbacks/manager.py:184}}
Apr 16 17:47:57.671362 np0000166762 devstack@neutron-api.service[104216]: INFO ovsdbapp.backend.ovs_idl.vlog [None req-3f253a84-3db7-4a25-8c34-3b0b893079e3 None None] ssl:199.204.45.72:6641: connecting...
Apr 16 17:47:57.671824 np0000166762 devstack@neutron-api.service[104218]: DEBUG neutron.api.extensions [None req-ae9f1c1b-87e5-40c6-8f15-5cc4fcd21561 None None] Extended resource: network-ip-availabilities {{(pid=104218) __init__ /opt/stack/neutron/neutron/api/extensions.py:156}}
Apr 16 17:47:57.672166 np0000166762 devstack@neutron-api.service[104219]: DEBUG oslo_concurrency.lockutils [None req-7c93fa58-1974-4404-aac1-76cc0caf5571 None None] Acquiring lock "singleton_lock" {{(pid=104219) lock /opt/stack/data/venv/lib/python3.12/site-packages/oslo_concurrency/lockutils.py:390}}
Apr 16 17:47:57.672738 np0000166762 devstack@neutron-api.service[104218]: DEBUG neutron.api.extensions [None req-ae9f1c1b-87e5-40c6-8f15-5cc4fcd21561 None None] Extended resource: network-ip-availabilities {{(pid=104218) __init__ /opt/stack/neutron/neutron/api/extensions.py:156}}
Apr 16 17:47:57.673280 np0000166762 devstack@neutron-api.service[104219]: DEBUG oslo_concurrency.lockutils [None req-7c93fa58-1974-4404-aac1-76cc0caf5571 None None] Acquired lock "singleton_lock" {{(pid=104219) lock /opt/stack/data/venv/lib/python3.12/site-packages/oslo_concurrency/lockutils.py:393}}
Apr 16 17:47:57.673800 np0000166762 devstack@neutron-api.service[104218]: DEBUG neutron.api.extensions [None req-ae9f1c1b-87e5-40c6-8f15-5cc4fcd21561 None None] Extended resource: bindings {{(pid=104218) __init__ /opt/stack/neutron/neutron/api/extensions.py:156}}
Apr 16 17:47:57.674333 np0000166762 devstack@neutron-api.service[104219]: DEBUG oslo_concurrency.lockutils [None req-7c93fa58-1974-4404-aac1-76cc0caf5571 None None] Releasing lock "singleton_lock" {{(pid=104219) lock /opt/stack/data/venv/lib/python3.12/site-packages/oslo_concurrency/lockutils.py:413}}
Apr 16 17:47:57.674852 np0000166762 devstack@neutron-api.service[104218]: DEBUG neutron.api.extensions [None req-ae9f1c1b-87e5-40c6-8f15-5cc4fcd21561 None None] Extended resource: quotas {{(pid=104218) __init__ /opt/stack/neutron/neutron/api/extensions.py:156}}
Apr 16 17:47:57.674852 np0000166762 devstack@neutron-api.service[104218]: DEBUG neutron.api.extensions [None req-ae9f1c1b-87e5-40c6-8f15-5cc4fcd21561 None None] Extended resource: quotas {{(pid=104218) __init__ /opt/stack/neutron/neutron/api/extensions.py:156}}
Apr 16 17:47:57.674852 np0000166762 devstack@neutron-api.service[104218]: DEBUG neutron.api.extensions [None req-ae9f1c1b-87e5-40c6-8f15-5cc4fcd21561 None None] Extended resource: rbac-policies {{(pid=104218) __init__ /opt/stack/neutron/neutron/api/extensions.py:156}}
Apr 16 17:47:57.674852 np0000166762 devstack@neutron-api.service[104218]: DEBUG neutron.api.extensions [None req-ae9f1c1b-87e5-40c6-8f15-5cc4fcd21561 None None] Extended resource: default-security-group-rules {{(pid=104218) __init__ /opt/stack/neutron/neutron/api/extensions.py:156}}
Apr 16 17:47:57.674852 np0000166762 devstack@neutron-api.service[104218]: DEBUG neutron.api.extensions [None req-ae9f1c1b-87e5-40c6-8f15-5cc4fcd21561 None None] Extended resource: security-groups {{(pid=104218) __init__ /opt/stack/neutron/neutron/api/extensions.py:156}}
Apr 16 17:47:57.675540 np0000166762 devstack@neutron-api.service[104219]: DEBUG neutron.plugins.ml2.drivers.ovn.mech_driver.mech_driver [None req-7c93fa58-1974-4404-aac1-76cc0caf5571 None None] Hash Ring setup using WSGI start time 2026-04-16 17:47:50+00:00 {{(pid=104219) _init_hash_ring /opt/stack/neutron/neutron/plugins/ml2/drivers/ovn/mech_driver/mech_driver.py:402}}
Apr 16 17:47:57.676133 np0000166762 devstack@neutron-api.service[104216]: INFO ovsdbapp.backend.ovs_idl.vlog [None req-3f253a84-3db7-4a25-8c34-3b0b893079e3 None None] ssl:199.204.45.72:6641: connected
Apr 16 17:47:57.676732 np0000166762 devstack@neutron-api.service[104218]: DEBUG neutron.api.extensions [None req-ae9f1c1b-87e5-40c6-8f15-5cc4fcd21561 None None] Extended resource: security-group-rules {{(pid=104218) __init__ /opt/stack/neutron/neutron/api/extensions.py:156}}
Apr 16 17:47:57.676732 np0000166762 devstack@neutron-api.service[104218]: DEBUG neutron.api.extensions [None req-ae9f1c1b-87e5-40c6-8f15-5cc4fcd21561 None None] Extended resource: service-providers {{(pid=104218) __init__ /opt/stack/neutron/neutron/api/extensions.py:156}}
Apr 16 17:47:57.676732 np0000166762 devstack@neutron-api.service[104218]: DEBUG neutron.api.extensions [None req-ae9f1c1b-87e5-40c6-8f15-5cc4fcd21561 None None] Extended resource: subnetpools {{(pid=104218) __init__ /opt/stack/neutron/neutron/api/extensions.py:156}}
Apr 16 17:47:57.677055 np0000166762 devstack@neutron-api.service[104218]: DEBUG neutron.api.extensions [None req-ae9f1c1b-87e5-40c6-8f15-5cc4fcd21561 None None] Extended resource: tags {{(pid=104218) __init__ /opt/stack/neutron/neutron/api/extensions.py:156}}
Apr 16 17:47:57.677716 np0000166762 devstack@neutron-api.service[104218]: DEBUG neutron.api.extensions [None req-ae9f1c1b-87e5-40c6-8f15-5cc4fcd21561 None None] Extended resource: tags {{(pid=104218) __init__ /opt/stack/neutron/neutron/api/extensions.py:156}}
Apr 16 17:47:57.678464 np0000166762 devstack@neutron-api.service[104218]: DEBUG neutron.api.extensions [None req-ae9f1c1b-87e5-40c6-8f15-5cc4fcd21561 None None] Extended resource: tags {{(pid=104218) __init__ /opt/stack/neutron/neutron/api/extensions.py:156}}
Apr 16 17:47:57.679310 np0000166762 devstack@neutron-api.service[104218]: DEBUG neutron.api.extensions [None req-ae9f1c1b-87e5-40c6-8f15-5cc4fcd21561 None None] Extended resource: tags {{(pid=104218) __init__ /opt/stack/neutron/neutron/api/extensions.py:156}}
Apr 16 17:47:57.680147 np0000166762 devstack@neutron-api.service[104218]: DEBUG neutron.api.extensions [None req-ae9f1c1b-87e5-40c6-8f15-5cc4fcd21561 None None] Extended resource: tags {{(pid=104218) __init__ /opt/stack/neutron/neutron/api/extensions.py:156}}
Apr 16 17:47:57.681072 np0000166762 devstack@neutron-api.service[104218]: DEBUG neutron.api.extensions [None req-ae9f1c1b-87e5-40c6-8f15-5cc4fcd21561 None None] Extended resource: tags {{(pid=104218) __init__ /opt/stack/neutron/neutron/api/extensions.py:156}}
Apr 16 17:47:57.681731 np0000166762 devstack@neutron-api.service[104218]: DEBUG neutron.api.extensions [None req-ae9f1c1b-87e5-40c6-8f15-5cc4fcd21561 None None] Extended resource: tags {{(pid=104218) __init__ /opt/stack/neutron/neutron/api/extensions.py:156}}
Apr 16 17:47:57.682030 np0000166762 devstack@neutron-api.service[104219]: INFO neutron.db.ovn_hash_ring_db [None req-7c93fa58-1974-4404-aac1-76cc0caf5571 None None] Nodes from host "np0000166762" and group "mechanism_driver" removed from the Hash Ring created at 2026-04-16 17:47:50+00:00
Apr 16 17:47:57.682621 np0000166762 devstack@neutron-api.service[104218]: DEBUG neutron.api.extensions [None req-ae9f1c1b-87e5-40c6-8f15-5cc4fcd21561 None None] Extended resource: tags {{(pid=104218) __init__ /opt/stack/neutron/neutron/api/extensions.py:156}}
Apr 16 17:47:57.683516 np0000166762 devstack@neutron-api.service[104218]: DEBUG neutron.api.extensions [None req-ae9f1c1b-87e5-40c6-8f15-5cc4fcd21561 None None] Extended resource: tags {{(pid=104218) __init__ /opt/stack/neutron/neutron/api/extensions.py:156}}
Apr 16 17:47:57.684264 np0000166762 devstack@neutron-api.service[104218]: DEBUG neutron.api.extensions [None req-ae9f1c1b-87e5-40c6-8f15-5cc4fcd21561 None None] Extended resource: tags {{(pid=104218) __init__ /opt/stack/neutron/neutron/api/extensions.py:156}}
Apr 16 17:47:57.685156 np0000166762 devstack@neutron-api.service[104219]: INFO neutron.db.ovn_hash_ring_db [None req-7c93fa58-1974-4404-aac1-76cc0caf5571 None None] Node f2c7d5bea5425390b99b93ffcd0e304f from host "np0000166762" and group "mechanism_driver" added to the Hash Ring
Apr 16 17:47:57.688044 np0000166762 devstack@neutron-api.service[104218]: WARNING keystonemiddleware.auth_token [None req-ae9f1c1b-87e5-40c6-8f15-5cc4fcd21561 None None] AuthToken middleware is set with keystone_authtoken.service_token_roles_required set to False. This is backwards compatible but deprecated behaviour. Please set this to True.
Apr 16 17:47:57.688543 np0000166762 devstack@neutron-api.service[104219]: DEBUG neutron.plugins.ml2.drivers.ovn.mech_driver.mech_driver [None req-7c93fa58-1974-4404-aac1-76cc0caf5571 None None] Hash Ring setup, this worker has detected 3 OVN hash ring registers in the database {{(pid=104219) _init_hash_ring /opt/stack/neutron/neutron/plugins/ml2/drivers/ovn/mech_driver/mech_driver.py:412}}
Apr 16 17:47:57.695220 np0000166762 devstack@neutron-api.service[104218]: DEBUG neutron_lib.callbacks.manager [None req-ae9f1c1b-87e5-40c6-8f15-5cc4fcd21561 None None] Publish callbacks ['neutron.plugins.ml2.drivers.ovn.mech_driver.mech_driver.OVNMechanismDriver.pre_fork_initialize-846020'] for process (None), before_spawn {{(pid=104218) _notify_loop /opt/stack/data/venv/lib/python3.12/site-packages/neutron_lib/callbacks/manager.py:184}}
Apr 16 17:47:57.695700 np0000166762 devstack@neutron-api.service[104218]: DEBUG oslo_concurrency.processutils [None req-ae9f1c1b-87e5-40c6-8f15-5cc4fcd21561 None None] Running cmd (subprocess): ovsdb-client transact ssl:199.204.45.72:6641 --timeout 180 -p /opt/stack/data/CA/int-ca/private/devstack-cert.key -c /opt/stack/data/CA/int-ca/devstack-cert.crt -C /opt/stack/data/CA/int-ca/ca-chain.pem ["OVN_Northbound", {"op": "wait", "timeout": 0, "table": "Port_Group", "where": [["name", "==", "neutron_pg_drop"]], "until": "==", "rows": []}, {"op": "insert", "table": "ACL", "row": {"action": "drop", "direction": "to-lport", "match": "outport == @neutron_pg_drop && ip", "priority": 1001}, "uuid-name": "droptoport"}, {"op": "insert", "table": "ACL", "row": {"action": "drop", "direction": "from-lport", "match": "inport == @neutron_pg_drop && ip", "priority": 1001}, "uuid-name": "dropfromport"}, {"op": "insert", "table": "Port_Group", "row": {"name": "neutron_pg_drop", "acls": ["set", [["named-uuid", "droptoport"], ["named-uuid", "dropfromport"]]]}}] {{(pid=104218) execute /opt/stack/data/venv/lib/python3.12/site-packages/oslo_concurrency/processutils.py:440}}
Apr 16 17:47:57.696827 np0000166762 devstack@neutron-api.service[104219]: DEBUG neutron.plugins.ml2.drivers.ovn.mech_driver.ovsdb.maintenance [None req-7c93fa58-1974-4404-aac1-76cc0caf5571 None None] Periodic task found: HashRingHealthCheckPeriodics.touch_hash_ring_node {{(pid=104219) add_periodics /opt/stack/neutron/neutron/plugins/ml2/drivers/ovn/mech_driver/ovsdb/maintenance.py:148}}
Apr 16 17:47:57.698215 np0000166762 devstack@neutron-api.service[104219]: INFO neutron.plugins.ml2.drivers.ovn.mech_driver.mech_driver [None req-7c93fa58-1974-4404-aac1-76cc0caf5571 None None] Hash Ring probing thread for node f2c7d5bea5425390b99b93ffcd0e304f has started
Apr 16 17:47:57.699397 np0000166762 devstack@neutron-api.service[104219]: INFO neutron.plugins.ml2.drivers.ovn.mech_driver.ovsdb.impl_idl_ovn [None req-7c93fa58-1974-4404-aac1-76cc0caf5571 None None] Getting OvsdbNbOvnIdl for WorkerService with retry
Apr 16 17:47:57.708435 np0000166762 devstack@neutron-api.service[104216]: DEBUG neutron.common.ovn.hash_ring_manager [None req-3f253a84-3db7-4a25-8c34-3b0b893079e3 None None] Disallow caching, nodes 3<4 {{(pid=104216) _wait_startup_before_caching /opt/stack/neutron/neutron/common/ovn/hash_ring_manager.py:72}}
Apr 16 17:47:57.712972 np0000166762 devstack@neutron-api.service[104216]: DEBUG neutron.common.ovn.hash_ring_manager [None req-3f253a84-3db7-4a25-8c34-3b0b893079e3 None None] Hash Ring loaded. 3 active nodes. 0 offline nodes {{(pid=104216) _load_hash_ring /opt/stack/neutron/neutron/common/ovn/hash_ring_manager.py:102}}
Apr 16 17:47:57.717825 np0000166762 devstack@neutron-api.service[104216]: DEBUG neutron.common.ovn.hash_ring_manager [None req-3f253a84-3db7-4a25-8c34-3b0b893079e3 None None] Hash Ring loaded. 3 active nodes. 0 offline nodes {{(pid=104216) _load_hash_ring /opt/stack/neutron/neutron/common/ovn/hash_ring_manager.py:102}}
Apr 16 17:47:57.718039 np0000166762 devstack@neutron-api.service[104216]: DEBUG neutron.plugins.ml2.drivers.ovn.mech_driver.ovsdb.ovsdb_monitor [None req-3f253a84-3db7-4a25-8c34-3b0b893079e3 None None] Hash Ring: Node ccd05e63fd3c523593980b6f499c3304 (host: np0000166762) handling event "create" for row 5baf1def-35ea-4a3b-9692-7cfc5e095893 (table: ACL) {{(pid=104216) notify /opt/stack/neutron/neutron/plugins/ml2/drivers/ovn/mech_driver/ovsdb/ovsdb_monitor.py:914}}
Apr 16 17:47:57.722857 np0000166762 devstack@neutron-api.service[104216]: DEBUG neutron.common.ovn.hash_ring_manager [None req-3f253a84-3db7-4a25-8c34-3b0b893079e3 None None] Hash Ring loaded. 3 active nodes. 0 offline nodes {{(pid=104216) _load_hash_ring /opt/stack/neutron/neutron/common/ovn/hash_ring_manager.py:102}}
Apr 16 17:47:57.727659 np0000166762 devstack@neutron-api.service[104216]: DEBUG neutron.common.ovn.hash_ring_manager [None req-3f253a84-3db7-4a25-8c34-3b0b893079e3 None None] Hash Ring loaded. 3 active nodes. 0 offline nodes {{(pid=104216) _load_hash_ring /opt/stack/neutron/neutron/common/ovn/hash_ring_manager.py:102}}
Apr 16 17:47:57.732805 np0000166762 devstack@neutron-api.service[104216]: DEBUG neutron.common.ovn.hash_ring_manager [None req-3f253a84-3db7-4a25-8c34-3b0b893079e3 None None] Hash Ring loaded. 3 active nodes. 0 offline nodes {{(pid=104216) _load_hash_ring /opt/stack/neutron/neutron/common/ovn/hash_ring_manager.py:102}}
Apr 16 17:47:57.732973 np0000166762 devstack@neutron-api.service[104216]: DEBUG neutron.plugins.ml2.drivers.ovn.mech_driver.ovsdb.ovsdb_monitor [None req-3f253a84-3db7-4a25-8c34-3b0b893079e3 None None] Hash Ring: Node ccd05e63fd3c523593980b6f499c3304 (host: np0000166762) handling event "create" for row 9b001009-e05f-46f2-b1d4-ef7a0287772d (table: Port_Group) {{(pid=104216) notify /opt/stack/neutron/neutron/plugins/ml2/drivers/ovn/mech_driver/ovsdb/ovsdb_monitor.py:914}}
Apr 16 17:47:57.737275 np0000166762 devstack@neutron-api.service[104218]: DEBUG oslo_concurrency.processutils [None req-ae9f1c1b-87e5-40c6-8f15-5cc4fcd21561 None None] CMD "ovsdb-client transact ssl:199.204.45.72:6641 --timeout 180 -p /opt/stack/data/CA/int-ca/private/devstack-cert.key -c /opt/stack/data/CA/int-ca/devstack-cert.crt -C /opt/stack/data/CA/int-ca/ca-chain.pem ["OVN_Northbound", {"op": "wait", "timeout": 0, "table": "Port_Group", "where": [["name", "==", "neutron_pg_drop"]], "until": "==", "rows": []}, {"op": "insert", "table": "ACL", "row": {"action": "drop", "direction": "to-lport", "match": "outport == @neutron_pg_drop && ip", "priority": 1001}, "uuid-name": "droptoport"}, {"op": "insert", "table": "ACL", "row": {"action": "drop", "direction": "from-lport", "match": "inport == @neutron_pg_drop && ip", "priority": 1001}, "uuid-name": "dropfromport"}, {"op": "insert", "table": "Port_Group", "row": {"name": "neutron_pg_drop", "acls": ["set", [["named-uuid", "droptoport"], ["named-uuid", "dropfromport"]]]}}]" returned: 0 in 0.041s {{(pid=104218) execute /opt/stack/data/venv/lib/python3.12/site-packages/oslo_concurrency/processutils.py:468}}
Apr 16 17:47:57.737467 np0000166762 devstack@neutron-api.service[104216]: DEBUG neutron.common.ovn.hash_ring_manager [None req-3f253a84-3db7-4a25-8c34-3b0b893079e3 None None] Hash Ring loaded. 3 active nodes. 0 offline nodes {{(pid=104216) _load_hash_ring /opt/stack/neutron/neutron/common/ovn/hash_ring_manager.py:102}}
Apr 16 17:47:57.737615 np0000166762 devstack@neutron-api.service[104216]: DEBUG neutron.plugins.ml2.drivers.ovn.mech_driver.ovsdb.ovsdb_monitor [None req-3f253a84-3db7-4a25-8c34-3b0b893079e3 None None] Hash Ring: Node ccd05e63fd3c523593980b6f499c3304 (host: np0000166762) handling event "create" for row 84326bde-5624-4aaf-986a-de4af852753d (table: SSL) {{(pid=104216) notify /opt/stack/neutron/neutron/plugins/ml2/drivers/ovn/mech_driver/ovsdb/ovsdb_monitor.py:914}}
Apr 16 17:47:57.738077 np0000166762 devstack@neutron-api.service[104218]: DEBUG neutron_lib.callbacks.manager [None req-ae9f1c1b-87e5-40c6-8f15-5cc4fcd21561 None None] Publish callbacks ['neutron.plugins.ml2.drivers.ovn.mech_driver.mech_driver.OVNMechanismDriver.post_fork_initialize-845996', 'neutron.services.ovn_l3.plugin.OVNL3RouterPlugin._post_fork_initialize-261899'] for process (None), after_init {{(pid=104218) _notify_loop /opt/stack/data/venv/lib/python3.12/site-packages/neutron_lib/callbacks/manager.py:184}}
Apr 16 17:47:57.738723 np0000166762 devstack@neutron-api.service[104216]: INFO neutron.plugins.ml2.drivers.ovn.mech_driver.ovsdb.impl_idl_ovn [None req-3f253a84-3db7-4a25-8c34-3b0b893079e3 None None] Getting OvsdbSbOvnIdl for WorkerService with retry
Apr 16 17:47:57.738937 np0000166762 devstack@neutron-api.service[104218]: DEBUG oslo_concurrency.lockutils [None req-ae9f1c1b-87e5-40c6-8f15-5cc4fcd21561 None None] Acquiring lock "singleton_lock" {{(pid=104218) lock /opt/stack/data/venv/lib/python3.12/site-packages/oslo_concurrency/lockutils.py:390}}
Apr 16 17:47:57.739392 np0000166762 devstack@neutron-api.service[104218]: DEBUG oslo_concurrency.lockutils [None req-ae9f1c1b-87e5-40c6-8f15-5cc4fcd21561 None None] Acquired lock "singleton_lock" {{(pid=104218) lock /opt/stack/data/venv/lib/python3.12/site-packages/oslo_concurrency/lockutils.py:393}}
Apr 16 17:47:57.740180 np0000166762 devstack@neutron-api.service[104218]: DEBUG oslo_concurrency.lockutils [None req-ae9f1c1b-87e5-40c6-8f15-5cc4fcd21561 None None] Releasing lock "singleton_lock" {{(pid=104218) lock /opt/stack/data/venv/lib/python3.12/site-packages/oslo_concurrency/lockutils.py:413}}
Apr 16 17:47:57.743527 np0000166762 devstack@neutron-api.service[104218]: DEBUG neutron.plugins.ml2.drivers.ovn.mech_driver.mech_driver [None req-ae9f1c1b-87e5-40c6-8f15-5cc4fcd21561 None None] Hash Ring setup using WSGI start time 2026-04-16 17:47:50+00:00 {{(pid=104218) _init_hash_ring /opt/stack/neutron/neutron/plugins/ml2/drivers/ovn/mech_driver/mech_driver.py:402}}
Apr 16 17:47:57.750675 np0000166762 devstack@neutron-api.service[104219]: DEBUG ovsdbapp.backend.ovs_idl [None req-7c93fa58-1974-4404-aac1-76cc0caf5571 None None] Created lookup_table index Logical_Switch.name {{(pid=104219) autocreate_indices /opt/stack/data/venv/lib/python3.12/site-packages/ovsdbapp/backend/ovs_idl/__init__.py:87}}
Apr 16 17:47:57.750782 np0000166762 devstack@neutron-api.service[104219]: DEBUG ovsdbapp.backend.ovs_idl [None req-7c93fa58-1974-4404-aac1-76cc0caf5571 None None] Created lookup_table index Logical_Router.name {{(pid=104219) autocreate_indices /opt/stack/data/venv/lib/python3.12/site-packages/ovsdbapp/backend/ovs_idl/__init__.py:87}}
Apr 16 17:47:57.751224 np0000166762 devstack@neutron-api.service[104219]: DEBUG ovsdbapp.backend.ovs_idl [None req-7c93fa58-1974-4404-aac1-76cc0caf5571 None None] Created lookup_table index Load_Balancer.name {{(pid=104219) autocreate_indices /opt/stack/data/venv/lib/python3.12/site-packages/ovsdbapp/backend/ovs_idl/__init__.py:87}}
Apr 16 17:47:57.751224 np0000166762 devstack@neutron-api.service[104219]: DEBUG ovsdbapp.backend.ovs_idl [None req-7c93fa58-1974-4404-aac1-76cc0caf5571 None None] Created schema index Copp.name {{(pid=104219) autocreate_indices /opt/stack/data/venv/lib/python3.12/site-packages/ovsdbapp/backend/ovs_idl/__init__.py:106}}
Apr 16 17:47:57.751224 np0000166762 devstack@neutron-api.service[104219]: DEBUG ovsdbapp.backend.ovs_idl [None req-7c93fa58-1974-4404-aac1-76cc0caf5571 None None] Created schema index Meter.name {{(pid=104219) autocreate_indices /opt/stack/data/venv/lib/python3.12/site-packages/ovsdbapp/backend/ovs_idl/__init__.py:106}}
Apr 16 17:47:57.751562 np0000166762 devstack@neutron-api.service[104219]: DEBUG ovsdbapp.backend.ovs_idl [None req-7c93fa58-1974-4404-aac1-76cc0caf5571 None None] Created schema index Load_Balancer_Group.name {{(pid=104219) autocreate_indices /opt/stack/data/venv/lib/python3.12/site-packages/ovsdbapp/backend/ovs_idl/__init__.py:106}}
Apr 16 17:47:57.751562 np0000166762 devstack@neutron-api.service[104219]: DEBUG ovsdbapp.backend.ovs_idl [None req-7c93fa58-1974-4404-aac1-76cc0caf5571 None None] Created schema index HA_Chassis_Group.name {{(pid=104219) autocreate_indices /opt/stack/data/venv/lib/python3.12/site-packages/ovsdbapp/backend/ovs_idl/__init__.py:106}}
Apr 16 17:47:57.751562 np0000166762 devstack@neutron-api.service[104219]: DEBUG ovsdbapp.backend.ovs_idl [None req-7c93fa58-1974-4404-aac1-76cc0caf5571 None None] Created schema index Address_Set.name {{(pid=104219) autocreate_indices /opt/stack/data/venv/lib/python3.12/site-packages/ovsdbapp/backend/ovs_idl/__init__.py:106}}
Apr 16 17:47:57.751562 np0000166762 devstack@neutron-api.service[104219]: DEBUG ovsdbapp.backend.ovs_idl [None req-7c93fa58-1974-4404-aac1-76cc0caf5571 None None] Created schema index Connection.target {{(pid=104219) autocreate_indices /opt/stack/data/venv/lib/python3.12/site-packages/ovsdbapp/backend/ovs_idl/__init__.py:106}}
Apr 16 17:47:57.752021 np0000166762 devstack@neutron-api.service[104219]: DEBUG ovsdbapp.backend.ovs_idl [None req-7c93fa58-1974-4404-aac1-76cc0caf5571 None None] Created schema index Gateway_Chassis.name {{(pid=104219) autocreate_indices /opt/stack/data/venv/lib/python3.12/site-packages/ovsdbapp/backend/ovs_idl/__init__.py:106}}
Apr 16 17:47:57.752021 np0000166762 devstack@neutron-api.service[104219]: DEBUG ovsdbapp.backend.ovs_idl [None req-7c93fa58-1974-4404-aac1-76cc0caf5571 None None] Created schema index Mirror.name {{(pid=104219) autocreate_indices /opt/stack/data/venv/lib/python3.12/site-packages/ovsdbapp/backend/ovs_idl/__init__.py:106}}
Apr 16 17:47:57.752021 np0000166762 devstack@neutron-api.service[104219]: DEBUG ovsdbapp.backend.ovs_idl [None req-7c93fa58-1974-4404-aac1-76cc0caf5571 None None] Created schema index Chassis_Template_Var.chassis {{(pid=104219) autocreate_indices /opt/stack/data/venv/lib/python3.12/site-packages/ovsdbapp/backend/ovs_idl/__init__.py:106}}
Apr 16 17:47:57.752337 np0000166762 devstack@neutron-api.service[104219]: DEBUG ovsdbapp.backend.ovs_idl [None req-7c93fa58-1974-4404-aac1-76cc0caf5571 None None] Created schema index Logical_Router_Port.name {{(pid=104219) autocreate_indices /opt/stack/data/venv/lib/python3.12/site-packages/ovsdbapp/backend/ovs_idl/__init__.py:106}}
Apr 16 17:47:57.752337 np0000166762 devstack@neutron-api.service[104219]: DEBUG ovsdbapp.backend.ovs_idl [None req-7c93fa58-1974-4404-aac1-76cc0caf5571 None None] Created schema index Port_Group.name {{(pid=104219) autocreate_indices /opt/stack/data/venv/lib/python3.12/site-packages/ovsdbapp/backend/ovs_idl/__init__.py:106}}
Apr 16 17:47:57.752477 np0000166762 devstack@neutron-api.service[104218]: INFO neutron.db.ovn_hash_ring_db [None req-ae9f1c1b-87e5-40c6-8f15-5cc4fcd21561 None None] Nodes from host "np0000166762" and group "mechanism_driver" removed from the Hash Ring created at 2026-04-16 17:47:50+00:00
Apr 16 17:47:57.752547 np0000166762 devstack@neutron-api.service[104219]: DEBUG ovsdbapp.backend.ovs_idl [None req-7c93fa58-1974-4404-aac1-76cc0caf5571 None None] Created schema index Logical_Switch_Port.name {{(pid=104219) autocreate_indices /opt/stack/data/venv/lib/python3.12/site-packages/ovsdbapp/backend/ovs_idl/__init__.py:106}}
Apr 16 17:47:57.754947 np0000166762 devstack@neutron-api.service[104218]: INFO neutron.db.ovn_hash_ring_db [None req-ae9f1c1b-87e5-40c6-8f15-5cc4fcd21561 None None] Node 33b2fd3c59125c72b68bf0f08fc18f09 from host "np0000166762" and group "mechanism_driver" added to the Hash Ring
Apr 16 17:47:57.755056 np0000166762 devstack@neutron-api.service[104219]: INFO ovsdbapp.backend.ovs_idl.vlog [None req-7c93fa58-1974-4404-aac1-76cc0caf5571 None None] ssl:199.204.45.72:6641: connecting...
Apr 16 17:47:57.757815 np0000166762 devstack@neutron-api.service[104218]: DEBUG neutron.plugins.ml2.drivers.ovn.mech_driver.mech_driver [None req-ae9f1c1b-87e5-40c6-8f15-5cc4fcd21561 None None] Hash Ring setup, this worker has detected 4 OVN hash ring registers in the database {{(pid=104218) _init_hash_ring /opt/stack/neutron/neutron/plugins/ml2/drivers/ovn/mech_driver/mech_driver.py:412}}
Apr 16 17:47:57.761433 np0000166762 devstack@neutron-api.service[104219]: INFO ovsdbapp.backend.ovs_idl.vlog [None req-7c93fa58-1974-4404-aac1-76cc0caf5571 None None] ssl:199.204.45.72:6641: connected
Apr 16 17:47:57.763257 np0000166762 devstack@neutron-api.service[104218]: DEBUG neutron.plugins.ml2.drivers.ovn.mech_driver.ovsdb.maintenance [None req-ae9f1c1b-87e5-40c6-8f15-5cc4fcd21561 None None] Periodic task found: HashRingHealthCheckPeriodics.touch_hash_ring_node {{(pid=104218) add_periodics /opt/stack/neutron/neutron/plugins/ml2/drivers/ovn/mech_driver/ovsdb/maintenance.py:148}}
Apr 16 17:47:57.765795 np0000166762 devstack@neutron-api.service[104218]: INFO neutron.plugins.ml2.drivers.ovn.mech_driver.mech_driver [None req-ae9f1c1b-87e5-40c6-8f15-5cc4fcd21561 None None] Hash Ring probing thread for node 33b2fd3c59125c72b68bf0f08fc18f09 has started
Apr 16 17:47:57.767267 np0000166762 devstack@neutron-api.service[104218]: INFO neutron.plugins.ml2.drivers.ovn.mech_driver.ovsdb.impl_idl_ovn [None req-ae9f1c1b-87e5-40c6-8f15-5cc4fcd21561 None None] Getting OvsdbNbOvnIdl for WorkerService with retry
Apr 16 17:47:57.774970 np0000166762 devstack@neutron-api.service[104216]: DEBUG ovsdbapp.backend.ovs_idl [None req-3f253a84-3db7-4a25-8c34-3b0b893079e3 None None] Created lookup_table index Chassis.name {{(pid=104216) autocreate_indices /opt/stack/data/venv/lib/python3.12/site-packages/ovsdbapp/backend/ovs_idl/__init__.py:87}}
Apr 16 17:47:57.775160 np0000166762 devstack@neutron-api.service[104216]: DEBUG ovsdbapp.backend.ovs_idl [None req-3f253a84-3db7-4a25-8c34-3b0b893079e3 None None] Created lookup_table index Port_Binding.logical_port {{(pid=104216) autocreate_indices /opt/stack/data/venv/lib/python3.12/site-packages/ovsdbapp/backend/ovs_idl/__init__.py:87}}
Apr 16 17:47:57.775313 np0000166762 devstack@neutron-api.service[104216]: DEBUG ovsdbapp.backend.ovs_idl [None req-3f253a84-3db7-4a25-8c34-3b0b893079e3 None None] Created schema index Chassis_Private.name {{(pid=104216) autocreate_indices /opt/stack/data/venv/lib/python3.12/site-packages/ovsdbapp/backend/ovs_idl/__init__.py:106}}
Apr 16 17:47:57.775453 np0000166762 devstack@neutron-api.service[104216]: DEBUG ovsdbapp.backend.ovs_idl [None req-3f253a84-3db7-4a25-8c34-3b0b893079e3 None None] Created schema index Datapath_Binding.tunnel_key {{(pid=104216) autocreate_indices /opt/stack/data/venv/lib/python3.12/site-packages/ovsdbapp/backend/ovs_idl/__init__.py:106}}
Apr 16 17:47:57.779771 np0000166762 devstack@neutron-api.service[104216]: INFO ovsdbapp.backend.ovs_idl.vlog [None req-3f253a84-3db7-4a25-8c34-3b0b893079e3 None None] ssl:199.204.45.72:6642: connecting...
Apr 16 17:47:57.785806 np0000166762 devstack@neutron-api.service[104216]: INFO ovsdbapp.backend.ovs_idl.vlog [None req-3f253a84-3db7-4a25-8c34-3b0b893079e3 None None] ssl:199.204.45.72:6642: connected
Apr 16 17:47:57.798456 np0000166762 devstack@neutron-api.service[104219]: DEBUG neutron.common.ovn.hash_ring_manager [None req-7c93fa58-1974-4404-aac1-76cc0caf5571 None None] Allow caching, nodes 4>=4 {{(pid=104219) _wait_startup_before_caching /opt/stack/neutron/neutron/common/ovn/hash_ring_manager.py:65}}
Apr 16 17:47:57.804686 np0000166762 devstack@neutron-api.service[104219]: DEBUG neutron.common.ovn.hash_ring_manager [None req-7c93fa58-1974-4404-aac1-76cc0caf5571 None None] Hash Ring loaded. 4 active nodes. 0 offline nodes {{(pid=104219) _load_hash_ring /opt/stack/neutron/neutron/common/ovn/hash_ring_manager.py:102}}
Apr 16 17:47:57.804952 np0000166762 devstack@neutron-api.service[104219]: DEBUG neutron.plugins.ml2.drivers.ovn.mech_driver.ovsdb.ovsdb_monitor [None req-7c93fa58-1974-4404-aac1-76cc0caf5571 None None] Hash Ring: Node f2c7d5bea5425390b99b93ffcd0e304f (host: np0000166762) handling event "create" for row 1af7d7bf-73d7-478a-a333-2aaf9ade0612 (table: Connection) {{(pid=104219) notify /opt/stack/neutron/neutron/plugins/ml2/drivers/ovn/mech_driver/ovsdb/ovsdb_monitor.py:914}}
Apr 16 17:47:57.805123 np0000166762 devstack@neutron-api.service[104219]: DEBUG neutron.plugins.ml2.drivers.ovn.mech_driver.ovsdb.ovsdb_monitor [None req-7c93fa58-1974-4404-aac1-76cc0caf5571 None None] Hash Ring: Node f2c7d5bea5425390b99b93ffcd0e304f (host: np0000166762) handling event "create" for row 1d8a3503-12a5-44f0-ad2f-148c8cdbe6ba (table: NB_Global) {{(pid=104219) notify /opt/stack/neutron/neutron/plugins/ml2/drivers/ovn/mech_driver/ovsdb/ovsdb_monitor.py:914}}
Apr 16 17:47:57.806180 np0000166762 devstack@neutron-api.service[104219]: INFO neutron.plugins.ml2.drivers.ovn.mech_driver.ovsdb.impl_idl_ovn [None req-7c93fa58-1974-4404-aac1-76cc0caf5571 None None] Getting OvsdbSbOvnIdl for WorkerService with retry
Apr 16 17:47:57.818351 np0000166762 devstack@neutron-api.service[104218]: DEBUG ovsdbapp.backend.ovs_idl [None req-ae9f1c1b-87e5-40c6-8f15-5cc4fcd21561 None None] Created lookup_table index Logical_Switch.name {{(pid=104218) autocreate_indices /opt/stack/data/venv/lib/python3.12/site-packages/ovsdbapp/backend/ovs_idl/__init__.py:87}}
Apr 16 17:47:57.818472 np0000166762 devstack@neutron-api.service[104218]: DEBUG ovsdbapp.backend.ovs_idl [None req-ae9f1c1b-87e5-40c6-8f15-5cc4fcd21561 None None] Created lookup_table index Logical_Router.name {{(pid=104218) autocreate_indices /opt/stack/data/venv/lib/python3.12/site-packages/ovsdbapp/backend/ovs_idl/__init__.py:87}}
