Apr 02 09:17:48.816824 np0000162847 systemd[1]: Starting devstack@n-api-meta.service - Devstack devstack@n-api-meta.service...
Apr 02 09:17:48.823432 np0000162847 devstack@n-api-meta.service[107152]: [uWSGI] getting INI configuration from /etc/nova/nova-metadata-uwsgi.ini
Apr 02 09:17:48.824088 np0000162847 devstack@n-api-meta.service[107152]: open("./http_plugin.so"): No such file or directory [core/utils.c line 3709]
Apr 02 09:17:48.824088 np0000162847 devstack@n-api-meta.service[107152]: !!! UNABLE to load uWSGI plugin: ./http_plugin.so: cannot open shared object file: No such file or directory !!!
Apr 02 09:17:48.824088 np0000162847 devstack@n-api-meta.service[107152]: open("./python3_plugin.so"): No such file or directory [core/utils.c line 3709]
Apr 02 09:17:48.824088 np0000162847 devstack@n-api-meta.service[107152]: !!! UNABLE to load uWSGI plugin: ./python3_plugin.so: cannot open shared object file: No such file or directory !!!
Apr 02 09:17:48.824088 np0000162847 devstack@n-api-meta.service[107152]: *** Starting uWSGI 2.0.31 (64bit) on [Thu Apr 2 09:17:48 2026] ***
Apr 02 09:17:48.824088 np0000162847 devstack@n-api-meta.service[107152]: compiled with version: 13.3.0 on 02 April 2026 09:07:13
Apr 02 09:17:48.824088 np0000162847 devstack@n-api-meta.service[107152]: os: Linux-6.8.0-107-generic #107-Ubuntu SMP PREEMPT_DYNAMIC Fri Mar 13 19:51:50 UTC 2026
Apr 02 09:17:48.824088 np0000162847 devstack@n-api-meta.service[107152]: nodename: np0000162847
Apr 02 09:17:48.824088 np0000162847 devstack@n-api-meta.service[107152]: machine: x86_64
Apr 02 09:17:48.824088 np0000162847 devstack@n-api-meta.service[107152]: clock source: unix
Apr 02 09:17:48.824088 np0000162847 devstack@n-api-meta.service[107152]: pcre jit disabled
Apr 02 09:17:48.824088 np0000162847 devstack@n-api-meta.service[107152]: detected number of CPU cores: 16
Apr 02 09:17:48.824088 np0000162847 devstack@n-api-meta.service[107152]: current working directory: /
Apr 02 09:17:48.824088 np0000162847 devstack@n-api-meta.service[107152]: detected binary path: /opt/stack/data/venv/bin/uwsgi
Apr 02 09:17:48.824088 np0000162847 devstack@n-api-meta.service[107152]: your processes number limit is 256917
Apr 02 09:17:48.824088 np0000162847 devstack@n-api-meta.service[107152]: your memory page size is 4096 bytes
Apr 02 09:17:48.824088 np0000162847 devstack@n-api-meta.service[107152]: detected max file descriptor number: 2048
Apr 02 09:17:48.824088 np0000162847 devstack@n-api-meta.service[107152]: lock engine: pthread robust mutexes
Apr 02 09:17:48.824088 np0000162847 devstack@n-api-meta.service[107152]: thunder lock: enabled
Apr 02 09:17:48.824088 np0000162847 devstack@n-api-meta.service[107152]: uWSGI http bound on 0.0.0.0:8775 fd 5
Apr 02 09:17:48.824088 np0000162847 devstack@n-api-meta.service[107152]: uwsgi socket 0 bound to TCP address 127.0.0.1:39689 (port auto-assigned) fd 4
Apr 02 09:17:48.824088 np0000162847 devstack@n-api-meta.service[107152]: Python version: 3.12.3 (main, Mar 3 2026, 12:15:18) [GCC 13.3.0]
Apr 02 09:17:48.824088 np0000162847 devstack@n-api-meta.service[107152]: PEP 405 virtualenv detected: /opt/stack/data/venv
Apr 02 09:17:48.824088 np0000162847 devstack@n-api-meta.service[107152]: Set PythonHome to /opt/stack/data/venv
Apr 02 09:17:48.858851 np0000162847 devstack@n-api-meta.service[107152]: Python main interpreter initialized at 0x7ee8034a3668
Apr 02 09:17:48.858851 np0000162847 devstack@n-api-meta.service[107152]: python threads support enabled
Apr 02 09:17:48.858851 np0000162847 devstack@n-api-meta.service[107152]: your server socket listen backlog is limited to 100 connections
Apr 02 09:17:48.858851 np0000162847 devstack@n-api-meta.service[107152]: your mercy for graceful operations on workers is 80 seconds
Apr 02 09:17:48.859364 np0000162847 devstack@n-api-meta.service[107152]: mapped 671795 bytes (656 KB) for 4 cores
Apr 02 09:17:48.859500 np0000162847 devstack@n-api-meta.service[107152]: *** Operational MODE: preforking ***
Apr 02 09:17:48.859707 np0000162847 devstack@n-api-meta.service[107152]: *** uWSGI is running in multiple interpreter mode ***
Apr 02 09:17:48.859707 np0000162847 devstack@n-api-meta.service[107152]: spawned uWSGI master process (pid: 107152)
Apr 02 09:17:48.859917 np0000162847 systemd[1]: Started devstack@n-api-meta.service - Devstack devstack@n-api-meta.service.
Apr 02 09:17:48.860316 np0000162847 devstack@n-api-meta.service[107152]: spawned uWSGI worker 1 (pid: 107153, cores: 1)
Apr 02 09:17:48.860747 np0000162847 devstack@n-api-meta.service[107152]: spawned uWSGI worker 2 (pid: 107154, cores: 1)
Apr 02 09:17:48.861170 np0000162847 devstack@n-api-meta.service[107152]: spawned uWSGI worker 3 (pid: 107155, cores: 1)
Apr 02 09:17:48.861603 np0000162847 devstack@n-api-meta.service[107152]: spawned uWSGI worker 4 (pid: 107156, cores: 1)
Apr 02 09:17:48.862364 np0000162847 devstack@n-api-meta.service[107152]: spawned uWSGI http 1 (pid: 107157)
Apr 02 09:17:48.862364 np0000162847 devstack@n-api-meta.service[107152]: running "unix_signal:15 gracefully_kill_them_all" (master-start)...
Apr 02 09:17:49.221120 np0000162847 devstack@n-api-meta.service[107155]: Service is starting with native threading. This is currently experimental. Do not use it in production without first testing it in pre-production.
Apr 02 09:17:49.224477 np0000162847 devstack@n-api-meta.service[107153]: Service is starting with native threading. This is currently experimental. Do not use it in production without first testing it in pre-production.
Apr 02 09:17:49.230365 np0000162847 devstack@n-api-meta.service[107154]: Service is starting with native threading. This is currently experimental. Do not use it in production without first testing it in pre-production.
Apr 02 09:17:49.240973 np0000162847 devstack@n-api-meta.service[107156]: Service is starting with native threading. This is currently experimental. Do not use it in production without first testing it in pre-production.
Apr 02 09:17:50.678218 np0000162847 devstack@n-api-meta.service[107153]: INFO dbcounter [None req-eb906fe9-ef95-4100-89b7-0a32804761e6 None None] Registered counter for database nova_api
Apr 02 09:17:50.694772 np0000162847 devstack@n-api-meta.service[107153]: DEBUG oslo_db.sqlalchemy.engines [None req-eb906fe9-ef95-4100-89b7-0a32804761e6 None None] MySQL server mode set to STRICT_TRANS_TABLES,STRICT_ALL_TABLES,NO_ZERO_IN_DATE,NO_ZERO_DATE,ERROR_FOR_DIVISION_BY_ZERO,TRADITIONAL,NO_ENGINE_SUBSTITUTION {{(pid=107153) _check_effective_sql_mode /opt/stack/data/venv/lib/python3.12/site-packages/oslo_db/sqlalchemy/engines.py:325}}
Apr 02 09:17:50.734321 np0000162847 devstack@n-api-meta.service[107153]: DEBUG dbcounter [-] [107153] Writer thread running {{(pid=107153) stat_writer /opt/stack/data/venv/lib/python3.12/site-packages/dbcounter.py:102}}
Apr 02 09:17:50.736910 np0000162847 devstack@n-api-meta.service[107153]: DEBUG nova.context [None req-eb906fe9-ef95-4100-89b7-0a32804761e6 None None] Found 2 cells: 00000000-0000-0000-0000-000000000000(cell0),874194ba-5b8e-4c16-b0a7-323a8b144068(cell1) {{(pid=107153) load_cells /opt/stack/nova/nova/context.py:509}}
Apr 02 09:17:50.737211 np0000162847 devstack@n-api-meta.service[107153]: INFO nova.utils [None req-eb906fe9-ef95-4100-89b7-0a32804761e6 None None] The cell worker thread pool MainProcess.cell_worker is initialized
Apr 02 09:17:50.739045 np0000162847 devstack@n-api-meta.service[107153]: DEBUG oslo_concurrency.lockutils [None req-eb906fe9-ef95-4100-89b7-0a32804761e6 None None] Acquiring lock "00000000-0000-0000-0000-000000000000" by "nova.context.set_target_cell..get_or_set_cached_cell_and_set_connections" {{(pid=107153) inner /opt/stack/data/venv/lib/python3.12/site-packages/oslo_concurrency/lockutils.py:506}}
Apr 02 09:17:50.739233 np0000162847 devstack@n-api-meta.service[107153]: DEBUG oslo_concurrency.lockutils [None req-eb906fe9-ef95-4100-89b7-0a32804761e6 None None] Lock "00000000-0000-0000-0000-000000000000" acquired by "nova.context.set_target_cell..get_or_set_cached_cell_and_set_connections" :: waited 0.000s {{(pid=107153) inner /opt/stack/data/venv/lib/python3.12/site-packages/oslo_concurrency/lockutils.py:519}}
Apr 02 09:17:50.739667 np0000162847 devstack@n-api-meta.service[107153]: DEBUG oslo_concurrency.lockutils [None req-eb906fe9-ef95-4100-89b7-0a32804761e6 None None] Lock "00000000-0000-0000-0000-000000000000" "released" by "nova.context.set_target_cell..get_or_set_cached_cell_and_set_connections" :: held 0.000s {{(pid=107153) inner /opt/stack/data/venv/lib/python3.12/site-packages/oslo_concurrency/lockutils.py:538}}
Apr 02 09:17:50.739802 np0000162847 devstack@n-api-meta.service[107154]: INFO dbcounter [None req-138827cd-5c26-447a-b100-010b65cdc336 None None] Registered counter for database nova_api
Apr 02 09:17:50.740548 np0000162847 devstack@n-api-meta.service[107153]: DEBUG oslo_concurrency.lockutils [None req-eb906fe9-ef95-4100-89b7-0a32804761e6 None None] Acquiring lock "874194ba-5b8e-4c16-b0a7-323a8b144068" by "nova.context.set_target_cell..get_or_set_cached_cell_and_set_connections" {{(pid=107153) inner /opt/stack/data/venv/lib/python3.12/site-packages/oslo_concurrency/lockutils.py:506}}
Apr 02 09:17:50.740739 np0000162847 devstack@n-api-meta.service[107153]: DEBUG oslo_concurrency.lockutils [None req-eb906fe9-ef95-4100-89b7-0a32804761e6 None None] Lock "874194ba-5b8e-4c16-b0a7-323a8b144068" acquired by "nova.context.set_target_cell..get_or_set_cached_cell_and_set_connections" :: waited 0.000s {{(pid=107153) inner /opt/stack/data/venv/lib/python3.12/site-packages/oslo_concurrency/lockutils.py:519}}
Apr 02 09:17:50.742037 np0000162847 devstack@n-api-meta.service[107153]: DEBUG oslo_concurrency.lockutils [None req-eb906fe9-ef95-4100-89b7-0a32804761e6 None None] Lock "874194ba-5b8e-4c16-b0a7-323a8b144068" "released" by "nova.context.set_target_cell..get_or_set_cached_cell_and_set_connections" :: held 0.001s {{(pid=107153) inner /opt/stack/data/venv/lib/python3.12/site-packages/oslo_concurrency/lockutils.py:538}}
Apr 02 09:17:50.745939 np0000162847 devstack@n-api-meta.service[107153]: INFO dbcounter [None req-eb906fe9-ef95-4100-89b7-0a32804761e6 None None] Registered counter for database nova_cell0
Apr 02 09:17:50.748243 np0000162847 devstack@n-api-meta.service[107156]: INFO dbcounter [None req-0f2876e5-f538-4463-b74e-0c208554d046 None None] Registered counter for database nova_api
Apr 02 09:17:50.751221 np0000162847 devstack@n-api-meta.service[107153]: INFO dbcounter [None req-eb906fe9-ef95-4100-89b7-0a32804761e6 None None] Registered counter for database nova_cell1
Apr 02 09:17:50.760618 np0000162847 devstack@n-api-meta.service[107154]: DEBUG oslo_db.sqlalchemy.engines [None req-138827cd-5c26-447a-b100-010b65cdc336 None None] MySQL server mode set to STRICT_TRANS_TABLES,STRICT_ALL_TABLES,NO_ZERO_IN_DATE,NO_ZERO_DATE,ERROR_FOR_DIVISION_BY_ZERO,TRADITIONAL,NO_ENGINE_SUBSTITUTION {{(pid=107154) _check_effective_sql_mode /opt/stack/data/venv/lib/python3.12/site-packages/oslo_db/sqlalchemy/engines.py:325}}
Apr 02 09:17:50.763516 np0000162847 devstack@n-api-meta.service[107153]: DEBUG oslo_db.sqlalchemy.engines [None req-eb906fe9-ef95-4100-89b7-0a32804761e6 None None] MySQL server mode set to STRICT_TRANS_TABLES,STRICT_ALL_TABLES,NO_ZERO_IN_DATE,NO_ZERO_DATE,ERROR_FOR_DIVISION_BY_ZERO,TRADITIONAL,NO_ENGINE_SUBSTITUTION {{(pid=107153) _check_effective_sql_mode /opt/stack/data/venv/lib/python3.12/site-packages/oslo_db/sqlalchemy/engines.py:325}}
Apr 02 09:17:50.766920 np0000162847 devstack@n-api-meta.service[107153]: DEBUG oslo_db.sqlalchemy.engines [None req-eb906fe9-ef95-4100-89b7-0a32804761e6 None None] MySQL server mode set to STRICT_TRANS_TABLES,STRICT_ALL_TABLES,NO_ZERO_IN_DATE,NO_ZERO_DATE,ERROR_FOR_DIVISION_BY_ZERO,TRADITIONAL,NO_ENGINE_SUBSTITUTION {{(pid=107153) _check_effective_sql_mode /opt/stack/data/venv/lib/python3.12/site-packages/oslo_db/sqlalchemy/engines.py:325}}
Apr 02 09:17:50.770373 np0000162847 devstack@n-api-meta.service[107156]: DEBUG oslo_db.sqlalchemy.engines [None req-0f2876e5-f538-4463-b74e-0c208554d046 None None] MySQL server mode set to STRICT_TRANS_TABLES,STRICT_ALL_TABLES,NO_ZERO_IN_DATE,NO_ZERO_DATE,ERROR_FOR_DIVISION_BY_ZERO,TRADITIONAL,NO_ENGINE_SUBSTITUTION {{(pid=107156) _check_effective_sql_mode /opt/stack/data/venv/lib/python3.12/site-packages/oslo_db/sqlalchemy/engines.py:325}}
Apr 02 09:17:50.794184 np0000162847 devstack@n-api-meta.service[107154]: DEBUG dbcounter [-] [107154] Writer thread running {{(pid=107154) stat_writer /opt/stack/data/venv/lib/python3.12/site-packages/dbcounter.py:102}}
Apr 02 09:17:50.797092 np0000162847 devstack@n-api-meta.service[107155]: INFO dbcounter [None req-e3a34550-8fe8-429f-a9b4-d899df56d99c None None] Registered counter for database nova_api
Apr 02 09:17:50.799087 np0000162847 devstack@n-api-meta.service[107154]: DEBUG nova.context [None req-138827cd-5c26-447a-b100-010b65cdc336 None None] Found 2 cells: 00000000-0000-0000-0000-000000000000(cell0),874194ba-5b8e-4c16-b0a7-323a8b144068(cell1) {{(pid=107154) load_cells /opt/stack/nova/nova/context.py:509}}
Apr 02 09:17:50.799401 np0000162847 devstack@n-api-meta.service[107154]: INFO nova.utils [None req-138827cd-5c26-447a-b100-010b65cdc336 None None] The cell worker thread pool MainProcess.cell_worker is initialized
Apr 02 09:17:50.801471 np0000162847 devstack@n-api-meta.service[107154]: DEBUG oslo_concurrency.lockutils [None req-138827cd-5c26-447a-b100-010b65cdc336 None None] Acquiring lock "00000000-0000-0000-0000-000000000000" by "nova.context.set_target_cell..get_or_set_cached_cell_and_set_connections" {{(pid=107154) inner /opt/stack/data/venv/lib/python3.12/site-packages/oslo_concurrency/lockutils.py:506}}
Apr 02 09:17:50.801632 np0000162847 devstack@n-api-meta.service[107154]: DEBUG oslo_concurrency.lockutils [None req-138827cd-5c26-447a-b100-010b65cdc336 None None] Lock "00000000-0000-0000-0000-000000000000" acquired by "nova.context.set_target_cell..get_or_set_cached_cell_and_set_connections" :: waited 0.000s {{(pid=107154) inner /opt/stack/data/venv/lib/python3.12/site-packages/oslo_concurrency/lockutils.py:519}}
Apr 02 09:17:50.802003 np0000162847 devstack@n-api-meta.service[107154]: DEBUG oslo_concurrency.lockutils [None req-138827cd-5c26-447a-b100-010b65cdc336 None None] Lock "00000000-0000-0000-0000-000000000000" "released" by "nova.context.set_target_cell..get_or_set_cached_cell_and_set_connections" :: held 0.000s {{(pid=107154) inner /opt/stack/data/venv/lib/python3.12/site-packages/oslo_concurrency/lockutils.py:538}}
Apr 02 09:17:50.802826 np0000162847 devstack@n-api-meta.service[107154]: DEBUG oslo_concurrency.lockutils [None req-138827cd-5c26-447a-b100-010b65cdc336 None None] Acquiring lock "874194ba-5b8e-4c16-b0a7-323a8b144068" by "nova.context.set_target_cell..get_or_set_cached_cell_and_set_connections" {{(pid=107154) inner /opt/stack/data/venv/lib/python3.12/site-packages/oslo_concurrency/lockutils.py:506}}
Apr 02 09:17:50.802958 np0000162847 devstack@n-api-meta.service[107154]: DEBUG oslo_concurrency.lockutils [None req-138827cd-5c26-447a-b100-010b65cdc336 None None] Lock "874194ba-5b8e-4c16-b0a7-323a8b144068" acquired by "nova.context.set_target_cell..get_or_set_cached_cell_and_set_connections" :: waited 0.000s {{(pid=107154) inner /opt/stack/data/venv/lib/python3.12/site-packages/oslo_concurrency/lockutils.py:519}}
Apr 02 09:17:50.803815 np0000162847 devstack@n-api-meta.service[107154]: DEBUG oslo_concurrency.lockutils [None req-138827cd-5c26-447a-b100-010b65cdc336 None None] Lock "874194ba-5b8e-4c16-b0a7-323a8b144068" "released" by "nova.context.set_target_cell..get_or_set_cached_cell_and_set_connections" :: held 0.001s {{(pid=107154) inner /opt/stack/data/venv/lib/python3.12/site-packages/oslo_concurrency/lockutils.py:538}}
Apr 02 09:17:50.806283 np0000162847 devstack@n-api-meta.service[107154]: INFO dbcounter [None req-138827cd-5c26-447a-b100-010b65cdc336 None None] Registered counter for database nova_cell0
Apr 02 09:17:50.809927 np0000162847 devstack@n-api-meta.service[107154]: INFO dbcounter [None req-138827cd-5c26-447a-b100-010b65cdc336 None None] Registered counter for database nova_cell1
Apr 02 09:17:50.811632 np0000162847 devstack@n-api-meta.service[107156]: DEBUG dbcounter [-] [107156] Writer thread running {{(pid=107156) stat_writer /opt/stack/data/venv/lib/python3.12/site-packages/dbcounter.py:102}}
Apr 02 09:17:50.812250 np0000162847 devstack@n-api-meta.service[107155]: DEBUG oslo_db.sqlalchemy.engines [None req-e3a34550-8fe8-429f-a9b4-d899df56d99c None None] MySQL server mode set to STRICT_TRANS_TABLES,STRICT_ALL_TABLES,NO_ZERO_IN_DATE,NO_ZERO_DATE,ERROR_FOR_DIVISION_BY_ZERO,TRADITIONAL,NO_ENGINE_SUBSTITUTION {{(pid=107155) _check_effective_sql_mode /opt/stack/data/venv/lib/python3.12/site-packages/oslo_db/sqlalchemy/engines.py:325}}
Apr 02 09:17:50.815143 np0000162847 devstack@n-api-meta.service[107156]: DEBUG nova.context [None req-0f2876e5-f538-4463-b74e-0c208554d046 None None] Found 2 cells: 00000000-0000-0000-0000-000000000000(cell0),874194ba-5b8e-4c16-b0a7-323a8b144068(cell1) {{(pid=107156) load_cells /opt/stack/nova/nova/context.py:509}}
Apr 02 09:17:50.815459 np0000162847 devstack@n-api-meta.service[107156]: INFO nova.utils [None req-0f2876e5-f538-4463-b74e-0c208554d046 None None] The cell worker thread pool MainProcess.cell_worker is initialized
Apr 02 09:17:50.817873 np0000162847 devstack@n-api-meta.service[107156]: DEBUG oslo_concurrency.lockutils [None req-0f2876e5-f538-4463-b74e-0c208554d046 None None] Acquiring lock "00000000-0000-0000-0000-000000000000" by "nova.context.set_target_cell..get_or_set_cached_cell_and_set_connections" {{(pid=107156) inner /opt/stack/data/venv/lib/python3.12/site-packages/oslo_concurrency/lockutils.py:506}}
Apr 02 09:17:50.818026 np0000162847 devstack@n-api-meta.service[107156]: DEBUG oslo_concurrency.lockutils [None req-0f2876e5-f538-4463-b74e-0c208554d046 None None] Lock "00000000-0000-0000-0000-000000000000" acquired by "nova.context.set_target_cell..get_or_set_cached_cell_and_set_connections" :: waited 0.000s {{(pid=107156) inner /opt/stack/data/venv/lib/python3.12/site-packages/oslo_concurrency/lockutils.py:519}}
Apr 02 09:17:50.818814 np0000162847 devstack@n-api-meta.service[107156]: DEBUG oslo_concurrency.lockutils [None req-0f2876e5-f538-4463-b74e-0c208554d046 None None] Lock "00000000-0000-0000-0000-000000000000" "released" by "nova.context.set_target_cell..get_or_set_cached_cell_and_set_connections" :: held 0.000s {{(pid=107156) inner /opt/stack/data/venv/lib/python3.12/site-packages/oslo_concurrency/lockutils.py:538}}
Apr 02 09:17:50.819334 np0000162847 devstack@n-api-meta.service[107156]: DEBUG oslo_concurrency.lockutils [None req-0f2876e5-f538-4463-b74e-0c208554d046 None None] Acquiring lock "874194ba-5b8e-4c16-b0a7-323a8b144068" by "nova.context.set_target_cell..get_or_set_cached_cell_and_set_connections" {{(pid=107156) inner /opt/stack/data/venv/lib/python3.12/site-packages/oslo_concurrency/lockutils.py:506}}
Apr 02 09:17:50.819506 np0000162847 devstack@n-api-meta.service[107154]: DEBUG oslo_db.sqlalchemy.engines [None req-138827cd-5c26-447a-b100-010b65cdc336 None None] MySQL server mode set to STRICT_TRANS_TABLES,STRICT_ALL_TABLES,NO_ZERO_IN_DATE,NO_ZERO_DATE,ERROR_FOR_DIVISION_BY_ZERO,TRADITIONAL,NO_ENGINE_SUBSTITUTION {{(pid=107154) _check_effective_sql_mode /opt/stack/data/venv/lib/python3.12/site-packages/oslo_db/sqlalchemy/engines.py:325}}
Apr 02 09:17:50.819597 np0000162847 devstack@n-api-meta.service[107156]: DEBUG oslo_concurrency.lockutils [None req-0f2876e5-f538-4463-b74e-0c208554d046 None None] Lock "874194ba-5b8e-4c16-b0a7-323a8b144068" acquired by "nova.context.set_target_cell..get_or_set_cached_cell_and_set_connections" :: waited 0.000s {{(pid=107156) inner /opt/stack/data/venv/lib/python3.12/site-packages/oslo_concurrency/lockutils.py:519}}
Apr 02 09:17:50.820637 np0000162847 devstack@n-api-meta.service[107156]: DEBUG oslo_concurrency.lockutils [None req-0f2876e5-f538-4463-b74e-0c208554d046 None None] Lock "874194ba-5b8e-4c16-b0a7-323a8b144068" "released" by "nova.context.set_target_cell..get_or_set_cached_cell_and_set_connections" :: held 0.001s {{(pid=107156) inner /opt/stack/data/venv/lib/python3.12/site-packages/oslo_concurrency/lockutils.py:538}}
Apr 02 09:17:50.823763 np0000162847 devstack@n-api-meta.service[107156]: INFO dbcounter [None req-0f2876e5-f538-4463-b74e-0c208554d046 None None] Registered counter for database nova_cell0
Apr 02 09:17:50.824964 np0000162847 devstack@n-api-meta.service[107154]: DEBUG oslo_db.sqlalchemy.engines [None req-138827cd-5c26-447a-b100-010b65cdc336 None None] MySQL server mode set to STRICT_TRANS_TABLES,STRICT_ALL_TABLES,NO_ZERO_IN_DATE,NO_ZERO_DATE,ERROR_FOR_DIVISION_BY_ZERO,TRADITIONAL,NO_ENGINE_SUBSTITUTION {{(pid=107154) _check_effective_sql_mode /opt/stack/data/venv/lib/python3.12/site-packages/oslo_db/sqlalchemy/engines.py:325}}
Apr 02 09:17:50.828072 np0000162847 devstack@n-api-meta.service[107156]: INFO dbcounter [None req-0f2876e5-f538-4463-b74e-0c208554d046 None None] Registered counter for database nova_cell1
Apr 02 09:17:50.835785 np0000162847 devstack@n-api-meta.service[107156]: DEBUG oslo_db.sqlalchemy.engines [None req-0f2876e5-f538-4463-b74e-0c208554d046 None None] MySQL server mode set to STRICT_TRANS_TABLES,STRICT_ALL_TABLES,NO_ZERO_IN_DATE,NO_ZERO_DATE,ERROR_FOR_DIVISION_BY_ZERO,TRADITIONAL,NO_ENGINE_SUBSTITUTION {{(pid=107156) _check_effective_sql_mode /opt/stack/data/venv/lib/python3.12/site-packages/oslo_db/sqlalchemy/engines.py:325}}
Apr 02 09:17:50.842536 np0000162847 devstack@n-api-meta.service[107156]: DEBUG oslo_db.sqlalchemy.engines [None req-0f2876e5-f538-4463-b74e-0c208554d046 None None] MySQL server mode set to STRICT_TRANS_TABLES,STRICT_ALL_TABLES,NO_ZERO_IN_DATE,NO_ZERO_DATE,ERROR_FOR_DIVISION_BY_ZERO,TRADITIONAL,NO_ENGINE_SUBSTITUTION {{(pid=107156) _check_effective_sql_mode /opt/stack/data/venv/lib/python3.12/site-packages/oslo_db/sqlalchemy/engines.py:325}}
Apr 02 09:17:50.849254 np0000162847 devstack@n-api-meta.service[107155]: DEBUG dbcounter [-] [107155] Writer thread running {{(pid=107155) stat_writer /opt/stack/data/venv/lib/python3.12/site-packages/dbcounter.py:102}}
Apr 02 09:17:50.852327 np0000162847 devstack@n-api-meta.service[107155]: DEBUG nova.context [None req-e3a34550-8fe8-429f-a9b4-d899df56d99c None None] Found 2 cells: 00000000-0000-0000-0000-000000000000(cell0),874194ba-5b8e-4c16-b0a7-323a8b144068(cell1) {{(pid=107155) load_cells /opt/stack/nova/nova/context.py:509}}
Apr 02 09:17:50.852327 np0000162847 devstack@n-api-meta.service[107155]: INFO nova.utils [None req-e3a34550-8fe8-429f-a9b4-d899df56d99c None None] The cell worker thread pool MainProcess.cell_worker is initialized
Apr 02 09:17:50.854507 np0000162847 devstack@n-api-meta.service[107155]: DEBUG oslo_concurrency.lockutils [None req-e3a34550-8fe8-429f-a9b4-d899df56d99c None None] Acquiring lock "00000000-0000-0000-0000-000000000000" by "nova.context.set_target_cell..get_or_set_cached_cell_and_set_connections" {{(pid=107155) inner /opt/stack/data/venv/lib/python3.12/site-packages/oslo_concurrency/lockutils.py:506}}
Apr 02 09:17:50.854653 np0000162847 devstack@n-api-meta.service[107155]: DEBUG oslo_concurrency.lockutils [None req-e3a34550-8fe8-429f-a9b4-d899df56d99c None None] Lock "00000000-0000-0000-0000-000000000000" acquired by "nova.context.set_target_cell..get_or_set_cached_cell_and_set_connections" :: waited 0.000s {{(pid=107155) inner /opt/stack/data/venv/lib/python3.12/site-packages/oslo_concurrency/lockutils.py:519}}
Apr 02 09:17:50.855120 np0000162847 devstack@n-api-meta.service[107155]: DEBUG oslo_concurrency.lockutils [None req-e3a34550-8fe8-429f-a9b4-d899df56d99c None None] Lock "00000000-0000-0000-0000-000000000000" "released" by "nova.context.set_target_cell..get_or_set_cached_cell_and_set_connections" :: held 0.000s {{(pid=107155) inner /opt/stack/data/venv/lib/python3.12/site-packages/oslo_concurrency/lockutils.py:538}}
Apr 02 09:17:50.855946 np0000162847 devstack@n-api-meta.service[107155]: DEBUG oslo_concurrency.lockutils [None req-e3a34550-8fe8-429f-a9b4-d899df56d99c None None] Acquiring lock "874194ba-5b8e-4c16-b0a7-323a8b144068" by "nova.context.set_target_cell..get_or_set_cached_cell_and_set_connections" {{(pid=107155) inner /opt/stack/data/venv/lib/python3.12/site-packages/oslo_concurrency/lockutils.py:506}}
Apr 02 09:17:50.856112 np0000162847 devstack@n-api-meta.service[107155]: DEBUG oslo_concurrency.lockutils [None req-e3a34550-8fe8-429f-a9b4-d899df56d99c None None] Lock "874194ba-5b8e-4c16-b0a7-323a8b144068" acquired by "nova.context.set_target_cell..get_or_set_cached_cell_and_set_connections" :: waited 0.000s {{(pid=107155) inner /opt/stack/data/venv/lib/python3.12/site-packages/oslo_concurrency/lockutils.py:519}}
Apr 02 09:17:50.857197 np0000162847 devstack@n-api-meta.service[107155]: DEBUG oslo_concurrency.lockutils [None req-e3a34550-8fe8-429f-a9b4-d899df56d99c None None] Lock "874194ba-5b8e-4c16-b0a7-323a8b144068" "released" by "nova.context.set_target_cell..get_or_set_cached_cell_and_set_connections" :: held 0.001s {{(pid=107155) inner /opt/stack/data/venv/lib/python3.12/site-packages/oslo_concurrency/lockutils.py:538}}
Apr 02 09:17:50.859661 np0000162847 devstack@n-api-meta.service[107155]: INFO dbcounter [None req-e3a34550-8fe8-429f-a9b4-d899df56d99c None None] Registered counter for database nova_cell0
Apr 02 09:17:50.864690 np0000162847 devstack@n-api-meta.service[107155]: INFO dbcounter [None req-e3a34550-8fe8-429f-a9b4-d899df56d99c None None] Registered counter for database nova_cell1
Apr 02 09:17:50.875824 np0000162847 devstack@n-api-meta.service[107155]: DEBUG oslo_db.sqlalchemy.engines [None req-e3a34550-8fe8-429f-a9b4-d899df56d99c None None] MySQL server mode set to STRICT_TRANS_TABLES,STRICT_ALL_TABLES,NO_ZERO_IN_DATE,NO_ZERO_DATE,ERROR_FOR_DIVISION_BY_ZERO,TRADITIONAL,NO_ENGINE_SUBSTITUTION {{(pid=107155) _check_effective_sql_mode /opt/stack/data/venv/lib/python3.12/site-packages/oslo_db/sqlalchemy/engines.py:325}}
Apr 02 09:17:50.877457 np0000162847 devstack@n-api-meta.service[107153]: DEBUG dbcounter [-] [107153] Writer thread running {{(pid=107153) stat_writer /opt/stack/data/venv/lib/python3.12/site-packages/dbcounter.py:102}}
Apr 02 09:17:50.879670 np0000162847 devstack@n-api-meta.service[107153]: DEBUG dbcounter [-] [107153] Writer thread running {{(pid=107153) stat_writer /opt/stack/data/venv/lib/python3.12/site-packages/dbcounter.py:102}}
Apr 02 09:17:50.880439 np0000162847 devstack@n-api-meta.service[107155]: DEBUG oslo_db.sqlalchemy.engines [None req-e3a34550-8fe8-429f-a9b4-d899df56d99c None None] MySQL server mode set to STRICT_TRANS_TABLES,STRICT_ALL_TABLES,NO_ZERO_IN_DATE,NO_ZERO_DATE,ERROR_FOR_DIVISION_BY_ZERO,TRADITIONAL,NO_ENGINE_SUBSTITUTION {{(pid=107155) _check_effective_sql_mode /opt/stack/data/venv/lib/python3.12/site-packages/oslo_db/sqlalchemy/engines.py:325}}
Apr 02 09:17:50.883848 np0000162847 devstack@n-api-meta.service[107153]: INFO dbcounter [None req-eb906fe9-ef95-4100-89b7-0a32804761e6 None None] Registered counter for database nova_cell0
Apr 02 09:17:50.891067 np0000162847 devstack@n-api-meta.service[107153]: DEBUG oslo_db.sqlalchemy.engines [None req-eb906fe9-ef95-4100-89b7-0a32804761e6 None None] MySQL server mode set to STRICT_TRANS_TABLES,STRICT_ALL_TABLES,NO_ZERO_IN_DATE,NO_ZERO_DATE,ERROR_FOR_DIVISION_BY_ZERO,TRADITIONAL,NO_ENGINE_SUBSTITUTION {{(pid=107153) _check_effective_sql_mode /opt/stack/data/venv/lib/python3.12/site-packages/oslo_db/sqlalchemy/engines.py:325}}
Apr 02 09:17:50.897664 np0000162847 devstack@n-api-meta.service[107153]: DEBUG dbcounter [-] [107153] Writer thread running {{(pid=107153) stat_writer /opt/stack/data/venv/lib/python3.12/site-packages/dbcounter.py:102}}
Apr 02 09:17:50.945479 np0000162847 devstack@n-api-meta.service[107156]: DEBUG dbcounter [-] [107156] Writer thread running {{(pid=107156) stat_writer /opt/stack/data/venv/lib/python3.12/site-packages/dbcounter.py:102}}
Apr 02 09:17:50.946609 np0000162847 devstack@n-api-meta.service[107156]: DEBUG dbcounter [-] [107156] Writer thread running {{(pid=107156) stat_writer /opt/stack/data/venv/lib/python3.12/site-packages/dbcounter.py:102}}
Apr 02 09:17:50.946742 np0000162847 devstack@n-api-meta.service[107154]: DEBUG dbcounter [-] [107154] Writer thread running {{(pid=107154) stat_writer /opt/stack/data/venv/lib/python3.12/site-packages/dbcounter.py:102}}
Apr 02 09:17:50.946742 np0000162847 devstack@n-api-meta.service[107154]: DEBUG dbcounter [-] [107154] Writer thread running {{(pid=107154) stat_writer /opt/stack/data/venv/lib/python3.12/site-packages/dbcounter.py:102}}
Apr 02 09:17:50.951834 np0000162847 devstack@n-api-meta.service[107153]: WARNING nova.api.metadata.handler [None req-eb906fe9-ef95-4100-89b7-0a32804761e6 None None] metadata_proxy_shared_secret is not configured, the metadata information returned by the proxy cannot be trusted
Apr 02 09:17:50.951995 np0000162847 devstack@n-api-meta.service[107156]: INFO dbcounter [None req-0f2876e5-f538-4463-b74e-0c208554d046 None None] Registered counter for database nova_cell0
Apr 02 09:17:50.952803 np0000162847 devstack@n-api-meta.service[107154]: INFO dbcounter [None req-138827cd-5c26-447a-b100-010b65cdc336 None None] Registered counter for database nova_cell0
Apr 02 09:17:50.955158 np0000162847 devstack@n-api-meta.service[107153]: DEBUG nova.api.openstack.wsgi_app [None req-eb906fe9-ef95-4100-89b7-0a32804761e6 None None] ******************************************************************************** {{(pid=107153) log_opt_values /opt/stack/data/venv/lib/python3.12/site-packages/oslo_config/cfg.py:2979}}
Apr 02 09:17:50.955158 np0000162847 devstack@n-api-meta.service[107153]: DEBUG nova.api.openstack.wsgi_app [None req-eb906fe9-ef95-4100-89b7-0a32804761e6 None None] Configuration options gathered from: {{(pid=107153) log_opt_values /opt/stack/data/venv/lib/python3.12/site-packages/oslo_config/cfg.py:2980}}
Apr 02 09:17:50.955413 np0000162847 devstack@n-api-meta.service[107153]: DEBUG nova.api.openstack.wsgi_app [None req-eb906fe9-ef95-4100-89b7-0a32804761e6 None None] command line args: [] {{(pid=107153) log_opt_values /opt/stack/data/venv/lib/python3.12/site-packages/oslo_config/cfg.py:2981}}
Apr 02 09:17:50.955549 np0000162847 devstack@n-api-meta.service[107153]: DEBUG nova.api.openstack.wsgi_app [None req-eb906fe9-ef95-4100-89b7-0a32804761e6 None None] config files: ['/etc/nova/api-paste.ini', '/etc/nova/nova.conf'] {{(pid=107153) log_opt_values /opt/stack/data/venv/lib/python3.12/site-packages/oslo_config/cfg.py:2982}}
Apr 02 09:17:50.955645 np0000162847 devstack@n-api-meta.service[107153]: DEBUG nova.api.openstack.wsgi_app [None req-eb906fe9-ef95-4100-89b7-0a32804761e6 None None] ================================================================================ {{(pid=107153) log_opt_values /opt/stack/data/venv/lib/python3.12/site-packages/oslo_config/cfg.py:2987}}
Apr 02 09:17:50.955980 np0000162847 devstack@n-api-meta.service[107153]: DEBUG nova.api.openstack.wsgi_app [None req-eb906fe9-ef95-4100-89b7-0a32804761e6 None None] allow_resize_to_same_host = True {{(pid=107153) log_opt_values /opt/stack/data/venv/lib/python3.12/site-packages/oslo_config/cfg.py:2995}}
Apr 02 09:17:50.956129 np0000162847 devstack@n-api-meta.service[107153]: DEBUG nova.api.openstack.wsgi_app [None req-eb906fe9-ef95-4100-89b7-0a32804761e6 None None] arq_binding_timeout = 300 {{(pid=107153) log_opt_values /opt/stack/data/venv/lib/python3.12/site-packages/oslo_config/cfg.py:2995}}
Apr 02 09:17:50.956404 np0000162847 devstack@n-api-meta.service[107153]: DEBUG nova.api.openstack.wsgi_app [None req-eb906fe9-ef95-4100-89b7-0a32804761e6 None None] block_device_allocate_retries = 60 {{(pid=107153) log_opt_values /opt/stack/data/venv/lib/python3.12/site-packages/oslo_config/cfg.py:2995}}
Apr 02 09:17:50.956573 np0000162847 devstack@n-api-meta.service[107153]: DEBUG nova.api.openstack.wsgi_app [None req-eb906fe9-ef95-4100-89b7-0a32804761e6 None None] block_device_allocate_retries_interval = 3 {{(pid=107153) log_opt_values /opt/stack/data/venv/lib/python3.12/site-packages/oslo_config/cfg.py:2995}}
Apr 02 09:17:50.956765 np0000162847 devstack@n-api-meta.service[107153]: DEBUG nova.api.openstack.wsgi_app [None req-eb906fe9-ef95-4100-89b7-0a32804761e6 None None] cell_worker_thread_pool_size = 5 {{(pid=107153) log_opt_values /opt/stack/data/venv/lib/python3.12/site-packages/oslo_config/cfg.py:2995}}
Apr 02 09:17:50.957011 np0000162847 devstack@n-api-meta.service[107153]: DEBUG nova.api.openstack.wsgi_app [None req-eb906fe9-ef95-4100-89b7-0a32804761e6 None None] cert = self.pem {{(pid=107153) log_opt_values /opt/stack/data/venv/lib/python3.12/site-packages/oslo_config/cfg.py:2995}}
Apr 02 09:17:50.957178 np0000162847 devstack@n-api-meta.service[107153]: DEBUG nova.api.openstack.wsgi_app [None req-eb906fe9-ef95-4100-89b7-0a32804761e6 None None] compute_driver = libvirt.LibvirtDriver {{(pid=107153) log_opt_values /opt/stack/data/venv/lib/python3.12/site-packages/oslo_config/cfg.py:2995}}
Apr 02 09:17:50.957399 np0000162847 devstack@n-api-meta.service[107153]: DEBUG nova.api.openstack.wsgi_app [None req-eb906fe9-ef95-4100-89b7-0a32804761e6 None None] compute_monitors = [] {{(pid=107153) log_opt_values /opt/stack/data/venv/lib/python3.12/site-packages/oslo_config/cfg.py:2995}}
Apr 02 09:17:50.957576 np0000162847 devstack@n-api-meta.service[107153]: DEBUG nova.api.openstack.wsgi_app [None req-eb906fe9-ef95-4100-89b7-0a32804761e6 None None] config_dir = [] {{(pid=107153) log_opt_values /opt/stack/data/venv/lib/python3.12/site-packages/oslo_config/cfg.py:2995}}
Apr 02 09:17:50.957801 np0000162847 devstack@n-api-meta.service[107153]: DEBUG nova.api.openstack.wsgi_app [None req-eb906fe9-ef95-4100-89b7-0a32804761e6 None None] config_drive_format = iso9660 {{(pid=107153) log_opt_values /opt/stack/data/venv/lib/python3.12/site-packages/oslo_config/cfg.py:2995}}
Apr 02 09:17:50.957913 np0000162847 devstack@n-api-meta.service[107153]: DEBUG nova.api.openstack.wsgi_app [None req-eb906fe9-ef95-4100-89b7-0a32804761e6 None None] config_file = ['/etc/nova/api-paste.ini', '/etc/nova/nova.conf'] {{(pid=107153) log_opt_values /opt/stack/data/venv/lib/python3.12/site-packages/oslo_config/cfg.py:2995}}
Apr 02 09:17:50.958111 np0000162847 devstack@n-api-meta.service[107153]: DEBUG nova.api.openstack.wsgi_app [None req-eb906fe9-ef95-4100-89b7-0a32804761e6 None None] config_source = [] {{(pid=107153) log_opt_values /opt/stack/data/venv/lib/python3.12/site-packages/oslo_config/cfg.py:2995}}
Apr 02 09:17:50.958360 np0000162847 devstack@n-api-meta.service[107153]: DEBUG nova.api.openstack.wsgi_app [None req-eb906fe9-ef95-4100-89b7-0a32804761e6 None None] console_host = np0000162847 {{(pid=107153) log_opt_values /opt/stack/data/venv/lib/python3.12/site-packages/oslo_config/cfg.py:2995}}
Apr 02 09:17:50.958523 np0000162847 devstack@n-api-meta.service[107153]: DEBUG nova.api.openstack.wsgi_app [None req-eb906fe9-ef95-4100-89b7-0a32804761e6 None None] control_exchange = nova {{(pid=107153) log_opt_values /opt/stack/data/venv/lib/python3.12/site-packages/oslo_config/cfg.py:2995}}
Apr 02 09:17:50.958731 np0000162847 devstack@n-api-meta.service[107153]: DEBUG nova.api.openstack.wsgi_app [None req-eb906fe9-ef95-4100-89b7-0a32804761e6 None None] cpu_allocation_ratio = None {{(pid=107153) log_opt_values /opt/stack/data/venv/lib/python3.12/site-packages/oslo_config/cfg.py:2995}}
Apr 02 09:17:50.958950 np0000162847 devstack@n-api-meta.service[107153]: DEBUG nova.api.openstack.wsgi_app [None req-eb906fe9-ef95-4100-89b7-0a32804761e6 None None] daemon = False {{(pid=107153) log_opt_values /opt/stack/data/venv/lib/python3.12/site-packages/oslo_config/cfg.py:2995}}
Apr 02 09:17:50.959085 np0000162847 devstack@n-api-meta.service[107153]: DEBUG nova.api.openstack.wsgi_app [None req-eb906fe9-ef95-4100-89b7-0a32804761e6 None None] debug = True {{(pid=107153) log_opt_values /opt/stack/data/venv/lib/python3.12/site-packages/oslo_config/cfg.py:2995}}
Apr 02 09:17:50.959262 np0000162847 devstack@n-api-meta.service[107153]: DEBUG nova.api.openstack.wsgi_app [None req-eb906fe9-ef95-4100-89b7-0a32804761e6 None None] default_access_ip_network_name = None {{(pid=107153) log_opt_values /opt/stack/data/venv/lib/python3.12/site-packages/oslo_config/cfg.py:2995}}
Apr 02 09:17:50.959467 np0000162847 devstack@n-api-meta.service[107153]: DEBUG nova.api.openstack.wsgi_app [None req-eb906fe9-ef95-4100-89b7-0a32804761e6 None None] default_availability_zone = nova {{(pid=107153) log_opt_values /opt/stack/data/venv/lib/python3.12/site-packages/oslo_config/cfg.py:2995}}
Apr 02 09:17:50.959671 np0000162847 devstack@n-api-meta.service[107153]: DEBUG nova.api.openstack.wsgi_app [None req-eb906fe9-ef95-4100-89b7-0a32804761e6 None None] default_ephemeral_format = ext4 {{(pid=107153) log_opt_values /opt/stack/data/venv/lib/python3.12/site-packages/oslo_config/cfg.py:2995}}
Apr 02 09:17:50.959843 np0000162847 devstack@n-api-meta.service[107153]: DEBUG nova.api.openstack.wsgi_app [None req-eb906fe9-ef95-4100-89b7-0a32804761e6 None None] default_green_pool_size = 1000 {{(pid=107153) log_opt_values /opt/stack/data/venv/lib/python3.12/site-packages/oslo_config/cfg.py:2995}}
Apr 02 09:17:50.960181 np0000162847 devstack@n-api-meta.service[107153]: DEBUG nova.api.openstack.wsgi_app [None req-eb906fe9-ef95-4100-89b7-0a32804761e6 None None] default_log_levels = ['amqp=WARN', 'boto=WARN', 'sqlalchemy=WARN', 'suds=INFO', 'oslo.messaging=INFO', 'oslo_messaging=INFO', 'iso8601=WARN', 'requests.packages.urllib3.connectionpool=WARN', 'urllib3.connectionpool=WARN', 'websocket=WARN', 'requests.packages.urllib3.util.retry=WARN', 'urllib3.util.retry=WARN', 'keystonemiddleware=WARN', 'routes.middleware=WARN', 'stevedore=WARN', 'taskflow=WARN', 'keystoneauth=WARN', 'oslo.cache=INFO', 'oslo_policy=INFO', 'dogpile.core.dogpile=INFO', 'glanceclient=WARN', 'oslo.privsep.daemon=INFO'] {{(pid=107153) log_opt_values /opt/stack/data/venv/lib/python3.12/site-packages/oslo_config/cfg.py:2995}}
Apr 02 09:17:50.960403 np0000162847 devstack@n-api-meta.service[107153]: DEBUG nova.api.openstack.wsgi_app [None req-eb906fe9-ef95-4100-89b7-0a32804761e6 None None] default_schedule_zone = None {{(pid=107153) log_opt_values /opt/stack/data/venv/lib/python3.12/site-packages/oslo_config/cfg.py:2995}}
Apr 02 09:17:50.960500 np0000162847 devstack@n-api-meta.service[107153]: DEBUG nova.api.openstack.wsgi_app [None req-eb906fe9-ef95-4100-89b7-0a32804761e6 None None] default_thread_pool_size = 10 {{(pid=107153) log_opt_values /opt/stack/data/venv/lib/python3.12/site-packages/oslo_config/cfg.py:2995}}
Apr 02 09:17:50.960692 np0000162847 devstack@n-api-meta.service[107153]: DEBUG nova.api.openstack.wsgi_app [None req-eb906fe9-ef95-4100-89b7-0a32804761e6 None None] disk_allocation_ratio = None {{(pid=107153) log_opt_values /opt/stack/data/venv/lib/python3.12/site-packages/oslo_config/cfg.py:2995}}
Apr 02 09:17:50.960857 np0000162847 devstack@n-api-meta.service[107153]: DEBUG nova.api.openstack.wsgi_app [None req-eb906fe9-ef95-4100-89b7-0a32804761e6 None None] enable_new_services = True {{(pid=107153) log_opt_values /opt/stack/data/venv/lib/python3.12/site-packages/oslo_config/cfg.py:2995}}
Apr 02 09:17:50.961084 np0000162847 devstack@n-api-meta.service[107153]: DEBUG nova.api.openstack.wsgi_app [None req-eb906fe9-ef95-4100-89b7-0a32804761e6 None None] flat_injected = False {{(pid=107153) log_opt_values /opt/stack/data/venv/lib/python3.12/site-packages/oslo_config/cfg.py:2995}}
Apr 02 09:17:50.961273 np0000162847 devstack@n-api-meta.service[107153]: DEBUG nova.api.openstack.wsgi_app [None req-eb906fe9-ef95-4100-89b7-0a32804761e6 None None] force_config_drive = False {{(pid=107153) log_opt_values /opt/stack/data/venv/lib/python3.12/site-packages/oslo_config/cfg.py:2995}}
Apr 02 09:17:50.961490 np0000162847 devstack@n-api-meta.service[107153]: DEBUG nova.api.openstack.wsgi_app [None req-eb906fe9-ef95-4100-89b7-0a32804761e6 None None] force_raw_images = True {{(pid=107153) log_opt_values /opt/stack/data/venv/lib/python3.12/site-packages/oslo_config/cfg.py:2995}}
Apr 02 09:17:50.961660 np0000162847 devstack@n-api-meta.service[107153]: DEBUG nova.api.openstack.wsgi_app [None req-eb906fe9-ef95-4100-89b7-0a32804761e6 None None] graceful_shutdown_timeout = 5 {{(pid=107153) log_opt_values /opt/stack/data/venv/lib/python3.12/site-packages/oslo_config/cfg.py:2995}}
Apr 02 09:17:50.961837 np0000162847 devstack@n-api-meta.service[107153]: DEBUG nova.api.openstack.wsgi_app [None req-eb906fe9-ef95-4100-89b7-0a32804761e6 None None] heal_instance_info_cache_interval = -1 {{(pid=107153) log_opt_values /opt/stack/data/venv/lib/python3.12/site-packages/oslo_config/cfg.py:2995}}
Apr 02 09:17:50.962098 np0000162847 devstack@n-api-meta.service[107153]: DEBUG nova.api.openstack.wsgi_app [None req-eb906fe9-ef95-4100-89b7-0a32804761e6 None None] host = np0000162847 {{(pid=107153) log_opt_values /opt/stack/data/venv/lib/python3.12/site-packages/oslo_config/cfg.py:2995}}
Apr 02 09:17:50.962147 np0000162847 devstack@n-api-meta.service[107156]: DEBUG oslo_db.sqlalchemy.engines [None req-0f2876e5-f538-4463-b74e-0c208554d046 None None] MySQL server mode set to STRICT_TRANS_TABLES,STRICT_ALL_TABLES,NO_ZERO_IN_DATE,NO_ZERO_DATE,ERROR_FOR_DIVISION_BY_ZERO,TRADITIONAL,NO_ENGINE_SUBSTITUTION {{(pid=107156) _check_effective_sql_mode /opt/stack/data/venv/lib/python3.12/site-packages/oslo_db/sqlalchemy/engines.py:325}}
Apr 02 09:17:50.962276 np0000162847 devstack@n-api-meta.service[107153]: DEBUG nova.api.openstack.wsgi_app [None req-eb906fe9-ef95-4100-89b7-0a32804761e6 None None] initial_cpu_allocation_ratio = 4.0 {{(pid=107153) log_opt_values /opt/stack/data/venv/lib/python3.12/site-packages/oslo_config/cfg.py:2995}}
Apr 02 09:17:50.962493 np0000162847 devstack@n-api-meta.service[107153]: DEBUG nova.api.openstack.wsgi_app [None req-eb906fe9-ef95-4100-89b7-0a32804761e6 None None] initial_disk_allocation_ratio = 1.0 {{(pid=107153) log_opt_values /opt/stack/data/venv/lib/python3.12/site-packages/oslo_config/cfg.py:2995}}
Apr 02 09:17:50.962685 np0000162847 devstack@n-api-meta.service[107153]: DEBUG nova.api.openstack.wsgi_app [None req-eb906fe9-ef95-4100-89b7-0a32804761e6 None None] initial_ram_allocation_ratio = 1.0 {{(pid=107153) log_opt_values /opt/stack/data/venv/lib/python3.12/site-packages/oslo_config/cfg.py:2995}}
Apr 02 09:17:50.962933 np0000162847 devstack@n-api-meta.service[107153]: DEBUG nova.api.openstack.wsgi_app [None req-eb906fe9-ef95-4100-89b7-0a32804761e6 None None] injected_network_template = /opt/stack/nova/nova/virt/interfaces.template {{(pid=107153) log_opt_values /opt/stack/data/venv/lib/python3.12/site-packages/oslo_config/cfg.py:2995}}
Apr 02 09:17:50.963112 np0000162847 devstack@n-api-meta.service[107153]: DEBUG nova.api.openstack.wsgi_app [None req-eb906fe9-ef95-4100-89b7-0a32804761e6 None None] instance_build_timeout = 0 {{(pid=107153) log_opt_values /opt/stack/data/venv/lib/python3.12/site-packages/oslo_config/cfg.py:2995}}
Apr 02 09:17:50.963310 np0000162847 devstack@n-api-meta.service[107153]: DEBUG nova.api.openstack.wsgi_app [None req-eb906fe9-ef95-4100-89b7-0a32804761e6 None None] instance_delete_interval = 300 {{(pid=107153) log_opt_values /opt/stack/data/venv/lib/python3.12/site-packages/oslo_config/cfg.py:2995}}
Apr 02 09:17:50.963496 np0000162847 devstack@n-api-meta.service[107153]: DEBUG nova.api.openstack.wsgi_app [None req-eb906fe9-ef95-4100-89b7-0a32804761e6 None None] instance_format = [instance: %(uuid)s] {{(pid=107153) log_opt_values /opt/stack/data/venv/lib/python3.12/site-packages/oslo_config/cfg.py:2995}}
Apr 02 09:17:50.963675 np0000162847 devstack@n-api-meta.service[107153]: DEBUG nova.api.openstack.wsgi_app [None req-eb906fe9-ef95-4100-89b7-0a32804761e6 None None] instance_name_template = instance-%08x {{(pid=107153) log_opt_values /opt/stack/data/venv/lib/python3.12/site-packages/oslo_config/cfg.py:2995}}
Apr 02 09:17:50.963849 np0000162847 devstack@n-api-meta.service[107153]: DEBUG nova.api.openstack.wsgi_app [None req-eb906fe9-ef95-4100-89b7-0a32804761e6 None None] instance_usage_audit = False {{(pid=107153) log_opt_values /opt/stack/data/venv/lib/python3.12/site-packages/oslo_config/cfg.py:2995}}
Apr 02 09:17:50.964033 np0000162847 devstack@n-api-meta.service[107153]: DEBUG nova.api.openstack.wsgi_app [None req-eb906fe9-ef95-4100-89b7-0a32804761e6 None None] instance_usage_audit_period = month {{(pid=107153) log_opt_values /opt/stack/data/venv/lib/python3.12/site-packages/oslo_config/cfg.py:2995}}
Apr 02 09:17:50.964217 np0000162847 devstack@n-api-meta.service[107153]: DEBUG nova.api.openstack.wsgi_app [None req-eb906fe9-ef95-4100-89b7-0a32804761e6 None None] instance_uuid_format = [instance: %(uuid)s] {{(pid=107153) log_opt_values /opt/stack/data/venv/lib/python3.12/site-packages/oslo_config/cfg.py:2995}}
Apr 02 09:17:50.964415 np0000162847 devstack@n-api-meta.service[107153]: DEBUG nova.api.openstack.wsgi_app [None req-eb906fe9-ef95-4100-89b7-0a32804761e6 None None] instances_path = /opt/stack/data/nova/instances {{(pid=107153) log_opt_values /opt/stack/data/venv/lib/python3.12/site-packages/oslo_config/cfg.py:2995}}
Apr 02 09:17:50.964611 np0000162847 devstack@n-api-meta.service[107153]: DEBUG nova.api.openstack.wsgi_app [None req-eb906fe9-ef95-4100-89b7-0a32804761e6 None None] internal_service_availability_zone = internal {{(pid=107153) log_opt_values /opt/stack/data/venv/lib/python3.12/site-packages/oslo_config/cfg.py:2995}}
Apr 02 09:17:50.964782 np0000162847 devstack@n-api-meta.service[107153]: DEBUG nova.api.openstack.wsgi_app [None req-eb906fe9-ef95-4100-89b7-0a32804761e6 None None] key = None {{(pid=107153) log_opt_values /opt/stack/data/venv/lib/python3.12/site-packages/oslo_config/cfg.py:2995}}
Apr 02 09:17:50.964987 np0000162847 devstack@n-api-meta.service[107153]: DEBUG nova.api.openstack.wsgi_app [None req-eb906fe9-ef95-4100-89b7-0a32804761e6 None None] live_migration_retry_count = 30 {{(pid=107153) log_opt_values /opt/stack/data/venv/lib/python3.12/site-packages/oslo_config/cfg.py:2995}}
Apr 02 09:17:50.965173 np0000162847 devstack@n-api-meta.service[107153]: DEBUG nova.api.openstack.wsgi_app [None req-eb906fe9-ef95-4100-89b7-0a32804761e6 None None] log_color = False {{(pid=107153) log_opt_values /opt/stack/data/venv/lib/python3.12/site-packages/oslo_config/cfg.py:2995}}
Apr 02 09:17:50.965376 np0000162847 devstack@n-api-meta.service[107153]: DEBUG nova.api.openstack.wsgi_app [None req-eb906fe9-ef95-4100-89b7-0a32804761e6 None None] log_config_append = None {{(pid=107153) log_opt_values /opt/stack/data/venv/lib/python3.12/site-packages/oslo_config/cfg.py:2995}}
Apr 02 09:17:50.965522 np0000162847 devstack@n-api-meta.service[107153]: DEBUG nova.api.openstack.wsgi_app [None req-eb906fe9-ef95-4100-89b7-0a32804761e6 None None] log_date_format = %Y-%m-%d %H:%M:%S {{(pid=107153) log_opt_values /opt/stack/data/venv/lib/python3.12/site-packages/oslo_config/cfg.py:2995}}
Apr 02 09:17:50.965655 np0000162847 devstack@n-api-meta.service[107153]: DEBUG nova.api.openstack.wsgi_app [None req-eb906fe9-ef95-4100-89b7-0a32804761e6 None None] log_dir = None {{(pid=107153) log_opt_values /opt/stack/data/venv/lib/python3.12/site-packages/oslo_config/cfg.py:2995}}
Apr 02 09:17:50.965847 np0000162847 devstack@n-api-meta.service[107153]: DEBUG nova.api.openstack.wsgi_app [None req-eb906fe9-ef95-4100-89b7-0a32804761e6 None None] log_file = None {{(pid=107153) log_opt_values /opt/stack/data/venv/lib/python3.12/site-packages/oslo_config/cfg.py:2995}}
Apr 02 09:17:50.965967 np0000162847 devstack@n-api-meta.service[107153]: DEBUG nova.api.openstack.wsgi_app [None req-eb906fe9-ef95-4100-89b7-0a32804761e6 None None] log_options = True {{(pid=107153) log_opt_values /opt/stack/data/venv/lib/python3.12/site-packages/oslo_config/cfg.py:2995}}
Apr 02 09:17:50.966011 np0000162847 devstack@n-api-meta.service[107154]: DEBUG oslo_db.sqlalchemy.engines [None req-138827cd-5c26-447a-b100-010b65cdc336 None None] MySQL server mode set to STRICT_TRANS_TABLES,STRICT_ALL_TABLES,NO_ZERO_IN_DATE,NO_ZERO_DATE,ERROR_FOR_DIVISION_BY_ZERO,TRADITIONAL,NO_ENGINE_SUBSTITUTION {{(pid=107154) _check_effective_sql_mode /opt/stack/data/venv/lib/python3.12/site-packages/oslo_db/sqlalchemy/engines.py:325}}
Apr 02 09:17:50.966102 np0000162847 devstack@n-api-meta.service[107153]: DEBUG nova.api.openstack.wsgi_app [None req-eb906fe9-ef95-4100-89b7-0a32804761e6 None None] log_rotate_interval = 1 {{(pid=107153) log_opt_values /opt/stack/data/venv/lib/python3.12/site-packages/oslo_config/cfg.py:2995}}
Apr 02 09:17:50.966317 np0000162847 devstack@n-api-meta.service[107153]: DEBUG nova.api.openstack.wsgi_app [None req-eb906fe9-ef95-4100-89b7-0a32804761e6 None None] log_rotate_interval_type = days {{(pid=107153) log_opt_values /opt/stack/data/venv/lib/python3.12/site-packages/oslo_config/cfg.py:2995}}
Apr 02 09:17:50.966482 np0000162847 devstack@n-api-meta.service[107153]: DEBUG nova.api.openstack.wsgi_app [None req-eb906fe9-ef95-4100-89b7-0a32804761e6 None None] log_rotation_type = none {{(pid=107153) log_opt_values /opt/stack/data/venv/lib/python3.12/site-packages/oslo_config/cfg.py:2995}}
Apr 02 09:17:50.966624 np0000162847 devstack@n-api-meta.service[107153]: DEBUG nova.api.openstack.wsgi_app [None req-eb906fe9-ef95-4100-89b7-0a32804761e6 None None] logging_context_format_string = %(color)s%(levelname)s %(name)s [%(global_request_id)s %(request_id)s %(project_name)s %(user_name)s%(color)s] %(instance)s%(color)s%(message)s {{(pid=107153) log_opt_values /opt/stack/data/venv/lib/python3.12/site-packages/oslo_config/cfg.py:2995}}
