2026-06-26 18:23:34.902 8 INFO placement.requestlog [None req-844edf78-3143-4ed5-9e7f-308717191e95 cd1923ef32854551b161e24402154df3 25aeb611e1924c84a2570e14762e897e - - 7070f542eeca46f9ab75f8b6bab398f2 7070f542eeca46f9ab75f8b6bab398f2] 10.0.0.47 "GET /resource_providers/058c0504-88f1-4477-91ca-e1c985cbe4fe/aggregates" status: 404 len: 235 microversion: 1.1 [pid: 8|app: 0|req: 605/1211] 10.0.0.47 () {32 vars in 815 bytes} [Fri Jun 26 18:23:34 2026] GET /resource_providers/058c0504-88f1-4477-91ca-e1c985cbe4fe/aggregates => generated 235 bytes in 9 msecs (HTTP/1.1 404) 5 headers in 202 bytes (1 switches on core 0)
2026-06-26 18:23:34.911 7 INFO placement.requestlog [None req-3d04b594-1739-4b94-8a78-377a9b0c20b9 cd1923ef32854551b161e24402154df3 25aeb611e1924c84a2570e14762e897e - - 7070f542eeca46f9ab75f8b6bab398f2 7070f542eeca46f9ab75f8b6bab398f2] 10.0.0.47 "GET /resource_providers/058c0504-88f1-4477-91ca-e1c985cbe4fe/aggregates" status: 404 len: 235 microversion: 1.1 [pid: 7|app: 0|req: 607/1212] 10.0.0.47 () {32 vars in 815 bytes} [Fri Jun 26 18:23:34 2026] GET /resource_providers/058c0504-88f1-4477-91ca-e1c985cbe4fe/aggregates => generated 235 bytes in 15 msecs (HTTP/1.1 404) 5 headers in 202 bytes (1 switches on core 0)
2026-06-26 18:23:34.926 8 INFO placement.requestlog [None req-b885d5a6-0841-4bae-af52-e1127285c405 cd1923ef32854551b161e24402154df3 25aeb611e1924c84a2570e14762e897e - - 7070f542eeca46f9ab75f8b6bab398f2 7070f542eeca46f9ab75f8b6bab398f2] 10.0.0.47 "DELETE /resource_providers/058c0504-88f1-4477-91ca-e1c985cbe4fe" status: 404 len: 246 microversion: 1.1 [pid: 8|app: 0|req: 606/1213] 10.0.0.47 () {34 vars in 815 bytes} [Fri Jun 26 18:23:34 2026] DELETE /resource_providers/058c0504-88f1-4477-91ca-e1c985cbe4fe => generated 246 bytes in 11 msecs (HTTP/1.1 404) 6 headers in 231 bytes (1 switches on core 0)
2026-06-26 18:23:34.937 7 INFO placement.requestlog [None req-c80c994a-4c0e-45b5-a228-7a83d5f558d0 cd1923ef32854551b161e24402154df3 25aeb611e1924c84a2570e14762e897e - - 7070f542eeca46f9ab75f8b6bab398f2 7070f542eeca46f9ab75f8b6bab398f2] 10.0.0.47 "DELETE /resource_providers/058c0504-88f1-4477-91ca-e1c985cbe4fe" status: 404 len: 246 microversion: 1.1 [pid: 7|app: 0|req: 608/1214] 10.0.0.47 () {34 vars in 815 bytes} [Fri Jun 26 18:23:34 2026] DELETE /resource_providers/058c0504-88f1-4477-91ca-e1c985cbe4fe => generated 246 bytes in 14 msecs (HTTP/1.1 404) 6 headers in 231 bytes (1 switches on core 0)
2026-06-26 18:23:35.132 7 INFO placement.requestlog [None req-9f08e08b-1205-47bb-a7b6-2a2730de8486 cd1923ef32854551b161e24402154df3 25aeb611e1924c84a2570e14762e897e - - 7070f542eeca46f9ab75f8b6bab398f2 7070f542eeca46f9ab75f8b6bab398f2] 10.0.0.47 "GET /resource_providers/ba113c16-8128-4f87-9f7c-1950ea111b76/aggregates" status: 404 len: 235 microversion: 1.1 [pid: 7|app: 0|req: 609/1215] 10.0.0.47 () {32 vars in 815 bytes} [Fri Jun 26 18:23:35 2026] GET /resource_providers/ba113c16-8128-4f87-9f7c-1950ea111b76/aggregates => generated 235 bytes in 17 msecs (HTTP/1.1 404) 5 headers in 202 bytes (1 switches on core 0)
2026-06-26 18:23:35.133 8 INFO placement.requestlog [None req-6f2035ec-0fb3-41dd-ba47-8b6f4d9cf391 cd1923ef32854551b161e24402154df3 25aeb611e1924c84a2570e14762e897e - - 7070f542eeca46f9ab75f8b6bab398f2 7070f542eeca46f9ab75f8b6bab398f2] 10.0.0.47 "GET /resource_providers/ba113c16-8128-4f87-9f7c-1950ea111b76/aggregates" status: 404 len: 235 microversion: 1.1 [pid: 8|app: 0|req: 607/1216] 10.0.0.47 () {32 vars in 815 bytes} [Fri Jun 26 18:23:35 2026] GET /resource_providers/ba113c16-8128-4f87-9f7c-1950ea111b76/aggregates => generated 235 bytes in 18 msecs (HTTP/1.1 404) 5 headers in 202 bytes (1 switches on core 0)
2026-06-26 18:23:35.157 7 INFO placement.requestlog [None req-8567cdab-9705-435c-a48f-01ff7c9737d0 cd1923ef32854551b161e24402154df3 25aeb611e1924c84a2570e14762e897e - - 7070f542eeca46f9ab75f8b6bab398f2 7070f542eeca46f9ab75f8b6bab398f2] 10.0.0.47 "DELETE /resource_providers/ba113c16-8128-4f87-9f7c-1950ea111b76" status: 404 len: 246 microversion: 1.1 [pid: 7|app: 0|req: 610/1217] 10.0.0.47 () {34 vars in 815 bytes} [Fri Jun 26 18:23:35 2026] DELETE /resource_providers/ba113c16-8128-4f87-9f7c-1950ea111b76 => generated 246 bytes in 13 msecs (HTTP/1.1 404) 6 headers in 231 bytes (1 switches on core 0)
2026-06-26 18:23:35.159 8 INFO placement.requestlog [None req-e67f2328-5b4c-4121-862f-23313f56f427 cd1923ef32854551b161e24402154df3 25aeb611e1924c84a2570e14762e897e - - 7070f542eeca46f9ab75f8b6bab398f2 7070f542eeca46f9ab75f8b6bab398f2] 10.0.0.47 "DELETE /resource_providers/ba113c16-8128-4f87-9f7c-1950ea111b76" status: 404 len: 246 microversion: 1.1 [pid: 8|app: 0|req: 608/1218] 10.0.0.47 () {34 vars in 815 bytes} [Fri Jun 26 18:23:35 2026] DELETE /resource_providers/ba113c16-8128-4f87-9f7c-1950ea111b76 => generated 246 bytes in 15 msecs (HTTP/1.1 404) 6 headers in 231 bytes (1 switches on core 0)
2026-06-26 18:23:37.117 7 INFO placement.requestlog [None req-59d087e9-5237-4983-ab96-37710254a330 cd1923ef32854551b161e24402154df3 25aeb611e1924c84a2570e14762e897e - - 7070f542eeca46f9ab75f8b6bab398f2 7070f542eeca46f9ab75f8b6bab398f2] 10.0.0.47 "GET /resource_providers/3ce2626d-1966-4251-b750-2661dab267bf/aggregates" status: 404 len: 235 microversion: 1.1 [pid: 7|app: 0|req: 611/1219] 10.0.0.47 () {32 vars in 815 bytes} [Fri Jun 26 18:23:37 2026] GET /resource_providers/3ce2626d-1966-4251-b750-2661dab267bf/aggregates => generated 235 bytes in 12 msecs (HTTP/1.1 404) 5 headers in 202 bytes (1 switches on core 0)
2026-06-26 18:23:37.126 8 INFO placement.requestlog [None req-0cbf8d54-e0cb-450f-9022-1cb3aca0d464 cd1923ef32854551b161e24402154df3 25aeb611e1924c84a2570e14762e897e - - 7070f542eeca46f9ab75f8b6bab398f2 7070f542eeca46f9ab75f8b6bab398f2] 10.0.0.47 "GET /resource_providers/3ce2626d-1966-4251-b750-2661dab267bf/aggregates" status: 404 len: 235 microversion: 1.1 [pid: 8|app: 0|req: 609/1220] 10.0.0.47 () {32 vars in 815 bytes} [Fri Jun 26 18:23:37 2026] GET /resource_providers/3ce2626d-1966-4251-b750-2661dab267bf/aggregates => generated 235 bytes in 20 msecs (HTTP/1.1 404) 5 headers in 202 bytes (1 switches on core 0)
2026-06-26 18:23:37.136 7 INFO placement.requestlog [None req-19fbaaad-6155-4284-a6b6-826875f505f2 cd1923ef32854551b161e24402154df3 25aeb611e1924c84a2570e14762e897e - - 7070f542eeca46f9ab75f8b6bab398f2 7070f542eeca46f9ab75f8b6bab398f2] 10.0.0.47 "DELETE /resource_providers/3ce2626d-1966-4251-b750-2661dab267bf" status: 404 len: 246 microversion: 1.1 [pid: 7|app: 0|req: 612/1221] 10.0.0.47 () {34 vars in 815 bytes} [Fri Jun 26 18:23:37 2026] DELETE /resource_providers/3ce2626d-1966-4251-b750-2661dab267bf => generated 246 bytes in 8 msecs (HTTP/1.1 404) 6 headers in 231 bytes (1 switches on core 0)
2026-06-26 18:23:37.146 8 INFO placement.requestlog [None req-b7e3a65d-eb91-420c-98c7-bb625d001ef0 cd1923ef32854551b161e24402154df3 25aeb611e1924c84a2570e14762e897e - - 7070f542eeca46f9ab75f8b6bab398f2 7070f542eeca46f9ab75f8b6bab398f2] 10.0.0.47 "DELETE /resource_providers/3ce2626d-1966-4251-b750-2661dab267bf" status: 404 len: 246 microversion: 1.1 [pid: 8|app: 0|req: 610/1222] 10.0.0.47 () {34 vars in 815 bytes} [Fri Jun 26 18:23:37 2026] DELETE /resource_providers/3ce2626d-1966-4251-b750-2661dab267bf => generated 246 bytes in 10 msecs (HTTP/1.1 404) 6 headers in 231 bytes (1 switches on core 0)
2026-06-26 18:23:37.154 7 INFO placement.requestlog [None req-5a48550e-a9b9-4551-96a2-f86dd5e33a96 cd1923ef32854551b161e24402154df3 25aeb611e1924c84a2570e14762e897e - - 7070f542eeca46f9ab75f8b6bab398f2 7070f542eeca46f9ab75f8b6bab398f2] 10.0.0.47 "GET /resource_providers/63fb802d-f363-445a-9032-9a1b6d9a90fd/aggregates" status: 404 len: 235 microversion: 1.1 [pid: 7|app: 0|req: 613/1223] 10.0.0.47 () {32 vars in 815 bytes} [Fri Jun 26 18:23:37 2026] GET /resource_providers/63fb802d-f363-445a-9032-9a1b6d9a90fd/aggregates => generated 235 bytes in 8 msecs (HTTP/1.1 404) 5 headers in 202 bytes (1 switches on core 0)
2026-06-26 18:23:37.162 8 INFO placement.requestlog [None req-a2efaedc-fb52-46da-84f6-d8c8fb053478 cd1923ef32854551b161e24402154df3 25aeb611e1924c84a2570e14762e897e - - 7070f542eeca46f9ab75f8b6bab398f2 7070f542eeca46f9ab75f8b6bab398f2] 10.0.0.47 "GET /resource_providers/63fb802d-f363-445a-9032-9a1b6d9a90fd/aggregates" status: 404 len: 235 microversion: 1.1 [pid: 8|app: 0|req: 611/1224] 10.0.0.47 () {32 vars in 815 bytes} [Fri Jun 26 18:23:37 2026] GET /resource_providers/63fb802d-f363-445a-9032-9a1b6d9a90fd/aggregates => generated 235 bytes in 8 msecs (HTTP/1.1 404) 5 headers in 202 bytes (1 switches on core 0)
2026-06-26 18:23:37.169 7 INFO placement.requestlog [None req-50ca08ea-b725-47c3-89bf-333b4c9526d8 cd1923ef32854551b161e24402154df3 25aeb611e1924c84a2570e14762e897e - - 7070f542eeca46f9ab75f8b6bab398f2 7070f542eeca46f9ab75f8b6bab398f2] 10.0.0.47 "DELETE /resource_providers/63fb802d-f363-445a-9032-9a1b6d9a90fd" status: 404 len: 246 microversion: 1.1 [pid: 7|app: 0|req: 614/1225] 10.0.0.47 () {34 vars in 815 bytes} [Fri Jun 26 18:23:37 2026] DELETE /resource_providers/63fb802d-f363-445a-9032-9a1b6d9a90fd => generated 246 bytes in 8 msecs (HTTP/1.1 404) 6 headers in 231 bytes (1 switches on core 0)
2026-06-26 18:23:37.175 8 INFO placement.requestlog [None req-02ccb915-4d51-4343-b933-f76bf295297d cd1923ef32854551b161e24402154df3 25aeb611e1924c84a2570e14762e897e - - 7070f542eeca46f9ab75f8b6bab398f2 7070f542eeca46f9ab75f8b6bab398f2] 10.0.0.47 "DELETE /resource_providers/63fb802d-f363-445a-9032-9a1b6d9a90fd" status: 404 len: 246 microversion: 1.1 [pid: 8|app: 0|req: 612/1226] 10.0.0.47 () {34 vars in 815 bytes} [Fri Jun 26 18:23:37 2026] DELETE /resource_providers/63fb802d-f363-445a-9032-9a1b6d9a90fd => generated 246 bytes in 7 msecs (HTTP/1.1 404) 6 headers in 231 bytes (1 switches on core 0)
2026-06-26 18:23:37.311 7 INFO placement.requestlog [None req-0d4bcc0f-b368-476f-b693-b499b0fbc5cf cd1923ef32854551b161e24402154df3 25aeb611e1924c84a2570e14762e897e - - 7070f542eeca46f9ab75f8b6bab398f2 7070f542eeca46f9ab75f8b6bab398f2] 10.0.0.47 "GET /resource_providers/371d5ef0-73b5-4746-b8a2-3e227403fa27/aggregates" status: 404 len: 235 microversion: 1.1 [pid: 7|app: 0|req: 615/1227] 10.0.0.47 () {32 vars in 815 bytes} [Fri Jun 26 18:23:37 2026] GET /resource_providers/371d5ef0-73b5-4746-b8a2-3e227403fa27/aggregates => generated 235 bytes in 13 msecs (HTTP/1.1 404) 5 headers in 202 bytes (1 switches on core 0)
2026-06-26 18:23:37.312 8 INFO placement.requestlog [None req-6ef7438a-2472-41f2-ae2d-2641143a43c7 cd1923ef32854551b161e24402154df3 25aeb611e1924c84a2570e14762e897e - - 7070f542eeca46f9ab75f8b6bab398f2 7070f542eeca46f9ab75f8b6bab398f2] 10.0.0.47 "GET /resource_providers/371d5ef0-73b5-4746-b8a2-3e227403fa27/aggregates" status: 404 len: 235 microversion: 1.1 [pid: 8|app: 0|req: 613/1228] 10.0.0.47 () {32 vars in 815 bytes} [Fri Jun 26 18:23:37 2026] GET /resource_providers/371d5ef0-73b5-4746-b8a2-3e227403fa27/aggregates => generated 235 bytes in 13 msecs (HTTP/1.1 404) 5 headers in 202 bytes (1 switches on core 0)
2026-06-26 18:23:37.336 8 INFO placement.requestlog [None req-cd62bd46-fb90-48e0-aa45-8ce869ccf0bc cd1923ef32854551b161e24402154df3 25aeb611e1924c84a2570e14762e897e - - 7070f542eeca46f9ab75f8b6bab398f2 7070f542eeca46f9ab75f8b6bab398f2] 10.0.0.47 "DELETE /resource_providers/371d5ef0-73b5-4746-b8a2-3e227403fa27" status: 404 len: 246 microversion: 1.1 [pid: 8|app: 0|req: 614/1229] 10.0.0.47 () {34 vars in 815 bytes} [Fri Jun 26 18:23:37 2026] DELETE /resource_providers/371d5ef0-73b5-4746-b8a2-3e227403fa27 => generated 246 bytes in 9 msecs (HTTP/1.1 404) 6 headers in 231 bytes (1 switches on core 0)
2026-06-26 18:23:37.339 7 INFO placement.requestlog [None req-67509c4f-35ad-45a9-963e-6d8aa927b2fb cd1923ef32854551b161e24402154df3 25aeb611e1924c84a2570e14762e897e - - 7070f542eeca46f9ab75f8b6bab398f2 7070f542eeca46f9ab75f8b6bab398f2] 10.0.0.47 "DELETE /resource_providers/371d5ef0-73b5-4746-b8a2-3e227403fa27" status: 404 len: 246 microversion: 1.1 [pid: 7|app: 0|req: 616/1230] 10.0.0.47 () {34 vars in 815 bytes} [Fri Jun 26 18:23:37 2026] DELETE /resource_providers/371d5ef0-73b5-4746-b8a2-3e227403fa27 => generated 246 bytes in 13 msecs (HTTP/1.1 404) 6 headers in 231 bytes (1 switches on core 0)
2026-06-26 18:23:38.238 7 INFO placement.requestlog [None req-053d2da4-7d82-4fa2-85fe-3534f6dca819 - - - - - -] 10.0.0.31 "GET /" status: 200 len: 136 microversion: 1.0
2026-06-26 18:23:38.238 8 INFO placement.requestlog [None req-36c0b041-3d18-4e3a-b3e1-a9c886782ea4 - - - - - -] 10.0.0.31 "GET /" status: 200 len: 136 microversion: 1.0
2026-06-26 18:23:42.125 8 INFO placement.requestlog [None req-2d0528e0-5c19-4f4d-aab3-50ec7cf18416 cd1923ef32854551b161e24402154df3 25aeb611e1924c84a2570e14762e897e - - 7070f542eeca46f9ab75f8b6bab398f2 7070f542eeca46f9ab75f8b6bab398f2] 10.0.0.47 "GET /resource_providers/576aa3be-26f4-48a5-90f0-a038df4029e7/aggregates" status: 404 len: 235 microversion: 1.1 [pid: 8|app: 0|req: 616/1233] 10.0.0.47 () {32 vars in 815 bytes} [Fri Jun 26 18:23:42 2026] GET /resource_providers/576aa3be-26f4-48a5-90f0-a038df4029e7/aggregates => generated 235 bytes in 22 msecs (HTTP/1.1 404) 5 headers in 202 bytes (1 switches on core 0)
2026-06-26 18:23:42.126 7 INFO placement.requestlog [None req-ffaea514-6fbc-407d-b5d3-0d6e8f48337e cd1923ef32854551b161e24402154df3 25aeb611e1924c84a2570e14762e897e - - 7070f542eeca46f9ab75f8b6bab398f2 7070f542eeca46f9ab75f8b6bab398f2] 10.0.0.47 "GET /resource_providers/576aa3be-26f4-48a5-90f0-a038df4029e7/aggregates" status: 404 len: 235 microversion: 1.1 [pid: 7|app: 0|req: 618/1234] 10.0.0.47 () {32 vars in 815 bytes} [Fri Jun 26 18:23:42 2026] GET /resource_providers/576aa3be-26f4-48a5-90f0-a038df4029e7/aggregates => generated 235 bytes in 24 msecs (HTTP/1.1 404) 5 headers in 202 bytes (1 switches on core 0)
2026-06-26 18:23:42.147 8 INFO placement.requestlog [None req-9d6b6634-aca2-4186-b9be-a43a3d2b8898 cd1923ef32854551b161e24402154df3 25aeb611e1924c84a2570e14762e897e - - 7070f542eeca46f9ab75f8b6bab398f2 7070f542eeca46f9ab75f8b6bab398f2] 10.0.0.47 "DELETE /resource_providers/576aa3be-26f4-48a5-90f0-a038df4029e7" status: 404 len: 246 microversion: 1.1 [pid: 8|app: 0|req: 617/1235] 10.0.0.47 () {34 vars in 815 bytes} [Fri Jun 26 18:23:42 2026] DELETE /resource_providers/576aa3be-26f4-48a5-90f0-a038df4029e7 => generated 246 bytes in 13 msecs (HTTP/1.1 404) 6 headers in 231 bytes (1 switches on core 0)
2026-06-26 18:23:42.157 7 INFO placement.requestlog [None req-e8fabd6a-9f82-4b3a-be7f-d0de58e960a9 cd1923ef32854551b161e24402154df3 25aeb611e1924c84a2570e14762e897e - - 7070f542eeca46f9ab75f8b6bab398f2 7070f542eeca46f9ab75f8b6bab398f2] 10.0.0.47 "DELETE /resource_providers/576aa3be-26f4-48a5-90f0-a038df4029e7" status: 404 len: 246 microversion: 1.1 [pid: 7|app: 0|req: 619/1236] 10.0.0.47 () {34 vars in 815 bytes} [Fri Jun 26 18:23:42 2026] DELETE /resource_providers/576aa3be-26f4-48a5-90f0-a038df4029e7 => generated 246 bytes in 16 msecs (HTTP/1.1 404) 6 headers in 231 bytes (1 switches on core 0)
2026-06-26 18:23:42.344 8 INFO placement.requestlog [None req-e3d08a48-436a-4cdc-bd19-87401b37a205 cd1923ef32854551b161e24402154df3 25aeb611e1924c84a2570e14762e897e - - 7070f542eeca46f9ab75f8b6bab398f2 7070f542eeca46f9ab75f8b6bab398f2] 10.0.0.47 "GET /resource_providers/de653a04-3ad9-404a-8225-046d387a804a/aggregates" status: 404 len: 235 microversion: 1.1 [pid: 8|app: 0|req: 618/1237] 10.0.0.47 () {32 vars in 815 bytes} [Fri Jun 26 18:23:42 2026] GET /resource_providers/de653a04-3ad9-404a-8225-046d387a804a/aggregates => generated 235 bytes in 9 msecs (HTTP/1.1 404) 5 headers in 202 bytes (1 switches on core 0)
2026-06-26 18:23:42.349 7 INFO placement.requestlog [None req-879eff57-b488-4ae0-a372-59bce192af16 cd1923ef32854551b161e24402154df3 25aeb611e1924c84a2570e14762e897e - - 7070f542eeca46f9ab75f8b6bab398f2 7070f542eeca46f9ab75f8b6bab398f2] 10.0.0.47 "GET /resource_providers/de653a04-3ad9-404a-8225-046d387a804a/aggregates" status: 404 len: 235 microversion: 1.1 [pid: 7|app: 0|req: 620/1238] 10.0.0.47 () {32 vars in 815 bytes} [Fri Jun 26 18:23:42 2026] GET /resource_providers/de653a04-3ad9-404a-8225-046d387a804a/aggregates => generated 235 bytes in 14 msecs (HTTP/1.1 404) 5 headers in 202 bytes (1 switches on core 0)
2026-06-26 18:23:42.377 7 INFO placement.requestlog [None req-e6bafd69-8f9a-4e2b-9b19-295d432cbb1c cd1923ef32854551b161e24402154df3 25aeb611e1924c84a2570e14762e897e - - 7070f542eeca46f9ab75f8b6bab398f2 7070f542eeca46f9ab75f8b6bab398f2] 10.0.0.47 "DELETE /resource_providers/de653a04-3ad9-404a-8225-046d387a804a" status: 404 len: 246 microversion: 1.1 [pid: 7|app: 0|req: 621/1239] 10.0.0.47 () {34 vars in 815 bytes} [Fri Jun 26 18:23:42 2026] DELETE /resource_providers/de653a04-3ad9-404a-8225-046d387a804a => generated 246 bytes in 11 msecs (HTTP/1.1 404) 6 headers in 231 bytes (1 switches on core 0)
2026-06-26 18:23:42.378 8 INFO placement.requestlog [None req-ea29462f-84ce-475f-948f-f53d93757a40 cd1923ef32854551b161e24402154df3 25aeb611e1924c84a2570e14762e897e - - 7070f542eeca46f9ab75f8b6bab398f2 7070f542eeca46f9ab75f8b6bab398f2] 10.0.0.47 "DELETE /resource_providers/de653a04-3ad9-404a-8225-046d387a804a" status: 404 len: 246 microversion: 1.1 [pid: 8|app: 0|req: 619/1240] 10.0.0.47 () {34 vars in 815 bytes} [Fri Jun 26 18:23:42 2026] DELETE /resource_providers/de653a04-3ad9-404a-8225-046d387a804a => generated 246 bytes in 13 msecs (HTTP/1.1 404) 6 headers in 231 bytes (1 switches on core 0)
2026-06-26 18:23:48.238 8 INFO placement.requestlog [None req-f6641208-1100-4447-9d23-3adb3b976294 - - - - - -] 10.0.0.31 "GET /" status: 200 len: 136 microversion: 1.0
2026-06-26 18:23:48.238 7 INFO placement.requestlog [None req-e46f8731-10dd-47e8-b3a8-b07809768e63 - - - - - -] 10.0.0.31 "GET /" status: 200 len: 136 microversion: 1.0
2026-06-26 18:23:58.238 8 INFO placement.requestlog [None req-1b38e9ff-5e18-4d6c-9e50-1322277c6491 - - - - - -] 10.0.0.31 "GET /" status: 200 len: 136 microversion: 1.0
2026-06-26 18:23:58.238 7 INFO placement.requestlog [None req-61009b17-6781-4b3c-be6d-5d270683ced9 - - - - - -] 10.0.0.31 "GET /" status: 200 len: 136 microversion: 1.0
2026-06-26 18:24:08.237 8 INFO placement.requestlog [None req-2f8a9c5d-1a20-46d7-8c1f-33cbd2e12dee - - - - - -] 10.0.0.31 "GET /" status: 200 len: 136 microversion: 1.0
2026-06-26 18:24:08.237 7 INFO placement.requestlog [None req-38da13d6-a762-46fe-acec-bf7b105c3f9b - - - - - -] 10.0.0.31 "GET /" status: 200 len: 136 microversion: 1.0
2026-06-26 18:24:18.237 7 INFO placement.requestlog [None req-63bebd8b-8ad5-4a6e-8376-246b9a1615f8 - - - - - -] 10.0.0.31 "GET /" status: 200 len: 136 microversion: 1.0
2026-06-26 18:24:18.238 8 INFO placement.requestlog [None req-1dd882d3-954e-4951-84cd-e6da442c4f1b - - - - - -] 10.0.0.31 "GET /" status: 200 len: 136 microversion: 1.0
2026-06-26 18:24:28.237 7 INFO placement.requestlog [None req-49e2e942-e00a-4c6c-bfa7-e3310e776f08 - - - - - -] 10.0.0.31 "GET /" status: 200 len: 136 microversion: 1.0
2026-06-26 18:24:28.238 8 INFO placement.requestlog [None req-69217c5c-8652-431f-9943-a6a6756d54fe - - - - - -] 10.0.0.31 "GET /" status: 200 len: 136 microversion: 1.0
2026-06-26 18:24:28.909 7 INFO placement.requestlog [req-8d521922-ee31-4f0c-96f2-a2f17fbd30c0 req-48e535d7-4369-46dc-acd6-d04254473b37 64ad5393af2343a89a058f44dedb58d6 25aeb611e1924c84a2570e14762e897e - - 7070f542eeca46f9ab75f8b6bab398f2 7070f542eeca46f9ab75f8b6bab398f2] 199.204.45.162 "GET /resource_providers?in_tree=094a1050-33d9-42ba-99b5-135da991d5b0" status: 200 len: 798 microversion: 1.14 [pid: 7|app: 0|req: 627/1251] 199.204.45.162 () {34 vars in 892 bytes} [Fri Jun 26 18:24:28 2026] GET /resource_providers?in_tree=094a1050-33d9-42ba-99b5-135da991d5b0 => generated 798 bytes in 200 msecs (HTTP/1.1 200) 6 headers in 225 bytes (1 switches on core 0)
2026-06-26 18:24:28.938 8 INFO placement.requestlog [req-8d521922-ee31-4f0c-96f2-a2f17fbd30c0 req-dabd0a8d-2000-4150-b0af-f7726eb7f5d0 64ad5393af2343a89a058f44dedb58d6 25aeb611e1924c84a2570e14762e897e - - 7070f542eeca46f9ab75f8b6bab398f2 7070f542eeca46f9ab75f8b6bab398f2] 199.204.45.162 "GET /resource_providers/094a1050-33d9-42ba-99b5-135da991d5b0/inventories" status: 200 len: 401 microversion: 1.0 [pid: 8|app: 0|req: 625/1252] 199.204.45.162 () {32 vars in 857 bytes} [Fri Jun 26 18:24:28 2026] GET /resource_providers/094a1050-33d9-42ba-99b5-135da991d5b0/inventories => generated 401 bytes in 19 msecs (HTTP/1.1 200) 6 headers in 224 bytes (1 switches on core 0)
2026-06-26 18:24:28.970 7 INFO placement.requestlog [req-8d521922-ee31-4f0c-96f2-a2f17fbd30c0 req-00f5cebc-0939-4b51-b741-1c30aa87c454 64ad5393af2343a89a058f44dedb58d6 25aeb611e1924c84a2570e14762e897e - - 7070f542eeca46f9ab75f8b6bab398f2 7070f542eeca46f9ab75f8b6bab398f2] 199.204.45.162 "GET /resource_providers/094a1050-33d9-42ba-99b5-135da991d5b0/aggregates" status: 200 len: 54 microversion: 1.19 [pid: 7|app: 0|req: 628/1253] 199.204.45.162 () {34 vars in 899 bytes} [Fri Jun 26 18:24:28 2026] GET /resource_providers/094a1050-33d9-42ba-99b5-135da991d5b0/aggregates => generated 54 bytes in 22 msecs (HTTP/1.1 200) 8 headers in 295 bytes (1 switches on core 0)
2026-06-26 18:24:29.006 8 INFO placement.requestlog [req-8d521922-ee31-4f0c-96f2-a2f17fbd30c0 req-2f7bf30c-f76b-4dc7-a891-15076529e85e 64ad5393af2343a89a058f44dedb58d6 25aeb611e1924c84a2570e14762e897e - - 7070f542eeca46f9ab75f8b6bab398f2 7070f542eeca46f9ab75f8b6bab398f2] 199.204.45.162 "GET /resource_providers/094a1050-33d9-42ba-99b5-135da991d5b0/traits" status: 200 len: 1683 microversion: 1.6 [pid: 8|app: 0|req: 626/1254] 199.204.45.162 () {34 vars in 890 bytes} [Fri Jun 26 18:24:28 2026] GET /resource_providers/094a1050-33d9-42ba-99b5-135da991d5b0/traits => generated 1683 bytes in 27 msecs (HTTP/1.1 200) 6 headers in 225 bytes (1 switches on core 0)
2026-06-26 18:24:29.042 7 INFO placement.requestlog [req-8d521922-ee31-4f0c-96f2-a2f17fbd30c0 req-9a671700-ee74-4a44-872d-9df63cc005fe 64ad5393af2343a89a058f44dedb58d6 25aeb611e1924c84a2570e14762e897e - - 7070f542eeca46f9ab75f8b6bab398f2 7070f542eeca46f9ab75f8b6bab398f2] 199.204.45.162 "GET /resource_providers/094a1050-33d9-42ba-99b5-135da991d5b0/allocations" status: 200 len: 340 microversion: 1.0 [pid: 7|app: 0|req: 629/1255] 199.204.45.162 () {32 vars in 857 bytes} [Fri Jun 26 18:24:29 2026] GET /resource_providers/094a1050-33d9-42ba-99b5-135da991d5b0/allocations => generated 340 bytes in 28 msecs (HTTP/1.1 200) 6 headers in 224 bytes (1 switches on core 0)
2026-06-26 18:24:29.065 8 INFO placement.requestlog [req-8d521922-ee31-4f0c-96f2-a2f17fbd30c0 req-d8cf4874-fbca-4794-b73f-a8c9b68fca96 64ad5393af2343a89a058f44dedb58d6 25aeb611e1924c84a2570e14762e897e - - 7070f542eeca46f9ab75f8b6bab398f2 7070f542eeca46f9ab75f8b6bab398f2] 199.204.45.162 "GET /allocations/f9676f9e-c608-4620-be99-b8a34236b903" status: 200 len: 258 microversion: 1.28 [pid: 8|app: 0|req: 627/1256] 199.204.45.162 () {34 vars in 863 bytes} [Fri Jun 26 18:24:29 2026] GET /allocations/f9676f9e-c608-4620-be99-b8a34236b903 => generated 258 bytes in 16 msecs (HTTP/1.1 200) 8 headers in 296 bytes (1 switches on core 0)
2026-06-26 18:24:29.085 7 INFO placement.requestlog [req-8d521922-ee31-4f0c-96f2-a2f17fbd30c0 req-91dc324c-df6f-4302-9cc3-a2d8cd67daf5 64ad5393af2343a89a058f44dedb58d6 25aeb611e1924c84a2570e14762e897e - - 7070f542eeca46f9ab75f8b6bab398f2 7070f542eeca46f9ab75f8b6bab398f2] 199.204.45.162 "GET /allocations/15710706-f737-4541-9193-65e7787f5fc4" status: 200 len: 245 microversion: 1.28 [pid: 7|app: 0|req: 630/1257] 199.204.45.162 () {34 vars in 863 bytes} [Fri Jun 26 18:24:29 2026] GET /allocations/15710706-f737-4541-9193-65e7787f5fc4 => generated 245 bytes in 13 msecs (HTTP/1.1 200) 8 headers in 296 bytes (1 switches on core 0)
2026-06-26 18:24:29.117 8 INFO placement.requestlog [req-8d521922-ee31-4f0c-96f2-a2f17fbd30c0 req-008c8fcc-850b-425c-a85c-f87d1584ea4c 64ad5393af2343a89a058f44dedb58d6 25aeb611e1924c84a2570e14762e897e - - 7070f542eeca46f9ab75f8b6bab398f2 7070f542eeca46f9ab75f8b6bab398f2] 199.204.45.162 "GET /allocations/e6ebabfd-97ae-4e35-b7c1-7c5e27c4d9ac" status: 200 len: 258 microversion: 1.28 [pid: 8|app: 0|req: 628/1258] 199.204.45.162 () {34 vars in 863 bytes} [Fri Jun 26 18:24:29 2026] GET /allocations/e6ebabfd-97ae-4e35-b7c1-7c5e27c4d9ac => generated 258 bytes in 24 msecs (HTTP/1.1 200) 8 headers in 296 bytes (1 switches on core 0)
2026-06-26 18:24:29.204 7 INFO placement.requestlog [req-8d521922-ee31-4f0c-96f2-a2f17fbd30c0 req-6a4aa0bc-0d71-4f0c-ae26-9278208232be 64ad5393af2343a89a058f44dedb58d6 25aeb611e1924c84a2570e14762e897e - - 7070f542eeca46f9ab75f8b6bab398f2 7070f542eeca46f9ab75f8b6bab398f2] 199.204.45.162 "DELETE /allocations/15710706-f737-4541-9193-65e7787f5fc4" status: 204 len: 0 microversion: 1.0 [pid: 7|app: 0|req: 631/1259] 199.204.45.162 () {34 vars in 841 bytes} [Fri Jun 26 18:24:29 2026] DELETE /allocations/15710706-f737-4541-9193-65e7787f5fc4 => generated 0 bytes in 26 msecs (HTTP/1.1 204) 5 headers in 198 bytes (1 switches on core 0)
2026-06-26 18:24:30.815 8 INFO placement.requestlog [req-6122fe17-4aa3-4787-b699-61628a42eb3b req-a6e29e27-315b-4efa-b99c-f545d60504f4 64ad5393af2343a89a058f44dedb58d6 25aeb611e1924c84a2570e14762e897e - - 7070f542eeca46f9ab75f8b6bab398f2 7070f542eeca46f9ab75f8b6bab398f2] 199.204.45.162 "GET /resource_providers/094a1050-33d9-42ba-99b5-135da991d5b0/allocations" status: 200 len: 253 microversion: 1.0 [pid: 8|app: 0|req: 629/1260] 199.204.45.162 () {32 vars in 857 bytes} [Fri Jun 26 18:24:30 2026] GET /resource_providers/094a1050-33d9-42ba-99b5-135da991d5b0/allocations => generated 253 bytes in 19 msecs (HTTP/1.1 200) 6 headers in 224 bytes (1 switches on core 0)
2026-06-26 18:24:30.850 7 INFO placement.requestlog [req-6122fe17-4aa3-4787-b699-61628a42eb3b req-05579212-e7f7-4599-bedb-f6d05554261e 64ad5393af2343a89a058f44dedb58d6 25aeb611e1924c84a2570e14762e897e - - 7070f542eeca46f9ab75f8b6bab398f2 7070f542eeca46f9ab75f8b6bab398f2] 199.204.45.162 "GET /allocations/f9676f9e-c608-4620-be99-b8a34236b903" status: 200 len: 258 microversion: 1.28 [pid: 7|app: 0|req: 632/1261] 199.204.45.162 () {34 vars in 863 bytes} [Fri Jun 26 18:24:30 2026] GET /allocations/f9676f9e-c608-4620-be99-b8a34236b903 => generated 258 bytes in 14 msecs (HTTP/1.1 200) 8 headers in 296 bytes (1 switches on core 0)
2026-06-26 18:24:30.874 8 INFO placement.requestlog [req-6122fe17-4aa3-4787-b699-61628a42eb3b req-a2d807ef-31c1-4235-bfbf-df567e84c418 64ad5393af2343a89a058f44dedb58d6 25aeb611e1924c84a2570e14762e897e - - 7070f542eeca46f9ab75f8b6bab398f2 7070f542eeca46f9ab75f8b6bab398f2] 199.204.45.162 "GET /allocations/e6ebabfd-97ae-4e35-b7c1-7c5e27c4d9ac" status: 200 len: 258 microversion: 1.28 [pid: 8|app: 0|req: 630/1262] 199.204.45.162 () {34 vars in 863 bytes} [Fri Jun 26 18:24:30 2026] GET /allocations/e6ebabfd-97ae-4e35-b7c1-7c5e27c4d9ac => generated 258 bytes in 17 msecs (HTTP/1.1 200) 8 headers in 296 bytes (1 switches on core 0)
2026-06-26 18:24:30.953 7 INFO placement.requestlog [req-6122fe17-4aa3-4787-b699-61628a42eb3b req-8b3e00e8-7a56-4aa0-bd89-4c9510a2fa55 64ad5393af2343a89a058f44dedb58d6 25aeb611e1924c84a2570e14762e897e - - 7070f542eeca46f9ab75f8b6bab398f2 7070f542eeca46f9ab75f8b6bab398f2] 199.204.45.162 "DELETE /allocations/e6ebabfd-97ae-4e35-b7c1-7c5e27c4d9ac" status: 204 len: 0 microversion: 1.0 [pid: 7|app: 0|req: 633/1263] 199.204.45.162 () {34 vars in 841 bytes} [Fri Jun 26 18:24:30 2026] DELETE /allocations/e6ebabfd-97ae-4e35-b7c1-7c5e27c4d9ac => generated 0 bytes in 22 msecs (HTTP/1.1 204) 5 headers in 198 bytes (1 switches on core 0)
2026-06-26 18:24:32.713 8 INFO placement.requestlog [req-d7b882f2-5412-4b3c-98a7-8c3b52fffaa7 req-06902150-d199-4355-80c1-d5d2119c02bf 64ad5393af2343a89a058f44dedb58d6 25aeb611e1924c84a2570e14762e897e - - 7070f542eeca46f9ab75f8b6bab398f2 7070f542eeca46f9ab75f8b6bab398f2] 199.204.45.162 "GET /resource_providers/094a1050-33d9-42ba-99b5-135da991d5b0/allocations" status: 200 len: 153 microversion: 1.0 [pid: 8|app: 0|req: 631/1264] 199.204.45.162 () {32 vars in 857 bytes} [Fri Jun 26 18:24:32 2026] GET /resource_providers/094a1050-33d9-42ba-99b5-135da991d5b0/allocations => generated 153 bytes in 16 msecs (HTTP/1.1 200) 6 headers in 224 bytes (1 switches on core 0)
2026-06-26 18:24:32.741 7 INFO placement.requestlog [req-d7b882f2-5412-4b3c-98a7-8c3b52fffaa7 req-8eef9f06-7204-451f-b6f3-5b23c90befab 64ad5393af2343a89a058f44dedb58d6 25aeb611e1924c84a2570e14762e897e - - 7070f542eeca46f9ab75f8b6bab398f2 7070f542eeca46f9ab75f8b6bab398f2] 199.204.45.162 "GET /resource_providers/094a1050-33d9-42ba-99b5-135da991d5b0/allocations" status: 200 len: 153 microversion: 1.0 [pid: 7|app: 0|req: 634/1265] 199.204.45.162 () {32 vars in 857 bytes} [Fri Jun 26 18:24:32 2026] GET /resource_providers/094a1050-33d9-42ba-99b5-135da991d5b0/allocations => generated 153 bytes in 18 msecs (HTTP/1.1 200) 6 headers in 224 bytes (1 switches on core 0)
2026-06-26 18:24:32.762 8 INFO placement.requestlog [req-d7b882f2-5412-4b3c-98a7-8c3b52fffaa7 req-05f4d375-1099-4a48-a44e-823c6a755d53 64ad5393af2343a89a058f44dedb58d6 25aeb611e1924c84a2570e14762e897e - - 7070f542eeca46f9ab75f8b6bab398f2 7070f542eeca46f9ab75f8b6bab398f2] 199.204.45.162 "GET /allocations/f9676f9e-c608-4620-be99-b8a34236b903" status: 200 len: 258 microversion: 1.28 [pid: 8|app: 0|req: 632/1266] 199.204.45.162 () {34 vars in 863 bytes} [Fri Jun 26 18:24:32 2026] GET /allocations/f9676f9e-c608-4620-be99-b8a34236b903 => generated 258 bytes in 12 msecs (HTTP/1.1 200) 8 headers in 296 bytes (1 switches on core 0)
2026-06-26 18:24:37.060 7 INFO placement.requestlog [req-06866181-9198-4ea7-8c07-a1ccbdfe6a0a req-e625870d-9e84-4bb6-bf2c-0439eaf337f5 64ad5393af2343a89a058f44dedb58d6 25aeb611e1924c84a2570e14762e897e - - 7070f542eeca46f9ab75f8b6bab398f2 7070f542eeca46f9ab75f8b6bab398f2] 199.204.45.162 "GET /resource_providers/094a1050-33d9-42ba-99b5-135da991d5b0/allocations" status: 200 len: 153 microversion: 1.0 [pid: 7|app: 0|req: 635/1267] 199.204.45.162 () {32 vars in 857 bytes} [Fri Jun 26 18:24:37 2026] GET /resource_providers/094a1050-33d9-42ba-99b5-135da991d5b0/allocations => generated 153 bytes in 17 msecs (HTTP/1.1 200) 6 headers in 224 bytes (1 switches on core 0)
2026-06-26 18:24:37.082 8 INFO placement.requestlog [req-06866181-9198-4ea7-8c07-a1ccbdfe6a0a req-1084111b-70e6-4d5f-a371-8e50c32350d6 64ad5393af2343a89a058f44dedb58d6 25aeb611e1924c84a2570e14762e897e - - 7070f542eeca46f9ab75f8b6bab398f2 7070f542eeca46f9ab75f8b6bab398f2] 199.204.45.162 "GET /allocations/f9676f9e-c608-4620-be99-b8a34236b903" status: 200 len: 258 microversion: 1.28 [pid: 8|app: 0|req: 633/1268] 199.204.45.162 () {34 vars in 863 bytes} [Fri Jun 26 18:24:37 2026] GET /allocations/f9676f9e-c608-4620-be99-b8a34236b903 => generated 258 bytes in 13 msecs (HTTP/1.1 200) 8 headers in 296 bytes (1 switches on core 0)
2026-06-26 18:24:37.144 7 INFO placement.requestlog [req-06866181-9198-4ea7-8c07-a1ccbdfe6a0a req-8f9ce19d-4a5c-41e3-bed0-4d429d188718 64ad5393af2343a89a058f44dedb58d6 25aeb611e1924c84a2570e14762e897e - - 7070f542eeca46f9ab75f8b6bab398f2 7070f542eeca46f9ab75f8b6bab398f2] 199.204.45.162 "DELETE /allocations/f9676f9e-c608-4620-be99-b8a34236b903" status: 204 len: 0 microversion: 1.0 [pid: 7|app: 0|req: 636/1269] 199.204.45.162 () {34 vars in 841 bytes} [Fri Jun 26 18:24:37 2026] DELETE /allocations/f9676f9e-c608-4620-be99-b8a34236b903 => generated 0 bytes in 20 msecs (HTTP/1.1 204) 5 headers in 198 bytes (1 switches on core 0)
2026-06-26 18:24:38.238 8 INFO placement.requestlog [None req-37f56636-0e3e-4f13-833f-5bb92c64e0d8 - - - - - -] 10.0.0.31 "GET /" status: 200 len: 136 microversion: 1.0
2026-06-26 18:24:38.238 7 INFO placement.requestlog [None req-0ca36146-9133-462f-bc3d-67dd31a73882 - - - - - -] 10.0.0.31 "GET /" status: 200 len: 136 microversion: 1.0
2026-06-26 18:24:48.093 7 INFO placement.requestlog [None req-fce7ef51-2a3e-4cc9-b25a-d59dca6ed687 cd1923ef32854551b161e24402154df3 25aeb611e1924c84a2570e14762e897e - - 7070f542eeca46f9ab75f8b6bab398f2 7070f542eeca46f9ab75f8b6bab398f2] 10.0.0.47 "GET /resource_providers/de11d508-c1e1-4a87-ab4c-b99e189aef15/aggregates" status: 404 len: 235 microversion: 1.1 [pid: 7|app: 0|req: 638/1272] 10.0.0.47 () {32 vars in 815 bytes} [Fri Jun 26 18:24:48 2026] GET /resource_providers/de11d508-c1e1-4a87-ab4c-b99e189aef15/aggregates => generated 235 bytes in 54 msecs (HTTP/1.1 404) 5 headers in 202 bytes (1 switches on core 0)
2026-06-26 18:24:48.114 8 INFO placement.requestlog [None req-c6234532-3e75-442d-a880-e3f1e24e760d cd1923ef32854551b161e24402154df3 25aeb611e1924c84a2570e14762e897e - - 7070f542eeca46f9ab75f8b6bab398f2 7070f542eeca46f9ab75f8b6bab398f2] 10.0.0.47 "GET /resource_providers/de11d508-c1e1-4a87-ab4c-b99e189aef15/aggregates" status: 404 len: 235 microversion: 1.1 [pid: 8|app: 0|req: 635/1273] 10.0.0.47 () {32 vars in 815 bytes} [Fri Jun 26 18:24:48 2026] GET /resource_providers/de11d508-c1e1-4a87-ab4c-b99e189aef15/aggregates => generated 235 bytes in 75 msecs (HTTP/1.1 404) 5 headers in 202 bytes (1 switches on core 0)
2026-06-26 18:24:48.134 7 INFO placement.requestlog [None req-258db736-2ac3-4071-b26d-02ffec423d09 cd1923ef32854551b161e24402154df3 25aeb611e1924c84a2570e14762e897e - - 7070f542eeca46f9ab75f8b6bab398f2 7070f542eeca46f9ab75f8b6bab398f2] 10.0.0.47 "DELETE /resource_providers/de11d508-c1e1-4a87-ab4c-b99e189aef15" status: 404 len: 246 microversion: 1.1 [pid: 7|app: 0|req: 639/1274] 10.0.0.47 () {34 vars in 815 bytes} [Fri Jun 26 18:24:48 2026] DELETE /resource_providers/de11d508-c1e1-4a87-ab4c-b99e189aef15 => generated 246 bytes in 10 msecs (HTTP/1.1 404) 6 headers in 231 bytes (1 switches on core 0)
2026-06-26 18:24:48.146 8 INFO placement.requestlog [None req-e92240f6-0a7f-4181-96f7-0539c28c777f cd1923ef32854551b161e24402154df3 25aeb611e1924c84a2570e14762e897e - - 7070f542eeca46f9ab75f8b6bab398f2 7070f542eeca46f9ab75f8b6bab398f2] 10.0.0.47 "DELETE /resource_providers/de11d508-c1e1-4a87-ab4c-b99e189aef15" status: 404 len: 246 microversion: 1.1 [pid: 8|app: 0|req: 636/1275] 10.0.0.47 () {34 vars in 815 bytes} [Fri Jun 26 18:24:48 2026] DELETE /resource_providers/de11d508-c1e1-4a87-ab4c-b99e189aef15 => generated 246 bytes in 8 msecs (HTTP/1.1 404) 6 headers in 231 bytes (1 switches on core 0)
2026-06-26 18:24:48.237 8 INFO placement.requestlog [None req-7980884f-d712-4012-b526-a493e48ecd5f - - - - - -] 10.0.0.31 "GET /" status: 200 len: 136 microversion: 1.0
2026-06-26 18:24:48.238 7 INFO placement.requestlog [None req-c0b3863e-bd82-47d9-940d-6382150315fe - - - - - -] 10.0.0.31 "GET /" status: 200 len: 136 microversion: 1.0
2026-06-26 18:24:50.159 8 INFO placement.requestlog [None req-3cdf49e8-3a7a-45ba-af82-7b43f6c2690c cd1923ef32854551b161e24402154df3 25aeb611e1924c84a2570e14762e897e - - 7070f542eeca46f9ab75f8b6bab398f2 7070f542eeca46f9ab75f8b6bab398f2] 10.0.0.47 "GET /resource_providers/f6c87a78-5a03-4a36-8ef2-e0d2a7554195/aggregates" status: 404 len: 235 microversion: 1.1 [pid: 8|app: 0|req: 638/1278] 10.0.0.47 () {32 vars in 815 bytes} [Fri Jun 26 18:24:50 2026] GET /resource_providers/f6c87a78-5a03-4a36-8ef2-e0d2a7554195/aggregates => generated 235 bytes in 12 msecs (HTTP/1.1 404) 5 headers in 202 bytes (1 switches on core 0)
2026-06-26 18:24:50.163 7 INFO placement.requestlog [None req-c3d28fc8-29dd-467a-a96b-18b6d31fb393 cd1923ef32854551b161e24402154df3 25aeb611e1924c84a2570e14762e897e - - 7070f542eeca46f9ab75f8b6bab398f2 7070f542eeca46f9ab75f8b6bab398f2] 10.0.0.47 "GET /resource_providers/f6c87a78-5a03-4a36-8ef2-e0d2a7554195/aggregates" status: 404 len: 235 microversion: 1.1 [pid: 7|app: 0|req: 641/1279] 10.0.0.47 () {32 vars in 815 bytes} [Fri Jun 26 18:24:50 2026] GET /resource_providers/f6c87a78-5a03-4a36-8ef2-e0d2a7554195/aggregates => generated 235 bytes in 10 msecs (HTTP/1.1 404) 5 headers in 202 bytes (1 switches on core 0)
2026-06-26 18:24:50.177 8 INFO placement.requestlog [None req-33bb4125-4c2f-47e3-8390-506e45366d92 cd1923ef32854551b161e24402154df3 25aeb611e1924c84a2570e14762e897e - - 7070f542eeca46f9ab75f8b6bab398f2 7070f542eeca46f9ab75f8b6bab398f2] 10.0.0.47 "DELETE /resource_providers/f6c87a78-5a03-4a36-8ef2-e0d2a7554195" status: 404 len: 246 microversion: 1.1 [pid: 8|app: 0|req: 639/1280] 10.0.0.47 () {34 vars in 815 bytes} [Fri Jun 26 18:24:50 2026] DELETE /resource_providers/f6c87a78-5a03-4a36-8ef2-e0d2a7554195 => generated 246 bytes in 9 msecs (HTTP/1.1 404) 6 headers in 231 bytes (1 switches on core 0)
2026-06-26 18:24:50.183 7 INFO placement.requestlog [None req-be1a0ecb-b3d9-4e09-a66c-dfe7a34b7861 cd1923ef32854551b161e24402154df3 25aeb611e1924c84a2570e14762e897e - - 7070f542eeca46f9ab75f8b6bab398f2 7070f542eeca46f9ab75f8b6bab398f2] 10.0.0.47 "DELETE /resource_providers/f6c87a78-5a03-4a36-8ef2-e0d2a7554195" status: 404 len: 246 microversion: 1.1 [pid: 7|app: 0|req: 642/1281] 10.0.0.47 () {34 vars in 815 bytes} [Fri Jun 26 18:24:50 2026] DELETE /resource_providers/f6c87a78-5a03-4a36-8ef2-e0d2a7554195 => generated 246 bytes in 10 msecs (HTTP/1.1 404) 6 headers in 231 bytes (1 switches on core 0)
2026-06-26 18:24:50.190 8 INFO placement.requestlog [None req-e80bbe20-e4c0-4eb7-bf3a-8fe588f5195f cd1923ef32854551b161e24402154df3 25aeb611e1924c84a2570e14762e897e - - 7070f542eeca46f9ab75f8b6bab398f2 7070f542eeca46f9ab75f8b6bab398f2] 10.0.0.47 "GET /resource_providers/8b3557d5-dfd9-4b0c-92fd-01b173d3953c/aggregates" status: 404 len: 235 microversion: 1.1 [pid: 8|app: 0|req: 640/1282] 10.0.0.47 () {32 vars in 815 bytes} [Fri Jun 26 18:24:50 2026] GET /resource_providers/8b3557d5-dfd9-4b0c-92fd-01b173d3953c/aggregates => generated 235 bytes in 9 msecs (HTTP/1.1 404) 5 headers in 202 bytes (1 switches on core 0)
2026-06-26 18:24:50.200 7 INFO placement.requestlog [None req-7cd249ff-5a44-4258-ab2e-46a0032ee11c cd1923ef32854551b161e24402154df3 25aeb611e1924c84a2570e14762e897e - - 7070f542eeca46f9ab75f8b6bab398f2 7070f542eeca46f9ab75f8b6bab398f2] 10.0.0.47 "GET /resource_providers/8b3557d5-dfd9-4b0c-92fd-01b173d3953c/aggregates" status: 404 len: 235 microversion: 1.1 [pid: 7|app: 0|req: 643/1283] 10.0.0.47 () {32 vars in 815 bytes} [Fri Jun 26 18:24:50 2026] GET /resource_providers/8b3557d5-dfd9-4b0c-92fd-01b173d3953c/aggregates => generated 235 bytes in 11 msecs (HTTP/1.1 404) 5 headers in 202 bytes (1 switches on core 0)
2026-06-26 18:24:50.206 8 INFO placement.requestlog [None req-9f16f16a-6bf7-4294-98ed-21a58fcf1221 cd1923ef32854551b161e24402154df3 25aeb611e1924c84a2570e14762e897e - - 7070f542eeca46f9ab75f8b6bab398f2 7070f542eeca46f9ab75f8b6bab398f2] 10.0.0.47 "DELETE /resource_providers/8b3557d5-dfd9-4b0c-92fd-01b173d3953c" status: 404 len: 246 microversion: 1.1 [pid: 8|app: 0|req: 641/1284] 10.0.0.47 () {34 vars in 815 bytes} [Fri Jun 26 18:24:50 2026] DELETE /resource_providers/8b3557d5-dfd9-4b0c-92fd-01b173d3953c => generated 246 bytes in 10 msecs (HTTP/1.1 404) 6 headers in 231 bytes (1 switches on core 0)
2026-06-26 18:24:50.216 7 INFO placement.requestlog [None req-f9a5dd61-fc91-4ef0-890f-cf4d3e596911 cd1923ef32854551b161e24402154df3 25aeb611e1924c84a2570e14762e897e - - 7070f542eeca46f9ab75f8b6bab398f2 7070f542eeca46f9ab75f8b6bab398f2] 10.0.0.47 "DELETE /resource_providers/8b3557d5-dfd9-4b0c-92fd-01b173d3953c" status: 404 len: 246 microversion: 1.1 [pid: 7|app: 0|req: 644/1285] 10.0.0.47 () {34 vars in 815 bytes} [Fri Jun 26 18:24:50 2026] DELETE /resource_providers/8b3557d5-dfd9-4b0c-92fd-01b173d3953c => generated 246 bytes in 9 msecs (HTTP/1.1 404) 6 headers in 231 bytes (1 switches on core 0)
2026-06-26 18:24:53.049 7 INFO placement.requestlog [None req-e76146f6-7141-40e7-b245-5822fc8561cf cd1923ef32854551b161e24402154df3 25aeb611e1924c84a2570e14762e897e - - 7070f542eeca46f9ab75f8b6bab398f2 7070f542eeca46f9ab75f8b6bab398f2] 10.0.0.47 "GET /resource_providers/37dc0a13-d2c8-4585-aec7-b1c3973e796c/aggregates" status: 404 len: 235 microversion: 1.1 [pid: 7|app: 0|req: 645/1286] 10.0.0.47 () {32 vars in 815 bytes} [Fri Jun 26 18:24:53 2026] GET /resource_providers/37dc0a13-d2c8-4585-aec7-b1c3973e796c/aggregates => generated 235 bytes in 9 msecs (HTTP/1.1 404) 5 headers in 202 bytes (1 switches on core 0)
2026-06-26 18:24:53.053 8 INFO placement.requestlog [None req-6e758167-3e49-478a-a768-2701601e38dd cd1923ef32854551b161e24402154df3 25aeb611e1924c84a2570e14762e897e - - 7070f542eeca46f9ab75f8b6bab398f2 7070f542eeca46f9ab75f8b6bab398f2] 10.0.0.47 "GET /resource_providers/37dc0a13-d2c8-4585-aec7-b1c3973e796c/aggregates" status: 404 len: 235 microversion: 1.1 [pid: 8|app: 0|req: 642/1287] 10.0.0.47 () {32 vars in 815 bytes} [Fri Jun 26 18:24:53 2026] GET /resource_providers/37dc0a13-d2c8-4585-aec7-b1c3973e796c/aggregates => generated 235 bytes in 13 msecs (HTTP/1.1 404) 5 headers in 202 bytes (1 switches on core 0)
2026-06-26 18:24:53.062 7 INFO placement.requestlog [None req-139b4692-7d06-4960-bbcd-191eabb8c531 cd1923ef32854551b161e24402154df3 25aeb611e1924c84a2570e14762e897e - - 7070f542eeca46f9ab75f8b6bab398f2 7070f542eeca46f9ab75f8b6bab398f2] 10.0.0.47 "DELETE /resource_providers/37dc0a13-d2c8-4585-aec7-b1c3973e796c" status: 404 len: 246 microversion: 1.1 [pid: 7|app: 0|req: 646/1288] 10.0.0.47 () {34 vars in 815 bytes} [Fri Jun 26 18:24:53 2026] DELETE /resource_providers/37dc0a13-d2c8-4585-aec7-b1c3973e796c => generated 246 bytes in 8 msecs (HTTP/1.1 404) 6 headers in 231 bytes (1 switches on core 0)
2026-06-26 18:24:53.066 8 INFO placement.requestlog [None req-607a189f-e132-4679-baed-40998373ddbf cd1923ef32854551b161e24402154df3 25aeb611e1924c84a2570e14762e897e - - 7070f542eeca46f9ab75f8b6bab398f2 7070f542eeca46f9ab75f8b6bab398f2] 10.0.0.47 "DELETE /resource_providers/37dc0a13-d2c8-4585-aec7-b1c3973e796c" status: 404 len: 246 microversion: 1.1 [pid: 8|app: 0|req: 643/1289] 10.0.0.47 () {34 vars in 815 bytes} [Fri Jun 26 18:24:53 2026] DELETE /resource_providers/37dc0a13-d2c8-4585-aec7-b1c3973e796c => generated 246 bytes in 8 msecs (HTTP/1.1 404) 6 headers in 231 bytes (1 switches on core 0)
2026-06-26 18:24:58.237 7 INFO placement.requestlog [None req-d30dd373-07e5-4546-bf77-6a15da2daf57 - - - - - -] 10.0.0.31 "GET /" status: 200 len: 136 microversion: 1.0
2026-06-26 18:24:58.238 8 INFO placement.requestlog [None req-16076c46-9074-49d0-8d68-3d60107a84ec - - - - - -] 10.0.0.31 "GET /" status: 200 len: 136 microversion: 1.0
2026-06-26 18:25:07.083 8 INFO placement.requestlog [None req-da818967-bac2-46ea-9b57-65c6e071140c cd1923ef32854551b161e24402154df3 25aeb611e1924c84a2570e14762e897e - - 7070f542eeca46f9ab75f8b6bab398f2 7070f542eeca46f9ab75f8b6bab398f2] 10.0.0.47 "GET /resource_providers/91b5e086-47e9-455d-912b-1ea7278c172c/aggregates" status: 404 len: 235 microversion: 1.1 [pid: 8|app: 0|req: 645/1292] 10.0.0.47 () {32 vars in 815 bytes} [Fri Jun 26 18:25:06 2026] GET /resource_providers/91b5e086-47e9-455d-912b-1ea7278c172c/aggregates => generated 235 bytes in 139 msecs (HTTP/1.1 404) 5 headers in 202 bytes (1 switches on core 0)
2026-06-26 18:25:07.087 7 INFO placement.requestlog [None req-86911fe6-1f1c-4c16-82ba-55ac3c67b7b8 cd1923ef32854551b161e24402154df3 25aeb611e1924c84a2570e14762e897e - - 7070f542eeca46f9ab75f8b6bab398f2 7070f542eeca46f9ab75f8b6bab398f2] 10.0.0.47 "GET /resource_providers/91b5e086-47e9-455d-912b-1ea7278c172c/aggregates" status: 404 len: 235 microversion: 1.1 [pid: 7|app: 0|req: 648/1293] 10.0.0.47 () {32 vars in 815 bytes} [Fri Jun 26 18:25:06 2026] GET /resource_providers/91b5e086-47e9-455d-912b-1ea7278c172c/aggregates => generated 235 bytes in 137 msecs (HTTP/1.1 404) 5 headers in 202 bytes (1 switches on core 0)
2026-06-26 18:25:07.816 8 INFO placement.requestlog [None req-8ec3614a-b220-40eb-9625-2bbdd32f7a03 cd1923ef32854551b161e24402154df3 25aeb611e1924c84a2570e14762e897e - - 7070f542eeca46f9ab75f8b6bab398f2 7070f542eeca46f9ab75f8b6bab398f2] 10.0.0.47 "DELETE /resource_providers/91b5e086-47e9-455d-912b-1ea7278c172c" status: 404 len: 246 microversion: 1.1 [pid: 8|app: 0|req: 646/1294] 10.0.0.47 () {34 vars in 815 bytes} [Fri Jun 26 18:25:07 2026] DELETE /resource_providers/91b5e086-47e9-455d-912b-1ea7278c172c => generated 246 bytes in 11 msecs (HTTP/1.1 404) 6 headers in 231 bytes (1 switches on core 0)
2026-06-26 18:25:07.817 7 INFO placement.requestlog [None req-e157b182-b733-4e33-816b-e9a59c3aac87 cd1923ef32854551b161e24402154df3 25aeb611e1924c84a2570e14762e897e - - 7070f542eeca46f9ab75f8b6bab398f2 7070f542eeca46f9ab75f8b6bab398f2] 10.0.0.47 "DELETE /resource_providers/91b5e086-47e9-455d-912b-1ea7278c172c" status: 404 len: 246 microversion: 1.1 [pid: 7|app: 0|req: 649/1295] 10.0.0.47 () {34 vars in 815 bytes} [Fri Jun 26 18:25:07 2026] DELETE /resource_providers/91b5e086-47e9-455d-912b-1ea7278c172c => generated 246 bytes in 13 msecs (HTTP/1.1 404) 6 headers in 231 bytes (1 switches on core 0)
2026-06-26 18:25:08.237 8 INFO placement.requestlog [None req-7aef0aae-3e80-45d7-9645-32cde7419220 - - - - - -] 10.0.0.31 "GET /" status: 200 len: 136 microversion: 1.0
2026-06-26 18:25:08.237 7 INFO placement.requestlog [None req-d7813672-842a-4f9f-a977-a9cb7f00aa9f - - - - - -] 10.0.0.31 "GET /" status: 200 len: 136 microversion: 1.0
2026-06-26 18:25:18.238 8 INFO placement.requestlog [None req-bc07aaf3-b216-460c-9c0d-e563d56b24b7 - - - - - -] 10.0.0.31 "GET /" status: 200 len: 136 microversion: 1.0
2026-06-26 18:25:18.239 7 INFO placement.requestlog [None req-bf74af2f-a929-4cbd-b6ab-dd91f267a45f - - - - - -] 10.0.0.31 "GET /" status: 200 len: 136 microversion: 1.0
2026-06-26 18:25:23.544 7 INFO placement.requestlog [None req-2a403b60-a66f-43d8-8b02-67a823016097 cd1923ef32854551b161e24402154df3 25aeb611e1924c84a2570e14762e897e - - 7070f542eeca46f9ab75f8b6bab398f2 7070f542eeca46f9ab75f8b6bab398f2] 10.0.0.47 "GET /resource_providers/4bfda0b7-293c-4104-a9c7-47e49522e2bd/aggregates" status: 404 len: 235 microversion: 1.1 [pid: 7|app: 0|req: 652/1300] 10.0.0.47 () {32 vars in 815 bytes} [Fri Jun 26 18:25:23 2026] GET /resource_providers/4bfda0b7-293c-4104-a9c7-47e49522e2bd/aggregates => generated 235 bytes in 9 msecs (HTTP/1.1 404) 5 headers in 202 bytes (1 switches on core 0)
2026-06-26 18:25:23.554 8 INFO placement.requestlog [None req-4b822c3c-87ae-4abc-a071-d59f5608c27f cd1923ef32854551b161e24402154df3 25aeb611e1924c84a2570e14762e897e - - 7070f542eeca46f9ab75f8b6bab398f2 7070f542eeca46f9ab75f8b6bab398f2] 10.0.0.47 "GET /resource_providers/4bfda0b7-293c-4104-a9c7-47e49522e2bd/aggregates" status: 404 len: 235 microversion: 1.1 [pid: 8|app: 0|req: 649/1301] 10.0.0.47 () {32 vars in 815 bytes} [Fri Jun 26 18:25:23 2026] GET /resource_providers/4bfda0b7-293c-4104-a9c7-47e49522e2bd/aggregates => generated 235 bytes in 19 msecs (HTTP/1.1 404) 5 headers in 202 bytes (1 switches on core 0)
2026-06-26 18:25:23.572 7 INFO placement.requestlog [None req-72c404ad-26bc-4565-83c7-8a4be2e5a668 cd1923ef32854551b161e24402154df3 25aeb611e1924c84a2570e14762e897e - - 7070f542eeca46f9ab75f8b6bab398f2 7070f542eeca46f9ab75f8b6bab398f2] 10.0.0.47 "DELETE /resource_providers/4bfda0b7-293c-4104-a9c7-47e49522e2bd" status: 404 len: 246 microversion: 1.1 [pid: 7|app: 0|req: 653/1302] 10.0.0.47 () {34 vars in 815 bytes} [Fri Jun 26 18:25:23 2026] DELETE /resource_providers/4bfda0b7-293c-4104-a9c7-47e49522e2bd => generated 246 bytes in 13 msecs (HTTP/1.1 404) 6 headers in 231 bytes (1 switches on core 0)
2026-06-26 18:25:23.578 8 INFO placement.requestlog [None req-4271a31b-bc5b-40c9-bdac-70ef11e55fc0 cd1923ef32854551b161e24402154df3 25aeb611e1924c84a2570e14762e897e - - 7070f542eeca46f9ab75f8b6bab398f2 7070f542eeca46f9ab75f8b6bab398f2] 10.0.0.47 "DELETE /resource_providers/4bfda0b7-293c-4104-a9c7-47e49522e2bd" status: 404 len: 246 microversion: 1.1 [pid: 8|app: 0|req: 650/1303] 10.0.0.47 () {34 vars in 815 bytes} [Fri Jun 26 18:25:23 2026] DELETE /resource_providers/4bfda0b7-293c-4104-a9c7-47e49522e2bd => generated 246 bytes in 13 msecs (HTTP/1.1 404) 6 headers in 231 bytes (1 switches on core 0)
2026-06-26 18:25:28.237 8 INFO placement.requestlog [None req-cec8f1ad-fdc2-47b3-8904-f7e23b2972d6 - - - - - -] 10.0.0.31 "GET /" status: 200 len: 136 microversion: 1.0
2026-06-26 18:25:28.238 7 INFO placement.requestlog [None req-9195b85d-2715-4884-87c7-63bb04f779e8 - - - - - -] 10.0.0.31 "GET /" status: 200 len: 136 microversion: 1.0
2026-06-26 18:25:34.714 8 INFO placement.requestlog [req-438e070a-c405-44bf-87e7-0673ebea2bdd req-b97f5be1-455b-4d85-bc63-e33124a87773 64ad5393af2343a89a058f44dedb58d6 25aeb611e1924c84a2570e14762e897e - - 7070f542eeca46f9ab75f8b6bab398f2 7070f542eeca46f9ab75f8b6bab398f2] 199.204.45.162 "GET /resource_providers/094a1050-33d9-42ba-99b5-135da991d5b0/allocations" status: 200 len: 55 microversion: 1.0 [pid: 8|app: 0|req: 652/1306] 199.204.45.162 () {32 vars in 857 bytes} [Fri Jun 26 18:25:34 2026] GET /resource_providers/094a1050-33d9-42ba-99b5-135da991d5b0/allocations => generated 55 bytes in 11 msecs (HTTP/1.1 200) 6 headers in 223 bytes (1 switches on core 0)
2026-06-26 18:25:34.738 7 INFO placement.requestlog [req-438e070a-c405-44bf-87e7-0673ebea2bdd req-23df29e8-4f3e-44c5-8e42-52bfbc634374 64ad5393af2343a89a058f44dedb58d6 25aeb611e1924c84a2570e14762e897e - - 7070f542eeca46f9ab75f8b6bab398f2 7070f542eeca46f9ab75f8b6bab398f2] 199.204.45.162 "GET /resource_providers/094a1050-33d9-42ba-99b5-135da991d5b0/allocations" status: 200 len: 55 microversion: 1.0 [pid: 7|app: 0|req: 655/1307] 199.204.45.162 () {32 vars in 857 bytes} [Fri Jun 26 18:25:34 2026] GET /resource_providers/094a1050-33d9-42ba-99b5-135da991d5b0/allocations => generated 55 bytes in 15 msecs (HTTP/1.1 200) 6 headers in 223 bytes (1 switches on core 0)
2026-06-26 18:25:38.238 8 INFO placement.requestlog [None req-c0efd360-6f79-4c8b-814b-c0dfb3d67ffe - - - - - -] 10.0.0.31 "GET /" status: 200 len: 136 microversion: 1.0
2026-06-26 18:25:38.239 7 INFO placement.requestlog [None req-11cefdd0-9713-470e-a61a-ed408f4ff9b7 - - - - - -] 10.0.0.31 "GET /" status: 200 len: 136 microversion: 1.0
