Jun 18 00:58:31.697112 np0000181717 devstack@neutron-api.service[107979]: INFO neutron.plugins.ml2.drivers.ovn.mech_driver.mech_driver [None req-9de900a7-a6d0-41c4-9088-de0e9be47c81 None None] WorkerService process has finished the post initialization
Jun 18 00:58:31.697515 np0000181717 devstack@neutron-api.service[107979]: DEBUG oslo_concurrency.processutils [None req-9de900a7-a6d0-41c4-9088-de0e9be47c81 None None] Running cmd (subprocess): ovsdb-client transact ssl:199.204.45.22:6641 --timeout 180 -p /opt/stack/data/CA/int-ca/private/devstack-cert.key -c /opt/stack/data/CA/int-ca/devstack-cert.crt -C /opt/stack/data/CA/int-ca/ca-chain.pem ["OVN_Northbound", {"op": "wait", "timeout": 0, "table": "Port_Group", "where": [["name", "==", "pvlan_pg_drop"]], "until": "==", "rows": []}, {"op": "insert", "table": "ACL", "row": {"action": "drop", "direction": "to-lport", "match": "outport == @pvlan_pg_drop && ip", "priority": 1010}, "uuid-name": "pvlandroptoport"}, {"op": "insert", "table": "ACL", "row": {"action": "drop", "direction": "from-lport", "match": "inport == @pvlan_pg_drop && ip", "priority": 1010}, "uuid-name": "pvlandropfromport"}, {"op": "insert", "table": "Port_Group", "row": {"name": "pvlan_pg_drop", "acls": ["set", [["named-uuid", "pvlandroptoport"], ["named-uuid", "pvlandropfromport"]]]}}] {{(pid=107979) execute /opt/stack/data/venv/lib/python3.12/site-packages/oslo_concurrency/processutils.py:440}}
Jun 18 00:58:31.738575 np0000181717 devstack@neutron-api.service[107979]: DEBUG oslo_concurrency.processutils [None req-9de900a7-a6d0-41c4-9088-de0e9be47c81 None None] CMD "ovsdb-client transact ssl:199.204.45.22:6641 --timeout 180 -p /opt/stack/data/CA/int-ca/private/devstack-cert.key -c /opt/stack/data/CA/int-ca/devstack-cert.crt -C /opt/stack/data/CA/int-ca/ca-chain.pem ["OVN_Northbound", {"op": "wait", "timeout": 0, "table": "Port_Group", "where": [["name", "==", "pvlan_pg_drop"]], "until": "==", "rows": []}, {"op": "insert", "table": "ACL", "row": {"action": "drop", "direction": "to-lport", "match": "outport == @pvlan_pg_drop && ip", "priority": 1010}, "uuid-name": "pvlandroptoport"}, {"op": "insert", "table": "ACL", "row": {"action": "drop", "direction": "from-lport", "match": "inport == @pvlan_pg_drop && ip", "priority": 1010}, "uuid-name": "pvlandropfromport"}, {"op": "insert", "table": "Port_Group", "row": {"name": "pvlan_pg_drop", "acls": ["set", [["named-uuid", "pvlandroptoport"], ["named-uuid", "pvlandropfromport"]]]}}]" returned: 0 in 0.040s {{(pid=107979) execute /opt/stack/data/venv/lib/python3.12/site-packages/oslo_concurrency/processutils.py:468}}
Jun 18 00:58:31.741016 np0000181717 devstack@neutron-api.service[107979]: WSGI app 0 (mountpoint='') ready in 7 seconds on interpreter 0x793ea6ca3668 pid: 107979 (default app)
Jun 18 00:58:32.989766 np0000181717 devstack@neutron-api.service[107977]: DEBUG neutron.common.ovn.hash_ring_manager [-] Allow caching, nodes 4>=4 {{(pid=107977) _wait_startup_before_caching /opt/stack/neutron/neutron/common/ovn/hash_ring_manager.py:71}}
Jun 18 00:58:32.989766 np0000181717 devstack@neutron-api.service[107977]: DEBUG neutron.plugins.ml2.drivers.ovn.mech_driver.ovsdb.ovsdb_monitor [-] Hash Ring: Node 1737c0c3831251139bcc4be3a97b65b7 (host: np0000181717) handling event "update" for row 9413daf1-04a9-418d-af28-fc7c0b27056e (table: Connection) {{(pid=107977) notify /opt/stack/neutron/neutron/plugins/ml2/drivers/ovn/mech_driver/ovsdb/ovsdb_monitor.py:1015}}
Jun 18 00:58:32.991784 np0000181717 devstack@neutron-api.service[107978]: DEBUG neutron.common.ovn.hash_ring_manager [-] Allow caching, nodes 4>=4 {{(pid=107978) _wait_startup_before_caching /opt/stack/neutron/neutron/common/ovn/hash_ring_manager.py:71}}
Jun 18 00:58:32.993639 np0000181717 devstack@neutron-api.service[107980]: DEBUG neutron.common.ovn.hash_ring_manager [-] Allow caching, nodes 4>=4 {{(pid=107980) _wait_startup_before_caching /opt/stack/neutron/neutron/common/ovn/hash_ring_manager.py:71}}
Jun 18 00:58:32.993639 np0000181717 devstack@neutron-api.service[107980]: DEBUG neutron.plugins.ml2.drivers.ovn.mech_driver.ovsdb.ovsdb_monitor [-] Hash Ring: Node 8b59857cb5f451558a38339db2b85666 (host: np0000181717) handling event "update" for row 9413daf1-04a9-418d-af28-fc7c0b27056e (table: Connection) {{(pid=107980) notify /opt/stack/neutron/neutron/plugins/ml2/drivers/ovn/mech_driver/ovsdb/ovsdb_monitor.py:1015}}
Jun 18 00:58:35.482446 np0000181717 devstack@neutron-api.service[107980]: DEBUG neutron.plugins.ml2.drivers.ovn.mech_driver.ovsdb.ovsdb_monitor [-] Hash Ring: Node 8b59857cb5f451558a38339db2b85666 (host: np0000181717) handling event "update" for row 9413daf1-04a9-418d-af28-fc7c0b27056e (table: Connection) {{(pid=107980) notify /opt/stack/neutron/neutron/plugins/ml2/drivers/ovn/mech_driver/ovsdb/ovsdb_monitor.py:1015}}
Jun 18 00:58:35.484616 np0000181717 devstack@neutron-api.service[107977]: DEBUG neutron.plugins.ml2.drivers.ovn.mech_driver.ovsdb.ovsdb_monitor [-] Hash Ring: Node 1737c0c3831251139bcc4be3a97b65b7 (host: np0000181717) handling event "update" for row 9413daf1-04a9-418d-af28-fc7c0b27056e (table: Connection) {{(pid=107977) notify /opt/stack/neutron/neutron/plugins/ml2/drivers/ovn/mech_driver/ovsdb/ovsdb_monitor.py:1015}}
Jun 18 00:58:38.122599 np0000181717 devstack@neutron-api.service[107977]: DEBUG neutron.api.wsgi [None req-2e65c333-e63a-4d0c-bba7-86795015cb64 admin admin] Missing Content-Type {{(pid=107977) get_content_type /opt/stack/neutron/neutron/api/wsgi.py:80}}
Jun 18 00:58:38.123406 np0000181717 devstack@neutron-api.service[107977]: DEBUG neutron.api.wsgi [None req-2e65c333-e63a-4d0c-bba7-86795015cb64 admin admin] https://199.204.45.22/networking/v2.0/extensions returned with HTTP 200 {{(pid=107977) __call__ /opt/stack/neutron/neutron/api/wsgi.py:540}}
Jun 18 00:58:38.123406 np0000181717 devstack@neutron-api.service[107977]: [pid: 107977|app: 0|req: 2/2] 199.204.45.22 () {64 vars in 1316 bytes} [Thu Jun 18 00:58:37 2026] GET /networking/v2.0/extensions => generated 15873 bytes in 446 msecs (HTTP/1.1 200) 4 headers in 159 bytes (1 switches on core 0)
Jun 18 00:58:38.548729 np0000181717 devstack@neutron-api.service[107978]: DEBUG neutron.api.v2.base [None req-d66c7d56-b593-40ae-b248-88ea137370a3 admin admin] Request body: {'subnetpool': {'is_default': True, 'shared': True, 'default_prefixlen': 26, 'name': 'shared-default-subnetpool-v4', 'prefixes': ['10.1.0.0/20']}} {{(pid=107978) prepare_request_body /opt/stack/neutron/neutron/api/v2/base.py:727}}
Jun 18 00:58:38.757935 np0000181717 devstack@neutron-api.service[107978]: DEBUG neutron.policy [None req-d66c7d56-b593-40ae-b248-88ea137370a3 admin admin] Loaded default policies from ['neutron'] under neutron.policies entry points {{(pid=107978) register_rules /opt/stack/neutron/neutron/policy.py:65}}
Jun 18 00:58:38.906491 np0000181717 devstack@neutron-api.service[107978]: DEBUG neutron_lib.callbacks.manager [None req-d66c7d56-b593-40ae-b248-88ea137370a3 admin admin] Publish callbacks ['neutron.objects.securitygroup.RbacNeutronDbObjectMixin.validate_rbac_policy_change-2043624214625', 'neutron.objects.address_group.RbacNeutronDbObjectMixin.validate_rbac_policy_change-2043622242459', 'neutron.objects.network.RbacNeutronDbObjectMixin.validate_rbac_policy_change-2043624181555', 'neutron.objects.qos.policy.RbacNeutronDbObjectMixin.validate_rbac_policy_change-2043624187606', 'neutron.objects.subnetpool.RbacNeutronDbObjectMixin.validate_rbac_policy_change-2043624162757', 'neutron.objects.address_scope.RbacNeutronDbObjectMixin.validate_rbac_policy_change-2043624162458', 'neutron.plugins.ml2.plugin.External_net_db_mixin._process_ext_policy_create-1319625', 'neutron.plugins.ml2.plugin.NeutronDbPluginV2.validate_network_rbac_policy_change-65785393'] for rbac-policy (None), before_create {{(pid=107978) _notify_loop /opt/stack/data/venv/lib/python3.12/site-packages/neutron_lib/callbacks/manager.py:184}}
Jun 18 00:58:38.954215 np0000181717 devstack@neutron-api.service[107978]: DEBUG neutron_lib.callbacks.manager [None req-d66c7d56-b593-40ae-b248-88ea137370a3 admin admin] Publish callbacks [] for subnetpool (None), before_response {{(pid=107978) _notify_loop /opt/stack/data/venv/lib/python3.12/site-packages/neutron_lib/callbacks/manager.py:184}}
Jun 18 00:58:38.954950 np0000181717 devstack@neutron-api.service[107978]: [pid: 107978|app: 0|req: 1/3] 199.204.45.22 () {68 vars in 1360 bytes} [Thu Jun 18 00:58:38 2026] POST /networking/v2.0/subnetpools => generated 533 bytes in 523 msecs (HTTP/1.1 201) 4 headers in 162 bytes (1 switches on core 0)
Jun 18 00:58:39.303414 np0000181717 devstack@neutron-api.service[107980]: DEBUG neutron.api.v2.base [None req-1bd998a5-64af-4b53-97fc-ffdd944933d1 admin admin] Request body: {'subnetpool': {'is_default': True, 'shared': True, 'default_prefixlen': 64, 'name': 'shared-default-subnetpool-v6', 'prefixes': ['fd84:6ae9:e1b9::/56']}} {{(pid=107980) prepare_request_body /opt/stack/neutron/neutron/api/v2/base.py:727}}
Jun 18 00:58:39.483978 np0000181717 devstack@neutron-api.service[107980]: DEBUG neutron.policy [None req-1bd998a5-64af-4b53-97fc-ffdd944933d1 admin admin] Loaded default policies from ['neutron'] under neutron.policies entry points {{(pid=107980) register_rules /opt/stack/neutron/neutron/policy.py:65}}
Jun 18 00:58:39.629489 np0000181717 devstack@neutron-api.service[107980]: DEBUG neutron_lib.callbacks.manager [None req-1bd998a5-64af-4b53-97fc-ffdd944933d1 admin admin] Publish callbacks ['neutron.objects.securitygroup.RbacNeutronDbObjectMixin.validate_rbac_policy_change-2043622321121', 'neutron.objects.address_group.RbacNeutronDbObjectMixin.validate_rbac_policy_change-2043624177750', 'neutron.objects.network.RbacNeutronDbObjectMixin.validate_rbac_policy_change-2043624192338', 'neutron.objects.qos.policy.RbacNeutronDbObjectMixin.validate_rbac_policy_change-2043624196697', 'neutron.objects.subnetpool.RbacNeutronDbObjectMixin.validate_rbac_policy_change-2043624214210', 'neutron.objects.address_scope.RbacNeutronDbObjectMixin.validate_rbac_policy_change-2043624213631', 'neutron.plugins.ml2.plugin.External_net_db_mixin._process_ext_policy_create-1729418', 'neutron.plugins.ml2.plugin.NeutronDbPluginV2.validate_network_rbac_policy_change-65380262'] for rbac-policy (None), before_create {{(pid=107980) _notify_loop /opt/stack/data/venv/lib/python3.12/site-packages/neutron_lib/callbacks/manager.py:184}}
Jun 18 00:58:39.674481 np0000181717 devstack@neutron-api.service[107980]: DEBUG neutron_lib.callbacks.manager [None req-1bd998a5-64af-4b53-97fc-ffdd944933d1 admin admin] Publish callbacks [] for subnetpool (None), before_response {{(pid=107980) _notify_loop /opt/stack/data/venv/lib/python3.12/site-packages/neutron_lib/callbacks/manager.py:184}}
Jun 18 00:58:39.675129 np0000181717 devstack@neutron-api.service[107980]: [pid: 107980|app: 0|req: 1/4] 199.204.45.22 () {68 vars in 1360 bytes} [Thu Jun 18 00:58:39 2026] POST /networking/v2.0/subnetpools => generated 543 bytes in 483 msecs (HTTP/1.1 201) 4 headers in 162 bytes (1 switches on core 0)
Jun 18 00:58:40.164730 np0000181717 devstack@neutron-api.service[107979]: DEBUG neutron.api.v2.base [None req-552562d6-4e30-4ffd-961e-bc7098446781 admin admin] Request body: {'network': {'admin_state_up': True, 'name': 'private'}} {{(pid=107979) prepare_request_body /opt/stack/neutron/neutron/api/v2/base.py:727}}
Jun 18 00:58:40.199372 np0000181717 devstack@neutron-api.service[107979]: DEBUG neutron.pecan_wsgi.hooks.quota_enforcement [None req-552562d6-4e30-4ffd-961e-bc7098446781 admin admin] Made reservation on behalf of 031c97144a4f4f3f8a00304ec68bf4ea for: {'network': 1} {{(pid=107979) before /opt/stack/neutron/neutron/pecan_wsgi/hooks/quota_enforcement.py:66}}
Jun 18 00:58:40.373228 np0000181717 devstack@neutron-api.service[107979]: DEBUG neutron.policy [None req-552562d6-4e30-4ffd-961e-bc7098446781 admin admin] Loaded default policies from ['neutron'] under neutron.policies entry points {{(pid=107979) register_rules /opt/stack/neutron/neutron/policy.py:65}}
Jun 18 00:58:40.476253 np0000181717 devstack@neutron-api.service[107979]: DEBUG neutron_lib.callbacks.manager [None req-552562d6-4e30-4ffd-961e-bc7098446781 admin admin] Publish callbacks ['neutron.plugins.ml2.plugin.SecurityGroupDbMixin._ensure_default_security_group_handler-1136562'] for network (None), before_create {{(pid=107979) _notify_loop /opt/stack/data/venv/lib/python3.12/site-packages/neutron_lib/callbacks/manager.py:184}}
Jun 18 00:58:40.497045 np0000181717 devstack@neutron-api.service[107979]: DEBUG neutron_lib.callbacks.manager [None req-552562d6-4e30-4ffd-961e-bc7098446781 admin admin] Publish callbacks [] for security_group (None), before_create {{(pid=107979) _notify_loop /opt/stack/data/venv/lib/python3.12/site-packages/neutron_lib/callbacks/manager.py:184}}
Jun 18 00:58:40.588197 np0000181717 devstack@neutron-api.service[107979]: DEBUG neutron_lib.callbacks.manager [None req-552562d6-4e30-4ffd-961e-bc7098446781 admin admin] Publish callbacks ['neutron.plugins.ml2.drivers.ovn.mech_driver.mech_driver.OVNMechanismDriver._create_security_group_precommit-329514'] for security_group (fa1faba6-1797-4461-87a0-3a5a517f7ce9), precommit_create {{(pid=107979) _notify_loop /opt/stack/data/venv/lib/python3.12/site-packages/neutron_lib/callbacks/manager.py:184}}
Jun 18 00:58:40.588625 np0000181717 devstack@neutron-api.service[107979]: DEBUG neutron.db.ovn_revision_numbers_db [None req-552562d6-4e30-4ffd-961e-bc7098446781 admin admin] create_initial_revision uuid=fa1faba6-1797-4461-87a0-3a5a517f7ce9, type=security_groups, rev=-1 {{(pid=107979) create_initial_revision /opt/stack/neutron/neutron/db/ovn_revision_numbers_db.py:98}}
Jun 18 00:58:40.590967 np0000181717 devstack@neutron-api.service[107979]: DEBUG neutron.db.ovn_revision_numbers_db [None req-552562d6-4e30-4ffd-961e-bc7098446781 admin admin] create_initial_revision uuid=96a22f86-4fb4-46d3-b0f3-f6432338b71b, type=security_group_rules, rev=-1 {{(pid=107979) create_initial_revision /opt/stack/neutron/neutron/db/ovn_revision_numbers_db.py:98}}
Jun 18 00:58:40.592172 np0000181717 devstack@neutron-api.service[107979]: DEBUG neutron.db.ovn_revision_numbers_db [None req-552562d6-4e30-4ffd-961e-bc7098446781 admin admin] create_initial_revision uuid=ad87d53a-f0a1-4c69-9c3a-3c296de7cbc4, type=security_group_rules, rev=-1 {{(pid=107979) create_initial_revision /opt/stack/neutron/neutron/db/ovn_revision_numbers_db.py:98}}
Jun 18 00:58:40.593471 np0000181717 devstack@neutron-api.service[107979]: DEBUG neutron.db.ovn_revision_numbers_db [None req-552562d6-4e30-4ffd-961e-bc7098446781 admin admin] create_initial_revision uuid=d6f1adae-f33e-4c85-8b38-d961bdf80324, type=security_group_rules, rev=-1 {{(pid=107979) create_initial_revision /opt/stack/neutron/neutron/db/ovn_revision_numbers_db.py:98}}
Jun 18 00:58:40.594519 np0000181717 devstack@neutron-api.service[107979]: DEBUG neutron.db.ovn_revision_numbers_db [None req-552562d6-4e30-4ffd-961e-bc7098446781 admin admin] create_initial_revision uuid=f33d0e86-6317-4455-a829-8cc8225d5d0c, type=security_group_rules, rev=-1 {{(pid=107979) create_initial_revision /opt/stack/neutron/neutron/db/ovn_revision_numbers_db.py:98}}
Jun 18 00:58:40.600972 np0000181717 devstack@neutron-api.service[107979]: DEBUG neutron_lib.callbacks.manager [None req-552562d6-4e30-4ffd-961e-bc7098446781 admin admin] Publish callbacks ['neutron.plugins.ml2.drivers.ovn.mech_driver.mech_driver.OVNMechanismDriver._create_security_group-329488', 'neutron.plugins.ml2.ovo_rpc._ObjectChangeHandler.handle_event-65110244'] for security_group (fa1faba6-1797-4461-87a0-3a5a517f7ce9), after_create {{(pid=107979) _notify_loop /opt/stack/data/venv/lib/python3.12/site-packages/neutron_lib/callbacks/manager.py:184}}
Jun 18 00:58:40.601419 np0000181717 devstack@neutron-api.service[107979]: INFO neutron.plugins.ml2.drivers.ovn.mech_driver.ovsdb.extensions.qos [None req-552562d6-4e30-4ffd-961e-bc7098446781 admin admin] Starting OVNClientQosExtension
Jun 18 00:58:40.601652 np0000181717 devstack@neutron-api.service[107979]: INFO neutron.plugins.ml2.drivers.ovn.mech_driver.ovsdb.extensions.placement [None req-552562d6-4e30-4ffd-961e-bc7098446781 admin admin] Starting OVNClientPlacementExtension
Jun 18 00:58:40.603228 np0000181717 devstack@neutron-api.service[107979]: DEBUG ovsdbapp.backend.ovs_idl.transaction [-] Running txn n=1 command(idx=0): PgAddCommand(_result=None, name=pg_fa1faba6_1797_4461_87a0_3a5a517f7ce9, may_exist=False, columns={'acls': [], 'external_ids': {'neutron:security_group_id': 'fa1faba6-1797-4461-87a0-3a5a517f7ce9'}}) {{(pid=107979) do_commit /opt/stack/data/venv/lib/python3.12/site-packages/ovsdbapp/backend/ovs_idl/transaction.py:89}}
Jun 18 00:58:40.605562 np0000181717 devstack@neutron-api.service[107979]: DEBUG ovsdbapp.backend.ovs_idl.transaction [-] Running txn n=1 command(idx=1): PgAclAddCommand(_result=None, entity=pg_fa1faba6_1797_4461_87a0_3a5a517f7ce9, direction=from-lport, priority=1002, match=inport == @pg_fa1faba6_1797_4461_87a0_3a5a517f7ce9 && ip6, action=allow-related, log=False, may_exist=True, severity=[], name=[], meter=[], external_ids={'neutron:security_group_rule_id': '96a22f86-4fb4-46d3-b0f3-f6432338b71b'}) {{(pid=107979) do_commit /opt/stack/data/venv/lib/python3.12/site-packages/ovsdbapp/backend/ovs_idl/transaction.py:89}}
Jun 18 00:58:40.606200 np0000181717 devstack@neutron-api.service[107979]: DEBUG ovsdbapp.backend.ovs_idl.transaction [-] Running txn n=1 command(idx=2): PgAclAddCommand(_result=None, entity=pg_fa1faba6_1797_4461_87a0_3a5a517f7ce9, direction=from-lport, priority=1002, match=inport == @pg_fa1faba6_1797_4461_87a0_3a5a517f7ce9 && ip4, action=allow-related, log=False, may_exist=True, severity=[], name=[], meter=[], external_ids={'neutron:security_group_rule_id': 'ad87d53a-f0a1-4c69-9c3a-3c296de7cbc4'}) {{(pid=107979) do_commit /opt/stack/data/venv/lib/python3.12/site-packages/ovsdbapp/backend/ovs_idl/transaction.py:89}}
Jun 18 00:58:40.606693 np0000181717 devstack@neutron-api.service[107979]: DEBUG ovsdbapp.backend.ovs_idl.transaction [-] Running txn n=1 command(idx=3): PgAclAddCommand(_result=None, entity=pg_fa1faba6_1797_4461_87a0_3a5a517f7ce9, direction=to-lport, priority=1002, match=outport == @pg_fa1faba6_1797_4461_87a0_3a5a517f7ce9 && ip4 && ip4.src == $pg_fa1faba6_1797_4461_87a0_3a5a517f7ce9_ip4, action=allow-related, log=False, may_exist=True, severity=[], name=[], meter=[], external_ids={'neutron:security_group_rule_id': 'd6f1adae-f33e-4c85-8b38-d961bdf80324'}) {{(pid=107979) do_commit /opt/stack/data/venv/lib/python3.12/site-packages/ovsdbapp/backend/ovs_idl/transaction.py:89}}
Jun 18 00:58:40.607163 np0000181717 devstack@neutron-api.service[107979]: DEBUG ovsdbapp.backend.ovs_idl.transaction [-] Running txn n=1 command(idx=4): PgAclAddCommand(_result=None, entity=pg_fa1faba6_1797_4461_87a0_3a5a517f7ce9, direction=to-lport, priority=1002, match=outport == @pg_fa1faba6_1797_4461_87a0_3a5a517f7ce9 && ip6 && ip6.src == $pg_fa1faba6_1797_4461_87a0_3a5a517f7ce9_ip6, action=allow-related, log=False, may_exist=True, severity=[], name=[], meter=[], external_ids={'neutron:security_group_rule_id': 'f33d0e86-6317-4455-a829-8cc8225d5d0c'}) {{(pid=107979) do_commit /opt/stack/data/venv/lib/python3.12/site-packages/ovsdbapp/backend/ovs_idl/transaction.py:89}}
Jun 18 00:58:40.616859 np0000181717 devstack@neutron-api.service[107977]: DEBUG neutron.plugins.ml2.drivers.ovn.mech_driver.ovsdb.ovsdb_monitor [-] Hash Ring: Node 1737c0c3831251139bcc4be3a97b65b7 (host: np0000181717) handling event "create" for row 4744deaf-a685-4723-8a1f-a8336a775f06 (table: ACL) {{(pid=107977) notify /opt/stack/neutron/neutron/plugins/ml2/drivers/ovn/mech_driver/ovsdb/ovsdb_monitor.py:1015}}
Jun 18 00:58:40.616859 np0000181717 devstack@neutron-api.service[107977]: DEBUG neutron.plugins.ml2.drivers.ovn.mech_driver.ovsdb.ovsdb_monitor [-] Hash Ring: Node 1737c0c3831251139bcc4be3a97b65b7 (host: np0000181717) handling event "create" for row 8e5f32be-21ea-4272-adf1-162e682d933e (table: ACL) {{(pid=107977) notify /opt/stack/neutron/neutron/plugins/ml2/drivers/ovn/mech_driver/ovsdb/ovsdb_monitor.py:1015}}
Jun 18 00:58:40.616859 np0000181717 devstack@neutron-api.service[107977]: DEBUG neutron.plugins.ml2.drivers.ovn.mech_driver.ovsdb.ovsdb_monitor [-] Hash Ring: Node 1737c0c3831251139bcc4be3a97b65b7 (host: np0000181717) handling event "create" for row 99de9b7d-3af8-4d0d-accd-b6086c3e8158 (table: ACL) {{(pid=107977) notify /opt/stack/neutron/neutron/plugins/ml2/drivers/ovn/mech_driver/ovsdb/ovsdb_monitor.py:1015}}
Jun 18 00:58:40.617228 np0000181717 devstack@neutron-api.service[107977]: DEBUG neutron.plugins.ml2.drivers.ovn.mech_driver.ovsdb.ovsdb_monitor [-] Hash Ring: Node 1737c0c3831251139bcc4be3a97b65b7 (host: np0000181717) handling event "create" for row da349ab0-07fe-4e85-b33b-a0eaa8ca0c33 (table: ACL) {{(pid=107977) notify /opt/stack/neutron/neutron/plugins/ml2/drivers/ovn/mech_driver/ovsdb/ovsdb_monitor.py:1015}}
Jun 18 00:58:40.617228 np0000181717 devstack@neutron-api.service[107977]: DEBUG neutron.plugins.ml2.drivers.ovn.mech_driver.ovsdb.ovsdb_monitor [-] Hash Ring: Node 1737c0c3831251139bcc4be3a97b65b7 (host: np0000181717) handling event "create" for row a4508630-c644-4a0e-880f-0cee2342a28c (table: Port_Group) {{(pid=107977) notify /opt/stack/neutron/neutron/plugins/ml2/drivers/ovn/mech_driver/ovsdb/ovsdb_monitor.py:1015}}
Jun 18 00:58:40.623685 np0000181717 devstack@neutron-api.service[107980]: DEBUG neutron.plugins.ml2.drivers.ovn.mech_driver.ovsdb.ovsdb_monitor [-] Hash Ring: Node 8b59857cb5f451558a38339db2b85666 (host: np0000181717) handling event "create" for row 8e5f32be-21ea-4272-adf1-162e682d933e (table: ACL) {{(pid=107980) notify /opt/stack/neutron/neutron/plugins/ml2/drivers/ovn/mech_driver/ovsdb/ovsdb_monitor.py:1015}}
Jun 18 00:58:40.623685 np0000181717 devstack@neutron-api.service[107980]: DEBUG neutron.plugins.ml2.drivers.ovn.mech_driver.ovsdb.ovsdb_monitor [-] Hash Ring: Node 8b59857cb5f451558a38339db2b85666 (host: np0000181717) handling event "create" for row 99de9b7d-3af8-4d0d-accd-b6086c3e8158 (table: ACL) {{(pid=107980) notify /opt/stack/neutron/neutron/plugins/ml2/drivers/ovn/mech_driver/ovsdb/ovsdb_monitor.py:1015}}
Jun 18 00:58:40.623685 np0000181717 devstack@neutron-api.service[107980]: DEBUG neutron.plugins.ml2.drivers.ovn.mech_driver.ovsdb.ovsdb_monitor [-] Hash Ring: Node 8b59857cb5f451558a38339db2b85666 (host: np0000181717) handling event "create" for row da349ab0-07fe-4e85-b33b-a0eaa8ca0c33 (table: ACL) {{(pid=107980) notify /opt/stack/neutron/neutron/plugins/ml2/drivers/ovn/mech_driver/ovsdb/ovsdb_monitor.py:1015}}
Jun 18 00:58:40.623685 np0000181717 devstack@neutron-api.service[107980]: DEBUG neutron.plugins.ml2.drivers.ovn.mech_driver.ovsdb.ovsdb_monitor [-] Hash Ring: Node 8b59857cb5f451558a38339db2b85666 (host: np0000181717) handling event "create" for row a4508630-c644-4a0e-880f-0cee2342a28c (table: Port_Group) {{(pid=107980) notify /opt/stack/neutron/neutron/plugins/ml2/drivers/ovn/mech_driver/ovsdb/ovsdb_monitor.py:1015}}
Jun 18 00:58:40.645678 np0000181717 devstack@neutron-api.service[107979]: INFO neutron.db.ovn_revision_numbers_db [None req-552562d6-4e30-4ffd-961e-bc7098446781 admin admin] Successfully bumped revision number for resource fa1faba6-1797-4461-87a0-3a5a517f7ce9 (type: security_groups) to 1
Jun 18 00:58:40.660188 np0000181717 devstack@neutron-api.service[107979]: INFO neutron.db.ovn_revision_numbers_db [None req-552562d6-4e30-4ffd-961e-bc7098446781 admin admin] Successfully bumped revision number for resource 96a22f86-4fb4-46d3-b0f3-f6432338b71b (type: security_group_rules) to 0
Jun 18 00:58:40.671396 np0000181717 devstack@neutron-api.service[107979]: INFO neutron.db.ovn_revision_numbers_db [None req-552562d6-4e30-4ffd-961e-bc7098446781 admin admin] Successfully bumped revision number for resource ad87d53a-f0a1-4c69-9c3a-3c296de7cbc4 (type: security_group_rules) to 0
Jun 18 00:58:40.686477 np0000181717 devstack@neutron-api.service[107979]: INFO neutron.db.ovn_revision_numbers_db [None req-552562d6-4e30-4ffd-961e-bc7098446781 admin admin] Successfully bumped revision number for resource d6f1adae-f33e-4c85-8b38-d961bdf80324 (type: security_group_rules) to 0
Jun 18 00:58:40.700640 np0000181717 devstack@neutron-api.service[107979]: INFO neutron.db.ovn_revision_numbers_db [None req-552562d6-4e30-4ffd-961e-bc7098446781 admin admin] Successfully bumped revision number for resource f33d0e86-6317-4455-a829-8cc8225d5d0c (type: security_group_rules) to 0
Jun 18 00:58:40.724803 np0000181717 devstack@neutron-api.service[107979]: DEBUG neutron.api.rpc.handlers.resources_rpc [None req-552562d6-4e30-4ffd-961e-bc7098446781 admin admin] Pushing event updated for resources: {'SecurityGroup': ['ID=fa1faba6-1797-4461-87a0-3a5a517f7ce9,revision_number=1']} {{(pid=107979) push /opt/stack/neutron/neutron/api/rpc/handlers/resources_rpc.py:237}}
Jun 18 00:58:40.731913 np0000181717 devstack@neutron-api.service[107979]: DEBUG ovsdbapp.backend.ovs_idl.transaction [-] Running txn n=1 command(idx=0): CheckLivenessCommand(_result=None) {{(pid=107979) do_commit /opt/stack/data/venv/lib/python3.12/site-packages/ovsdbapp/backend/ovs_idl/transaction.py:89}}
Jun 18 00:58:40.739096 np0000181717 devstack@neutron-api.service[107979]: DEBUG neutron.plugins.ml2.drivers.ovn.mech_driver.ovsdb.ovsdb_monitor [-] Hash Ring: Node 7fcba43ae8cd56f2967d01a48c4359bc (host: np0000181717) handling event "update" for row 985bfbad-f62b-4dba-8998-b3a196bb9f4c (table: NB_Global) {{(pid=107979) notify /opt/stack/neutron/neutron/plugins/ml2/drivers/ovn/mech_driver/ovsdb/ovsdb_monitor.py:1015}}
Jun 18 00:58:40.740236 np0000181717 devstack@neutron-api.service[107978]: DEBUG neutron.plugins.ml2.drivers.ovn.mech_driver.ovsdb.ovsdb_monitor [-] Hash Ring: Node 3b1a5848a2d55cfbbcab6a1d7c648cb9 (host: np0000181717) handling event "update" for row 985bfbad-f62b-4dba-8998-b3a196bb9f4c (table: NB_Global) {{(pid=107978) notify /opt/stack/neutron/neutron/plugins/ml2/drivers/ovn/mech_driver/ovsdb/ovsdb_monitor.py:1015}}
Jun 18 00:58:40.742150 np0000181717 devstack@neutron-api.service[107978]: DEBUG neutron.plugins.ml2.drivers.ovn.mech_driver.ovsdb.ovsdb_monitor [-] Hash Ring: Node 3b1a5848a2d55cfbbcab6a1d7c648cb9 (host: np0000181717) handling event "update" for row 985bfbad-f62b-4dba-8998-b3a196bb9f4c (table: NB_Global) {{(pid=107978) notify /opt/stack/neutron/neutron/plugins/ml2/drivers/ovn/mech_driver/ovsdb/ovsdb_monitor.py:1015}}
Jun 18 00:58:40.743423 np0000181717 devstack@neutron-api.service[107977]: DEBUG neutron.plugins.ml2.drivers.ovn.mech_driver.ovsdb.ovsdb_monitor [-] Hash Ring: Node 1737c0c3831251139bcc4be3a97b65b7 (host: np0000181717) handling event "update" for row 985bfbad-f62b-4dba-8998-b3a196bb9f4c (table: NB_Global) {{(pid=107977) notify /opt/stack/neutron/neutron/plugins/ml2/drivers/ovn/mech_driver/ovsdb/ovsdb_monitor.py:1015}}
Jun 18 00:58:40.743423 np0000181717 devstack@neutron-api.service[107977]: DEBUG neutron.plugins.ml2.drivers.ovn.mech_driver.ovsdb.ovsdb_monitor [-] Hash Ring: Node 1737c0c3831251139bcc4be3a97b65b7 (host: np0000181717) handling event "update" for row 985bfbad-f62b-4dba-8998-b3a196bb9f4c (table: NB_Global) {{(pid=107977) notify /opt/stack/neutron/neutron/plugins/ml2/drivers/ovn/mech_driver/ovsdb/ovsdb_monitor.py:1015}}
Jun 18 00:58:40.743667 np0000181717 devstack@neutron-api.service[107978]: DEBUG neutron.plugins.ml2.drivers.ovn.mech_driver.ovsdb.ovsdb_monitor [-] Hash Ring: Node 3b1a5848a2d55cfbbcab6a1d7c648cb9 (host: np0000181717) handling event "update" for row 985bfbad-f62b-4dba-8998-b3a196bb9f4c (table: NB_Global) {{(pid=107978) notify /opt/stack/neutron/neutron/plugins/ml2/drivers/ovn/mech_driver/ovsdb/ovsdb_monitor.py:1015}}
Jun 18 00:58:40.743849 np0000181717 devstack@neutron-api.service[107977]: DEBUG neutron.plugins.ml2.drivers.ovn.mech_driver.ovsdb.ovsdb_monitor [-] Hash Ring: Node 1737c0c3831251139bcc4be3a97b65b7 (host: np0000181717) handling event "update" for row 985bfbad-f62b-4dba-8998-b3a196bb9f4c (table: NB_Global) {{(pid=107977) notify /opt/stack/neutron/neutron/plugins/ml2/drivers/ovn/mech_driver/ovsdb/ovsdb_monitor.py:1015}}
Jun 18 00:58:40.744592 np0000181717 devstack@neutron-api.service[107979]: DEBUG neutron.api.rpc.callbacks.version_manager [None req-552562d6-4e30-4ffd-961e-bc7098446781 admin admin] Tracked resource versions report:
Jun 18 00:58:40.744592 np0000181717 devstack@neutron-api.service[107979]: pushed versions:
Jun 18 00:58:40.744592 np0000181717 devstack@neutron-api.service[107979]: { 'AddressGroup': {'1.2'},
Jun 18 00:58:40.744592 np0000181717 devstack@neutron-api.service[107979]: 'Agent': {'1.1'},
Jun 18 00:58:40.744592 np0000181717 devstack@neutron-api.service[107979]: 'ConntrackHelper': {'1.0'},
Jun 18 00:58:40.744592 np0000181717 devstack@neutron-api.service[107979]: 'LocalIPAssociation': {'1.0'},
Jun 18 00:58:40.744592 np0000181717 devstack@neutron-api.service[107979]: 'Log': {'1.0'},
Jun 18 00:58:40.744592 np0000181717 devstack@neutron-api.service[107979]: 'NDPProxy': {'1.0'},
Jun 18 00:58:40.744592 np0000181717 devstack@neutron-api.service[107979]: 'Network': {'1.3'},
Jun 18 00:58:40.744592 np0000181717 devstack@neutron-api.service[107979]: 'Port': {'1.11'},
Jun 18 00:58:40.744592 np0000181717 devstack@neutron-api.service[107979]: 'PortForwarding': {'1.3'},
Jun 18 00:58:40.744592 np0000181717 devstack@neutron-api.service[107979]: 'QosPolicy': {'1.10'},
Jun 18 00:58:40.744592 np0000181717 devstack@neutron-api.service[107979]: 'SecurityGroup': {'1.6'},
Jun 18 00:58:40.744592 np0000181717 devstack@neutron-api.service[107979]: 'SecurityGroupRule': {'1.3'},
Jun 18 00:58:40.744592 np0000181717 devstack@neutron-api.service[107979]: 'SubPort': {'1.0'},
Jun 18 00:58:40.744592 np0000181717 devstack@neutron-api.service[107979]: 'Subnet': {'1.2'},
Jun 18 00:58:40.744592 np0000181717 devstack@neutron-api.service[107979]: 'Trunk': {'1.1'}}
Jun 18 00:58:40.744592 np0000181717 devstack@neutron-api.service[107979]: consumer versions:
Jun 18 00:58:40.744592 np0000181717 devstack@neutron-api.service[107979]: {}
Jun 18 00:58:40.744592 np0000181717 devstack@neutron-api.service[107979]: {{(pid=107979) report /opt/stack/neutron/neutron/api/rpc/callbacks/version_manager.py:183}}
Jun 18 00:58:40.749276 np0000181717 devstack@neutron-api.service[107980]: DEBUG neutron.plugins.ml2.drivers.ovn.mech_driver.ovsdb.ovsdb_monitor [-] ChassisAgentWriteEvent : Matched Chassis_Private, update, None None {{(pid=107980) matches /opt/stack/neutron/neutron/plugins/ml2/drivers/ovn/mech_driver/ovsdb/ovsdb_monitor.py:64}}
Jun 18 00:58:40.749612 np0000181717 devstack@neutron-api.service[107978]: DEBUG neutron.plugins.ml2.drivers.ovn.mech_driver.ovsdb.ovsdb_monitor [-] Hash Ring: Node 3b1a5848a2d55cfbbcab6a1d7c648cb9 (host: np0000181717) handling event "update" for row 985bfbad-f62b-4dba-8998-b3a196bb9f4c (table: NB_Global) {{(pid=107978) notify /opt/stack/neutron/neutron/plugins/ml2/drivers/ovn/mech_driver/ovsdb/ovsdb_monitor.py:1015}}
Jun 18 00:58:40.749819 np0000181717 devstack@neutron-api.service[107977]: DEBUG neutron.plugins.ml2.drivers.ovn.mech_driver.ovsdb.ovsdb_monitor [-] Hash Ring: Node 1737c0c3831251139bcc4be3a97b65b7 (host: np0000181717) handling event "update" for row 985bfbad-f62b-4dba-8998-b3a196bb9f4c (table: NB_Global) {{(pid=107977) notify /opt/stack/neutron/neutron/plugins/ml2/drivers/ovn/mech_driver/ovsdb/ovsdb_monitor.py:1015}}
Jun 18 00:58:40.749971 np0000181717 devstack@neutron-api.service[107980]: DEBUG neutron.plugins.ml2.drivers.ovn.mech_driver.ovsdb.ovsdb_monitor [-] Hash Ring: Node 8b59857cb5f451558a38339db2b85666 (host: np0000181717) handling event "update" for row 21715a59-939c-4886-a3cf-0355f6db6bdb (table: Chassis_Private) {{(pid=107980) notify /opt/stack/neutron/neutron/plugins/ml2/drivers/ovn/mech_driver/ovsdb/ovsdb_monitor.py:1015}}
Jun 18 00:58:40.750571 np0000181717 devstack@neutron-api.service[107977]: DEBUG neutron.plugins.ml2.drivers.ovn.mech_driver.ovsdb.ovsdb_monitor [-] ChassisAgentWriteEvent : Matched Chassis_Private, update, None None {{(pid=107977) matches /opt/stack/neutron/neutron/plugins/ml2/drivers/ovn/mech_driver/ovsdb/ovsdb_monitor.py:64}}
Jun 18 00:58:40.751155 np0000181717 devstack@neutron-api.service[107978]: DEBUG neutron.plugins.ml2.drivers.ovn.mech_driver.ovsdb.ovsdb_monitor [-] ChassisAgentWriteEvent : Matched Chassis_Private, update, None None {{(pid=107978) matches /opt/stack/neutron/neutron/plugins/ml2/drivers/ovn/mech_driver/ovsdb/ovsdb_monitor.py:64}}
Jun 18 00:58:40.751287 np0000181717 devstack@neutron-api.service[107979]: DEBUG neutron.plugins.ml2.drivers.ovn.mech_driver.ovsdb.ovsdb_monitor [-] Hash Ring: Node 7fcba43ae8cd56f2967d01a48c4359bc (host: np0000181717) handling event "update" for row 985bfbad-f62b-4dba-8998-b3a196bb9f4c (table: NB_Global) {{(pid=107979) notify /opt/stack/neutron/neutron/plugins/ml2/drivers/ovn/mech_driver/ovsdb/ovsdb_monitor.py:1015}}
Jun 18 00:58:40.751431 np0000181717 devstack@neutron-api.service[107979]: DEBUG neutron.plugins.ml2.drivers.ovn.mech_driver.ovsdb.ovsdb_monitor [-] ChassisAgentWriteEvent : Matched Chassis_Private, update, None None {{(pid=107979) matches /opt/stack/neutron/neutron/plugins/ml2/drivers/ovn/mech_driver/ovsdb/ovsdb_monitor.py:64}}
Jun 18 00:58:40.753545 np0000181717 devstack@neutron-api.service[107980]: DEBUG neutron.plugins.ml2.drivers.ovn.mech_driver.ovsdb.ovsdb_monitor [-] ChassisOVNAgentWriteEvent : Matched Chassis_Private, update, None None {{(pid=107980) matches /opt/stack/neutron/neutron/plugins/ml2/drivers/ovn/mech_driver/ovsdb/ovsdb_monitor.py:64}}
Jun 18 00:58:40.754013 np0000181717 devstack@neutron-api.service[107979]: DEBUG neutron.plugins.ml2.drivers.ovn.mech_driver.ovsdb.ovsdb_monitor [-] Hash Ring: Node 7fcba43ae8cd56f2967d01a48c4359bc (host: np0000181717) handling event "update" for row 985bfbad-f62b-4dba-8998-b3a196bb9f4c (table: NB_Global) {{(pid=107979) notify /opt/stack/neutron/neutron/plugins/ml2/drivers/ovn/mech_driver/ovsdb/ovsdb_monitor.py:1015}}
Jun 18 00:58:40.754465 np0000181717 devstack@neutron-api.service[107980]: DEBUG neutron.plugins.ml2.drivers.ovn.mech_driver.ovsdb.ovsdb_monitor [-] Hash Ring: Node 8b59857cb5f451558a38339db2b85666 (host: np0000181717) handling event "update" for row 21715a59-939c-4886-a3cf-0355f6db6bdb (table: Chassis_Private) {{(pid=107980) notify /opt/stack/neutron/neutron/plugins/ml2/drivers/ovn/mech_driver/ovsdb/ovsdb_monitor.py:1015}}
Jun 18 00:58:40.755503 np0000181717 devstack@neutron-api.service[107978]: DEBUG neutron.common.ovn.hash_ring_manager [-] Allow caching, nodes 4>=4 {{(pid=107978) _wait_startup_before_caching /opt/stack/neutron/neutron/common/ovn/hash_ring_manager.py:71}}
Jun 18 00:58:40.755636 np0000181717 devstack@neutron-api.service[107979]: DEBUG neutron.plugins.ml2.drivers.ovn.mech_driver.ovsdb.ovsdb_monitor [-] Hash Ring: Node 7fcba43ae8cd56f2967d01a48c4359bc (host: np0000181717) handling event "update" for row 985bfbad-f62b-4dba-8998-b3a196bb9f4c (table: NB_Global) {{(pid=107979) notify /opt/stack/neutron/neutron/plugins/ml2/drivers/ovn/mech_driver/ovsdb/ovsdb_monitor.py:1015}}
Jun 18 00:58:40.756327 np0000181717 devstack@neutron-api.service[107979]: DEBUG neutron.plugins.ml2.drivers.ovn.mech_driver.ovsdb.ovsdb_monitor [-] ChassisOVNAgentWriteEvent : Matched Chassis_Private, update, None None {{(pid=107979) matches /opt/stack/neutron/neutron/plugins/ml2/drivers/ovn/mech_driver/ovsdb/ovsdb_monitor.py:64}}
Jun 18 00:58:40.758927 np0000181717 devstack@neutron-api.service[107978]: DEBUG neutron.plugins.ml2.drivers.ovn.mech_driver.ovsdb.ovsdb_monitor [-] ChassisOVNAgentWriteEvent : Matched Chassis_Private, update, None None {{(pid=107978) matches /opt/stack/neutron/neutron/plugins/ml2/drivers/ovn/mech_driver/ovsdb/ovsdb_monitor.py:64}}
Jun 18 00:58:40.766891 np0000181717 devstack@neutron-api.service[107977]: DEBUG neutron.common.ovn.hash_ring_manager [-] Allow caching, nodes 4>=4 {{(pid=107977) _wait_startup_before_caching /opt/stack/neutron/neutron/common/ovn/hash_ring_manager.py:71}}
Jun 18 00:58:40.767422 np0000181717 devstack@neutron-api.service[107977]: DEBUG neutron.plugins.ml2.drivers.ovn.mech_driver.ovsdb.ovsdb_monitor [-] Hash Ring: Node 1737c0c3831251139bcc4be3a97b65b7 (host: np0000181717) handling event "update" for row 21715a59-939c-4886-a3cf-0355f6db6bdb (table: Chassis_Private) {{(pid=107977) notify /opt/stack/neutron/neutron/plugins/ml2/drivers/ovn/mech_driver/ovsdb/ovsdb_monitor.py:1015}}
Jun 18 00:58:40.768575 np0000181717 devstack@neutron-api.service[107977]: DEBUG neutron.plugins.ml2.drivers.ovn.mech_driver.ovsdb.ovsdb_monitor [-] ChassisOVNAgentWriteEvent : Matched Chassis_Private, update, None None {{(pid=107977) matches /opt/stack/neutron/neutron/plugins/ml2/drivers/ovn/mech_driver/ovsdb/ovsdb_monitor.py:64}}
Jun 18 00:58:40.769437 np0000181717 devstack@neutron-api.service[107977]: DEBUG neutron.plugins.ml2.drivers.ovn.mech_driver.ovsdb.ovsdb_monitor [-] Hash Ring: Node 1737c0c3831251139bcc4be3a97b65b7 (host: np0000181717) handling event "update" for row 21715a59-939c-4886-a3cf-0355f6db6bdb (table: Chassis_Private) {{(pid=107977) notify /opt/stack/neutron/neutron/plugins/ml2/drivers/ovn/mech_driver/ovsdb/ovsdb_monitor.py:1015}}
Jun 18 00:58:40.812542 np0000181717 devstack@neutron-api.service[107979]: DEBUG neutron.plugins.ml2.drivers.helpers [None req-552562d6-4e30-4ffd-961e-bc7098446781 admin admin] geneve segment allocate from pool success with {'geneve_vni': 40448} {{(pid=107979) allocate_partially_specified_segment /opt/stack/neutron/neutron/plugins/ml2/drivers/helpers.py:142}}
Jun 18 00:58:40.824024 np0000181717 devstack@neutron-api.service[107979]: DEBUG neutron_lib.callbacks.manager [None req-552562d6-4e30-4ffd-961e-bc7098446781 admin admin] Publish callbacks ['neutron.services.segments.db._add_segment_host_mapping_for_segment-8331867464868', 'neutron.plugins.ml2.plugin.Ml2Plugin._handle_segment_change-65837368'] for segment (f09a6d8a-85e5-475e-8a4b-048550aa00f6), precommit_create {{(pid=107979) _notify_loop /opt/stack/data/venv/lib/python3.12/site-packages/neutron_lib/callbacks/manager.py:184}}
Jun 18 00:58:40.824170 np0000181717 devstack@neutron-api.service[107979]: INFO neutron.db.segments_db [None req-552562d6-4e30-4ffd-961e-bc7098446781 admin admin] Added segment f09a6d8a-85e5-475e-8a4b-048550aa00f6 of type geneve for network 81c0e513-e182-45af-8de1-46184f41dae3
Jun 18 00:58:40.868761 np0000181717 devstack@neutron-api.service[107979]: DEBUG neutron_lib.callbacks.manager [None req-552562d6-4e30-4ffd-961e-bc7098446781 admin admin] Publish callbacks ['neutron.services.auto_allocate.db._ensure_external_network_default_value_callback-8331864826800'] for network (81c0e513-e182-45af-8de1-46184f41dae3), precommit_create {{(pid=107979) _notify_loop /opt/stack/data/venv/lib/python3.12/site-packages/neutron_lib/callbacks/manager.py:184}}
Jun 18 00:58:40.884452 np0000181717 devstack@neutron-api.service[107979]: DEBUG neutron.plugins.ml2.drivers.ovn.mech_driver.mech_driver [None req-552562d6-4e30-4ffd-961e-bc7098446781 admin admin] Validating network segment with type geneve, segmentation ID 40448, physical network None {{(pid=107979) _validate_network_segments /opt/stack/neutron/neutron/plugins/ml2/drivers/ovn/mech_driver/mech_driver.py:643}}
Jun 18 00:58:40.884648 np0000181717 devstack@neutron-api.service[107979]: DEBUG neutron.db.ovn_revision_numbers_db [None req-552562d6-4e30-4ffd-961e-bc7098446781 admin admin] create_initial_revision uuid=81c0e513-e182-45af-8de1-46184f41dae3, type=networks, rev=-1 {{(pid=107979) create_initial_revision /opt/stack/neutron/neutron/db/ovn_revision_numbers_db.py:98}}
Jun 18 00:58:40.903184 np0000181717 devstack@neutron-api.service[107979]: DEBUG neutron_lib.callbacks.manager [None req-552562d6-4e30-4ffd-961e-bc7098446781 admin admin] Publish callbacks ['neutron.plugins.ml2.ovo_rpc._ObjectChangeHandler.handle_event-65110241'] for network (81c0e513-e182-45af-8de1-46184f41dae3), after_create {{(pid=107979) _notify_loop /opt/stack/data/venv/lib/python3.12/site-packages/neutron_lib/callbacks/manager.py:184}}
Jun 18 00:58:40.952756 np0000181717 devstack@neutron-api.service[107979]: DEBUG neutron.api.rpc.handlers.resources_rpc [None req-552562d6-4e30-4ffd-961e-bc7098446781 admin admin] Pushing event updated for resources: {'Network': ['ID=81c0e513-e182-45af-8de1-46184f41dae3,revision_number=1']} {{(pid=107979) push /opt/stack/neutron/neutron/api/rpc/handlers/resources_rpc.py:237}}
Jun 18 00:58:40.962980 np0000181717 devstack@neutron-api.service[107979]: DEBUG ovsdbapp.backend.ovs_idl.transaction [-] Running txn n=1 command(idx=0): AddNetworkCommand(_result=None, network_uuid=81c0e513-e182-45af-8de1-46184f41dae3, may_exist=True, columns={'external_ids': {'neutron:network_name': 'private', 'neutron:mtu': '1372', 'neutron:revision_number': '1', 'neutron:availability_zone_hints': '', 'neutron:provnet-network-type': 'geneve'}, 'other_config': {'mcast_snoop': 'false', 'mcast_flood_unregistered': 'false', 'vlan-passthru': 'false'}}) {{(pid=107979) do_commit /opt/stack/data/venv/lib/python3.12/site-packages/ovsdbapp/backend/ovs_idl/transaction.py:89}}
Jun 18 00:58:40.963769 np0000181717 devstack@neutron-api.service[107979]: DEBUG neutron.common.ovn.utils [-] OVS persist_uuid supported=True {{(pid=107979) ovs_persist_uuid_supported /opt/stack/neutron/neutron/common/ovn/utils.py:1544}}
Jun 18 00:58:41.008269 np0000181717 devstack@neutron-api.service[107977]: DEBUG neutron.plugins.ml2.drivers.ovn.mech_driver.ovsdb.ovsdb_monitor [-] Hash Ring: Node 1737c0c3831251139bcc4be3a97b65b7 (host: np0000181717) handling event "create" for row 81c0e513-e182-45af-8de1-46184f41dae3 (table: Logical_Switch) {{(pid=107977) notify /opt/stack/neutron/neutron/plugins/ml2/drivers/ovn/mech_driver/ovsdb/ovsdb_monitor.py:1015}}
Jun 18 00:58:41.016323 np0000181717 devstack@neutron-api.service[107980]: DEBUG neutron.plugins.ml2.drivers.ovn.mech_driver.ovsdb.ovsdb_monitor [-] Hash Ring: Node 8b59857cb5f451558a38339db2b85666 (host: np0000181717) handling event "create" for row 81c0e513-e182-45af-8de1-46184f41dae3 (table: Logical_Switch) {{(pid=107980) notify /opt/stack/neutron/neutron/plugins/ml2/drivers/ovn/mech_driver/ovsdb/ovsdb_monitor.py:1015}}
Jun 18 00:58:41.017032 np0000181717 devstack@neutron-api.service[107977]: DEBUG neutron.plugins.ml2.drivers.ovn.mech_driver.ovsdb.ovsdb_monitor [-] Hash Ring: Node 1737c0c3831251139bcc4be3a97b65b7 (host: np0000181717) handling event "create" for row 0f321c67-68ef-4ded-9de0-ad6e7ff53d1f (table: Datapath_Binding) {{(pid=107977) notify /opt/stack/neutron/neutron/plugins/ml2/drivers/ovn/mech_driver/ovsdb/ovsdb_monitor.py:1015}}
Jun 18 00:58:41.019148 np0000181717 devstack@neutron-api.service[107980]: DEBUG neutron.plugins.ml2.drivers.ovn.mech_driver.ovsdb.ovsdb_monitor [-] Hash Ring: Node 8b59857cb5f451558a38339db2b85666 (host: np0000181717) handling event "create" for row 0f321c67-68ef-4ded-9de0-ad6e7ff53d1f (table: Datapath_Binding) {{(pid=107980) notify /opt/stack/neutron/neutron/plugins/ml2/drivers/ovn/mech_driver/ovsdb/ovsdb_monitor.py:1015}}
Jun 18 00:58:41.040976 np0000181717 devstack@neutron-api.service[107979]: INFO neutron.db.ovn_revision_numbers_db [None req-552562d6-4e30-4ffd-961e-bc7098446781 admin admin] Successfully bumped revision number for resource 81c0e513-e182-45af-8de1-46184f41dae3 (type: networks) to 1
Jun 18 00:58:41.281197 np0000181717 devstack@neutron-api.service[107979]: DEBUG neutron_lib.callbacks.manager [None req-552562d6-4e30-4ffd-961e-bc7098446781 admin admin] Publish callbacks ['neutron.plugins.ml2.plugin.SecurityGroupDbMixin._ensure_default_security_group_handler-1136562'] for port (None), before_create {{(pid=107979) _notify_loop /opt/stack/data/venv/lib/python3.12/site-packages/neutron_lib/callbacks/manager.py:184}}
Jun 18 00:58:41.380434 np0000181717 devstack@neutron-api.service[107979]: DEBUG neutron_lib.callbacks.manager [None req-552562d6-4e30-4ffd-961e-bc7098446781 admin admin] Publish callbacks ['neutron.plugins.ml2.drivers.ovn.mech_driver.mech_driver.OVNMechanismDriver._validate_allowed_address_pairs-356518'] for allowed_address_pair (8ef7d11e-c7a7-4e0f-805e-00a882750461), before_create {{(pid=107979) _notify_loop /opt/stack/data/venv/lib/python3.12/site-packages/neutron_lib/callbacks/manager.py:184}}
Jun 18 00:58:41.380893 np0000181717 devstack@neutron-api.service[107979]: DEBUG neutron_lib.callbacks.manager [None req-552562d6-4e30-4ffd-961e-bc7098446781 admin admin] Publish callbacks [] for port (8ef7d11e-c7a7-4e0f-805e-00a882750461), precommit_create {{(pid=107979) _notify_loop /opt/stack/data/venv/lib/python3.12/site-packages/neutron_lib/callbacks/manager.py:184}}
Jun 18 00:58:41.381090 np0000181717 devstack@neutron-api.service[107979]: DEBUG neutron.plugins.ml2.drivers.ovn.mech_driver.mech_driver [None req-552562d6-4e30-4ffd-961e-bc7098446781 admin admin] No provisioning block for port 8ef7d11e-c7a7-4e0f-805e-00a882750461 since it does not have a host {{(pid=107979) _is_port_provisioning_required /opt/stack/neutron/neutron/plugins/ml2/drivers/ovn/mech_driver/mech_driver.py:896}}
Jun 18 00:58:41.381191 np0000181717 devstack@neutron-api.service[107979]: DEBUG neutron.db.ovn_revision_numbers_db [None req-552562d6-4e30-4ffd-961e-bc7098446781 admin admin] create_initial_revision uuid=8ef7d11e-c7a7-4e0f-805e-00a882750461, type=ports, rev=-1 {{(pid=107979) create_initial_revision /opt/stack/neutron/neutron/db/ovn_revision_numbers_db.py:98}}
Jun 18 00:58:41.450757 np0000181717 devstack@neutron-api.service[107979]: DEBUG neutron_lib.callbacks.manager [None req-552562d6-4e30-4ffd-961e-bc7098446781 admin admin] Publish callbacks ['neutron.plugins.ml2.ovo_rpc._ObjectChangeHandler.handle_event-65110224'] for port (8ef7d11e-c7a7-4e0f-805e-00a882750461), after_create {{(pid=107979) _notify_loop /opt/stack/data/venv/lib/python3.12/site-packages/neutron_lib/callbacks/manager.py:184}}
Jun 18 00:58:41.508053 np0000181717 devstack@neutron-api.service[107979]: DEBUG neutron.api.rpc.handlers.resources_rpc [None req-552562d6-4e30-4ffd-961e-bc7098446781 admin admin] Pushing event updated for resources: {'Port': ['ID=8ef7d11e-c7a7-4e0f-805e-00a882750461,revision_number=1']} {{(pid=107979) push /opt/stack/neutron/neutron/api/rpc/handlers/resources_rpc.py:237}}
Jun 18 00:58:41.548637 np0000181717 devstack@neutron-api.service[107979]: DEBUG neutron.plugins.ml2.drivers.ovn.mech_driver.ovsdb.commands [None req-552562d6-4e30-4ffd-961e-bc7098446781 admin admin] Converting tag [] to a tag_request {{(pid=107979) _tag_column_to_tag_request /opt/stack/neutron/neutron/plugins/ml2/drivers/ovn/mech_driver/ovsdb/commands.py:205}}
Jun 18 00:58:41.549484 np0000181717 devstack@neutron-api.service[107979]: DEBUG ovsdbapp.backend.ovs_idl.transaction [-] Running txn n=1 command(idx=0): AddLSwitchPortCommand(_result=None, lport=8ef7d11e-c7a7-4e0f-805e-00a882750461, lswitch=neutron-81c0e513-e182-45af-8de1-46184f41dae3, may_exist=True, network_uuid=81c0e513-e182-45af-8de1-46184f41dae3, columns={'addresses': ['fa:16:3e:a3:f4:03'], 'external_ids': {'neutron:port_name': '', 'neutron:device_id': 'ovnmeta-81c0e513-e182-45af-8de1-46184f41dae3', 'neutron:project_id': '031c97144a4f4f3f8a00304ec68bf4ea', 'neutron:cidrs': '', 'neutron:device_owner': 'network:distributed', 'neutron:subnet_pool_addr_scope4': '', 'neutron:subnet_pool_addr_scope6': '', 'neutron:network_name': 'neutron-81c0e513-e182-45af-8de1-46184f41dae3', 'neutron:security_group_ids': '', 'neutron:revision_number': '1', 'neutron:vnic_type': 'normal', 'neutron:port_capabilities': '', 'neutron:mtu': '1372'}, 'parent_name': [], 'enabled': True, 'options': {}, 'type': 'localport', 'port_security': [], 'dhcpv4_options': [], 'dhcpv6_options': [], 'tag_request': []}) {{(pid=107979) do_commit /opt/stack/data/venv/lib/python3.12/site-packages/ovsdbapp/backend/ovs_idl/transaction.py:89}}
Jun 18 00:58:41.550102 np0000181717 devstack@neutron-api.service[107979]: DEBUG ovsdbapp.backend.ovs_idl.transaction [-] Running txn n=1 command(idx=1): QoSDelCommand(_result=None, switch=neutron-81c0e513-e182-45af-8de1-46184f41dae3, conditions=[('direction', '=', 'to-lport'), ('priority', '=', 2002), ('match', '=', 'outport == "8ef7d11e-c7a7-4e0f-805e-00a882750461"')], if_exists=True) {{(pid=107979) do_commit /opt/stack/data/venv/lib/python3.12/site-packages/ovsdbapp/backend/ovs_idl/transaction.py:89}}
Jun 18 00:58:41.550313 np0000181717 devstack@neutron-api.service[107979]: DEBUG ovsdbapp.backend.ovs_idl.transaction [-] Running txn n=1 command(idx=2): QoSDelCommand(_result=None, switch=neutron-81c0e513-e182-45af-8de1-46184f41dae3, conditions=[('direction', '=', 'from-lport'), ('priority', '=', 2002), ('match', '=', 'inport == "8ef7d11e-c7a7-4e0f-805e-00a882750461"')], if_exists=True) {{(pid=107979) do_commit /opt/stack/data/venv/lib/python3.12/site-packages/ovsdbapp/backend/ovs_idl/transaction.py:89}}
Jun 18 00:58:41.555285 np0000181717 devstack@neutron-api.service[107977]: DEBUG neutron.plugins.ml2.drivers.ovn.mech_driver.ovsdb.ovsdb_monitor [-] Hash Ring: Node 1737c0c3831251139bcc4be3a97b65b7 (host: np0000181717) handling event "update" for row 81c0e513-e182-45af-8de1-46184f41dae3 (table: Logical_Switch) {{(pid=107977) notify /opt/stack/neutron/neutron/plugins/ml2/drivers/ovn/mech_driver/ovsdb/ovsdb_monitor.py:1015}}
Jun 18 00:58:41.555658 np0000181717 devstack@neutron-api.service[107977]: DEBUG neutron.plugins.ml2.drivers.ovn.mech_driver.ovsdb.ovsdb_monitor [-] Hash Ring: Node 1737c0c3831251139bcc4be3a97b65b7 (host: np0000181717) handling event "create" for row caae393f-b659-407e-9870-81ad92f75109 (table: Logical_Switch_Port) {{(pid=107977) notify /opt/stack/neutron/neutron/plugins/ml2/drivers/ovn/mech_driver/ovsdb/ovsdb_monitor.py:1015}}
