Apr 02 05:53:26.837903 np0000162719 devstack@neutron-api.service[102025]: DEBUG neutron_lib.callbacks.manager [None req-0a0437d1-6f79-4d3f-8dc2-a1816680a584 None None] Subscribe: > security_group precommit_create 55550000, False {{(pid=102025) subscribe /opt/stack/data/venv/lib/python3.12/site-packages/neutron_lib/callbacks/manager.py:52}}
Apr 02 05:53:26.837969 np0000162719 devstack@neutron-api.service[102022]: INFO neutron.api.extensions [None req-0c0478a7-a872-4257-898e-a7fee288abf6 None None] Loaded extension: security-groups-remote-address-group
Apr 02 05:53:26.838044 np0000162719 devstack@neutron-api.service[102023]: DEBUG neutron.api.extensions [None req-1f32e281-c4ec-4687-a11c-568488a5ccac None None] Ext name="Port hints" alias="port-hints" description="Backend specific port hints to allow backend specific tuning" updated="2023-01-01T00:00:00-00:00" {{(pid=102023) _check_extension /opt/stack/neutron/neutron/api/extensions.py:415}}
Apr 02 05:53:26.838071 np0000162719 devstack@neutron-api.service[102022]: DEBUG neutron.api.extensions [None req-0c0478a7-a872-4257-898e-a7fee288abf6 None None] Loading extension file: security_groups_rules_belongs_to_default_sg.py {{(pid=102022) _load_all_extensions_from_path /opt/stack/neutron/neutron/api/extensions.py:449}}
Apr 02 05:53:26.838124 np0000162719 devstack@neutron-api.service[102025]: DEBUG neutron_lib.callbacks.manager [None req-0a0437d1-6f79-4d3f-8dc2-a1816680a584 None None] Subscribe: > security_group after_update 55550000, False {{(pid=102025) subscribe /opt/stack/data/venv/lib/python3.12/site-packages/neutron_lib/callbacks/manager.py:52}}
Apr 02 05:53:26.838151 np0000162719 devstack@neutron-api.service[102023]: INFO neutron.api.extensions [None req-1f32e281-c4ec-4687-a11c-568488a5ccac None None] Extension port-hints not supported by any of loaded plugins
Apr 02 05:53:26.838151 np0000162719 devstack@neutron-api.service[102023]: DEBUG neutron.api.extensions [None req-1f32e281-c4ec-4687-a11c-568488a5ccac None None] Loading extension file: port_mac_address_override.py {{(pid=102023) _load_all_extensions_from_path /opt/stack/neutron/neutron/api/extensions.py:449}}
Apr 02 05:53:26.838248 np0000162719 devstack@neutron-api.service[102022]: DEBUG neutron.api.extensions [None req-0c0478a7-a872-4257-898e-a7fee288abf6 None None] Ext name="Security group rule belongs to the project's default security group" alias="security-groups-rules-belongs-to-default-sg" description="Flag to determine if the security group rule belongs to the project's default security group" updated="2023-05-23T10:00:00-00:00" {{(pid=102022) _check_extension /opt/stack/neutron/neutron/api/extensions.py:415}}
Apr 02 05:53:26.838310 np0000162719 devstack@neutron-api.service[102025]: DEBUG neutron_lib.callbacks.manager [None req-0a0437d1-6f79-4d3f-8dc2-a1816680a584 None None] Subscribe: > security_group after_create 55550000, False {{(pid=102025) subscribe /opt/stack/data/venv/lib/python3.12/site-packages/neutron_lib/callbacks/manager.py:52}}
Apr 02 05:53:26.838379 np0000162719 devstack@neutron-api.service[102022]: INFO neutron.api.extensions [None req-0c0478a7-a872-4257-898e-a7fee288abf6 None None] Loaded extension: security-groups-rules-belongs-to-default-sg
Apr 02 05:53:26.838436 np0000162719 devstack@neutron-api.service[102025]: DEBUG neutron_lib.callbacks.manager [None req-0a0437d1-6f79-4d3f-8dc2-a1816680a584 None None] Subscribe: > security_group precommit_delete 55550000, False {{(pid=102025) subscribe /opt/stack/data/venv/lib/python3.12/site-packages/neutron_lib/callbacks/manager.py:52}}
Apr 02 05:53:26.838468 np0000162719 devstack@neutron-api.service[102023]: DEBUG neutron.api.extensions [None req-1f32e281-c4ec-4687-a11c-568488a5ccac None None] Ext name="Neutron Port MAC address override" alias="port-mac-override" description="Allow overriding the MAC address of a direct-physical Port via the active binding profile" updated="2022-03-18T10:00:00-00:00" {{(pid=102023) _check_extension /opt/stack/neutron/neutron/api/extensions.py:415}}
Apr 02 05:53:26.838524 np0000162719 devstack@neutron-api.service[102022]: DEBUG neutron.api.extensions [None req-0c0478a7-a872-4257-898e-a7fee288abf6 None None] Loading extension file: security_groups_shared_filtering.py {{(pid=102022) _load_all_extensions_from_path /opt/stack/neutron/neutron/api/extensions.py:449}}
Apr 02 05:53:26.838551 np0000162719 devstack@neutron-api.service[102025]: DEBUG neutron_lib.callbacks.manager [None req-0a0437d1-6f79-4d3f-8dc2-a1816680a584 None None] Subscribe: > security_group after_delete 55550000, False {{(pid=102025) subscribe /opt/stack/data/venv/lib/python3.12/site-packages/neutron_lib/callbacks/manager.py:52}}
Apr 02 05:53:26.838606 np0000162719 devstack@neutron-api.service[102023]: INFO neutron.api.extensions [None req-1f32e281-c4ec-4687-a11c-568488a5ccac None None] Extension port-mac-override not supported by any of loaded plugins
Apr 02 05:53:26.838665 np0000162719 devstack@neutron-api.service[102022]: DEBUG neutron.api.extensions [None req-0c0478a7-a872-4257-898e-a7fee288abf6 None None] Ext name="Security group filtering on the shared field" alias="security-groups-shared-filtering" description="Support filtering security groups on the shared field" updated="2021-10-05T09:00:00-00:00" {{(pid=102022) _check_extension /opt/stack/neutron/neutron/api/extensions.py:415}}
Apr 02 05:53:26.838701 np0000162719 devstack@neutron-api.service[102023]: DEBUG neutron.api.extensions [None req-1f32e281-c4ec-4687-a11c-568488a5ccac None None] Loading extension file: port_mac_address_regenerate.py {{(pid=102023) _load_all_extensions_from_path /opt/stack/neutron/neutron/api/extensions.py:449}}
Apr 02 05:53:26.838754 np0000162719 devstack@neutron-api.service[102025]: DEBUG neutron_lib.callbacks.manager [None req-0a0437d1-6f79-4d3f-8dc2-a1816680a584 None None] Subscribe: > security_group_rule precommit_create 55550000, False {{(pid=102025) subscribe /opt/stack/data/venv/lib/python3.12/site-packages/neutron_lib/callbacks/manager.py:52}}
Apr 02 05:53:26.838782 np0000162719 devstack@neutron-api.service[102022]: INFO neutron.api.extensions [None req-0c0478a7-a872-4257-898e-a7fee288abf6 None None] Loaded extension: security-groups-shared-filtering
Apr 02 05:53:26.838837 np0000162719 devstack@neutron-api.service[102025]: DEBUG neutron_lib.callbacks.manager [None req-0a0437d1-6f79-4d3f-8dc2-a1816680a584 None None] Subscribe: > security_group_rule after_create 55550000, False {{(pid=102025) subscribe /opt/stack/data/venv/lib/python3.12/site-packages/neutron_lib/callbacks/manager.py:52}}
Apr 02 05:53:26.838895 np0000162719 devstack@neutron-api.service[102023]: DEBUG neutron.api.extensions [None req-1f32e281-c4ec-4687-a11c-568488a5ccac None None] Ext name="Neutron Port MAC address regenerate" alias="port-mac-address-regenerate" description="Network port MAC address regenerate" updated="2018-05-03T10:00:00-00:00" {{(pid=102023) _check_extension /opt/stack/neutron/neutron/api/extensions.py:415}}
Apr 02 05:53:26.838926 np0000162719 devstack@neutron-api.service[102022]: DEBUG neutron.api.extensions [None req-0c0478a7-a872-4257-898e-a7fee288abf6 None None] Loading extension file: securitygroup.py {{(pid=102022) _load_all_extensions_from_path /opt/stack/neutron/neutron/api/extensions.py:449}}
Apr 02 05:53:26.838991 np0000162719 devstack@neutron-api.service[102025]: DEBUG neutron_lib.callbacks.manager [None req-0a0437d1-6f79-4d3f-8dc2-a1816680a584 None None] Subscribe: > security_group_rule before_delete 55550000, False {{(pid=102025) subscribe /opt/stack/data/venv/lib/python3.12/site-packages/neutron_lib/callbacks/manager.py:52}}
Apr 02 05:53:26.839020 np0000162719 devstack@neutron-api.service[102023]: INFO neutron.api.extensions [None req-1f32e281-c4ec-4687-a11c-568488a5ccac None None] Loaded extension: port-mac-address-regenerate
Apr 02 05:53:26.839020 np0000162719 devstack@neutron-api.service[102023]: DEBUG neutron.api.extensions [None req-1f32e281-c4ec-4687-a11c-568488a5ccac None None] Loading extension file: port_numa_affinity_policy.py {{(pid=102023) _load_all_extensions_from_path /opt/stack/neutron/neutron/api/extensions.py:449}}
Apr 02 05:53:26.839099 np0000162719 devstack@neutron-api.service[102025]: DEBUG neutron_lib.callbacks.manager [None req-0a0437d1-6f79-4d3f-8dc2-a1816680a584 None None] Subscribe: > address_group after_create 55550000, False {{(pid=102025) subscribe /opt/stack/data/venv/lib/python3.12/site-packages/neutron_lib/callbacks/manager.py:52}}
Apr 02 05:53:26.839216 np0000162719 devstack@neutron-api.service[102023]: DEBUG neutron.api.extensions [None req-1f32e281-c4ec-4687-a11c-568488a5ccac None None] Ext name="Port NUMA affinity policy" alias="port-numa-affinity-policy" description="Expose the port NUMA affinity policy" updated="2020-07-08T10:00:00-00:00" {{(pid=102023) _check_extension /opt/stack/neutron/neutron/api/extensions.py:415}}
Apr 02 05:53:26.839300 np0000162719 devstack@neutron-api.service[102025]: DEBUG neutron_lib.callbacks.manager [None req-0a0437d1-6f79-4d3f-8dc2-a1816680a584 None None] Subscribe: > address_group after_update 55550000, False {{(pid=102025) subscribe /opt/stack/data/venv/lib/python3.12/site-packages/neutron_lib/callbacks/manager.py:52}}
Apr 02 05:53:26.839353 np0000162719 devstack@neutron-api.service[102023]: INFO neutron.api.extensions [None req-1f32e281-c4ec-4687-a11c-568488a5ccac None None] Loaded extension: port-numa-affinity-policy
Apr 02 05:53:26.839467 np0000162719 devstack@neutron-api.service[102023]: DEBUG neutron.api.extensions [None req-1f32e281-c4ec-4687-a11c-568488a5ccac None None] Loading extension file: port_numa_affinity_policy_socket.py {{(pid=102023) _load_all_extensions_from_path /opt/stack/neutron/neutron/api/extensions.py:449}}
Apr 02 05:53:26.839493 np0000162719 devstack@neutron-api.service[102025]: DEBUG neutron_lib.callbacks.manager [None req-0a0437d1-6f79-4d3f-8dc2-a1816680a584 None None] Subscribe: > address_group after_delete 55550000, False {{(pid=102025) subscribe /opt/stack/data/venv/lib/python3.12/site-packages/neutron_lib/callbacks/manager.py:52}}
Apr 02 05:53:26.839692 np0000162719 devstack@neutron-api.service[102023]: DEBUG neutron.api.extensions [None req-1f32e281-c4ec-4687-a11c-568488a5ccac None None] Ext name="Port NUMA affinity policy "socket"" alias="port-numa-affinity-policy-socket" description="Adds "socket" to the supported port NUMA affinity policies" updated="2024-02-09T10:00:00-00:00" {{(pid=102023) _check_extension /opt/stack/neutron/neutron/api/extensions.py:415}}
Apr 02 05:53:26.839853 np0000162719 devstack@neutron-api.service[102025]: DEBUG neutron_lib.callbacks.manager [None req-0a0437d1-6f79-4d3f-8dc2-a1816680a584 None None] Subscribe: > qos_plugin after_init 55550000, False {{(pid=102025) subscribe /opt/stack/data/venv/lib/python3.12/site-packages/neutron_lib/callbacks/manager.py:52}}
Apr 02 05:53:26.839882 np0000162719 devstack@neutron-api.service[102023]: INFO neutron.api.extensions [None req-1f32e281-c4ec-4687-a11c-568488a5ccac None None] Loaded extension: port-numa-affinity-policy-socket
Apr 02 05:53:26.839999 np0000162719 devstack@neutron-api.service[102023]: DEBUG neutron.api.extensions [None req-1f32e281-c4ec-4687-a11c-568488a5ccac None None] Loading extension file: port_resource_request.py {{(pid=102023) _load_all_extensions_from_path /opt/stack/neutron/neutron/api/extensions.py:449}}
Apr 02 05:53:26.840193 np0000162719 devstack@neutron-api.service[102023]: DEBUG neutron.api.extensions [None req-1f32e281-c4ec-4687-a11c-568488a5ccac None None] Ext name="Port Resource Request" alias="port-resource-request" description="Expose resource request to Port" updated="2018-05-08T10:00:00-00:00" {{(pid=102023) _check_extension /opt/stack/neutron/neutron/api/extensions.py:415}}
Apr 02 05:53:26.840267 np0000162719 devstack@neutron-api.service[102025]: DEBUG neutron_lib.callbacks.manager [None req-0a0437d1-6f79-4d3f-8dc2-a1816680a584 None None] Subscribe: > trunk_plugin after_init 55550000, False {{(pid=102025) subscribe /opt/stack/data/venv/lib/python3.12/site-packages/neutron_lib/callbacks/manager.py:52}}
Apr 02 05:53:26.840390 np0000162719 devstack@neutron-api.service[102023]: INFO neutron.api.extensions [None req-1f32e281-c4ec-4687-a11c-568488a5ccac None None] Extension port-resource-request not supported by any of loaded plugins
Apr 02 05:53:26.840472 np0000162719 devstack@neutron-api.service[102023]: DEBUG neutron.api.extensions [None req-1f32e281-c4ec-4687-a11c-568488a5ccac None None] Loading extension file: port_resource_request_groups.py {{(pid=102023) _load_all_extensions_from_path /opt/stack/neutron/neutron/api/extensions.py:449}}
Apr 02 05:53:26.840688 np0000162719 devstack@neutron-api.service[102023]: DEBUG neutron.api.extensions [None req-1f32e281-c4ec-4687-a11c-568488a5ccac None None] Ext name="Port Resource Request Groups" alias="port-resource-request-groups" description="Support requesting multiple groups of resources and traits from the same RP subtree in resource_request" updated="2021-08-02T10:00:00-00:00" {{(pid=102023) _check_extension /opt/stack/neutron/neutron/api/extensions.py:415}}
Apr 02 05:53:26.840741 np0000162719 devstack@neutron-api.service[102025]: DEBUG neutron_lib.callbacks.manager [None req-0a0437d1-6f79-4d3f-8dc2-a1816680a584 None None] Subscribe: > logging-plugin after_init 55550000, False {{(pid=102025) subscribe /opt/stack/data/venv/lib/python3.12/site-packages/neutron_lib/callbacks/manager.py:52}}
Apr 02 05:53:26.840770 np0000162719 devstack@neutron-api.service[102022]: DEBUG neutron.api.extensions [None req-0c0478a7-a872-4257-898e-a7fee288abf6 None None] Ext name="security-group" alias="security-group" description="The security groups extension." updated="2012-10-05T10:00:00-00:00" {{(pid=102022) _check_extension /opt/stack/neutron/neutron/api/extensions.py:415}}
Apr 02 05:53:26.840881 np0000162719 devstack@neutron-api.service[102023]: INFO neutron.api.extensions [None req-1f32e281-c4ec-4687-a11c-568488a5ccac None None] Extension port-resource-request-groups not supported by any of loaded plugins
Apr 02 05:53:26.840910 np0000162719 devstack@neutron-api.service[102022]: INFO neutron.api.extensions [None req-0c0478a7-a872-4257-898e-a7fee288abf6 None None] Loaded extension: security-group
Apr 02 05:53:26.840962 np0000162719 devstack@neutron-api.service[102023]: DEBUG neutron.api.extensions [None req-1f32e281-c4ec-4687-a11c-568488a5ccac None None] Loading extension file: port_trusted_vif.py {{(pid=102023) _load_all_extensions_from_path /opt/stack/neutron/neutron/api/extensions.py:449}}
Apr 02 05:53:26.841028 np0000162719 devstack@neutron-api.service[102022]: DEBUG neutron.api.extensions [None req-0c0478a7-a872-4257-898e-a7fee288abf6 None None] Loading extension file: segment.py {{(pid=102022) _load_all_extensions_from_path /opt/stack/neutron/neutron/api/extensions.py:449}}
Apr 02 05:53:26.841186 np0000162719 devstack@neutron-api.service[102023]: DEBUG neutron.api.extensions [None req-1f32e281-c4ec-4687-a11c-568488a5ccac None None] Ext name="Port trusted vif" alias="port-trusted-vif" description="Expose port 'trusted' attribute in the API" updated="2024-07-10T10:00:00-00:00" {{(pid=102023) _check_extension /opt/stack/neutron/neutron/api/extensions.py:415}}
Apr 02 05:53:26.841347 np0000162719 devstack@neutron-api.service[102022]: DEBUG neutron.api.extensions [None req-0c0478a7-a872-4257-898e-a7fee288abf6 None None] Ext name="Segment" alias="segment" description="Segments extension." updated="2016-02-24T17:00:00-00:00" {{(pid=102022) _check_extension /opt/stack/neutron/neutron/api/extensions.py:415}}
Apr 02 05:53:26.841378 np0000162719 devstack@neutron-api.service[102023]: INFO neutron.api.extensions [None req-1f32e281-c4ec-4687-a11c-568488a5ccac None None] Extension port-trusted-vif not supported by any of loaded plugins
Apr 02 05:53:26.841615 np0000162719 devstack@neutron-api.service[102023]: DEBUG neutron.api.extensions [None req-1f32e281-c4ec-4687-a11c-568488a5ccac None None] Loading extension file: portbindings.py {{(pid=102023) _load_all_extensions_from_path /opt/stack/neutron/neutron/api/extensions.py:449}}
Apr 02 05:53:26.841735 np0000162719 devstack@neutron-api.service[102022]: INFO neutron.api.extensions [None req-0c0478a7-a872-4257-898e-a7fee288abf6 None None] Extension segment not supported by any of loaded plugins
Apr 02 05:53:26.841861 np0000162719 devstack@neutron-api.service[102025]: INFO neutron.services.logapi.drivers.ovn.driver [None req-0a0437d1-6f79-4d3f-8dc2-a1816680a584 None None] OVN logging driver registered
Apr 02 05:53:26.841953 np0000162719 devstack@neutron-api.service[102022]: DEBUG neutron.api.extensions [None req-0c0478a7-a872-4257-898e-a7fee288abf6 None None] Loading extension file: segments_peer_subnet_host_routes.py {{(pid=102022) _load_all_extensions_from_path /opt/stack/neutron/neutron/api/extensions.py:449}}
Apr 02 05:53:26.842119 np0000162719 devstack@neutron-api.service[102023]: DEBUG neutron.api.extensions [None req-1f32e281-c4ec-4687-a11c-568488a5ccac None None] Ext name="Port Binding" alias="binding" description="Expose port bindings of a virtual port to external application" updated="2014-02-03T10:00:00-00:00" {{(pid=102023) _check_extension /opt/stack/neutron/neutron/api/extensions.py:415}}
Apr 02 05:53:26.842119 np0000162719 devstack@neutron-api.service[102023]: INFO neutron.api.extensions [None req-1f32e281-c4ec-4687-a11c-568488a5ccac None None] Loaded extension: binding
Apr 02 05:53:26.842301 np0000162719 devstack@neutron-api.service[102022]: DEBUG neutron.api.extensions [None req-0c0478a7-a872-4257-898e-a7fee288abf6 None None] Ext name="Segments peer-subnet host routes" alias="segments-peer-subnet-host-routes" description="Add host routes to subnets on a routed network (segments)" updated="2018-06-12T10:00:00-00:00" {{(pid=102022) _check_extension /opt/stack/neutron/neutron/api/extensions.py:415}}
Apr 02 05:53:26.842435 np0000162719 devstack@neutron-api.service[102023]: DEBUG neutron.api.extensions [None req-1f32e281-c4ec-4687-a11c-568488a5ccac None None] Loading extension file: portbindings_extended.py {{(pid=102023) _load_all_extensions_from_path /opt/stack/neutron/neutron/api/extensions.py:449}}
Apr 02 05:53:26.842500 np0000162719 devstack@neutron-api.service[102022]: INFO neutron.api.extensions [None req-0c0478a7-a872-4257-898e-a7fee288abf6 None None] Extension segments-peer-subnet-host-routes not supported by any of loaded plugins
Apr 02 05:53:26.842500 np0000162719 devstack@neutron-api.service[102022]: DEBUG neutron.api.extensions [None req-0c0478a7-a872-4257-898e-a7fee288abf6 None None] Loading extension file: servicetype.py {{(pid=102022) _load_all_extensions_from_path /opt/stack/neutron/neutron/api/extensions.py:449}}
Apr 02 05:53:26.842619 np0000162719 devstack@neutron-api.service[102023]: DEBUG neutron.api.extensions [None req-1f32e281-c4ec-4687-a11c-568488a5ccac None None] Ext name="Port Bindings Extended" alias="binding-extended" description="Expose port bindings of a virtual port to external application" updated="2017-07-17T10:00:00-00:00" {{(pid=102023) _check_extension /opt/stack/neutron/neutron/api/extensions.py:415}}
Apr 02 05:53:26.842653 np0000162719 devstack@neutron-api.service[102022]: DEBUG neutron.api.extensions [None req-0c0478a7-a872-4257-898e-a7fee288abf6 None None] Ext name="Neutron Service Type Management" alias="service-type" description="API for retrieving service providers for Neutron advanced services" updated="2013-01-20T00:00:00-00:00" {{(pid=102022) _check_extension /opt/stack/neutron/neutron/api/extensions.py:415}}
Apr 02 05:53:26.842736 np0000162719 devstack@neutron-api.service[102023]: INFO neutron.api.extensions [None req-1f32e281-c4ec-4687-a11c-568488a5ccac None None] Loaded extension: binding-extended
Apr 02 05:53:26.842736 np0000162719 devstack@neutron-api.service[102023]: DEBUG neutron.api.extensions [None req-1f32e281-c4ec-4687-a11c-568488a5ccac None None] Loading extension file: portsecurity.py {{(pid=102023) _load_all_extensions_from_path /opt/stack/neutron/neutron/api/extensions.py:449}}
Apr 02 05:53:26.842815 np0000162719 devstack@neutron-api.service[102022]: INFO neutron.api.extensions [None req-0c0478a7-a872-4257-898e-a7fee288abf6 None None] Loaded extension: service-type
Apr 02 05:53:26.842815 np0000162719 devstack@neutron-api.service[102022]: DEBUG neutron.api.extensions [None req-0c0478a7-a872-4257-898e-a7fee288abf6 None None] Loading extension file: sorting.py {{(pid=102022) _load_all_extensions_from_path /opt/stack/neutron/neutron/api/extensions.py:449}}
Apr 02 05:53:26.842895 np0000162719 devstack@neutron-api.service[102023]: DEBUG neutron.api.extensions [None req-1f32e281-c4ec-4687-a11c-568488a5ccac None None] Ext name="Port Security" alias="port-security" description="Provides port security" updated="2012-07-23T10:00:00-00:00" {{(pid=102023) _check_extension /opt/stack/neutron/neutron/api/extensions.py:415}}
Apr 02 05:53:26.842952 np0000162719 devstack@neutron-api.service[102023]: INFO neutron.api.extensions [None req-1f32e281-c4ec-4687-a11c-568488a5ccac None None] Loaded extension: port-security
Apr 02 05:53:26.843042 np0000162719 devstack@neutron-api.service[102022]: DEBUG neutron.api.extensions [None req-0c0478a7-a872-4257-898e-a7fee288abf6 None None] Ext name="Sorting support" alias="sorting" description="Extension that indicates that sorting is enabled." updated="2016-06-12T00:00:00-00:00" {{(pid=102022) _check_extension /opt/stack/neutron/neutron/api/extensions.py:415}}
Apr 02 05:53:26.843069 np0000162719 devstack@neutron-api.service[102023]: DEBUG neutron.api.extensions [None req-1f32e281-c4ec-4687-a11c-568488a5ccac None None] Loading extension file: project_id.py {{(pid=102023) _load_all_extensions_from_path /opt/stack/neutron/neutron/api/extensions.py:449}}
Apr 02 05:53:26.843121 np0000162719 devstack@neutron-api.service[102022]: INFO neutron.api.extensions [None req-0c0478a7-a872-4257-898e-a7fee288abf6 None None] Loaded extension: sorting
Apr 02 05:53:26.843206 np0000162719 devstack@neutron-api.service[102022]: DEBUG neutron.api.extensions [None req-0c0478a7-a872-4257-898e-a7fee288abf6 None None] Loading extension file: standard_attr_segment.py {{(pid=102022) _load_all_extensions_from_path /opt/stack/neutron/neutron/api/extensions.py:449}}
Apr 02 05:53:26.843294 np0000162719 devstack@neutron-api.service[102023]: DEBUG neutron.api.extensions [None req-1f32e281-c4ec-4687-a11c-568488a5ccac None None] Ext name="project_id field enabled" alias="project-id" description="Extension that indicates that project_id field is enabled." updated="2016-09-09T09:09:09-09:09" {{(pid=102023) _check_extension /opt/stack/neutron/neutron/api/extensions.py:415}}
Apr 02 05:53:26.843377 np0000162719 devstack@neutron-api.service[102023]: INFO neutron.api.extensions [None req-1f32e281-c4ec-4687-a11c-568488a5ccac None None] Loaded extension: project-id
Apr 02 05:53:26.843404 np0000162719 devstack@neutron-api.service[102022]: DEBUG neutron.api.extensions [None req-0c0478a7-a872-4257-898e-a7fee288abf6 None None] Ext name="Standard Attribute Segment Extension" alias="standard-attr-segment" description="Add standard attributes to Segment resource" updated="2018-04-09T10:00:00-00:00" {{(pid=102022) _check_extension /opt/stack/neutron/neutron/api/extensions.py:415}}
Apr 02 05:53:26.843484 np0000162719 devstack@neutron-api.service[102023]: DEBUG neutron.api.extensions [None req-1f32e281-c4ec-4687-a11c-568488a5ccac None None] Loading extension file: providernet.py {{(pid=102023) _load_all_extensions_from_path /opt/stack/neutron/neutron/api/extensions.py:449}}
Apr 02 05:53:26.843582 np0000162719 devstack@neutron-api.service[102022]: INFO neutron.api.extensions [None req-0c0478a7-a872-4257-898e-a7fee288abf6 None None] Extension standard-attr-segment not supported by any of loaded plugins
Apr 02 05:53:26.843668 np0000162719 devstack@neutron-api.service[102022]: DEBUG neutron.api.extensions [None req-0c0478a7-a872-4257-898e-a7fee288abf6 None None] Loading extension file: standardattrdescription.py {{(pid=102022) _load_all_extensions_from_path /opt/stack/neutron/neutron/api/extensions.py:449}}
Apr 02 05:53:26.843700 np0000162719 devstack@neutron-api.service[102025]: DEBUG neutron.plugins.ml2.plugin [None req-0a0437d1-6f79-4d3f-8dc2-a1816680a584 None None] neutron.plugins.ml2.plugin.Ml2Plugin method _start_rpc_notifiers called with arguments () {} {{(pid=102025) wrapper /opt/stack/data/venv/lib/python3.12/site-packages/oslo_log/helpers.py:77}}
Apr 02 05:53:26.843756 np0000162719 devstack@neutron-api.service[102023]: DEBUG neutron.api.extensions [None req-1f32e281-c4ec-4687-a11c-568488a5ccac None None] Ext name="Provider Network" alias="provider" description="Expose mapping of virtual networks to physical networks" updated="2012-09-07T10:00:00-00:00" {{(pid=102023) _check_extension /opt/stack/neutron/neutron/api/extensions.py:415}}
Apr 02 05:53:26.843846 np0000162719 devstack@neutron-api.service[102023]: INFO neutron.api.extensions [None req-1f32e281-c4ec-4687-a11c-568488a5ccac None None] Loaded extension: provider
Apr 02 05:53:26.843963 np0000162719 devstack@neutron-api.service[102023]: DEBUG neutron.api.extensions [None req-1f32e281-c4ec-4687-a11c-568488a5ccac None None] Loading extension file: qinq.py {{(pid=102023) _load_all_extensions_from_path /opt/stack/neutron/neutron/api/extensions.py:449}}
Apr 02 05:53:26.844018 np0000162719 devstack@neutron-api.service[102022]: DEBUG neutron.api.extensions [None req-0c0478a7-a872-4257-898e-a7fee288abf6 None None] Ext name="standard-attr-description" alias="standard-attr-description" description="Extension to add descriptions to standard attributes" updated="2016-02-10T10:00:00-00:00" {{(pid=102022) _check_extension /opt/stack/neutron/neutron/api/extensions.py:415}}
Apr 02 05:53:26.844052 np0000162719 devstack@neutron-api.service[102025]: DEBUG neutron_lib.callbacks.manager [None req-0a0437d1-6f79-4d3f-8dc2-a1816680a584 None None] Subscribe: > port after_create 55550000, False {{(pid=102025) subscribe /opt/stack/data/venv/lib/python3.12/site-packages/neutron_lib/callbacks/manager.py:52}}
Apr 02 05:53:26.844149 np0000162719 devstack@neutron-api.service[102022]: INFO neutron.api.extensions [None req-0c0478a7-a872-4257-898e-a7fee288abf6 None None] Loaded extension: standard-attr-description
Apr 02 05:53:26.844218 np0000162719 devstack@neutron-api.service[102025]: DEBUG neutron_lib.callbacks.manager [None req-0a0437d1-6f79-4d3f-8dc2-a1816680a584 None None] Subscribe: > port after_update 55550000, False {{(pid=102025) subscribe /opt/stack/data/venv/lib/python3.12/site-packages/neutron_lib/callbacks/manager.py:52}}
Apr 02 05:53:26.844251 np0000162719 devstack@neutron-api.service[102023]: DEBUG neutron.api.extensions [None req-1f32e281-c4ec-4687-a11c-568488a5ccac None None] Ext name="QinQ networks" alias="qinq" description="Expose network 'qinq' attribute in the API. This allows to configure network to allow vlan in vlan configuration using 0x8a88 ethertype (QinQ)." updated="2024-12-02T10:00:00-00:00" {{(pid=102023) _check_extension /opt/stack/neutron/neutron/api/extensions.py:415}}
Apr 02 05:53:26.844305 np0000162719 devstack@neutron-api.service[102022]: DEBUG neutron.api.extensions [None req-0c0478a7-a872-4257-898e-a7fee288abf6 None None] Loading extension file: stateful_security_group.py {{(pid=102022) _load_all_extensions_from_path /opt/stack/neutron/neutron/api/extensions.py:449}}
Apr 02 05:53:26.844364 np0000162719 devstack@neutron-api.service[102025]: DEBUG neutron_lib.callbacks.manager [None req-0a0437d1-6f79-4d3f-8dc2-a1816680a584 None None] Subscribe: > port after_delete 55550000, False {{(pid=102025) subscribe /opt/stack/data/venv/lib/python3.12/site-packages/neutron_lib/callbacks/manager.py:52}}
Apr 02 05:53:26.844391 np0000162719 devstack@neutron-api.service[102023]: INFO neutron.api.extensions [None req-1f32e281-c4ec-4687-a11c-568488a5ccac None None] Loaded extension: qinq
Apr 02 05:53:26.847816 np0000162719 devstack@neutron-api.service[102025]: DEBUG neutron_lib.callbacks.manager [None req-0a0437d1-6f79-4d3f-8dc2-a1816680a584 None None] Subscribe: > subnet after_create 55550000, False {{(pid=102025) subscribe /opt/stack/data/venv/lib/python3.12/site-packages/neutron_lib/callbacks/manager.py:52}}
Apr 02 05:53:26.848041 np0000162719 devstack@neutron-api.service[102023]: DEBUG neutron.api.extensions [None req-1f32e281-c4ec-4687-a11c-568488a5ccac None None] Loading extension file: qos.py {{(pid=102023) _load_all_extensions_from_path /opt/stack/neutron/neutron/api/extensions.py:449}}
Apr 02 05:53:26.848240 np0000162719 devstack@neutron-api.service[102022]: DEBUG neutron.api.extensions [None req-0c0478a7-a872-4257-898e-a7fee288abf6 None None] Ext name="Stateful security group" alias="stateful-security-group" description="Indicates if the security group is stateful or not" updated="2019-11-26T09:00:00-00:00" {{(pid=102022) _check_extension /opt/stack/neutron/neutron/api/extensions.py:415}}
Apr 02 05:53:26.848443 np0000162719 devstack@neutron-api.service[102025]: DEBUG neutron_lib.callbacks.manager [None req-0a0437d1-6f79-4d3f-8dc2-a1816680a584 None None] Subscribe: > subnet after_update 55550000, False {{(pid=102025) subscribe /opt/stack/data/venv/lib/python3.12/site-packages/neutron_lib/callbacks/manager.py:52}}
Apr 02 05:53:26.848443 np0000162719 devstack@neutron-api.service[102025]: DEBUG neutron_lib.callbacks.manager [None req-0a0437d1-6f79-4d3f-8dc2-a1816680a584 None None] Subscribe: > subnet after_delete 55550000, False {{(pid=102025) subscribe /opt/stack/data/venv/lib/python3.12/site-packages/neutron_lib/callbacks/manager.py:52}}
Apr 02 05:53:26.848679 np0000162719 devstack@neutron-api.service[102022]: INFO neutron.api.extensions [None req-0c0478a7-a872-4257-898e-a7fee288abf6 None None] Loaded extension: stateful-security-group
Apr 02 05:53:26.848866 np0000162719 devstack@neutron-api.service[102025]: DEBUG neutron_lib.callbacks.manager [None req-0a0437d1-6f79-4d3f-8dc2-a1816680a584 None None] Subscribe: > network after_create 55550000, False {{(pid=102025) subscribe /opt/stack/data/venv/lib/python3.12/site-packages/neutron_lib/callbacks/manager.py:52}}
Apr 02 05:53:26.849067 np0000162719 devstack@neutron-api.service[102022]: DEBUG neutron.api.extensions [None req-0c0478a7-a872-4257-898e-a7fee288abf6 None None] Loading extension file: stdattrs_common.py {{(pid=102022) _load_all_extensions_from_path /opt/stack/neutron/neutron/api/extensions.py:449}}
Apr 02 05:53:26.849204 np0000162719 devstack@neutron-api.service[102025]: DEBUG neutron_lib.callbacks.manager [None req-0a0437d1-6f79-4d3f-8dc2-a1816680a584 None None] Subscribe: > network after_update 55550000, False {{(pid=102025) subscribe /opt/stack/data/venv/lib/python3.12/site-packages/neutron_lib/callbacks/manager.py:52}}
Apr 02 05:53:26.849204 np0000162719 devstack@neutron-api.service[102025]: DEBUG neutron_lib.callbacks.manager [None req-0a0437d1-6f79-4d3f-8dc2-a1816680a584 None None] Subscribe: > network after_delete 55550000, False {{(pid=102025) subscribe /opt/stack/data/venv/lib/python3.12/site-packages/neutron_lib/callbacks/manager.py:52}}
Apr 02 05:53:26.849310 np0000162719 devstack@neutron-api.service[102022]: WARNING neutron.api.extensions [None req-0c0478a7-a872-4257-898e-a7fee288abf6 None None] Did not find expected name "Stdattrs_common" in /opt/stack/neutron/neutron/extensions/stdattrs_common.py
Apr 02 05:53:26.849367 np0000162719 devstack@neutron-api.service[102025]: DEBUG neutron_lib.callbacks.manager [None req-0a0437d1-6f79-4d3f-8dc2-a1816680a584 None None] Subscribe: > security_group after_create 55550000, False {{(pid=102025) subscribe /opt/stack/data/venv/lib/python3.12/site-packages/neutron_lib/callbacks/manager.py:52}}
Apr 02 05:53:26.849451 np0000162719 devstack@neutron-api.service[102022]: DEBUG neutron.api.extensions [None req-0c0478a7-a872-4257-898e-a7fee288abf6 None None] Loading extension file: subnet_dns_publish_fixed_ip.py {{(pid=102022) _load_all_extensions_from_path /opt/stack/neutron/neutron/api/extensions.py:449}}
Apr 02 05:53:26.849544 np0000162719 devstack@neutron-api.service[102025]: DEBUG neutron_lib.callbacks.manager [None req-0a0437d1-6f79-4d3f-8dc2-a1816680a584 None None] Subscribe: > security_group after_update 55550000, False {{(pid=102025) subscribe /opt/stack/data/venv/lib/python3.12/site-packages/neutron_lib/callbacks/manager.py:52}}
Apr 02 05:53:26.849544 np0000162719 devstack@neutron-api.service[102025]: DEBUG neutron_lib.callbacks.manager [None req-0a0437d1-6f79-4d3f-8dc2-a1816680a584 None None] Subscribe: > security_group after_delete 55550000, False {{(pid=102025) subscribe /opt/stack/data/venv/lib/python3.12/site-packages/neutron_lib/callbacks/manager.py:52}}
Apr 02 05:53:26.849598 np0000162719 devstack@neutron-api.service[102022]: DEBUG neutron.api.extensions [None req-0c0478a7-a872-4257-898e-a7fee288abf6 None None] Ext name="Subnet DNS publish fixed IP" alias="subnet-dns-publish-fixed-ip" description="Support choosing to publish DNS records for IPs from a subnet" updated="2019-05-24T10:00:00-00:00" {{(pid=102022) _check_extension /opt/stack/neutron/neutron/api/extensions.py:415}}
Apr 02 05:53:26.849652 np0000162719 devstack@neutron-api.service[102025]: DEBUG neutron_lib.callbacks.manager [None req-0a0437d1-6f79-4d3f-8dc2-a1816680a584 None None] Subscribe: > security_group_rule after_create 55550000, False {{(pid=102025) subscribe /opt/stack/data/venv/lib/python3.12/site-packages/neutron_lib/callbacks/manager.py:52}}
Apr 02 05:53:26.849678 np0000162719 devstack@neutron-api.service[102023]: DEBUG neutron.api.extensions [None req-1f32e281-c4ec-4687-a11c-568488a5ccac None None] Ext name="Quality of Service" alias="qos" description="The Quality of Service extension." updated="2015-06-08T10:00:00-00:00" {{(pid=102023) _check_extension /opt/stack/neutron/neutron/api/extensions.py:415}}
Apr 02 05:53:26.849736 np0000162719 devstack@neutron-api.service[102025]: DEBUG neutron_lib.callbacks.manager [None req-0a0437d1-6f79-4d3f-8dc2-a1816680a584 None None] Subscribe: > security_group_rule after_update 55550000, False {{(pid=102025) subscribe /opt/stack/data/venv/lib/python3.12/site-packages/neutron_lib/callbacks/manager.py:52}}
Apr 02 05:53:26.849763 np0000162719 devstack@neutron-api.service[102022]: INFO neutron.api.extensions [None req-0c0478a7-a872-4257-898e-a7fee288abf6 None None] Loaded extension: subnet-dns-publish-fixed-ip
Apr 02 05:53:26.849817 np0000162719 devstack@neutron-api.service[102023]: INFO neutron.api.extensions [None req-1f32e281-c4ec-4687-a11c-568488a5ccac None None] Extension qos not supported by any of loaded plugins
Apr 02 05:53:26.849842 np0000162719 devstack@neutron-api.service[102022]: DEBUG neutron.api.extensions [None req-0c0478a7-a872-4257-898e-a7fee288abf6 None None] Loading extension file: subnet_external_network.py {{(pid=102022) _load_all_extensions_from_path /opt/stack/neutron/neutron/api/extensions.py:449}}
Apr 02 05:53:26.849896 np0000162719 devstack@neutron-api.service[102025]: DEBUG neutron_lib.callbacks.manager [None req-0a0437d1-6f79-4d3f-8dc2-a1816680a584 None None] Subscribe: > security_group_rule after_delete 55550000, False {{(pid=102025) subscribe /opt/stack/data/venv/lib/python3.12/site-packages/neutron_lib/callbacks/manager.py:52}}
Apr 02 05:53:26.849931 np0000162719 devstack@neutron-api.service[102023]: DEBUG neutron.api.extensions [None req-1f32e281-c4ec-4687-a11c-568488a5ccac None None] Loading extension file: qos_bw_limit_direction.py {{(pid=102023) _load_all_extensions_from_path /opt/stack/neutron/neutron/api/extensions.py:449}}
Apr 02 05:53:26.850000 np0000162719 devstack@neutron-api.service[102025]: DEBUG neutron_lib.callbacks.manager [None req-0a0437d1-6f79-4d3f-8dc2-a1816680a584 None None] Subscribe: > address_group after_create 55550000, False {{(pid=102025) subscribe /opt/stack/data/venv/lib/python3.12/site-packages/neutron_lib/callbacks/manager.py:52}}
Apr 02 05:53:26.850036 np0000162719 devstack@neutron-api.service[102022]: DEBUG neutron.api.extensions [None req-0c0478a7-a872-4257-898e-a7fee288abf6 None None] Ext name="Subnet belongs to an external network" alias="subnet-external-network" description="Informs if the subnet belongs to an external network" updated="2024-02-05T18:00:00-00:00" {{(pid=102022) _check_extension /opt/stack/neutron/neutron/api/extensions.py:415}}
Apr 02 05:53:26.850091 np0000162719 devstack@neutron-api.service[102025]: DEBUG neutron_lib.callbacks.manager [None req-0a0437d1-6f79-4d3f-8dc2-a1816680a584 None None] Subscribe: > address_group after_update 55550000, False {{(pid=102025) subscribe /opt/stack/data/venv/lib/python3.12/site-packages/neutron_lib/callbacks/manager.py:52}}
Apr 02 05:53:26.850148 np0000162719 devstack@neutron-api.service[102023]: DEBUG neutron.api.extensions [None req-1f32e281-c4ec-4687-a11c-568488a5ccac None None] Ext name="Direction for QoS bandwidth limit rule" alias="qos-bw-limit-direction" description="Allow to configure QoS bandwidth limit rule with specific direction: ingress or egress" updated="2017-04-10T10:00:00-00:00" {{(pid=102023) _check_extension /opt/stack/neutron/neutron/api/extensions.py:415}}
Apr 02 05:53:26.850175 np0000162719 devstack@neutron-api.service[102022]: INFO neutron.api.extensions [None req-0c0478a7-a872-4257-898e-a7fee288abf6 None None] Loaded extension: subnet-external-network
Apr 02 05:53:26.850233 np0000162719 devstack@neutron-api.service[102025]: DEBUG neutron_lib.callbacks.manager [None req-0a0437d1-6f79-4d3f-8dc2-a1816680a584 None None] Subscribe: > address_group after_delete 55550000, False {{(pid=102025) subscribe /opt/stack/data/venv/lib/python3.12/site-packages/neutron_lib/callbacks/manager.py:52}}
Apr 02 05:53:26.850268 np0000162719 devstack@neutron-api.service[102022]: DEBUG neutron.api.extensions [None req-0c0478a7-a872-4257-898e-a7fee288abf6 None None] Loading extension file: subnet_onboard.py {{(pid=102022) _load_all_extensions_from_path /opt/stack/neutron/neutron/api/extensions.py:449}}
Apr 02 05:53:26.850345 np0000162719 devstack@neutron-api.service[102023]: INFO neutron.api.extensions [None req-1f32e281-c4ec-4687-a11c-568488a5ccac None None] Extension qos-bw-limit-direction not supported by any of loaded plugins
Apr 02 05:53:26.850425 np0000162719 devstack@neutron-api.service[102025]: DEBUG neutron.plugins.ml2.ovo_rpc [None req-0a0437d1-6f79-4d3f-8dc2-a1816680a584 None None] ML2 OVO RPC backend initialized. {{(pid=102025) __init__ /opt/stack/neutron/neutron/plugins/ml2/ovo_rpc.py:117}}
Apr 02 05:53:26.850481 np0000162719 devstack@neutron-api.service[102023]: DEBUG neutron.api.extensions [None req-1f32e281-c4ec-4687-a11c-568488a5ccac None None] Loading extension file: qos_bw_minimum_ingress.py {{(pid=102023) _load_all_extensions_from_path /opt/stack/neutron/neutron/api/extensions.py:449}}
Apr 02 05:53:26.850509 np0000162719 devstack@neutron-api.service[102022]: DEBUG neutron.api.extensions [None req-0c0478a7-a872-4257-898e-a7fee288abf6 None None] Ext name="Subnet Onboard" alias="subnet_onboard" description="Provides support for onboarding subnets into subnet pools" updated="2018-12-18T09:00:00-00:00" {{(pid=102022) _check_extension /opt/stack/neutron/neutron/api/extensions.py:415}}
Apr 02 05:53:26.850568 np0000162719 devstack@neutron-api.service[102023]: DEBUG neutron.api.extensions [None req-1f32e281-c4ec-4687-a11c-568488a5ccac None None] Ext name="Ingress direction for QoS minimum bandwidth rule" alias="qos-bw-minimum-ingress" description="Allow to configure QoS minumum bandwidth rule with ingress direction." updated="2018-07-09T10:00:00-00:00" {{(pid=102023) _check_extension /opt/stack/neutron/neutron/api/extensions.py:415}}
Apr 02 05:53:26.850568 np0000162719 devstack@neutron-api.service[102023]: INFO neutron.api.extensions [None req-1f32e281-c4ec-4687-a11c-568488a5ccac None None] Extension qos-bw-minimum-ingress not supported by any of loaded plugins
Apr 02 05:53:26.850568 np0000162719 devstack@neutron-api.service[102023]: DEBUG neutron.api.extensions [None req-1f32e281-c4ec-4687-a11c-568488a5ccac None None] Loading extension file: qos_default.py {{(pid=102023) _load_all_extensions_from_path /opt/stack/neutron/neutron/api/extensions.py:449}}
Apr 02 05:53:26.850568 np0000162719 devstack@neutron-api.service[102023]: DEBUG neutron.api.extensions [None req-1f32e281-c4ec-4687-a11c-568488a5ccac None None] Ext name="QoS default policy" alias="qos-default" description="Expose the QoS default policy per project" updated="2017-041-06T10:00:00-00:00" {{(pid=102023) _check_extension /opt/stack/neutron/neutron/api/extensions.py:415}}
Apr 02 05:53:26.850568 np0000162719 devstack@neutron-api.service[102023]: INFO neutron.api.extensions [None req-1f32e281-c4ec-4687-a11c-568488a5ccac None None] Extension qos-default not supported by any of loaded plugins
Apr 02 05:53:26.850568 np0000162719 devstack@neutron-api.service[102023]: DEBUG neutron.api.extensions [None req-1f32e281-c4ec-4687-a11c-568488a5ccac None None] Loading extension file: qos_fip.py {{(pid=102023) _load_all_extensions_from_path /opt/stack/neutron/neutron/api/extensions.py:449}}
Apr 02 05:53:26.850568 np0000162719 devstack@neutron-api.service[102023]: DEBUG neutron.api.extensions [None req-1f32e281-c4ec-4687-a11c-568488a5ccac None None] Ext name="Floating IP QoS" alias="qos-fip" description="The floating IP Quality of Service extension" updated="2017-07-20T00:00:00-00:00" {{(pid=102023) _check_extension /opt/stack/neutron/neutron/api/extensions.py:415}}
Apr 02 05:53:26.850730 np0000162719 devstack@neutron-api.service[102025]: INFO neutron.quota [None req-0a0437d1-6f79-4d3f-8dc2-a1816680a584 None None] Loaded quota_driver: .
Apr 02 05:53:26.850730 np0000162719 devstack@neutron-api.service[102025]: INFO neutron.plugins.ml2.plugin [None req-0a0437d1-6f79-4d3f-8dc2-a1816680a584 None None] Modular L2 Plugin initialization complete
Apr 02 05:53:26.850868 np0000162719 devstack@neutron-api.service[102023]: INFO neutron.api.extensions [None req-1f32e281-c4ec-4687-a11c-568488a5ccac None None] Extension qos-fip not supported by any of loaded plugins
Apr 02 05:53:26.850868 np0000162719 devstack@neutron-api.service[102023]: DEBUG neutron.api.extensions [None req-1f32e281-c4ec-4687-a11c-568488a5ccac None None] Loading extension file: qos_fip_network_policy.py {{(pid=102023) _load_all_extensions_from_path /opt/stack/neutron/neutron/api/extensions.py:449}}
Apr 02 05:53:26.850985 np0000162719 devstack@neutron-api.service[102025]: DEBUG neutron.manager [None req-0a0437d1-6f79-4d3f-8dc2-a1816680a584 None None] Loading services supported by the core plugin {{(pid=102025) _load_services_from_core_plugin /opt/stack/neutron/neutron/manager.py:170}}
Apr 02 05:53:26.850985 np0000162719 devstack@neutron-api.service[102025]: INFO neutron.plugins.ml2.managers [None req-0a0437d1-6f79-4d3f-8dc2-a1816680a584 None None] Got port-security extension from driver 'port_security'
Apr 02 05:53:26.851035 np0000162719 devstack@neutron-api.service[102023]: DEBUG neutron.api.extensions [None req-1f32e281-c4ec-4687-a11c-568488a5ccac None None] Ext name="QoS floating IP network policy ID" alias="qos-fip-network-policy" description="Adds a the QoS network ID to the floating IP definition" updated="2021-11-15T10:00:00-00:00" {{(pid=102023) _check_extension /opt/stack/neutron/neutron/api/extensions.py:415}}
Apr 02 05:53:26.851035 np0000162719 devstack@neutron-api.service[102023]: INFO neutron.api.extensions [None req-1f32e281-c4ec-4687-a11c-568488a5ccac None None] Extension qos-fip-network-policy not supported by any of loaded plugins
Apr 02 05:53:26.851035 np0000162719 devstack@neutron-api.service[102023]: DEBUG neutron.api.extensions [None req-1f32e281-c4ec-4687-a11c-568488a5ccac None None] Loading extension file: qos_gateway_ip.py {{(pid=102023) _load_all_extensions_from_path /opt/stack/neutron/neutron/api/extensions.py:449}}
Apr 02 05:53:26.851158 np0000162719 devstack@neutron-api.service[102025]: DEBUG neutron.manager [None req-0a0437d1-6f79-4d3f-8dc2-a1816680a584 None None] Loading service plugins: ['ovn-router', 'auto_allocate', 'tag', 'timestamp', 'network_ip_availability', 'flavors', 'revisions'] {{(pid=102025) _load_service_plugins /opt/stack/neutron/neutron/manager.py:195}}
Apr 02 05:53:26.851158 np0000162719 devstack@neutron-api.service[102025]: INFO neutron.manager [None req-0a0437d1-6f79-4d3f-8dc2-a1816680a584 None None] Loading Plugin: ovn-router
Apr 02 05:53:26.851214 np0000162719 devstack@neutron-api.service[102023]: DEBUG neutron.api.extensions [None req-1f32e281-c4ec-4687-a11c-568488a5ccac None None] Ext name="Router gateway IP QoS" alias="qos-gateway-ip" description="The Router gateway IP Quality of Service extension" updated="2018-02-24T00:00:00-00:00" {{(pid=102023) _check_extension /opt/stack/neutron/neutron/api/extensions.py:415}}
Apr 02 05:53:26.851267 np0000162719 devstack@neutron-api.service[102022]: INFO neutron.api.extensions [None req-0c0478a7-a872-4257-898e-a7fee288abf6 None None] Extension subnet_onboard not supported by any of loaded plugins
Apr 02 05:53:26.851267 np0000162719 devstack@neutron-api.service[102022]: DEBUG neutron.api.extensions [None req-0c0478a7-a872-4257-898e-a7fee288abf6 None None] Loading extension file: subnet_segmentid_writable.py {{(pid=102022) _load_all_extensions_from_path /opt/stack/neutron/neutron/api/extensions.py:449}}
Apr 02 05:53:26.851329 np0000162719 devstack@neutron-api.service[102023]: INFO neutron.api.extensions [None req-1f32e281-c4ec-4687-a11c-568488a5ccac None None] Extension qos-gateway-ip not supported by any of loaded plugins
Apr 02 05:53:26.851329 np0000162719 devstack@neutron-api.service[102023]: DEBUG neutron.api.extensions [None req-1f32e281-c4ec-4687-a11c-568488a5ccac None None] Loading extension file: qos_port_network_policy.py {{(pid=102023) _load_all_extensions_from_path /opt/stack/neutron/neutron/api/extensions.py:449}}
Apr 02 05:53:26.851426 np0000162719 devstack@neutron-api.service[102022]: DEBUG neutron.api.extensions [None req-0c0478a7-a872-4257-898e-a7fee288abf6 None None] Ext name="Subnet SegmentID (writable)" alias="subnet-segmentid-writable" description="Provides a writable segment_id attribute for a subnet resource." updated="2018-03-12T00:00:00-00:00" {{(pid=102022) _check_extension /opt/stack/neutron/neutron/api/extensions.py:415}}
Apr 02 05:53:26.851453 np0000162719 devstack@neutron-api.service[102023]: DEBUG neutron.api.extensions [None req-1f32e281-c4ec-4687-a11c-568488a5ccac None None] Ext name="QoS port network policy ID" alias="qos-port-network-policy" description="Adds a the QoS network ID to the port definition" updated="2019-11-01T10:00:00-00:00" {{(pid=102023) _check_extension /opt/stack/neutron/neutron/api/extensions.py:415}}
Apr 02 05:53:26.851505 np0000162719 devstack@neutron-api.service[102022]: INFO neutron.api.extensions [None req-0c0478a7-a872-4257-898e-a7fee288abf6 None None] Extension subnet-segmentid-writable not supported by any of loaded plugins
Apr 02 05:53:26.851530 np0000162719 devstack@neutron-api.service[102023]: INFO neutron.api.extensions [None req-1f32e281-c4ec-4687-a11c-568488a5ccac None None] Extension qos-port-network-policy not supported by any of loaded plugins
Apr 02 05:53:26.851585 np0000162719 devstack@neutron-api.service[102022]: DEBUG neutron.api.extensions [None req-0c0478a7-a872-4257-898e-a7fee288abf6 None None] Loading extension file: subnet_service_types.py {{(pid=102022) _load_all_extensions_from_path /opt/stack/neutron/neutron/api/extensions.py:449}}
Apr 02 05:53:26.851616 np0000162719 devstack@neutron-api.service[102023]: DEBUG neutron.api.extensions [None req-1f32e281-c4ec-4687-a11c-568488a5ccac None None] Loading extension file: qos_pps_minimum_rule.py {{(pid=102023) _load_all_extensions_from_path /opt/stack/neutron/neutron/api/extensions.py:449}}
Apr 02 05:53:26.851672 np0000162719 devstack@neutron-api.service[102022]: DEBUG neutron.api.extensions [None req-0c0478a7-a872-4257-898e-a7fee288abf6 None None] Ext name="Subnet service types" alias="subnet-service-types" description="Provides ability to set the subnet service_types field" updated="2016-03-15T18:00:00-00:00" {{(pid=102022) _check_extension /opt/stack/neutron/neutron/api/extensions.py:415}}
Apr 02 05:53:26.851725 np0000162719 devstack@neutron-api.service[102023]: DEBUG neutron.api.extensions [None req-1f32e281-c4ec-4687-a11c-568488a5ccac None None] Ext name="QoS minimum packet rate rule" alias="qos-pps-minimum" description="Allow to configure QoS minimum packet rate rule." updated="2021-07-14T10:00:00-00:00" {{(pid=102023) _check_extension /opt/stack/neutron/neutron/api/extensions.py:415}}
Apr 02 05:53:26.851751 np0000162719 devstack@neutron-api.service[102022]: INFO neutron.api.extensions [None req-0c0478a7-a872-4257-898e-a7fee288abf6 None None] Loaded extension: subnet-service-types
Apr 02 05:53:26.851803 np0000162719 devstack@neutron-api.service[102023]: INFO neutron.api.extensions [None req-1f32e281-c4ec-4687-a11c-568488a5ccac None None] Extension qos-pps-minimum not supported by any of loaded plugins
Apr 02 05:53:26.851832 np0000162719 devstack@neutron-api.service[102022]: DEBUG neutron.api.extensions [None req-0c0478a7-a872-4257-898e-a7fee288abf6 None None] Loading extension file: subnetallocation.py {{(pid=102022) _load_all_extensions_from_path /opt/stack/neutron/neutron/api/extensions.py:449}}
Apr 02 05:53:26.851884 np0000162719 devstack@neutron-api.service[102023]: DEBUG neutron.api.extensions [None req-1f32e281-c4ec-4687-a11c-568488a5ccac None None] Loading extension file: qos_pps_minimum_rule_alias.py {{(pid=102023) _load_all_extensions_from_path /opt/stack/neutron/neutron/api/extensions.py:449}}
