Apr 02 05:54:01.216738 np0000162719 systemd[1]: Starting devstack@n-api-meta.service - Devstack devstack@n-api-meta.service...
Apr 02 05:54:01.232178 np0000162719 devstack@n-api-meta.service[107104]: [uWSGI] getting INI configuration from /etc/nova/nova-metadata-uwsgi.ini
Apr 02 05:54:01.232604 np0000162719 devstack@n-api-meta.service[107104]: open("./http_plugin.so"): No such file or directory [core/utils.c line 3709]
Apr 02 05:54:01.232604 np0000162719 devstack@n-api-meta.service[107104]: !!! UNABLE to load uWSGI plugin: ./http_plugin.so: cannot open shared object file: No such file or directory !!!
Apr 02 05:54:01.232604 np0000162719 devstack@n-api-meta.service[107104]: open("./python3_plugin.so"): No such file or directory [core/utils.c line 3709]
Apr 02 05:54:01.232604 np0000162719 devstack@n-api-meta.service[107104]: !!! UNABLE to load uWSGI plugin: ./python3_plugin.so: cannot open shared object file: No such file or directory !!!
Apr 02 05:54:01.232604 np0000162719 devstack@n-api-meta.service[107104]: *** Starting uWSGI 2.0.31 (64bit) on [Thu Apr 2 05:54:01 2026] ***
Apr 02 05:54:01.232604 np0000162719 devstack@n-api-meta.service[107104]: compiled with version: 13.3.0 on 02 April 2026 05:43:10
Apr 02 05:54:01.232604 np0000162719 devstack@n-api-meta.service[107104]: os: Linux-6.8.0-107-generic #107-Ubuntu SMP PREEMPT_DYNAMIC Fri Mar 13 19:51:50 UTC 2026
Apr 02 05:54:01.232604 np0000162719 devstack@n-api-meta.service[107104]: nodename: np0000162719
Apr 02 05:54:01.232604 np0000162719 devstack@n-api-meta.service[107104]: machine: x86_64
Apr 02 05:54:01.232604 np0000162719 devstack@n-api-meta.service[107104]: clock source: unix
Apr 02 05:54:01.232604 np0000162719 devstack@n-api-meta.service[107104]: pcre jit disabled
Apr 02 05:54:01.232604 np0000162719 devstack@n-api-meta.service[107104]: detected number of CPU cores: 16
Apr 02 05:54:01.232604 np0000162719 devstack@n-api-meta.service[107104]: current working directory: /
Apr 02 05:54:01.232604 np0000162719 devstack@n-api-meta.service[107104]: detected binary path: /opt/stack/data/venv/bin/uwsgi
Apr 02 05:54:01.232604 np0000162719 devstack@n-api-meta.service[107104]: your processes number limit is 256917
Apr 02 05:54:01.232604 np0000162719 devstack@n-api-meta.service[107104]: your memory page size is 4096 bytes
Apr 02 05:54:01.232604 np0000162719 devstack@n-api-meta.service[107104]: detected max file descriptor number: 2048
Apr 02 05:54:01.232604 np0000162719 devstack@n-api-meta.service[107104]: lock engine: pthread robust mutexes
Apr 02 05:54:01.232604 np0000162719 devstack@n-api-meta.service[107104]: thunder lock: enabled
Apr 02 05:54:01.233263 np0000162719 devstack@n-api-meta.service[107104]: uWSGI http bound on 0.0.0.0:8775 fd 5
Apr 02 05:54:01.233263 np0000162719 devstack@n-api-meta.service[107104]: uwsgi socket 0 bound to TCP address 127.0.0.1:39493 (port auto-assigned) fd 4
Apr 02 05:54:01.233263 np0000162719 devstack@n-api-meta.service[107104]: Python version: 3.12.3 (main, Mar 3 2026, 12:15:18) [GCC 13.3.0]
Apr 02 05:54:01.233263 np0000162719 devstack@n-api-meta.service[107104]: PEP 405 virtualenv detected: /opt/stack/data/venv
Apr 02 05:54:01.233263 np0000162719 devstack@n-api-meta.service[107104]: Set PythonHome to /opt/stack/data/venv
Apr 02 05:54:01.271435 np0000162719 devstack@n-api-meta.service[107104]: Python main interpreter initialized at 0x72a9526a3668
Apr 02 05:54:01.271435 np0000162719 devstack@n-api-meta.service[107104]: python threads support enabled
Apr 02 05:54:01.271435 np0000162719 devstack@n-api-meta.service[107104]: your server socket listen backlog is limited to 100 connections
Apr 02 05:54:01.271435 np0000162719 devstack@n-api-meta.service[107104]: your mercy for graceful operations on workers is 80 seconds
Apr 02 05:54:01.272001 np0000162719 devstack@n-api-meta.service[107104]: mapped 671795 bytes (656 KB) for 4 cores
Apr 02 05:54:01.272120 np0000162719 devstack@n-api-meta.service[107104]: *** Operational MODE: preforking ***
Apr 02 05:54:01.272398 np0000162719 devstack@n-api-meta.service[107104]: *** uWSGI is running in multiple interpreter mode ***
Apr 02 05:54:01.272398 np0000162719 devstack@n-api-meta.service[107104]: spawned uWSGI master process (pid: 107104)
Apr 02 05:54:01.272589 np0000162719 systemd[1]: Started devstack@n-api-meta.service - Devstack devstack@n-api-meta.service.
Apr 02 05:54:01.273074 np0000162719 devstack@n-api-meta.service[107104]: spawned uWSGI worker 1 (pid: 107105, cores: 1)
Apr 02 05:54:01.273485 np0000162719 devstack@n-api-meta.service[107104]: spawned uWSGI worker 2 (pid: 107106, cores: 1)
Apr 02 05:54:01.273884 np0000162719 devstack@n-api-meta.service[107104]: spawned uWSGI worker 3 (pid: 107107, cores: 1)
Apr 02 05:54:01.274310 np0000162719 devstack@n-api-meta.service[107104]: spawned uWSGI worker 4 (pid: 107108, cores: 1)
Apr 02 05:54:01.274937 np0000162719 devstack@n-api-meta.service[107104]: spawned uWSGI http 1 (pid: 107109)
Apr 02 05:54:01.274937 np0000162719 devstack@n-api-meta.service[107104]: running "unix_signal:15 gracefully_kill_them_all" (master-start)...
Apr 02 05:54:01.750628 np0000162719 devstack@n-api-meta.service[107106]: Service is starting with native threading. This is currently experimental. Do not use it in production without first testing it in pre-production.
Apr 02 05:54:01.751534 np0000162719 devstack@n-api-meta.service[107108]: Service is starting with native threading. This is currently experimental. Do not use it in production without first testing it in pre-production.
Apr 02 05:54:01.779612 np0000162719 devstack@n-api-meta.service[107105]: Service is starting with native threading. This is currently experimental. Do not use it in production without first testing it in pre-production.
Apr 02 05:54:01.800596 np0000162719 devstack@n-api-meta.service[107107]: Service is starting with native threading. This is currently experimental. Do not use it in production without first testing it in pre-production.
Apr 02 05:54:03.594677 np0000162719 devstack@n-api-meta.service[107106]: INFO dbcounter [None req-ed1bc1e5-ba6d-4c5e-8cfb-ef7b5e2db92a None None] Registered counter for database nova_api
Apr 02 05:54:03.612479 np0000162719 devstack@n-api-meta.service[107106]: DEBUG oslo_db.sqlalchemy.engines [None req-ed1bc1e5-ba6d-4c5e-8cfb-ef7b5e2db92a None None] MySQL server mode set to STRICT_TRANS_TABLES,STRICT_ALL_TABLES,NO_ZERO_IN_DATE,NO_ZERO_DATE,ERROR_FOR_DIVISION_BY_ZERO,TRADITIONAL,NO_ENGINE_SUBSTITUTION {{(pid=107106) _check_effective_sql_mode /opt/stack/data/venv/lib/python3.12/site-packages/oslo_db/sqlalchemy/engines.py:325}}
Apr 02 05:54:03.625238 np0000162719 devstack@n-api-meta.service[107108]: INFO dbcounter [None req-2ee5f28b-0179-43c1-aa89-128b7a647aba None None] Registered counter for database nova_api
Apr 02 05:54:03.644882 np0000162719 devstack@n-api-meta.service[107108]: DEBUG oslo_db.sqlalchemy.engines [None req-2ee5f28b-0179-43c1-aa89-128b7a647aba None None] MySQL server mode set to STRICT_TRANS_TABLES,STRICT_ALL_TABLES,NO_ZERO_IN_DATE,NO_ZERO_DATE,ERROR_FOR_DIVISION_BY_ZERO,TRADITIONAL,NO_ENGINE_SUBSTITUTION {{(pid=107108) _check_effective_sql_mode /opt/stack/data/venv/lib/python3.12/site-packages/oslo_db/sqlalchemy/engines.py:325}}
Apr 02 05:54:03.653386 np0000162719 devstack@n-api-meta.service[107106]: DEBUG dbcounter [-] [107106] Writer thread running {{(pid=107106) stat_writer /opt/stack/data/venv/lib/python3.12/site-packages/dbcounter.py:102}}
Apr 02 05:54:03.656157 np0000162719 devstack@n-api-meta.service[107106]: DEBUG nova.context [None req-ed1bc1e5-ba6d-4c5e-8cfb-ef7b5e2db92a None None] Found 2 cells: 00000000-0000-0000-0000-000000000000(cell0),ca708114-d96f-4722-9a14-c17bab8ef7df(cell1) {{(pid=107106) load_cells /opt/stack/nova/nova/context.py:509}}
Apr 02 05:54:03.656487 np0000162719 devstack@n-api-meta.service[107106]: INFO nova.utils [None req-ed1bc1e5-ba6d-4c5e-8cfb-ef7b5e2db92a None None] The cell worker thread pool MainProcess.cell_worker is initialized
Apr 02 05:54:03.658527 np0000162719 devstack@n-api-meta.service[107106]: DEBUG oslo_concurrency.lockutils [None req-ed1bc1e5-ba6d-4c5e-8cfb-ef7b5e2db92a None None] Acquiring lock "00000000-0000-0000-0000-000000000000" by "nova.context.set_target_cell..get_or_set_cached_cell_and_set_connections" {{(pid=107106) inner /opt/stack/data/venv/lib/python3.12/site-packages/oslo_concurrency/lockutils.py:506}}
Apr 02 05:54:03.658699 np0000162719 devstack@n-api-meta.service[107106]: DEBUG oslo_concurrency.lockutils [None req-ed1bc1e5-ba6d-4c5e-8cfb-ef7b5e2db92a None None] Lock "00000000-0000-0000-0000-000000000000" acquired by "nova.context.set_target_cell..get_or_set_cached_cell_and_set_connections" :: waited 0.000s {{(pid=107106) inner /opt/stack/data/venv/lib/python3.12/site-packages/oslo_concurrency/lockutils.py:519}}
Apr 02 05:54:03.659126 np0000162719 devstack@n-api-meta.service[107106]: DEBUG oslo_concurrency.lockutils [None req-ed1bc1e5-ba6d-4c5e-8cfb-ef7b5e2db92a None None] Lock "00000000-0000-0000-0000-000000000000" "released" by "nova.context.set_target_cell..get_or_set_cached_cell_and_set_connections" :: held 0.000s {{(pid=107106) inner /opt/stack/data/venv/lib/python3.12/site-packages/oslo_concurrency/lockutils.py:538}}
Apr 02 05:54:03.660036 np0000162719 devstack@n-api-meta.service[107106]: DEBUG oslo_concurrency.lockutils [None req-ed1bc1e5-ba6d-4c5e-8cfb-ef7b5e2db92a None None] Acquiring lock "ca708114-d96f-4722-9a14-c17bab8ef7df" by "nova.context.set_target_cell..get_or_set_cached_cell_and_set_connections" {{(pid=107106) inner /opt/stack/data/venv/lib/python3.12/site-packages/oslo_concurrency/lockutils.py:506}}
Apr 02 05:54:03.660188 np0000162719 devstack@n-api-meta.service[107106]: DEBUG oslo_concurrency.lockutils [None req-ed1bc1e5-ba6d-4c5e-8cfb-ef7b5e2db92a None None] Lock "ca708114-d96f-4722-9a14-c17bab8ef7df" acquired by "nova.context.set_target_cell..get_or_set_cached_cell_and_set_connections" :: waited 0.000s {{(pid=107106) inner /opt/stack/data/venv/lib/python3.12/site-packages/oslo_concurrency/lockutils.py:519}}
Apr 02 05:54:03.661182 np0000162719 devstack@n-api-meta.service[107106]: DEBUG oslo_concurrency.lockutils [None req-ed1bc1e5-ba6d-4c5e-8cfb-ef7b5e2db92a None None] Lock "ca708114-d96f-4722-9a14-c17bab8ef7df" "released" by "nova.context.set_target_cell..get_or_set_cached_cell_and_set_connections" :: held 0.001s {{(pid=107106) inner /opt/stack/data/venv/lib/python3.12/site-packages/oslo_concurrency/lockutils.py:538}}
Apr 02 05:54:03.664811 np0000162719 devstack@n-api-meta.service[107106]: INFO dbcounter [None req-ed1bc1e5-ba6d-4c5e-8cfb-ef7b5e2db92a None None] Registered counter for database nova_cell0
Apr 02 05:54:03.670058 np0000162719 devstack@n-api-meta.service[107106]: INFO dbcounter [None req-ed1bc1e5-ba6d-4c5e-8cfb-ef7b5e2db92a None None] Registered counter for database nova_cell1
Apr 02 05:54:03.673815 np0000162719 devstack@n-api-meta.service[107107]: INFO dbcounter [None req-ef21a48e-6c84-41e3-bdb4-36d0146c7ddf None None] Registered counter for database nova_api
Apr 02 05:54:03.690392 np0000162719 devstack@n-api-meta.service[107106]: DEBUG oslo_db.sqlalchemy.engines [None req-ed1bc1e5-ba6d-4c5e-8cfb-ef7b5e2db92a None None] MySQL server mode set to STRICT_TRANS_TABLES,STRICT_ALL_TABLES,NO_ZERO_IN_DATE,NO_ZERO_DATE,ERROR_FOR_DIVISION_BY_ZERO,TRADITIONAL,NO_ENGINE_SUBSTITUTION {{(pid=107106) _check_effective_sql_mode /opt/stack/data/venv/lib/python3.12/site-packages/oslo_db/sqlalchemy/engines.py:325}}
Apr 02 05:54:03.691649 np0000162719 devstack@n-api-meta.service[107108]: DEBUG dbcounter [-] [107108] Writer thread running {{(pid=107108) stat_writer /opt/stack/data/venv/lib/python3.12/site-packages/dbcounter.py:102}}
Apr 02 05:54:03.694670 np0000162719 devstack@n-api-meta.service[107108]: DEBUG nova.context [None req-2ee5f28b-0179-43c1-aa89-128b7a647aba None None] Found 2 cells: 00000000-0000-0000-0000-000000000000(cell0),ca708114-d96f-4722-9a14-c17bab8ef7df(cell1) {{(pid=107108) load_cells /opt/stack/nova/nova/context.py:509}}
Apr 02 05:54:03.694939 np0000162719 devstack@n-api-meta.service[107108]: INFO nova.utils [None req-2ee5f28b-0179-43c1-aa89-128b7a647aba None None] The cell worker thread pool MainProcess.cell_worker is initialized
Apr 02 05:54:03.696959 np0000162719 devstack@n-api-meta.service[107108]: DEBUG oslo_concurrency.lockutils [None req-2ee5f28b-0179-43c1-aa89-128b7a647aba None None] Acquiring lock "00000000-0000-0000-0000-000000000000" by "nova.context.set_target_cell..get_or_set_cached_cell_and_set_connections" {{(pid=107108) inner /opt/stack/data/venv/lib/python3.12/site-packages/oslo_concurrency/lockutils.py:506}}
Apr 02 05:54:03.697147 np0000162719 devstack@n-api-meta.service[107108]: DEBUG oslo_concurrency.lockutils [None req-2ee5f28b-0179-43c1-aa89-128b7a647aba None None] Lock "00000000-0000-0000-0000-000000000000" acquired by "nova.context.set_target_cell..get_or_set_cached_cell_and_set_connections" :: waited 0.000s {{(pid=107108) inner /opt/stack/data/venv/lib/python3.12/site-packages/oslo_concurrency/lockutils.py:519}}
Apr 02 05:54:03.697558 np0000162719 devstack@n-api-meta.service[107108]: DEBUG oslo_concurrency.lockutils [None req-2ee5f28b-0179-43c1-aa89-128b7a647aba None None] Lock "00000000-0000-0000-0000-000000000000" "released" by "nova.context.set_target_cell..get_or_set_cached_cell_and_set_connections" :: held 0.000s {{(pid=107108) inner /opt/stack/data/venv/lib/python3.12/site-packages/oslo_concurrency/lockutils.py:538}}
Apr 02 05:54:03.698327 np0000162719 devstack@n-api-meta.service[107108]: DEBUG oslo_concurrency.lockutils [None req-2ee5f28b-0179-43c1-aa89-128b7a647aba None None] Acquiring lock "ca708114-d96f-4722-9a14-c17bab8ef7df" by "nova.context.set_target_cell..get_or_set_cached_cell_and_set_connections" {{(pid=107108) inner /opt/stack/data/venv/lib/python3.12/site-packages/oslo_concurrency/lockutils.py:506}}
Apr 02 05:54:03.698466 np0000162719 devstack@n-api-meta.service[107108]: DEBUG oslo_concurrency.lockutils [None req-2ee5f28b-0179-43c1-aa89-128b7a647aba None None] Lock "ca708114-d96f-4722-9a14-c17bab8ef7df" acquired by "nova.context.set_target_cell..get_or_set_cached_cell_and_set_connections" :: waited 0.000s {{(pid=107108) inner /opt/stack/data/venv/lib/python3.12/site-packages/oslo_concurrency/lockutils.py:519}}
Apr 02 05:54:03.699500 np0000162719 devstack@n-api-meta.service[107108]: DEBUG oslo_concurrency.lockutils [None req-2ee5f28b-0179-43c1-aa89-128b7a647aba None None] Lock "ca708114-d96f-4722-9a14-c17bab8ef7df" "released" by "nova.context.set_target_cell..get_or_set_cached_cell_and_set_connections" :: held 0.001s {{(pid=107108) inner /opt/stack/data/venv/lib/python3.12/site-packages/oslo_concurrency/lockutils.py:538}}
Apr 02 05:54:03.702550 np0000162719 devstack@n-api-meta.service[107108]: INFO dbcounter [None req-2ee5f28b-0179-43c1-aa89-128b7a647aba None None] Registered counter for database nova_cell0
Apr 02 05:54:03.707366 np0000162719 devstack@n-api-meta.service[107106]: DEBUG oslo_db.sqlalchemy.engines [None req-ed1bc1e5-ba6d-4c5e-8cfb-ef7b5e2db92a None None] MySQL server mode set to STRICT_TRANS_TABLES,STRICT_ALL_TABLES,NO_ZERO_IN_DATE,NO_ZERO_DATE,ERROR_FOR_DIVISION_BY_ZERO,TRADITIONAL,NO_ENGINE_SUBSTITUTION {{(pid=107106) _check_effective_sql_mode /opt/stack/data/venv/lib/python3.12/site-packages/oslo_db/sqlalchemy/engines.py:325}}
Apr 02 05:54:03.708318 np0000162719 devstack@n-api-meta.service[107108]: INFO dbcounter [None req-2ee5f28b-0179-43c1-aa89-128b7a647aba None None] Registered counter for database nova_cell1
Apr 02 05:54:03.710289 np0000162719 devstack@n-api-meta.service[107107]: DEBUG oslo_db.sqlalchemy.engines [None req-ef21a48e-6c84-41e3-bdb4-36d0146c7ddf None None] MySQL server mode set to STRICT_TRANS_TABLES,STRICT_ALL_TABLES,NO_ZERO_IN_DATE,NO_ZERO_DATE,ERROR_FOR_DIVISION_BY_ZERO,TRADITIONAL,NO_ENGINE_SUBSTITUTION {{(pid=107107) _check_effective_sql_mode /opt/stack/data/venv/lib/python3.12/site-packages/oslo_db/sqlalchemy/engines.py:325}}
Apr 02 05:54:03.727577 np0000162719 devstack@n-api-meta.service[107105]: INFO dbcounter [None req-128c20f6-4001-44f6-b5e2-0fe48579ad69 None None] Registered counter for database nova_api
Apr 02 05:54:03.733131 np0000162719 devstack@n-api-meta.service[107108]: DEBUG oslo_db.sqlalchemy.engines [None req-2ee5f28b-0179-43c1-aa89-128b7a647aba None None] MySQL server mode set to STRICT_TRANS_TABLES,STRICT_ALL_TABLES,NO_ZERO_IN_DATE,NO_ZERO_DATE,ERROR_FOR_DIVISION_BY_ZERO,TRADITIONAL,NO_ENGINE_SUBSTITUTION {{(pid=107108) _check_effective_sql_mode /opt/stack/data/venv/lib/python3.12/site-packages/oslo_db/sqlalchemy/engines.py:325}}
Apr 02 05:54:03.745128 np0000162719 devstack@n-api-meta.service[107107]: DEBUG dbcounter [-] [107107] Writer thread running {{(pid=107107) stat_writer /opt/stack/data/venv/lib/python3.12/site-packages/dbcounter.py:102}}
Apr 02 05:54:03.746129 np0000162719 devstack@n-api-meta.service[107108]: DEBUG oslo_db.sqlalchemy.engines [None req-2ee5f28b-0179-43c1-aa89-128b7a647aba None None] MySQL server mode set to STRICT_TRANS_TABLES,STRICT_ALL_TABLES,NO_ZERO_IN_DATE,NO_ZERO_DATE,ERROR_FOR_DIVISION_BY_ZERO,TRADITIONAL,NO_ENGINE_SUBSTITUTION {{(pid=107108) _check_effective_sql_mode /opt/stack/data/venv/lib/python3.12/site-packages/oslo_db/sqlalchemy/engines.py:325}}
Apr 02 05:54:03.747496 np0000162719 devstack@n-api-meta.service[107107]: DEBUG nova.context [None req-ef21a48e-6c84-41e3-bdb4-36d0146c7ddf None None] Found 2 cells: 00000000-0000-0000-0000-000000000000(cell0),ca708114-d96f-4722-9a14-c17bab8ef7df(cell1) {{(pid=107107) load_cells /opt/stack/nova/nova/context.py:509}}
Apr 02 05:54:03.747765 np0000162719 devstack@n-api-meta.service[107107]: INFO nova.utils [None req-ef21a48e-6c84-41e3-bdb4-36d0146c7ddf None None] The cell worker thread pool MainProcess.cell_worker is initialized
Apr 02 05:54:03.749659 np0000162719 devstack@n-api-meta.service[107107]: DEBUG oslo_concurrency.lockutils [None req-ef21a48e-6c84-41e3-bdb4-36d0146c7ddf None None] Acquiring lock "00000000-0000-0000-0000-000000000000" by "nova.context.set_target_cell..get_or_set_cached_cell_and_set_connections" {{(pid=107107) inner /opt/stack/data/venv/lib/python3.12/site-packages/oslo_concurrency/lockutils.py:506}}
Apr 02 05:54:03.749817 np0000162719 devstack@n-api-meta.service[107107]: DEBUG oslo_concurrency.lockutils [None req-ef21a48e-6c84-41e3-bdb4-36d0146c7ddf None None] Lock "00000000-0000-0000-0000-000000000000" acquired by "nova.context.set_target_cell..get_or_set_cached_cell_and_set_connections" :: waited 0.000s {{(pid=107107) inner /opt/stack/data/venv/lib/python3.12/site-packages/oslo_concurrency/lockutils.py:519}}
Apr 02 05:54:03.750207 np0000162719 devstack@n-api-meta.service[107107]: DEBUG oslo_concurrency.lockutils [None req-ef21a48e-6c84-41e3-bdb4-36d0146c7ddf None None] Lock "00000000-0000-0000-0000-000000000000" "released" by "nova.context.set_target_cell..get_or_set_cached_cell_and_set_connections" :: held 0.000s {{(pid=107107) inner /opt/stack/data/venv/lib/python3.12/site-packages/oslo_concurrency/lockutils.py:538}}
Apr 02 05:54:03.751050 np0000162719 devstack@n-api-meta.service[107107]: DEBUG oslo_concurrency.lockutils [None req-ef21a48e-6c84-41e3-bdb4-36d0146c7ddf None None] Acquiring lock "ca708114-d96f-4722-9a14-c17bab8ef7df" by "nova.context.set_target_cell..get_or_set_cached_cell_and_set_connections" {{(pid=107107) inner /opt/stack/data/venv/lib/python3.12/site-packages/oslo_concurrency/lockutils.py:506}}
Apr 02 05:54:03.751255 np0000162719 devstack@n-api-meta.service[107107]: DEBUG oslo_concurrency.lockutils [None req-ef21a48e-6c84-41e3-bdb4-36d0146c7ddf None None] Lock "ca708114-d96f-4722-9a14-c17bab8ef7df" acquired by "nova.context.set_target_cell..get_or_set_cached_cell_and_set_connections" :: waited 0.000s {{(pid=107107) inner /opt/stack/data/venv/lib/python3.12/site-packages/oslo_concurrency/lockutils.py:519}}
Apr 02 05:54:03.752022 np0000162719 devstack@n-api-meta.service[107107]: DEBUG oslo_concurrency.lockutils [None req-ef21a48e-6c84-41e3-bdb4-36d0146c7ddf None None] Lock "ca708114-d96f-4722-9a14-c17bab8ef7df" "released" by "nova.context.set_target_cell..get_or_set_cached_cell_and_set_connections" :: held 0.001s {{(pid=107107) inner /opt/stack/data/venv/lib/python3.12/site-packages/oslo_concurrency/lockutils.py:538}}
Apr 02 05:54:03.754943 np0000162719 devstack@n-api-meta.service[107107]: INFO dbcounter [None req-ef21a48e-6c84-41e3-bdb4-36d0146c7ddf None None] Registered counter for database nova_cell0
Apr 02 05:54:03.761855 np0000162719 devstack@n-api-meta.service[107107]: INFO dbcounter [None req-ef21a48e-6c84-41e3-bdb4-36d0146c7ddf None None] Registered counter for database nova_cell1
Apr 02 05:54:03.763401 np0000162719 devstack@n-api-meta.service[107105]: DEBUG oslo_db.sqlalchemy.engines [None req-128c20f6-4001-44f6-b5e2-0fe48579ad69 None None] MySQL server mode set to STRICT_TRANS_TABLES,STRICT_ALL_TABLES,NO_ZERO_IN_DATE,NO_ZERO_DATE,ERROR_FOR_DIVISION_BY_ZERO,TRADITIONAL,NO_ENGINE_SUBSTITUTION {{(pid=107105) _check_effective_sql_mode /opt/stack/data/venv/lib/python3.12/site-packages/oslo_db/sqlalchemy/engines.py:325}}
Apr 02 05:54:03.781202 np0000162719 devstack@n-api-meta.service[107107]: DEBUG oslo_db.sqlalchemy.engines [None req-ef21a48e-6c84-41e3-bdb4-36d0146c7ddf None None] MySQL server mode set to STRICT_TRANS_TABLES,STRICT_ALL_TABLES,NO_ZERO_IN_DATE,NO_ZERO_DATE,ERROR_FOR_DIVISION_BY_ZERO,TRADITIONAL,NO_ENGINE_SUBSTITUTION {{(pid=107107) _check_effective_sql_mode /opt/stack/data/venv/lib/python3.12/site-packages/oslo_db/sqlalchemy/engines.py:325}}
Apr 02 05:54:03.785918 np0000162719 devstack@n-api-meta.service[107107]: DEBUG oslo_db.sqlalchemy.engines [None req-ef21a48e-6c84-41e3-bdb4-36d0146c7ddf None None] MySQL server mode set to STRICT_TRANS_TABLES,STRICT_ALL_TABLES,NO_ZERO_IN_DATE,NO_ZERO_DATE,ERROR_FOR_DIVISION_BY_ZERO,TRADITIONAL,NO_ENGINE_SUBSTITUTION {{(pid=107107) _check_effective_sql_mode /opt/stack/data/venv/lib/python3.12/site-packages/oslo_db/sqlalchemy/engines.py:325}}
Apr 02 05:54:03.800631 np0000162719 devstack@n-api-meta.service[107106]: DEBUG dbcounter [-] [107106] Writer thread running {{(pid=107106) stat_writer /opt/stack/data/venv/lib/python3.12/site-packages/dbcounter.py:102}}
Apr 02 05:54:03.807620 np0000162719 devstack@n-api-meta.service[107105]: DEBUG dbcounter [-] [107105] Writer thread running {{(pid=107105) stat_writer /opt/stack/data/venv/lib/python3.12/site-packages/dbcounter.py:102}}
Apr 02 05:54:03.809092 np0000162719 devstack@n-api-meta.service[107106]: DEBUG dbcounter [-] [107106] Writer thread running {{(pid=107106) stat_writer /opt/stack/data/venv/lib/python3.12/site-packages/dbcounter.py:102}}
Apr 02 05:54:03.810997 np0000162719 devstack@n-api-meta.service[107105]: DEBUG nova.context [None req-128c20f6-4001-44f6-b5e2-0fe48579ad69 None None] Found 2 cells: 00000000-0000-0000-0000-000000000000(cell0),ca708114-d96f-4722-9a14-c17bab8ef7df(cell1) {{(pid=107105) load_cells /opt/stack/nova/nova/context.py:509}}
Apr 02 05:54:03.811261 np0000162719 devstack@n-api-meta.service[107105]: INFO nova.utils [None req-128c20f6-4001-44f6-b5e2-0fe48579ad69 None None] The cell worker thread pool MainProcess.cell_worker is initialized
Apr 02 05:54:03.813423 np0000162719 devstack@n-api-meta.service[107105]: DEBUG oslo_concurrency.lockutils [None req-128c20f6-4001-44f6-b5e2-0fe48579ad69 None None] Acquiring lock "00000000-0000-0000-0000-000000000000" by "nova.context.set_target_cell..get_or_set_cached_cell_and_set_connections" {{(pid=107105) inner /opt/stack/data/venv/lib/python3.12/site-packages/oslo_concurrency/lockutils.py:506}}
Apr 02 05:54:03.813644 np0000162719 devstack@n-api-meta.service[107105]: DEBUG oslo_concurrency.lockutils [None req-128c20f6-4001-44f6-b5e2-0fe48579ad69 None None] Lock "00000000-0000-0000-0000-000000000000" acquired by "nova.context.set_target_cell..get_or_set_cached_cell_and_set_connections" :: waited 0.000s {{(pid=107105) inner /opt/stack/data/venv/lib/python3.12/site-packages/oslo_concurrency/lockutils.py:519}}
Apr 02 05:54:03.814189 np0000162719 devstack@n-api-meta.service[107105]: DEBUG oslo_concurrency.lockutils [None req-128c20f6-4001-44f6-b5e2-0fe48579ad69 None None] Lock "00000000-0000-0000-0000-000000000000" "released" by "nova.context.set_target_cell..get_or_set_cached_cell_and_set_connections" :: held 0.001s {{(pid=107105) inner /opt/stack/data/venv/lib/python3.12/site-packages/oslo_concurrency/lockutils.py:538}}
Apr 02 05:54:03.814806 np0000162719 devstack@n-api-meta.service[107106]: INFO dbcounter [None req-ed1bc1e5-ba6d-4c5e-8cfb-ef7b5e2db92a None None] Registered counter for database nova_cell0
Apr 02 05:54:03.815221 np0000162719 devstack@n-api-meta.service[107105]: DEBUG oslo_concurrency.lockutils [None req-128c20f6-4001-44f6-b5e2-0fe48579ad69 None None] Acquiring lock "ca708114-d96f-4722-9a14-c17bab8ef7df" by "nova.context.set_target_cell..get_or_set_cached_cell_and_set_connections" {{(pid=107105) inner /opt/stack/data/venv/lib/python3.12/site-packages/oslo_concurrency/lockutils.py:506}}
Apr 02 05:54:03.815399 np0000162719 devstack@n-api-meta.service[107105]: DEBUG oslo_concurrency.lockutils [None req-128c20f6-4001-44f6-b5e2-0fe48579ad69 None None] Lock "ca708114-d96f-4722-9a14-c17bab8ef7df" acquired by "nova.context.set_target_cell..get_or_set_cached_cell_and_set_connections" :: waited 0.000s {{(pid=107105) inner /opt/stack/data/venv/lib/python3.12/site-packages/oslo_concurrency/lockutils.py:519}}
Apr 02 05:54:03.816658 np0000162719 devstack@n-api-meta.service[107105]: DEBUG oslo_concurrency.lockutils [None req-128c20f6-4001-44f6-b5e2-0fe48579ad69 None None] Lock "ca708114-d96f-4722-9a14-c17bab8ef7df" "released" by "nova.context.set_target_cell..get_or_set_cached_cell_and_set_connections" :: held 0.001s {{(pid=107105) inner /opt/stack/data/venv/lib/python3.12/site-packages/oslo_concurrency/lockutils.py:538}}
Apr 02 05:54:03.820524 np0000162719 devstack@n-api-meta.service[107105]: INFO dbcounter [None req-128c20f6-4001-44f6-b5e2-0fe48579ad69 None None] Registered counter for database nova_cell0
Apr 02 05:54:03.826366 np0000162719 devstack@n-api-meta.service[107105]: INFO dbcounter [None req-128c20f6-4001-44f6-b5e2-0fe48579ad69 None None] Registered counter for database nova_cell1
Apr 02 05:54:03.826620 np0000162719 devstack@n-api-meta.service[107106]: DEBUG oslo_db.sqlalchemy.engines [None req-ed1bc1e5-ba6d-4c5e-8cfb-ef7b5e2db92a None None] MySQL server mode set to STRICT_TRANS_TABLES,STRICT_ALL_TABLES,NO_ZERO_IN_DATE,NO_ZERO_DATE,ERROR_FOR_DIVISION_BY_ZERO,TRADITIONAL,NO_ENGINE_SUBSTITUTION {{(pid=107106) _check_effective_sql_mode /opt/stack/data/venv/lib/python3.12/site-packages/oslo_db/sqlalchemy/engines.py:325}}
Apr 02 05:54:03.837553 np0000162719 devstack@n-api-meta.service[107106]: DEBUG dbcounter [-] [107106] Writer thread running {{(pid=107106) stat_writer /opt/stack/data/venv/lib/python3.12/site-packages/dbcounter.py:102}}
Apr 02 05:54:03.853720 np0000162719 devstack@n-api-meta.service[107105]: DEBUG oslo_db.sqlalchemy.engines [None req-128c20f6-4001-44f6-b5e2-0fe48579ad69 None None] MySQL server mode set to STRICT_TRANS_TABLES,STRICT_ALL_TABLES,NO_ZERO_IN_DATE,NO_ZERO_DATE,ERROR_FOR_DIVISION_BY_ZERO,TRADITIONAL,NO_ENGINE_SUBSTITUTION {{(pid=107105) _check_effective_sql_mode /opt/stack/data/venv/lib/python3.12/site-packages/oslo_db/sqlalchemy/engines.py:325}}
Apr 02 05:54:03.863031 np0000162719 devstack@n-api-meta.service[107108]: DEBUG dbcounter [-] [107108] Writer thread running {{(pid=107108) stat_writer /opt/stack/data/venv/lib/python3.12/site-packages/dbcounter.py:102}}
Apr 02 05:54:03.863895 np0000162719 devstack@n-api-meta.service[107108]: DEBUG dbcounter [-] [107108] Writer thread running {{(pid=107108) stat_writer /opt/stack/data/venv/lib/python3.12/site-packages/dbcounter.py:102}}
Apr 02 05:54:03.872795 np0000162719 devstack@n-api-meta.service[107105]: DEBUG oslo_db.sqlalchemy.engines [None req-128c20f6-4001-44f6-b5e2-0fe48579ad69 None None] MySQL server mode set to STRICT_TRANS_TABLES,STRICT_ALL_TABLES,NO_ZERO_IN_DATE,NO_ZERO_DATE,ERROR_FOR_DIVISION_BY_ZERO,TRADITIONAL,NO_ENGINE_SUBSTITUTION {{(pid=107105) _check_effective_sql_mode /opt/stack/data/venv/lib/python3.12/site-packages/oslo_db/sqlalchemy/engines.py:325}}
Apr 02 05:54:03.875922 np0000162719 devstack@n-api-meta.service[107108]: INFO dbcounter [None req-2ee5f28b-0179-43c1-aa89-128b7a647aba None None] Registered counter for database nova_cell0
Apr 02 05:54:03.891419 np0000162719 devstack@n-api-meta.service[107108]: DEBUG oslo_db.sqlalchemy.engines [None req-2ee5f28b-0179-43c1-aa89-128b7a647aba None None] MySQL server mode set to STRICT_TRANS_TABLES,STRICT_ALL_TABLES,NO_ZERO_IN_DATE,NO_ZERO_DATE,ERROR_FOR_DIVISION_BY_ZERO,TRADITIONAL,NO_ENGINE_SUBSTITUTION {{(pid=107108) _check_effective_sql_mode /opt/stack/data/venv/lib/python3.12/site-packages/oslo_db/sqlalchemy/engines.py:325}}
Apr 02 05:54:03.899424 np0000162719 devstack@n-api-meta.service[107106]: WARNING nova.api.metadata.handler [None req-ed1bc1e5-ba6d-4c5e-8cfb-ef7b5e2db92a None None] metadata_proxy_shared_secret is not configured, the metadata information returned by the proxy cannot be trusted
Apr 02 05:54:03.901887 np0000162719 devstack@n-api-meta.service[107108]: DEBUG dbcounter [-] [107108] Writer thread running {{(pid=107108) stat_writer /opt/stack/data/venv/lib/python3.12/site-packages/dbcounter.py:102}}
Apr 02 05:54:03.902678 np0000162719 devstack@n-api-meta.service[107106]: DEBUG nova.api.openstack.wsgi_app [None req-ed1bc1e5-ba6d-4c5e-8cfb-ef7b5e2db92a None None] ******************************************************************************** {{(pid=107106) log_opt_values /opt/stack/data/venv/lib/python3.12/site-packages/oslo_config/cfg.py:2979}}
Apr 02 05:54:03.902861 np0000162719 devstack@n-api-meta.service[107106]: DEBUG nova.api.openstack.wsgi_app [None req-ed1bc1e5-ba6d-4c5e-8cfb-ef7b5e2db92a None None] Configuration options gathered from: {{(pid=107106) log_opt_values /opt/stack/data/venv/lib/python3.12/site-packages/oslo_config/cfg.py:2980}}
Apr 02 05:54:03.903044 np0000162719 devstack@n-api-meta.service[107106]: DEBUG nova.api.openstack.wsgi_app [None req-ed1bc1e5-ba6d-4c5e-8cfb-ef7b5e2db92a None None] command line args: [] {{(pid=107106) log_opt_values /opt/stack/data/venv/lib/python3.12/site-packages/oslo_config/cfg.py:2981}}
Apr 02 05:54:03.903281 np0000162719 devstack@n-api-meta.service[107106]: DEBUG nova.api.openstack.wsgi_app [None req-ed1bc1e5-ba6d-4c5e-8cfb-ef7b5e2db92a None None] config files: ['/etc/nova/api-paste.ini', '/etc/nova/nova.conf'] {{(pid=107106) log_opt_values /opt/stack/data/venv/lib/python3.12/site-packages/oslo_config/cfg.py:2982}}
Apr 02 05:54:03.903433 np0000162719 devstack@n-api-meta.service[107106]: DEBUG nova.api.openstack.wsgi_app [None req-ed1bc1e5-ba6d-4c5e-8cfb-ef7b5e2db92a None None] ================================================================================ {{(pid=107106) log_opt_values /opt/stack/data/venv/lib/python3.12/site-packages/oslo_config/cfg.py:2987}}
Apr 02 05:54:03.903694 np0000162719 devstack@n-api-meta.service[107106]: DEBUG nova.api.openstack.wsgi_app [None req-ed1bc1e5-ba6d-4c5e-8cfb-ef7b5e2db92a None None] allow_resize_to_same_host = True {{(pid=107106) log_opt_values /opt/stack/data/venv/lib/python3.12/site-packages/oslo_config/cfg.py:2995}}
Apr 02 05:54:03.903892 np0000162719 devstack@n-api-meta.service[107106]: DEBUG nova.api.openstack.wsgi_app [None req-ed1bc1e5-ba6d-4c5e-8cfb-ef7b5e2db92a None None] arq_binding_timeout = 300 {{(pid=107106) log_opt_values /opt/stack/data/venv/lib/python3.12/site-packages/oslo_config/cfg.py:2995}}
Apr 02 05:54:03.904092 np0000162719 devstack@n-api-meta.service[107106]: DEBUG nova.api.openstack.wsgi_app [None req-ed1bc1e5-ba6d-4c5e-8cfb-ef7b5e2db92a None None] block_device_allocate_retries = 60 {{(pid=107106) log_opt_values /opt/stack/data/venv/lib/python3.12/site-packages/oslo_config/cfg.py:2995}}
Apr 02 05:54:03.904281 np0000162719 devstack@n-api-meta.service[107106]: DEBUG nova.api.openstack.wsgi_app [None req-ed1bc1e5-ba6d-4c5e-8cfb-ef7b5e2db92a None None] block_device_allocate_retries_interval = 3 {{(pid=107106) log_opt_values /opt/stack/data/venv/lib/python3.12/site-packages/oslo_config/cfg.py:2995}}
Apr 02 05:54:03.904474 np0000162719 devstack@n-api-meta.service[107106]: DEBUG nova.api.openstack.wsgi_app [None req-ed1bc1e5-ba6d-4c5e-8cfb-ef7b5e2db92a None None] cell_worker_thread_pool_size = 5 {{(pid=107106) log_opt_values /opt/stack/data/venv/lib/python3.12/site-packages/oslo_config/cfg.py:2995}}
Apr 02 05:54:03.904722 np0000162719 devstack@n-api-meta.service[107106]: DEBUG nova.api.openstack.wsgi_app [None req-ed1bc1e5-ba6d-4c5e-8cfb-ef7b5e2db92a None None] cert = self.pem {{(pid=107106) log_opt_values /opt/stack/data/venv/lib/python3.12/site-packages/oslo_config/cfg.py:2995}}
Apr 02 05:54:03.904919 np0000162719 devstack@n-api-meta.service[107106]: DEBUG nova.api.openstack.wsgi_app [None req-ed1bc1e5-ba6d-4c5e-8cfb-ef7b5e2db92a None None] compute_driver = libvirt.LibvirtDriver {{(pid=107106) log_opt_values /opt/stack/data/venv/lib/python3.12/site-packages/oslo_config/cfg.py:2995}}
Apr 02 05:54:03.905145 np0000162719 devstack@n-api-meta.service[107106]: DEBUG nova.api.openstack.wsgi_app [None req-ed1bc1e5-ba6d-4c5e-8cfb-ef7b5e2db92a None None] compute_monitors = [] {{(pid=107106) log_opt_values /opt/stack/data/venv/lib/python3.12/site-packages/oslo_config/cfg.py:2995}}
Apr 02 05:54:03.905338 np0000162719 devstack@n-api-meta.service[107106]: DEBUG nova.api.openstack.wsgi_app [None req-ed1bc1e5-ba6d-4c5e-8cfb-ef7b5e2db92a None None] config_dir = [] {{(pid=107106) log_opt_values /opt/stack/data/venv/lib/python3.12/site-packages/oslo_config/cfg.py:2995}}
Apr 02 05:54:03.905542 np0000162719 devstack@n-api-meta.service[107106]: DEBUG nova.api.openstack.wsgi_app [None req-ed1bc1e5-ba6d-4c5e-8cfb-ef7b5e2db92a None None] config_drive_format = iso9660 {{(pid=107106) log_opt_values /opt/stack/data/venv/lib/python3.12/site-packages/oslo_config/cfg.py:2995}}
Apr 02 05:54:03.905720 np0000162719 devstack@n-api-meta.service[107106]: DEBUG nova.api.openstack.wsgi_app [None req-ed1bc1e5-ba6d-4c5e-8cfb-ef7b5e2db92a None None] config_file = ['/etc/nova/api-paste.ini', '/etc/nova/nova.conf'] {{(pid=107106) log_opt_values /opt/stack/data/venv/lib/python3.12/site-packages/oslo_config/cfg.py:2995}}
Apr 02 05:54:03.905916 np0000162719 devstack@n-api-meta.service[107106]: DEBUG nova.api.openstack.wsgi_app [None req-ed1bc1e5-ba6d-4c5e-8cfb-ef7b5e2db92a None None] config_source = [] {{(pid=107106) log_opt_values /opt/stack/data/venv/lib/python3.12/site-packages/oslo_config/cfg.py:2995}}
Apr 02 05:54:03.906149 np0000162719 devstack@n-api-meta.service[107106]: DEBUG nova.api.openstack.wsgi_app [None req-ed1bc1e5-ba6d-4c5e-8cfb-ef7b5e2db92a None None] console_host = np0000162719 {{(pid=107106) log_opt_values /opt/stack/data/venv/lib/python3.12/site-packages/oslo_config/cfg.py:2995}}
Apr 02 05:54:03.906366 np0000162719 devstack@n-api-meta.service[107106]: DEBUG nova.api.openstack.wsgi_app [None req-ed1bc1e5-ba6d-4c5e-8cfb-ef7b5e2db92a None None] control_exchange = nova {{(pid=107106) log_opt_values /opt/stack/data/venv/lib/python3.12/site-packages/oslo_config/cfg.py:2995}}
Apr 02 05:54:03.906581 np0000162719 devstack@n-api-meta.service[107106]: DEBUG nova.api.openstack.wsgi_app [None req-ed1bc1e5-ba6d-4c5e-8cfb-ef7b5e2db92a None None] cpu_allocation_ratio = None {{(pid=107106) log_opt_values /opt/stack/data/venv/lib/python3.12/site-packages/oslo_config/cfg.py:2995}}
Apr 02 05:54:03.906772 np0000162719 devstack@n-api-meta.service[107106]: DEBUG nova.api.openstack.wsgi_app [None req-ed1bc1e5-ba6d-4c5e-8cfb-ef7b5e2db92a None None] daemon = False {{(pid=107106) log_opt_values /opt/stack/data/venv/lib/python3.12/site-packages/oslo_config/cfg.py:2995}}
Apr 02 05:54:03.906986 np0000162719 devstack@n-api-meta.service[107106]: DEBUG nova.api.openstack.wsgi_app [None req-ed1bc1e5-ba6d-4c5e-8cfb-ef7b5e2db92a None None] debug = True {{(pid=107106) log_opt_values /opt/stack/data/venv/lib/python3.12/site-packages/oslo_config/cfg.py:2995}}
Apr 02 05:54:03.907188 np0000162719 devstack@n-api-meta.service[107106]: DEBUG nova.api.openstack.wsgi_app [None req-ed1bc1e5-ba6d-4c5e-8cfb-ef7b5e2db92a None None] default_access_ip_network_name = None {{(pid=107106) log_opt_values /opt/stack/data/venv/lib/python3.12/site-packages/oslo_config/cfg.py:2995}}
Apr 02 05:54:03.907359 np0000162719 devstack@n-api-meta.service[107107]: DEBUG dbcounter [-] [107107] Writer thread running {{(pid=107107) stat_writer /opt/stack/data/venv/lib/python3.12/site-packages/dbcounter.py:102}}
Apr 02 05:54:03.907417 np0000162719 devstack@n-api-meta.service[107106]: DEBUG nova.api.openstack.wsgi_app [None req-ed1bc1e5-ba6d-4c5e-8cfb-ef7b5e2db92a None None] default_availability_zone = nova {{(pid=107106) log_opt_values /opt/stack/data/venv/lib/python3.12/site-packages/oslo_config/cfg.py:2995}}
Apr 02 05:54:03.907600 np0000162719 devstack@n-api-meta.service[107106]: DEBUG nova.api.openstack.wsgi_app [None req-ed1bc1e5-ba6d-4c5e-8cfb-ef7b5e2db92a None None] default_ephemeral_format = ext4 {{(pid=107106) log_opt_values /opt/stack/data/venv/lib/python3.12/site-packages/oslo_config/cfg.py:2995}}
Apr 02 05:54:03.907805 np0000162719 devstack@n-api-meta.service[107106]: DEBUG nova.api.openstack.wsgi_app [None req-ed1bc1e5-ba6d-4c5e-8cfb-ef7b5e2db92a None None] default_green_pool_size = 1000 {{(pid=107106) log_opt_values /opt/stack/data/venv/lib/python3.12/site-packages/oslo_config/cfg.py:2995}}
Apr 02 05:54:03.908152 np0000162719 devstack@n-api-meta.service[107106]: DEBUG nova.api.openstack.wsgi_app [None req-ed1bc1e5-ba6d-4c5e-8cfb-ef7b5e2db92a None None] default_log_levels = ['amqp=WARN', 'boto=WARN', 'sqlalchemy=WARN', 'suds=INFO', 'oslo.messaging=INFO', 'oslo_messaging=INFO', 'iso8601=WARN', 'requests.packages.urllib3.connectionpool=WARN', 'urllib3.connectionpool=WARN', 'websocket=WARN', 'requests.packages.urllib3.util.retry=WARN', 'urllib3.util.retry=WARN', 'keystonemiddleware=WARN', 'routes.middleware=WARN', 'stevedore=WARN', 'taskflow=WARN', 'keystoneauth=WARN', 'oslo.cache=INFO', 'oslo_policy=INFO', 'dogpile.core.dogpile=INFO', 'glanceclient=WARN', 'oslo.privsep.daemon=INFO'] {{(pid=107106) log_opt_values /opt/stack/data/venv/lib/python3.12/site-packages/oslo_config/cfg.py:2995}}
Apr 02 05:54:03.908355 np0000162719 devstack@n-api-meta.service[107106]: DEBUG nova.api.openstack.wsgi_app [None req-ed1bc1e5-ba6d-4c5e-8cfb-ef7b5e2db92a None None] default_schedule_zone = None {{(pid=107106) log_opt_values /opt/stack/data/venv/lib/python3.12/site-packages/oslo_config/cfg.py:2995}}
Apr 02 05:54:03.908571 np0000162719 devstack@n-api-meta.service[107106]: DEBUG nova.api.openstack.wsgi_app [None req-ed1bc1e5-ba6d-4c5e-8cfb-ef7b5e2db92a None None] default_thread_pool_size = 10 {{(pid=107106) log_opt_values /opt/stack/data/venv/lib/python3.12/site-packages/oslo_config/cfg.py:2995}}
Apr 02 05:54:03.908763 np0000162719 devstack@n-api-meta.service[107106]: DEBUG nova.api.openstack.wsgi_app [None req-ed1bc1e5-ba6d-4c5e-8cfb-ef7b5e2db92a None None] disk_allocation_ratio = None {{(pid=107106) log_opt_values /opt/stack/data/venv/lib/python3.12/site-packages/oslo_config/cfg.py:2995}}
Apr 02 05:54:03.908950 np0000162719 devstack@n-api-meta.service[107106]: DEBUG nova.api.openstack.wsgi_app [None req-ed1bc1e5-ba6d-4c5e-8cfb-ef7b5e2db92a None None] enable_new_services = True {{(pid=107106) log_opt_values /opt/stack/data/venv/lib/python3.12/site-packages/oslo_config/cfg.py:2995}}
Apr 02 05:54:03.909180 np0000162719 devstack@n-api-meta.service[107106]: DEBUG nova.api.openstack.wsgi_app [None req-ed1bc1e5-ba6d-4c5e-8cfb-ef7b5e2db92a None None] flat_injected = False {{(pid=107106) log_opt_values /opt/stack/data/venv/lib/python3.12/site-packages/oslo_config/cfg.py:2995}}
Apr 02 05:54:03.909377 np0000162719 devstack@n-api-meta.service[107106]: DEBUG nova.api.openstack.wsgi_app [None req-ed1bc1e5-ba6d-4c5e-8cfb-ef7b5e2db92a None None] force_config_drive = False {{(pid=107106) log_opt_values /opt/stack/data/venv/lib/python3.12/site-packages/oslo_config/cfg.py:2995}}
Apr 02 05:54:03.909476 np0000162719 devstack@n-api-meta.service[107107]: DEBUG dbcounter [-] [107107] Writer thread running {{(pid=107107) stat_writer /opt/stack/data/venv/lib/python3.12/site-packages/dbcounter.py:102}}
Apr 02 05:54:03.909593 np0000162719 devstack@n-api-meta.service[107106]: DEBUG nova.api.openstack.wsgi_app [None req-ed1bc1e5-ba6d-4c5e-8cfb-ef7b5e2db92a None None] force_raw_images = True {{(pid=107106) log_opt_values /opt/stack/data/venv/lib/python3.12/site-packages/oslo_config/cfg.py:2995}}
Apr 02 05:54:03.909812 np0000162719 devstack@n-api-meta.service[107106]: DEBUG nova.api.openstack.wsgi_app [None req-ed1bc1e5-ba6d-4c5e-8cfb-ef7b5e2db92a None None] graceful_shutdown_timeout = 5 {{(pid=107106) log_opt_values /opt/stack/data/venv/lib/python3.12/site-packages/oslo_config/cfg.py:2995}}
Apr 02 05:54:03.910046 np0000162719 devstack@n-api-meta.service[107106]: DEBUG nova.api.openstack.wsgi_app [None req-ed1bc1e5-ba6d-4c5e-8cfb-ef7b5e2db92a None None] heal_instance_info_cache_interval = -1 {{(pid=107106) log_opt_values /opt/stack/data/venv/lib/python3.12/site-packages/oslo_config/cfg.py:2995}}
Apr 02 05:54:03.910368 np0000162719 devstack@n-api-meta.service[107106]: DEBUG nova.api.openstack.wsgi_app [None req-ed1bc1e5-ba6d-4c5e-8cfb-ef7b5e2db92a None None] host = np0000162719 {{(pid=107106) log_opt_values /opt/stack/data/venv/lib/python3.12/site-packages/oslo_config/cfg.py:2995}}
Apr 02 05:54:03.910580 np0000162719 devstack@n-api-meta.service[107106]: DEBUG nova.api.openstack.wsgi_app [None req-ed1bc1e5-ba6d-4c5e-8cfb-ef7b5e2db92a None None] initial_cpu_allocation_ratio = 4.0 {{(pid=107106) log_opt_values /opt/stack/data/venv/lib/python3.12/site-packages/oslo_config/cfg.py:2995}}
Apr 02 05:54:03.910793 np0000162719 devstack@n-api-meta.service[107106]: DEBUG nova.api.openstack.wsgi_app [None req-ed1bc1e5-ba6d-4c5e-8cfb-ef7b5e2db92a None None] initial_disk_allocation_ratio = 1.0 {{(pid=107106) log_opt_values /opt/stack/data/venv/lib/python3.12/site-packages/oslo_config/cfg.py:2995}}
Apr 02 05:54:03.910991 np0000162719 devstack@n-api-meta.service[107106]: DEBUG nova.api.openstack.wsgi_app [None req-ed1bc1e5-ba6d-4c5e-8cfb-ef7b5e2db92a None None] initial_ram_allocation_ratio = 1.0 {{(pid=107106) log_opt_values /opt/stack/data/venv/lib/python3.12/site-packages/oslo_config/cfg.py:2995}}
Apr 02 05:54:03.911275 np0000162719 devstack@n-api-meta.service[107106]: DEBUG nova.api.openstack.wsgi_app [None req-ed1bc1e5-ba6d-4c5e-8cfb-ef7b5e2db92a None None] injected_network_template = /opt/stack/nova/nova/virt/interfaces.template {{(pid=107106) log_opt_values /opt/stack/data/venv/lib/python3.12/site-packages/oslo_config/cfg.py:2995}}
Apr 02 05:54:03.911478 np0000162719 devstack@n-api-meta.service[107106]: DEBUG nova.api.openstack.wsgi_app [None req-ed1bc1e5-ba6d-4c5e-8cfb-ef7b5e2db92a None None] instance_build_timeout = 0 {{(pid=107106) log_opt_values /opt/stack/data/venv/lib/python3.12/site-packages/oslo_config/cfg.py:2995}}
Apr 02 05:54:03.911655 np0000162719 devstack@n-api-meta.service[107106]: DEBUG nova.api.openstack.wsgi_app [None req-ed1bc1e5-ba6d-4c5e-8cfb-ef7b5e2db92a None None] instance_delete_interval = 300 {{(pid=107106) log_opt_values /opt/stack/data/venv/lib/python3.12/site-packages/oslo_config/cfg.py:2995}}
Apr 02 05:54:03.911848 np0000162719 devstack@n-api-meta.service[107106]: DEBUG nova.api.openstack.wsgi_app [None req-ed1bc1e5-ba6d-4c5e-8cfb-ef7b5e2db92a None None] instance_format = [instance: %(uuid)s] {{(pid=107106) log_opt_values /opt/stack/data/venv/lib/python3.12/site-packages/oslo_config/cfg.py:2995}}
Apr 02 05:54:03.912116 np0000162719 devstack@n-api-meta.service[107106]: DEBUG nova.api.openstack.wsgi_app [None req-ed1bc1e5-ba6d-4c5e-8cfb-ef7b5e2db92a None None] instance_name_template = instance-%08x {{(pid=107106) log_opt_values /opt/stack/data/venv/lib/python3.12/site-packages/oslo_config/cfg.py:2995}}
Apr 02 05:54:03.912318 np0000162719 devstack@n-api-meta.service[107106]: DEBUG nova.api.openstack.wsgi_app [None req-ed1bc1e5-ba6d-4c5e-8cfb-ef7b5e2db92a None None] instance_usage_audit = False {{(pid=107106) log_opt_values /opt/stack/data/venv/lib/python3.12/site-packages/oslo_config/cfg.py:2995}}
Apr 02 05:54:03.912583 np0000162719 devstack@n-api-meta.service[107106]: DEBUG nova.api.openstack.wsgi_app [None req-ed1bc1e5-ba6d-4c5e-8cfb-ef7b5e2db92a None None] instance_usage_audit_period = month {{(pid=107106) log_opt_values /opt/stack/data/venv/lib/python3.12/site-packages/oslo_config/cfg.py:2995}}
Apr 02 05:54:03.912798 np0000162719 devstack@n-api-meta.service[107106]: DEBUG nova.api.openstack.wsgi_app [None req-ed1bc1e5-ba6d-4c5e-8cfb-ef7b5e2db92a None None] instance_uuid_format = [instance: %(uuid)s] {{(pid=107106) log_opt_values /opt/stack/data/venv/lib/python3.12/site-packages/oslo_config/cfg.py:2995}}
Apr 02 05:54:03.913130 np0000162719 devstack@n-api-meta.service[107106]: DEBUG nova.api.openstack.wsgi_app [None req-ed1bc1e5-ba6d-4c5e-8cfb-ef7b5e2db92a None None] instances_path = /opt/stack/data/nova/instances {{(pid=107106) log_opt_values /opt/stack/data/venv/lib/python3.12/site-packages/oslo_config/cfg.py:2995}}
Apr 02 05:54:03.913347 np0000162719 devstack@n-api-meta.service[107106]: DEBUG nova.api.openstack.wsgi_app [None req-ed1bc1e5-ba6d-4c5e-8cfb-ef7b5e2db92a None None] internal_service_availability_zone = internal {{(pid=107106) log_opt_values /opt/stack/data/venv/lib/python3.12/site-packages/oslo_config/cfg.py:2995}}
Apr 02 05:54:03.913536 np0000162719 devstack@n-api-meta.service[107106]: DEBUG nova.api.openstack.wsgi_app [None req-ed1bc1e5-ba6d-4c5e-8cfb-ef7b5e2db92a None None] key = None {{(pid=107106) log_opt_values /opt/stack/data/venv/lib/python3.12/site-packages/oslo_config/cfg.py:2995}}
Apr 02 05:54:03.913718 np0000162719 devstack@n-api-meta.service[107106]: DEBUG nova.api.openstack.wsgi_app [None req-ed1bc1e5-ba6d-4c5e-8cfb-ef7b5e2db92a None None] live_migration_retry_count = 30 {{(pid=107106) log_opt_values /opt/stack/data/venv/lib/python3.12/site-packages/oslo_config/cfg.py:2995}}
Apr 02 05:54:03.913911 np0000162719 devstack@n-api-meta.service[107106]: DEBUG nova.api.openstack.wsgi_app [None req-ed1bc1e5-ba6d-4c5e-8cfb-ef7b5e2db92a None None] log_color = False {{(pid=107106) log_opt_values /opt/stack/data/venv/lib/python3.12/site-packages/oslo_config/cfg.py:2995}}
Apr 02 05:54:03.914124 np0000162719 devstack@n-api-meta.service[107106]: DEBUG nova.api.openstack.wsgi_app [None req-ed1bc1e5-ba6d-4c5e-8cfb-ef7b5e2db92a None None] log_config_append = None {{(pid=107106) log_opt_values /opt/stack/data/venv/lib/python3.12/site-packages/oslo_config/cfg.py:2995}}
Apr 02 05:54:03.914364 np0000162719 devstack@n-api-meta.service[107106]: DEBUG nova.api.openstack.wsgi_app [None req-ed1bc1e5-ba6d-4c5e-8cfb-ef7b5e2db92a None None] log_date_format = %Y-%m-%d %H:%M:%S {{(pid=107106) log_opt_values /opt/stack/data/venv/lib/python3.12/site-packages/oslo_config/cfg.py:2995}}
Apr 02 05:54:03.914551 np0000162719 devstack@n-api-meta.service[107106]: DEBUG nova.api.openstack.wsgi_app [None req-ed1bc1e5-ba6d-4c5e-8cfb-ef7b5e2db92a None None] log_dir = None {{(pid=107106) log_opt_values /opt/stack/data/venv/lib/python3.12/site-packages/oslo_config/cfg.py:2995}}
Apr 02 05:54:03.914734 np0000162719 devstack@n-api-meta.service[107106]: DEBUG nova.api.openstack.wsgi_app [None req-ed1bc1e5-ba6d-4c5e-8cfb-ef7b5e2db92a None None] log_file = None {{(pid=107106) log_opt_values /opt/stack/data/venv/lib/python3.12/site-packages/oslo_config/cfg.py:2995}}
Apr 02 05:54:03.914884 np0000162719 devstack@n-api-meta.service[107106]: DEBUG nova.api.openstack.wsgi_app [None req-ed1bc1e5-ba6d-4c5e-8cfb-ef7b5e2db92a None None] log_options = True {{(pid=107106) log_opt_values /opt/stack/data/venv/lib/python3.12/site-packages/oslo_config/cfg.py:2995}}
Apr 02 05:54:03.915112 np0000162719 devstack@n-api-meta.service[107106]: DEBUG nova.api.openstack.wsgi_app [None req-ed1bc1e5-ba6d-4c5e-8cfb-ef7b5e2db92a None None] log_rotate_interval = 1 {{(pid=107106) log_opt_values /opt/stack/data/venv/lib/python3.12/site-packages/oslo_config/cfg.py:2995}}
Apr 02 05:54:03.915328 np0000162719 devstack@n-api-meta.service[107106]: DEBUG nova.api.openstack.wsgi_app [None req-ed1bc1e5-ba6d-4c5e-8cfb-ef7b5e2db92a None None] log_rotate_interval_type = days {{(pid=107106) log_opt_values /opt/stack/data/venv/lib/python3.12/site-packages/oslo_config/cfg.py:2995}}
Apr 02 05:54:03.915544 np0000162719 devstack@n-api-meta.service[107106]: DEBUG nova.api.openstack.wsgi_app [None req-ed1bc1e5-ba6d-4c5e-8cfb-ef7b5e2db92a None None] log_rotation_type = none {{(pid=107106) log_opt_values /opt/stack/data/venv/lib/python3.12/site-packages/oslo_config/cfg.py:2995}}
Apr 02 05:54:03.915713 np0000162719 devstack@n-api-meta.service[107106]: DEBUG nova.api.openstack.wsgi_app [None req-ed1bc1e5-ba6d-4c5e-8cfb-ef7b5e2db92a None None] logging_context_format_string = %(color)s%(levelname)s %(name)s [%(global_request_id)s %(request_id)s %(project_name)s %(user_name)s%(color)s] %(instance)s%(color)s%(message)s {{(pid=107106) log_opt_values /opt/stack/data/venv/lib/python3.12/site-packages/oslo_config/cfg.py:2995}}
Apr 02 05:54:03.915833 np0000162719 devstack@n-api-meta.service[107107]: INFO dbcounter [None req-ef21a48e-6c84-41e3-bdb4-36d0146c7ddf None None] Registered counter for database nova_cell0
Apr 02 05:54:03.915886 np0000162719 devstack@n-api-meta.service[107106]: DEBUG nova.api.openstack.wsgi_app [None req-ed1bc1e5-ba6d-4c5e-8cfb-ef7b5e2db92a None None] logging_debug_format_suffix = {{(pid=%(process)d) %(funcName)s %(pathname)s:%(lineno)d}} {{(pid=107106) log_opt_values /opt/stack/data/venv/lib/python3.12/site-packages/oslo_config/cfg.py:2995}}
