Jun 17 14:18:28.766309 np0000181148 devstack@n-api-meta.service[112465]: DEBUG nova.api.openstack.wsgi_app [None req-e350c3dc-b187-4135-a9cf-4f0ab35eab93 None None] oslo_limit.version = None {{(pid=112465) log_opt_values /opt/stack/data/venv/lib/python3.12/site-packages/oslo_config/cfg.py:3253}}
Jun 17 14:18:28.766487 np0000181148 devstack@n-api-meta.service[112465]: DEBUG nova.api.openstack.wsgi_app [None req-e350c3dc-b187-4135-a9cf-4f0ab35eab93 None None] oslo_messaging_rabbit.amqp_auto_delete = False {{(pid=112465) log_opt_values /opt/stack/data/venv/lib/python3.12/site-packages/oslo_config/cfg.py:3253}}
Jun 17 14:18:28.766634 np0000181148 devstack@n-api-meta.service[112465]: DEBUG nova.api.openstack.wsgi_app [None req-e350c3dc-b187-4135-a9cf-4f0ab35eab93 None None] oslo_messaging_rabbit.amqp_durable_queues = False {{(pid=112465) log_opt_values /opt/stack/data/venv/lib/python3.12/site-packages/oslo_config/cfg.py:3253}}
Jun 17 14:18:28.766767 np0000181148 devstack@n-api-meta.service[112465]: DEBUG nova.api.openstack.wsgi_app [None req-e350c3dc-b187-4135-a9cf-4f0ab35eab93 None None] oslo_messaging_rabbit.conn_pool_min_size = 2 {{(pid=112465) log_opt_values /opt/stack/data/venv/lib/python3.12/site-packages/oslo_config/cfg.py:3253}}
Jun 17 14:18:28.766899 np0000181148 devstack@n-api-meta.service[112465]: DEBUG nova.api.openstack.wsgi_app [None req-e350c3dc-b187-4135-a9cf-4f0ab35eab93 None None] oslo_messaging_rabbit.conn_pool_ttl = 1200 {{(pid=112465) log_opt_values /opt/stack/data/venv/lib/python3.12/site-packages/oslo_config/cfg.py:3253}}
Jun 17 14:18:28.767032 np0000181148 devstack@n-api-meta.service[112465]: DEBUG nova.api.openstack.wsgi_app [None req-e350c3dc-b187-4135-a9cf-4f0ab35eab93 None None] oslo_messaging_rabbit.direct_mandatory_flag = True {{(pid=112465) log_opt_values /opt/stack/data/venv/lib/python3.12/site-packages/oslo_config/cfg.py:3253}}
Jun 17 14:18:28.767164 np0000181148 devstack@n-api-meta.service[112465]: DEBUG nova.api.openstack.wsgi_app [None req-e350c3dc-b187-4135-a9cf-4f0ab35eab93 None None] oslo_messaging_rabbit.enable_cancel_on_failover = False {{(pid=112465) log_opt_values /opt/stack/data/venv/lib/python3.12/site-packages/oslo_config/cfg.py:3253}}
Jun 17 14:18:28.767298 np0000181148 devstack@n-api-meta.service[112465]: DEBUG nova.api.openstack.wsgi_app [None req-e350c3dc-b187-4135-a9cf-4f0ab35eab93 None None] oslo_messaging_rabbit.heartbeat_rate = 3 {{(pid=112465) log_opt_values /opt/stack/data/venv/lib/python3.12/site-packages/oslo_config/cfg.py:3253}}
Jun 17 14:18:28.767430 np0000181148 devstack@n-api-meta.service[112465]: DEBUG nova.api.openstack.wsgi_app [None req-e350c3dc-b187-4135-a9cf-4f0ab35eab93 None None] oslo_messaging_rabbit.heartbeat_timeout_threshold = 60 {{(pid=112465) log_opt_values /opt/stack/data/venv/lib/python3.12/site-packages/oslo_config/cfg.py:3253}}
Jun 17 14:18:28.767587 np0000181148 devstack@n-api-meta.service[112465]: DEBUG nova.api.openstack.wsgi_app [None req-e350c3dc-b187-4135-a9cf-4f0ab35eab93 None None] oslo_messaging_rabbit.hostname = np0000181148 {{(pid=112465) log_opt_values /opt/stack/data/venv/lib/python3.12/site-packages/oslo_config/cfg.py:3253}}
Jun 17 14:18:28.767717 np0000181148 devstack@n-api-meta.service[112465]: DEBUG nova.api.openstack.wsgi_app [None req-e350c3dc-b187-4135-a9cf-4f0ab35eab93 None None] oslo_messaging_rabbit.kombu_compression = None {{(pid=112465) log_opt_values /opt/stack/data/venv/lib/python3.12/site-packages/oslo_config/cfg.py:3253}}
Jun 17 14:18:28.767869 np0000181148 devstack@n-api-meta.service[112465]: DEBUG nova.api.openstack.wsgi_app [None req-e350c3dc-b187-4135-a9cf-4f0ab35eab93 None None] oslo_messaging_rabbit.kombu_failover_strategy = round-robin {{(pid=112465) log_opt_values /opt/stack/data/venv/lib/python3.12/site-packages/oslo_config/cfg.py:3253}}
Jun 17 14:18:28.768002 np0000181148 devstack@n-api-meta.service[112465]: DEBUG nova.api.openstack.wsgi_app [None req-e350c3dc-b187-4135-a9cf-4f0ab35eab93 None None] oslo_messaging_rabbit.kombu_missing_consumer_retry_timeout = 60 {{(pid=112465) log_opt_values /opt/stack/data/venv/lib/python3.12/site-packages/oslo_config/cfg.py:3253}}
Jun 17 14:18:28.768137 np0000181148 devstack@n-api-meta.service[112465]: DEBUG nova.api.openstack.wsgi_app [None req-e350c3dc-b187-4135-a9cf-4f0ab35eab93 None None] oslo_messaging_rabbit.kombu_reconnect_delay = 1.0 {{(pid=112465) log_opt_values /opt/stack/data/venv/lib/python3.12/site-packages/oslo_config/cfg.py:3253}}
Jun 17 14:18:28.768271 np0000181148 devstack@n-api-meta.service[112465]: DEBUG nova.api.openstack.wsgi_app [None req-e350c3dc-b187-4135-a9cf-4f0ab35eab93 None None] oslo_messaging_rabbit.kombu_reconnect_splay = 0.0 {{(pid=112465) log_opt_values /opt/stack/data/venv/lib/python3.12/site-packages/oslo_config/cfg.py:3253}}
Jun 17 14:18:28.768401 np0000181148 devstack@n-api-meta.service[112465]: DEBUG nova.api.openstack.wsgi_app [None req-e350c3dc-b187-4135-a9cf-4f0ab35eab93 None None] oslo_messaging_rabbit.processname = uwsgi {{(pid=112465) log_opt_values /opt/stack/data/venv/lib/python3.12/site-packages/oslo_config/cfg.py:3253}}
Jun 17 14:18:28.768547 np0000181148 devstack@n-api-meta.service[112465]: DEBUG nova.api.openstack.wsgi_app [None req-e350c3dc-b187-4135-a9cf-4f0ab35eab93 None None] oslo_messaging_rabbit.rabbit_ha_queues = False {{(pid=112465) log_opt_values /opt/stack/data/venv/lib/python3.12/site-packages/oslo_config/cfg.py:3253}}
Jun 17 14:18:28.768680 np0000181148 devstack@n-api-meta.service[112465]: DEBUG nova.api.openstack.wsgi_app [None req-e350c3dc-b187-4135-a9cf-4f0ab35eab93 None None] oslo_messaging_rabbit.rabbit_interval_max = 30 {{(pid=112465) log_opt_values /opt/stack/data/venv/lib/python3.12/site-packages/oslo_config/cfg.py:3253}}
Jun 17 14:18:28.768823 np0000181148 devstack@n-api-meta.service[112465]: DEBUG nova.api.openstack.wsgi_app [None req-e350c3dc-b187-4135-a9cf-4f0ab35eab93 None None] oslo_messaging_rabbit.rabbit_login_method = AMQPLAIN {{(pid=112465) log_opt_values /opt/stack/data/venv/lib/python3.12/site-packages/oslo_config/cfg.py:3253}}
Jun 17 14:18:28.768965 np0000181148 devstack@n-api-meta.service[112465]: DEBUG nova.api.openstack.wsgi_app [None req-e350c3dc-b187-4135-a9cf-4f0ab35eab93 None None] oslo_messaging_rabbit.rabbit_qos_prefetch_count = 0 {{(pid=112465) log_opt_values /opt/stack/data/venv/lib/python3.12/site-packages/oslo_config/cfg.py:3253}}
Jun 17 14:18:28.769097 np0000181148 devstack@n-api-meta.service[112465]: DEBUG nova.api.openstack.wsgi_app [None req-e350c3dc-b187-4135-a9cf-4f0ab35eab93 None None] oslo_messaging_rabbit.rabbit_quorum_delivery_limit = 0 {{(pid=112465) log_opt_values /opt/stack/data/venv/lib/python3.12/site-packages/oslo_config/cfg.py:3253}}
Jun 17 14:18:28.769228 np0000181148 devstack@n-api-meta.service[112465]: DEBUG nova.api.openstack.wsgi_app [None req-e350c3dc-b187-4135-a9cf-4f0ab35eab93 None None] oslo_messaging_rabbit.rabbit_quorum_max_memory_bytes = 0 {{(pid=112465) log_opt_values /opt/stack/data/venv/lib/python3.12/site-packages/oslo_config/cfg.py:3253}}
Jun 17 14:18:28.769360 np0000181148 devstack@n-api-meta.service[112465]: DEBUG nova.api.openstack.wsgi_app [None req-e350c3dc-b187-4135-a9cf-4f0ab35eab93 None None] oslo_messaging_rabbit.rabbit_quorum_max_memory_length = 0 {{(pid=112465) log_opt_values /opt/stack/data/venv/lib/python3.12/site-packages/oslo_config/cfg.py:3253}}
Jun 17 14:18:28.769506 np0000181148 devstack@n-api-meta.service[112465]: DEBUG nova.api.openstack.wsgi_app [None req-e350c3dc-b187-4135-a9cf-4f0ab35eab93 None None] oslo_messaging_rabbit.rabbit_quorum_queue = False {{(pid=112465) log_opt_values /opt/stack/data/venv/lib/python3.12/site-packages/oslo_config/cfg.py:3253}}
Jun 17 14:18:28.769642 np0000181148 devstack@n-api-meta.service[112465]: DEBUG nova.api.openstack.wsgi_app [None req-e350c3dc-b187-4135-a9cf-4f0ab35eab93 None None] oslo_messaging_rabbit.rabbit_retry_backoff = 2 {{(pid=112465) log_opt_values /opt/stack/data/venv/lib/python3.12/site-packages/oslo_config/cfg.py:3253}}
Jun 17 14:18:28.769773 np0000181148 devstack@n-api-meta.service[112465]: DEBUG nova.api.openstack.wsgi_app [None req-e350c3dc-b187-4135-a9cf-4f0ab35eab93 None None] oslo_messaging_rabbit.rabbit_retry_interval = 1 {{(pid=112465) log_opt_values /opt/stack/data/venv/lib/python3.12/site-packages/oslo_config/cfg.py:3253}}
Jun 17 14:18:28.769904 np0000181148 devstack@n-api-meta.service[112465]: DEBUG nova.api.openstack.wsgi_app [None req-e350c3dc-b187-4135-a9cf-4f0ab35eab93 None None] oslo_messaging_rabbit.rabbit_stream_fanout = False {{(pid=112465) log_opt_values /opt/stack/data/venv/lib/python3.12/site-packages/oslo_config/cfg.py:3253}}
Jun 17 14:18:28.770036 np0000181148 devstack@n-api-meta.service[112465]: DEBUG nova.api.openstack.wsgi_app [None req-e350c3dc-b187-4135-a9cf-4f0ab35eab93 None None] oslo_messaging_rabbit.rabbit_transient_queues_ttl = 1800 {{(pid=112465) log_opt_values /opt/stack/data/venv/lib/python3.12/site-packages/oslo_config/cfg.py:3253}}
Jun 17 14:18:28.770167 np0000181148 devstack@n-api-meta.service[112465]: DEBUG nova.api.openstack.wsgi_app [None req-e350c3dc-b187-4135-a9cf-4f0ab35eab93 None None] oslo_messaging_rabbit.rabbit_transient_quorum_queue = False {{(pid=112465) log_opt_values /opt/stack/data/venv/lib/python3.12/site-packages/oslo_config/cfg.py:3253}}
Jun 17 14:18:28.770299 np0000181148 devstack@n-api-meta.service[112465]: DEBUG nova.api.openstack.wsgi_app [None req-e350c3dc-b187-4135-a9cf-4f0ab35eab93 None None] oslo_messaging_rabbit.rpc_conn_pool_size = 30 {{(pid=112465) log_opt_values /opt/stack/data/venv/lib/python3.12/site-packages/oslo_config/cfg.py:3253}}
Jun 17 14:18:28.770464 np0000181148 devstack@n-api-meta.service[112465]: DEBUG nova.api.openstack.wsgi_app [None req-e350c3dc-b187-4135-a9cf-4f0ab35eab93 None None] oslo_messaging_rabbit.ssl = False {{(pid=112465) log_opt_values /opt/stack/data/venv/lib/python3.12/site-packages/oslo_config/cfg.py:3253}}
Jun 17 14:18:28.770618 np0000181148 devstack@n-api-meta.service[112465]: DEBUG nova.api.openstack.wsgi_app [None req-e350c3dc-b187-4135-a9cf-4f0ab35eab93 None None] oslo_messaging_rabbit.ssl_ca_file = {{(pid=112465) log_opt_values /opt/stack/data/venv/lib/python3.12/site-packages/oslo_config/cfg.py:3253}}
Jun 17 14:18:28.770756 np0000181148 devstack@n-api-meta.service[112465]: DEBUG nova.api.openstack.wsgi_app [None req-e350c3dc-b187-4135-a9cf-4f0ab35eab93 None None] oslo_messaging_rabbit.ssl_cert_file = {{(pid=112465) log_opt_values /opt/stack/data/venv/lib/python3.12/site-packages/oslo_config/cfg.py:3253}}
Jun 17 14:18:28.770887 np0000181148 devstack@n-api-meta.service[112465]: DEBUG nova.api.openstack.wsgi_app [None req-e350c3dc-b187-4135-a9cf-4f0ab35eab93 None None] oslo_messaging_rabbit.ssl_enforce_fips_mode = False {{(pid=112465) log_opt_values /opt/stack/data/venv/lib/python3.12/site-packages/oslo_config/cfg.py:3253}}
Jun 17 14:18:28.771017 np0000181148 devstack@n-api-meta.service[112465]: DEBUG nova.api.openstack.wsgi_app [None req-e350c3dc-b187-4135-a9cf-4f0ab35eab93 None None] oslo_messaging_rabbit.ssl_enforce_hostname_verification = True {{(pid=112465) log_opt_values /opt/stack/data/venv/lib/python3.12/site-packages/oslo_config/cfg.py:3253}}
Jun 17 14:18:28.771155 np0000181148 devstack@n-api-meta.service[112465]: DEBUG nova.api.openstack.wsgi_app [None req-e350c3dc-b187-4135-a9cf-4f0ab35eab93 None None] oslo_messaging_rabbit.ssl_key_file = {{(pid=112465) log_opt_values /opt/stack/data/venv/lib/python3.12/site-packages/oslo_config/cfg.py:3253}}
Jun 17 14:18:28.771305 np0000181148 devstack@n-api-meta.service[112465]: DEBUG nova.api.openstack.wsgi_app [None req-e350c3dc-b187-4135-a9cf-4f0ab35eab93 None None] oslo_messaging_rabbit.ssl_version = {{(pid=112465) log_opt_values /opt/stack/data/venv/lib/python3.12/site-packages/oslo_config/cfg.py:3253}}
Jun 17 14:18:28.771436 np0000181148 devstack@n-api-meta.service[112465]: DEBUG nova.api.openstack.wsgi_app [None req-e350c3dc-b187-4135-a9cf-4f0ab35eab93 None None] oslo_messaging_rabbit.use_queue_manager = False {{(pid=112465) log_opt_values /opt/stack/data/venv/lib/python3.12/site-packages/oslo_config/cfg.py:3253}}
Jun 17 14:18:28.771594 np0000181148 devstack@n-api-meta.service[112465]: DEBUG nova.api.openstack.wsgi_app [None req-e350c3dc-b187-4135-a9cf-4f0ab35eab93 None None] oslo_messaging_notifications.driver = ['messagingv2'] {{(pid=112465) log_opt_values /opt/stack/data/venv/lib/python3.12/site-packages/oslo_config/cfg.py:3253}}
Jun 17 14:18:28.771727 np0000181148 devstack@n-api-meta.service[112465]: DEBUG nova.api.openstack.wsgi_app [None req-e350c3dc-b187-4135-a9cf-4f0ab35eab93 None None] oslo_messaging_notifications.retry = -1 {{(pid=112465) log_opt_values /opt/stack/data/venv/lib/python3.12/site-packages/oslo_config/cfg.py:3253}}
Jun 17 14:18:28.771871 np0000181148 devstack@n-api-meta.service[112465]: DEBUG nova.api.openstack.wsgi_app [None req-e350c3dc-b187-4135-a9cf-4f0ab35eab93 None None] oslo_messaging_notifications.topics = ['notifications'] {{(pid=112465) log_opt_values /opt/stack/data/venv/lib/python3.12/site-packages/oslo_config/cfg.py:3253}}
Jun 17 14:18:28.772009 np0000181148 devstack@n-api-meta.service[112465]: DEBUG nova.api.openstack.wsgi_app [None req-e350c3dc-b187-4135-a9cf-4f0ab35eab93 None None] oslo_messaging_notifications.transport_url = **** {{(pid=112465) log_opt_values /opt/stack/data/venv/lib/python3.12/site-packages/oslo_config/cfg.py:3253}}
Jun 17 14:18:28.772148 np0000181148 devstack@n-api-meta.service[112465]: DEBUG nova.api.openstack.wsgi_app [None req-e350c3dc-b187-4135-a9cf-4f0ab35eab93 None None] oslo_reports.file_event_handler = None {{(pid=112465) log_opt_values /opt/stack/data/venv/lib/python3.12/site-packages/oslo_config/cfg.py:3253}}
Jun 17 14:18:28.772288 np0000181148 devstack@n-api-meta.service[112465]: DEBUG nova.api.openstack.wsgi_app [None req-e350c3dc-b187-4135-a9cf-4f0ab35eab93 None None] oslo_reports.file_event_handler_interval = 1 {{(pid=112465) log_opt_values /opt/stack/data/venv/lib/python3.12/site-packages/oslo_config/cfg.py:3253}}
Jun 17 14:18:28.772428 np0000181148 devstack@n-api-meta.service[112465]: DEBUG nova.api.openstack.wsgi_app [None req-e350c3dc-b187-4135-a9cf-4f0ab35eab93 None None] oslo_reports.log_dir = None {{(pid=112465) log_opt_values /opt/stack/data/venv/lib/python3.12/site-packages/oslo_config/cfg.py:3253}}
Jun 17 14:18:28.772532 np0000181148 devstack@n-api-meta.service[112465]: DEBUG nova.api.openstack.wsgi_app [None req-e350c3dc-b187-4135-a9cf-4f0ab35eab93 None None] ******************************************************************************** {{(pid=112465) log_opt_values /opt/stack/data/venv/lib/python3.12/site-packages/oslo_config/cfg.py:3260}}
Jun 17 14:18:28.772671 np0000181148 devstack@n-api-meta.service[112465]: WSGI app 0 (mountpoint='') ready in 2 seconds on interpreter 0x74138a8a3668 pid: 112465 (default app)
Jun 17 14:18:38.074796 np0000181148 devstack@n-api-meta.service[112464]: DEBUG dbcounter [-] [112464] Writing DB stats nova_api:SELECT=1 {{(pid=112464) stat_writer /opt/stack/data/venv/lib/python3.12/site-packages/dbcounter.py:115}}
Jun 17 14:18:38.114094 np0000181148 devstack@n-api-meta.service[112463]: DEBUG dbcounter [-] [112463] Writing DB stats nova_api:SELECT=1 {{(pid=112463) stat_writer /opt/stack/data/venv/lib/python3.12/site-packages/dbcounter.py:115}}
Jun 17 14:18:38.117805 np0000181148 devstack@n-api-meta.service[112466]: DEBUG dbcounter [-] [112466] Writing DB stats nova_api:SELECT=1 {{(pid=112466) stat_writer /opt/stack/data/venv/lib/python3.12/site-packages/dbcounter.py:115}}
Jun 17 14:18:38.261651 np0000181148 devstack@n-api-meta.service[112464]: DEBUG dbcounter [-] [112464] Writing DB stats nova_cell1:SELECT=1 {{(pid=112464) stat_writer /opt/stack/data/venv/lib/python3.12/site-packages/dbcounter.py:115}}
Jun 17 14:18:38.274816 np0000181148 devstack@n-api-meta.service[112464]: DEBUG dbcounter [-] [112464] Writing DB stats nova_cell0:SELECT=1 {{(pid=112464) stat_writer /opt/stack/data/venv/lib/python3.12/site-packages/dbcounter.py:115}}
Jun 17 14:18:38.311839 np0000181148 devstack@n-api-meta.service[112463]: DEBUG dbcounter [-] [112463] Writing DB stats nova_cell1:SELECT=1 {{(pid=112463) stat_writer /opt/stack/data/venv/lib/python3.12/site-packages/dbcounter.py:115}}
Jun 17 14:18:38.312784 np0000181148 devstack@n-api-meta.service[112463]: DEBUG dbcounter [-] [112463] Writing DB stats nova_cell0:SELECT=1 {{(pid=112463) stat_writer /opt/stack/data/venv/lib/python3.12/site-packages/dbcounter.py:115}}
Jun 17 14:18:38.320909 np0000181148 devstack@n-api-meta.service[112466]: DEBUG dbcounter [-] [112466] Writing DB stats nova_cell0:SELECT=1 {{(pid=112466) stat_writer /opt/stack/data/venv/lib/python3.12/site-packages/dbcounter.py:115}}
Jun 17 14:18:38.331239 np0000181148 devstack@n-api-meta.service[112466]: DEBUG dbcounter [-] [112466] Writing DB stats nova_cell1:SELECT=1 {{(pid=112466) stat_writer /opt/stack/data/venv/lib/python3.12/site-packages/dbcounter.py:115}}
Jun 17 14:18:38.344564 np0000181148 devstack@n-api-meta.service[112464]: DEBUG dbcounter [-] [112464] Writing DB stats nova_cell0:SELECT=2,nova_cell0:INSERT=1 {{(pid=112464) stat_writer /opt/stack/data/venv/lib/python3.12/site-packages/dbcounter.py:115}}
Jun 17 14:18:38.365248 np0000181148 devstack@n-api-meta.service[112465]: DEBUG dbcounter [-] [112465] Writing DB stats nova_api:SELECT=1 {{(pid=112465) stat_writer /opt/stack/data/venv/lib/python3.12/site-packages/dbcounter.py:115}}
Jun 17 14:18:38.374028 np0000181148 devstack@n-api-meta.service[112463]: DEBUG dbcounter [-] [112463] Writing DB stats nova_cell0:SELECT=1 {{(pid=112463) stat_writer /opt/stack/data/venv/lib/python3.12/site-packages/dbcounter.py:115}}
Jun 17 14:18:38.377847 np0000181148 devstack@n-api-meta.service[112466]: DEBUG dbcounter [-] [112466] Writing DB stats nova_cell0:SELECT=1 {{(pid=112466) stat_writer /opt/stack/data/venv/lib/python3.12/site-packages/dbcounter.py:115}}
Jun 17 14:18:38.546138 np0000181148 devstack@n-api-meta.service[112465]: DEBUG dbcounter [-] [112465] Writing DB stats nova_cell0:SELECT=1 {{(pid=112465) stat_writer /opt/stack/data/venv/lib/python3.12/site-packages/dbcounter.py:115}}
Jun 17 14:18:38.566222 np0000181148 devstack@n-api-meta.service[112465]: DEBUG dbcounter [-] [112465] Writing DB stats nova_cell1:SELECT=1 {{(pid=112465) stat_writer /opt/stack/data/venv/lib/python3.12/site-packages/dbcounter.py:115}}
Jun 17 14:18:38.616725 np0000181148 devstack@n-api-meta.service[112465]: DEBUG dbcounter [-] [112465] Writing DB stats nova_cell0:SELECT=1 {{(pid=112465) stat_writer /opt/stack/data/venv/lib/python3.12/site-packages/dbcounter.py:115}}
Jun 17 14:23:51.331025 np0000181148 devstack@n-api-meta.service[112464]: DEBUG nova.api.metadata.handler [None req-e6d9a149-ec59-48b9-aace-61a0f4508acc None None] Metadata request headers: {'Host': '199.19.213.52:8775', 'User-Agent': 'python-requests/2.34.2', 'Accept-Encoding': 'gzip, deflate', 'Accept': '*/*', 'Connection': 'keep-alive', 'X-Forwarded-For': '192.168.24.48', 'X-Instance-Id': '756063f4-4494-4ec1-9daf-2837b1858474', 'X-Tenant-Id': '6531e665f2bc4e1a903095ee079d2bd1', 'X-Instance-Id-Signature': 'f935d4c76862d97c4f157d9e42aa738ceeb283d33a91851c4daa3367727ea811'} {{(pid=112464) __call__ /opt/stack/nova/nova/api/metadata/handler.py:109}}
Jun 17 14:23:51.347688 np0000181148 devstack@n-api-meta.service[112464]: DEBUG oslo_concurrency.lockutils [None req-61309c5a-9379-40c7-889e-e01448e02fd6 None None] Acquiring lock "3f05072e-9e4f-4d1a-b614-d6006a2432e2" by "nova.context.set_target_cell..get_or_set_cached_cell_and_set_connections" {{(pid=112464) inner /opt/stack/data/venv/lib/python3.12/site-packages/oslo_concurrency/lockutils.py:511}}
Jun 17 14:23:51.347959 np0000181148 devstack@n-api-meta.service[112464]: DEBUG oslo_concurrency.lockutils [None req-61309c5a-9379-40c7-889e-e01448e02fd6 None None] Lock "3f05072e-9e4f-4d1a-b614-d6006a2432e2" acquired by "nova.context.set_target_cell..get_or_set_cached_cell_and_set_connections" :: waited 0.000s {{(pid=112464) inner /opt/stack/data/venv/lib/python3.12/site-packages/oslo_concurrency/lockutils.py:524}}
Jun 17 14:23:51.347959 np0000181148 devstack@n-api-meta.service[112464]: DEBUG oslo_concurrency.lockutils [None req-61309c5a-9379-40c7-889e-e01448e02fd6 None None] Lock "3f05072e-9e4f-4d1a-b614-d6006a2432e2" "released" by "nova.context.set_target_cell..get_or_set_cached_cell_and_set_connections" :: held 0.000s {{(pid=112464) inner /opt/stack/data/venv/lib/python3.12/site-packages/oslo_concurrency/lockutils.py:543}}
Jun 17 14:23:51.405292 np0000181148 devstack@n-api-meta.service[112464]: WARNING neutronclient.v2_0.client [None req-61309c5a-9379-40c7-889e-e01448e02fd6 None None] The python binding code in neutronclient is deprecated in favor of OpenstackSDK, please use that as this will be removed in a future release.
Jun 17 14:23:51.842546 np0000181148 devstack@n-api-meta.service[112464]: [pid: 112464|app: 0|req: 1/1] 199.19.213.52 () {40 vars in 640 bytes} [Wed Jun 17 14:23:51 2026] GET /openstack => generated 116 bytes in 513 msecs (HTTP/1.1 200) 3 headers in 100 bytes (1 switches on core 0)
Jun 17 14:23:51.859377 np0000181148 devstack@n-api-meta.service[112466]: DEBUG nova.api.metadata.handler [None req-57b5bc0a-665a-4d8e-815c-690640d7fdb5 None None] Metadata request headers: {'Host': '199.19.213.52:8775', 'User-Agent': 'python-requests/2.34.2', 'Accept-Encoding': 'gzip, deflate', 'Accept': '*/*', 'Connection': 'keep-alive', 'X-Forwarded-For': '192.168.24.48', 'X-Instance-Id': '756063f4-4494-4ec1-9daf-2837b1858474', 'X-Tenant-Id': '6531e665f2bc4e1a903095ee079d2bd1', 'X-Instance-Id-Signature': 'f935d4c76862d97c4f157d9e42aa738ceeb283d33a91851c4daa3367727ea811'} {{(pid=112466) __call__ /opt/stack/nova/nova/api/metadata/handler.py:109}}
Jun 17 14:23:51.866827 np0000181148 devstack@n-api-meta.service[112466]: DEBUG nova.api.metadata.handler [None req-57b5bc0a-665a-4d8e-815c-690640d7fdb5 None None] Using cached metadata for instance 756063f4-4494-4ec1-9daf-2837b1858474 {{(pid=112466) get_metadata_by_instance_id /opt/stack/nova/nova/api/metadata/handler.py:84}}
Jun 17 14:23:51.867685 np0000181148 devstack@n-api-meta.service[112466]: [pid: 112466|app: 0|req: 1/2] 199.19.213.52 () {40 vars in 640 bytes} [Wed Jun 17 14:23:51 2026] GET /openstack => generated 116 bytes in 14 msecs (HTTP/1.1 200) 3 headers in 100 bytes (1 switches on core 0)
Jun 17 14:23:51.883615 np0000181148 devstack@n-api-meta.service[112463]: DEBUG nova.api.metadata.handler [None req-d00e0974-03ec-43bc-9640-8d0183cf663e None None] Metadata request headers: {'Host': '199.19.213.52:8775', 'User-Agent': 'python-requests/2.34.2', 'Accept-Encoding': 'gzip, deflate', 'Accept': '*/*', 'Connection': 'keep-alive', 'X-Forwarded-For': '192.168.24.48', 'X-Instance-Id': '756063f4-4494-4ec1-9daf-2837b1858474', 'X-Tenant-Id': '6531e665f2bc4e1a903095ee079d2bd1', 'X-Instance-Id-Signature': 'f935d4c76862d97c4f157d9e42aa738ceeb283d33a91851c4daa3367727ea811'} {{(pid=112463) __call__ /opt/stack/nova/nova/api/metadata/handler.py:109}}
Jun 17 14:23:51.889368 np0000181148 devstack@n-api-meta.service[112463]: DEBUG nova.api.metadata.handler [None req-d00e0974-03ec-43bc-9640-8d0183cf663e None None] Using cached metadata for instance 756063f4-4494-4ec1-9daf-2837b1858474 {{(pid=112463) get_metadata_by_instance_id /opt/stack/nova/nova/api/metadata/handler.py:84}}
Jun 17 14:23:51.890256 np0000181148 devstack@n-api-meta.service[112463]: [pid: 112463|app: 0|req: 1/3] 199.19.213.52 () {40 vars in 692 bytes} [Wed Jun 17 14:23:51 2026] GET /openstack/2018-08-27/meta_data.json => generated 946 bytes in 12 msecs (HTTP/1.1 200) 3 headers in 91 bytes (1 switches on core 0)
Jun 17 14:23:51.904172 np0000181148 devstack@n-api-meta.service[112465]: DEBUG nova.api.metadata.handler [None req-e350c3dc-b187-4135-a9cf-4f0ab35eab93 None None] Metadata request headers: {'Host': '199.19.213.52:8775', 'User-Agent': 'python-requests/2.34.2', 'Accept-Encoding': 'gzip, deflate', 'Accept': '*/*', 'Connection': 'keep-alive', 'X-Forwarded-For': '192.168.24.48', 'X-Instance-Id': '756063f4-4494-4ec1-9daf-2837b1858474', 'X-Tenant-Id': '6531e665f2bc4e1a903095ee079d2bd1', 'X-Instance-Id-Signature': 'f935d4c76862d97c4f157d9e42aa738ceeb283d33a91851c4daa3367727ea811'} {{(pid=112465) __call__ /opt/stack/nova/nova/api/metadata/handler.py:109}}
Jun 17 14:23:51.909883 np0000181148 devstack@n-api-meta.service[112465]: DEBUG nova.api.metadata.handler [None req-e350c3dc-b187-4135-a9cf-4f0ab35eab93 None None] Using cached metadata for instance 756063f4-4494-4ec1-9daf-2837b1858474 {{(pid=112465) get_metadata_by_instance_id /opt/stack/nova/nova/api/metadata/handler.py:84}}
Jun 17 14:23:51.910661 np0000181148 devstack@n-api-meta.service[112465]: [pid: 112465|app: 0|req: 1/4] 199.19.213.52 () {40 vars in 682 bytes} [Wed Jun 17 14:23:51 2026] GET /openstack/2018-08-27/user_data => generated 26433 bytes in 11 msecs (HTTP/1.1 200) 3 headers in 102 bytes (1 switches on core 0)
Jun 17 14:23:51.921384 np0000181148 devstack@n-api-meta.service[112464]: DEBUG nova.api.metadata.handler [None req-61309c5a-9379-40c7-889e-e01448e02fd6 None None] Metadata request headers: {'Host': '199.19.213.52:8775', 'User-Agent': 'python-requests/2.34.2', 'Accept-Encoding': 'gzip, deflate', 'Accept': '*/*', 'Connection': 'keep-alive', 'X-Forwarded-For': '192.168.24.48', 'X-Instance-Id': '756063f4-4494-4ec1-9daf-2837b1858474', 'X-Tenant-Id': '6531e665f2bc4e1a903095ee079d2bd1', 'X-Instance-Id-Signature': 'f935d4c76862d97c4f157d9e42aa738ceeb283d33a91851c4daa3367727ea811'} {{(pid=112464) __call__ /opt/stack/nova/nova/api/metadata/handler.py:109}}
Jun 17 14:23:51.923919 np0000181148 devstack@n-api-meta.service[112464]: DEBUG nova.api.metadata.handler [None req-61309c5a-9379-40c7-889e-e01448e02fd6 None None] Using cached metadata for instance 756063f4-4494-4ec1-9daf-2837b1858474 {{(pid=112464) get_metadata_by_instance_id /opt/stack/nova/nova/api/metadata/handler.py:84}}
Jun 17 14:23:51.924856 np0000181148 devstack@n-api-meta.service[112464]: [pid: 112464|app: 0|req: 2/5] 199.19.213.52 () {40 vars in 696 bytes} [Wed Jun 17 14:23:51 2026] GET /openstack/2018-08-27/vendor_data.json => generated 2 bytes in 4 msecs (HTTP/1.1 200) 3 headers in 89 bytes (1 switches on core 0)
Jun 17 14:23:51.935481 np0000181148 devstack@n-api-meta.service[112466]: DEBUG nova.api.metadata.handler [None req-57b5bc0a-665a-4d8e-815c-690640d7fdb5 None None] Metadata request headers: {'Host': '199.19.213.52:8775', 'User-Agent': 'python-requests/2.34.2', 'Accept-Encoding': 'gzip, deflate', 'Accept': '*/*', 'Connection': 'keep-alive', 'X-Forwarded-For': '192.168.24.48', 'X-Instance-Id': '756063f4-4494-4ec1-9daf-2837b1858474', 'X-Tenant-Id': '6531e665f2bc4e1a903095ee079d2bd1', 'X-Instance-Id-Signature': 'f935d4c76862d97c4f157d9e42aa738ceeb283d33a91851c4daa3367727ea811'} {{(pid=112466) __call__ /opt/stack/nova/nova/api/metadata/handler.py:109}}
Jun 17 14:23:51.939261 np0000181148 devstack@n-api-meta.service[112466]: DEBUG nova.api.metadata.handler [None req-57b5bc0a-665a-4d8e-815c-690640d7fdb5 None None] Using cached metadata for instance 756063f4-4494-4ec1-9daf-2837b1858474 {{(pid=112466) get_metadata_by_instance_id /opt/stack/nova/nova/api/metadata/handler.py:84}}
Jun 17 14:23:51.940459 np0000181148 devstack@n-api-meta.service[112466]: [pid: 112466|app: 0|req: 2/6] 199.19.213.52 () {40 vars in 698 bytes} [Wed Jun 17 14:23:51 2026] GET /openstack/2018-08-27/vendor_data2.json => generated 14 bytes in 6 msecs (HTTP/1.1 200) 3 headers in 90 bytes (1 switches on core 0)
Jun 17 14:23:51.948701 np0000181148 devstack@n-api-meta.service[112463]: DEBUG nova.api.metadata.handler [None req-d00e0974-03ec-43bc-9640-8d0183cf663e None None] Metadata request headers: {'Host': '199.19.213.52:8775', 'User-Agent': 'python-requests/2.34.2', 'Accept-Encoding': 'gzip, deflate', 'Accept': '*/*', 'Connection': 'keep-alive', 'X-Forwarded-For': '192.168.24.48', 'X-Instance-Id': '756063f4-4494-4ec1-9daf-2837b1858474', 'X-Tenant-Id': '6531e665f2bc4e1a903095ee079d2bd1', 'X-Instance-Id-Signature': 'f935d4c76862d97c4f157d9e42aa738ceeb283d33a91851c4daa3367727ea811'} {{(pid=112463) __call__ /opt/stack/nova/nova/api/metadata/handler.py:109}}
Jun 17 14:23:51.952291 np0000181148 devstack@n-api-meta.service[112463]: DEBUG nova.api.metadata.handler [None req-d00e0974-03ec-43bc-9640-8d0183cf663e None None] Using cached metadata for instance 756063f4-4494-4ec1-9daf-2837b1858474 {{(pid=112463) get_metadata_by_instance_id /opt/stack/nova/nova/api/metadata/handler.py:84}}
Jun 17 14:23:51.953016 np0000181148 devstack@n-api-meta.service[112463]: [pid: 112463|app: 0|req: 2/7] 199.19.213.52 () {40 vars in 698 bytes} [Wed Jun 17 14:23:51 2026] GET /openstack/2018-08-27/network_data.json => generated 348 bytes in 5 msecs (HTTP/1.1 200) 3 headers in 100 bytes (1 switches on core 0)
Jun 17 14:23:51.964791 np0000181148 devstack@n-api-meta.service[112465]: DEBUG nova.api.metadata.handler [None req-e350c3dc-b187-4135-a9cf-4f0ab35eab93 None None] Metadata request headers: {'Host': '199.19.213.52:8775', 'User-Agent': 'python-requests/2.34.2', 'Accept-Encoding': 'gzip, deflate', 'Accept': '*/*', 'Connection': 'keep-alive', 'X-Forwarded-For': '192.168.24.48', 'X-Instance-Id': '756063f4-4494-4ec1-9daf-2837b1858474', 'X-Tenant-Id': '6531e665f2bc4e1a903095ee079d2bd1', 'X-Instance-Id-Signature': 'f935d4c76862d97c4f157d9e42aa738ceeb283d33a91851c4daa3367727ea811'} {{(pid=112465) __call__ /opt/stack/nova/nova/api/metadata/handler.py:109}}
Jun 17 14:23:51.968248 np0000181148 devstack@n-api-meta.service[112465]: DEBUG nova.api.metadata.handler [None req-e350c3dc-b187-4135-a9cf-4f0ab35eab93 None None] Using cached metadata for instance 756063f4-4494-4ec1-9daf-2837b1858474 {{(pid=112465) get_metadata_by_instance_id /opt/stack/nova/nova/api/metadata/handler.py:84}}
Jun 17 14:23:51.969034 np0000181148 devstack@n-api-meta.service[112465]: [pid: 112465|app: 0|req: 2/8] 199.19.213.52 () {40 vars in 656 bytes} [Wed Jun 17 14:23:51 2026] GET /latest/meta-data/ => generated 210 bytes in 5 msecs (HTTP/1.1 200) 3 headers in 100 bytes (1 switches on core 0)
Jun 17 14:23:51.977705 np0000181148 devstack@n-api-meta.service[112464]: DEBUG nova.api.metadata.handler [None req-61309c5a-9379-40c7-889e-e01448e02fd6 None None] Metadata request headers: {'Host': '199.19.213.52:8775', 'User-Agent': 'python-requests/2.34.2', 'Accept-Encoding': 'gzip, deflate', 'Accept': '*/*', 'Connection': 'keep-alive', 'X-Forwarded-For': '192.168.24.48', 'X-Instance-Id': '756063f4-4494-4ec1-9daf-2837b1858474', 'X-Tenant-Id': '6531e665f2bc4e1a903095ee079d2bd1', 'X-Instance-Id-Signature': 'f935d4c76862d97c4f157d9e42aa738ceeb283d33a91851c4daa3367727ea811'} {{(pid=112464) __call__ /opt/stack/nova/nova/api/metadata/handler.py:109}}
Jun 17 14:23:51.980717 np0000181148 devstack@n-api-meta.service[112464]: DEBUG nova.api.metadata.handler [None req-61309c5a-9379-40c7-889e-e01448e02fd6 None None] Using cached metadata for instance 756063f4-4494-4ec1-9daf-2837b1858474 {{(pid=112464) get_metadata_by_instance_id /opt/stack/nova/nova/api/metadata/handler.py:84}}
Jun 17 14:23:51.981580 np0000181148 devstack@n-api-meta.service[112464]: [pid: 112464|app: 0|req: 3/9] 199.19.213.52 () {40 vars in 698 bytes} [Wed Jun 17 14:23:51 2026] GET /latest/meta-data/block-device-mapping/ => generated 8 bytes in 4 msecs (HTTP/1.1 200) 3 headers in 98 bytes (1 switches on core 0)
Jun 17 14:23:51.988036 np0000181148 devstack@n-api-meta.service[112466]: DEBUG nova.api.metadata.handler [None req-57b5bc0a-665a-4d8e-815c-690640d7fdb5 None None] Metadata request headers: {'Host': '199.19.213.52:8775', 'User-Agent': 'python-requests/2.34.2', 'Accept-Encoding': 'gzip, deflate', 'Accept': '*/*', 'Connection': 'keep-alive', 'X-Forwarded-For': '192.168.24.48', 'X-Instance-Id': '756063f4-4494-4ec1-9daf-2837b1858474', 'X-Tenant-Id': '6531e665f2bc4e1a903095ee079d2bd1', 'X-Instance-Id-Signature': 'f935d4c76862d97c4f157d9e42aa738ceeb283d33a91851c4daa3367727ea811'} {{(pid=112466) __call__ /opt/stack/nova/nova/api/metadata/handler.py:109}}
Jun 17 14:23:51.990814 np0000181148 devstack@n-api-meta.service[112466]: DEBUG nova.api.metadata.handler [None req-57b5bc0a-665a-4d8e-815c-690640d7fdb5 None None] Using cached metadata for instance 756063f4-4494-4ec1-9daf-2837b1858474 {{(pid=112466) get_metadata_by_instance_id /opt/stack/nova/nova/api/metadata/handler.py:84}}
Jun 17 14:23:51.991787 np0000181148 devstack@n-api-meta.service[112466]: [pid: 112466|app: 0|req: 3/10] 199.19.213.52 () {40 vars in 704 bytes} [Wed Jun 17 14:23:51 2026] GET /latest/meta-data/block-device-mapping/ami => generated 3 bytes in 4 msecs (HTTP/1.1 200) 3 headers in 98 bytes (1 switches on core 0)
Jun 17 14:23:51.999363 np0000181148 devstack@n-api-meta.service[112463]: DEBUG nova.api.metadata.handler [None req-d00e0974-03ec-43bc-9640-8d0183cf663e None None] Metadata request headers: {'Host': '199.19.213.52:8775', 'User-Agent': 'python-requests/2.34.2', 'Accept-Encoding': 'gzip, deflate', 'Accept': '*/*', 'Connection': 'keep-alive', 'X-Forwarded-For': '192.168.24.48', 'X-Instance-Id': '756063f4-4494-4ec1-9daf-2837b1858474', 'X-Tenant-Id': '6531e665f2bc4e1a903095ee079d2bd1', 'X-Instance-Id-Signature': 'f935d4c76862d97c4f157d9e42aa738ceeb283d33a91851c4daa3367727ea811'} {{(pid=112463) __call__ /opt/stack/nova/nova/api/metadata/handler.py:109}}
Jun 17 14:23:52.002347 np0000181148 devstack@n-api-meta.service[112463]: DEBUG nova.api.metadata.handler [None req-d00e0974-03ec-43bc-9640-8d0183cf663e None None] Using cached metadata for instance 756063f4-4494-4ec1-9daf-2837b1858474 {{(pid=112463) get_metadata_by_instance_id /opt/stack/nova/nova/api/metadata/handler.py:84}}
Jun 17 14:23:52.003051 np0000181148 devstack@n-api-meta.service[112463]: [pid: 112463|app: 0|req: 3/11] 199.19.213.52 () {40 vars in 706 bytes} [Wed Jun 17 14:23:51 2026] GET /latest/meta-data/block-device-mapping/root => generated 8 bytes in 4 msecs (HTTP/1.1 200) 3 headers in 98 bytes (1 switches on core 0)
Jun 17 14:23:52.011162 np0000181148 devstack@n-api-meta.service[112465]: DEBUG nova.api.metadata.handler [None req-e350c3dc-b187-4135-a9cf-4f0ab35eab93 None None] Metadata request headers: {'Host': '199.19.213.52:8775', 'User-Agent': 'python-requests/2.34.2', 'Accept-Encoding': 'gzip, deflate', 'Accept': '*/*', 'Connection': 'keep-alive', 'X-Forwarded-For': '192.168.24.48', 'X-Instance-Id': '756063f4-4494-4ec1-9daf-2837b1858474', 'X-Tenant-Id': '6531e665f2bc4e1a903095ee079d2bd1', 'X-Instance-Id-Signature': 'f935d4c76862d97c4f157d9e42aa738ceeb283d33a91851c4daa3367727ea811'} {{(pid=112465) __call__ /opt/stack/nova/nova/api/metadata/handler.py:109}}
Jun 17 14:23:52.014087 np0000181148 devstack@n-api-meta.service[112465]: DEBUG nova.api.metadata.handler [None req-e350c3dc-b187-4135-a9cf-4f0ab35eab93 None None] Using cached metadata for instance 756063f4-4494-4ec1-9daf-2837b1858474 {{(pid=112465) get_metadata_by_instance_id /opt/stack/nova/nova/api/metadata/handler.py:84}}
Jun 17 14:23:52.014871 np0000181148 devstack@n-api-meta.service[112465]: [pid: 112465|app: 0|req: 3/12] 199.19.213.52 () {40 vars in 676 bytes} [Wed Jun 17 14:23:52 2026] GET /latest/meta-data/placement/ => generated 17 bytes in 4 msecs (HTTP/1.1 200) 3 headers in 99 bytes (1 switches on core 0)
Jun 17 14:23:52.023161 np0000181148 devstack@n-api-meta.service[112464]: DEBUG nova.api.metadata.handler [None req-61309c5a-9379-40c7-889e-e01448e02fd6 None None] Metadata request headers: {'Host': '199.19.213.52:8775', 'User-Agent': 'python-requests/2.34.2', 'Accept-Encoding': 'gzip, deflate', 'Accept': '*/*', 'Connection': 'keep-alive', 'X-Forwarded-For': '192.168.24.48', 'X-Instance-Id': '756063f4-4494-4ec1-9daf-2837b1858474', 'X-Tenant-Id': '6531e665f2bc4e1a903095ee079d2bd1', 'X-Instance-Id-Signature': 'f935d4c76862d97c4f157d9e42aa738ceeb283d33a91851c4daa3367727ea811'} {{(pid=112464) __call__ /opt/stack/nova/nova/api/metadata/handler.py:109}}
Jun 17 14:23:52.026248 np0000181148 devstack@n-api-meta.service[112464]: DEBUG nova.api.metadata.handler [None req-61309c5a-9379-40c7-889e-e01448e02fd6 None None] Using cached metadata for instance 756063f4-4494-4ec1-9daf-2837b1858474 {{(pid=112464) get_metadata_by_instance_id /opt/stack/nova/nova/api/metadata/handler.py:84}}
Jun 17 14:23:52.027002 np0000181148 devstack@n-api-meta.service[112464]: [pid: 112464|app: 0|req: 4/13] 199.19.213.52 () {40 vars in 710 bytes} [Wed Jun 17 14:23:52 2026] GET /latest/meta-data/placement/availability-zone => generated 4 bytes in 4 msecs (HTTP/1.1 200) 3 headers in 98 bytes (1 switches on core 0)
Jun 17 14:23:52.033928 np0000181148 devstack@n-api-meta.service[112466]: DEBUG nova.api.metadata.handler [None req-57b5bc0a-665a-4d8e-815c-690640d7fdb5 None None] Metadata request headers: {'Host': '199.19.213.52:8775', 'User-Agent': 'python-requests/2.34.2', 'Accept-Encoding': 'gzip, deflate', 'Accept': '*/*', 'Connection': 'keep-alive', 'X-Forwarded-For': '192.168.24.48', 'X-Instance-Id': '756063f4-4494-4ec1-9daf-2837b1858474', 'X-Tenant-Id': '6531e665f2bc4e1a903095ee079d2bd1', 'X-Instance-Id-Signature': 'f935d4c76862d97c4f157d9e42aa738ceeb283d33a91851c4daa3367727ea811'} {{(pid=112466) __call__ /opt/stack/nova/nova/api/metadata/handler.py:109}}
Jun 17 14:23:52.037061 np0000181148 devstack@n-api-meta.service[112466]: DEBUG nova.api.metadata.handler [None req-57b5bc0a-665a-4d8e-815c-690640d7fdb5 None None] Using cached metadata for instance 756063f4-4494-4ec1-9daf-2837b1858474 {{(pid=112466) get_metadata_by_instance_id /opt/stack/nova/nova/api/metadata/handler.py:84}}
Jun 17 14:23:52.037900 np0000181148 devstack@n-api-meta.service[112466]: [pid: 112466|app: 0|req: 4/14] 199.19.213.52 () {40 vars in 668 bytes} [Wed Jun 17 14:23:52 2026] GET /latest/meta-data/ami-id => generated 12 bytes in 5 msecs (HTTP/1.1 200) 3 headers in 99 bytes (1 switches on core 0)
Jun 17 14:23:52.047456 np0000181148 devstack@n-api-meta.service[112463]: DEBUG nova.api.metadata.handler [None req-d00e0974-03ec-43bc-9640-8d0183cf663e None None] Metadata request headers: {'Host': '199.19.213.52:8775', 'User-Agent': 'python-requests/2.34.2', 'Accept-Encoding': 'gzip, deflate', 'Accept': '*/*', 'Connection': 'keep-alive', 'X-Forwarded-For': '192.168.24.48', 'X-Instance-Id': '756063f4-4494-4ec1-9daf-2837b1858474', 'X-Tenant-Id': '6531e665f2bc4e1a903095ee079d2bd1', 'X-Instance-Id-Signature': 'f935d4c76862d97c4f157d9e42aa738ceeb283d33a91851c4daa3367727ea811'} {{(pid=112463) __call__ /opt/stack/nova/nova/api/metadata/handler.py:109}}
Jun 17 14:23:52.049669 np0000181148 devstack@n-api-meta.service[112463]: DEBUG nova.api.metadata.handler [None req-d00e0974-03ec-43bc-9640-8d0183cf663e None None] Using cached metadata for instance 756063f4-4494-4ec1-9daf-2837b1858474 {{(pid=112463) get_metadata_by_instance_id /opt/stack/nova/nova/api/metadata/handler.py:84}}
Jun 17 14:23:52.050139 np0000181148 devstack@n-api-meta.service[112463]: [pid: 112463|app: 0|req: 4/15] 199.19.213.52 () {40 vars in 688 bytes} [Wed Jun 17 14:23:52 2026] GET /latest/meta-data/ami-launch-index => generated 1 bytes in 3 msecs (HTTP/1.1 200) 3 headers in 98 bytes (1 switches on core 0)
Jun 17 14:23:52.057607 np0000181148 devstack@n-api-meta.service[112465]: DEBUG nova.api.metadata.handler [None req-e350c3dc-b187-4135-a9cf-4f0ab35eab93 None None] Metadata request headers: {'Host': '199.19.213.52:8775', 'User-Agent': 'python-requests/2.34.2', 'Accept-Encoding': 'gzip, deflate', 'Accept': '*/*', 'Connection': 'keep-alive', 'X-Forwarded-For': '192.168.24.48', 'X-Instance-Id': '756063f4-4494-4ec1-9daf-2837b1858474', 'X-Tenant-Id': '6531e665f2bc4e1a903095ee079d2bd1', 'X-Instance-Id-Signature': 'f935d4c76862d97c4f157d9e42aa738ceeb283d33a91851c4daa3367727ea811'} {{(pid=112465) __call__ /opt/stack/nova/nova/api/metadata/handler.py:109}}
Jun 17 14:23:52.059639 np0000181148 devstack@n-api-meta.service[112465]: DEBUG nova.api.metadata.handler [None req-e350c3dc-b187-4135-a9cf-4f0ab35eab93 None None] Using cached metadata for instance 756063f4-4494-4ec1-9daf-2837b1858474 {{(pid=112465) get_metadata_by_instance_id /opt/stack/nova/nova/api/metadata/handler.py:84}}
Jun 17 14:23:52.060100 np0000181148 devstack@n-api-meta.service[112465]: [pid: 112465|app: 0|req: 4/16] 199.19.213.52 () {40 vars in 690 bytes} [Wed Jun 17 14:23:52 2026] GET /latest/meta-data/ami-manifest-path => generated 5 bytes in 3 msecs (HTTP/1.1 200) 3 headers in 98 bytes (1 switches on core 0)
Jun 17 14:23:52.066713 np0000181148 devstack@n-api-meta.service[112464]: DEBUG nova.api.metadata.handler [None req-61309c5a-9379-40c7-889e-e01448e02fd6 None None] Metadata request headers: {'Host': '199.19.213.52:8775', 'User-Agent': 'python-requests/2.34.2', 'Accept-Encoding': 'gzip, deflate', 'Accept': '*/*', 'Connection': 'keep-alive', 'X-Forwarded-For': '192.168.24.48', 'X-Instance-Id': '756063f4-4494-4ec1-9daf-2837b1858474', 'X-Tenant-Id': '6531e665f2bc4e1a903095ee079d2bd1', 'X-Instance-Id-Signature': 'f935d4c76862d97c4f157d9e42aa738ceeb283d33a91851c4daa3367727ea811'} {{(pid=112464) __call__ /opt/stack/nova/nova/api/metadata/handler.py:109}}
Jun 17 14:23:52.069733 np0000181148 devstack@n-api-meta.service[112464]: DEBUG nova.api.metadata.handler [None req-61309c5a-9379-40c7-889e-e01448e02fd6 None None] Using cached metadata for instance 756063f4-4494-4ec1-9daf-2837b1858474 {{(pid=112464) get_metadata_by_instance_id /opt/stack/nova/nova/api/metadata/handler.py:84}}
Jun 17 14:23:52.070460 np0000181148 devstack@n-api-meta.service[112464]: [pid: 112464|app: 0|req: 5/17] 199.19.213.52 () {40 vars in 672 bytes} [Wed Jun 17 14:23:52 2026] GET /latest/meta-data/hostname => generated 32 bytes in 4 msecs (HTTP/1.1 200) 3 headers in 99 bytes (1 switches on core 0)
Jun 17 14:23:52.078372 np0000181148 devstack@n-api-meta.service[112466]: DEBUG nova.api.metadata.handler [None req-57b5bc0a-665a-4d8e-815c-690640d7fdb5 None None] Metadata request headers: {'Host': '199.19.213.52:8775', 'User-Agent': 'python-requests/2.34.2', 'Accept-Encoding': 'gzip, deflate', 'Accept': '*/*', 'Connection': 'keep-alive', 'X-Forwarded-For': '192.168.24.48', 'X-Instance-Id': '756063f4-4494-4ec1-9daf-2837b1858474', 'X-Tenant-Id': '6531e665f2bc4e1a903095ee079d2bd1', 'X-Instance-Id-Signature': 'f935d4c76862d97c4f157d9e42aa738ceeb283d33a91851c4daa3367727ea811'} {{(pid=112466) __call__ /opt/stack/nova/nova/api/metadata/handler.py:109}}
Jun 17 14:23:52.081365 np0000181148 devstack@n-api-meta.service[112466]: DEBUG nova.api.metadata.handler [None req-57b5bc0a-665a-4d8e-815c-690640d7fdb5 None None] Using cached metadata for instance 756063f4-4494-4ec1-9daf-2837b1858474 {{(pid=112466) get_metadata_by_instance_id /opt/stack/nova/nova/api/metadata/handler.py:84}}
Jun 17 14:23:52.081924 np0000181148 devstack@n-api-meta.service[112466]: [pid: 112466|app: 0|req: 5/18] 199.19.213.52 () {40 vars in 684 bytes} [Wed Jun 17 14:23:52 2026] GET /latest/meta-data/instance-action => generated 4 bytes in 4 msecs (HTTP/1.1 200) 3 headers in 98 bytes (1 switches on core 0)
Jun 17 14:23:52.090126 np0000181148 devstack@n-api-meta.service[112463]: DEBUG nova.api.metadata.handler [None req-d00e0974-03ec-43bc-9640-8d0183cf663e None None] Metadata request headers: {'Host': '199.19.213.52:8775', 'User-Agent': 'python-requests/2.34.2', 'Accept-Encoding': 'gzip, deflate', 'Accept': '*/*', 'Connection': 'keep-alive', 'X-Forwarded-For': '192.168.24.48', 'X-Instance-Id': '756063f4-4494-4ec1-9daf-2837b1858474', 'X-Tenant-Id': '6531e665f2bc4e1a903095ee079d2bd1', 'X-Instance-Id-Signature': 'f935d4c76862d97c4f157d9e42aa738ceeb283d33a91851c4daa3367727ea811'} {{(pid=112463) __call__ /opt/stack/nova/nova/api/metadata/handler.py:109}}
Jun 17 14:23:52.093233 np0000181148 devstack@n-api-meta.service[112463]: DEBUG nova.api.metadata.handler [None req-d00e0974-03ec-43bc-9640-8d0183cf663e None None] Using cached metadata for instance 756063f4-4494-4ec1-9daf-2837b1858474 {{(pid=112463) get_metadata_by_instance_id /opt/stack/nova/nova/api/metadata/handler.py:84}}
Jun 17 14:23:52.093887 np0000181148 devstack@n-api-meta.service[112463]: [pid: 112463|app: 0|req: 5/19] 199.19.213.52 () {40 vars in 677 bytes} [Wed Jun 17 14:23:52 2026] GET /latest/meta-data/instance-id => generated 10 bytes in 4 msecs (HTTP/1.1 200) 3 headers in 99 bytes (1 switches on core 0)
Jun 17 14:23:52.101602 np0000181148 devstack@n-api-meta.service[112465]: DEBUG nova.api.metadata.handler [None req-e350c3dc-b187-4135-a9cf-4f0ab35eab93 None None] Metadata request headers: {'Host': '199.19.213.52:8775', 'User-Agent': 'python-requests/2.34.2', 'Accept-Encoding': 'gzip, deflate', 'Accept': '*/*', 'Connection': 'keep-alive', 'X-Forwarded-For': '192.168.24.48', 'X-Instance-Id': '756063f4-4494-4ec1-9daf-2837b1858474', 'X-Tenant-Id': '6531e665f2bc4e1a903095ee079d2bd1', 'X-Instance-Id-Signature': 'f935d4c76862d97c4f157d9e42aa738ceeb283d33a91851c4daa3367727ea811'} {{(pid=112465) __call__ /opt/stack/nova/nova/api/metadata/handler.py:109}}
Jun 17 14:23:52.104477 np0000181148 devstack@n-api-meta.service[112465]: DEBUG nova.api.metadata.handler [None req-e350c3dc-b187-4135-a9cf-4f0ab35eab93 None None] Using cached metadata for instance 756063f4-4494-4ec1-9daf-2837b1858474 {{(pid=112465) get_metadata_by_instance_id /opt/stack/nova/nova/api/metadata/handler.py:84}}
Jun 17 14:23:52.105322 np0000181148 devstack@n-api-meta.service[112465]: [pid: 112465|app: 0|req: 5/20] 199.19.213.52 () {40 vars in 681 bytes} [Wed Jun 17 14:23:52 2026] GET /latest/meta-data/instance-type => generated 8 bytes in 4 msecs (HTTP/1.1 200) 3 headers in 98 bytes (1 switches on core 0)
Jun 17 14:23:52.113435 np0000181148 devstack@n-api-meta.service[112464]: DEBUG nova.api.metadata.handler [None req-61309c5a-9379-40c7-889e-e01448e02fd6 None None] Metadata request headers: {'Host': '199.19.213.52:8775', 'User-Agent': 'python-requests/2.34.2', 'Accept-Encoding': 'gzip, deflate', 'Accept': '*/*', 'Connection': 'keep-alive', 'X-Forwarded-For': '192.168.24.48', 'X-Instance-Id': '756063f4-4494-4ec1-9daf-2837b1858474', 'X-Tenant-Id': '6531e665f2bc4e1a903095ee079d2bd1', 'X-Instance-Id-Signature': 'f935d4c76862d97c4f157d9e42aa738ceeb283d33a91851c4daa3367727ea811'} {{(pid=112464) __call__ /opt/stack/nova/nova/api/metadata/handler.py:109}}
Jun 17 14:23:52.116209 np0000181148 devstack@n-api-meta.service[112464]: DEBUG nova.api.metadata.handler [None req-61309c5a-9379-40c7-889e-e01448e02fd6 None None] Using cached metadata for instance 756063f4-4494-4ec1-9daf-2837b1858474 {{(pid=112464) get_metadata_by_instance_id /opt/stack/nova/nova/api/metadata/handler.py:84}}
Jun 17 14:23:52.116959 np0000181148 devstack@n-api-meta.service[112464]: [pid: 112464|app: 0|req: 6/21] 199.19.213.52 () {40 vars in 683 bytes} [Wed Jun 17 14:23:52 2026] GET /latest/meta-data/local-hostname => generated 32 bytes in 4 msecs (HTTP/1.1 200) 3 headers in 99 bytes (1 switches on core 0)
Jun 17 14:23:52.126299 np0000181148 devstack@n-api-meta.service[112466]: DEBUG nova.api.metadata.handler [None req-57b5bc0a-665a-4d8e-815c-690640d7fdb5 None None] Metadata request headers: {'Host': '199.19.213.52:8775', 'User-Agent': 'python-requests/2.34.2', 'Accept-Encoding': 'gzip, deflate', 'Accept': '*/*', 'Connection': 'keep-alive', 'X-Forwarded-For': '192.168.24.48', 'X-Instance-Id': '756063f4-4494-4ec1-9daf-2837b1858474', 'X-Tenant-Id': '6531e665f2bc4e1a903095ee079d2bd1', 'X-Instance-Id-Signature': 'f935d4c76862d97c4f157d9e42aa738ceeb283d33a91851c4daa3367727ea811'} {{(pid=112466) __call__ /opt/stack/nova/nova/api/metadata/handler.py:109}}
Jun 17 14:23:52.128562 np0000181148 devstack@n-api-meta.service[112466]: DEBUG nova.api.metadata.handler [None req-57b5bc0a-665a-4d8e-815c-690640d7fdb5 None None] Using cached metadata for instance 756063f4-4494-4ec1-9daf-2837b1858474 {{(pid=112466) get_metadata_by_instance_id /opt/stack/nova/nova/api/metadata/handler.py:84}}
Jun 17 14:23:52.129172 np0000181148 devstack@n-api-meta.service[112466]: [pid: 112466|app: 0|req: 6/22] 199.19.213.52 () {40 vars in 676 bytes} [Wed Jun 17 14:23:52 2026] GET /latest/meta-data/local-ipv4 => generated 13 bytes in 4 msecs (HTTP/1.1 200) 3 headers in 99 bytes (1 switches on core 0)
Jun 17 14:23:52.137378 np0000181148 devstack@n-api-meta.service[112463]: DEBUG nova.api.metadata.handler [None req-d00e0974-03ec-43bc-9640-8d0183cf663e None None] Metadata request headers: {'Host': '199.19.213.52:8775', 'User-Agent': 'python-requests/2.34.2', 'Accept-Encoding': 'gzip, deflate', 'Accept': '*/*', 'Connection': 'keep-alive', 'X-Forwarded-For': '192.168.24.48', 'X-Instance-Id': '756063f4-4494-4ec1-9daf-2837b1858474', 'X-Tenant-Id': '6531e665f2bc4e1a903095ee079d2bd1', 'X-Instance-Id-Signature': 'f935d4c76862d97c4f157d9e42aa738ceeb283d33a91851c4daa3367727ea811'} {{(pid=112463) __call__ /opt/stack/nova/nova/api/metadata/handler.py:109}}
Jun 17 14:23:52.140666 np0000181148 devstack@n-api-meta.service[112463]: DEBUG nova.api.metadata.handler [None req-d00e0974-03ec-43bc-9640-8d0183cf663e None None] Using cached metadata for instance 756063f4-4494-4ec1-9daf-2837b1858474 {{(pid=112463) get_metadata_by_instance_id /opt/stack/nova/nova/api/metadata/handler.py:84}}
Jun 17 14:23:52.141132 np0000181148 devstack@n-api-meta.service[112463]: [pid: 112463|app: 0|req: 6/23] 199.19.213.52 () {40 vars in 686 bytes} [Wed Jun 17 14:23:52 2026] GET /latest/meta-data/public-hostname => generated 32 bytes in 4 msecs (HTTP/1.1 200) 3 headers in 99 bytes (1 switches on core 0)
