Feb 17 18:02:05.614842 np0000156071 devstack@neutron-api.service[103399]: DEBUG neutron.plugins.ml2.drivers.ovn.mech_driver.mech_driver [None req-ca6c263d-338c-49ef-998a-d415ae027b2f None None] Hash Ring setup using WSGI start time 2026-02-17 18:01:59+00:00 {{(pid=103399) _init_hash_ring /opt/stack/neutron/neutron/plugins/ml2/drivers/ovn/mech_driver/mech_driver.py:401}}
Feb 17 18:02:05.620765 np0000156071 devstack@neutron-api.service[103399]: INFO neutron.db.ovn_hash_ring_db [None req-ca6c263d-338c-49ef-998a-d415ae027b2f None None] Nodes from host "np0000156071" and group "mechanism_driver" removed from the Hash Ring created at 2026-02-17 18:01:59+00:00
Feb 17 18:02:05.623172 np0000156071 devstack@neutron-api.service[103399]: INFO neutron.db.ovn_hash_ring_db [None req-ca6c263d-338c-49ef-998a-d415ae027b2f None None] Node 341821b7b1ae58a1a715d738836c4748 from host "np0000156071" and group "mechanism_driver" added to the Hash Ring
Feb 17 18:02:05.627241 np0000156071 devstack@neutron-api.service[103399]: DEBUG neutron.plugins.ml2.drivers.ovn.mech_driver.mech_driver [None req-ca6c263d-338c-49ef-998a-d415ae027b2f None None] Hash Ring setup, this worker has detected 1 OVN hash ring registers in the database {{(pid=103399) _init_hash_ring /opt/stack/neutron/neutron/plugins/ml2/drivers/ovn/mech_driver/mech_driver.py:411}}
Feb 17 18:02:05.634969 np0000156071 devstack@neutron-api.service[103399]: DEBUG neutron.plugins.ml2.drivers.ovn.mech_driver.ovsdb.maintenance [None req-ca6c263d-338c-49ef-998a-d415ae027b2f None None] Periodic task found: HashRingHealthCheckPeriodics.touch_hash_ring_node {{(pid=103399) add_periodics /opt/stack/neutron/neutron/plugins/ml2/drivers/ovn/mech_driver/ovsdb/maintenance.py:97}}
Feb 17 18:02:05.636415 np0000156071 devstack@neutron-api.service[103399]: INFO neutron.plugins.ml2.drivers.ovn.mech_driver.mech_driver [None req-ca6c263d-338c-49ef-998a-d415ae027b2f None None] Hash Ring probing thread for node 341821b7b1ae58a1a715d738836c4748 has started
Feb 17 18:02:05.637050 np0000156071 devstack@neutron-api.service[103399]: INFO neutron.plugins.ml2.drivers.ovn.mech_driver.ovsdb.impl_idl_ovn [None req-ca6c263d-338c-49ef-998a-d415ae027b2f None None] Getting OvsdbNbOvnIdl for WorkerService with retry
Feb 17 18:02:05.687807 np0000156071 devstack@neutron-api.service[103399]: DEBUG ovsdbapp.backend.ovs_idl [None req-ca6c263d-338c-49ef-998a-d415ae027b2f None None] Created lookup_table index Logical_Switch.name {{(pid=103399) autocreate_indices /opt/stack/data/venv/lib/python3.12/site-packages/ovsdbapp/backend/ovs_idl/__init__.py:87}}
Feb 17 18:02:05.687807 np0000156071 devstack@neutron-api.service[103399]: DEBUG ovsdbapp.backend.ovs_idl [None req-ca6c263d-338c-49ef-998a-d415ae027b2f None None] Created lookup_table index Logical_Router.name {{(pid=103399) autocreate_indices /opt/stack/data/venv/lib/python3.12/site-packages/ovsdbapp/backend/ovs_idl/__init__.py:87}}
Feb 17 18:02:05.687807 np0000156071 devstack@neutron-api.service[103399]: DEBUG ovsdbapp.backend.ovs_idl [None req-ca6c263d-338c-49ef-998a-d415ae027b2f None None] Created lookup_table index Load_Balancer.name {{(pid=103399) autocreate_indices /opt/stack/data/venv/lib/python3.12/site-packages/ovsdbapp/backend/ovs_idl/__init__.py:87}}
Feb 17 18:02:05.687807 np0000156071 devstack@neutron-api.service[103399]: DEBUG ovsdbapp.backend.ovs_idl [None req-ca6c263d-338c-49ef-998a-d415ae027b2f None None] Created schema index Copp.name {{(pid=103399) autocreate_indices /opt/stack/data/venv/lib/python3.12/site-packages/ovsdbapp/backend/ovs_idl/__init__.py:106}}
Feb 17 18:02:05.687807 np0000156071 devstack@neutron-api.service[103399]: DEBUG ovsdbapp.backend.ovs_idl [None req-ca6c263d-338c-49ef-998a-d415ae027b2f None None] Created schema index Meter.name {{(pid=103399) autocreate_indices /opt/stack/data/venv/lib/python3.12/site-packages/ovsdbapp/backend/ovs_idl/__init__.py:106}}
Feb 17 18:02:05.687807 np0000156071 devstack@neutron-api.service[103399]: DEBUG ovsdbapp.backend.ovs_idl [None req-ca6c263d-338c-49ef-998a-d415ae027b2f None None] Created schema index Load_Balancer_Group.name {{(pid=103399) autocreate_indices /opt/stack/data/venv/lib/python3.12/site-packages/ovsdbapp/backend/ovs_idl/__init__.py:106}}
Feb 17 18:02:05.688354 np0000156071 devstack@neutron-api.service[103399]: DEBUG ovsdbapp.backend.ovs_idl [None req-ca6c263d-338c-49ef-998a-d415ae027b2f None None] Created schema index HA_Chassis_Group.name {{(pid=103399) autocreate_indices /opt/stack/data/venv/lib/python3.12/site-packages/ovsdbapp/backend/ovs_idl/__init__.py:106}}
Feb 17 18:02:05.688354 np0000156071 devstack@neutron-api.service[103399]: DEBUG ovsdbapp.backend.ovs_idl [None req-ca6c263d-338c-49ef-998a-d415ae027b2f None None] Created schema index Address_Set.name {{(pid=103399) autocreate_indices /opt/stack/data/venv/lib/python3.12/site-packages/ovsdbapp/backend/ovs_idl/__init__.py:106}}
Feb 17 18:02:05.688354 np0000156071 devstack@neutron-api.service[103399]: DEBUG ovsdbapp.backend.ovs_idl [None req-ca6c263d-338c-49ef-998a-d415ae027b2f None None] Created schema index Connection.target {{(pid=103399) autocreate_indices /opt/stack/data/venv/lib/python3.12/site-packages/ovsdbapp/backend/ovs_idl/__init__.py:106}}
Feb 17 18:02:05.688354 np0000156071 devstack@neutron-api.service[103399]: DEBUG ovsdbapp.backend.ovs_idl [None req-ca6c263d-338c-49ef-998a-d415ae027b2f None None] Created schema index Gateway_Chassis.name {{(pid=103399) autocreate_indices /opt/stack/data/venv/lib/python3.12/site-packages/ovsdbapp/backend/ovs_idl/__init__.py:106}}
Feb 17 18:02:05.688354 np0000156071 devstack@neutron-api.service[103399]: DEBUG ovsdbapp.backend.ovs_idl [None req-ca6c263d-338c-49ef-998a-d415ae027b2f None None] Created schema index Mirror.name {{(pid=103399) autocreate_indices /opt/stack/data/venv/lib/python3.12/site-packages/ovsdbapp/backend/ovs_idl/__init__.py:106}}
Feb 17 18:02:05.688354 np0000156071 devstack@neutron-api.service[103399]: DEBUG ovsdbapp.backend.ovs_idl [None req-ca6c263d-338c-49ef-998a-d415ae027b2f None None] Created schema index Chassis_Template_Var.chassis {{(pid=103399) autocreate_indices /opt/stack/data/venv/lib/python3.12/site-packages/ovsdbapp/backend/ovs_idl/__init__.py:106}}
Feb 17 18:02:05.688714 np0000156071 devstack@neutron-api.service[103399]: DEBUG ovsdbapp.backend.ovs_idl [None req-ca6c263d-338c-49ef-998a-d415ae027b2f None None] Created schema index Logical_Router_Port.name {{(pid=103399) autocreate_indices /opt/stack/data/venv/lib/python3.12/site-packages/ovsdbapp/backend/ovs_idl/__init__.py:106}}
Feb 17 18:02:05.688714 np0000156071 devstack@neutron-api.service[103399]: DEBUG ovsdbapp.backend.ovs_idl [None req-ca6c263d-338c-49ef-998a-d415ae027b2f None None] Created schema index Port_Group.name {{(pid=103399) autocreate_indices /opt/stack/data/venv/lib/python3.12/site-packages/ovsdbapp/backend/ovs_idl/__init__.py:106}}
Feb 17 18:02:05.688714 np0000156071 devstack@neutron-api.service[103399]: DEBUG ovsdbapp.backend.ovs_idl [None req-ca6c263d-338c-49ef-998a-d415ae027b2f None None] Created schema index Logical_Switch_Port.name {{(pid=103399) autocreate_indices /opt/stack/data/venv/lib/python3.12/site-packages/ovsdbapp/backend/ovs_idl/__init__.py:106}}
Feb 17 18:02:05.689534 np0000156071 devstack@neutron-api.service[103399]: INFO ovsdbapp.backend.ovs_idl.vlog [None req-ca6c263d-338c-49ef-998a-d415ae027b2f None None] ssl:199.19.213.123:6641: connecting...
Feb 17 18:02:05.696451 np0000156071 devstack@neutron-api.service[103399]: INFO ovsdbapp.backend.ovs_idl.vlog [None req-ca6c263d-338c-49ef-998a-d415ae027b2f None None] ssl:199.19.213.123:6641: connected
Feb 17 18:02:05.735723 np0000156071 devstack@neutron-api.service[103399]: DEBUG neutron.common.ovn.hash_ring_manager [None req-ca6c263d-338c-49ef-998a-d415ae027b2f None None] Disallow caching, nodes 1<4 {{(pid=103399) _wait_startup_before_caching /opt/stack/neutron/neutron/common/ovn/hash_ring_manager.py:72}}
Feb 17 18:02:05.743953 np0000156071 devstack@neutron-api.service[103399]: DEBUG neutron.common.ovn.hash_ring_manager [None req-ca6c263d-338c-49ef-998a-d415ae027b2f None None] Hash Ring loaded. 1 active nodes. 0 offline nodes {{(pid=103399) _load_hash_ring /opt/stack/neutron/neutron/common/ovn/hash_ring_manager.py:102}}
Feb 17 18:02:05.744230 np0000156071 devstack@neutron-api.service[103399]: DEBUG neutron.plugins.ml2.drivers.ovn.mech_driver.ovsdb.ovsdb_monitor [None req-ca6c263d-338c-49ef-998a-d415ae027b2f None None] Hash Ring: Node 341821b7b1ae58a1a715d738836c4748 (host: np0000156071) handling event "create" for row a17ca915-d955-4a14-9f47-37520e0b4609 (table: ACL) {{(pid=103399) notify /opt/stack/neutron/neutron/plugins/ml2/drivers/ovn/mech_driver/ovsdb/ovsdb_monitor.py:920}}
Feb 17 18:02:05.750737 np0000156071 devstack@neutron-api.service[103399]: DEBUG neutron.common.ovn.hash_ring_manager [None req-ca6c263d-338c-49ef-998a-d415ae027b2f None None] Hash Ring loaded. 1 active nodes. 0 offline nodes {{(pid=103399) _load_hash_ring /opt/stack/neutron/neutron/common/ovn/hash_ring_manager.py:102}}
Feb 17 18:02:05.751009 np0000156071 devstack@neutron-api.service[103399]: DEBUG neutron.plugins.ml2.drivers.ovn.mech_driver.ovsdb.ovsdb_monitor [None req-ca6c263d-338c-49ef-998a-d415ae027b2f None None] Hash Ring: Node 341821b7b1ae58a1a715d738836c4748 (host: np0000156071) handling event "create" for row c0f09831-6697-409c-a09d-8c9367c2029d (table: ACL) {{(pid=103399) notify /opt/stack/neutron/neutron/plugins/ml2/drivers/ovn/mech_driver/ovsdb/ovsdb_monitor.py:920}}
Feb 17 18:02:05.756642 np0000156071 devstack@neutron-api.service[103399]: DEBUG neutron.common.ovn.hash_ring_manager [None req-ca6c263d-338c-49ef-998a-d415ae027b2f None None] Hash Ring loaded. 1 active nodes. 0 offline nodes {{(pid=103399) _load_hash_ring /opt/stack/neutron/neutron/common/ovn/hash_ring_manager.py:102}}
Feb 17 18:02:05.756768 np0000156071 devstack@neutron-api.service[103399]: DEBUG neutron.plugins.ml2.drivers.ovn.mech_driver.ovsdb.ovsdb_monitor [None req-ca6c263d-338c-49ef-998a-d415ae027b2f None None] Hash Ring: Node 341821b7b1ae58a1a715d738836c4748 (host: np0000156071) handling event "create" for row 0b5c520d-567b-4f25-9c13-18867b1c716b (table: Connection) {{(pid=103399) notify /opt/stack/neutron/neutron/plugins/ml2/drivers/ovn/mech_driver/ovsdb/ovsdb_monitor.py:920}}
Feb 17 18:02:05.763208 np0000156071 devstack@neutron-api.service[103399]: DEBUG neutron.common.ovn.hash_ring_manager [None req-ca6c263d-338c-49ef-998a-d415ae027b2f None None] Hash Ring loaded. 1 active nodes. 0 offline nodes {{(pid=103399) _load_hash_ring /opt/stack/neutron/neutron/common/ovn/hash_ring_manager.py:102}}
Feb 17 18:02:05.763386 np0000156071 devstack@neutron-api.service[103399]: DEBUG neutron.plugins.ml2.drivers.ovn.mech_driver.ovsdb.ovsdb_monitor [None req-ca6c263d-338c-49ef-998a-d415ae027b2f None None] Hash Ring: Node 341821b7b1ae58a1a715d738836c4748 (host: np0000156071) handling event "create" for row cb38a9dd-c5f8-4c80-8fda-9fec1bac730c (table: NB_Global) {{(pid=103399) notify /opt/stack/neutron/neutron/plugins/ml2/drivers/ovn/mech_driver/ovsdb/ovsdb_monitor.py:920}}
Feb 17 18:02:05.768829 np0000156071 devstack@neutron-api.service[103399]: DEBUG neutron.common.ovn.hash_ring_manager [None req-ca6c263d-338c-49ef-998a-d415ae027b2f None None] Hash Ring loaded. 1 active nodes. 0 offline nodes {{(pid=103399) _load_hash_ring /opt/stack/neutron/neutron/common/ovn/hash_ring_manager.py:102}}
Feb 17 18:02:05.768829 np0000156071 devstack@neutron-api.service[103399]: DEBUG neutron.plugins.ml2.drivers.ovn.mech_driver.ovsdb.ovsdb_monitor [None req-ca6c263d-338c-49ef-998a-d415ae027b2f None None] Hash Ring: Node 341821b7b1ae58a1a715d738836c4748 (host: np0000156071) handling event "create" for row 8a9e84f7-f3e9-4ff6-9432-9daf3e81ad23 (table: Port_Group) {{(pid=103399) notify /opt/stack/neutron/neutron/plugins/ml2/drivers/ovn/mech_driver/ovsdb/ovsdb_monitor.py:920}}
Feb 17 18:02:05.773502 np0000156071 devstack@neutron-api.service[103399]: DEBUG neutron.common.ovn.hash_ring_manager [None req-ca6c263d-338c-49ef-998a-d415ae027b2f None None] Hash Ring loaded. 1 active nodes. 0 offline nodes {{(pid=103399) _load_hash_ring /opt/stack/neutron/neutron/common/ovn/hash_ring_manager.py:102}}
Feb 17 18:02:05.773638 np0000156071 devstack@neutron-api.service[103399]: DEBUG neutron.plugins.ml2.drivers.ovn.mech_driver.ovsdb.ovsdb_monitor [None req-ca6c263d-338c-49ef-998a-d415ae027b2f None None] Hash Ring: Node 341821b7b1ae58a1a715d738836c4748 (host: np0000156071) handling event "create" for row f10bc69a-74b3-4f58-bd34-49362ace62a3 (table: SSL) {{(pid=103399) notify /opt/stack/neutron/neutron/plugins/ml2/drivers/ovn/mech_driver/ovsdb/ovsdb_monitor.py:920}}
Feb 17 18:02:05.774764 np0000156071 devstack@neutron-api.service[103399]: INFO neutron.plugins.ml2.drivers.ovn.mech_driver.ovsdb.impl_idl_ovn [None req-ca6c263d-338c-49ef-998a-d415ae027b2f None None] Getting OvsdbSbOvnIdl for WorkerService with retry
Feb 17 18:02:05.808660 np0000156071 devstack@neutron-api.service[103399]: DEBUG ovsdbapp.backend.ovs_idl [None req-ca6c263d-338c-49ef-998a-d415ae027b2f None None] Created lookup_table index Chassis.name {{(pid=103399) autocreate_indices /opt/stack/data/venv/lib/python3.12/site-packages/ovsdbapp/backend/ovs_idl/__init__.py:87}}
Feb 17 18:02:05.808764 np0000156071 devstack@neutron-api.service[103399]: DEBUG ovsdbapp.backend.ovs_idl [None req-ca6c263d-338c-49ef-998a-d415ae027b2f None None] Created lookup_table index Port_Binding.logical_port {{(pid=103399) autocreate_indices /opt/stack/data/venv/lib/python3.12/site-packages/ovsdbapp/backend/ovs_idl/__init__.py:87}}
Feb 17 18:02:05.808940 np0000156071 devstack@neutron-api.service[103399]: DEBUG ovsdbapp.backend.ovs_idl [None req-ca6c263d-338c-49ef-998a-d415ae027b2f None None] Created schema index Chassis_Private.name {{(pid=103399) autocreate_indices /opt/stack/data/venv/lib/python3.12/site-packages/ovsdbapp/backend/ovs_idl/__init__.py:106}}
Feb 17 18:02:05.809059 np0000156071 devstack@neutron-api.service[103399]: DEBUG ovsdbapp.backend.ovs_idl [None req-ca6c263d-338c-49ef-998a-d415ae027b2f None None] Created schema index Datapath_Binding.tunnel_key {{(pid=103399) autocreate_indices /opt/stack/data/venv/lib/python3.12/site-packages/ovsdbapp/backend/ovs_idl/__init__.py:106}}
Feb 17 18:02:05.811441 np0000156071 devstack@neutron-api.service[103399]: INFO ovsdbapp.backend.ovs_idl.vlog [None req-ca6c263d-338c-49ef-998a-d415ae027b2f None None] ssl:199.19.213.123:6642: connecting...
Feb 17 18:02:05.817278 np0000156071 devstack@neutron-api.service[103399]: INFO ovsdbapp.backend.ovs_idl.vlog [None req-ca6c263d-338c-49ef-998a-d415ae027b2f None None] ssl:199.19.213.123:6642: connected
Feb 17 18:02:05.842743 np0000156071 devstack@neutron-api.service[103399]: DEBUG neutron.common.ovn.hash_ring_manager [None req-ca6c263d-338c-49ef-998a-d415ae027b2f None None] Disallow caching, nodes 1<4 {{(pid=103399) _wait_startup_before_caching /opt/stack/neutron/neutron/common/ovn/hash_ring_manager.py:72}}
Feb 17 18:02:05.846658 np0000156071 devstack@neutron-api.service[103399]: DEBUG neutron.common.ovn.hash_ring_manager [None req-ca6c263d-338c-49ef-998a-d415ae027b2f None None] Hash Ring loaded. 1 active nodes. 0 offline nodes {{(pid=103399) _load_hash_ring /opt/stack/neutron/neutron/common/ovn/hash_ring_manager.py:102}}
Feb 17 18:02:05.846761 np0000156071 devstack@neutron-api.service[103399]: DEBUG neutron.plugins.ml2.drivers.ovn.mech_driver.ovsdb.ovsdb_monitor [None req-ca6c263d-338c-49ef-998a-d415ae027b2f None None] Hash Ring: Node 341821b7b1ae58a1a715d738836c4748 (host: np0000156071) handling event "create" for row 40b36e84-9b17-46ef-8dac-72b266c54451 (table: Chassis) {{(pid=103399) notify /opt/stack/neutron/neutron/plugins/ml2/drivers/ovn/mech_driver/ovsdb/ovsdb_monitor.py:920}}
Feb 17 18:02:05.847345 np0000156071 devstack@neutron-api.service[103399]: DEBUG ovsdbapp.backend.ovs_idl.event [None req-ca6c263d-338c-49ef-998a-d415ae027b2f None None] Matched CREATE: ChassisBandwidthConfigEvent(events=('create', 'update'), table='Chassis', conditions=None, old_conditions=None), priority=20 to row=Chassis(name=acbfafb3-0b48-4479-bae9-f8dc47754ad0, nb_cfg=0, encaps=[], external_ids={}, other_config={'ct-commit-nat-v2': 'true', 'ct-commit-to-zone': 'true', 'ct-next-zone': 'true', 'ct-no-masked-label': 'true', 'ct-state-save': 'true', 'datapath-type': 'system', 'fdb-timestamp': 'true', 'iface-types': 'afxdp,afxdp-nonpmd,bareudp,erspan,geneve,gre,gtpu,internal,ip6erspan,ip6gre,lisp,patch,srv6,stt,system,tap,vxlan', 'is-interconn': 'false', 'ls-dpg-column': 'true', 'mac-binding-timestamp': 'true', 'ovn-bridge-mappings': 'public:br-ex', 'ovn-chassis-mac-mappings': '', 'ovn-cms-options': 'enable-chassis-as-gw', 'ovn-ct-lb-related': 'true', 'ovn-enable-lflow-cache': 'true', 'ovn-limit-lflow-cache': '', 'ovn-memlimit-lflow-cache-kb': '', 'ovn-monitor-all': 'false', 'ovn-trim-limit-lflow-cache': '', 'ovn-trim-timeout-ms': '', 'ovn-trim-wmark-perc-lflow-cache': '', 'port-up-notif': 'true'}, transport_zones=[], hostname=np0000156071, vtep_logical_switches=[]) old= {{(pid=103399) matches /opt/stack/data/venv/lib/python3.12/site-packages/ovsdbapp/backend/ovs_idl/event.py:55}}
Feb 17 18:02:05.847859 np0000156071 devstack@neutron-api.service[103399]: DEBUG neutron.plugins.ml2.drivers.ovn.mech_driver.ovsdb.ovsdb_monitor [None req-ca6c263d-338c-49ef-998a-d415ae027b2f None None] ChassisAgentWriteEvent : Matched Chassis_Private, create, None None {{(pid=103399) matches /opt/stack/neutron/neutron/plugins/ml2/drivers/ovn/mech_driver/ovsdb/ovsdb_monitor.py:65}}
Feb 17 18:02:05.847984 np0000156071 devstack@neutron-api.service[103399]: DEBUG neutron.plugins.ml2.drivers.ovn.mech_driver.ovsdb.ovsdb_monitor [None req-ca6c263d-338c-49ef-998a-d415ae027b2f None None] ChassisOVNAgentWriteEvent : Matched Chassis_Private, create, None None {{(pid=103399) matches /opt/stack/neutron/neutron/plugins/ml2/drivers/ovn/mech_driver/ovsdb/ovsdb_monitor.py:65}}
Feb 17 18:02:05.852897 np0000156071 devstack@neutron-api.service[103399]: DEBUG neutron.common.ovn.hash_ring_manager [None req-ca6c263d-338c-49ef-998a-d415ae027b2f None None] Hash Ring loaded. 1 active nodes. 0 offline nodes {{(pid=103399) _load_hash_ring /opt/stack/neutron/neutron/common/ovn/hash_ring_manager.py:102}}
Feb 17 18:02:05.853072 np0000156071 devstack@neutron-api.service[103399]: DEBUG neutron.plugins.ml2.drivers.ovn.mech_driver.ovsdb.ovsdb_monitor [None req-ca6c263d-338c-49ef-998a-d415ae027b2f None None] Hash Ring: Node 341821b7b1ae58a1a715d738836c4748 (host: np0000156071) handling event "create" for row 208ad3ff-cff8-49b3-afdf-0b98a9c080c5 (table: Chassis_Private) {{(pid=103399) notify /opt/stack/neutron/neutron/plugins/ml2/drivers/ovn/mech_driver/ovsdb/ovsdb_monitor.py:920}}
Feb 17 18:02:05.857862 np0000156071 devstack@neutron-api.service[103399]: DEBUG neutron.common.ovn.hash_ring_manager [None req-ca6c263d-338c-49ef-998a-d415ae027b2f None None] Hash Ring loaded. 1 active nodes. 0 offline nodes {{(pid=103399) _load_hash_ring /opt/stack/neutron/neutron/common/ovn/hash_ring_manager.py:102}}
Feb 17 18:02:05.857997 np0000156071 devstack@neutron-api.service[103399]: DEBUG neutron.plugins.ml2.drivers.ovn.mech_driver.ovsdb.ovsdb_monitor [None req-ca6c263d-338c-49ef-998a-d415ae027b2f None None] Hash Ring: Node 341821b7b1ae58a1a715d738836c4748 (host: np0000156071) handling event "create" for row 702214e0-33b6-4670-95cd-78dc053fc235 (table: Encap) {{(pid=103399) notify /opt/stack/neutron/neutron/plugins/ml2/drivers/ovn/mech_driver/ovsdb/ovsdb_monitor.py:920}}
Feb 17 18:02:05.859168 np0000156071 devstack@neutron-api.service[103399]: INFO neutron.plugins.ml2.drivers.ovn.mech_driver.mech_driver [None req-ca6c263d-338c-49ef-998a-d415ae027b2f None None] WorkerService process has finished the post initialization
Feb 17 18:02:05.859853 np0000156071 devstack@neutron-api.service[103399]: INFO neutron.plugins.ml2.drivers.ovn.mech_driver.ovsdb.extensions.qos [-] Starting OVNClientQosExtension
Feb 17 18:02:05.860113 np0000156071 devstack@neutron-api.service[103399]: INFO neutron.plugins.ml2.drivers.ovn.mech_driver.ovsdb.extensions.placement [-] Starting OVNClientPlacementExtension
Feb 17 18:02:05.862351 np0000156071 devstack@neutron-api.service[103399]: WSGI app 0 (mountpoint='') ready in 6 seconds on interpreter 0x727e1aaa3668 pid: 103399 (default app)
Feb 17 18:02:05.987159 np0000156071 devstack@neutron-api.service[103400]: INFO neutron.plugins.ml2.managers [None req-d07fffcc-8aea-473c-a57f-649701a5e153 None None] Initializing driver for type 'local'
Feb 17 18:02:05.987431 np0000156071 devstack@neutron-api.service[103400]: INFO neutron.plugins.ml2.managers [None req-d07fffcc-8aea-473c-a57f-649701a5e153 None None] Initializing driver for type 'vlan'
Feb 17 18:02:05.989421 np0000156071 devstack@neutron-api.service[103401]: INFO neutron.plugins.ml2.managers [None req-faf884e4-3ee5-4c75-acfa-d6555de9dcac None None] Initializing driver for type 'local'
Feb 17 18:02:05.989540 np0000156071 devstack@neutron-api.service[103401]: INFO neutron.plugins.ml2.managers [None req-faf884e4-3ee5-4c75-acfa-d6555de9dcac None None] Initializing driver for type 'vlan'
Feb 17 18:02:05.993964 np0000156071 devstack@neutron-api.service[103399]: [pid: 103399|app: 0|req: 1/1] 199.19.213.123 () {62 vars in 988 bytes} [Tue Feb 17 18:02:05 2026] GET /networking => generated 130 bytes in 4 msecs (HTTP/1.1 200) 3 headers in 91 bytes (1 switches on core 0)
Feb 17 18:02:06.007515 np0000156071 devstack@neutron-api.service[103402]: INFO neutron.plugins.ml2.managers [None req-448b4b30-340a-457f-88b6-a4bfda9f4b25 None None] Initializing driver for type 'local'
Feb 17 18:02:06.007693 np0000156071 devstack@neutron-api.service[103402]: INFO neutron.plugins.ml2.managers [None req-448b4b30-340a-457f-88b6-a4bfda9f4b25 None None] Initializing driver for type 'vlan'
Feb 17 18:02:06.030261 np0000156071 devstack@neutron-api.service[103399]: DEBUG neutron.common.ovn.hash_ring_manager [-] Hash Ring loaded. 1 active nodes. 0 offline nodes {{(pid=103399) _load_hash_ring /opt/stack/neutron/neutron/common/ovn/hash_ring_manager.py:102}}
Feb 17 18:02:06.030536 np0000156071 devstack@neutron-api.service[103399]: DEBUG neutron.plugins.ml2.drivers.ovn.mech_driver.ovsdb.ovsdb_monitor [-] Hash Ring: Node 341821b7b1ae58a1a715d738836c4748 (host: np0000156071) handling event "update" for row 0b5c520d-567b-4f25-9c13-18867b1c716b (table: Connection) {{(pid=103399) notify /opt/stack/neutron/neutron/plugins/ml2/drivers/ovn/mech_driver/ovsdb/ovsdb_monitor.py:920}}
Feb 17 18:02:06.129713 np0000156071 devstack@neutron-api.service[103401]: INFO neutron.plugins.ml2.drivers.type_vlan [None req-faf884e4-3ee5-4c75-acfa-d6555de9dcac None None] VlanTypeDriver initialization complete
Feb 17 18:02:06.129803 np0000156071 devstack@neutron-api.service[103401]: INFO neutron.plugins.ml2.managers [None req-faf884e4-3ee5-4c75-acfa-d6555de9dcac None None] Initializing extension driver 'port_security'
Feb 17 18:02:06.129978 np0000156071 devstack@neutron-api.service[103401]: INFO neutron.plugins.ml2.extensions.port_security [None req-faf884e4-3ee5-4c75-acfa-d6555de9dcac None None] PortSecurityExtensionDriver initialization complete
Feb 17 18:02:06.129978 np0000156071 devstack@neutron-api.service[103401]: INFO neutron.plugins.ml2.managers [None req-faf884e4-3ee5-4c75-acfa-d6555de9dcac None None] Initializing extension driver 'qos'
Feb 17 18:02:06.130177 np0000156071 devstack@neutron-api.service[103401]: DEBUG neutron.plugins.ml2.extensions.qos [None req-faf884e4-3ee5-4c75-acfa-d6555de9dcac None None] QosExtensionDriver initialization complete {{(pid=103401) initialize /opt/stack/neutron/neutron/plugins/ml2/extensions/qos.py:31}}
Feb 17 18:02:06.130339 np0000156071 devstack@neutron-api.service[103401]: INFO neutron.plugins.ml2.managers [None req-faf884e4-3ee5-4c75-acfa-d6555de9dcac None None] Initializing mechanism driver 'ovn'
Feb 17 18:02:06.130339 np0000156071 devstack@neutron-api.service[103401]: INFO neutron.plugins.ml2.drivers.ovn.mech_driver.mech_driver [None req-faf884e4-3ee5-4c75-acfa-d6555de9dcac None None] Starting OVNMechanismDriver
Feb 17 18:02:06.130531 np0000156071 devstack@neutron-api.service[103400]: INFO neutron.plugins.ml2.drivers.type_vlan [None req-d07fffcc-8aea-473c-a57f-649701a5e153 None None] VlanTypeDriver initialization complete
Feb 17 18:02:06.130671 np0000156071 devstack@neutron-api.service[103400]: INFO neutron.plugins.ml2.managers [None req-d07fffcc-8aea-473c-a57f-649701a5e153 None None] Initializing extension driver 'port_security'
Feb 17 18:02:06.130836 np0000156071 devstack@neutron-api.service[103400]: INFO neutron.plugins.ml2.extensions.port_security [None req-d07fffcc-8aea-473c-a57f-649701a5e153 None None] PortSecurityExtensionDriver initialization complete
Feb 17 18:02:06.130836 np0000156071 devstack@neutron-api.service[103400]: INFO neutron.plugins.ml2.managers [None req-d07fffcc-8aea-473c-a57f-649701a5e153 None None] Initializing extension driver 'qos'
Feb 17 18:02:06.130946 np0000156071 devstack@neutron-api.service[103400]: DEBUG neutron.plugins.ml2.extensions.qos [None req-d07fffcc-8aea-473c-a57f-649701a5e153 None None] QosExtensionDriver initialization complete {{(pid=103400) initialize /opt/stack/neutron/neutron/plugins/ml2/extensions/qos.py:31}}
Feb 17 18:02:06.131023 np0000156071 devstack@neutron-api.service[103400]: INFO neutron.plugins.ml2.managers [None req-d07fffcc-8aea-473c-a57f-649701a5e153 None None] Initializing mechanism driver 'ovn'
Feb 17 18:02:06.131143 np0000156071 devstack@neutron-api.service[103400]: INFO neutron.plugins.ml2.drivers.ovn.mech_driver.mech_driver [None req-d07fffcc-8aea-473c-a57f-649701a5e153 None None] Starting OVNMechanismDriver
Feb 17 18:02:06.131847 np0000156071 devstack@neutron-api.service[103401]: DEBUG neutron_lib.callbacks.manager [None req-faf884e4-3ee5-4c75-acfa-d6555de9dcac None None] Subscribe: > process before_spawn 55550000, False {{(pid=103401) subscribe /opt/stack/data/venv/lib/python3.12/site-packages/neutron_lib/callbacks/manager.py:52}}
Feb 17 18:02:06.131990 np0000156071 devstack@neutron-api.service[103401]: DEBUG neutron_lib.callbacks.manager [None req-faf884e4-3ee5-4c75-acfa-d6555de9dcac None None] Subscribe: > process after_init 55550000, True {{(pid=103401) subscribe /opt/stack/data/venv/lib/python3.12/site-packages/neutron_lib/callbacks/manager.py:52}}
Feb 17 18:02:06.132112 np0000156071 devstack@neutron-api.service[103401]: DEBUG neutron_lib.callbacks.manager [None req-faf884e4-3ee5-4c75-acfa-d6555de9dcac None None] Subscribe: > segment after_create 55550000, False {{(pid=103401) subscribe /opt/stack/data/venv/lib/python3.12/site-packages/neutron_lib/callbacks/manager.py:52}}
Feb 17 18:02:06.132310 np0000156071 devstack@neutron-api.service[103401]: DEBUG neutron_lib.callbacks.manager [None req-faf884e4-3ee5-4c75-acfa-d6555de9dcac None None] Subscribe: > segment after_create 55550000, False {{(pid=103401) subscribe /opt/stack/data/venv/lib/python3.12/site-packages/neutron_lib/callbacks/manager.py:52}}
Feb 17 18:02:06.132310 np0000156071 devstack@neutron-api.service[103401]: DEBUG neutron_lib.callbacks.manager [None req-faf884e4-3ee5-4c75-acfa-d6555de9dcac None None] Subscribe: > segment after_delete 55550000, False {{(pid=103401) subscribe /opt/stack/data/venv/lib/python3.12/site-packages/neutron_lib/callbacks/manager.py:52}}
Feb 17 18:02:06.132433 np0000156071 devstack@neutron-api.service[103401]: DEBUG neutron_lib.callbacks.manager [None req-faf884e4-3ee5-4c75-acfa-d6555de9dcac None None] Subscribe: > allowed_address_pair before_create 55550000, False {{(pid=103401) subscribe /opt/stack/data/venv/lib/python3.12/site-packages/neutron_lib/callbacks/manager.py:52}}
Feb 17 18:02:06.132544 np0000156071 devstack@neutron-api.service[103401]: DEBUG neutron_lib.callbacks.manager [None req-faf884e4-3ee5-4c75-acfa-d6555de9dcac None None] Subscribe: > security_group precommit_create 55550000, False {{(pid=103401) subscribe /opt/stack/data/venv/lib/python3.12/site-packages/neutron_lib/callbacks/manager.py:52}}
Feb 17 18:02:06.132628 np0000156071 devstack@neutron-api.service[103400]: DEBUG neutron_lib.callbacks.manager [None req-d07fffcc-8aea-473c-a57f-649701a5e153 None None] Subscribe: > process before_spawn 55550000, False {{(pid=103400) subscribe /opt/stack/data/venv/lib/python3.12/site-packages/neutron_lib/callbacks/manager.py:52}}
Feb 17 18:02:06.132674 np0000156071 devstack@neutron-api.service[103401]: DEBUG neutron_lib.callbacks.manager [None req-faf884e4-3ee5-4c75-acfa-d6555de9dcac None None] Subscribe: > security_group after_update 55550000, False {{(pid=103401) subscribe /opt/stack/data/venv/lib/python3.12/site-packages/neutron_lib/callbacks/manager.py:52}}
Feb 17 18:02:06.132742 np0000156071 devstack@neutron-api.service[103400]: DEBUG neutron_lib.callbacks.manager [None req-d07fffcc-8aea-473c-a57f-649701a5e153 None None] Subscribe: > process after_init 55550000, True {{(pid=103400) subscribe /opt/stack/data/venv/lib/python3.12/site-packages/neutron_lib/callbacks/manager.py:52}}
Feb 17 18:02:06.132794 np0000156071 devstack@neutron-api.service[103401]: DEBUG neutron_lib.callbacks.manager [None req-faf884e4-3ee5-4c75-acfa-d6555de9dcac None None] Subscribe: > security_group after_create 55550000, False {{(pid=103401) subscribe /opt/stack/data/venv/lib/python3.12/site-packages/neutron_lib/callbacks/manager.py:52}}
Feb 17 18:02:06.132844 np0000156071 devstack@neutron-api.service[103400]: DEBUG neutron_lib.callbacks.manager [None req-d07fffcc-8aea-473c-a57f-649701a5e153 None None] Subscribe: > segment after_create 55550000, False {{(pid=103400) subscribe /opt/stack/data/venv/lib/python3.12/site-packages/neutron_lib/callbacks/manager.py:52}}
Feb 17 18:02:06.132884 np0000156071 devstack@neutron-api.service[103401]: DEBUG neutron_lib.callbacks.manager [None req-faf884e4-3ee5-4c75-acfa-d6555de9dcac None None] Subscribe: > security_group precommit_delete 55550000, False {{(pid=103401) subscribe /opt/stack/data/venv/lib/python3.12/site-packages/neutron_lib/callbacks/manager.py:52}}
Feb 17 18:02:06.132955 np0000156071 devstack@neutron-api.service[103400]: DEBUG neutron_lib.callbacks.manager [None req-d07fffcc-8aea-473c-a57f-649701a5e153 None None] Subscribe: > segment after_create 55550000, False {{(pid=103400) subscribe /opt/stack/data/venv/lib/python3.12/site-packages/neutron_lib/callbacks/manager.py:52}}
Feb 17 18:02:06.132992 np0000156071 devstack@neutron-api.service[103401]: DEBUG neutron_lib.callbacks.manager [None req-faf884e4-3ee5-4c75-acfa-d6555de9dcac None None] Subscribe: > security_group after_delete 55550000, False {{(pid=103401) subscribe /opt/stack/data/venv/lib/python3.12/site-packages/neutron_lib/callbacks/manager.py:52}}
Feb 17 18:02:06.133077 np0000156071 devstack@neutron-api.service[103400]: DEBUG neutron_lib.callbacks.manager [None req-d07fffcc-8aea-473c-a57f-649701a5e153 None None] Subscribe: > segment after_delete 55550000, False {{(pid=103400) subscribe /opt/stack/data/venv/lib/python3.12/site-packages/neutron_lib/callbacks/manager.py:52}}
Feb 17 18:02:06.133121 np0000156071 devstack@neutron-api.service[103401]: DEBUG neutron_lib.callbacks.manager [None req-faf884e4-3ee5-4c75-acfa-d6555de9dcac None None] Subscribe: > security_group_rule precommit_create 55550000, False {{(pid=103401) subscribe /opt/stack/data/venv/lib/python3.12/site-packages/neutron_lib/callbacks/manager.py:52}}
Feb 17 18:02:06.133185 np0000156071 devstack@neutron-api.service[103401]: DEBUG neutron_lib.callbacks.manager [None req-faf884e4-3ee5-4c75-acfa-d6555de9dcac None None] Subscribe: > security_group_rule after_create 55550000, False {{(pid=103401) subscribe /opt/stack/data/venv/lib/python3.12/site-packages/neutron_lib/callbacks/manager.py:52}}
Feb 17 18:02:06.133222 np0000156071 devstack@neutron-api.service[103400]: DEBUG neutron_lib.callbacks.manager [None req-d07fffcc-8aea-473c-a57f-649701a5e153 None None] Subscribe: > allowed_address_pair before_create 55550000, False {{(pid=103400) subscribe /opt/stack/data/venv/lib/python3.12/site-packages/neutron_lib/callbacks/manager.py:52}}
Feb 17 18:02:06.133432 np0000156071 devstack@neutron-api.service[103401]: DEBUG neutron_lib.callbacks.manager [None req-faf884e4-3ee5-4c75-acfa-d6555de9dcac None None] Subscribe: > security_group_rule before_delete 55550000, False {{(pid=103401) subscribe /opt/stack/data/venv/lib/python3.12/site-packages/neutron_lib/callbacks/manager.py:52}}
Feb 17 18:02:06.133497 np0000156071 devstack@neutron-api.service[103400]: DEBUG neutron_lib.callbacks.manager [None req-d07fffcc-8aea-473c-a57f-649701a5e153 None None] Subscribe: > security_group precommit_create 55550000, False {{(pid=103400) subscribe /opt/stack/data/venv/lib/python3.12/site-packages/neutron_lib/callbacks/manager.py:52}}
Feb 17 18:02:06.133531 np0000156071 devstack@neutron-api.service[103401]: DEBUG neutron_lib.callbacks.manager [None req-faf884e4-3ee5-4c75-acfa-d6555de9dcac None None] Subscribe: > address_group after_create 55550000, False {{(pid=103401) subscribe /opt/stack/data/venv/lib/python3.12/site-packages/neutron_lib/callbacks/manager.py:52}}
Feb 17 18:02:06.133653 np0000156071 devstack@neutron-api.service[103400]: DEBUG neutron_lib.callbacks.manager [None req-d07fffcc-8aea-473c-a57f-649701a5e153 None None] Subscribe: > security_group after_update 55550000, False {{(pid=103400) subscribe /opt/stack/data/venv/lib/python3.12/site-packages/neutron_lib/callbacks/manager.py:52}}
Feb 17 18:02:06.133698 np0000156071 devstack@neutron-api.service[103401]: DEBUG neutron_lib.callbacks.manager [None req-faf884e4-3ee5-4c75-acfa-d6555de9dcac None None] Subscribe: > address_group after_update 55550000, False {{(pid=103401) subscribe /opt/stack/data/venv/lib/python3.12/site-packages/neutron_lib/callbacks/manager.py:52}}
Feb 17 18:02:06.133740 np0000156071 devstack@neutron-api.service[103400]: DEBUG neutron_lib.callbacks.manager [None req-d07fffcc-8aea-473c-a57f-649701a5e153 None None] Subscribe: > security_group after_create 55550000, False {{(pid=103400) subscribe /opt/stack/data/venv/lib/python3.12/site-packages/neutron_lib/callbacks/manager.py:52}}
Feb 17 18:02:06.133790 np0000156071 devstack@neutron-api.service[103401]: DEBUG neutron_lib.callbacks.manager [None req-faf884e4-3ee5-4c75-acfa-d6555de9dcac None None] Subscribe: > address_group after_delete 55550000, False {{(pid=103401) subscribe /opt/stack/data/venv/lib/python3.12/site-packages/neutron_lib/callbacks/manager.py:52}}
Feb 17 18:02:06.133895 np0000156071 devstack@neutron-api.service[103400]: DEBUG neutron_lib.callbacks.manager [None req-d07fffcc-8aea-473c-a57f-649701a5e153 None None] Subscribe: > security_group precommit_delete 55550000, False {{(pid=103400) subscribe /opt/stack/data/venv/lib/python3.12/site-packages/neutron_lib/callbacks/manager.py:52}}
Feb 17 18:02:06.133895 np0000156071 devstack@neutron-api.service[103400]: DEBUG neutron_lib.callbacks.manager [None req-d07fffcc-8aea-473c-a57f-649701a5e153 None None] Subscribe: > security_group after_delete 55550000, False {{(pid=103400) subscribe /opt/stack/data/venv/lib/python3.12/site-packages/neutron_lib/callbacks/manager.py:52}}
Feb 17 18:02:06.133986 np0000156071 devstack@neutron-api.service[103401]: DEBUG neutron_lib.callbacks.manager [None req-faf884e4-3ee5-4c75-acfa-d6555de9dcac None None] Subscribe: > qos_plugin after_init 55550000, False {{(pid=103401) subscribe /opt/stack/data/venv/lib/python3.12/site-packages/neutron_lib/callbacks/manager.py:52}}
Feb 17 18:02:06.134139 np0000156071 devstack@neutron-api.service[103400]: DEBUG neutron_lib.callbacks.manager [None req-d07fffcc-8aea-473c-a57f-649701a5e153 None None] Subscribe: > security_group_rule precommit_create 55550000, False {{(pid=103400) subscribe /opt/stack/data/venv/lib/python3.12/site-packages/neutron_lib/callbacks/manager.py:52}}
Feb 17 18:02:06.134139 np0000156071 devstack@neutron-api.service[103400]: DEBUG neutron_lib.callbacks.manager [None req-d07fffcc-8aea-473c-a57f-649701a5e153 None None] Subscribe: > security_group_rule after_create 55550000, False {{(pid=103400) subscribe /opt/stack/data/venv/lib/python3.12/site-packages/neutron_lib/callbacks/manager.py:52}}
Feb 17 18:02:06.134227 np0000156071 devstack@neutron-api.service[103401]: DEBUG neutron_lib.callbacks.manager [None req-faf884e4-3ee5-4c75-acfa-d6555de9dcac None None] Subscribe: > trunk_plugin after_init 55550000, False {{(pid=103401) subscribe /opt/stack/data/venv/lib/python3.12/site-packages/neutron_lib/callbacks/manager.py:52}}
Feb 17 18:02:06.134303 np0000156071 devstack@neutron-api.service[103400]: DEBUG neutron_lib.callbacks.manager [None req-d07fffcc-8aea-473c-a57f-649701a5e153 None None] Subscribe: > security_group_rule before_delete 55550000, False {{(pid=103400) subscribe /opt/stack/data/venv/lib/python3.12/site-packages/neutron_lib/callbacks/manager.py:52}}
Feb 17 18:02:06.134303 np0000156071 devstack@neutron-api.service[103400]: DEBUG neutron_lib.callbacks.manager [None req-d07fffcc-8aea-473c-a57f-649701a5e153 None None] Subscribe: > address_group after_create 55550000, False {{(pid=103400) subscribe /opt/stack/data/venv/lib/python3.12/site-packages/neutron_lib/callbacks/manager.py:52}}
Feb 17 18:02:06.134372 np0000156071 devstack@neutron-api.service[103401]: DEBUG neutron_lib.callbacks.manager [None req-faf884e4-3ee5-4c75-acfa-d6555de9dcac None None] Subscribe: > logging-plugin after_init 55550000, False {{(pid=103401) subscribe /opt/stack/data/venv/lib/python3.12/site-packages/neutron_lib/callbacks/manager.py:52}}
Feb 17 18:02:06.134484 np0000156071 devstack@neutron-api.service[103400]: DEBUG neutron_lib.callbacks.manager [None req-d07fffcc-8aea-473c-a57f-649701a5e153 None None] Subscribe: > address_group after_update 55550000, False {{(pid=103400) subscribe /opt/stack/data/venv/lib/python3.12/site-packages/neutron_lib/callbacks/manager.py:52}}
Feb 17 18:02:06.134484 np0000156071 devstack@neutron-api.service[103400]: DEBUG neutron_lib.callbacks.manager [None req-d07fffcc-8aea-473c-a57f-649701a5e153 None None] Subscribe: > address_group after_delete 55550000, False {{(pid=103400) subscribe /opt/stack/data/venv/lib/python3.12/site-packages/neutron_lib/callbacks/manager.py:52}}
Feb 17 18:02:06.134557 np0000156071 devstack@neutron-api.service[103400]: DEBUG neutron_lib.callbacks.manager [None req-d07fffcc-8aea-473c-a57f-649701a5e153 None None] Subscribe: > qos_plugin after_init 55550000, False {{(pid=103400) subscribe /opt/stack/data/venv/lib/python3.12/site-packages/neutron_lib/callbacks/manager.py:52}}
Feb 17 18:02:06.134658 np0000156071 devstack@neutron-api.service[103401]: INFO neutron.services.logapi.drivers.ovn.driver [None req-faf884e4-3ee5-4c75-acfa-d6555de9dcac None None] OVN logging driver registered
Feb 17 18:02:06.134698 np0000156071 devstack@neutron-api.service[103400]: DEBUG neutron_lib.callbacks.manager [None req-d07fffcc-8aea-473c-a57f-649701a5e153 None None] Subscribe: > trunk_plugin after_init 55550000, False {{(pid=103400) subscribe /opt/stack/data/venv/lib/python3.12/site-packages/neutron_lib/callbacks/manager.py:52}}
Feb 17 18:02:06.134900 np0000156071 devstack@neutron-api.service[103400]: DEBUG neutron_lib.callbacks.manager [None req-d07fffcc-8aea-473c-a57f-649701a5e153 None None] Subscribe: > logging-plugin after_init 55550000, False {{(pid=103400) subscribe /opt/stack/data/venv/lib/python3.12/site-packages/neutron_lib/callbacks/manager.py:52}}
Feb 17 18:02:06.135349 np0000156071 devstack@neutron-api.service[103400]: INFO neutron.services.logapi.drivers.ovn.driver [None req-d07fffcc-8aea-473c-a57f-649701a5e153 None None] OVN logging driver registered
Feb 17 18:02:06.136070 np0000156071 devstack@neutron-api.service[103401]: DEBUG neutron.plugins.ml2.plugin [None req-faf884e4-3ee5-4c75-acfa-d6555de9dcac None None] neutron.plugins.ml2.plugin.Ml2Plugin method _start_rpc_notifiers called with arguments () {} {{(pid=103401) wrapper /opt/stack/data/venv/lib/python3.12/site-packages/oslo_log/helpers.py:77}}
Feb 17 18:02:06.136324 np0000156071 devstack@neutron-api.service[103401]: DEBUG neutron_lib.callbacks.manager [None req-faf884e4-3ee5-4c75-acfa-d6555de9dcac None None] Subscribe: > port after_create 55550000, False {{(pid=103401) subscribe /opt/stack/data/venv/lib/python3.12/site-packages/neutron_lib/callbacks/manager.py:52}}
Feb 17 18:02:06.136439 np0000156071 devstack@neutron-api.service[103401]: DEBUG neutron_lib.callbacks.manager [None req-faf884e4-3ee5-4c75-acfa-d6555de9dcac None None] Subscribe: > port after_update 55550000, False {{(pid=103401) subscribe /opt/stack/data/venv/lib/python3.12/site-packages/neutron_lib/callbacks/manager.py:52}}
Feb 17 18:02:06.136546 np0000156071 devstack@neutron-api.service[103401]: DEBUG neutron_lib.callbacks.manager [None req-faf884e4-3ee5-4c75-acfa-d6555de9dcac None None] Subscribe: > port after_delete 55550000, False {{(pid=103401) subscribe /opt/stack/data/venv/lib/python3.12/site-packages/neutron_lib/callbacks/manager.py:52}}
Feb 17 18:02:06.136642 np0000156071 devstack@neutron-api.service[103401]: DEBUG neutron_lib.callbacks.manager [None req-faf884e4-3ee5-4c75-acfa-d6555de9dcac None None] Subscribe: > subnet after_create 55550000, False {{(pid=103401) subscribe /opt/stack/data/venv/lib/python3.12/site-packages/neutron_lib/callbacks/manager.py:52}}
Feb 17 18:02:06.136749 np0000156071 devstack@neutron-api.service[103400]: DEBUG neutron.plugins.ml2.plugin [None req-d07fffcc-8aea-473c-a57f-649701a5e153 None None] neutron.plugins.ml2.plugin.Ml2Plugin method _start_rpc_notifiers called with arguments () {} {{(pid=103400) wrapper /opt/stack/data/venv/lib/python3.12/site-packages/oslo_log/helpers.py:77}}
Feb 17 18:02:06.136786 np0000156071 devstack@neutron-api.service[103401]: DEBUG neutron_lib.callbacks.manager [None req-faf884e4-3ee5-4c75-acfa-d6555de9dcac None None] Subscribe: > subnet after_update 55550000, False {{(pid=103401) subscribe /opt/stack/data/venv/lib/python3.12/site-packages/neutron_lib/callbacks/manager.py:52}}
Feb 17 18:02:06.136838 np0000156071 devstack@neutron-api.service[103401]: DEBUG neutron_lib.callbacks.manager [None req-faf884e4-3ee5-4c75-acfa-d6555de9dcac None None] Subscribe: > subnet after_delete 55550000, False {{(pid=103401) subscribe /opt/stack/data/venv/lib/python3.12/site-packages/neutron_lib/callbacks/manager.py:52}}
Feb 17 18:02:06.136931 np0000156071 devstack@neutron-api.service[103401]: DEBUG neutron_lib.callbacks.manager [None req-faf884e4-3ee5-4c75-acfa-d6555de9dcac None None] Subscribe: > network after_create 55550000, False {{(pid=103401) subscribe /opt/stack/data/venv/lib/python3.12/site-packages/neutron_lib/callbacks/manager.py:52}}
Feb 17 18:02:06.136970 np0000156071 devstack@neutron-api.service[103400]: DEBUG neutron_lib.callbacks.manager [None req-d07fffcc-8aea-473c-a57f-649701a5e153 None None] Subscribe: > port after_create 55550000, False {{(pid=103400) subscribe /opt/stack/data/venv/lib/python3.12/site-packages/neutron_lib/callbacks/manager.py:52}}
Feb 17 18:02:06.137033 np0000156071 devstack@neutron-api.service[103401]: DEBUG neutron_lib.callbacks.manager [None req-faf884e4-3ee5-4c75-acfa-d6555de9dcac None None] Subscribe: > network after_update 55550000, False {{(pid=103401) subscribe /opt/stack/data/venv/lib/python3.12/site-packages/neutron_lib/callbacks/manager.py:52}}
Feb 17 18:02:06.137131 np0000156071 devstack@neutron-api.service[103400]: DEBUG neutron_lib.callbacks.manager [None req-d07fffcc-8aea-473c-a57f-649701a5e153 None None] Subscribe: > port after_update 55550000, False {{(pid=103400) subscribe /opt/stack/data/venv/lib/python3.12/site-packages/neutron_lib/callbacks/manager.py:52}}
Feb 17 18:02:06.137198 np0000156071 devstack@neutron-api.service[103401]: DEBUG neutron_lib.callbacks.manager [None req-faf884e4-3ee5-4c75-acfa-d6555de9dcac None None] Subscribe: > network after_delete 55550000, False {{(pid=103401) subscribe /opt/stack/data/venv/lib/python3.12/site-packages/neutron_lib/callbacks/manager.py:52}}
Feb 17 18:02:06.137234 np0000156071 devstack@neutron-api.service[103400]: DEBUG neutron_lib.callbacks.manager [None req-d07fffcc-8aea-473c-a57f-649701a5e153 None None] Subscribe: > port after_delete 55550000, False {{(pid=103400) subscribe /opt/stack/data/venv/lib/python3.12/site-packages/neutron_lib/callbacks/manager.py:52}}
Feb 17 18:02:06.137277 np0000156071 devstack@neutron-api.service[103401]: DEBUG neutron_lib.callbacks.manager [None req-faf884e4-3ee5-4c75-acfa-d6555de9dcac None None] Subscribe: > security_group after_create 55550000, False {{(pid=103401) subscribe /opt/stack/data/venv/lib/python3.12/site-packages/neutron_lib/callbacks/manager.py:52}}
Feb 17 18:02:06.137314 np0000156071 devstack@neutron-api.service[103400]: DEBUG neutron_lib.callbacks.manager [None req-d07fffcc-8aea-473c-a57f-649701a5e153 None None] Subscribe: > subnet after_create 55550000, False {{(pid=103400) subscribe /opt/stack/data/venv/lib/python3.12/site-packages/neutron_lib/callbacks/manager.py:52}}
Feb 17 18:02:06.137380 np0000156071 devstack@neutron-api.service[103401]: DEBUG neutron_lib.callbacks.manager [None req-faf884e4-3ee5-4c75-acfa-d6555de9dcac None None] Subscribe: > security_group after_update 55550000, False {{(pid=103401) subscribe /opt/stack/data/venv/lib/python3.12/site-packages/neutron_lib/callbacks/manager.py:52}}
Feb 17 18:02:06.137414 np0000156071 devstack@neutron-api.service[103400]: DEBUG neutron_lib.callbacks.manager [None req-d07fffcc-8aea-473c-a57f-649701a5e153 None None] Subscribe: > subnet after_update 55550000, False {{(pid=103400) subscribe /opt/stack/data/venv/lib/python3.12/site-packages/neutron_lib/callbacks/manager.py:52}}
Feb 17 18:02:06.137452 np0000156071 devstack@neutron-api.service[103401]: DEBUG neutron_lib.callbacks.manager [None req-faf884e4-3ee5-4c75-acfa-d6555de9dcac None None] Subscribe: > security_group after_delete 55550000, False {{(pid=103401) subscribe /opt/stack/data/venv/lib/python3.12/site-packages/neutron_lib/callbacks/manager.py:52}}
Feb 17 18:02:06.137547 np0000156071 devstack@neutron-api.service[103400]: DEBUG neutron_lib.callbacks.manager [None req-d07fffcc-8aea-473c-a57f-649701a5e153 None None] Subscribe: > subnet after_delete 55550000, False {{(pid=103400) subscribe /opt/stack/data/venv/lib/python3.12/site-packages/neutron_lib/callbacks/manager.py:52}}
Feb 17 18:02:06.137586 np0000156071 devstack@neutron-api.service[103401]: DEBUG neutron_lib.callbacks.manager [None req-faf884e4-3ee5-4c75-acfa-d6555de9dcac None None] Subscribe: > security_group_rule after_create 55550000, False {{(pid=103401) subscribe /opt/stack/data/venv/lib/python3.12/site-packages/neutron_lib/callbacks/manager.py:52}}
Feb 17 18:02:06.137620 np0000156071 devstack@neutron-api.service[103400]: DEBUG neutron_lib.callbacks.manager [None req-d07fffcc-8aea-473c-a57f-649701a5e153 None None] Subscribe: > network after_create 55550000, False {{(pid=103400) subscribe /opt/stack/data/venv/lib/python3.12/site-packages/neutron_lib/callbacks/manager.py:52}}
Feb 17 18:02:06.137653 np0000156071 devstack@neutron-api.service[103401]: DEBUG neutron_lib.callbacks.manager [None req-faf884e4-3ee5-4c75-acfa-d6555de9dcac None None] Subscribe: > security_group_rule after_update 55550000, False {{(pid=103401) subscribe /opt/stack/data/venv/lib/python3.12/site-packages/neutron_lib/callbacks/manager.py:52}}
Feb 17 18:02:06.137692 np0000156071 devstack@neutron-api.service[103400]: DEBUG neutron_lib.callbacks.manager [None req-d07fffcc-8aea-473c-a57f-649701a5e153 None None] Subscribe: > network after_update 55550000, False {{(pid=103400) subscribe /opt/stack/data/venv/lib/python3.12/site-packages/neutron_lib/callbacks/manager.py:52}}
Feb 17 18:02:06.137762 np0000156071 devstack@neutron-api.service[103401]: DEBUG neutron_lib.callbacks.manager [None req-faf884e4-3ee5-4c75-acfa-d6555de9dcac None None] Subscribe: > security_group_rule after_delete 55550000, False {{(pid=103401) subscribe /opt/stack/data/venv/lib/python3.12/site-packages/neutron_lib/callbacks/manager.py:52}}
Feb 17 18:02:06.137800 np0000156071 devstack@neutron-api.service[103400]: DEBUG neutron_lib.callbacks.manager [None req-d07fffcc-8aea-473c-a57f-649701a5e153 None None] Subscribe: > network after_delete 55550000, False {{(pid=103400) subscribe /opt/stack/data/venv/lib/python3.12/site-packages/neutron_lib/callbacks/manager.py:52}}
Feb 17 18:02:06.137865 np0000156071 devstack@neutron-api.service[103401]: DEBUG neutron_lib.callbacks.manager [None req-faf884e4-3ee5-4c75-acfa-d6555de9dcac None None] Subscribe: > address_group after_create 55550000, False {{(pid=103401) subscribe /opt/stack/data/venv/lib/python3.12/site-packages/neutron_lib/callbacks/manager.py:52}}
Feb 17 18:02:06.137928 np0000156071 devstack@neutron-api.service[103400]: DEBUG neutron_lib.callbacks.manager [None req-d07fffcc-8aea-473c-a57f-649701a5e153 None None] Subscribe: > security_group after_create 55550000, False {{(pid=103400) subscribe /opt/stack/data/venv/lib/python3.12/site-packages/neutron_lib/callbacks/manager.py:52}}
Feb 17 18:02:06.137964 np0000156071 devstack@neutron-api.service[103401]: DEBUG neutron_lib.callbacks.manager [None req-faf884e4-3ee5-4c75-acfa-d6555de9dcac None None] Subscribe: > address_group after_update 55550000, False {{(pid=103401) subscribe /opt/stack/data/venv/lib/python3.12/site-packages/neutron_lib/callbacks/manager.py:52}}
Feb 17 18:02:06.137997 np0000156071 devstack@neutron-api.service[103400]: DEBUG neutron_lib.callbacks.manager [None req-d07fffcc-8aea-473c-a57f-649701a5e153 None None] Subscribe: > security_group after_update 55550000, False {{(pid=103400) subscribe /opt/stack/data/venv/lib/python3.12/site-packages/neutron_lib/callbacks/manager.py:52}}
