Apr 27 14:22:10.914599 np0000170604 devstack@neutron-api.service[104255]: DEBUG neutron.quota.resource_registry [None req-eefa9230-029f-4506-969b-a2ccbacf0d67 None None] Tracking information for resource: floatingip configured {{(pid=104255) set_tracked_resource /opt/stack/neutron/neutron/quota/resource_registry.py:203}}
Apr 27 14:22:10.914599 np0000170604 devstack@neutron-api.service[104255]: INFO neutron.services.ovn_l3.plugin [None req-eefa9230-029f-4506-969b-a2ccbacf0d67 None None] Starting OVNL3RouterPlugin
Apr 27 14:22:10.914664 np0000170604 devstack@neutron-api.service[104254]: DEBUG neutron_lib.callbacks.manager [None req-e3ff8388-9243-4f44-9d91-277bc4fd8892 None None] Subscribe: > security_group after_create 55550000, False {{(pid=104254) subscribe /opt/stack/data/venv/lib/python3.12/site-packages/neutron_lib/callbacks/manager.py:52}}
Apr 27 14:22:10.914664 np0000170604 devstack@neutron-api.service[104254]: DEBUG neutron_lib.callbacks.manager [None req-e3ff8388-9243-4f44-9d91-277bc4fd8892 None None] Subscribe: > security_group after_update 55550000, False {{(pid=104254) subscribe /opt/stack/data/venv/lib/python3.12/site-packages/neutron_lib/callbacks/manager.py:52}}
Apr 27 14:22:10.914781 np0000170604 devstack@neutron-api.service[104255]: DEBUG neutron_lib.callbacks.manager [None req-eefa9230-029f-4506-969b-a2ccbacf0d67 None None] Subscribe: > port_forwarding_plugin after_init 55550000, False {{(pid=104255) subscribe /opt/stack/data/venv/lib/python3.12/site-packages/neutron_lib/callbacks/manager.py:52}}
Apr 27 14:22:10.914819 np0000170604 devstack@neutron-api.service[104254]: DEBUG neutron_lib.callbacks.manager [None req-e3ff8388-9243-4f44-9d91-277bc4fd8892 None None] Subscribe: > security_group after_delete 55550000, False {{(pid=104254) subscribe /opt/stack/data/venv/lib/python3.12/site-packages/neutron_lib/callbacks/manager.py:52}}
Apr 27 14:22:10.914819 np0000170604 devstack@neutron-api.service[104254]: DEBUG neutron_lib.callbacks.manager [None req-e3ff8388-9243-4f44-9d91-277bc4fd8892 None None] Subscribe: > security_group_rule after_create 55550000, False {{(pid=104254) subscribe /opt/stack/data/venv/lib/python3.12/site-packages/neutron_lib/callbacks/manager.py:52}}
Apr 27 14:22:10.914925 np0000170604 devstack@neutron-api.service[104255]: DEBUG neutron_lib.callbacks.manager [None req-eefa9230-029f-4506-969b-a2ccbacf0d67 None None] Subscribe: > router before_create 55550100, False {{(pid=104255) subscribe /opt/stack/data/venv/lib/python3.12/site-packages/neutron_lib/callbacks/manager.py:52}}
Apr 27 14:22:10.914925 np0000170604 devstack@neutron-api.service[104255]: DEBUG neutron_lib.callbacks.manager [None req-eefa9230-029f-4506-969b-a2ccbacf0d67 None None] Subscribe: > router precommit_delete 55550100, False {{(pid=104255) subscribe /opt/stack/data/venv/lib/python3.12/site-packages/neutron_lib/callbacks/manager.py:52}}
Apr 27 14:22:10.915054 np0000170604 devstack@neutron-api.service[104254]: DEBUG neutron_lib.callbacks.manager [None req-e3ff8388-9243-4f44-9d91-277bc4fd8892 None None] Subscribe: > security_group_rule after_update 55550000, False {{(pid=104254) subscribe /opt/stack/data/venv/lib/python3.12/site-packages/neutron_lib/callbacks/manager.py:52}}
Apr 27 14:22:10.915093 np0000170604 devstack@neutron-api.service[104255]: DEBUG neutron_lib.callbacks.manager [None req-eefa9230-029f-4506-969b-a2ccbacf0d67 None None] Subscribe: > router precommit_create 55550100, False {{(pid=104255) subscribe /opt/stack/data/venv/lib/python3.12/site-packages/neutron_lib/callbacks/manager.py:52}}
Apr 27 14:22:10.915131 np0000170604 devstack@neutron-api.service[104254]: DEBUG neutron_lib.callbacks.manager [None req-e3ff8388-9243-4f44-9d91-277bc4fd8892 None None] Subscribe: > security_group_rule after_delete 55550000, False {{(pid=104254) subscribe /opt/stack/data/venv/lib/python3.12/site-packages/neutron_lib/callbacks/manager.py:52}}
Apr 27 14:22:10.915179 np0000170604 devstack@neutron-api.service[104255]: DEBUG neutron_lib.callbacks.manager [None req-eefa9230-029f-4506-969b-a2ccbacf0d67 None None] Subscribe: > router precommit_update 55550100, False {{(pid=104255) subscribe /opt/stack/data/venv/lib/python3.12/site-packages/neutron_lib/callbacks/manager.py:52}}
Apr 27 14:22:10.915228 np0000170604 devstack@neutron-api.service[104254]: DEBUG neutron_lib.callbacks.manager [None req-e3ff8388-9243-4f44-9d91-277bc4fd8892 None None] Subscribe: > address_group after_create 55550000, False {{(pid=104254) subscribe /opt/stack/data/venv/lib/python3.12/site-packages/neutron_lib/callbacks/manager.py:52}}
Apr 27 14:22:10.915228 np0000170604 devstack@neutron-api.service[104254]: DEBUG neutron_lib.callbacks.manager [None req-e3ff8388-9243-4f44-9d91-277bc4fd8892 None None] Subscribe: > address_group after_update 55550000, False {{(pid=104254) subscribe /opt/stack/data/venv/lib/python3.12/site-packages/neutron_lib/callbacks/manager.py:52}}
Apr 27 14:22:10.915604 np0000170604 devstack@neutron-api.service[104254]: DEBUG neutron_lib.callbacks.manager [None req-e3ff8388-9243-4f44-9d91-277bc4fd8892 None None] Subscribe: > address_group after_delete 55550000, False {{(pid=104254) subscribe /opt/stack/data/venv/lib/python3.12/site-packages/neutron_lib/callbacks/manager.py:52}}
Apr 27 14:22:10.915604 np0000170604 devstack@neutron-api.service[104254]: DEBUG neutron.plugins.ml2.ovo_rpc [None req-e3ff8388-9243-4f44-9d91-277bc4fd8892 None None] ML2 OVO RPC backend initialized. {{(pid=104254) __init__ /opt/stack/neutron/neutron/plugins/ml2/ovo_rpc.py:117}}
Apr 27 14:22:10.916689 np0000170604 devstack@neutron-api.service[104254]: INFO neutron.quota [None req-e3ff8388-9243-4f44-9d91-277bc4fd8892 None None] Loaded quota_driver: .
Apr 27 14:22:10.916768 np0000170604 devstack@neutron-api.service[104254]: INFO neutron.plugins.ml2.plugin [None req-e3ff8388-9243-4f44-9d91-277bc4fd8892 None None] Modular L2 Plugin initialization complete
Apr 27 14:22:10.917094 np0000170604 devstack@neutron-api.service[104254]: DEBUG neutron.manager [None req-e3ff8388-9243-4f44-9d91-277bc4fd8892 None None] Loading services supported by the core plugin {{(pid=104254) _load_services_from_core_plugin /opt/stack/neutron/neutron/manager.py:170}}
Apr 27 14:22:10.917094 np0000170604 devstack@neutron-api.service[104254]: INFO neutron.plugins.ml2.managers [None req-e3ff8388-9243-4f44-9d91-277bc4fd8892 None None] Got port-security extension from driver 'port_security'
Apr 27 14:22:10.917534 np0000170604 devstack@neutron-api.service[104254]: DEBUG neutron.manager [None req-e3ff8388-9243-4f44-9d91-277bc4fd8892 None None] Loading service plugins: ['ovn-router', 'auto_allocate', 'tag', 'timestamp', 'network_ip_availability', 'flavors', 'revisions'] {{(pid=104254) _load_service_plugins /opt/stack/neutron/neutron/manager.py:195}}
Apr 27 14:22:10.917609 np0000170604 devstack@neutron-api.service[104254]: INFO neutron.manager [None req-e3ff8388-9243-4f44-9d91-277bc4fd8892 None None] Loading Plugin: ovn-router
Apr 27 14:22:10.918527 np0000170604 devstack@neutron-api.service[104255]: DEBUG neutron.services.provider_configuration [None req-eefa9230-029f-4506-969b-a2ccbacf0d67 None None] Service providers = [] {{(pid=104255) parse_service_provider_opt /opt/stack/neutron/neutron/services/provider_configuration.py:170}}
Apr 27 14:22:10.918639 np0000170604 devstack@neutron-api.service[104255]: DEBUG neutron.db.servicetype_db [None req-eefa9230-029f-4506-969b-a2ccbacf0d67 None None] Adding provider configuration for service L3_ROUTER_NAT {{(pid=104255) add_provider_configuration /opt/stack/neutron/neutron/db/servicetype_db.py:42}}
Apr 27 14:22:10.920152 np0000170604 devstack@neutron-api.service[104255]: DEBUG neutron_lib.callbacks.manager [None req-eefa9230-029f-4506-969b-a2ccbacf0d67 None None] Subscribe: > router precommit_create 55549900, False {{(pid=104255) subscribe /opt/stack/data/venv/lib/python3.12/site-packages/neutron_lib/callbacks/manager.py:52}}
Apr 27 14:22:10.920371 np0000170604 devstack@neutron-api.service[104255]: DEBUG neutron_lib.callbacks.manager [None req-eefa9230-029f-4506-969b-a2ccbacf0d67 None None] Subscribe: > router_interface after_create 55550000, False {{(pid=104255) subscribe /opt/stack/data/venv/lib/python3.12/site-packages/neutron_lib/callbacks/manager.py:52}}
Apr 27 14:22:10.920371 np0000170604 devstack@neutron-api.service[104255]: DEBUG neutron_lib.callbacks.manager [None req-eefa9230-029f-4506-969b-a2ccbacf0d67 None None] Subscribe: > floatingip after_create 55550000, False {{(pid=104255) subscribe /opt/stack/data/venv/lib/python3.12/site-packages/neutron_lib/callbacks/manager.py:52}}
Apr 27 14:22:10.920467 np0000170604 devstack@neutron-api.service[104255]: DEBUG neutron_lib.callbacks.manager [None req-eefa9230-029f-4506-969b-a2ccbacf0d67 None None] Subscribe: > floatingip precommit_create 55550000, False {{(pid=104255) subscribe /opt/stack/data/venv/lib/python3.12/site-packages/neutron_lib/callbacks/manager.py:52}}
Apr 27 14:22:10.920551 np0000170604 devstack@neutron-api.service[104255]: DEBUG neutron_lib.callbacks.manager [None req-eefa9230-029f-4506-969b-a2ccbacf0d67 None None] Subscribe: > floatingip precommit_update 55550000, False {{(pid=104255) subscribe /opt/stack/data/venv/lib/python3.12/site-packages/neutron_lib/callbacks/manager.py:52}}
Apr 27 14:22:10.920634 np0000170604 devstack@neutron-api.service[104255]: DEBUG neutron_lib.callbacks.manager [None req-eefa9230-029f-4506-969b-a2ccbacf0d67 None None] Subscribe: > floatingip after_delete 55550000, False {{(pid=104255) subscribe /opt/stack/data/venv/lib/python3.12/site-packages/neutron_lib/callbacks/manager.py:52}}
Apr 27 14:22:10.920872 np0000170604 devstack@neutron-api.service[104255]: DEBUG neutron_lib.callbacks.manager [None req-eefa9230-029f-4506-969b-a2ccbacf0d67 None None] Subscribe: > floatingip after_status_update 55550000, False {{(pid=104255) subscribe /opt/stack/data/venv/lib/python3.12/site-packages/neutron_lib/callbacks/manager.py:52}}
Apr 27 14:22:10.920872 np0000170604 devstack@neutron-api.service[104255]: DEBUG neutron_lib.callbacks.manager [None req-eefa9230-029f-4506-969b-a2ccbacf0d67 None None] Subscribe: > floatingip after_update 55550000, False {{(pid=104255) subscribe /opt/stack/data/venv/lib/python3.12/site-packages/neutron_lib/callbacks/manager.py:52}}
Apr 27 14:22:10.921325 np0000170604 devstack@neutron-api.service[104255]: DEBUG neutron_lib.callbacks.manager [None req-eefa9230-029f-4506-969b-a2ccbacf0d67 None None] Subscribe: > port_forwarding after_create 55550000, False {{(pid=104255) subscribe /opt/stack/data/venv/lib/python3.12/site-packages/neutron_lib/callbacks/manager.py:52}}
Apr 27 14:22:10.921325 np0000170604 devstack@neutron-api.service[104255]: DEBUG neutron_lib.callbacks.manager [None req-eefa9230-029f-4506-969b-a2ccbacf0d67 None None] Subscribe: > router_interface after_delete 55550000, False {{(pid=104255) subscribe /opt/stack/data/venv/lib/python3.12/site-packages/neutron_lib/callbacks/manager.py:52}}
Apr 27 14:22:10.921325 np0000170604 devstack@neutron-api.service[104255]: DEBUG neutron_lib.callbacks.manager [None req-eefa9230-029f-4506-969b-a2ccbacf0d67 None None] Subscribe: > router after_create 55550000, False {{(pid=104255) subscribe /opt/stack/data/venv/lib/python3.12/site-packages/neutron_lib/callbacks/manager.py:52}}
Apr 27 14:22:10.921325 np0000170604 devstack@neutron-api.service[104255]: DEBUG neutron_lib.callbacks.manager [None req-eefa9230-029f-4506-969b-a2ccbacf0d67 None None] Subscribe: > router precommit_create 55550000, False {{(pid=104255) subscribe /opt/stack/data/venv/lib/python3.12/site-packages/neutron_lib/callbacks/manager.py:52}}
Apr 27 14:22:10.921876 np0000170604 devstack@neutron-api.service[104255]: DEBUG neutron_lib.callbacks.manager [None req-eefa9230-029f-4506-969b-a2ccbacf0d67 None None] Subscribe: > router after_delete 55550000, False {{(pid=104255) subscribe /opt/stack/data/venv/lib/python3.12/site-packages/neutron_lib/callbacks/manager.py:52}}
Apr 27 14:22:10.921876 np0000170604 devstack@neutron-api.service[104255]: DEBUG neutron_lib.callbacks.manager [None req-eefa9230-029f-4506-969b-a2ccbacf0d67 None None] Subscribe: > router after_update 55550000, False {{(pid=104255) subscribe /opt/stack/data/venv/lib/python3.12/site-packages/neutron_lib/callbacks/manager.py:52}}
Apr 27 14:22:10.921876 np0000170604 devstack@neutron-api.service[104255]: DEBUG neutron.services.service_base [None req-eefa9230-029f-4506-969b-a2ccbacf0d67 None None] Loaded 'neutron.services.ovn_l3.service_providers.ovn.OvnDriver' provider for service L3_ROUTER_NAT {{(pid=104255) load_drivers /opt/stack/neutron/neutron/services/service_base.py:49}}
Apr 27 14:22:10.921876 np0000170604 devstack@neutron-api.service[104255]: DEBUG neutron_lib.callbacks.manager [None req-eefa9230-029f-4506-969b-a2ccbacf0d67 None None] Subscribe: > process after_init 55550001, True {{(pid=104255) subscribe /opt/stack/data/venv/lib/python3.12/site-packages/neutron_lib/callbacks/manager.py:52}}
Apr 27 14:22:10.921876 np0000170604 devstack@neutron-api.service[104255]: DEBUG neutron.manager [None req-eefa9230-029f-4506-969b-a2ccbacf0d67 None None] Successfully loaded L3_ROUTER_NAT plugin. Description: L3 Router Service Plugin for basic L3 forwarding using OVN {{(pid=104255) _create_and_add_service_plugin /opt/stack/neutron/neutron/manager.py:239}}
Apr 27 14:22:10.922171 np0000170604 devstack@neutron-api.service[104255]: INFO neutron.manager [None req-eefa9230-029f-4506-969b-a2ccbacf0d67 None None] Loading Plugin: auto_allocate
Apr 27 14:22:10.922894 np0000170604 devstack@neutron-api.service[104255]: DEBUG neutron_lib.callbacks.manager [None req-eefa9230-029f-4506-969b-a2ccbacf0d67 None None] Subscribe: network precommit_update 55550000, False {{(pid=104255) subscribe /opt/stack/data/venv/lib/python3.12/site-packages/neutron_lib/callbacks/manager.py:52}}
Apr 27 14:22:10.923289 np0000170604 devstack@neutron-api.service[104255]: DEBUG neutron_lib.callbacks.manager [None req-eefa9230-029f-4506-969b-a2ccbacf0d67 None None] Subscribe: network precommit_create 55550000, False {{(pid=104255) subscribe /opt/stack/data/venv/lib/python3.12/site-packages/neutron_lib/callbacks/manager.py:52}}
Apr 27 14:22:10.923289 np0000170604 devstack@neutron-api.service[104255]: DEBUG neutron.manager [None req-eefa9230-029f-4506-969b-a2ccbacf0d67 None None] Successfully loaded auto-allocated-topology plugin. Description: Auto Allocated Topology - aka get me a network. {{(pid=104255) _create_and_add_service_plugin /opt/stack/neutron/neutron/manager.py:239}}
Apr 27 14:22:10.923578 np0000170604 devstack@neutron-api.service[104255]: INFO neutron.manager [None req-eefa9230-029f-4506-969b-a2ccbacf0d67 None None] Loading Plugin: tag
Apr 27 14:22:10.926241 np0000170604 devstack@neutron-api.service[104255]: DEBUG neutron.manager [None req-eefa9230-029f-4506-969b-a2ccbacf0d67 None None] Successfully loaded TAG plugin. Description: Tag support {{(pid=104255) _create_and_add_service_plugin /opt/stack/neutron/neutron/manager.py:239}}
Apr 27 14:22:10.926356 np0000170604 devstack@neutron-api.service[104255]: INFO neutron.manager [None req-eefa9230-029f-4506-969b-a2ccbacf0d67 None None] Loading Plugin: timestamp
Apr 27 14:22:10.926883 np0000170604 devstack@neutron-api.service[104254]: DEBUG neutron_lib.callbacks.manager [None req-e3ff8388-9243-4f44-9d91-277bc4fd8892 None None] Subscribe: > router before_delete 55550000, False {{(pid=104254) subscribe /opt/stack/data/venv/lib/python3.12/site-packages/neutron_lib/callbacks/manager.py:52}}
Apr 27 14:22:10.926935 np0000170604 devstack@neutron-api.service[104254]: DEBUG neutron_lib.callbacks.manager [None req-e3ff8388-9243-4f44-9d91-277bc4fd8892 None None] Subscribe: port after_update 55550000, False {{(pid=104254) subscribe /opt/stack/data/venv/lib/python3.12/site-packages/neutron_lib/callbacks/manager.py:52}}
Apr 27 14:22:10.927149 np0000170604 devstack@neutron-api.service[104254]: DEBUG neutron_lib.callbacks.manager [None req-e3ff8388-9243-4f44-9d91-277bc4fd8892 None None] Subscribe: port after_delete 55550000, False {{(pid=104254) subscribe /opt/stack/data/venv/lib/python3.12/site-packages/neutron_lib/callbacks/manager.py:52}}
Apr 27 14:22:10.927149 np0000170604 devstack@neutron-api.service[104254]: DEBUG neutron_lib.callbacks.manager [None req-e3ff8388-9243-4f44-9d91-277bc4fd8892 None None] Subscribe: subnet after_update 55550000, False {{(pid=104254) subscribe /opt/stack/data/venv/lib/python3.12/site-packages/neutron_lib/callbacks/manager.py:52}}
Apr 27 14:22:10.927350 np0000170604 devstack@neutron-api.service[104254]: DEBUG neutron_lib.callbacks.manager [None req-e3ff8388-9243-4f44-9d91-277bc4fd8892 None None] Subscribe: subnetpool_address_scope after_update 55550000, False {{(pid=104254) subscribe /opt/stack/data/venv/lib/python3.12/site-packages/neutron_lib/callbacks/manager.py:52}}
Apr 27 14:22:10.927350 np0000170604 devstack@neutron-api.service[104254]: DEBUG neutron_lib.callbacks.manager [None req-e3ff8388-9243-4f44-9d91-277bc4fd8892 None None] Subscribe: port before_update 55550000, False {{(pid=104254) subscribe /opt/stack/data/venv/lib/python3.12/site-packages/neutron_lib/callbacks/manager.py:52}}
Apr 27 14:22:10.927582 np0000170604 devstack@neutron-api.service[104254]: DEBUG neutron_lib.callbacks.manager [None req-e3ff8388-9243-4f44-9d91-277bc4fd8892 None None] Subscribe: port after_update 55550000, False {{(pid=104254) subscribe /opt/stack/data/venv/lib/python3.12/site-packages/neutron_lib/callbacks/manager.py:52}}
Apr 27 14:22:10.927582 np0000170604 devstack@neutron-api.service[104254]: DEBUG neutron_lib.callbacks.manager [None req-e3ff8388-9243-4f44-9d91-277bc4fd8892 None None] Subscribe: > port precommit_delete 55550000, False {{(pid=104254) subscribe /opt/stack/data/venv/lib/python3.12/site-packages/neutron_lib/callbacks/manager.py:52}}
Apr 27 14:22:10.927685 np0000170604 devstack@neutron-api.service[104254]: DEBUG neutron_lib.callbacks.manager [None req-e3ff8388-9243-4f44-9d91-277bc4fd8892 None None] Subscribe: port before_update 55550000, False {{(pid=104254) subscribe /opt/stack/data/venv/lib/python3.12/site-packages/neutron_lib/callbacks/manager.py:52}}
Apr 27 14:22:10.927722 np0000170604 devstack@neutron-api.service[104255]: DEBUG neutron.manager [None req-eefa9230-029f-4506-969b-a2ccbacf0d67 None None] Successfully loaded timestamp plugin. Description: Adds timestamps to Neutron resources with standard attributes {{(pid=104255) _create_and_add_service_plugin /opt/stack/neutron/neutron/manager.py:239}}
Apr 27 14:22:10.927800 np0000170604 devstack@neutron-api.service[104254]: DEBUG neutron_lib.callbacks.manager [None req-e3ff8388-9243-4f44-9d91-277bc4fd8892 None None] Subscribe: port before_delete 55550000, False {{(pid=104254) subscribe /opt/stack/data/venv/lib/python3.12/site-packages/neutron_lib/callbacks/manager.py:52}}
Apr 27 14:22:10.927877 np0000170604 devstack@neutron-api.service[104255]: INFO neutron.manager [None req-eefa9230-029f-4506-969b-a2ccbacf0d67 None None] Loading Plugin: network_ip_availability
Apr 27 14:22:10.927911 np0000170604 devstack@neutron-api.service[104254]: DEBUG neutron_lib.callbacks.manager [None req-e3ff8388-9243-4f44-9d91-277bc4fd8892 None None] Subscribe: > router precommit_create 55550000, False {{(pid=104254) subscribe /opt/stack/data/venv/lib/python3.12/site-packages/neutron_lib/callbacks/manager.py:52}}
Apr 27 14:22:10.927952 np0000170604 devstack@neutron-api.service[104254]: DEBUG neutron_lib.callbacks.manager [None req-e3ff8388-9243-4f44-9d91-277bc4fd8892 None None] Subscribe: > router precommit_create 55550000, False {{(pid=104254) subscribe /opt/stack/data/venv/lib/python3.12/site-packages/neutron_lib/callbacks/manager.py:52}}
Apr 27 14:22:10.928243 np0000170604 devstack@neutron-api.service[104254]: DEBUG neutron_lib.callbacks.manager [None req-e3ff8388-9243-4f44-9d91-277bc4fd8892 None None] Subscribe: > router precommit_update 55550000, False {{(pid=104254) subscribe /opt/stack/data/venv/lib/python3.12/site-packages/neutron_lib/callbacks/manager.py:52}}
Apr 27 14:22:10.928243 np0000170604 devstack@neutron-api.service[104254]: DEBUG neutron_lib.callbacks.manager [None req-e3ff8388-9243-4f44-9d91-277bc4fd8892 None None] Subscribe: subnet after_update 55550000, False {{(pid=104254) subscribe /opt/stack/data/venv/lib/python3.12/site-packages/neutron_lib/callbacks/manager.py:52}}
Apr 27 14:22:10.929115 np0000170604 devstack@neutron-api.service[104254]: DEBUG neutron.quota.resource_registry [None req-e3ff8388-9243-4f44-9d91-277bc4fd8892 None None] Tracking information for resource: router configured {{(pid=104254) set_tracked_resource /opt/stack/neutron/neutron/quota/resource_registry.py:203}}
Apr 27 14:22:10.929115 np0000170604 devstack@neutron-api.service[104254]: DEBUG neutron.quota.resource_registry [None req-e3ff8388-9243-4f44-9d91-277bc4fd8892 None None] Tracking information for resource: floatingip configured {{(pid=104254) set_tracked_resource /opt/stack/neutron/neutron/quota/resource_registry.py:203}}
Apr 27 14:22:10.929115 np0000170604 devstack@neutron-api.service[104254]: INFO neutron.services.ovn_l3.plugin [None req-e3ff8388-9243-4f44-9d91-277bc4fd8892 None None] Starting OVNL3RouterPlugin
Apr 27 14:22:10.929349 np0000170604 devstack@neutron-api.service[104254]: DEBUG neutron_lib.callbacks.manager [None req-e3ff8388-9243-4f44-9d91-277bc4fd8892 None None] Subscribe: > port_forwarding_plugin after_init 55550000, False {{(pid=104254) subscribe /opt/stack/data/venv/lib/python3.12/site-packages/neutron_lib/callbacks/manager.py:52}}
Apr 27 14:22:10.929406 np0000170604 devstack@neutron-api.service[104255]: DEBUG neutron.manager [None req-eefa9230-029f-4506-969b-a2ccbacf0d67 None None] Successfully loaded network-ip-availability plugin. Description: Provides IP availability data for each network and subnet. {{(pid=104255) _create_and_add_service_plugin /opt/stack/neutron/neutron/manager.py:239}}
Apr 27 14:22:10.929406 np0000170604 devstack@neutron-api.service[104255]: INFO neutron.manager [None req-eefa9230-029f-4506-969b-a2ccbacf0d67 None None] Loading Plugin: flavors
Apr 27 14:22:10.929627 np0000170604 devstack@neutron-api.service[104254]: DEBUG neutron_lib.callbacks.manager [None req-e3ff8388-9243-4f44-9d91-277bc4fd8892 None None] Subscribe: > router before_create 55550100, False {{(pid=104254) subscribe /opt/stack/data/venv/lib/python3.12/site-packages/neutron_lib/callbacks/manager.py:52}}
Apr 27 14:22:10.929627 np0000170604 devstack@neutron-api.service[104254]: DEBUG neutron_lib.callbacks.manager [None req-e3ff8388-9243-4f44-9d91-277bc4fd8892 None None] Subscribe: > router precommit_delete 55550100, False {{(pid=104254) subscribe /opt/stack/data/venv/lib/python3.12/site-packages/neutron_lib/callbacks/manager.py:52}}
Apr 27 14:22:10.929759 np0000170604 devstack@neutron-api.service[104254]: DEBUG neutron_lib.callbacks.manager [None req-e3ff8388-9243-4f44-9d91-277bc4fd8892 None None] Subscribe: > router precommit_create 55550100, False {{(pid=104254) subscribe /opt/stack/data/venv/lib/python3.12/site-packages/neutron_lib/callbacks/manager.py:52}}
Apr 27 14:22:10.929875 np0000170604 devstack@neutron-api.service[104254]: DEBUG neutron_lib.callbacks.manager [None req-e3ff8388-9243-4f44-9d91-277bc4fd8892 None None] Subscribe: > router precommit_update 55550100, False {{(pid=104254) subscribe /opt/stack/data/venv/lib/python3.12/site-packages/neutron_lib/callbacks/manager.py:52}}
Apr 27 14:22:10.930838 np0000170604 devstack@neutron-api.service[104255]: DEBUG neutron.manager [None req-eefa9230-029f-4506-969b-a2ccbacf0d67 None None] Successfully loaded FLAVORS plugin. Description: Neutron Flavors and Service Profiles manager plugin {{(pid=104255) _create_and_add_service_plugin /opt/stack/neutron/neutron/manager.py:239}}
Apr 27 14:22:10.930838 np0000170604 devstack@neutron-api.service[104255]: INFO neutron.manager [None req-eefa9230-029f-4506-969b-a2ccbacf0d67 None None] Loading Plugin: revisions
Apr 27 14:22:10.931657 np0000170604 devstack@neutron-api.service[104255]: DEBUG neutron.manager [None req-eefa9230-029f-4506-969b-a2ccbacf0d67 None None] Successfully loaded revision_plugin plugin. Description: Adds revision numbers to resources. {{(pid=104255) _create_and_add_service_plugin /opt/stack/neutron/neutron/manager.py:239}}
Apr 27 14:22:10.931710 np0000170604 devstack@neutron-api.service[104255]: DEBUG oslo_concurrency.lockutils [None req-eefa9230-029f-4506-969b-a2ccbacf0d67 None None] Lock "manager" "released" by "neutron.manager.NeutronManager._create_instance" :: held 4.638s {{(pid=104255) inner /opt/stack/data/venv/lib/python3.12/site-packages/oslo_concurrency/lockutils.py:538}}
Apr 27 14:22:10.932098 np0000170604 devstack@neutron-api.service[104255]: DEBUG neutron.api.extensions [None req-eefa9230-029f-4506-969b-a2ccbacf0d67 None None] get_extension_paths = OrderedDict({'/opt/stack/neutron/neutron/extensions': 1}) {{(pid=104255) get_extensions_path /opt/stack/neutron/neutron/api/extensions.py:640}}
Apr 27 14:22:10.932098 np0000170604 devstack@neutron-api.service[104255]: INFO neutron.api.extensions [None req-eefa9230-029f-4506-969b-a2ccbacf0d67 None None] Initializing extension manager.
Apr 27 14:22:10.932488 np0000170604 devstack@neutron-api.service[104255]: DEBUG neutron.api.extensions [None req-eefa9230-029f-4506-969b-a2ccbacf0d67 None None] Loading extension file: __init__.py {{(pid=104255) _load_all_extensions_from_path /opt/stack/neutron/neutron/api/extensions.py:449}}
Apr 27 14:22:10.932488 np0000170604 devstack@neutron-api.service[104255]: DEBUG neutron.api.extensions [None req-eefa9230-029f-4506-969b-a2ccbacf0d67 None None] Loading extension file: __pycache__ {{(pid=104255) _load_all_extensions_from_path /opt/stack/neutron/neutron/api/extensions.py:449}}
Apr 27 14:22:10.932488 np0000170604 devstack@neutron-api.service[104255]: DEBUG neutron.api.extensions [None req-eefa9230-029f-4506-969b-a2ccbacf0d67 None None] Loading extension file: address_group.py {{(pid=104255) _load_all_extensions_from_path /opt/stack/neutron/neutron/api/extensions.py:449}}
Apr 27 14:22:10.932827 np0000170604 devstack@neutron-api.service[104255]: DEBUG neutron.api.extensions [None req-eefa9230-029f-4506-969b-a2ccbacf0d67 None None] Ext name="Address group" alias="address-group" description="Support address group" updated="2020-07-15T10:00:00-00:00" {{(pid=104255) _check_extension /opt/stack/neutron/neutron/api/extensions.py:415}}
Apr 27 14:22:10.933085 np0000170604 devstack@neutron-api.service[104255]: INFO neutron.api.extensions [None req-eefa9230-029f-4506-969b-a2ccbacf0d67 None None] Loaded extension: address-group
Apr 27 14:22:10.933115 np0000170604 devstack@neutron-api.service[104254]: DEBUG neutron.services.provider_configuration [None req-e3ff8388-9243-4f44-9d91-277bc4fd8892 None None] Service providers = [] {{(pid=104254) parse_service_provider_opt /opt/stack/neutron/neutron/services/provider_configuration.py:170}}
Apr 27 14:22:10.933199 np0000170604 devstack@neutron-api.service[104255]: DEBUG neutron.api.extensions [None req-eefa9230-029f-4506-969b-a2ccbacf0d67 None None] Loading extension file: address_scope.py {{(pid=104255) _load_all_extensions_from_path /opt/stack/neutron/neutron/api/extensions.py:449}}
Apr 27 14:22:10.933266 np0000170604 devstack@neutron-api.service[104254]: DEBUG neutron.db.servicetype_db [None req-e3ff8388-9243-4f44-9d91-277bc4fd8892 None None] Adding provider configuration for service L3_ROUTER_NAT {{(pid=104254) add_provider_configuration /opt/stack/neutron/neutron/db/servicetype_db.py:42}}
Apr 27 14:22:10.933500 np0000170604 devstack@neutron-api.service[104255]: DEBUG neutron.api.extensions [None req-eefa9230-029f-4506-969b-a2ccbacf0d67 None None] Ext name="Address scope" alias="address-scope" description="Address scopes extension." updated="2015-07-26T10:00:00-00:00" {{(pid=104255) _check_extension /opt/stack/neutron/neutron/api/extensions.py:415}}
Apr 27 14:22:10.933686 np0000170604 devstack@neutron-api.service[104255]: INFO neutron.api.extensions [None req-eefa9230-029f-4506-969b-a2ccbacf0d67 None None] Loaded extension: address-scope
Apr 27 14:22:10.933840 np0000170604 devstack@neutron-api.service[104255]: DEBUG neutron.api.extensions [None req-eefa9230-029f-4506-969b-a2ccbacf0d67 None None] Loading extension file: admin_state_down_before_update.py {{(pid=104255) _load_all_extensions_from_path /opt/stack/neutron/neutron/api/extensions.py:449}}
Apr 27 14:22:10.934015 np0000170604 devstack@neutron-api.service[104255]: DEBUG neutron.api.extensions [None req-eefa9230-029f-4506-969b-a2ccbacf0d67 None None] Ext name="Enforce Router's Admin State Down Before Update Extension" alias="router-admin-state-down-before-update" description="Ensure that the admin state of a router is DOWN (admin_state_up=False) before updating the distributed attribute" updated="2019-07-02T15:56:00" {{(pid=104255) _check_extension /opt/stack/neutron/neutron/api/extensions.py:415}}
Apr 27 14:22:10.934233 np0000170604 devstack@neutron-api.service[104255]: INFO neutron.api.extensions [None req-eefa9230-029f-4506-969b-a2ccbacf0d67 None None] Extension router-admin-state-down-before-update not supported by any of loaded plugins
Apr 27 14:22:10.934284 np0000170604 devstack@neutron-api.service[104255]: DEBUG neutron.api.extensions [None req-eefa9230-029f-4506-969b-a2ccbacf0d67 None None] Loading extension file: agent.py {{(pid=104255) _load_all_extensions_from_path /opt/stack/neutron/neutron/api/extensions.py:449}}
Apr 27 14:22:10.934481 np0000170604 devstack@neutron-api.service[104254]: DEBUG neutron_lib.callbacks.manager [None req-e3ff8388-9243-4f44-9d91-277bc4fd8892 None None] Subscribe: > router precommit_create 55549900, False {{(pid=104254) subscribe /opt/stack/data/venv/lib/python3.12/site-packages/neutron_lib/callbacks/manager.py:52}}
Apr 27 14:22:10.934564 np0000170604 devstack@neutron-api.service[104254]: DEBUG neutron_lib.callbacks.manager [None req-e3ff8388-9243-4f44-9d91-277bc4fd8892 None None] Subscribe: > router_interface after_create 55550000, False {{(pid=104254) subscribe /opt/stack/data/venv/lib/python3.12/site-packages/neutron_lib/callbacks/manager.py:52}}
Apr 27 14:22:10.934629 np0000170604 devstack@neutron-api.service[104255]: DEBUG neutron.api.extensions [None req-eefa9230-029f-4506-969b-a2ccbacf0d67 None None] Ext name="agent" alias="agent" description="The agent management extension." updated="2013-02-03T10:00:00-00:00" {{(pid=104255) _check_extension /opt/stack/neutron/neutron/api/extensions.py:415}}
Apr 27 14:22:10.934658 np0000170604 devstack@neutron-api.service[104254]: DEBUG neutron_lib.callbacks.manager [None req-e3ff8388-9243-4f44-9d91-277bc4fd8892 None None] Subscribe: > floatingip after_create 55550000, False {{(pid=104254) subscribe /opt/stack/data/venv/lib/python3.12/site-packages/neutron_lib/callbacks/manager.py:52}}
Apr 27 14:22:10.934771 np0000170604 devstack@neutron-api.service[104255]: INFO neutron.api.extensions [None req-eefa9230-029f-4506-969b-a2ccbacf0d67 None None] Loaded extension: agent
Apr 27 14:22:10.934833 np0000170604 devstack@neutron-api.service[104254]: DEBUG neutron_lib.callbacks.manager [None req-e3ff8388-9243-4f44-9d91-277bc4fd8892 None None] Subscribe: > floatingip precommit_create 55550000, False {{(pid=104254) subscribe /opt/stack/data/venv/lib/python3.12/site-packages/neutron_lib/callbacks/manager.py:52}}
Apr 27 14:22:10.934888 np0000170604 devstack@neutron-api.service[104255]: DEBUG neutron.api.extensions [None req-eefa9230-029f-4506-969b-a2ccbacf0d67 None None] Loading extension file: agent_resources_synced.py {{(pid=104255) _load_all_extensions_from_path /opt/stack/neutron/neutron/api/extensions.py:449}}
Apr 27 14:22:10.934940 np0000170604 devstack@neutron-api.service[104254]: DEBUG neutron_lib.callbacks.manager [None req-e3ff8388-9243-4f44-9d91-277bc4fd8892 None None] Subscribe: > floatingip precommit_update 55550000, False {{(pid=104254) subscribe /opt/stack/data/venv/lib/python3.12/site-packages/neutron_lib/callbacks/manager.py:52}}
Apr 27 14:22:10.935044 np0000170604 devstack@neutron-api.service[104254]: DEBUG neutron_lib.callbacks.manager [None req-e3ff8388-9243-4f44-9d91-277bc4fd8892 None None] Subscribe: > floatingip after_delete 55550000, False {{(pid=104254) subscribe /opt/stack/data/venv/lib/python3.12/site-packages/neutron_lib/callbacks/manager.py:52}}
Apr 27 14:22:10.935089 np0000170604 devstack@neutron-api.service[104254]: DEBUG neutron_lib.callbacks.manager [None req-e3ff8388-9243-4f44-9d91-277bc4fd8892 None None] Subscribe: > floatingip after_status_update 55550000, False {{(pid=104254) subscribe /opt/stack/data/venv/lib/python3.12/site-packages/neutron_lib/callbacks/manager.py:52}}
Apr 27 14:22:10.935290 np0000170604 devstack@neutron-api.service[104255]: DEBUG neutron.api.extensions [None req-eefa9230-029f-4506-969b-a2ccbacf0d67 None None] Ext name="Agent's Resource View Synced to Placement" alias="agent-resources-synced" description="Stores success/failure of last sync to Placement" updated="2018-12-19T00:00:00-00:00" {{(pid=104255) _check_extension /opt/stack/neutron/neutron/api/extensions.py:415}}
Apr 27 14:22:10.935351 np0000170604 devstack@neutron-api.service[104254]: DEBUG neutron_lib.callbacks.manager [None req-e3ff8388-9243-4f44-9d91-277bc4fd8892 None None] Subscribe: > floatingip after_update 55550000, False {{(pid=104254) subscribe /opt/stack/data/venv/lib/python3.12/site-packages/neutron_lib/callbacks/manager.py:52}}
Apr 27 14:22:10.935507 np0000170604 devstack@neutron-api.service[104255]: INFO neutron.api.extensions [None req-eefa9230-029f-4506-969b-a2ccbacf0d67 None None] Extension agent-resources-synced not supported by any of loaded plugins
Apr 27 14:22:10.935571 np0000170604 devstack@neutron-api.service[104254]: DEBUG neutron_lib.callbacks.manager [None req-e3ff8388-9243-4f44-9d91-277bc4fd8892 None None] Subscribe: > port_forwarding after_create 55550000, False {{(pid=104254) subscribe /opt/stack/data/venv/lib/python3.12/site-packages/neutron_lib/callbacks/manager.py:52}}
Apr 27 14:22:10.935627 np0000170604 devstack@neutron-api.service[104255]: DEBUG neutron.api.extensions [None req-eefa9230-029f-4506-969b-a2ccbacf0d67 None None] Loading extension file: allowedaddresspairs.py {{(pid=104255) _load_all_extensions_from_path /opt/stack/neutron/neutron/api/extensions.py:449}}
Apr 27 14:22:10.935655 np0000170604 devstack@neutron-api.service[104254]: DEBUG neutron_lib.callbacks.manager [None req-e3ff8388-9243-4f44-9d91-277bc4fd8892 None None] Subscribe: > router_interface after_delete 55550000, False {{(pid=104254) subscribe /opt/stack/data/venv/lib/python3.12/site-packages/neutron_lib/callbacks/manager.py:52}}
Apr 27 14:22:10.935655 np0000170604 devstack@neutron-api.service[104254]: DEBUG neutron_lib.callbacks.manager [None req-e3ff8388-9243-4f44-9d91-277bc4fd8892 None None] Subscribe: > router after_create 55550000, False {{(pid=104254) subscribe /opt/stack/data/venv/lib/python3.12/site-packages/neutron_lib/callbacks/manager.py:52}}
Apr 27 14:22:10.935655 np0000170604 devstack@neutron-api.service[104254]: DEBUG neutron_lib.callbacks.manager [None req-e3ff8388-9243-4f44-9d91-277bc4fd8892 None None] Subscribe: > router precommit_create 55550000, False {{(pid=104254) subscribe /opt/stack/data/venv/lib/python3.12/site-packages/neutron_lib/callbacks/manager.py:52}}
Apr 27 14:22:10.935724 np0000170604 devstack@neutron-api.service[104254]: DEBUG neutron_lib.callbacks.manager [None req-e3ff8388-9243-4f44-9d91-277bc4fd8892 None None] Subscribe: > router after_delete 55550000, False {{(pid=104254) subscribe /opt/stack/data/venv/lib/python3.12/site-packages/neutron_lib/callbacks/manager.py:52}}
Apr 27 14:22:10.935892 np0000170604 devstack@neutron-api.service[104254]: DEBUG neutron_lib.callbacks.manager [None req-e3ff8388-9243-4f44-9d91-277bc4fd8892 None None] Subscribe: > router after_update 55550000, False {{(pid=104254) subscribe /opt/stack/data/venv/lib/python3.12/site-packages/neutron_lib/callbacks/manager.py:52}}
Apr 27 14:22:10.936067 np0000170604 devstack@neutron-api.service[104254]: DEBUG neutron.services.service_base [None req-e3ff8388-9243-4f44-9d91-277bc4fd8892 None None] Loaded 'neutron.services.ovn_l3.service_providers.ovn.OvnDriver' provider for service L3_ROUTER_NAT {{(pid=104254) load_drivers /opt/stack/neutron/neutron/services/service_base.py:49}}
Apr 27 14:22:10.936067 np0000170604 devstack@neutron-api.service[104254]: DEBUG neutron_lib.callbacks.manager [None req-e3ff8388-9243-4f44-9d91-277bc4fd8892 None None] Subscribe: > process after_init 55550001, True {{(pid=104254) subscribe /opt/stack/data/venv/lib/python3.12/site-packages/neutron_lib/callbacks/manager.py:52}}
Apr 27 14:22:10.936334 np0000170604 devstack@neutron-api.service[104255]: DEBUG neutron.api.extensions [None req-eefa9230-029f-4506-969b-a2ccbacf0d67 None None] Ext name="Allowed Address Pairs" alias="allowed-address-pairs" description="Provides allowed address pairs" updated="2013-07-23T10:00:00-00:00" {{(pid=104255) _check_extension /opt/stack/neutron/neutron/api/extensions.py:415}}
Apr 27 14:22:10.936389 np0000170604 devstack@neutron-api.service[104254]: DEBUG neutron.manager [None req-e3ff8388-9243-4f44-9d91-277bc4fd8892 None None] Successfully loaded L3_ROUTER_NAT plugin. Description: L3 Router Service Plugin for basic L3 forwarding using OVN {{(pid=104254) _create_and_add_service_plugin /opt/stack/neutron/neutron/manager.py:239}}
Apr 27 14:22:10.936414 np0000170604 devstack@neutron-api.service[104255]: INFO neutron.api.extensions [None req-eefa9230-029f-4506-969b-a2ccbacf0d67 None None] Loaded extension: allowed-address-pairs
Apr 27 14:22:10.936436 np0000170604 devstack@neutron-api.service[104254]: INFO neutron.manager [None req-e3ff8388-9243-4f44-9d91-277bc4fd8892 None None] Loading Plugin: auto_allocate
Apr 27 14:22:10.936458 np0000170604 devstack@neutron-api.service[104255]: DEBUG neutron.api.extensions [None req-eefa9230-029f-4506-969b-a2ccbacf0d67 None None] Loading extension file: auto_allocated_topology.py {{(pid=104255) _load_all_extensions_from_path /opt/stack/neutron/neutron/api/extensions.py:449}}
Apr 27 14:22:10.936602 np0000170604 devstack@neutron-api.service[104255]: DEBUG neutron.api.extensions [None req-eefa9230-029f-4506-969b-a2ccbacf0d67 None None] Ext name="Auto Allocated Topology Services" alias="auto-allocated-topology" description="Auto Allocated Topology Services." updated="2016-01-01T00:00:00-00:00" {{(pid=104255) _check_extension /opt/stack/neutron/neutron/api/extensions.py:415}}
Apr 27 14:22:10.936790 np0000170604 devstack@neutron-api.service[104255]: INFO neutron.api.extensions [None req-eefa9230-029f-4506-969b-a2ccbacf0d67 None None] Loaded extension: auto-allocated-topology
Apr 27 14:22:10.936873 np0000170604 devstack@neutron-api.service[104255]: DEBUG neutron.api.extensions [None req-eefa9230-029f-4506-969b-a2ccbacf0d67 None None] Loading extension file: availability_zone.py {{(pid=104255) _load_all_extensions_from_path /opt/stack/neutron/neutron/api/extensions.py:449}}
Apr 27 14:22:10.937096 np0000170604 devstack@neutron-api.service[104255]: DEBUG neutron.api.extensions [None req-eefa9230-029f-4506-969b-a2ccbacf0d67 None None] Ext name="Availability Zone" alias="availability_zone" description="The availability zone extension." updated="2015-01-01T10:00:00-00:00" {{(pid=104255) _check_extension /opt/stack/neutron/neutron/api/extensions.py:415}}
Apr 27 14:22:10.937141 np0000170604 devstack@neutron-api.service[104254]: DEBUG neutron_lib.callbacks.manager [None req-e3ff8388-9243-4f44-9d91-277bc4fd8892 None None] Subscribe: network precommit_update 55550000, False {{(pid=104254) subscribe /opt/stack/data/venv/lib/python3.12/site-packages/neutron_lib/callbacks/manager.py:52}}
Apr 27 14:22:10.937249 np0000170604 devstack@neutron-api.service[104254]: DEBUG neutron_lib.callbacks.manager [None req-e3ff8388-9243-4f44-9d91-277bc4fd8892 None None] Subscribe: network precommit_create 55550000, False {{(pid=104254) subscribe /opt/stack/data/venv/lib/python3.12/site-packages/neutron_lib/callbacks/manager.py:52}}
Apr 27 14:22:10.937297 np0000170604 devstack@neutron-api.service[104255]: INFO neutron.api.extensions [None req-eefa9230-029f-4506-969b-a2ccbacf0d67 None None] Loaded extension: availability_zone
Apr 27 14:22:10.937378 np0000170604 devstack@neutron-api.service[104255]: DEBUG neutron.api.extensions [None req-eefa9230-029f-4506-969b-a2ccbacf0d67 None None] Loading extension file: availability_zone_filter.py {{(pid=104255) _load_all_extensions_from_path /opt/stack/neutron/neutron/api/extensions.py:449}}
Apr 27 14:22:10.937474 np0000170604 devstack@neutron-api.service[104254]: DEBUG neutron.manager [None req-e3ff8388-9243-4f44-9d91-277bc4fd8892 None None] Successfully loaded auto-allocated-topology plugin. Description: Auto Allocated Topology - aka get me a network. {{(pid=104254) _create_and_add_service_plugin /opt/stack/neutron/neutron/manager.py:239}}
Apr 27 14:22:10.937533 np0000170604 devstack@neutron-api.service[104254]: INFO neutron.manager [None req-e3ff8388-9243-4f44-9d91-277bc4fd8892 None None] Loading Plugin: tag
Apr 27 14:22:10.937629 np0000170604 devstack@neutron-api.service[104255]: DEBUG neutron.api.extensions [None req-eefa9230-029f-4506-969b-a2ccbacf0d67 None None] Ext name="Availability Zone Filter Extension" alias="availability_zone_filter" description="Add filter parameters to AvailabilityZone resource" updated="2018-06-22T10:00:00-00:00" {{(pid=104255) _check_extension /opt/stack/neutron/neutron/api/extensions.py:415}}
Apr 27 14:22:10.937769 np0000170604 devstack@neutron-api.service[104255]: INFO neutron.api.extensions [None req-eefa9230-029f-4506-969b-a2ccbacf0d67 None None] Extension availability_zone_filter not supported by any of loaded plugins
Apr 27 14:22:10.937860 np0000170604 devstack@neutron-api.service[104255]: DEBUG neutron.api.extensions [None req-eefa9230-029f-4506-969b-a2ccbacf0d67 None None] Loading extension file: data_plane_status.py {{(pid=104255) _load_all_extensions_from_path /opt/stack/neutron/neutron/api/extensions.py:449}}
Apr 27 14:22:10.938101 np0000170604 devstack@neutron-api.service[104255]: DEBUG neutron.api.extensions [None req-eefa9230-029f-4506-969b-a2ccbacf0d67 None None] Ext name="Port data plane status extension" alias="data-plane-status" description="Expose status of underlying data plane" updated="2017-01-24T10:00:00-00:00" {{(pid=104255) _check_extension /opt/stack/neutron/neutron/api/extensions.py:415}}
Apr 27 14:22:10.938275 np0000170604 devstack@neutron-api.service[104255]: INFO neutron.api.extensions [None req-eefa9230-029f-4506-969b-a2ccbacf0d67 None None] Extension data-plane-status not supported by any of loaded plugins
Apr 27 14:22:10.938393 np0000170604 devstack@neutron-api.service[104255]: DEBUG neutron.api.extensions [None req-eefa9230-029f-4506-969b-a2ccbacf0d67 None None] Loading extension file: default_subnetpools.py {{(pid=104255) _load_all_extensions_from_path /opt/stack/neutron/neutron/api/extensions.py:449}}
Apr 27 14:22:10.938590 np0000170604 devstack@neutron-api.service[104255]: DEBUG neutron.api.extensions [None req-eefa9230-029f-4506-969b-a2ccbacf0d67 None None] Ext name="Default Subnetpools" alias="default-subnetpools" description="Provides ability to mark and use a subnetpool as the default." updated="2016-02-18T18:00:00-00:00" {{(pid=104255) _check_extension /opt/stack/neutron/neutron/api/extensions.py:415}}
Apr 27 14:22:10.938758 np0000170604 devstack@neutron-api.service[104255]: INFO neutron.api.extensions [None req-eefa9230-029f-4506-969b-a2ccbacf0d67 None None] Loaded extension: default-subnetpools
Apr 27 14:22:10.938858 np0000170604 devstack@neutron-api.service[104255]: DEBUG neutron.api.extensions [None req-eefa9230-029f-4506-969b-a2ccbacf0d67 None None] Loading extension file: dhcpagentscheduler.py {{(pid=104255) _load_all_extensions_from_path /opt/stack/neutron/neutron/api/extensions.py:449}}
Apr 27 14:22:10.939229 np0000170604 devstack@neutron-api.service[104255]: DEBUG neutron.api.extensions [None req-eefa9230-029f-4506-969b-a2ccbacf0d67 None None] Ext name="DHCP Agent Scheduler" alias="dhcp_agent_scheduler" description="Schedule networks among dhcp agents" updated="2013-02-07T10:00:00-00:00" {{(pid=104255) _check_extension /opt/stack/neutron/neutron/api/extensions.py:415}}
Apr 27 14:22:10.939417 np0000170604 devstack@neutron-api.service[104255]: INFO neutron.api.extensions [None req-eefa9230-029f-4506-969b-a2ccbacf0d67 None None] Loaded extension: dhcp_agent_scheduler
Apr 27 14:22:10.939514 np0000170604 devstack@neutron-api.service[104255]: DEBUG neutron.api.extensions [None req-eefa9230-029f-4506-969b-a2ccbacf0d67 None None] Loading extension file: dns.py {{(pid=104255) _load_all_extensions_from_path /opt/stack/neutron/neutron/api/extensions.py:449}}
Apr 27 14:22:10.939752 np0000170604 devstack@neutron-api.service[104255]: DEBUG neutron.api.extensions [None req-eefa9230-029f-4506-969b-a2ccbacf0d67 None None] Ext name="DNS Integration" alias="dns-integration" description="Provides integration with DNS." updated="2015-08-15T18:00:00-00:00" {{(pid=104255) _check_extension /opt/stack/neutron/neutron/api/extensions.py:415}}
Apr 27 14:22:10.939924 np0000170604 devstack@neutron-api.service[104255]: INFO neutron.api.extensions [None req-eefa9230-029f-4506-969b-a2ccbacf0d67 None None] Loaded extension: dns-integration
Apr 27 14:22:10.940027 np0000170604 devstack@neutron-api.service[104255]: DEBUG neutron.api.extensions [None req-eefa9230-029f-4506-969b-a2ccbacf0d67 None None] Loading extension file: dns_domain_ports.py {{(pid=104255) _load_all_extensions_from_path /opt/stack/neutron/neutron/api/extensions.py:449}}
Apr 27 14:22:10.940175 np0000170604 devstack@neutron-api.service[104254]: DEBUG neutron.manager [None req-e3ff8388-9243-4f44-9d91-277bc4fd8892 None None] Successfully loaded TAG plugin. Description: Tag support {{(pid=104254) _create_and_add_service_plugin /opt/stack/neutron/neutron/manager.py:239}}
Apr 27 14:22:10.940221 np0000170604 devstack@neutron-api.service[104254]: INFO neutron.manager [None req-e3ff8388-9243-4f44-9d91-277bc4fd8892 None None] Loading Plugin: timestamp
Apr 27 14:22:10.940245 np0000170604 devstack@neutron-api.service[104255]: DEBUG neutron.api.extensions [None req-eefa9230-029f-4506-969b-a2ccbacf0d67 None None] Ext name="dns_domain for ports" alias="dns-domain-ports" description="Allows the DNS domain to be specified for a network port." updated="2017-04-24T10:00:00-00:00" {{(pid=104255) _check_extension /opt/stack/neutron/neutron/api/extensions.py:415}}
Apr 27 14:22:10.940476 np0000170604 devstack@neutron-api.service[104255]: INFO neutron.api.extensions [None req-eefa9230-029f-4506-969b-a2ccbacf0d67 None None] Loaded extension: dns-domain-ports
Apr 27 14:22:10.940543 np0000170604 devstack@neutron-api.service[104255]: DEBUG neutron.api.extensions [None req-eefa9230-029f-4506-969b-a2ccbacf0d67 None None] Loading extension file: dns_integration_domain_keywords.py {{(pid=104255) _load_all_extensions_from_path /opt/stack/neutron/neutron/api/extensions.py:449}}
Apr 27 14:22:10.940776 np0000170604 devstack@neutron-api.service[104255]: DEBUG neutron.api.extensions [None req-eefa9230-029f-4506-969b-a2ccbacf0d67 None None] Ext name="DNS domain names with keywords allowed" alias="dns-integration-domain-keywords" description="Allows to use keywords like , , and as DNS domain name" updated="2020-06-15T18:00:00-00:00" {{(pid=104255) _check_extension /opt/stack/neutron/neutron/api/extensions.py:415}}
Apr 27 14:22:10.940931 np0000170604 devstack@neutron-api.service[104255]: INFO neutron.api.extensions [None req-eefa9230-029f-4506-969b-a2ccbacf0d67 None None] Loaded extension: dns-integration-domain-keywords
Apr 27 14:22:10.941060 np0000170604 devstack@neutron-api.service[104255]: DEBUG neutron.api.extensions [None req-eefa9230-029f-4506-969b-a2ccbacf0d67 None None] Loading extension file: dvr.py {{(pid=104255) _load_all_extensions_from_path /opt/stack/neutron/neutron/api/extensions.py:449}}
Apr 27 14:22:10.941309 np0000170604 devstack@neutron-api.service[104255]: DEBUG neutron.api.extensions [None req-eefa9230-029f-4506-969b-a2ccbacf0d67 None None] Ext name="Distributed Virtual Router" alias="dvr" description="Enables configuration of Distributed Virtual Routers." updated="2014-06-1T10:00:00-00:00" {{(pid=104255) _check_extension /opt/stack/neutron/neutron/api/extensions.py:415}}
Apr 27 14:22:10.941461 np0000170604 devstack@neutron-api.service[104254]: DEBUG neutron.manager [None req-e3ff8388-9243-4f44-9d91-277bc4fd8892 None None] Successfully loaded timestamp plugin. Description: Adds timestamps to Neutron resources with standard attributes {{(pid=104254) _create_and_add_service_plugin /opt/stack/neutron/neutron/manager.py:239}}
Apr 27 14:22:10.941491 np0000170604 devstack@neutron-api.service[104255]: INFO neutron.api.extensions [None req-eefa9230-029f-4506-969b-a2ccbacf0d67 None None] Extension dvr not supported by any of loaded plugins
Apr 27 14:22:10.941531 np0000170604 devstack@neutron-api.service[104254]: INFO neutron.manager [None req-e3ff8388-9243-4f44-9d91-277bc4fd8892 None None] Loading Plugin: network_ip_availability
Apr 27 14:22:10.941562 np0000170604 devstack@neutron-api.service[104255]: DEBUG neutron.api.extensions [None req-eefa9230-029f-4506-969b-a2ccbacf0d67 None None] Loading extension file: ecmp_routes.py {{(pid=104255) _load_all_extensions_from_path /opt/stack/neutron/neutron/api/extensions.py:449}}
Apr 27 14:22:10.941871 np0000170604 devstack@neutron-api.service[104255]: DEBUG neutron.api.extensions [None req-eefa9230-029f-4506-969b-a2ccbacf0d67 None None] Ext name="Equal Cost Multipath Routing" alias="ecmp_routes" description="Allows traffic to reach thesame destination via multiple different links " updated="2020-11-26T18:00:00-00:00" {{(pid=104255) _check_extension /opt/stack/neutron/neutron/api/extensions.py:415}}
