Apr 27 14:22:42.163533 np0000170604 systemd[1]: Starting devstack@n-api-meta.service - Devstack devstack@n-api-meta.service...
Apr 27 14:22:42.172340 np0000170604 devstack@n-api-meta.service[109372]: [uWSGI] getting INI configuration from /etc/nova/nova-metadata-uwsgi.ini
Apr 27 14:22:42.172917 np0000170604 devstack@n-api-meta.service[109372]: open("./http_plugin.so"): No such file or directory [core/utils.c line 3709]
Apr 27 14:22:42.172917 np0000170604 devstack@n-api-meta.service[109372]: !!! UNABLE to load uWSGI plugin: ./http_plugin.so: cannot open shared object file: No such file or directory !!!
Apr 27 14:22:42.172917 np0000170604 devstack@n-api-meta.service[109372]: open("./python3_plugin.so"): No such file or directory [core/utils.c line 3709]
Apr 27 14:22:42.172917 np0000170604 devstack@n-api-meta.service[109372]: !!! UNABLE to load uWSGI plugin: ./python3_plugin.so: cannot open shared object file: No such file or directory !!!
Apr 27 14:22:42.172917 np0000170604 devstack@n-api-meta.service[109372]: *** Starting uWSGI 2.0.31 (64bit) on [Mon Apr 27 14:22:42 2026] ***
Apr 27 14:22:42.172917 np0000170604 devstack@n-api-meta.service[109372]: compiled with version: 13.3.0 on 27 April 2026 14:12:16
Apr 27 14:22:42.172917 np0000170604 devstack@n-api-meta.service[109372]: os: Linux-6.8.0-110-generic #110-Ubuntu SMP PREEMPT_DYNAMIC Thu Mar 19 15:09:20 UTC 2026
Apr 27 14:22:42.172917 np0000170604 devstack@n-api-meta.service[109372]: nodename: np0000170604
Apr 27 14:22:42.172917 np0000170604 devstack@n-api-meta.service[109372]: machine: x86_64
Apr 27 14:22:42.172917 np0000170604 devstack@n-api-meta.service[109372]: clock source: unix
Apr 27 14:22:42.172917 np0000170604 devstack@n-api-meta.service[109372]: pcre jit disabled
Apr 27 14:22:42.172917 np0000170604 devstack@n-api-meta.service[109372]: detected number of CPU cores: 16
Apr 27 14:22:42.172917 np0000170604 devstack@n-api-meta.service[109372]: current working directory: /
Apr 27 14:22:42.172917 np0000170604 devstack@n-api-meta.service[109372]: detected binary path: /opt/stack/data/venv/bin/uwsgi
Apr 27 14:22:42.172917 np0000170604 devstack@n-api-meta.service[109372]: your processes number limit is 256917
Apr 27 14:22:42.172917 np0000170604 devstack@n-api-meta.service[109372]: your memory page size is 4096 bytes
Apr 27 14:22:42.172917 np0000170604 devstack@n-api-meta.service[109372]: detected max file descriptor number: 2048
Apr 27 14:22:42.172917 np0000170604 devstack@n-api-meta.service[109372]: lock engine: pthread robust mutexes
Apr 27 14:22:42.172917 np0000170604 devstack@n-api-meta.service[109372]: thunder lock: enabled
Apr 27 14:22:42.173814 np0000170604 devstack@n-api-meta.service[109372]: uWSGI http bound on 0.0.0.0:8775 fd 5
Apr 27 14:22:42.173814 np0000170604 devstack@n-api-meta.service[109372]: uwsgi socket 0 bound to TCP address 127.0.0.1:39577 (port auto-assigned) fd 4
Apr 27 14:22:42.173814 np0000170604 devstack@n-api-meta.service[109372]: Python version: 3.12.3 (main, Mar 23 2026, 19:04:32) [GCC 13.3.0]
Apr 27 14:22:42.173814 np0000170604 devstack@n-api-meta.service[109372]: PEP 405 virtualenv detected: /opt/stack/data/venv
Apr 27 14:22:42.173814 np0000170604 devstack@n-api-meta.service[109372]: Set PythonHome to /opt/stack/data/venv
Apr 27 14:22:42.219705 np0000170604 devstack@n-api-meta.service[109372]: Python main interpreter initialized at 0x737b7cea3668
Apr 27 14:22:42.219705 np0000170604 devstack@n-api-meta.service[109372]: python threads support enabled
Apr 27 14:22:42.219705 np0000170604 devstack@n-api-meta.service[109372]: your server socket listen backlog is limited to 100 connections
Apr 27 14:22:42.219705 np0000170604 devstack@n-api-meta.service[109372]: your mercy for graceful operations on workers is 80 seconds
Apr 27 14:22:42.220343 np0000170604 devstack@n-api-meta.service[109372]: mapped 671795 bytes (656 KB) for 4 cores
Apr 27 14:22:42.220527 np0000170604 devstack@n-api-meta.service[109372]: *** Operational MODE: preforking ***
Apr 27 14:22:42.220849 np0000170604 devstack@n-api-meta.service[109372]: *** uWSGI is running in multiple interpreter mode ***
Apr 27 14:22:42.220849 np0000170604 devstack@n-api-meta.service[109372]: spawned uWSGI master process (pid: 109372)
Apr 27 14:22:42.221069 np0000170604 systemd[1]: Started devstack@n-api-meta.service - Devstack devstack@n-api-meta.service.
Apr 27 14:22:42.222056 np0000170604 devstack@n-api-meta.service[109372]: spawned uWSGI worker 1 (pid: 109373, cores: 1)
Apr 27 14:22:42.222224 np0000170604 devstack@n-api-meta.service[109372]: spawned uWSGI worker 2 (pid: 109374, cores: 1)
Apr 27 14:22:42.222790 np0000170604 devstack@n-api-meta.service[109372]: spawned uWSGI worker 3 (pid: 109375, cores: 1)
Apr 27 14:22:42.223530 np0000170604 devstack@n-api-meta.service[109372]: spawned uWSGI worker 4 (pid: 109376, cores: 1)
Apr 27 14:22:42.224143 np0000170604 devstack@n-api-meta.service[109372]: spawned uWSGI http 1 (pid: 109377)
Apr 27 14:22:42.224143 np0000170604 devstack@n-api-meta.service[109372]: running "unix_signal:15 gracefully_kill_them_all" (master-start)...
Apr 27 14:22:42.533820 np0000170604 devstack@n-api-meta.service[109374]: /opt/stack/data/venv/lib/python3.12/site-packages/oslo_concurrency/lockutils.py:41: EventletDeprecationWarning:
Apr 27 14:22:42.533820 np0000170604 devstack@n-api-meta.service[109374]: Eventlet is deprecated. It is currently being maintained in bugfix mode, and
Apr 27 14:22:42.533820 np0000170604 devstack@n-api-meta.service[109374]: we strongly recommend against using it for new projects.
Apr 27 14:22:42.533820 np0000170604 devstack@n-api-meta.service[109374]: If you are already using Eventlet, we recommend migrating to a different
Apr 27 14:22:42.533820 np0000170604 devstack@n-api-meta.service[109374]: framework. For more detail see
Apr 27 14:22:42.533820 np0000170604 devstack@n-api-meta.service[109374]: https://eventlet.readthedocs.io/en/latest/asyncio/migration.html
Apr 27 14:22:42.533820 np0000170604 devstack@n-api-meta.service[109374]: import eventlet
Apr 27 14:22:42.543421 np0000170604 devstack@n-api-meta.service[109375]: /opt/stack/data/venv/lib/python3.12/site-packages/oslo_concurrency/lockutils.py:41: EventletDeprecationWarning:
Apr 27 14:22:42.543421 np0000170604 devstack@n-api-meta.service[109375]: Eventlet is deprecated. It is currently being maintained in bugfix mode, and
Apr 27 14:22:42.543421 np0000170604 devstack@n-api-meta.service[109375]: we strongly recommend against using it for new projects.
Apr 27 14:22:42.543421 np0000170604 devstack@n-api-meta.service[109375]: If you are already using Eventlet, we recommend migrating to a different
Apr 27 14:22:42.543421 np0000170604 devstack@n-api-meta.service[109375]: framework. For more detail see
Apr 27 14:22:42.543421 np0000170604 devstack@n-api-meta.service[109375]: https://eventlet.readthedocs.io/en/latest/asyncio/migration.html
Apr 27 14:22:42.543421 np0000170604 devstack@n-api-meta.service[109375]: import eventlet
Apr 27 14:22:42.546662 np0000170604 devstack@n-api-meta.service[109376]: /opt/stack/data/venv/lib/python3.12/site-packages/oslo_concurrency/lockutils.py:41: EventletDeprecationWarning:
Apr 27 14:22:42.546662 np0000170604 devstack@n-api-meta.service[109376]: Eventlet is deprecated. It is currently being maintained in bugfix mode, and
Apr 27 14:22:42.546662 np0000170604 devstack@n-api-meta.service[109376]: we strongly recommend against using it for new projects.
Apr 27 14:22:42.546662 np0000170604 devstack@n-api-meta.service[109376]: If you are already using Eventlet, we recommend migrating to a different
Apr 27 14:22:42.546662 np0000170604 devstack@n-api-meta.service[109376]: framework. For more detail see
Apr 27 14:22:42.546662 np0000170604 devstack@n-api-meta.service[109376]: https://eventlet.readthedocs.io/en/latest/asyncio/migration.html
Apr 27 14:22:42.546662 np0000170604 devstack@n-api-meta.service[109376]: import eventlet
Apr 27 14:22:42.561082 np0000170604 devstack@n-api-meta.service[109373]: /opt/stack/data/venv/lib/python3.12/site-packages/oslo_concurrency/lockutils.py:41: EventletDeprecationWarning:
Apr 27 14:22:42.561082 np0000170604 devstack@n-api-meta.service[109373]: Eventlet is deprecated. It is currently being maintained in bugfix mode, and
Apr 27 14:22:42.561082 np0000170604 devstack@n-api-meta.service[109373]: we strongly recommend against using it for new projects.
Apr 27 14:22:42.561082 np0000170604 devstack@n-api-meta.service[109373]: If you are already using Eventlet, we recommend migrating to a different
Apr 27 14:22:42.561082 np0000170604 devstack@n-api-meta.service[109373]: framework. For more detail see
Apr 27 14:22:42.561082 np0000170604 devstack@n-api-meta.service[109373]: https://eventlet.readthedocs.io/en/latest/asyncio/migration.html
Apr 27 14:22:42.561082 np0000170604 devstack@n-api-meta.service[109373]: import eventlet
Apr 27 14:22:42.579756 np0000170604 devstack@n-api-meta.service[109374]: Service is starting with native threading. This is currently experimental. Do not use it in production without first testing it in pre-production.
Apr 27 14:22:42.590423 np0000170604 devstack@n-api-meta.service[109375]: Service is starting with native threading. This is currently experimental. Do not use it in production without first testing it in pre-production.
Apr 27 14:22:42.592753 np0000170604 devstack@n-api-meta.service[109376]: Service is starting with native threading. This is currently experimental. Do not use it in production without first testing it in pre-production.
Apr 27 14:22:42.609272 np0000170604 devstack@n-api-meta.service[109373]: Service is starting with native threading. This is currently experimental. Do not use it in production without first testing it in pre-production.
Apr 27 14:22:44.013101 np0000170604 devstack@n-api-meta.service[109376]: INFO dbcounter [None req-d4dd4993-5977-4532-94f6-716beda055ff None None] Registered counter for database nova_api
Apr 27 14:22:44.030961 np0000170604 devstack@n-api-meta.service[109376]: DEBUG oslo_db.sqlalchemy.engines [None req-d4dd4993-5977-4532-94f6-716beda055ff None None] MySQL server mode set to STRICT_TRANS_TABLES,STRICT_ALL_TABLES,NO_ZERO_IN_DATE,NO_ZERO_DATE,ERROR_FOR_DIVISION_BY_ZERO,TRADITIONAL,NO_ENGINE_SUBSTITUTION {{(pid=109376) _check_effective_sql_mode /opt/stack/data/venv/lib/python3.12/site-packages/oslo_db/sqlalchemy/engines.py:325}}
Apr 27 14:22:44.055754 np0000170604 devstack@n-api-meta.service[109375]: INFO dbcounter [None req-13efbdd6-5451-47fa-ae21-e573ba51c127 None None] Registered counter for database nova_api
Apr 27 14:22:44.057343 np0000170604 devstack@n-api-meta.service[109374]: INFO dbcounter [None req-a50f1ea5-8d8c-4213-80c4-f05f8b8c7e8c None None] Registered counter for database nova_api
Apr 27 14:22:44.066915 np0000170604 devstack@n-api-meta.service[109376]: DEBUG dbcounter [-] [109376] Writer thread running {{(pid=109376) stat_writer /opt/stack/data/venv/lib/python3.12/site-packages/dbcounter.py:102}}
Apr 27 14:22:44.069322 np0000170604 devstack@n-api-meta.service[109376]: DEBUG nova.context [None req-d4dd4993-5977-4532-94f6-716beda055ff None None] Found 2 cells: 00000000-0000-0000-0000-000000000000(cell0),53a0b027-c44e-4768-8ee5-4b73e6d2c9b0(cell1) {{(pid=109376) load_cells /opt/stack/nova/nova/context.py:509}}
Apr 27 14:22:44.069518 np0000170604 devstack@n-api-meta.service[109376]: INFO nova.utils [None req-d4dd4993-5977-4532-94f6-716beda055ff None None] The cell worker thread pool MainProcess.cell_worker is initialized
Apr 27 14:22:44.070994 np0000170604 devstack@n-api-meta.service[109375]: DEBUG oslo_db.sqlalchemy.engines [None req-13efbdd6-5451-47fa-ae21-e573ba51c127 None None] MySQL server mode set to STRICT_TRANS_TABLES,STRICT_ALL_TABLES,NO_ZERO_IN_DATE,NO_ZERO_DATE,ERROR_FOR_DIVISION_BY_ZERO,TRADITIONAL,NO_ENGINE_SUBSTITUTION {{(pid=109375) _check_effective_sql_mode /opt/stack/data/venv/lib/python3.12/site-packages/oslo_db/sqlalchemy/engines.py:325}}
Apr 27 14:22:44.071400 np0000170604 devstack@n-api-meta.service[109376]: DEBUG oslo_concurrency.lockutils [None req-d4dd4993-5977-4532-94f6-716beda055ff None None] Acquiring lock "00000000-0000-0000-0000-000000000000" by "nova.context.set_target_cell..get_or_set_cached_cell_and_set_connections" {{(pid=109376) inner /opt/stack/data/venv/lib/python3.12/site-packages/oslo_concurrency/lockutils.py:506}}
Apr 27 14:22:44.071557 np0000170604 devstack@n-api-meta.service[109376]: DEBUG oslo_concurrency.lockutils [None req-d4dd4993-5977-4532-94f6-716beda055ff None None] Lock "00000000-0000-0000-0000-000000000000" acquired by "nova.context.set_target_cell..get_or_set_cached_cell_and_set_connections" :: waited 0.000s {{(pid=109376) inner /opt/stack/data/venv/lib/python3.12/site-packages/oslo_concurrency/lockutils.py:519}}
Apr 27 14:22:44.071951 np0000170604 devstack@n-api-meta.service[109376]: DEBUG oslo_concurrency.lockutils [None req-d4dd4993-5977-4532-94f6-716beda055ff None None] Lock "00000000-0000-0000-0000-000000000000" "released" by "nova.context.set_target_cell..get_or_set_cached_cell_and_set_connections" :: held 0.000s {{(pid=109376) inner /opt/stack/data/venv/lib/python3.12/site-packages/oslo_concurrency/lockutils.py:538}}
Apr 27 14:22:44.072790 np0000170604 devstack@n-api-meta.service[109376]: DEBUG oslo_concurrency.lockutils [None req-d4dd4993-5977-4532-94f6-716beda055ff None None] Acquiring lock "53a0b027-c44e-4768-8ee5-4b73e6d2c9b0" by "nova.context.set_target_cell..get_or_set_cached_cell_and_set_connections" {{(pid=109376) inner /opt/stack/data/venv/lib/python3.12/site-packages/oslo_concurrency/lockutils.py:506}}
Apr 27 14:22:44.072935 np0000170604 devstack@n-api-meta.service[109376]: DEBUG oslo_concurrency.lockutils [None req-d4dd4993-5977-4532-94f6-716beda055ff None None] Lock "53a0b027-c44e-4768-8ee5-4b73e6d2c9b0" acquired by "nova.context.set_target_cell..get_or_set_cached_cell_and_set_connections" :: waited 0.000s {{(pid=109376) inner /opt/stack/data/venv/lib/python3.12/site-packages/oslo_concurrency/lockutils.py:519}}
Apr 27 14:22:44.073783 np0000170604 devstack@n-api-meta.service[109376]: DEBUG oslo_concurrency.lockutils [None req-d4dd4993-5977-4532-94f6-716beda055ff None None] Lock "53a0b027-c44e-4768-8ee5-4b73e6d2c9b0" "released" by "nova.context.set_target_cell..get_or_set_cached_cell_and_set_connections" :: held 0.001s {{(pid=109376) inner /opt/stack/data/venv/lib/python3.12/site-packages/oslo_concurrency/lockutils.py:538}}
Apr 27 14:22:44.074345 np0000170604 devstack@n-api-meta.service[109374]: DEBUG oslo_db.sqlalchemy.engines [None req-a50f1ea5-8d8c-4213-80c4-f05f8b8c7e8c None None] MySQL server mode set to STRICT_TRANS_TABLES,STRICT_ALL_TABLES,NO_ZERO_IN_DATE,NO_ZERO_DATE,ERROR_FOR_DIVISION_BY_ZERO,TRADITIONAL,NO_ENGINE_SUBSTITUTION {{(pid=109374) _check_effective_sql_mode /opt/stack/data/venv/lib/python3.12/site-packages/oslo_db/sqlalchemy/engines.py:325}}
Apr 27 14:22:44.075223 np0000170604 devstack@n-api-meta.service[109376]: INFO dbcounter [None req-d4dd4993-5977-4532-94f6-716beda055ff None None] Registered counter for database nova_cell0
Apr 27 14:22:44.078737 np0000170604 devstack@n-api-meta.service[109376]: INFO dbcounter [None req-d4dd4993-5977-4532-94f6-716beda055ff None None] Registered counter for database nova_cell1
Apr 27 14:22:44.086361 np0000170604 devstack@n-api-meta.service[109376]: DEBUG oslo_db.sqlalchemy.engines [None req-d4dd4993-5977-4532-94f6-716beda055ff None None] MySQL server mode set to STRICT_TRANS_TABLES,STRICT_ALL_TABLES,NO_ZERO_IN_DATE,NO_ZERO_DATE,ERROR_FOR_DIVISION_BY_ZERO,TRADITIONAL,NO_ENGINE_SUBSTITUTION {{(pid=109376) _check_effective_sql_mode /opt/stack/data/venv/lib/python3.12/site-packages/oslo_db/sqlalchemy/engines.py:325}}
Apr 27 14:22:44.092755 np0000170604 devstack@n-api-meta.service[109376]: DEBUG oslo_db.sqlalchemy.engines [None req-d4dd4993-5977-4532-94f6-716beda055ff None None] MySQL server mode set to STRICT_TRANS_TABLES,STRICT_ALL_TABLES,NO_ZERO_IN_DATE,NO_ZERO_DATE,ERROR_FOR_DIVISION_BY_ZERO,TRADITIONAL,NO_ENGINE_SUBSTITUTION {{(pid=109376) _check_effective_sql_mode /opt/stack/data/venv/lib/python3.12/site-packages/oslo_db/sqlalchemy/engines.py:325}}
Apr 27 14:22:44.098744 np0000170604 devstack@n-api-meta.service[109373]: INFO dbcounter [None req-3110d2fd-5d54-4887-bee9-0a45bda3c7b7 None None] Registered counter for database nova_api
Apr 27 14:22:44.107801 np0000170604 devstack@n-api-meta.service[109375]: DEBUG dbcounter [-] [109375] Writer thread running {{(pid=109375) stat_writer /opt/stack/data/venv/lib/python3.12/site-packages/dbcounter.py:102}}
Apr 27 14:22:44.110346 np0000170604 devstack@n-api-meta.service[109375]: DEBUG nova.context [None req-13efbdd6-5451-47fa-ae21-e573ba51c127 None None] Found 2 cells: 00000000-0000-0000-0000-000000000000(cell0),53a0b027-c44e-4768-8ee5-4b73e6d2c9b0(cell1) {{(pid=109375) load_cells /opt/stack/nova/nova/context.py:509}}
Apr 27 14:22:44.110541 np0000170604 devstack@n-api-meta.service[109375]: INFO nova.utils [None req-13efbdd6-5451-47fa-ae21-e573ba51c127 None None] The cell worker thread pool MainProcess.cell_worker is initialized
Apr 27 14:22:44.111817 np0000170604 devstack@n-api-meta.service[109374]: DEBUG dbcounter [-] [109374] Writer thread running {{(pid=109374) stat_writer /opt/stack/data/venv/lib/python3.12/site-packages/dbcounter.py:102}}
Apr 27 14:22:44.112351 np0000170604 devstack@n-api-meta.service[109375]: DEBUG oslo_concurrency.lockutils [None req-13efbdd6-5451-47fa-ae21-e573ba51c127 None None] Acquiring lock "00000000-0000-0000-0000-000000000000" by "nova.context.set_target_cell..get_or_set_cached_cell_and_set_connections" {{(pid=109375) inner /opt/stack/data/venv/lib/python3.12/site-packages/oslo_concurrency/lockutils.py:506}}
Apr 27 14:22:44.112490 np0000170604 devstack@n-api-meta.service[109375]: DEBUG oslo_concurrency.lockutils [None req-13efbdd6-5451-47fa-ae21-e573ba51c127 None None] Lock "00000000-0000-0000-0000-000000000000" acquired by "nova.context.set_target_cell..get_or_set_cached_cell_and_set_connections" :: waited 0.000s {{(pid=109375) inner /opt/stack/data/venv/lib/python3.12/site-packages/oslo_concurrency/lockutils.py:519}}
Apr 27 14:22:44.112841 np0000170604 devstack@n-api-meta.service[109375]: DEBUG oslo_concurrency.lockutils [None req-13efbdd6-5451-47fa-ae21-e573ba51c127 None None] Lock "00000000-0000-0000-0000-000000000000" "released" by "nova.context.set_target_cell..get_or_set_cached_cell_and_set_connections" :: held 0.000s {{(pid=109375) inner /opt/stack/data/venv/lib/python3.12/site-packages/oslo_concurrency/lockutils.py:538}}
Apr 27 14:22:44.113530 np0000170604 devstack@n-api-meta.service[109375]: DEBUG oslo_concurrency.lockutils [None req-13efbdd6-5451-47fa-ae21-e573ba51c127 None None] Acquiring lock "53a0b027-c44e-4768-8ee5-4b73e6d2c9b0" by "nova.context.set_target_cell..get_or_set_cached_cell_and_set_connections" {{(pid=109375) inner /opt/stack/data/venv/lib/python3.12/site-packages/oslo_concurrency/lockutils.py:506}}
Apr 27 14:22:44.113682 np0000170604 devstack@n-api-meta.service[109375]: DEBUG oslo_concurrency.lockutils [None req-13efbdd6-5451-47fa-ae21-e573ba51c127 None None] Lock "53a0b027-c44e-4768-8ee5-4b73e6d2c9b0" acquired by "nova.context.set_target_cell..get_or_set_cached_cell_and_set_connections" :: waited 0.000s {{(pid=109375) inner /opt/stack/data/venv/lib/python3.12/site-packages/oslo_concurrency/lockutils.py:519}}
Apr 27 14:22:44.114203 np0000170604 devstack@n-api-meta.service[109374]: DEBUG nova.context [None req-a50f1ea5-8d8c-4213-80c4-f05f8b8c7e8c None None] Found 2 cells: 00000000-0000-0000-0000-000000000000(cell0),53a0b027-c44e-4768-8ee5-4b73e6d2c9b0(cell1) {{(pid=109374) load_cells /opt/stack/nova/nova/context.py:509}}
Apr 27 14:22:44.114425 np0000170604 devstack@n-api-meta.service[109374]: INFO nova.utils [None req-a50f1ea5-8d8c-4213-80c4-f05f8b8c7e8c None None] The cell worker thread pool MainProcess.cell_worker is initialized
Apr 27 14:22:44.114523 np0000170604 devstack@n-api-meta.service[109375]: DEBUG oslo_concurrency.lockutils [None req-13efbdd6-5451-47fa-ae21-e573ba51c127 None None] Lock "53a0b027-c44e-4768-8ee5-4b73e6d2c9b0" "released" by "nova.context.set_target_cell..get_or_set_cached_cell_and_set_connections" :: held 0.001s {{(pid=109375) inner /opt/stack/data/venv/lib/python3.12/site-packages/oslo_concurrency/lockutils.py:538}}
Apr 27 14:22:44.116206 np0000170604 devstack@n-api-meta.service[109374]: DEBUG oslo_concurrency.lockutils [None req-a50f1ea5-8d8c-4213-80c4-f05f8b8c7e8c None None] Acquiring lock "00000000-0000-0000-0000-000000000000" by "nova.context.set_target_cell..get_or_set_cached_cell_and_set_connections" {{(pid=109374) inner /opt/stack/data/venv/lib/python3.12/site-packages/oslo_concurrency/lockutils.py:506}}
Apr 27 14:22:44.116358 np0000170604 devstack@n-api-meta.service[109374]: DEBUG oslo_concurrency.lockutils [None req-a50f1ea5-8d8c-4213-80c4-f05f8b8c7e8c None None] Lock "00000000-0000-0000-0000-000000000000" acquired by "nova.context.set_target_cell..get_or_set_cached_cell_and_set_connections" :: waited 0.000s {{(pid=109374) inner /opt/stack/data/venv/lib/python3.12/site-packages/oslo_concurrency/lockutils.py:519}}
Apr 27 14:22:44.116710 np0000170604 devstack@n-api-meta.service[109374]: DEBUG oslo_concurrency.lockutils [None req-a50f1ea5-8d8c-4213-80c4-f05f8b8c7e8c None None] Lock "00000000-0000-0000-0000-000000000000" "released" by "nova.context.set_target_cell..get_or_set_cached_cell_and_set_connections" :: held 0.000s {{(pid=109374) inner /opt/stack/data/venv/lib/python3.12/site-packages/oslo_concurrency/lockutils.py:538}}
Apr 27 14:22:44.117313 np0000170604 devstack@n-api-meta.service[109374]: DEBUG oslo_concurrency.lockutils [None req-a50f1ea5-8d8c-4213-80c4-f05f8b8c7e8c None None] Acquiring lock "53a0b027-c44e-4768-8ee5-4b73e6d2c9b0" by "nova.context.set_target_cell..get_or_set_cached_cell_and_set_connections" {{(pid=109374) inner /opt/stack/data/venv/lib/python3.12/site-packages/oslo_concurrency/lockutils.py:506}}
Apr 27 14:22:44.117373 np0000170604 devstack@n-api-meta.service[109373]: DEBUG oslo_db.sqlalchemy.engines [None req-3110d2fd-5d54-4887-bee9-0a45bda3c7b7 None None] MySQL server mode set to STRICT_TRANS_TABLES,STRICT_ALL_TABLES,NO_ZERO_IN_DATE,NO_ZERO_DATE,ERROR_FOR_DIVISION_BY_ZERO,TRADITIONAL,NO_ENGINE_SUBSTITUTION {{(pid=109373) _check_effective_sql_mode /opt/stack/data/venv/lib/python3.12/site-packages/oslo_db/sqlalchemy/engines.py:325}}
Apr 27 14:22:44.117462 np0000170604 devstack@n-api-meta.service[109374]: DEBUG oslo_concurrency.lockutils [None req-a50f1ea5-8d8c-4213-80c4-f05f8b8c7e8c None None] Lock "53a0b027-c44e-4768-8ee5-4b73e6d2c9b0" acquired by "nova.context.set_target_cell..get_or_set_cached_cell_and_set_connections" :: waited 0.000s {{(pid=109374) inner /opt/stack/data/venv/lib/python3.12/site-packages/oslo_concurrency/lockutils.py:519}}
Apr 27 14:22:44.117589 np0000170604 devstack@n-api-meta.service[109375]: INFO dbcounter [None req-13efbdd6-5451-47fa-ae21-e573ba51c127 None None] Registered counter for database nova_cell0
Apr 27 14:22:44.118315 np0000170604 devstack@n-api-meta.service[109374]: DEBUG oslo_concurrency.lockutils [None req-a50f1ea5-8d8c-4213-80c4-f05f8b8c7e8c None None] Lock "53a0b027-c44e-4768-8ee5-4b73e6d2c9b0" "released" by "nova.context.set_target_cell..get_or_set_cached_cell_and_set_connections" :: held 0.001s {{(pid=109374) inner /opt/stack/data/venv/lib/python3.12/site-packages/oslo_concurrency/lockutils.py:538}}
Apr 27 14:22:44.120591 np0000170604 devstack@n-api-meta.service[109374]: INFO dbcounter [None req-a50f1ea5-8d8c-4213-80c4-f05f8b8c7e8c None None] Registered counter for database nova_cell0
Apr 27 14:22:44.121382 np0000170604 devstack@n-api-meta.service[109375]: INFO dbcounter [None req-13efbdd6-5451-47fa-ae21-e573ba51c127 None None] Registered counter for database nova_cell1
Apr 27 14:22:44.125463 np0000170604 devstack@n-api-meta.service[109374]: INFO dbcounter [None req-a50f1ea5-8d8c-4213-80c4-f05f8b8c7e8c None None] Registered counter for database nova_cell1
Apr 27 14:22:44.131521 np0000170604 devstack@n-api-meta.service[109375]: DEBUG oslo_db.sqlalchemy.engines [None req-13efbdd6-5451-47fa-ae21-e573ba51c127 None None] MySQL server mode set to STRICT_TRANS_TABLES,STRICT_ALL_TABLES,NO_ZERO_IN_DATE,NO_ZERO_DATE,ERROR_FOR_DIVISION_BY_ZERO,TRADITIONAL,NO_ENGINE_SUBSTITUTION {{(pid=109375) _check_effective_sql_mode /opt/stack/data/venv/lib/python3.12/site-packages/oslo_db/sqlalchemy/engines.py:325}}
Apr 27 14:22:44.136440 np0000170604 devstack@n-api-meta.service[109375]: DEBUG oslo_db.sqlalchemy.engines [None req-13efbdd6-5451-47fa-ae21-e573ba51c127 None None] MySQL server mode set to STRICT_TRANS_TABLES,STRICT_ALL_TABLES,NO_ZERO_IN_DATE,NO_ZERO_DATE,ERROR_FOR_DIVISION_BY_ZERO,TRADITIONAL,NO_ENGINE_SUBSTITUTION {{(pid=109375) _check_effective_sql_mode /opt/stack/data/venv/lib/python3.12/site-packages/oslo_db/sqlalchemy/engines.py:325}}
Apr 27 14:22:44.141993 np0000170604 devstack@n-api-meta.service[109374]: DEBUG oslo_db.sqlalchemy.engines [None req-a50f1ea5-8d8c-4213-80c4-f05f8b8c7e8c None None] MySQL server mode set to STRICT_TRANS_TABLES,STRICT_ALL_TABLES,NO_ZERO_IN_DATE,NO_ZERO_DATE,ERROR_FOR_DIVISION_BY_ZERO,TRADITIONAL,NO_ENGINE_SUBSTITUTION {{(pid=109374) _check_effective_sql_mode /opt/stack/data/venv/lib/python3.12/site-packages/oslo_db/sqlalchemy/engines.py:325}}
Apr 27 14:22:44.153045 np0000170604 devstack@n-api-meta.service[109373]: DEBUG dbcounter [-] [109373] Writer thread running {{(pid=109373) stat_writer /opt/stack/data/venv/lib/python3.12/site-packages/dbcounter.py:102}}
Apr 27 14:22:44.155305 np0000170604 devstack@n-api-meta.service[109373]: DEBUG nova.context [None req-3110d2fd-5d54-4887-bee9-0a45bda3c7b7 None None] Found 2 cells: 00000000-0000-0000-0000-000000000000(cell0),53a0b027-c44e-4768-8ee5-4b73e6d2c9b0(cell1) {{(pid=109373) load_cells /opt/stack/nova/nova/context.py:509}}
Apr 27 14:22:44.155508 np0000170604 devstack@n-api-meta.service[109373]: INFO nova.utils [None req-3110d2fd-5d54-4887-bee9-0a45bda3c7b7 None None] The cell worker thread pool MainProcess.cell_worker is initialized
Apr 27 14:22:44.155588 np0000170604 devstack@n-api-meta.service[109374]: DEBUG oslo_db.sqlalchemy.engines [None req-a50f1ea5-8d8c-4213-80c4-f05f8b8c7e8c None None] MySQL server mode set to STRICT_TRANS_TABLES,STRICT_ALL_TABLES,NO_ZERO_IN_DATE,NO_ZERO_DATE,ERROR_FOR_DIVISION_BY_ZERO,TRADITIONAL,NO_ENGINE_SUBSTITUTION {{(pid=109374) _check_effective_sql_mode /opt/stack/data/venv/lib/python3.12/site-packages/oslo_db/sqlalchemy/engines.py:325}}
Apr 27 14:22:44.157215 np0000170604 devstack@n-api-meta.service[109373]: DEBUG oslo_concurrency.lockutils [None req-3110d2fd-5d54-4887-bee9-0a45bda3c7b7 None None] Acquiring lock "00000000-0000-0000-0000-000000000000" by "nova.context.set_target_cell..get_or_set_cached_cell_and_set_connections" {{(pid=109373) inner /opt/stack/data/venv/lib/python3.12/site-packages/oslo_concurrency/lockutils.py:506}}
Apr 27 14:22:44.157351 np0000170604 devstack@n-api-meta.service[109373]: DEBUG oslo_concurrency.lockutils [None req-3110d2fd-5d54-4887-bee9-0a45bda3c7b7 None None] Lock "00000000-0000-0000-0000-000000000000" acquired by "nova.context.set_target_cell..get_or_set_cached_cell_and_set_connections" :: waited 0.000s {{(pid=109373) inner /opt/stack/data/venv/lib/python3.12/site-packages/oslo_concurrency/lockutils.py:519}}
Apr 27 14:22:44.157693 np0000170604 devstack@n-api-meta.service[109373]: DEBUG oslo_concurrency.lockutils [None req-3110d2fd-5d54-4887-bee9-0a45bda3c7b7 None None] Lock "00000000-0000-0000-0000-000000000000" "released" by "nova.context.set_target_cell..get_or_set_cached_cell_and_set_connections" :: held 0.000s {{(pid=109373) inner /opt/stack/data/venv/lib/python3.12/site-packages/oslo_concurrency/lockutils.py:538}}
Apr 27 14:22:44.158402 np0000170604 devstack@n-api-meta.service[109373]: DEBUG oslo_concurrency.lockutils [None req-3110d2fd-5d54-4887-bee9-0a45bda3c7b7 None None] Acquiring lock "53a0b027-c44e-4768-8ee5-4b73e6d2c9b0" by "nova.context.set_target_cell..get_or_set_cached_cell_and_set_connections" {{(pid=109373) inner /opt/stack/data/venv/lib/python3.12/site-packages/oslo_concurrency/lockutils.py:506}}
Apr 27 14:22:44.158514 np0000170604 devstack@n-api-meta.service[109373]: DEBUG oslo_concurrency.lockutils [None req-3110d2fd-5d54-4887-bee9-0a45bda3c7b7 None None] Lock "53a0b027-c44e-4768-8ee5-4b73e6d2c9b0" acquired by "nova.context.set_target_cell..get_or_set_cached_cell_and_set_connections" :: waited 0.000s {{(pid=109373) inner /opt/stack/data/venv/lib/python3.12/site-packages/oslo_concurrency/lockutils.py:519}}
Apr 27 14:22:44.159307 np0000170604 devstack@n-api-meta.service[109373]: DEBUG oslo_concurrency.lockutils [None req-3110d2fd-5d54-4887-bee9-0a45bda3c7b7 None None] Lock "53a0b027-c44e-4768-8ee5-4b73e6d2c9b0" "released" by "nova.context.set_target_cell..get_or_set_cached_cell_and_set_connections" :: held 0.001s {{(pid=109373) inner /opt/stack/data/venv/lib/python3.12/site-packages/oslo_concurrency/lockutils.py:538}}
Apr 27 14:22:44.162578 np0000170604 devstack@n-api-meta.service[109373]: INFO dbcounter [None req-3110d2fd-5d54-4887-bee9-0a45bda3c7b7 None None] Registered counter for database nova_cell0
Apr 27 14:22:44.167422 np0000170604 devstack@n-api-meta.service[109373]: INFO dbcounter [None req-3110d2fd-5d54-4887-bee9-0a45bda3c7b7 None None] Registered counter for database nova_cell1
Apr 27 14:22:44.177360 np0000170604 devstack@n-api-meta.service[109373]: DEBUG oslo_db.sqlalchemy.engines [None req-3110d2fd-5d54-4887-bee9-0a45bda3c7b7 None None] MySQL server mode set to STRICT_TRANS_TABLES,STRICT_ALL_TABLES,NO_ZERO_IN_DATE,NO_ZERO_DATE,ERROR_FOR_DIVISION_BY_ZERO,TRADITIONAL,NO_ENGINE_SUBSTITUTION {{(pid=109373) _check_effective_sql_mode /opt/stack/data/venv/lib/python3.12/site-packages/oslo_db/sqlalchemy/engines.py:325}}
Apr 27 14:22:44.186180 np0000170604 devstack@n-api-meta.service[109373]: DEBUG oslo_db.sqlalchemy.engines [None req-3110d2fd-5d54-4887-bee9-0a45bda3c7b7 None None] MySQL server mode set to STRICT_TRANS_TABLES,STRICT_ALL_TABLES,NO_ZERO_IN_DATE,NO_ZERO_DATE,ERROR_FOR_DIVISION_BY_ZERO,TRADITIONAL,NO_ENGINE_SUBSTITUTION {{(pid=109373) _check_effective_sql_mode /opt/stack/data/venv/lib/python3.12/site-packages/oslo_db/sqlalchemy/engines.py:325}}
Apr 27 14:22:44.216440 np0000170604 devstack@n-api-meta.service[109376]: DEBUG dbcounter [-] [109376] Writer thread running {{(pid=109376) stat_writer /opt/stack/data/venv/lib/python3.12/site-packages/dbcounter.py:102}}
Apr 27 14:22:44.217577 np0000170604 devstack@n-api-meta.service[109376]: DEBUG dbcounter [-] [109376] Writer thread running {{(pid=109376) stat_writer /opt/stack/data/venv/lib/python3.12/site-packages/dbcounter.py:102}}
Apr 27 14:22:44.221949 np0000170604 devstack@n-api-meta.service[109376]: INFO dbcounter [None req-d4dd4993-5977-4532-94f6-716beda055ff None None] Registered counter for database nova_cell0
Apr 27 14:22:44.233426 np0000170604 devstack@n-api-meta.service[109376]: DEBUG oslo_db.sqlalchemy.engines [None req-d4dd4993-5977-4532-94f6-716beda055ff None None] MySQL server mode set to STRICT_TRANS_TABLES,STRICT_ALL_TABLES,NO_ZERO_IN_DATE,NO_ZERO_DATE,ERROR_FOR_DIVISION_BY_ZERO,TRADITIONAL,NO_ENGINE_SUBSTITUTION {{(pid=109376) _check_effective_sql_mode /opt/stack/data/venv/lib/python3.12/site-packages/oslo_db/sqlalchemy/engines.py:325}}
Apr 27 14:22:44.240797 np0000170604 devstack@n-api-meta.service[109376]: DEBUG dbcounter [-] [109376] Writer thread running {{(pid=109376) stat_writer /opt/stack/data/venv/lib/python3.12/site-packages/dbcounter.py:102}}
Apr 27 14:22:44.246406 np0000170604 devstack@n-api-meta.service[109374]: DEBUG dbcounter [-] [109374] Writer thread running {{(pid=109374) stat_writer /opt/stack/data/venv/lib/python3.12/site-packages/dbcounter.py:102}}
Apr 27 14:22:44.248591 np0000170604 devstack@n-api-meta.service[109374]: DEBUG dbcounter [-] [109374] Writer thread running {{(pid=109374) stat_writer /opt/stack/data/venv/lib/python3.12/site-packages/dbcounter.py:102}}
Apr 27 14:22:44.252258 np0000170604 devstack@n-api-meta.service[109374]: INFO dbcounter [None req-a50f1ea5-8d8c-4213-80c4-f05f8b8c7e8c None None] Registered counter for database nova_cell0
Apr 27 14:22:44.257227 np0000170604 devstack@n-api-meta.service[109375]: DEBUG dbcounter [-] [109375] Writer thread running {{(pid=109375) stat_writer /opt/stack/data/venv/lib/python3.12/site-packages/dbcounter.py:102}}
Apr 27 14:22:44.257562 np0000170604 devstack@n-api-meta.service[109375]: DEBUG dbcounter [-] [109375] Writer thread running {{(pid=109375) stat_writer /opt/stack/data/venv/lib/python3.12/site-packages/dbcounter.py:102}}
Apr 27 14:22:44.261992 np0000170604 devstack@n-api-meta.service[109375]: INFO dbcounter [None req-13efbdd6-5451-47fa-ae21-e573ba51c127 None None] Registered counter for database nova_cell0
Apr 27 14:22:44.262920 np0000170604 devstack@n-api-meta.service[109374]: DEBUG oslo_db.sqlalchemy.engines [None req-a50f1ea5-8d8c-4213-80c4-f05f8b8c7e8c None None] MySQL server mode set to STRICT_TRANS_TABLES,STRICT_ALL_TABLES,NO_ZERO_IN_DATE,NO_ZERO_DATE,ERROR_FOR_DIVISION_BY_ZERO,TRADITIONAL,NO_ENGINE_SUBSTITUTION {{(pid=109374) _check_effective_sql_mode /opt/stack/data/venv/lib/python3.12/site-packages/oslo_db/sqlalchemy/engines.py:325}}
Apr 27 14:22:44.272559 np0000170604 devstack@n-api-meta.service[109374]: DEBUG dbcounter [-] [109374] Writer thread running {{(pid=109374) stat_writer /opt/stack/data/venv/lib/python3.12/site-packages/dbcounter.py:102}}
Apr 27 14:22:44.273319 np0000170604 devstack@n-api-meta.service[109375]: DEBUG oslo_db.sqlalchemy.engines [None req-13efbdd6-5451-47fa-ae21-e573ba51c127 None None] MySQL server mode set to STRICT_TRANS_TABLES,STRICT_ALL_TABLES,NO_ZERO_IN_DATE,NO_ZERO_DATE,ERROR_FOR_DIVISION_BY_ZERO,TRADITIONAL,NO_ENGINE_SUBSTITUTION {{(pid=109375) _check_effective_sql_mode /opt/stack/data/venv/lib/python3.12/site-packages/oslo_db/sqlalchemy/engines.py:325}}
Apr 27 14:22:44.281413 np0000170604 devstack@n-api-meta.service[109375]: DEBUG dbcounter [-] [109375] Writer thread running {{(pid=109375) stat_writer /opt/stack/data/venv/lib/python3.12/site-packages/dbcounter.py:102}}
Apr 27 14:22:44.282212 np0000170604 devstack@n-api-meta.service[109373]: DEBUG dbcounter [-] [109373] Writer thread running {{(pid=109373) stat_writer /opt/stack/data/venv/lib/python3.12/site-packages/dbcounter.py:102}}
Apr 27 14:22:44.290002 np0000170604 devstack@n-api-meta.service[109373]: DEBUG dbcounter [-] [109373] Writer thread running {{(pid=109373) stat_writer /opt/stack/data/venv/lib/python3.12/site-packages/dbcounter.py:102}}
Apr 27 14:22:44.290832 np0000170604 devstack@n-api-meta.service[109376]: WARNING nova.api.metadata.handler [None req-d4dd4993-5977-4532-94f6-716beda055ff None None] metadata_proxy_shared_secret is not configured, the metadata information returned by the proxy cannot be trusted
Apr 27 14:22:44.294130 np0000170604 devstack@n-api-meta.service[109376]: DEBUG nova.api.openstack.wsgi_app [None req-d4dd4993-5977-4532-94f6-716beda055ff None None] ******************************************************************************** {{(pid=109376) log_opt_values /opt/stack/data/venv/lib/python3.12/site-packages/oslo_config/cfg.py:2979}}
Apr 27 14:22:44.294311 np0000170604 devstack@n-api-meta.service[109376]: DEBUG nova.api.openstack.wsgi_app [None req-d4dd4993-5977-4532-94f6-716beda055ff None None] Configuration options gathered from: {{(pid=109376) log_opt_values /opt/stack/data/venv/lib/python3.12/site-packages/oslo_config/cfg.py:2980}}
Apr 27 14:22:44.294357 np0000170604 devstack@n-api-meta.service[109373]: INFO dbcounter [None req-3110d2fd-5d54-4887-bee9-0a45bda3c7b7 None None] Registered counter for database nova_cell0
Apr 27 14:22:44.294494 np0000170604 devstack@n-api-meta.service[109376]: DEBUG nova.api.openstack.wsgi_app [None req-d4dd4993-5977-4532-94f6-716beda055ff None None] command line args: [] {{(pid=109376) log_opt_values /opt/stack/data/venv/lib/python3.12/site-packages/oslo_config/cfg.py:2981}}
Apr 27 14:22:44.294725 np0000170604 devstack@n-api-meta.service[109376]: DEBUG nova.api.openstack.wsgi_app [None req-d4dd4993-5977-4532-94f6-716beda055ff None None] config files: ['/etc/nova/api-paste.ini', '/etc/nova/nova.conf'] {{(pid=109376) log_opt_values /opt/stack/data/venv/lib/python3.12/site-packages/oslo_config/cfg.py:2982}}
Apr 27 14:22:44.294894 np0000170604 devstack@n-api-meta.service[109376]: DEBUG nova.api.openstack.wsgi_app [None req-d4dd4993-5977-4532-94f6-716beda055ff None None] ================================================================================ {{(pid=109376) log_opt_values /opt/stack/data/venv/lib/python3.12/site-packages/oslo_config/cfg.py:2987}}
Apr 27 14:22:44.295143 np0000170604 devstack@n-api-meta.service[109376]: DEBUG nova.api.openstack.wsgi_app [None req-d4dd4993-5977-4532-94f6-716beda055ff None None] allow_resize_to_same_host = True {{(pid=109376) log_opt_values /opt/stack/data/venv/lib/python3.12/site-packages/oslo_config/cfg.py:2995}}
Apr 27 14:22:44.295362 np0000170604 devstack@n-api-meta.service[109376]: DEBUG nova.api.openstack.wsgi_app [None req-d4dd4993-5977-4532-94f6-716beda055ff None None] arq_binding_timeout = 300 {{(pid=109376) log_opt_values /opt/stack/data/venv/lib/python3.12/site-packages/oslo_config/cfg.py:2995}}
Apr 27 14:22:44.295751 np0000170604 devstack@n-api-meta.service[109376]: DEBUG nova.api.openstack.wsgi_app [None req-d4dd4993-5977-4532-94f6-716beda055ff None None] block_device_allocate_retries = 60 {{(pid=109376) log_opt_values /opt/stack/data/venv/lib/python3.12/site-packages/oslo_config/cfg.py:2995}}
Apr 27 14:22:44.296012 np0000170604 devstack@n-api-meta.service[109376]: DEBUG nova.api.openstack.wsgi_app [None req-d4dd4993-5977-4532-94f6-716beda055ff None None] block_device_allocate_retries_interval = 3 {{(pid=109376) log_opt_values /opt/stack/data/venv/lib/python3.12/site-packages/oslo_config/cfg.py:2995}}
Apr 27 14:22:44.296235 np0000170604 devstack@n-api-meta.service[109376]: DEBUG nova.api.openstack.wsgi_app [None req-d4dd4993-5977-4532-94f6-716beda055ff None None] cell_worker_thread_pool_size = 5 {{(pid=109376) log_opt_values /opt/stack/data/venv/lib/python3.12/site-packages/oslo_config/cfg.py:2995}}
Apr 27 14:22:44.296463 np0000170604 devstack@n-api-meta.service[109376]: DEBUG nova.api.openstack.wsgi_app [None req-d4dd4993-5977-4532-94f6-716beda055ff None None] cert = self.pem {{(pid=109376) log_opt_values /opt/stack/data/venv/lib/python3.12/site-packages/oslo_config/cfg.py:2995}}
Apr 27 14:22:44.296676 np0000170604 devstack@n-api-meta.service[109376]: DEBUG nova.api.openstack.wsgi_app [None req-d4dd4993-5977-4532-94f6-716beda055ff None None] compute_driver = libvirt.LibvirtDriver {{(pid=109376) log_opt_values /opt/stack/data/venv/lib/python3.12/site-packages/oslo_config/cfg.py:2995}}
Apr 27 14:22:44.296888 np0000170604 devstack@n-api-meta.service[109376]: DEBUG nova.api.openstack.wsgi_app [None req-d4dd4993-5977-4532-94f6-716beda055ff None None] compute_monitors = [] {{(pid=109376) log_opt_values /opt/stack/data/venv/lib/python3.12/site-packages/oslo_config/cfg.py:2995}}
Apr 27 14:22:44.297096 np0000170604 devstack@n-api-meta.service[109376]: DEBUG nova.api.openstack.wsgi_app [None req-d4dd4993-5977-4532-94f6-716beda055ff None None] config_dir = [] {{(pid=109376) log_opt_values /opt/stack/data/venv/lib/python3.12/site-packages/oslo_config/cfg.py:2995}}
Apr 27 14:22:44.297331 np0000170604 devstack@n-api-meta.service[109376]: DEBUG nova.api.openstack.wsgi_app [None req-d4dd4993-5977-4532-94f6-716beda055ff None None] config_drive_format = iso9660 {{(pid=109376) log_opt_values /opt/stack/data/venv/lib/python3.12/site-packages/oslo_config/cfg.py:2995}}
Apr 27 14:22:44.297506 np0000170604 devstack@n-api-meta.service[109376]: DEBUG nova.api.openstack.wsgi_app [None req-d4dd4993-5977-4532-94f6-716beda055ff None None] config_file = ['/etc/nova/api-paste.ini', '/etc/nova/nova.conf'] {{(pid=109376) log_opt_values /opt/stack/data/venv/lib/python3.12/site-packages/oslo_config/cfg.py:2995}}
Apr 27 14:22:44.297862 np0000170604 devstack@n-api-meta.service[109376]: DEBUG nova.api.openstack.wsgi_app [None req-d4dd4993-5977-4532-94f6-716beda055ff None None] config_source = [] {{(pid=109376) log_opt_values /opt/stack/data/venv/lib/python3.12/site-packages/oslo_config/cfg.py:2995}}
Apr 27 14:22:44.298077 np0000170604 devstack@n-api-meta.service[109376]: DEBUG nova.api.openstack.wsgi_app [None req-d4dd4993-5977-4532-94f6-716beda055ff None None] console_host = np0000170604 {{(pid=109376) log_opt_values /opt/stack/data/venv/lib/python3.12/site-packages/oslo_config/cfg.py:2995}}
Apr 27 14:22:44.298319 np0000170604 devstack@n-api-meta.service[109376]: DEBUG nova.api.openstack.wsgi_app [None req-d4dd4993-5977-4532-94f6-716beda055ff None None] control_exchange = nova {{(pid=109376) log_opt_values /opt/stack/data/venv/lib/python3.12/site-packages/oslo_config/cfg.py:2995}}
Apr 27 14:22:44.298525 np0000170604 devstack@n-api-meta.service[109376]: DEBUG nova.api.openstack.wsgi_app [None req-d4dd4993-5977-4532-94f6-716beda055ff None None] cpu_allocation_ratio = None {{(pid=109376) log_opt_values /opt/stack/data/venv/lib/python3.12/site-packages/oslo_config/cfg.py:2995}}
Apr 27 14:22:44.298725 np0000170604 devstack@n-api-meta.service[109376]: DEBUG nova.api.openstack.wsgi_app [None req-d4dd4993-5977-4532-94f6-716beda055ff None None] daemon = False {{(pid=109376) log_opt_values /opt/stack/data/venv/lib/python3.12/site-packages/oslo_config/cfg.py:2995}}
Apr 27 14:22:44.298925 np0000170604 devstack@n-api-meta.service[109376]: DEBUG nova.api.openstack.wsgi_app [None req-d4dd4993-5977-4532-94f6-716beda055ff None None] debug = True {{(pid=109376) log_opt_values /opt/stack/data/venv/lib/python3.12/site-packages/oslo_config/cfg.py:2995}}
Apr 27 14:22:44.299123 np0000170604 devstack@n-api-meta.service[109376]: DEBUG nova.api.openstack.wsgi_app [None req-d4dd4993-5977-4532-94f6-716beda055ff None None] default_access_ip_network_name = None {{(pid=109376) log_opt_values /opt/stack/data/venv/lib/python3.12/site-packages/oslo_config/cfg.py:2995}}
Apr 27 14:22:44.299387 np0000170604 devstack@n-api-meta.service[109376]: DEBUG nova.api.openstack.wsgi_app [None req-d4dd4993-5977-4532-94f6-716beda055ff None None] default_availability_zone = nova {{(pid=109376) log_opt_values /opt/stack/data/venv/lib/python3.12/site-packages/oslo_config/cfg.py:2995}}
Apr 27 14:22:44.299589 np0000170604 devstack@n-api-meta.service[109376]: DEBUG nova.api.openstack.wsgi_app [None req-d4dd4993-5977-4532-94f6-716beda055ff None None] default_ephemeral_format = ext4 {{(pid=109376) log_opt_values /opt/stack/data/venv/lib/python3.12/site-packages/oslo_config/cfg.py:2995}}
Apr 27 14:22:44.299816 np0000170604 devstack@n-api-meta.service[109376]: DEBUG nova.api.openstack.wsgi_app [None req-d4dd4993-5977-4532-94f6-716beda055ff None None] default_green_pool_size = 1000 {{(pid=109376) log_opt_values /opt/stack/data/venv/lib/python3.12/site-packages/oslo_config/cfg.py:2995}}
Apr 27 14:22:44.300122 np0000170604 devstack@n-api-meta.service[109376]: DEBUG nova.api.openstack.wsgi_app [None req-d4dd4993-5977-4532-94f6-716beda055ff None None] default_log_levels = ['amqp=WARN', 'boto=WARN', 'sqlalchemy=WARN', 'suds=INFO', 'oslo.messaging=INFO', 'oslo_messaging=INFO', 'iso8601=WARN', 'requests.packages.urllib3.connectionpool=WARN', 'urllib3.connectionpool=WARN', 'websocket=WARN', 'requests.packages.urllib3.util.retry=WARN', 'urllib3.util.retry=WARN', 'keystonemiddleware=WARN', 'routes.middleware=WARN', 'stevedore=WARN', 'taskflow=WARN', 'keystoneauth=WARN', 'oslo.cache=INFO', 'oslo_policy=INFO', 'dogpile.core.dogpile=INFO', 'glanceclient=WARN', 'oslo.privsep.daemon=INFO'] {{(pid=109376) log_opt_values /opt/stack/data/venv/lib/python3.12/site-packages/oslo_config/cfg.py:2995}}
Apr 27 14:22:44.300343 np0000170604 devstack@n-api-meta.service[109376]: DEBUG nova.api.openstack.wsgi_app [None req-d4dd4993-5977-4532-94f6-716beda055ff None None] default_schedule_zone = None {{(pid=109376) log_opt_values /opt/stack/data/venv/lib/python3.12/site-packages/oslo_config/cfg.py:2995}}
Apr 27 14:22:44.300526 np0000170604 devstack@n-api-meta.service[109376]: DEBUG nova.api.openstack.wsgi_app [None req-d4dd4993-5977-4532-94f6-716beda055ff None None] default_thread_pool_size = 10 {{(pid=109376) log_opt_values /opt/stack/data/venv/lib/python3.12/site-packages/oslo_config/cfg.py:2995}}
Apr 27 14:22:44.300716 np0000170604 devstack@n-api-meta.service[109376]: DEBUG nova.api.openstack.wsgi_app [None req-d4dd4993-5977-4532-94f6-716beda055ff None None] disk_allocation_ratio = None {{(pid=109376) log_opt_values /opt/stack/data/venv/lib/python3.12/site-packages/oslo_config/cfg.py:2995}}
Apr 27 14:22:44.300918 np0000170604 devstack@n-api-meta.service[109376]: DEBUG nova.api.openstack.wsgi_app [None req-d4dd4993-5977-4532-94f6-716beda055ff None None] enable_new_services = True {{(pid=109376) log_opt_values /opt/stack/data/venv/lib/python3.12/site-packages/oslo_config/cfg.py:2995}}
Apr 27 14:22:44.301123 np0000170604 devstack@n-api-meta.service[109376]: DEBUG nova.api.openstack.wsgi_app [None req-d4dd4993-5977-4532-94f6-716beda055ff None None] flat_injected = False {{(pid=109376) log_opt_values /opt/stack/data/venv/lib/python3.12/site-packages/oslo_config/cfg.py:2995}}
Apr 27 14:22:44.301334 np0000170604 devstack@n-api-meta.service[109376]: DEBUG nova.api.openstack.wsgi_app [None req-d4dd4993-5977-4532-94f6-716beda055ff None None] force_config_drive = False {{(pid=109376) log_opt_values /opt/stack/data/venv/lib/python3.12/site-packages/oslo_config/cfg.py:2995}}
Apr 27 14:22:44.301534 np0000170604 devstack@n-api-meta.service[109376]: DEBUG nova.api.openstack.wsgi_app [None req-d4dd4993-5977-4532-94f6-716beda055ff None None] force_raw_images = True {{(pid=109376) log_opt_values /opt/stack/data/venv/lib/python3.12/site-packages/oslo_config/cfg.py:2995}}
Apr 27 14:22:44.301751 np0000170604 devstack@n-api-meta.service[109376]: DEBUG nova.api.openstack.wsgi_app [None req-d4dd4993-5977-4532-94f6-716beda055ff None None] graceful_shutdown_timeout = 5 {{(pid=109376) log_opt_values /opt/stack/data/venv/lib/python3.12/site-packages/oslo_config/cfg.py:2995}}
Apr 27 14:22:44.301945 np0000170604 devstack@n-api-meta.service[109376]: DEBUG nova.api.openstack.wsgi_app [None req-d4dd4993-5977-4532-94f6-716beda055ff None None] heal_instance_info_cache_interval = -1 {{(pid=109376) log_opt_values /opt/stack/data/venv/lib/python3.12/site-packages/oslo_config/cfg.py:2995}}
Apr 27 14:22:44.302361 np0000170604 devstack@n-api-meta.service[109376]: DEBUG nova.api.openstack.wsgi_app [None req-d4dd4993-5977-4532-94f6-716beda055ff None None] host = np0000170604 {{(pid=109376) log_opt_values /opt/stack/data/venv/lib/python3.12/site-packages/oslo_config/cfg.py:2995}}
Apr 27 14:22:44.302423 np0000170604 devstack@n-api-meta.service[109376]: DEBUG nova.api.openstack.wsgi_app [None req-d4dd4993-5977-4532-94f6-716beda055ff None None] initial_cpu_allocation_ratio = 4.0 {{(pid=109376) log_opt_values /opt/stack/data/venv/lib/python3.12/site-packages/oslo_config/cfg.py:2995}}
Apr 27 14:22:44.302768 np0000170604 devstack@n-api-meta.service[109376]: DEBUG nova.api.openstack.wsgi_app [None req-d4dd4993-5977-4532-94f6-716beda055ff None None] initial_disk_allocation_ratio = 1.0 {{(pid=109376) log_opt_values /opt/stack/data/venv/lib/python3.12/site-packages/oslo_config/cfg.py:2995}}
Apr 27 14:22:44.302814 np0000170604 devstack@n-api-meta.service[109376]: DEBUG nova.api.openstack.wsgi_app [None req-d4dd4993-5977-4532-94f6-716beda055ff None None] initial_ram_allocation_ratio = 1.0 {{(pid=109376) log_opt_values /opt/stack/data/venv/lib/python3.12/site-packages/oslo_config/cfg.py:2995}}
Apr 27 14:22:44.303078 np0000170604 devstack@n-api-meta.service[109376]: DEBUG nova.api.openstack.wsgi_app [None req-d4dd4993-5977-4532-94f6-716beda055ff None None] injected_network_template = /opt/stack/nova/nova/virt/interfaces.template {{(pid=109376) log_opt_values /opt/stack/data/venv/lib/python3.12/site-packages/oslo_config/cfg.py:2995}}
Apr 27 14:22:44.303303 np0000170604 devstack@n-api-meta.service[109376]: DEBUG nova.api.openstack.wsgi_app [None req-d4dd4993-5977-4532-94f6-716beda055ff None None] instance_build_timeout = 0 {{(pid=109376) log_opt_values /opt/stack/data/venv/lib/python3.12/site-packages/oslo_config/cfg.py:2995}}
Apr 27 14:22:44.303512 np0000170604 devstack@n-api-meta.service[109376]: DEBUG nova.api.openstack.wsgi_app [None req-d4dd4993-5977-4532-94f6-716beda055ff None None] instance_delete_interval = 300 {{(pid=109376) log_opt_values /opt/stack/data/venv/lib/python3.12/site-packages/oslo_config/cfg.py:2995}}
Apr 27 14:22:44.303721 np0000170604 devstack@n-api-meta.service[109376]: DEBUG nova.api.openstack.wsgi_app [None req-d4dd4993-5977-4532-94f6-716beda055ff None None] instance_format = [instance: %(uuid)s] {{(pid=109376) log_opt_values /opt/stack/data/venv/lib/python3.12/site-packages/oslo_config/cfg.py:2995}}
Apr 27 14:22:44.303949 np0000170604 devstack@n-api-meta.service[109376]: DEBUG nova.api.openstack.wsgi_app [None req-d4dd4993-5977-4532-94f6-716beda055ff None None] instance_name_template = instance-%08x {{(pid=109376) log_opt_values /opt/stack/data/venv/lib/python3.12/site-packages/oslo_config/cfg.py:2995}}
Apr 27 14:22:44.304146 np0000170604 devstack@n-api-meta.service[109376]: DEBUG nova.api.openstack.wsgi_app [None req-d4dd4993-5977-4532-94f6-716beda055ff None None] instance_usage_audit = False {{(pid=109376) log_opt_values /opt/stack/data/venv/lib/python3.12/site-packages/oslo_config/cfg.py:2995}}
Apr 27 14:22:44.304383 np0000170604 devstack@n-api-meta.service[109376]: DEBUG nova.api.openstack.wsgi_app [None req-d4dd4993-5977-4532-94f6-716beda055ff None None] instance_usage_audit_period = month {{(pid=109376) log_opt_values /opt/stack/data/venv/lib/python3.12/site-packages/oslo_config/cfg.py:2995}}
