2026-06-26 18:18:36.922 9 INFO neutron.db.ovn_revision_numbers_db [None req-aa42c463-886b-445d-9727-5c64f6d1112b 605fd3cf3db54279a313bc616ccd7cf9 1bc9790d7bc2424d8a6869044ba32542 - - default default] Successfully bumped revision number for resource 1deb0816-819d-42e6-9dd3-79a25f6bae1f (type: security_group_rules) to 0
2026-06-26 18:18:36.942 9 INFO neutron.db.ovn_revision_numbers_db [None req-aa42c463-886b-445d-9727-5c64f6d1112b 605fd3cf3db54279a313bc616ccd7cf9 1bc9790d7bc2424d8a6869044ba32542 - - default default] Successfully bumped revision number for resource 63a0965d-7bac-453e-9d46-08d36b1c8983 (type: security_group_rules) to 0
2026-06-26 18:18:36.961 9 INFO neutron.db.ovn_revision_numbers_db [None req-aa42c463-886b-445d-9727-5c64f6d1112b 605fd3cf3db54279a313bc616ccd7cf9 1bc9790d7bc2424d8a6869044ba32542 - - default default] Successfully bumped revision number for resource 7f4c3644-33e7-4d04-8205-81a2b334cb6d (type: security_group_rules) to 0
2026-06-26 18:18:37.021 9 INFO neutron.db.segments_db [None req-aa42c463-886b-445d-9727-5c64f6d1112b 605fd3cf3db54279a313bc616ccd7cf9 1bc9790d7bc2424d8a6869044ba32542 - - default default] Added segment 59cf593b-a765-4c1b-aca7-320efe70ddb0 of type geneve for network 6ba4433e-2d4b-4ac1-8e23-bfaaafab1ec1
2026-06-26 18:18:37.242 9 INFO neutron.db.ovn_revision_numbers_db [None req-aa42c463-886b-445d-9727-5c64f6d1112b 605fd3cf3db54279a313bc616ccd7cf9 1bc9790d7bc2424d8a6869044ba32542 - - default default] Successfully bumped revision number for resource 6ba4433e-2d4b-4ac1-8e23-bfaaafab1ec1 (type: networks) to 1
2026-06-26 18:18:37.470 9 WARNING neutron.scheduler.dhcp_agent_scheduler [None req-aa42c463-886b-445d-9727-5c64f6d1112b 605fd3cf3db54279a313bc616ccd7cf9 1bc9790d7bc2424d8a6869044ba32542 - - default default] No more DHCP agents
2026-06-26 18:18:37.472 9 WARNING neutron.api.rpc.agentnotifiers.dhcp_rpc_agent_api [None req-aa42c463-886b-445d-9727-5c64f6d1112b 605fd3cf3db54279a313bc616ccd7cf9 1bc9790d7bc2424d8a6869044ba32542 - - default default] Unable to schedule network 6ba4433e-2d4b-4ac1-8e23-bfaaafab1ec1: no agents available; will retry on subsequent port and subnet creation events.
2026-06-26 18:18:37.560 9 INFO neutron.db.ovn_revision_numbers_db [None req-aa42c463-886b-445d-9727-5c64f6d1112b 605fd3cf3db54279a313bc616ccd7cf9 1bc9790d7bc2424d8a6869044ba32542 - - default default] Successfully bumped revision number for resource 5505c38d-4b8c-44ae-a055-26662ee96787 (type: ports) to 1
2026-06-26 18:18:37.581 9 INFO neutron.wsgi [None req-aa42c463-886b-445d-9727-5c64f6d1112b 605fd3cf3db54279a313bc616ccd7cf9 1bc9790d7bc2424d8a6869044ba32542 - - default default] 10.0.0.147 "POST /v2.0/networks HTTP/1.1" status: 201 len: 939 time: 1.0644419
2026-06-26 18:18:37.736 10 INFO neutron.wsgi [None req-312b7939-c686-48ea-ae73-b6247597a766 605fd3cf3db54279a313bc616ccd7cf9 1bc9790d7bc2424d8a6869044ba32542 - - default default] 10.0.0.147 "GET /v2.0/security-groups?tenant_id=e3e1e1d4e39647f2a3f5a3bf60f63f01&name=default HTTP/1.1" status: 200 len: 2996 time: 0.2911747
2026-06-26 18:18:37.774 9 WARNING neutron.scheduler.dhcp_agent_scheduler [None req-cf82047c-99d5-43f4-ab4e-a6dd429b643e 605fd3cf3db54279a313bc616ccd7cf9 1bc9790d7bc2424d8a6869044ba32542 - - default default] No more DHCP agents
2026-06-26 18:18:37.776 9 WARNING neutron.api.rpc.agentnotifiers.dhcp_rpc_agent_api [None req-cf82047c-99d5-43f4-ab4e-a6dd429b643e 605fd3cf3db54279a313bc616ccd7cf9 1bc9790d7bc2424d8a6869044ba32542 - - default default] Unable to schedule network 6ba4433e-2d4b-4ac1-8e23-bfaaafab1ec1: no agents available; will retry on subsequent port and subnet creation events.
2026-06-26 18:18:37.957 9 INFO neutron.services.segments.plugin [-] Segment 9e3fe8ec-a5fe-4ca5-a7a4-aecf4c5e55ae resource provider aggregate not found
2026-06-26 18:18:37.973 9 INFO neutron.services.segments.plugin [-] Segment 9e3fe8ec-a5fe-4ca5-a7a4-aecf4c5e55ae resource provider aggregate not found
2026-06-26 18:18:37.974 10 INFO neutron.wsgi [None req-0f280384-8acf-4bf4-add6-629eb80a8dc8 605fd3cf3db54279a313bc616ccd7cf9 1bc9790d7bc2424d8a6869044ba32542 - - default default] 10.0.0.147 "DELETE /v2.0/security-groups/e86a20df-1c01-419d-a6d2-569e573540c4 HTTP/1.1" status: 204 len: 168 time: 0.2334833
2026-06-26 18:18:37.988 9 INFO neutron.services.segments.plugin [-] Segment 9e3fe8ec-a5fe-4ca5-a7a4-aecf4c5e55ae resource provider not found; error: Placement Client Error (4xx): {"errors": [{"status": 404, "title": "Not Found", "detail": "The resource could not be found.\n\n No resource provider with uuid 9e3fe8ec-a5fe-4ca5-a7a4-aecf4c5e55ae found for delete ", "request_id": "req-7035f5d7-ad51-442b-9d9f-75eaa4af8f51"}]}
2026-06-26 18:18:37.991 9 INFO neutron.services.segments.plugin [-] Segment 9e3fe8ec-a5fe-4ca5-a7a4-aecf4c5e55ae resource provider not found; error: Placement Client Error (4xx): {"errors": [{"status": 404, "title": "Not Found", "detail": "The resource could not be found.\n\n No resource provider with uuid 9e3fe8ec-a5fe-4ca5-a7a4-aecf4c5e55ae found for delete ", "request_id": "req-511f5af9-96ae-47fe-b837-d38f9433351a"}]}
2026-06-26 18:18:38.090 10 INFO neutron.db.ovn_revision_numbers_db [None req-4b6b1c72-8830-4afd-b84c-93e7770aa5ca 605fd3cf3db54279a313bc616ccd7cf9 1bc9790d7bc2424d8a6869044ba32542 - - default default] Successfully bumped revision number for resource a2a7212d-3500-4668-af46-60d7a58243fc (type: security_groups) to 1
2026-06-26 18:18:38.105 10 INFO neutron.db.ovn_revision_numbers_db [None req-4b6b1c72-8830-4afd-b84c-93e7770aa5ca 605fd3cf3db54279a313bc616ccd7cf9 1bc9790d7bc2424d8a6869044ba32542 - - default default] Successfully bumped revision number for resource 99b8057e-f946-4b6f-9d37-a1a578712642 (type: security_group_rules) to 0
2026-06-26 18:18:38.118 10 INFO neutron.db.ovn_revision_numbers_db [None req-4b6b1c72-8830-4afd-b84c-93e7770aa5ca 605fd3cf3db54279a313bc616ccd7cf9 1bc9790d7bc2424d8a6869044ba32542 - - default default] Successfully bumped revision number for resource b37fd5c9-1199-4945-af77-b915fb459133 (type: security_group_rules) to 0
2026-06-26 18:18:38.140 10 INFO neutron.db.ovn_revision_numbers_db [None req-4b6b1c72-8830-4afd-b84c-93e7770aa5ca 605fd3cf3db54279a313bc616ccd7cf9 1bc9790d7bc2424d8a6869044ba32542 - - default default] Successfully bumped revision number for resource d5a42f02-9106-4944-b37b-a065cc6134f2 (type: security_group_rules) to 0
2026-06-26 18:18:38.154 10 INFO neutron.db.ovn_revision_numbers_db [None req-4b6b1c72-8830-4afd-b84c-93e7770aa5ca 605fd3cf3db54279a313bc616ccd7cf9 1bc9790d7bc2424d8a6869044ba32542 - - default default] Successfully bumped revision number for resource ddf62a73-2b97-4931-8920-5375c87778cc (type: security_group_rules) to 0
2026-06-26 18:18:38.175 10 INFO neutron.wsgi [None req-4b6b1c72-8830-4afd-b84c-93e7770aa5ca 605fd3cf3db54279a313bc616ccd7cf9 1bc9790d7bc2424d8a6869044ba32542 - - default default] 10.0.0.147 "GET /v2.0/security-groups?tenant_id=ded7c2381669445a9da3ade00f0a5980&name=default HTTP/1.1" status: 200 len: 2996 time: 0.2998986
2026-06-26 18:18:38.269 9 INFO neutron.db.ovn_revision_numbers_db [None req-cf82047c-99d5-43f4-ab4e-a6dd429b643e 605fd3cf3db54279a313bc616ccd7cf9 1bc9790d7bc2424d8a6869044ba32542 - - default default] Successfully bumped revision number for resource 5505c38d-4b8c-44ae-a055-26662ee96787 (type: ports) to 2
2026-06-26 18:18:38.310 9 INFO neutron.db.ovn_revision_numbers_db [None req-cf82047c-99d5-43f4-ab4e-a6dd429b643e 605fd3cf3db54279a313bc616ccd7cf9 1bc9790d7bc2424d8a6869044ba32542 - - default default] Successfully bumped revision number for resource 1e864df8-e8d5-48c2-a6ff-4f732f5e0358 (type: subnets) to 0
2026-06-26 18:18:38.323 9 INFO neutron.wsgi [None req-cf82047c-99d5-43f4-ab4e-a6dd429b643e 605fd3cf3db54279a313bc616ccd7cf9 1bc9790d7bc2424d8a6869044ba32542 - - default default] 10.0.0.147 "POST /v2.0/subnets HTTP/1.1" status: 201 len: 859 time: 0.7352808
2026-06-26 18:18:38.367 10 INFO neutron.wsgi [None req-cbbfc290-3630-4011-9d13-76024d0cd8d9 605fd3cf3db54279a313bc616ccd7cf9 1bc9790d7bc2424d8a6869044ba32542 - - default default] 10.0.0.147 "DELETE /v2.0/security-groups/a2a7212d-3500-4668-af46-60d7a58243fc HTTP/1.1" status: 204 len: 168 time: 0.1869845
2026-06-26 18:18:38.675 10 INFO neutron.db.ovn_revision_numbers_db [None req-23e323ed-f297-4ac6-bfd4-4e368077a21f 605fd3cf3db54279a313bc616ccd7cf9 1bc9790d7bc2424d8a6869044ba32542 - - default default] Successfully bumped revision number for resource 505ddb73-c189-4785-805f-849c3437e76d (type: security_groups) to 1
2026-06-26 18:18:38.701 10 INFO neutron.db.ovn_revision_numbers_db [None req-23e323ed-f297-4ac6-bfd4-4e368077a21f 605fd3cf3db54279a313bc616ccd7cf9 1bc9790d7bc2424d8a6869044ba32542 - - default default] Successfully bumped revision number for resource 2344558e-ab87-4379-83c7-a6a2cb724645 (type: security_group_rules) to 0
2026-06-26 18:18:38.732 10 INFO neutron.db.ovn_revision_numbers_db [None req-23e323ed-f297-4ac6-bfd4-4e368077a21f 605fd3cf3db54279a313bc616ccd7cf9 1bc9790d7bc2424d8a6869044ba32542 - - default default] Successfully bumped revision number for resource 611db589-b715-4430-a9a8-b3d0ff5600b9 (type: security_group_rules) to 0
2026-06-26 18:18:38.757 10 INFO neutron.db.ovn_revision_numbers_db [None req-23e323ed-f297-4ac6-bfd4-4e368077a21f 605fd3cf3db54279a313bc616ccd7cf9 1bc9790d7bc2424d8a6869044ba32542 - - default default] Successfully bumped revision number for resource a5cec69c-3379-48ef-b218-d7190b53fdc7 (type: security_group_rules) to 0
2026-06-26 18:18:38.789 10 INFO neutron.db.ovn_revision_numbers_db [None req-23e323ed-f297-4ac6-bfd4-4e368077a21f 605fd3cf3db54279a313bc616ccd7cf9 1bc9790d7bc2424d8a6869044ba32542 - - default default] Successfully bumped revision number for resource a9260175-54e9-4c25-b86e-47b9dde715d4 (type: security_group_rules) to 0
2026-06-26 18:18:38.821 10 INFO neutron.wsgi [None req-23e323ed-f297-4ac6-bfd4-4e368077a21f 605fd3cf3db54279a313bc616ccd7cf9 1bc9790d7bc2424d8a6869044ba32542 - - default default] 10.0.0.147 "GET /v2.0/security-groups?tenant_id=39bb1498411f4b0c8a79bb0772bf8653&name=default HTTP/1.1" status: 200 len: 2996 time: 0.2903976
2026-06-26 18:18:38.836 10 WARNING neutron.scheduler.dhcp_agent_scheduler [None req-51dfa23f-06d4-4336-9b5d-04dac0c4e494 605fd3cf3db54279a313bc616ccd7cf9 1bc9790d7bc2424d8a6869044ba32542 - - default default] No more DHCP agents
2026-06-26 18:18:38.838 10 WARNING neutron.api.rpc.agentnotifiers.dhcp_rpc_agent_api [None req-51dfa23f-06d4-4336-9b5d-04dac0c4e494 605fd3cf3db54279a313bc616ccd7cf9 1bc9790d7bc2424d8a6869044ba32542 - - default default] Unable to schedule network 4c3b357f-c15b-4c90-b114-ef4997377957: no agents available; will retry on subsequent port and subnet creation events.
2026-06-26 18:18:39.044 10 INFO neutron.db.ovn_revision_numbers_db [None req-51dfa23f-06d4-4336-9b5d-04dac0c4e494 605fd3cf3db54279a313bc616ccd7cf9 1bc9790d7bc2424d8a6869044ba32542 - - default default] Successfully bumped revision number for resource ea8a0a40-2c1d-4fbe-b0e5-f73cc90fbda6 (type: ports) to 1
2026-06-26 18:18:39.061 9 INFO neutron.wsgi [None req-6ccb663d-f1b0-4cf3-9d13-cc865684a1de 605fd3cf3db54279a313bc616ccd7cf9 1bc9790d7bc2424d8a6869044ba32542 - - default default] 10.0.0.147 "DELETE /v2.0/security-groups/505ddb73-c189-4785-805f-849c3437e76d HTTP/1.1" status: 204 len: 168 time: 0.2348914
2026-06-26 18:18:39.593 10 INFO neutron.plugins.ml2.drivers.ovn.mech_driver.mech_driver [None req-d53b8ebe-a5c5-43c5-bd13-726443e5fbca - - - - - -] OVN reports status up for port: ea8a0a40-2c1d-4fbe-b0e5-f73cc90fbda6
2026-06-26 18:18:39.615 9 INFO neutron.plugins.ml2.drivers.ovn.mech_driver.ovsdb.ovsdb_monitor [None req-05c66473-3784-4c25-b4a2-b675ef398f51 - - - - - -] Router 87f2f93c-0484-47c6-9609-8011d2f4815f is bound to host instance
2026-06-26 18:18:39.617 10 INFO neutron.plugins.ml2.plugin [None req-d53b8ebe-a5c5-43c5-bd13-726443e5fbca - - - - - -] Attempt 1 to provision port ea8a0a40-2c1d-4fbe-b0e5-f73cc90fbda6
2026-06-26 18:18:39.629 10 INFO neutron.db.ovn_revision_numbers_db [None req-51dfa23f-06d4-4336-9b5d-04dac0c4e494 605fd3cf3db54279a313bc616ccd7cf9 1bc9790d7bc2424d8a6869044ba32542 - - default default] Successfully bumped revision number for resource ea8a0a40-2c1d-4fbe-b0e5-f73cc90fbda6 (type: router_ports) to 1
2026-06-26 18:18:39.723 10 INFO neutron.db.ovn_revision_numbers_db [None req-51dfa23f-06d4-4336-9b5d-04dac0c4e494 605fd3cf3db54279a313bc616ccd7cf9 1bc9790d7bc2424d8a6869044ba32542 - - default default] Successfully bumped revision number for resource 87f2f93c-0484-47c6-9609-8011d2f4815f (type: routers) to 2
2026-06-26 18:18:39.741 10 INFO neutron.wsgi [None req-51dfa23f-06d4-4336-9b5d-04dac0c4e494 605fd3cf3db54279a313bc616ccd7cf9 1bc9790d7bc2424d8a6869044ba32542 - - default default] 10.0.0.147 "POST /v2.0/routers HTTP/1.1" status: 201 len: 870 time: 1.4102204
2026-06-26 18:18:39.901 10 INFO neutron.wsgi [-] 10.0.0.147 "GET / HTTP/1.1" status: 200 len: 279 time: 0.0013857
2026-06-26 18:18:40.131 10 WARNING neutron.scheduler.dhcp_agent_scheduler [None req-8d586555-bb92-44d6-9c4f-5cf67d2a4497 605fd3cf3db54279a313bc616ccd7cf9 1bc9790d7bc2424d8a6869044ba32542 - - default default] No more DHCP agents
2026-06-26 18:18:40.134 10 WARNING neutron.api.rpc.agentnotifiers.dhcp_rpc_agent_api [None req-8d586555-bb92-44d6-9c4f-5cf67d2a4497 605fd3cf3db54279a313bc616ccd7cf9 1bc9790d7bc2424d8a6869044ba32542 - - default default] Unable to schedule network 6ba4433e-2d4b-4ac1-8e23-bfaaafab1ec1: no agents available; will retry on subsequent port and subnet creation events.
2026-06-26 18:18:40.159 9 INFO neutron.wsgi [None req-132bd5a6-8ec2-4f13-9cdf-eef93289799d 75b19835ce2b43af8a6c096db358d569 e9fc824a9b7e4f969c2f1732af040d05 - - default default] 10.0.0.147 "GET /v2.0/ HTTP/1.1" status: 200 len: 826 time: 0.2527342
2026-06-26 18:18:40.201 9 INFO neutron.db.ovn_revision_numbers_db [None req-05c66473-3784-4c25-b4a2-b675ef398f51 - - - - - -] Successfully bumped revision number for resource ea8a0a40-2c1d-4fbe-b0e5-f73cc90fbda6 (type: ports) to 1
2026-06-26 18:18:40.269 10 INFO neutron.db.ovn_revision_numbers_db [None req-8d586555-bb92-44d6-9c4f-5cf67d2a4497 605fd3cf3db54279a313bc616ccd7cf9 1bc9790d7bc2424d8a6869044ba32542 - - default default] Successfully bumped revision number for resource e961501b-b18e-4be0-b72d-7930b5f8b924 (type: ports) to 1
2026-06-26 18:18:40.485 9 INFO neutron.db.ovn_revision_numbers_db [None req-05c66473-3784-4c25-b4a2-b675ef398f51 - - - - - -] Successfully bumped revision number for resource ea8a0a40-2c1d-4fbe-b0e5-f73cc90fbda6 (type: router_ports) to 3
2026-06-26 18:18:40.631 9 INFO neutron.db.ovn_revision_numbers_db [None req-05c66473-3784-4c25-b4a2-b675ef398f51 - - - - - -] Successfully bumped revision number for resource ea8a0a40-2c1d-4fbe-b0e5-f73cc90fbda6 (type: ports) to 2
2026-06-26 18:18:40.666 9 INFO neutron.plugins.ml2.drivers.ovn.mech_driver.mech_driver [None req-2eb6e9db-6e57-4e1d-ad84-a7d1d22fb438 - - - - - -] OVN reports status up for port: e961501b-b18e-4be0-b72d-7930b5f8b924
2026-06-26 18:18:40.673 9 INFO neutron.plugins.ml2.plugin [None req-2eb6e9db-6e57-4e1d-ad84-a7d1d22fb438 - - - - - -] Attempt 1 to provision port e961501b-b18e-4be0-b72d-7930b5f8b924
2026-06-26 18:18:40.692 10 INFO neutron.db.ovn_revision_numbers_db [None req-8d586555-bb92-44d6-9c4f-5cf67d2a4497 605fd3cf3db54279a313bc616ccd7cf9 1bc9790d7bc2424d8a6869044ba32542 - - default default] Successfully bumped revision number for resource e961501b-b18e-4be0-b72d-7930b5f8b924 (type: router_ports) to 1
2026-06-26 18:18:40.863 10 INFO neutron.db.ovn_revision_numbers_db [None req-8d586555-bb92-44d6-9c4f-5cf67d2a4497 605fd3cf3db54279a313bc616ccd7cf9 1bc9790d7bc2424d8a6869044ba32542 - - default default] Successfully bumped revision number for resource e961501b-b18e-4be0-b72d-7930b5f8b924 (type: ports) to 1
2026-06-26 18:18:40.922 9 INFO neutron.db.ovn_revision_numbers_db [None req-05c66473-3784-4c25-b4a2-b675ef398f51 - - - - - -] Successfully bumped revision number for resource ea8a0a40-2c1d-4fbe-b0e5-f73cc90fbda6 (type: ports) to 4
2026-06-26 18:18:40.934 10 WARNING neutron.scheduler.dhcp_agent_scheduler [None req-8d586555-bb92-44d6-9c4f-5cf67d2a4497 605fd3cf3db54279a313bc616ccd7cf9 1bc9790d7bc2424d8a6869044ba32542 - - default default] No more DHCP agents
2026-06-26 18:18:40.935 10 WARNING neutron.api.rpc.agentnotifiers.dhcp_rpc_agent_api [None req-8d586555-bb92-44d6-9c4f-5cf67d2a4497 605fd3cf3db54279a313bc616ccd7cf9 1bc9790d7bc2424d8a6869044ba32542 - - default default] Unable to schedule network 6ba4433e-2d4b-4ac1-8e23-bfaaafab1ec1: no agents available; will retry on subsequent port and subnet creation events.
2026-06-26 18:18:41.029 9 INFO neutron.db.ovn_revision_numbers_db [None req-2eb6e9db-6e57-4e1d-ad84-a7d1d22fb438 - - - - - -] Successfully bumped revision number for resource e961501b-b18e-4be0-b72d-7930b5f8b924 (type: ports) to 2
2026-06-26 18:18:41.113 10 INFO neutron.db.ovn_revision_numbers_db [None req-291b8808-7619-4f4d-894e-1a83cc9f53fa 605fd3cf3db54279a313bc616ccd7cf9 1bc9790d7bc2424d8a6869044ba32542 - - default default] Successfully bumped revision number for resource 1ec155a0-1874-4f3e-a694-4316bc9eeba2 (type: security_groups) to 1
2026-06-26 18:18:41.137 10 INFO neutron.db.ovn_revision_numbers_db [None req-291b8808-7619-4f4d-894e-1a83cc9f53fa 605fd3cf3db54279a313bc616ccd7cf9 1bc9790d7bc2424d8a6869044ba32542 - - default default] Successfully bumped revision number for resource 06bca718-0216-4342-b95c-25a903b9cd06 (type: security_group_rules) to 0
2026-06-26 18:18:41.164 10 INFO neutron.db.ovn_revision_numbers_db [None req-291b8808-7619-4f4d-894e-1a83cc9f53fa 605fd3cf3db54279a313bc616ccd7cf9 1bc9790d7bc2424d8a6869044ba32542 - - default default] Successfully bumped revision number for resource 27bb317e-d2b8-492a-b3af-3a8020c58f7a (type: security_group_rules) to 0
2026-06-26 18:18:41.184 10 INFO neutron.db.ovn_revision_numbers_db [None req-291b8808-7619-4f4d-894e-1a83cc9f53fa 605fd3cf3db54279a313bc616ccd7cf9 1bc9790d7bc2424d8a6869044ba32542 - - default default] Successfully bumped revision number for resource 683e805b-9696-465c-99f4-0c806cc07fef (type: security_group_rules) to 0
2026-06-26 18:18:41.207 10 INFO neutron.db.ovn_revision_numbers_db [None req-291b8808-7619-4f4d-894e-1a83cc9f53fa 605fd3cf3db54279a313bc616ccd7cf9 1bc9790d7bc2424d8a6869044ba32542 - - default default] Successfully bumped revision number for resource 86333f42-f9eb-476d-889c-97087098ce91 (type: security_group_rules) to 0
2026-06-26 18:18:41.261 10 INFO neutron.wsgi [None req-291b8808-7619-4f4d-894e-1a83cc9f53fa 605fd3cf3db54279a313bc616ccd7cf9 1bc9790d7bc2424d8a6869044ba32542 - - default default] 10.0.0.147 "GET /v2.0/security-groups?tenant_id=e9fc824a9b7e4f969c2f1732af040d05&name=default HTTP/1.1" status: 200 len: 2996 time: 0.5190403
2026-06-26 18:18:41.393 9 INFO neutron.db.ovn_revision_numbers_db [None req-2eb6e9db-6e57-4e1d-ad84-a7d1d22fb438 - - - - - -] Successfully bumped revision number for resource e961501b-b18e-4be0-b72d-7930b5f8b924 (type: router_ports) to 2
2026-06-26 18:18:41.424 10 INFO neutron.db.ovn_revision_numbers_db [None req-8d586555-bb92-44d6-9c4f-5cf67d2a4497 605fd3cf3db54279a313bc616ccd7cf9 1bc9790d7bc2424d8a6869044ba32542 - - default default] Successfully bumped revision number for resource e961501b-b18e-4be0-b72d-7930b5f8b924 (type: router_ports) to 2
2026-06-26 18:18:41.426 10 INFO neutron.wsgi [None req-8d586555-bb92-44d6-9c4f-5cf67d2a4497 605fd3cf3db54279a313bc616ccd7cf9 1bc9790d7bc2424d8a6869044ba32542 - - default default] 10.0.0.147 "PUT /v2.0/routers/87f2f93c-0484-47c6-9609-8011d2f4815f/add_router_interface HTTP/1.1" status: 200 len: 503 time: 1.6745455
2026-06-26 18:18:41.437 9 INFO neutron.db.ovn_revision_numbers_db [None req-05c66473-3784-4c25-b4a2-b675ef398f51 - - - - - -] Successfully bumped revision number for resource ea8a0a40-2c1d-4fbe-b0e5-f73cc90fbda6 (type: router_ports) to 4
2026-06-26 18:18:41.496 10 INFO neutron.wsgi [None req-e1f05818-9d5f-44e7-83f9-d9169b0baa32 605fd3cf3db54279a313bc616ccd7cf9 1bc9790d7bc2424d8a6869044ba32542 - - default default] 10.0.0.147 "DELETE /v2.0/security-groups/1ec155a0-1874-4f3e-a694-4316bc9eeba2 HTTP/1.1" status: 204 len: 168 time: 0.2300389
2026-06-26 18:18:41.566 9 INFO neutron.db.ovn_revision_numbers_db [None req-9ead2f2d-ee79-4663-b951-42bd3d1c18dc 605fd3cf3db54279a313bc616ccd7cf9 1bc9790d7bc2424d8a6869044ba32542 - - default default] Successfully bumped revision number for resource aea10dce-cc4b-4c57-acf9-ccfa31f11950 (type: security_groups) to 1
2026-06-26 18:18:41.577 9 INFO neutron.db.ovn_revision_numbers_db [None req-9ead2f2d-ee79-4663-b951-42bd3d1c18dc 605fd3cf3db54279a313bc616ccd7cf9 1bc9790d7bc2424d8a6869044ba32542 - - default default] Successfully bumped revision number for resource 17fcf1fe-2735-4566-868b-2f3cdc7df670 (type: security_group_rules) to 0
2026-06-26 18:18:41.589 9 INFO neutron.db.ovn_revision_numbers_db [None req-9ead2f2d-ee79-4663-b951-42bd3d1c18dc 605fd3cf3db54279a313bc616ccd7cf9 1bc9790d7bc2424d8a6869044ba32542 - - default default] Successfully bumped revision number for resource 470ff9d1-9afa-4fda-ba3c-ccc65b37c34d (type: security_group_rules) to 0
2026-06-26 18:18:41.613 9 INFO neutron.db.ovn_revision_numbers_db [None req-9ead2f2d-ee79-4663-b951-42bd3d1c18dc 605fd3cf3db54279a313bc616ccd7cf9 1bc9790d7bc2424d8a6869044ba32542 - - default default] Successfully bumped revision number for resource 6ee17bf3-7116-4cb5-a69a-fc4424a7193b (type: security_group_rules) to 0
2026-06-26 18:18:41.627 9 INFO neutron.db.ovn_revision_numbers_db [None req-9ead2f2d-ee79-4663-b951-42bd3d1c18dc 605fd3cf3db54279a313bc616ccd7cf9 1bc9790d7bc2424d8a6869044ba32542 - - default default] Successfully bumped revision number for resource f30efa27-5b3d-46ce-8fb6-34e09d4f5963 (type: security_group_rules) to 0
2026-06-26 18:18:41.648 9 INFO neutron.wsgi [None req-9ead2f2d-ee79-4663-b951-42bd3d1c18dc 605fd3cf3db54279a313bc616ccd7cf9 1bc9790d7bc2424d8a6869044ba32542 - - default default] 10.0.0.147 "GET /v2.0/security-groups?tenant_id=260c4bfb459c41648d4419fc4a938f29&name=default HTTP/1.1" status: 200 len: 2996 time: 0.5263500
2026-06-26 18:18:41.841 9 INFO neutron.wsgi [None req-f4bebf32-5439-4bc6-b319-746889341c9f 605fd3cf3db54279a313bc616ccd7cf9 1bc9790d7bc2424d8a6869044ba32542 - - default default] 10.0.0.147 "DELETE /v2.0/security-groups/aea10dce-cc4b-4c57-acf9-ccfa31f11950 HTTP/1.1" status: 204 len: 168 time: 0.1891086
2026-06-26 18:18:42.168 10 INFO neutron.db.ovn_revision_numbers_db [None req-debfb910-982d-4829-9efd-4d15166f1ad7 605fd3cf3db54279a313bc616ccd7cf9 1bc9790d7bc2424d8a6869044ba32542 - - default default] Successfully bumped revision number for resource 1aadd9cf-3fda-449b-a33f-f439b2070e9f (type: security_groups) to 1
2026-06-26 18:18:42.186 10 INFO neutron.db.ovn_revision_numbers_db [None req-debfb910-982d-4829-9efd-4d15166f1ad7 605fd3cf3db54279a313bc616ccd7cf9 1bc9790d7bc2424d8a6869044ba32542 - - default default] Successfully bumped revision number for resource 12bf0319-213b-4649-a779-767469c35b9d (type: security_group_rules) to 0
2026-06-26 18:18:42.195 9 INFO neutron.db.ovn_revision_numbers_db [None req-a712d85a-9d09-4d29-8342-579c7d52970b db184c3f4ee64ffda1c3a80c0eff39da e40d11a4e04542d38858d00663b13347 - - default default] Successfully bumped revision number for resource e2deecaf-6c29-4f35-b76a-77eadadb7998 (type: security_groups) to 1
2026-06-26 18:18:42.212 10 INFO neutron.db.ovn_revision_numbers_db [None req-debfb910-982d-4829-9efd-4d15166f1ad7 605fd3cf3db54279a313bc616ccd7cf9 1bc9790d7bc2424d8a6869044ba32542 - - default default] Successfully bumped revision number for resource 6563deac-ff1c-4120-8337-c2e5d15a155b (type: security_group_rules) to 0
2026-06-26 18:18:42.224 9 INFO neutron.db.ovn_revision_numbers_db [None req-a712d85a-9d09-4d29-8342-579c7d52970b db184c3f4ee64ffda1c3a80c0eff39da e40d11a4e04542d38858d00663b13347 - - default default] Successfully bumped revision number for resource 1a1fc372-f20f-42a4-94e8-e988452ff77f (type: security_group_rules) to 0
2026-06-26 18:18:42.240 9 INFO neutron.db.ovn_revision_numbers_db [None req-a712d85a-9d09-4d29-8342-579c7d52970b db184c3f4ee64ffda1c3a80c0eff39da e40d11a4e04542d38858d00663b13347 - - default default] Successfully bumped revision number for resource 1d071688-d003-449c-9fcf-265184019fab (type: security_group_rules) to 0
2026-06-26 18:18:42.242 10 INFO neutron.db.ovn_revision_numbers_db [None req-debfb910-982d-4829-9efd-4d15166f1ad7 605fd3cf3db54279a313bc616ccd7cf9 1bc9790d7bc2424d8a6869044ba32542 - - default default] Successfully bumped revision number for resource 67cfb305-6aab-4c76-8125-90df77b1c413 (type: security_group_rules) to 0
2026-06-26 18:18:42.263 10 INFO neutron.db.ovn_revision_numbers_db [None req-debfb910-982d-4829-9efd-4d15166f1ad7 605fd3cf3db54279a313bc616ccd7cf9 1bc9790d7bc2424d8a6869044ba32542 - - default default] Successfully bumped revision number for resource 94e50b6f-747e-4fbe-8f30-c2e0121cd990 (type: security_group_rules) to 0
2026-06-26 18:18:42.264 9 INFO neutron.wsgi [None req-a712d85a-9d09-4d29-8342-579c7d52970b db184c3f4ee64ffda1c3a80c0eff39da e40d11a4e04542d38858d00663b13347 - - default default] 10.0.0.147 "POST /v2.0/security-groups HTTP/1.1" status: 201 len: 1797 time: 0.1815588
2026-06-26 18:18:42.287 10 INFO neutron.wsgi [None req-debfb910-982d-4829-9efd-4d15166f1ad7 605fd3cf3db54279a313bc616ccd7cf9 1bc9790d7bc2424d8a6869044ba32542 - - default default] 10.0.0.147 "GET /v2.0/security-groups?tenant_id=50709af097e745a7866d1e9c3f36e5cf&name=default HTTP/1.1" status: 200 len: 2996 time: 0.2572560
2026-06-26 18:18:42.413 9 INFO neutron.db.ovn_revision_numbers_db [None req-7d81579c-ae9c-437f-8824-5b6b791052c2 db184c3f4ee64ffda1c3a80c0eff39da e40d11a4e04542d38858d00663b13347 - - default default] Successfully bumped revision number for resource 21c521dd-469c-4cf0-8c1d-8ccfe99ca045 (type: security_group_rules) to 0
2026-06-26 18:18:42.440 9 INFO neutron.wsgi [None req-7d81579c-ae9c-437f-8824-5b6b791052c2 db184c3f4ee64ffda1c3a80c0eff39da e40d11a4e04542d38858d00663b13347 - - default default] 10.0.0.147 "POST /v2.0/security-group-rules HTTP/1.1" status: 201 len: 764 time: 0.1706336
2026-06-26 18:18:42.514 9 INFO neutron.wsgi [None req-443e2ae5-d451-4e00-9d80-cae31dd3080c 605fd3cf3db54279a313bc616ccd7cf9 1bc9790d7bc2424d8a6869044ba32542 - - default default] 10.0.0.147 "DELETE /v2.0/security-groups/1aadd9cf-3fda-449b-a33f-f439b2070e9f HTTP/1.1" status: 204 len: 168 time: 0.2127645
2026-06-26 18:18:42.558 10 INFO neutron.db.ovn_revision_numbers_db [None req-4bf3efae-fb30-4370-88d7-3918a37f9370 db184c3f4ee64ffda1c3a80c0eff39da e40d11a4e04542d38858d00663b13347 - - default default] Successfully bumped revision number for resource d6e2486c-47a7-4e4e-bf5a-67db244b15b2 (type: security_group_rules) to 0
2026-06-26 18:18:42.579 10 INFO neutron.wsgi [None req-4bf3efae-fb30-4370-88d7-3918a37f9370 db184c3f4ee64ffda1c3a80c0eff39da e40d11a4e04542d38858d00663b13347 - - default default] 10.0.0.147 "POST /v2.0/security-group-rules HTTP/1.1" status: 201 len: 769 time: 0.1333992
2026-06-26 18:18:42.868 10 WARNING neutron.scheduler.dhcp_agent_scheduler [None req-291290d4-8c23-448f-b208-01d852207ebb db184c3f4ee64ffda1c3a80c0eff39da e40d11a4e04542d38858d00663b13347 - - default default] No more DHCP agents
2026-06-26 18:18:42.871 10 WARNING neutron.api.rpc.agentnotifiers.dhcp_rpc_agent_api [None req-291290d4-8c23-448f-b208-01d852207ebb db184c3f4ee64ffda1c3a80c0eff39da e40d11a4e04542d38858d00663b13347 - - default default] Unable to schedule network 4c3b357f-c15b-4c90-b114-ef4997377957: no agents available; will retry on subsequent port and subnet creation events.
2026-06-26 18:18:43.168 10 INFO neutron.db.ovn_revision_numbers_db [None req-291290d4-8c23-448f-b208-01d852207ebb db184c3f4ee64ffda1c3a80c0eff39da e40d11a4e04542d38858d00663b13347 - - default default] Successfully bumped revision number for resource 5317c183-1e65-413b-b3c3-9425b0447dfc (type: floatingips) to 0
2026-06-26 18:18:43.193 10 INFO neutron.wsgi [None req-291290d4-8c23-448f-b208-01d852207ebb db184c3f4ee64ffda1c3a80c0eff39da e40d11a4e04542d38858d00663b13347 - - default default] 10.0.0.147 "POST /v2.0/floatingips HTTP/1.1" status: 201 len: 751 time: 0.6109803
2026-06-26 18:18:43.337 10 INFO neutron.db.ovn_revision_numbers_db [None req-b83c4f7d-26cb-43b3-8411-e637fd78f5d8 605fd3cf3db54279a313bc616ccd7cf9 1bc9790d7bc2424d8a6869044ba32542 - - default default] Successfully bumped revision number for resource efa24d03-4fc2-4463-a356-02737934a5cb (type: security_groups) to 1
2026-06-26 18:18:43.351 10 INFO neutron.db.ovn_revision_numbers_db [None req-b83c4f7d-26cb-43b3-8411-e637fd78f5d8 605fd3cf3db54279a313bc616ccd7cf9 1bc9790d7bc2424d8a6869044ba32542 - - default default] Successfully bumped revision number for resource 2c13677e-0abe-4f14-ac64-2f08da96bcbf (type: security_group_rules) to 0
2026-06-26 18:18:43.365 10 INFO neutron.db.ovn_revision_numbers_db [None req-b83c4f7d-26cb-43b3-8411-e637fd78f5d8 605fd3cf3db54279a313bc616ccd7cf9 1bc9790d7bc2424d8a6869044ba32542 - - default default] Successfully bumped revision number for resource 6411d205-c46a-4477-8e6d-3d9b5a540d45 (type: security_group_rules) to 0
2026-06-26 18:18:43.378 10 INFO neutron.db.ovn_revision_numbers_db [None req-b83c4f7d-26cb-43b3-8411-e637fd78f5d8 605fd3cf3db54279a313bc616ccd7cf9 1bc9790d7bc2424d8a6869044ba32542 - - default default] Successfully bumped revision number for resource ae7a466b-b660-4222-a248-6fa6bec25b58 (type: security_group_rules) to 0
2026-06-26 18:18:43.388 10 INFO neutron.db.ovn_revision_numbers_db [None req-b83c4f7d-26cb-43b3-8411-e637fd78f5d8 605fd3cf3db54279a313bc616ccd7cf9 1bc9790d7bc2424d8a6869044ba32542 - - default default] Successfully bumped revision number for resource bb56d258-ea52-45d4-adf7-037599b23647 (type: security_group_rules) to 0
2026-06-26 18:18:43.408 10 INFO neutron.wsgi [None req-b83c4f7d-26cb-43b3-8411-e637fd78f5d8 605fd3cf3db54279a313bc616ccd7cf9 1bc9790d7bc2424d8a6869044ba32542 - - default default] 10.0.0.147 "GET /v2.0/security-groups?tenant_id=2a06113b23b64f5b8ca2f1ce5c923a50&name=default HTTP/1.1" status: 200 len: 2996 time: 0.3510952
2026-06-26 18:18:43.602 10 INFO neutron.wsgi [None req-fb3f4e13-0358-43ce-a99f-e2656eff8ac5 605fd3cf3db54279a313bc616ccd7cf9 1bc9790d7bc2424d8a6869044ba32542 - - default default] 10.0.0.147 "DELETE /v2.0/security-groups/efa24d03-4fc2-4463-a356-02737934a5cb HTTP/1.1" status: 204 len: 168 time: 0.1888528
2026-06-26 18:18:43.659 10 INFO neutron.wsgi [req-13c085aa-72d0-414a-a592-5e5fca9ef828 req-fe13b39f-0ca2-4af0-8947-061b3a347124 db184c3f4ee64ffda1c3a80c0eff39da e40d11a4e04542d38858d00663b13347 - - default default] 10.0.0.50 "GET /v2.0/security-groups?name=tempest-securitygroup--1219826111&fields=id&tenant_id=e40d11a4e04542d38858d00663b13347 HTTP/1.1" status: 200 len: 267 time: 0.0381858
2026-06-26 18:18:43.741 10 INFO neutron.wsgi [req-13c085aa-72d0-414a-a592-5e5fca9ef828 req-03dc9484-1fc4-4672-b505-2ab1146e4533 db184c3f4ee64ffda1c3a80c0eff39da e40d11a4e04542d38858d00663b13347 - - default default] 10.0.0.50 "GET /v2.0/networks?id=6ba4433e-2d4b-4ac1-8e23-bfaaafab1ec1 HTTP/1.1" status: 200 len: 868 time: 0.0756822
2026-06-26 18:18:43.763 10 INFO neutron.wsgi [req-13c085aa-72d0-414a-a592-5e5fca9ef828 req-9e270df7-365a-42c6-938a-6b565e7c263b db184c3f4ee64ffda1c3a80c0eff39da e40d11a4e04542d38858d00663b13347 - - default default] 10.0.0.50 "GET /v2.0/quotas/e40d11a4e04542d38858d00663b13347 HTTP/1.1" status: 200 len: 386 time: 0.0109982
2026-06-26 18:18:43.823 9 INFO neutron.db.ovn_revision_numbers_db [None req-9194cc43-a22f-44bd-b930-ecbe5b06554a 605fd3cf3db54279a313bc616ccd7cf9 1bc9790d7bc2424d8a6869044ba32542 - - default default] Successfully bumped revision number for resource be187f46-39c4-4fe7-a775-06e3472457ff (type: security_groups) to 1
2026-06-26 18:18:43.839 9 INFO neutron.db.ovn_revision_numbers_db [None req-9194cc43-a22f-44bd-b930-ecbe5b06554a 605fd3cf3db54279a313bc616ccd7cf9 1bc9790d7bc2424d8a6869044ba32542 - - default default] Successfully bumped revision number for resource 5fb94492-3331-444f-8bd3-0b4716adacfa (type: security_group_rules) to 0
2026-06-26 18:18:43.853 9 INFO neutron.db.ovn_revision_numbers_db [None req-9194cc43-a22f-44bd-b930-ecbe5b06554a 605fd3cf3db54279a313bc616ccd7cf9 1bc9790d7bc2424d8a6869044ba32542 - - default default] Successfully bumped revision number for resource 6dac3260-226d-4ead-930f-084fc1c6dd1d (type: security_group_rules) to 0
2026-06-26 18:18:43.877 9 INFO neutron.db.ovn_revision_numbers_db [None req-9194cc43-a22f-44bd-b930-ecbe5b06554a 605fd3cf3db54279a313bc616ccd7cf9 1bc9790d7bc2424d8a6869044ba32542 - - default default] Successfully bumped revision number for resource 9e8e6d36-32f1-4db6-b254-7520a453fa73 (type: security_group_rules) to 0
2026-06-26 18:18:43.893 9 INFO neutron.db.ovn_revision_numbers_db [None req-9194cc43-a22f-44bd-b930-ecbe5b06554a 605fd3cf3db54279a313bc616ccd7cf9 1bc9790d7bc2424d8a6869044ba32542 - - default default] Successfully bumped revision number for resource eebeefaa-6ae9-4077-93df-28b5220eb09b (type: security_group_rules) to 0
2026-06-26 18:18:43.916 9 INFO neutron.wsgi [None req-9194cc43-a22f-44bd-b930-ecbe5b06554a 605fd3cf3db54279a313bc616ccd7cf9 1bc9790d7bc2424d8a6869044ba32542 - - default default] 10.0.0.147 "GET /v2.0/security-groups?tenant_id=29810c248b454e568eb7c976ab4dc1b1&name=default HTTP/1.1" status: 200 len: 2996 time: 0.2132039
2026-06-26 18:18:44.039 10 INFO neutron.wsgi [req-13c085aa-72d0-414a-a592-5e5fca9ef828 req-2be89c60-8109-4b39-be0e-cb36938a1d36 db184c3f4ee64ffda1c3a80c0eff39da e40d11a4e04542d38858d00663b13347 - - default default] 10.0.0.50 "GET /v2.0/ports?tenant_id=e40d11a4e04542d38858d00663b13347&fields=id HTTP/1.1" status: 200 len: 302 time: 0.2666862
2026-06-26 18:18:44.111 10 INFO neutron.wsgi [req-13c085aa-72d0-414a-a592-5e5fca9ef828 req-d09b41be-e1d8-4c95-8013-0f8891b51cf3 b2e1c5b26e8a477ba4f6f83b5197bf9e ce0c4b50600142b4ab26d17843c734b4 - - c3640017cad04f80a51ff14811cf726e c3640017cad04f80a51ff14811cf726e] 10.0.0.50 "GET /v2.0/networks/6ba4433e-2d4b-4ac1-8e23-bfaaafab1ec1?fields=segments HTTP/1.1" status: 200 len: 212 time: 0.0540965
2026-06-26 18:18:44.120 9 INFO neutron.wsgi [None req-a2b1aad0-8c78-4e9f-90dd-f4b2ba545059 605fd3cf3db54279a313bc616ccd7cf9 1bc9790d7bc2424d8a6869044ba32542 - - default default] 10.0.0.147 "DELETE /v2.0/security-groups/be187f46-39c4-4fe7-a775-06e3472457ff HTTP/1.1" status: 204 len: 168 time: 0.1975143
2026-06-26 18:18:44.192 10 INFO neutron.wsgi [req-13c085aa-72d0-414a-a592-5e5fca9ef828 req-7f10bba0-4ad3-4168-b448-7ab214d872f5 b2e1c5b26e8a477ba4f6f83b5197bf9e ce0c4b50600142b4ab26d17843c734b4 - - c3640017cad04f80a51ff14811cf726e c3640017cad04f80a51ff14811cf726e] 10.0.0.50 "GET /v2.0/networks/6ba4433e-2d4b-4ac1-8e23-bfaaafab1ec1?fields=provider%3Aphysical_network&fields=provider%3Anetwork_type HTTP/1.1" status: 200 len: 277 time: 0.0711842
2026-06-26 18:18:44.348 10 INFO neutron.wsgi [req-b974e56c-bd00-4a88-bb94-0b9a336248fe req-b4e02e44-0d89-4a72-942e-ea780c360750 db184c3f4ee64ffda1c3a80c0eff39da e40d11a4e04542d38858d00663b13347 - - default default] 10.0.0.50 "GET /v2.0/ports?device_id=9448f52c-da41-40d2-b0fe-05a4be5e4279 HTTP/1.1" status: 200 len: 210 time: 0.0265181
2026-06-26 18:18:44.647 9 INFO neutron.db.ovn_revision_numbers_db [None req-37a4b2f7-a3d8-4f3d-88ee-4f66ad6c3e0f bbfec00557734c0a8a7d4d0ba25c6a2f e86f7513c1164491ac79250f04532830 - - default default] Successfully bumped revision number for resource c25cc9d1-3210-4633-9b59-52641a87bbc1 (type: security_groups) to 1
2026-06-26 18:18:44.663 9 INFO neutron.db.ovn_revision_numbers_db [None req-37a4b2f7-a3d8-4f3d-88ee-4f66ad6c3e0f bbfec00557734c0a8a7d4d0ba25c6a2f e86f7513c1164491ac79250f04532830 - - default default] Successfully bumped revision number for resource 28e38aa3-b053-4f3c-a7bc-bd80daba95d5 (type: security_group_rules) to 0
2026-06-26 18:18:44.676 9 INFO neutron.db.ovn_revision_numbers_db [None req-37a4b2f7-a3d8-4f3d-88ee-4f66ad6c3e0f bbfec00557734c0a8a7d4d0ba25c6a2f e86f7513c1164491ac79250f04532830 - - default default] Successfully bumped revision number for resource 54c85dcc-e44c-42ee-88b9-92798ff850e1 (type: security_group_rules) to 0
2026-06-26 18:18:44.691 9 INFO neutron.db.ovn_revision_numbers_db [None req-37a4b2f7-a3d8-4f3d-88ee-4f66ad6c3e0f bbfec00557734c0a8a7d4d0ba25c6a2f e86f7513c1164491ac79250f04532830 - - default default] Successfully bumped revision number for resource d64b85c2-2a9f-4193-a753-4c6989fdf340 (type: security_group_rules) to 0
2026-06-26 18:18:44.709 9 INFO neutron.db.ovn_revision_numbers_db [None req-37a4b2f7-a3d8-4f3d-88ee-4f66ad6c3e0f bbfec00557734c0a8a7d4d0ba25c6a2f e86f7513c1164491ac79250f04532830 - - default default] Successfully bumped revision number for resource f3f1a33a-5540-42ba-8429-bc2f5fd8760a (type: security_group_rules) to 0
2026-06-26 18:18:44.776 9 INFO neutron.db.segments_db [None req-37a4b2f7-a3d8-4f3d-88ee-4f66ad6c3e0f bbfec00557734c0a8a7d4d0ba25c6a2f e86f7513c1164491ac79250f04532830 - - default default] Added segment 49290e9e-7d60-4750-9098-5557be15aa74 of type geneve for network f0d132cd-aef2-43f9-a2af-dd821f4a128c
2026-06-26 18:18:44.922 9 INFO neutron.db.ovn_revision_numbers_db [None req-37a4b2f7-a3d8-4f3d-88ee-4f66ad6c3e0f bbfec00557734c0a8a7d4d0ba25c6a2f e86f7513c1164491ac79250f04532830 - - default default] Successfully bumped revision number for resource f0d132cd-aef2-43f9-a2af-dd821f4a128c (type: networks) to 1
2026-06-26 18:18:45.092 9 WARNING neutron.scheduler.dhcp_agent_scheduler [None req-37a4b2f7-a3d8-4f3d-88ee-4f66ad6c3e0f bbfec00557734c0a8a7d4d0ba25c6a2f e86f7513c1164491ac79250f04532830 - - default default] No more DHCP agents
2026-06-26 18:18:45.094 9 WARNING neutron.api.rpc.agentnotifiers.dhcp_rpc_agent_api [None req-37a4b2f7-a3d8-4f3d-88ee-4f66ad6c3e0f bbfec00557734c0a8a7d4d0ba25c6a2f e86f7513c1164491ac79250f04532830 - - default default] Unable to schedule network f0d132cd-aef2-43f9-a2af-dd821f4a128c: no agents available; will retry on subsequent port and subnet creation events.
2026-06-26 18:18:45.164 9 INFO neutron.db.ovn_revision_numbers_db [None req-37a4b2f7-a3d8-4f3d-88ee-4f66ad6c3e0f bbfec00557734c0a8a7d4d0ba25c6a2f e86f7513c1164491ac79250f04532830 - - default default] Successfully bumped revision number for resource c4f16c1c-4218-4084-a993-142439f684c8 (type: ports) to 1
2026-06-26 18:18:45.188 9 INFO neutron.wsgi [None req-37a4b2f7-a3d8-4f3d-88ee-4f66ad6c3e0f bbfec00557734c0a8a7d4d0ba25c6a2f e86f7513c1164491ac79250f04532830 - - default default] 10.0.0.147 "POST /v2.0/networks HTTP/1.1" status: 201 len: 849 time: 0.7963858
2026-06-26 18:18:45.365 9 INFO neutron.wsgi [req-13c085aa-72d0-414a-a592-5e5fca9ef828 req-23ed8a08-b9e0-4626-9fa3-cfb1094ecbcc db184c3f4ee64ffda1c3a80c0eff39da e40d11a4e04542d38858d00663b13347 - - default default] 199.204.45.95 "GET /v2.0/networks?id=6ba4433e-2d4b-4ac1-8e23-bfaaafab1ec1 HTTP/1.1" status: 200 len: 868 time: 0.1116517
2026-06-26 18:18:45.419 9 INFO neutron.wsgi [req-13c085aa-72d0-414a-a592-5e5fca9ef828 req-06ff692b-eb24-4878-8bf2-d24c257e2b7e db184c3f4ee64ffda1c3a80c0eff39da e40d11a4e04542d38858d00663b13347 - - default default] 199.204.45.95 "GET /v2.0/security-groups?fields=id&fields=name&tenant_id=e40d11a4e04542d38858d00663b13347 HTTP/1.1" status: 200 len: 380 time: 0.0491080
2026-06-26 18:18:45.432 10 INFO neutron.wsgi [req-da8bf9d8-8a7b-4ca5-a52e-a9eb985b305a req-66a897ad-df40-4b3b-8ee5-a23ebd8ca766 db184c3f4ee64ffda1c3a80c0eff39da e40d11a4e04542d38858d00663b13347 - - default default] 10.0.0.50 "GET /v2.0/ports?device_id=9448f52c-da41-40d2-b0fe-05a4be5e4279 HTTP/1.1" status: 200 len: 210 time: 0.0225289
2026-06-26 18:18:45.505 9 WARNING neutron.scheduler.dhcp_agent_scheduler [None req-c5430b04-2d13-400a-b8b0-fa131acd66e1 bbfec00557734c0a8a7d4d0ba25c6a2f e86f7513c1164491ac79250f04532830 - - default default] No more DHCP agents
2026-06-26 18:18:45.507 9 WARNING neutron.api.rpc.agentnotifiers.dhcp_rpc_agent_api [None req-c5430b04-2d13-400a-b8b0-fa131acd66e1 bbfec00557734c0a8a7d4d0ba25c6a2f e86f7513c1164491ac79250f04532830 - - default default] Unable to schedule network f0d132cd-aef2-43f9-a2af-dd821f4a128c: no agents available; will retry on subsequent port and subnet creation events.
2026-06-26 18:18:45.541 9 INFO neutron.db.ovn_revision_numbers_db [None req-c5430b04-2d13-400a-b8b0-fa131acd66e1 bbfec00557734c0a8a7d4d0ba25c6a2f e86f7513c1164491ac79250f04532830 - - default default] Successfully bumped revision number for resource fe9c6bb3-598a-48ae-881a-524d8b50d487 (type: subnets) to 0
2026-06-26 18:18:45.563 9 INFO neutron.wsgi [None req-c5430b04-2d13-400a-b8b0-fa131acd66e1 bbfec00557734c0a8a7d4d0ba25c6a2f e86f7513c1164491ac79250f04532830 - - default default] 10.0.0.147 "POST /v2.0/subnets HTTP/1.1" status: 201 len: 802 time: 0.3709576
2026-06-26 18:18:45.769 9 WARNING neutron.scheduler.dhcp_agent_scheduler [req-13c085aa-72d0-414a-a592-5e5fca9ef828 req-b101133e-5db8-4265-8263-a6147d7e80ff db184c3f4ee64ffda1c3a80c0eff39da e40d11a4e04542d38858d00663b13347 - - default default] No more DHCP agents
2026-06-26 18:18:45.774 9 WARNING neutron.api.rpc.agentnotifiers.dhcp_rpc_agent_api [req-13c085aa-72d0-414a-a592-5e5fca9ef828 req-b101133e-5db8-4265-8263-a6147d7e80ff db184c3f4ee64ffda1c3a80c0eff39da e40d11a4e04542d38858d00663b13347 - - default default] Unable to schedule network 6ba4433e-2d4b-4ac1-8e23-bfaaafab1ec1: no agents available; will retry on subsequent port and subnet creation events.
2026-06-26 18:18:45.963 9 INFO neutron.db.ovn_revision_numbers_db [req-13c085aa-72d0-414a-a592-5e5fca9ef828 req-b101133e-5db8-4265-8263-a6147d7e80ff db184c3f4ee64ffda1c3a80c0eff39da e40d11a4e04542d38858d00663b13347 - - default default] Successfully bumped revision number for resource 0f963261-7637-4106-b66b-eaeabb623f20 (type: ports) to 1
2026-06-26 18:18:45.988 9 INFO neutron.wsgi [req-13c085aa-72d0-414a-a592-5e5fca9ef828 req-b101133e-5db8-4265-8263-a6147d7e80ff db184c3f4ee64ffda1c3a80c0eff39da e40d11a4e04542d38858d00663b13347 - - default default] 199.204.45.95 "POST /v2.0/ports HTTP/1.1" status: 201 len: 1158 time: 0.5592043 /var/lib/openstack/lib/python3.10/site-packages/pycadf/identifier.py:71: UserWarning: Invalid uuid: neutron. To ensure interoperability, identifiers should be a valid uuid. warnings.warn(('Invalid uuid: %s. To ensure interoperability, '
2026-06-26 18:18:46.079 10 WARNING neutron.scheduler.dhcp_agent_scheduler [None req-7632e7dc-3de6-45e9-92a2-978ced591ae6 bbfec00557734c0a8a7d4d0ba25c6a2f e86f7513c1164491ac79250f04532830 - - default default] No more DHCP agents
2026-06-26 18:18:46.081 10 WARNING neutron.api.rpc.agentnotifiers.dhcp_rpc_agent_api [None req-7632e7dc-3de6-45e9-92a2-978ced591ae6 bbfec00557734c0a8a7d4d0ba25c6a2f e86f7513c1164491ac79250f04532830 - - default default] Unable to schedule network 4c3b357f-c15b-4c90-b114-ef4997377957: no agents available; will retry on subsequent port and subnet creation events.
2026-06-26 18:18:46.247 10 INFO neutron.db.ovn_revision_numbers_db [None req-7632e7dc-3de6-45e9-92a2-978ced591ae6 bbfec00557734c0a8a7d4d0ba25c6a2f e86f7513c1164491ac79250f04532830 - - default default] Successfully bumped revision number for resource 1cd9b40c-f473-4157-98d5-59fd665a9f6a (type: ports) to 1
2026-06-26 18:18:46.394 9 INFO neutron.db.ovn_revision_numbers_db [req-13c085aa-72d0-414a-a592-5e5fca9ef828 req-cd3cd529-3b72-4e7b-896a-c03456e49a05 b2e1c5b26e8a477ba4f6f83b5197bf9e ce0c4b50600142b4ab26d17843c734b4 - - c3640017cad04f80a51ff14811cf726e c3640017cad04f80a51ff14811cf726e] Successfully bumped revision number for resource 0f963261-7637-4106-b66b-eaeabb623f20 (type: ports) to 2
2026-06-26 18:18:46.532 10 INFO neutron.wsgi [req-7097a150-dd9c-4dbf-923b-81190b9b9880 req-63f8c6ce-2a9e-494d-9574-77323ab3fb44 db184c3f4ee64ffda1c3a80c0eff39da e40d11a4e04542d38858d00663b13347 - - default default] 10.0.0.50 "GET /v2.0/ports?device_id=9448f52c-da41-40d2-b0fe-05a4be5e4279 HTTP/1.1" status: 200 len: 1168 time: 0.0391278
2026-06-26 18:18:46.587 10 INFO neutron.wsgi [req-7097a150-dd9c-4dbf-923b-81190b9b9880 req-8dacd931-dc5b-437a-ba0a-2b315b9482d8 db184c3f4ee64ffda1c3a80c0eff39da e40d11a4e04542d38858d00663b13347 - - default default] 10.0.0.50 "GET /v2.0/security-groups?id=e2deecaf-6c29-4f35-b76a-77eadadb7998&fields=id&fields=name HTTP/1.1" status: 200 len: 313 time: 0.0426276
2026-06-26 18:18:46.595 9 INFO neutron.db.ovn_revision_numbers_db [req-13c085aa-72d0-414a-a592-5e5fca9ef828 req-cd3cd529-3b72-4e7b-896a-c03456e49a05 b2e1c5b26e8a477ba4f6f83b5197bf9e ce0c4b50600142b4ab26d17843c734b4 - - c3640017cad04f80a51ff14811cf726e c3640017cad04f80a51ff14811cf726e] Successfully bumped revision number for resource 0f963261-7637-4106-b66b-eaeabb623f20 (type: ports) to 2
2026-06-26 18:18:46.610 9 INFO neutron.wsgi [req-13c085aa-72d0-414a-a592-5e5fca9ef828 req-cd3cd529-3b72-4e7b-896a-c03456e49a05 b2e1c5b26e8a477ba4f6f83b5197bf9e ce0c4b50600142b4ab26d17843c734b4 - - c3640017cad04f80a51ff14811cf726e c3640017cad04f80a51ff14811cf726e] 199.204.45.95 "PUT /v2.0/ports/0f963261-7637-4106-b66b-eaeabb623f20 HTTP/1.1" status: 200 len: 1376 time: 0.6139138
2026-06-26 18:18:46.643 9 INFO neutron.notifiers.nova [-] Nova event matching ['req-b94f29bd-6dfe-481e-a723-550422a9b463'] response: {'name': 'network-changed', 'server_uuid': '9448f52c-da41-40d2-b0fe-05a4be5e4279', 'tag': '0f963261-7637-4106-b66b-eaeabb623f20', 'status': 'completed', 'code': 200} /var/lib/openstack/lib/python3.10/site-packages/pycadf/identifier.py:71: UserWarning: Invalid uuid: neutron. To ensure interoperability, identifiers should be a valid uuid. warnings.warn(('Invalid uuid: %s. To ensure interoperability, '
2026-06-26 18:18:46.684 9 INFO neutron.wsgi [req-13c085aa-72d0-414a-a592-5e5fca9ef828 req-ad4f7207-a930-43a7-8694-72498e8e8e1d b2e1c5b26e8a477ba4f6f83b5197bf9e ce0c4b50600142b4ab26d17843c734b4 - - c3640017cad04f80a51ff14811cf726e c3640017cad04f80a51ff14811cf726e] 199.204.45.95 "GET /v2.0/ports?tenant_id=e40d11a4e04542d38858d00663b13347&device_id=9448f52c-da41-40d2-b0fe-05a4be5e4279 HTTP/1.1" status: 200 len: 1407 time: 0.0320663
2026-06-26 18:18:46.733 9 INFO neutron.wsgi [req-13c085aa-72d0-414a-a592-5e5fca9ef828 req-ec76dd2e-96a5-4785-90f6-a95107ec387e b2e1c5b26e8a477ba4f6f83b5197bf9e ce0c4b50600142b4ab26d17843c734b4 - - c3640017cad04f80a51ff14811cf726e c3640017cad04f80a51ff14811cf726e] 199.204.45.95 "GET /v2.0/floatingips?fixed_ip_address=10.100.0.8&port_id=0f963261-7637-4106-b66b-eaeabb623f20 HTTP/1.1" status: 200 len: 217 time: 0.0370538
2026-06-26 18:18:46.737 9 WARNING neutron.plugins.ml2.drivers.ovn.mech_driver.ovsdb.ovn_client [None req-2eb6e9db-6e57-4e1d-ad84-a7d1d22fb438 - - - - - -] No hosting information found for port e961501b-b18e-4be0-b72d-7930b5f8b924: RuntimeError: No hosting information found for port e961501b-b18e-4be0-b72d-7930b5f8b924
2026-06-26 18:18:46.775 9 INFO neutron.wsgi [req-13c085aa-72d0-414a-a592-5e5fca9ef828 req-0fe3c3c1-44be-49b8-82f5-69fb77793518 b2e1c5b26e8a477ba4f6f83b5197bf9e ce0c4b50600142b4ab26d17843c734b4 - - c3640017cad04f80a51ff14811cf726e c3640017cad04f80a51ff14811cf726e] 199.204.45.95 "GET /v2.0/subnets?id=1e864df8-e8d5-48c2-a6ff-4f732f5e0358 HTTP/1.1" status: 200 len: 862 time: 0.0365262
2026-06-26 18:18:46.805 9 INFO neutron.wsgi [req-13c085aa-72d0-414a-a592-5e5fca9ef828 req-38a6811c-a566-40bf-ab7f-f8507c181d49 b2e1c5b26e8a477ba4f6f83b5197bf9e ce0c4b50600142b4ab26d17843c734b4 - - c3640017cad04f80a51ff14811cf726e c3640017cad04f80a51ff14811cf726e] 199.204.45.95 "GET /v2.0/ports?network_id=6ba4433e-2d4b-4ac1-8e23-bfaaafab1ec1&device_owner=network%3Adhcp HTTP/1.1" status: 200 len: 210 time: 0.0223234
2026-06-26 18:18:46.893 10 INFO neutron.plugins.ml2.drivers.ovn.mech_driver.mech_driver [None req-d53b8ebe-a5c5-43c5-bd13-726443e5fbca - - - - - -] OVN reports status up for port: 1cd9b40c-f473-4157-98d5-59fd665a9f6a
2026-06-26 18:18:46.896 9 INFO neutron.wsgi [req-13c085aa-72d0-414a-a592-5e5fca9ef828 req-a2c6ef92-a5b6-4b6f-91a4-5b2d0d711c56 b2e1c5b26e8a477ba4f6f83b5197bf9e ce0c4b50600142b4ab26d17843c734b4 - - c3640017cad04f80a51ff14811cf726e c3640017cad04f80a51ff14811cf726e] 199.204.45.95 "GET /v2.0/networks/6ba4433e-2d4b-4ac1-8e23-bfaaafab1ec1?fields=segments HTTP/1.1" status: 200 len: 212 time: 0.0855246
2026-06-26 18:18:46.908 10 INFO neutron.plugins.ml2.plugin [None req-d53b8ebe-a5c5-43c5-bd13-726443e5fbca - - - - - -] Attempt 1 to provision port 1cd9b40c-f473-4157-98d5-59fd665a9f6a
2026-06-26 18:18:46.929 10 INFO neutron.db.ovn_revision_numbers_db [None req-7632e7dc-3de6-45e9-92a2-978ced591ae6 bbfec00557734c0a8a7d4d0ba25c6a2f e86f7513c1164491ac79250f04532830 - - default default] Successfully bumped revision number for resource 1cd9b40c-f473-4157-98d5-59fd665a9f6a (type: router_ports) to 1
2026-06-26 18:18:46.966 9 INFO neutron.wsgi [req-13c085aa-72d0-414a-a592-5e5fca9ef828 req-039ccba5-8a44-42a2-97db-597633bb7477 b2e1c5b26e8a477ba4f6f83b5197bf9e ce0c4b50600142b4ab26d17843c734b4 - - c3640017cad04f80a51ff14811cf726e c3640017cad04f80a51ff14811cf726e] 199.204.45.95 "GET /v2.0/networks/6ba4433e-2d4b-4ac1-8e23-bfaaafab1ec1?fields=provider%3Aphysical_network&fields=provider%3Anetwork_type HTTP/1.1" status: 200 len: 277 time: 0.0645576
2026-06-26 18:18:47.022 10 INFO neutron.db.ovn_revision_numbers_db [None req-7632e7dc-3de6-45e9-92a2-978ced591ae6 bbfec00557734c0a8a7d4d0ba25c6a2f e86f7513c1164491ac79250f04532830 - - default default] Successfully bumped revision number for resource ccf1c69e-b975-42d2-a316-31657fd3ea31 (type: routers) to 2
2026-06-26 18:18:47.046 10 INFO neutron.wsgi [None req-7632e7dc-3de6-45e9-92a2-978ced591ae6 bbfec00557734c0a8a7d4d0ba25c6a2f e86f7513c1164491ac79250f04532830 - - default default] 10.0.0.147 "POST /v2.0/routers HTTP/1.1" status: 201 len: 874 time: 1.4734211
