2026-06-26 18:13:50.334 10 INFO neutron.wsgi [-] 10.0.0.128 "GET / HTTP/1.1" status: 200 len: 247 time: 0.0015509
2026-06-26 18:13:50.336 9 INFO neutron.wsgi [-] 10.0.0.128 "GET / HTTP/1.1" status: 200 len: 247 time: 0.0027566
2026-06-26 18:13:56.959 9 INFO neutron.wsgi [None req-cf0e839d-4383-407e-91b9-e43f74f69496 605fd3cf3db54279a313bc616ccd7cf9 1bc9790d7bc2424d8a6869044ba32542 - - default default] 199.204.45.95,10.0.0.128 "GET /v2.0/networks HTTP/1.1" status: 200 len: 2349 time: 0.1087484
2026-06-26 18:13:58.085 10 INFO neutron.wsgi [None req-bd79673c-37be-493c-b768-375abc1adde6 605fd3cf3db54279a313bc616ccd7cf9 1bc9790d7bc2424d8a6869044ba32542 - - default default] 199.204.45.95,10.0.0.128 "GET /v2.0/subnets HTTP/1.1" status: 200 len: 1437 time: 0.0827074
2026-06-26 18:13:58.155 10 INFO neutron.wsgi [None req-f1259679-b624-4f6b-b588-917ab7397516 605fd3cf3db54279a313bc616ccd7cf9 1bc9790d7bc2424d8a6869044ba32542 - - default default] 199.204.45.95,10.0.0.128 "GET /v2.0/networks HTTP/1.1" status: 200 len: 2349 time: 0.0617962
2026-06-26 18:14:05.335 9 INFO neutron.wsgi [-] 10.0.0.128 "GET / HTTP/1.1" status: 200 len: 247 time: 0.0018108
2026-06-26 18:14:05.335 10 INFO neutron.wsgi [-] 10.0.0.128 "GET / HTTP/1.1" status: 200 len: 247 time: 0.0016775
2026-06-26 18:14:13.085 10 INFO neutron.wsgi [None req-008ffa20-52ba-44cc-ad6a-fde137d261e2 605fd3cf3db54279a313bc616ccd7cf9 1bc9790d7bc2424d8a6869044ba32542 - - default default] 10.0.0.233 "GET /v2.0/agents HTTP/1.1" status: 200 len: 997 time: 0.0845873
2026-06-26 18:14:13.146 10 INFO neutron.wsgi [None req-0e4af75b-9650-4806-b859-007f8523a029 605fd3cf3db54279a313bc616ccd7cf9 1bc9790d7bc2424d8a6869044ba32542 - - default default] 10.0.0.233 "GET /v2.0/networks HTTP/1.1" status: 200 len: 2349 time: 0.0596821
2026-06-26 18:14:13.179 10 INFO neutron.wsgi [None req-27f80824-5fcd-43bb-a3d0-9c363d1a9abc 605fd3cf3db54279a313bc616ccd7cf9 1bc9790d7bc2424d8a6869044ba32542 - - default default] 10.0.0.233 "GET /v2.0/ports HTTP/1.1" status: 200 len: 5351 time: 0.0306365
2026-06-26 18:14:13.202 10 INFO neutron.wsgi [None req-f2a38007-d5f1-4cb2-b099-5a2dee50f9a6 605fd3cf3db54279a313bc616ccd7cf9 1bc9790d7bc2424d8a6869044ba32542 - - default default] 10.0.0.233 "GET /v2.0/routers HTTP/1.1" status: 200 len: 189 time: 0.0191743
2026-06-26 18:14:13.212 10 INFO neutron.wsgi [None req-0d3dd668-8fd3-44b0-ba11-32db0f1ca854 605fd3cf3db54279a313bc616ccd7cf9 1bc9790d7bc2424d8a6869044ba32542 - - default default] 10.0.0.233 "GET /v2.0/agents?binary=ovn-controller HTTP/1.1" status: 200 len: 591 time: 0.0082076
2026-06-26 18:14:13.222 10 INFO neutron.wsgi [None req-aae7433c-b71f-479a-8aa7-9d2f4504df7e 605fd3cf3db54279a313bc616ccd7cf9 1bc9790d7bc2424d8a6869044ba32542 - - default default] 10.0.0.233 "GET /v2.0/network-ip-availabilities HTTP/1.1" status: 200 len: 1280 time: 0.0090637
2026-06-26 18:14:13.251 10 INFO neutron.wsgi [None req-e80cb150-d2d1-4265-82cf-bab2994e57b3 605fd3cf3db54279a313bc616ccd7cf9 1bc9790d7bc2424d8a6869044ba32542 - - default default] 10.0.0.233 "GET /v2.0/subnets HTTP/1.1" status: 200 len: 1437 time: 0.0287435
2026-06-26 18:14:13.260 10 INFO neutron.wsgi [None req-2f9f3c61-2015-4354-bef2-14e060c54f57 605fd3cf3db54279a313bc616ccd7cf9 1bc9790d7bc2424d8a6869044ba32542 - - default default] 10.0.0.233 "GET /v2.0/subnetpools HTTP/1.1" status: 200 len: 193 time: 0.0081551
2026-06-26 18:14:13.281 10 INFO neutron.wsgi [None req-68b10101-753f-488e-a198-4dff0e10045d 605fd3cf3db54279a313bc616ccd7cf9 1bc9790d7bc2424d8a6869044ba32542 - - default default] 10.0.0.233 "GET /v2.0/floatingips HTTP/1.1" status: 200 len: 193 time: 0.0201089
2026-06-26 18:14:13.323 10 INFO neutron.wsgi [None req-81b7cd0d-ac6e-4cee-bc7b-f32a3f083c53 605fd3cf3db54279a313bc616ccd7cf9 1bc9790d7bc2424d8a6869044ba32542 - - default default] 10.0.0.233 "GET /v2.0/security-groups HTTP/1.1" status: 200 len: 16803 time: 0.0408003
2026-06-26 18:14:13.356 10 INFO neutron.wsgi [None req-a0b03583-bba5-48df-a996-0b729acdc256 605fd3cf3db54279a313bc616ccd7cf9 1bc9790d7bc2424d8a6869044ba32542 - - default default] 10.0.0.233 "GET /v2.0/subnets HTTP/1.1" status: 200 len: 1437 time: 0.0260808
2026-06-26 18:14:20.336 10 INFO neutron.wsgi [-] 10.0.0.128 "GET / HTTP/1.1" status: 200 len: 247 time: 0.0027273
2026-06-26 18:14:20.338 10 INFO neutron.wsgi [-] 10.0.0.128 "GET / HTTP/1.1" status: 200 len: 247 time: 0.0012059
2026-06-26 18:14:34.131 10 INFO neutron.wsgi [None req-b5d830d6-147e-498e-9ed6-bc5799787614 605fd3cf3db54279a313bc616ccd7cf9 1bc9790d7bc2424d8a6869044ba32542 - - default default] 199.204.45.95,10.0.0.128 "GET /v2.0/networks HTTP/1.1" status: 200 len: 2349 time: 0.1006041
2026-06-26 18:14:35.047 9 INFO neutron.wsgi [None req-32e5a4aa-9105-408d-b799-9607539f5907 605fd3cf3db54279a313bc616ccd7cf9 1bc9790d7bc2424d8a6869044ba32542 - - default default] 199.204.45.95,10.0.0.128 "GET /v2.0/subnets HTTP/1.1" status: 200 len: 1437 time: 0.0809267
2026-06-26 18:14:35.108 9 INFO neutron.wsgi [None req-34e2a9ef-15ff-4a9f-b3b0-4fe4e3c76e49 605fd3cf3db54279a313bc616ccd7cf9 1bc9790d7bc2424d8a6869044ba32542 - - default default] 199.204.45.95,10.0.0.128 "GET /v2.0/networks HTTP/1.1" status: 200 len: 2349 time: 0.0547724
2026-06-26 18:14:35.335 9 INFO neutron.wsgi [-] 10.0.0.128 "GET / HTTP/1.1" status: 200 len: 247 time: 0.0023072
2026-06-26 18:14:35.336 10 INFO neutron.wsgi [-] 10.0.0.128 "GET / HTTP/1.1" status: 200 len: 247 time: 0.0025268
2026-06-26 18:14:36.079 10 INFO neutron.wsgi [None req-07ed16f8-6fa7-42b8-9b5a-1b8949a3ab11 605fd3cf3db54279a313bc616ccd7cf9 1bc9790d7bc2424d8a6869044ba32542 - - default default] 199.204.45.95,10.0.0.128 "GET /v2.0/security-groups?tenant_id=1bc9790d7bc2424d8a6869044ba32542 HTTP/1.1" status: 200 len: 10161 time: 0.0862701
2026-06-26 18:14:37.097 10 INFO neutron.wsgi [None req-3ab6372e-46f3-4e04-a8a1-0382a7f59049 605fd3cf3db54279a313bc616ccd7cf9 1bc9790d7bc2424d8a6869044ba32542 - - default default] 199.204.45.95,10.0.0.128 "GET /v2.0/security-groups?tenant_id=1bc9790d7bc2424d8a6869044ba32542 HTTP/1.1" status: 200 len: 10161 time: 0.0950637
2026-06-26 18:14:37.947 9 INFO neutron.wsgi [None req-d991a2c9-02db-499f-8f11-934256de2ef9 605fd3cf3db54279a313bc616ccd7cf9 1bc9790d7bc2424d8a6869044ba32542 - - default default] 199.204.45.95,10.0.0.128 "GET /v2.0/security-groups?tenant_id=1bc9790d7bc2424d8a6869044ba32542 HTTP/1.1" status: 200 len: 10161 time: 0.0935016
2026-06-26 18:14:38.759 9 INFO neutron.wsgi [None req-8d79a5e5-31b7-43f5-aade-14dc73c86dab 605fd3cf3db54279a313bc616ccd7cf9 1bc9790d7bc2424d8a6869044ba32542 - - default default] 199.204.45.95,10.0.0.128 "GET /v2.0/security-groups?tenant_id=1bc9790d7bc2424d8a6869044ba32542 HTTP/1.1" status: 200 len: 10161 time: 0.0816126
2026-06-26 18:14:39.605 10 INFO neutron.wsgi [None req-60131a00-190c-4850-81e6-2c3360f6df18 605fd3cf3db54279a313bc616ccd7cf9 1bc9790d7bc2424d8a6869044ba32542 - - default default] 199.204.45.95,10.0.0.128 "GET /v2.0/security-groups?tenant_id=1bc9790d7bc2424d8a6869044ba32542 HTTP/1.1" status: 200 len: 10161 time: 0.0761657
2026-06-26 18:14:40.464 9 INFO neutron.wsgi [None req-72462da4-59cb-4da9-af33-d82865b87016 605fd3cf3db54279a313bc616ccd7cf9 1bc9790d7bc2424d8a6869044ba32542 - - default default] 199.204.45.95,10.0.0.128 "GET /v2.0/security-groups?tenant_id=1bc9790d7bc2424d8a6869044ba32542 HTTP/1.1" status: 200 len: 10161 time: 0.0779500
2026-06-26 18:14:41.702 10 INFO neutron.wsgi [None req-9457d0d2-a278-4540-be51-e9397242d845 605fd3cf3db54279a313bc616ccd7cf9 1bc9790d7bc2424d8a6869044ba32542 - - default default] 199.204.45.95,10.0.0.128 "GET /v2.0/security-groups HTTP/1.1" status: 200 len: 16803 time: 0.1255429
2026-06-26 18:14:41.748 10 INFO neutron.wsgi [None req-7d8d5007-58ae-4e06-9db6-750eb557ce41 605fd3cf3db54279a313bc616ccd7cf9 1bc9790d7bc2424d8a6869044ba32542 - - default default] 199.204.45.95,10.0.0.128 "GET /v2.0/ports HTTP/1.1" status: 200 len: 5351 time: 0.0350013
2026-06-26 18:14:48.212 10 INFO neutron.pecan_wsgi.hooks.translation [None req-139aedc7-ca51-4b5b-ace0-91b577552a1a 605fd3cf3db54279a313bc616ccd7cf9 1bc9790d7bc2424d8a6869044ba32542 - - default default] GET failed (client error): The resource could not be found.
2026-06-26 18:14:48.213 10 INFO neutron.wsgi [None req-139aedc7-ca51-4b5b-ace0-91b577552a1a 605fd3cf3db54279a313bc616ccd7cf9 1bc9790d7bc2424d8a6869044ba32542 - - default default] 199.204.45.95,10.0.0.128 "GET /v2.0/ports/octavia-health-manager-port-instance HTTP/1.1" status: 404 len: 314 time: 0.0588539
2026-06-26 18:14:48.243 10 INFO neutron.wsgi [None req-f65b998b-346a-4fae-a668-030c7f1b8104 605fd3cf3db54279a313bc616ccd7cf9 1bc9790d7bc2424d8a6869044ba32542 - - default default] 199.204.45.95,10.0.0.128 "GET /v2.0/ports?name=octavia-health-manager-port-instance HTTP/1.1" status: 200 len: 1399 time: 0.0257444
2026-06-26 18:14:49.663 9 INFO neutron.wsgi [None req-ddff5662-4481-4f01-8e2a-461c0b93d87e 605fd3cf3db54279a313bc616ccd7cf9 1bc9790d7bc2424d8a6869044ba32542 - - default default] 199.204.45.95,10.0.0.128 "GET /v2.0/ports HTTP/1.1" status: 200 len: 5351 time: 0.1064501
2026-06-26 18:14:50.334 10 INFO neutron.wsgi [-] 10.0.0.128 "GET / HTTP/1.1" status: 200 len: 247 time: 0.0014575
2026-06-26 18:14:50.336 10 INFO neutron.wsgi [-] 10.0.0.128 "GET / HTTP/1.1" status: 200 len: 247 time: 0.0009966
2026-06-26 18:14:50.694 10 INFO neutron.wsgi [None req-ab2085ec-b99e-437c-b6ee-815b0138bc4b 605fd3cf3db54279a313bc616ccd7cf9 1bc9790d7bc2424d8a6869044ba32542 - - default default] 199.204.45.95,10.0.0.128 "GET /v2.0/security-groups?tenant_id=1bc9790d7bc2424d8a6869044ba32542 HTTP/1.1" status: 200 len: 10161 time: 0.0838599
2026-06-26 18:14:51.602 10 INFO neutron.wsgi [None req-9fc52418-5a4c-4d86-b325-58f9af1bbf6f 605fd3cf3db54279a313bc616ccd7cf9 1bc9790d7bc2424d8a6869044ba32542 - - default default] 199.204.45.95,10.0.0.128 "GET /v2.0/security-groups?tenant_id=1bc9790d7bc2424d8a6869044ba32542 HTTP/1.1" status: 200 len: 10161 time: 0.0771356
2026-06-26 18:14:52.436 9 INFO neutron.wsgi [None req-d0195c97-ae16-47c5-97fa-eefc29872cf1 605fd3cf3db54279a313bc616ccd7cf9 1bc9790d7bc2424d8a6869044ba32542 - - default default] 199.204.45.95,10.0.0.128 "GET /v2.0/security-groups?tenant_id=1bc9790d7bc2424d8a6869044ba32542 HTTP/1.1" status: 200 len: 10161 time: 0.0878196
2026-06-26 18:15:03.467 10 INFO neutron.wsgi [None req-443b7bdb-dcb3-46de-9d05-07fd3f4524ad 605fd3cf3db54279a313bc616ccd7cf9 1bc9790d7bc2424d8a6869044ba32542 - - default default] 199.204.45.95,10.0.0.128 "GET /v2.0/quotas/1bc9790d7bc2424d8a6869044ba32542 HTTP/1.1" status: 200 len: 361 time: 0.0096774
2026-06-26 18:15:05.336 10 INFO neutron.wsgi [-] 10.0.0.128 "GET / HTTP/1.1" status: 200 len: 247 time: 0.0020027
2026-06-26 18:15:05.336 9 INFO neutron.wsgi [-] 10.0.0.128 "GET / HTTP/1.1" status: 200 len: 247 time: 0.0019109
2026-06-26 18:15:13.109 10 INFO neutron.wsgi [None req-494befdb-10be-43a0-9f17-6c3d0ee2d999 605fd3cf3db54279a313bc616ccd7cf9 1bc9790d7bc2424d8a6869044ba32542 - - default default] 10.0.0.233 "GET /v2.0/subnets HTTP/1.1" status: 200 len: 1437 time: 0.1028521
2026-06-26 18:15:13.124 10 INFO neutron.wsgi [None req-81e378c3-c665-4ccb-ac62-00c74483066b 605fd3cf3db54279a313bc616ccd7cf9 1bc9790d7bc2424d8a6869044ba32542 - - default default] 10.0.0.233 "GET /v2.0/subnetpools HTTP/1.1" status: 200 len: 193 time: 0.0137157
2026-06-26 18:15:13.156 10 INFO neutron.wsgi [None req-d0e727b8-489f-4255-97ea-4e706c4a2284 605fd3cf3db54279a313bc616ccd7cf9 1bc9790d7bc2424d8a6869044ba32542 - - default default] 10.0.0.233 "GET /v2.0/ports HTTP/1.1" status: 200 len: 5351 time: 0.0309980
2026-06-26 18:15:13.190 10 INFO neutron.wsgi [None req-e8bc7b19-690c-439f-a70e-42098d1e5c81 605fd3cf3db54279a313bc616ccd7cf9 1bc9790d7bc2424d8a6869044ba32542 - - default default] 10.0.0.233 "GET /v2.0/routers HTTP/1.1" status: 200 len: 189 time: 0.0307891
2026-06-26 18:15:13.312 10 INFO neutron.wsgi [None req-8094de99-3d98-4446-95d9-5e616a93276c 605fd3cf3db54279a313bc616ccd7cf9 1bc9790d7bc2424d8a6869044ba32542 - - default default] 10.0.0.233 "GET /v2.0/agents?binary=ovn-controller HTTP/1.1" status: 200 len: 591 time: 0.1214659
2026-06-26 18:15:13.322 10 INFO neutron.wsgi [None req-c75a3bfa-13cf-4850-89fc-abc322fa2dce 605fd3cf3db54279a313bc616ccd7cf9 1bc9790d7bc2424d8a6869044ba32542 - - default default] 10.0.0.233 "GET /v2.0/agents HTTP/1.1" status: 200 len: 997 time: 0.0086973
2026-06-26 18:15:13.335 10 INFO neutron.wsgi [None req-5789f1a5-9cb9-4246-afc0-1aab37bc5c65 605fd3cf3db54279a313bc616ccd7cf9 1bc9790d7bc2424d8a6869044ba32542 - - default default] 10.0.0.233 "GET /v2.0/network-ip-availabilities HTTP/1.1" status: 200 len: 1280 time: 0.0106704
2026-06-26 18:15:13.354 10 INFO neutron.wsgi [None req-a1ce238c-6e1d-4a4e-81b5-2dc13ea4754f 605fd3cf3db54279a313bc616ccd7cf9 1bc9790d7bc2424d8a6869044ba32542 - - default default] 10.0.0.233 "GET /v2.0/floatingips HTTP/1.1" status: 200 len: 193 time: 0.0171158
2026-06-26 18:15:13.409 10 INFO neutron.wsgi [None req-ce27b994-66f0-4094-922c-8f92a9a337f0 605fd3cf3db54279a313bc616ccd7cf9 1bc9790d7bc2424d8a6869044ba32542 - - default default] 10.0.0.233 "GET /v2.0/networks HTTP/1.1" status: 200 len: 2349 time: 0.0542245
2026-06-26 18:15:13.467 10 INFO neutron.wsgi [None req-52e7d2a0-1e73-4225-b08c-5ebcffe39711 605fd3cf3db54279a313bc616ccd7cf9 1bc9790d7bc2424d8a6869044ba32542 - - default default] 10.0.0.233 "GET /v2.0/security-groups HTTP/1.1" status: 200 len: 16803 time: 0.0547464
2026-06-26 18:15:13.507 10 INFO neutron.wsgi [None req-66a27b34-f5dd-4f39-9c38-e1cc5ef998f0 605fd3cf3db54279a313bc616ccd7cf9 1bc9790d7bc2424d8a6869044ba32542 - - default default] 10.0.0.233 "GET /v2.0/subnets HTTP/1.1" status: 200 len: 1437 time: 0.0335112
2026-06-26 18:15:20.336 9 INFO neutron.wsgi [-] 10.0.0.128 "GET / HTTP/1.1" status: 200 len: 247 time: 0.0026500
2026-06-26 18:15:20.337 9 INFO neutron.wsgi [-] 10.0.0.128 "GET / HTTP/1.1" status: 200 len: 247 time: 0.0008972
2026-06-26 18:15:35.337 9 INFO neutron.wsgi [-] 10.0.0.128 "GET / HTTP/1.1" status: 200 len: 247 time: 0.0033178
2026-06-26 18:15:35.337 10 INFO neutron.wsgi [-] 10.0.0.128 "GET / HTTP/1.1" status: 200 len: 247 time: 0.0030575
2026-06-26 18:15:50.336 10 INFO neutron.wsgi [-] 10.0.0.128 "GET / HTTP/1.1" status: 200 len: 247 time: 0.0022933
2026-06-26 18:15:50.336 9 INFO neutron.wsgi [-] 10.0.0.128 "GET / HTTP/1.1" status: 200 len: 247 time: 0.0022638
2026-06-26 18:15:53.634 10 INFO neutron.wsgi [None req-128aff42-0f8d-43f5-b193-2a458673c4af 605fd3cf3db54279a313bc616ccd7cf9 1bc9790d7bc2424d8a6869044ba32542 - - default default] 199.204.45.95,10.0.0.128 "GET /v2.0/security-groups?tenant_id=ce0c4b50600142b4ab26d17843c734b4 HTTP/1.1" status: 200 len: 6838 time: 0.0754509
2026-06-26 18:15:54.536 10 INFO neutron.wsgi [None req-719c66c6-a0c6-4f66-82f2-8f646f058ce5 605fd3cf3db54279a313bc616ccd7cf9 1bc9790d7bc2424d8a6869044ba32542 - - default default] 199.204.45.95,10.0.0.128 "GET /v2.0/security-groups?tenant_id=ce0c4b50600142b4ab26d17843c734b4 HTTP/1.1" status: 200 len: 6838 time: 0.0701015
2026-06-26 18:15:55.394 10 INFO neutron.wsgi [None req-af558faa-1aff-4ce0-910c-01a8746cbbe5 605fd3cf3db54279a313bc616ccd7cf9 1bc9790d7bc2424d8a6869044ba32542 - - default default] 199.204.45.95,10.0.0.128 "GET /v2.0/security-groups?tenant_id=ce0c4b50600142b4ab26d17843c734b4 HTTP/1.1" status: 200 len: 6838 time: 0.0766623
2026-06-26 18:15:56.274 10 INFO neutron.wsgi [None req-220c4814-60e0-4c72-87fe-be8288392b62 605fd3cf3db54279a313bc616ccd7cf9 1bc9790d7bc2424d8a6869044ba32542 - - default default] 199.204.45.95,10.0.0.128 "GET /v2.0/security-groups?tenant_id=ce0c4b50600142b4ab26d17843c734b4 HTTP/1.1" status: 200 len: 6838 time: 0.0718224
2026-06-26 18:15:57.175 10 INFO neutron.wsgi [None req-557647e6-7732-498c-ad7c-06f41d3647f7 605fd3cf3db54279a313bc616ccd7cf9 1bc9790d7bc2424d8a6869044ba32542 - - default default] 199.204.45.95,10.0.0.128 "GET /v2.0/security-groups?tenant_id=ce0c4b50600142b4ab26d17843c734b4 HTTP/1.1" status: 200 len: 6838 time: 0.0777435
2026-06-26 18:16:04.023 10 INFO neutron.wsgi [None req-b77dbfdf-6483-40cf-b392-f0b461e0f4cf 605fd3cf3db54279a313bc616ccd7cf9 1bc9790d7bc2424d8a6869044ba32542 - - default default] 199.204.45.95,10.0.0.128 "GET /v2.0/quotas/ce0c4b50600142b4ab26d17843c734b4 HTTP/1.1" status: 200 len: 361 time: 0.0117807
2026-06-26 18:16:05.335 9 INFO neutron.wsgi [-] 10.0.0.128 "GET / HTTP/1.1" status: 200 len: 247 time: 0.0025928
2026-06-26 18:16:05.339 9 INFO neutron.wsgi [-] 10.0.0.128 "GET / HTTP/1.1" status: 200 len: 247 time: 0.0029550
2026-06-26 18:16:13.075 10 INFO neutron.wsgi [None req-96d051c5-e36a-45e1-bcdd-7b8c682127bf 605fd3cf3db54279a313bc616ccd7cf9 1bc9790d7bc2424d8a6869044ba32542 - - default default] 10.0.0.233 "GET /v2.0/ports HTTP/1.1" status: 200 len: 5351 time: 0.0737450
2026-06-26 18:16:13.124 10 INFO neutron.wsgi [None req-38bcf50f-55fe-4cf5-b07d-55a86622844c 605fd3cf3db54279a313bc616ccd7cf9 1bc9790d7bc2424d8a6869044ba32542 - - default default] 10.0.0.233 "GET /v2.0/security-groups HTTP/1.1" status: 200 len: 16803 time: 0.0450103
2026-06-26 18:16:13.186 10 INFO neutron.wsgi [None req-18ef44b7-30d7-45c6-8f77-62ded7785e89 605fd3cf3db54279a313bc616ccd7cf9 1bc9790d7bc2424d8a6869044ba32542 - - default default] 10.0.0.233 "GET /v2.0/networks HTTP/1.1" status: 200 len: 2349 time: 0.0554476
2026-06-26 18:16:13.229 10 INFO neutron.wsgi [None req-27efc51f-93a7-4d84-be39-a03c79663417 605fd3cf3db54279a313bc616ccd7cf9 1bc9790d7bc2424d8a6869044ba32542 - - default default] 10.0.0.233 "GET /v2.0/agents HTTP/1.1" status: 200 len: 997 time: 0.0414186
2026-06-26 18:16:13.253 10 INFO neutron.wsgi [None req-f5486cd0-82af-4067-9057-dc382c6549cf 605fd3cf3db54279a313bc616ccd7cf9 1bc9790d7bc2424d8a6869044ba32542 - - default default] 10.0.0.233 "GET /v2.0/routers HTTP/1.1" status: 200 len: 189 time: 0.0221233
2026-06-26 18:16:13.262 10 INFO neutron.wsgi [None req-c9651e61-f30a-401d-9a48-d04a56e5cd8f 605fd3cf3db54279a313bc616ccd7cf9 1bc9790d7bc2424d8a6869044ba32542 - - default default] 10.0.0.233 "GET /v2.0/agents?binary=ovn-controller HTTP/1.1" status: 200 len: 591 time: 0.0085721
2026-06-26 18:16:13.272 10 INFO neutron.wsgi [None req-632f7abc-8afe-4493-bee6-16ab66648248 605fd3cf3db54279a313bc616ccd7cf9 1bc9790d7bc2424d8a6869044ba32542 - - default default] 10.0.0.233 "GET /v2.0/network-ip-availabilities HTTP/1.1" status: 200 len: 1280 time: 0.0088179
2026-06-26 18:16:13.310 10 INFO neutron.wsgi [None req-eb8f2b72-5707-45f1-ad84-9d76ef9a1ec1 605fd3cf3db54279a313bc616ccd7cf9 1bc9790d7bc2424d8a6869044ba32542 - - default default] 10.0.0.233 "GET /v2.0/subnets HTTP/1.1" status: 200 len: 1437 time: 0.0372138
2026-06-26 18:16:13.318 10 INFO neutron.wsgi [None req-2e1e24cd-1922-451c-aa22-2d36578d13bd 605fd3cf3db54279a313bc616ccd7cf9 1bc9790d7bc2424d8a6869044ba32542 - - default default] 10.0.0.233 "GET /v2.0/subnetpools HTTP/1.1" status: 200 len: 193 time: 0.0078318
2026-06-26 18:16:13.340 10 INFO neutron.wsgi [None req-04426ae5-b9c3-4b08-b169-0dee8bc38a26 605fd3cf3db54279a313bc616ccd7cf9 1bc9790d7bc2424d8a6869044ba32542 - - default default] 10.0.0.233 "GET /v2.0/floatingips HTTP/1.1" status: 200 len: 193 time: 0.0212252
2026-06-26 18:16:13.371 10 INFO neutron.wsgi [None req-9f8303ce-2ae6-46fe-bb00-987b538e09e0 605fd3cf3db54279a313bc616ccd7cf9 1bc9790d7bc2424d8a6869044ba32542 - - default default] 10.0.0.233 "GET /v2.0/subnets HTTP/1.1" status: 200 len: 1437 time: 0.0289054
2026-06-26 18:16:20.336 10 INFO neutron.wsgi [-] 10.0.0.128 "GET / HTTP/1.1" status: 200 len: 247 time: 0.0025365
2026-06-26 18:16:20.339 10 INFO neutron.wsgi [-] 10.0.0.128 "GET / HTTP/1.1" status: 200 len: 247 time: 0.0021269
2026-06-26 18:16:35.335 10 INFO neutron.wsgi [-] 10.0.0.128 "GET / HTTP/1.1" status: 200 len: 247 time: 0.0024288
2026-06-26 18:16:35.339 10 INFO neutron.wsgi [-] 10.0.0.128 "GET / HTTP/1.1" status: 200 len: 247 time: 0.0032940
2026-06-26 18:16:50.334 9 INFO neutron.wsgi [-] 10.0.0.128 "GET / HTTP/1.1" status: 200 len: 247 time: 0.0016248
2026-06-26 18:16:50.335 10 INFO neutron.wsgi [-] 10.0.0.128 "GET / HTTP/1.1" status: 200 len: 247 time: 0.0024459
2026-06-26 18:16:53.733 10 INFO neutron.wsgi [None req-9499a226-a62e-4252-8ea5-595bccbb8820 605fd3cf3db54279a313bc616ccd7cf9 1bc9790d7bc2424d8a6869044ba32542 - - default default] 199.204.45.95,10.0.0.128 "GET /v2.0/networks HTTP/1.1" status: 200 len: 2349 time: 0.1154678
2026-06-26 18:17:05.334 10 INFO neutron.wsgi [-] 10.0.0.128 "GET / HTTP/1.1" status: 200 len: 247 time: 0.0016847
2026-06-26 18:17:05.334 9 INFO neutron.wsgi [-] 10.0.0.128 "GET / HTTP/1.1" status: 200 len: 247 time: 0.0016129
2026-06-26 18:17:13.203 10 INFO neutron.wsgi [None req-b25d343a-943e-4e41-a858-ff695241f110 605fd3cf3db54279a313bc616ccd7cf9 1bc9790d7bc2424d8a6869044ba32542 - - default default] 10.0.0.233 "GET /v2.0/subnets HTTP/1.1" status: 200 len: 1437 time: 0.1348007
2026-06-26 18:17:13.231 10 INFO neutron.wsgi [None req-2f6a43f7-efaf-4d0c-b8e6-55ba2074676c 605fd3cf3db54279a313bc616ccd7cf9 1bc9790d7bc2424d8a6869044ba32542 - - default default] 10.0.0.233 "GET /v2.0/subnets HTTP/1.1" status: 200 len: 1437 time: 0.0270741
2026-06-26 18:17:13.250 10 INFO neutron.wsgi [None req-3f047f2e-298c-43eb-ad85-04565b3ca620 605fd3cf3db54279a313bc616ccd7cf9 1bc9790d7bc2424d8a6869044ba32542 - - default default] 10.0.0.233 "GET /v2.0/subnetpools HTTP/1.1" status: 200 len: 193 time: 0.0167639
2026-06-26 18:17:13.277 10 INFO neutron.wsgi [None req-40fa6073-8cfc-4736-8047-170b8f1144c0 605fd3cf3db54279a313bc616ccd7cf9 1bc9790d7bc2424d8a6869044ba32542 - - default default] 10.0.0.233 "GET /v2.0/routers HTTP/1.1" status: 200 len: 189 time: 0.0264027
2026-06-26 18:17:13.317 10 INFO neutron.wsgi [None req-5af0f2a3-63c4-436c-be3b-84839c0cc3be 605fd3cf3db54279a313bc616ccd7cf9 1bc9790d7bc2424d8a6869044ba32542 - - default default] 10.0.0.233 "GET /v2.0/agents?binary=ovn-controller HTTP/1.1" status: 200 len: 591 time: 0.0387776
2026-06-26 18:17:13.329 10 INFO neutron.wsgi [None req-5ff559ad-3213-45fe-889d-9d036e20ee89 605fd3cf3db54279a313bc616ccd7cf9 1bc9790d7bc2424d8a6869044ba32542 - - default default] 10.0.0.233 "GET /v2.0/agents HTTP/1.1" status: 200 len: 997 time: 0.0105932
2026-06-26 18:17:13.340 10 INFO neutron.wsgi [None req-224c1a67-9896-456b-94b2-8a1bc4f3246c 605fd3cf3db54279a313bc616ccd7cf9 1bc9790d7bc2424d8a6869044ba32542 - - default default] 10.0.0.233 "GET /v2.0/network-ip-availabilities HTTP/1.1" status: 200 len: 1280 time: 0.0096486
2026-06-26 18:17:13.359 10 INFO neutron.wsgi [None req-6b7b5642-28f5-4458-b1bc-ed597a04ff64 605fd3cf3db54279a313bc616ccd7cf9 1bc9790d7bc2424d8a6869044ba32542 - - default default] 10.0.0.233 "GET /v2.0/floatingips HTTP/1.1" status: 200 len: 193 time: 0.0168827
2026-06-26 18:17:13.415 10 INFO neutron.wsgi [None req-22e5c51c-0e0b-4ada-b181-6c1ded21b12c 605fd3cf3db54279a313bc616ccd7cf9 1bc9790d7bc2424d8a6869044ba32542 - - default default] 10.0.0.233 "GET /v2.0/networks HTTP/1.1" status: 200 len: 2349 time: 0.0549572
2026-06-26 18:17:13.467 10 INFO neutron.wsgi [None req-3fedb805-fe0b-4819-b876-0348c23dd3c3 605fd3cf3db54279a313bc616ccd7cf9 1bc9790d7bc2424d8a6869044ba32542 - - default default] 10.0.0.233 "GET /v2.0/security-groups HTTP/1.1" status: 200 len: 16803 time: 0.0455174
2026-06-26 18:17:13.511 10 INFO neutron.wsgi [None req-4a55a4ea-2969-4f29-8177-864e3b8b654e 605fd3cf3db54279a313bc616ccd7cf9 1bc9790d7bc2424d8a6869044ba32542 - - default default] 10.0.0.233 "GET /v2.0/ports HTTP/1.1" status: 200 len: 5351 time: 0.0392659
2026-06-26 18:17:20.334 9 INFO neutron.wsgi [-] 10.0.0.128 "GET / HTTP/1.1" status: 200 len: 247 time: 0.0015783
2026-06-26 18:17:20.336 9 INFO neutron.wsgi [-] 10.0.0.128 "GET / HTTP/1.1" status: 200 len: 247 time: 0.0012610
2026-06-26 18:17:33.324 9 INFO neutron.wsgi [None req-edd31d7f-7b31-4d97-99dd-0698790109e9 605fd3cf3db54279a313bc616ccd7cf9 1bc9790d7bc2424d8a6869044ba32542 - - default default] 10.0.0.147 "GET /v2.0/networks HTTP/1.1" status: 200 len: 2368 time: 0.1750753
2026-06-26 18:17:34.502 9 INFO neutron.wsgi [None req-7ca06923-ee04-4c34-a25f-63790fc46bbe 605fd3cf3db54279a313bc616ccd7cf9 1bc9790d7bc2424d8a6869044ba32542 - - default default] 10.0.0.147 "GET /v2.0/floatingips HTTP/1.1" status: 200 len: 212 time: 0.0325587
2026-06-26 18:17:34.548 9 INFO neutron.wsgi [None req-ec7c83c0-e067-4039-9887-8808e0fce9dd 605fd3cf3db54279a313bc616ccd7cf9 1bc9790d7bc2424d8a6869044ba32542 - - default default] 10.0.0.147 "GET /v2.0/routers HTTP/1.1" status: 200 len: 208 time: 0.0387223
2026-06-26 18:17:34.579 9 INFO neutron.wsgi [None req-7ad17d68-6831-4e37-b95d-f918c02340db 605fd3cf3db54279a313bc616ccd7cf9 1bc9790d7bc2424d8a6869044ba32542 - - default default] 10.0.0.147 "GET /v2.0/ports HTTP/1.1" status: 200 len: 5370 time: 0.0275762
2026-06-26 18:17:34.615 9 INFO neutron.wsgi [None req-82388c8f-bfa2-4195-a5ff-bc7e53f0a9db 605fd3cf3db54279a313bc616ccd7cf9 1bc9790d7bc2424d8a6869044ba32542 - - default default] 10.0.0.147 "GET /v2.0/subnets HTTP/1.1" status: 200 len: 1456 time: 0.0316229
2026-06-26 18:17:34.691 9 INFO neutron.wsgi [None req-e2ff216a-4bfd-4acc-89e6-c4a185b75d30 605fd3cf3db54279a313bc616ccd7cf9 1bc9790d7bc2424d8a6869044ba32542 - - default default] 10.0.0.147 "GET /v2.0/networks HTTP/1.1" status: 200 len: 2368 time: 0.0711615
2026-06-26 18:17:34.763 9 INFO neutron.wsgi [None req-254bcbfc-4ea1-4a9e-a11e-03cefc948a49 605fd3cf3db54279a313bc616ccd7cf9 1bc9790d7bc2424d8a6869044ba32542 - - default default] 10.0.0.147 "GET /v2.0/security-groups HTTP/1.1" status: 200 len: 16822 time: 0.0653119
2026-06-26 18:17:34.783 9 INFO neutron.wsgi [None req-856be793-a9c3-4d92-9c1b-a19df2818fdd 605fd3cf3db54279a313bc616ccd7cf9 1bc9790d7bc2424d8a6869044ba32542 - - default default] 10.0.0.147 "GET /v2.0/subnetpools HTTP/1.1" status: 200 len: 212 time: 0.0140605
2026-06-26 18:17:35.336 9 INFO neutron.wsgi [-] 10.0.0.128 "GET / HTTP/1.1" status: 200 len: 247 time: 0.0034750
2026-06-26 18:17:35.340 10 INFO neutron.wsgi [-] 10.0.0.128 "GET / HTTP/1.1" status: 200 len: 247 time: 0.0016873
2026-06-26 18:17:45.520 10 INFO neutron.db.ovn_revision_numbers_db [None req-6ed4a77a-e450-4799-bbb4-dab962d18f1e 605fd3cf3db54279a313bc616ccd7cf9 1bc9790d7bc2424d8a6869044ba32542 - - default default] Successfully bumped revision number for resource 4ccdc173-ac86-4d0c-b8ec-cfb5ea363059 (type: security_groups) to 1
2026-06-26 18:17:45.535 10 INFO neutron.db.ovn_revision_numbers_db [None req-6ed4a77a-e450-4799-bbb4-dab962d18f1e 605fd3cf3db54279a313bc616ccd7cf9 1bc9790d7bc2424d8a6869044ba32542 - - default default] Successfully bumped revision number for resource 2d94dca9-b8a0-46a9-81b5-1769952a3341 (type: security_group_rules) to 0
2026-06-26 18:17:45.553 10 INFO neutron.db.ovn_revision_numbers_db [None req-6ed4a77a-e450-4799-bbb4-dab962d18f1e 605fd3cf3db54279a313bc616ccd7cf9 1bc9790d7bc2424d8a6869044ba32542 - - default default] Successfully bumped revision number for resource 489275d1-3f34-4f6c-8c59-d82611720f72 (type: security_group_rules) to 0
2026-06-26 18:17:45.568 10 INFO neutron.db.ovn_revision_numbers_db [None req-6ed4a77a-e450-4799-bbb4-dab962d18f1e 605fd3cf3db54279a313bc616ccd7cf9 1bc9790d7bc2424d8a6869044ba32542 - - default default] Successfully bumped revision number for resource 49e8a9b1-738b-43c0-8039-8e126c2b6d27 (type: security_group_rules) to 0
2026-06-26 18:17:45.581 10 INFO neutron.db.ovn_revision_numbers_db [None req-6ed4a77a-e450-4799-bbb4-dab962d18f1e 605fd3cf3db54279a313bc616ccd7cf9 1bc9790d7bc2424d8a6869044ba32542 - - default default] Successfully bumped revision number for resource 9d01dbea-72be-4e5a-9cb7-81f04bcb7cc2 (type: security_group_rules) to 0
2026-06-26 18:17:45.655 10 INFO neutron.db.segments_db [None req-6ed4a77a-e450-4799-bbb4-dab962d18f1e 605fd3cf3db54279a313bc616ccd7cf9 1bc9790d7bc2424d8a6869044ba32542 - - default default] Added segment c35eb8fb-5b94-46f2-b0ae-a46fdd3dbcba of type geneve for network bf4a4ac8-3737-4fd3-8e1c-5743fee3866e
2026-06-26 18:17:45.864 10 INFO neutron.db.ovn_revision_numbers_db [None req-6ed4a77a-e450-4799-bbb4-dab962d18f1e 605fd3cf3db54279a313bc616ccd7cf9 1bc9790d7bc2424d8a6869044ba32542 - - default default] Successfully bumped revision number for resource bf4a4ac8-3737-4fd3-8e1c-5743fee3866e (type: networks) to 1
2026-06-26 18:17:46.015 10 WARNING neutron.scheduler.dhcp_agent_scheduler [None req-6ed4a77a-e450-4799-bbb4-dab962d18f1e 605fd3cf3db54279a313bc616ccd7cf9 1bc9790d7bc2424d8a6869044ba32542 - - default default] No more DHCP agents
2026-06-26 18:17:46.017 10 WARNING neutron.api.rpc.agentnotifiers.dhcp_rpc_agent_api [None req-6ed4a77a-e450-4799-bbb4-dab962d18f1e 605fd3cf3db54279a313bc616ccd7cf9 1bc9790d7bc2424d8a6869044ba32542 - - default default] Unable to schedule network bf4a4ac8-3737-4fd3-8e1c-5743fee3866e: no agents available; will retry on subsequent port and subnet creation events.
2026-06-26 18:17:46.087 10 INFO neutron.db.ovn_revision_numbers_db [None req-6ed4a77a-e450-4799-bbb4-dab962d18f1e 605fd3cf3db54279a313bc616ccd7cf9 1bc9790d7bc2424d8a6869044ba32542 - - default default] Successfully bumped revision number for resource 8cd400ee-78e1-448e-bc43-3fc8a1748f8e (type: ports) to 1
2026-06-26 18:17:46.103 9 INFO neutron.db.ovn_revision_numbers_db [None req-6257ca56-bcfc-47be-9368-9fcc6be1d15e 605fd3cf3db54279a313bc616ccd7cf9 1bc9790d7bc2424d8a6869044ba32542 - - default default] Successfully bumped revision number for resource 82d64b47-2530-450c-926a-d79337b1abb3 (type: security_groups) to 1
2026-06-26 18:17:46.105 10 INFO neutron.wsgi [None req-6ed4a77a-e450-4799-bbb4-dab962d18f1e 605fd3cf3db54279a313bc616ccd7cf9 1bc9790d7bc2424d8a6869044ba32542 - - default default] 10.0.0.147 "POST /v2.0/networks HTTP/1.1" status: 201 len: 946 time: 0.8468385
2026-06-26 18:17:46.119 9 INFO neutron.db.ovn_revision_numbers_db [None req-6257ca56-bcfc-47be-9368-9fcc6be1d15e 605fd3cf3db54279a313bc616ccd7cf9 1bc9790d7bc2424d8a6869044ba32542 - - default default] Successfully bumped revision number for resource 79dcd341-dad2-4b24-92cc-20407bb113c1 (type: security_group_rules) to 0
2026-06-26 18:17:46.145 9 INFO neutron.db.ovn_revision_numbers_db [None req-6257ca56-bcfc-47be-9368-9fcc6be1d15e 605fd3cf3db54279a313bc616ccd7cf9 1bc9790d7bc2424d8a6869044ba32542 - - default default] Successfully bumped revision number for resource b50ea817-41f9-48a4-ab78-e2824c768ac3 (type: security_group_rules) to 0
2026-06-26 18:17:46.165 9 INFO neutron.db.ovn_revision_numbers_db [None req-6257ca56-bcfc-47be-9368-9fcc6be1d15e 605fd3cf3db54279a313bc616ccd7cf9 1bc9790d7bc2424d8a6869044ba32542 - - default default] Successfully bumped revision number for resource b8d8fc66-f0cf-424b-a08a-c483481ca3ef (type: security_group_rules) to 0
2026-06-26 18:17:46.190 9 INFO neutron.db.ovn_revision_numbers_db [None req-6257ca56-bcfc-47be-9368-9fcc6be1d15e 605fd3cf3db54279a313bc616ccd7cf9 1bc9790d7bc2424d8a6869044ba32542 - - default default] Successfully bumped revision number for resource c51a13bb-e6b8-4a8f-ac84-8dd2478856ac (type: security_group_rules) to 0
2026-06-26 18:17:46.206 9 INFO neutron.db.ovn_revision_numbers_db [None req-738c3da1-5dc5-4852-adbd-46451a7a9c58 605fd3cf3db54279a313bc616ccd7cf9 1bc9790d7bc2424d8a6869044ba32542 - - default default] Successfully bumped revision number for resource 000bcc8c-cfec-434d-a6a6-f51a9509ec52 (type: security_groups) to 1
2026-06-26 18:17:46.220 9 INFO neutron.db.ovn_revision_numbers_db [None req-738c3da1-5dc5-4852-adbd-46451a7a9c58 605fd3cf3db54279a313bc616ccd7cf9 1bc9790d7bc2424d8a6869044ba32542 - - default default] Successfully bumped revision number for resource 2ca7001a-4d24-433b-b3e2-e32711a4e5d3 (type: security_group_rules) to 0
2026-06-26 18:17:46.236 9 INFO neutron.db.ovn_revision_numbers_db [None req-738c3da1-5dc5-4852-adbd-46451a7a9c58 605fd3cf3db54279a313bc616ccd7cf9 1bc9790d7bc2424d8a6869044ba32542 - - default default] Successfully bumped revision number for resource 836a3a4e-88cb-475f-ad72-24f8ec1912bb (type: security_group_rules) to 0
2026-06-26 18:17:46.240 9 INFO neutron.db.segments_db [None req-6257ca56-bcfc-47be-9368-9fcc6be1d15e 605fd3cf3db54279a313bc616ccd7cf9 1bc9790d7bc2424d8a6869044ba32542 - - default default] Added segment f2378848-9f86-4484-a494-1b2b148c48c5 of type geneve for network 16c3da4d-16da-4648-8bd1-a04654f80e8e
2026-06-26 18:17:46.260 9 INFO neutron.db.ovn_revision_numbers_db [None req-738c3da1-5dc5-4852-adbd-46451a7a9c58 605fd3cf3db54279a313bc616ccd7cf9 1bc9790d7bc2424d8a6869044ba32542 - - default default] Successfully bumped revision number for resource c337041b-dabd-42ff-bd88-8edcf17a4e2a (type: security_group_rules) to 0
2026-06-26 18:17:46.276 10 WARNING neutron.scheduler.dhcp_agent_scheduler [None req-1cb1fe3f-d953-4f73-a6d6-359131e1cfb7 605fd3cf3db54279a313bc616ccd7cf9 1bc9790d7bc2424d8a6869044ba32542 - - default default] No more DHCP agents
2026-06-26 18:17:46.277 9 INFO neutron.db.ovn_revision_numbers_db [None req-738c3da1-5dc5-4852-adbd-46451a7a9c58 605fd3cf3db54279a313bc616ccd7cf9 1bc9790d7bc2424d8a6869044ba32542 - - default default] Successfully bumped revision number for resource fa18feab-a4a0-466d-be1c-6b78962926b8 (type: security_group_rules) to 0
2026-06-26 18:17:46.278 10 WARNING neutron.api.rpc.agentnotifiers.dhcp_rpc_agent_api [None req-1cb1fe3f-d953-4f73-a6d6-359131e1cfb7 605fd3cf3db54279a313bc616ccd7cf9 1bc9790d7bc2424d8a6869044ba32542 - - default default] Unable to schedule network bf4a4ac8-3737-4fd3-8e1c-5743fee3866e: no agents available; will retry on subsequent port and subnet creation events.
2026-06-26 18:17:46.314 9 INFO neutron.wsgi [None req-738c3da1-5dc5-4852-adbd-46451a7a9c58 605fd3cf3db54279a313bc616ccd7cf9 1bc9790d7bc2424d8a6869044ba32542 - - default default] 10.0.0.147 "GET /v2.0/security-groups?tenant_id=59b9d346ffcd46f9b75280206f8cf65c&name=default HTTP/1.1" status: 200 len: 2992 time: 0.3301725
2026-06-26 18:17:46.402 9 INFO neutron.db.ovn_revision_numbers_db [None req-6257ca56-bcfc-47be-9368-9fcc6be1d15e 605fd3cf3db54279a313bc616ccd7cf9 1bc9790d7bc2424d8a6869044ba32542 - - default default] Successfully bumped revision number for resource 16c3da4d-16da-4648-8bd1-a04654f80e8e (type: networks) to 1
2026-06-26 18:17:46.602 9 WARNING neutron.scheduler.dhcp_agent_scheduler [None req-6257ca56-bcfc-47be-9368-9fcc6be1d15e 605fd3cf3db54279a313bc616ccd7cf9 1bc9790d7bc2424d8a6869044ba32542 - - default default] No more DHCP agents
2026-06-26 18:17:46.604 9 WARNING neutron.api.rpc.agentnotifiers.dhcp_rpc_agent_api [None req-6257ca56-bcfc-47be-9368-9fcc6be1d15e 605fd3cf3db54279a313bc616ccd7cf9 1bc9790d7bc2424d8a6869044ba32542 - - default default] Unable to schedule network 16c3da4d-16da-4648-8bd1-a04654f80e8e: no agents available; will retry on subsequent port and subnet creation events.
2026-06-26 18:17:46.672 9 INFO neutron.wsgi [None req-bd4028d2-b328-457d-9fc0-5468eb35965b 605fd3cf3db54279a313bc616ccd7cf9 1bc9790d7bc2424d8a6869044ba32542 - - default default] 10.0.0.147 "DELETE /v2.0/security-groups/000bcc8c-cfec-434d-a6a6-f51a9509ec52 HTTP/1.1" status: 204 len: 168 time: 0.3522120
2026-06-26 18:17:46.684 9 INFO neutron.db.ovn_revision_numbers_db [None req-6257ca56-bcfc-47be-9368-9fcc6be1d15e 605fd3cf3db54279a313bc616ccd7cf9 1bc9790d7bc2424d8a6869044ba32542 - - default default] Successfully bumped revision number for resource 0447bfcf-e13b-41d6-9c70-ce7fe2f3ae01 (type: ports) to 1
2026-06-26 18:17:46.711 9 INFO neutron.wsgi [None req-6257ca56-bcfc-47be-9368-9fcc6be1d15e 605fd3cf3db54279a313bc616ccd7cf9 1bc9790d7bc2424d8a6869044ba32542 - - default default] 10.0.0.147 "POST /v2.0/networks HTTP/1.1" status: 201 len: 953 time: 0.8984859
2026-06-26 18:17:46.909 10 INFO neutron.db.ovn_revision_numbers_db [None req-1cb1fe3f-d953-4f73-a6d6-359131e1cfb7 605fd3cf3db54279a313bc616ccd7cf9 1bc9790d7bc2424d8a6869044ba32542 - - default default] Successfully bumped revision number for resource 8cd400ee-78e1-448e-bc43-3fc8a1748f8e (type: ports) to 2
2026-06-26 18:17:46.948 10 WARNING neutron.scheduler.dhcp_agent_scheduler [None req-83d9af3f-281e-4b03-91c7-2e440478c0d9 605fd3cf3db54279a313bc616ccd7cf9 1bc9790d7bc2424d8a6869044ba32542 - - default default] No more DHCP agents
2026-06-26 18:17:46.950 10 WARNING neutron.api.rpc.agentnotifiers.dhcp_rpc_agent_api [None req-83d9af3f-281e-4b03-91c7-2e440478c0d9 605fd3cf3db54279a313bc616ccd7cf9 1bc9790d7bc2424d8a6869044ba32542 - - default default] Unable to schedule network 16c3da4d-16da-4648-8bd1-a04654f80e8e: no agents available; will retry on subsequent port and subnet creation events.
2026-06-26 18:17:46.952 10 INFO neutron.db.ovn_revision_numbers_db [None req-1cb1fe3f-d953-4f73-a6d6-359131e1cfb7 605fd3cf3db54279a313bc616ccd7cf9 1bc9790d7bc2424d8a6869044ba32542 - - default default] Successfully bumped revision number for resource c41d7237-6b13-4f8f-8eb1-276dbe95de91 (type: subnets) to 0
2026-06-26 18:17:46.970 10 INFO neutron.wsgi [None req-1cb1fe3f-d953-4f73-a6d6-359131e1cfb7 605fd3cf3db54279a313bc616ccd7cf9 1bc9790d7bc2424d8a6869044ba32542 - - default default] 10.0.0.147 "POST /v2.0/subnets HTTP/1.1" status: 201 len: 866 time: 0.8592787
2026-06-26 18:17:47.725 10 WARNING neutron.scheduler.dhcp_agent_scheduler [None req-0daf45a7-5e5c-43f6-873a-7010fe2040b0 605fd3cf3db54279a313bc616ccd7cf9 1bc9790d7bc2424d8a6869044ba32542 - - default default] No more DHCP agents
2026-06-26 18:17:47.729 10 WARNING neutron.api.rpc.agentnotifiers.dhcp_rpc_agent_api [None req-0daf45a7-5e5c-43f6-873a-7010fe2040b0 605fd3cf3db54279a313bc616ccd7cf9 1bc9790d7bc2424d8a6869044ba32542 - - default default] Unable to schedule network 4c3b357f-c15b-4c90-b114-ef4997377957: no agents available; will retry on subsequent port and subnet creation events.
2026-06-26 18:17:47.742 10 INFO neutron.db.ovn_revision_numbers_db [None req-83d9af3f-281e-4b03-91c7-2e440478c0d9 605fd3cf3db54279a313bc616ccd7cf9 1bc9790d7bc2424d8a6869044ba32542 - - default default] Successfully bumped revision number for resource 0447bfcf-e13b-41d6-9c70-ce7fe2f3ae01 (type: ports) to 2
2026-06-26 18:17:47.789 10 INFO neutron.db.ovn_revision_numbers_db [None req-83d9af3f-281e-4b03-91c7-2e440478c0d9 605fd3cf3db54279a313bc616ccd7cf9 1bc9790d7bc2424d8a6869044ba32542 - - default default] Successfully bumped revision number for resource 6671c18a-d6fd-4c38-88bd-9df158bb7abe (type: subnets) to 0
2026-06-26 18:17:47.824 10 INFO neutron.wsgi [None req-83d9af3f-281e-4b03-91c7-2e440478c0d9 605fd3cf3db54279a313bc616ccd7cf9 1bc9790d7bc2424d8a6869044ba32542 - - default default] 10.0.0.147 "POST /v2.0/subnets HTTP/1.1" status: 201 len: 874 time: 1.1074514
2026-06-26 18:17:47.841 9 INFO neutron.db.ovn_revision_numbers_db [None req-63272551-411c-486d-9218-601d9e6bdb76 605fd3cf3db54279a313bc616ccd7cf9 1bc9790d7bc2424d8a6869044ba32542 - - default default] Successfully bumped revision number for resource 2e6ce44c-58ab-4f89-9eaf-42dac15e5d16 (type: security_groups) to 1
2026-06-26 18:17:47.855 9 INFO neutron.db.ovn_revision_numbers_db [None req-63272551-411c-486d-9218-601d9e6bdb76 605fd3cf3db54279a313bc616ccd7cf9 1bc9790d7bc2424d8a6869044ba32542 - - default default] Successfully bumped revision number for resource 0abec166-7165-4eed-9a23-a7a2045eab6a (type: security_group_rules) to 0
2026-06-26 18:17:47.878 9 INFO neutron.db.ovn_revision_numbers_db [None req-63272551-411c-486d-9218-601d9e6bdb76 605fd3cf3db54279a313bc616ccd7cf9 1bc9790d7bc2424d8a6869044ba32542 - - default default] Successfully bumped revision number for resource 601690f0-83ed-4266-9ef6-0ffaffd37aa3 (type: security_group_rules) to 0
2026-06-26 18:17:47.894 9 INFO neutron.db.ovn_revision_numbers_db [None req-63272551-411c-486d-9218-601d9e6bdb76 605fd3cf3db54279a313bc616ccd7cf9 1bc9790d7bc2424d8a6869044ba32542 - - default default] Successfully bumped revision number for resource a2243fde-eb41-426b-8a3d-c135798c875b (type: security_group_rules) to 0
2026-06-26 18:17:47.905 9 INFO neutron.db.ovn_revision_numbers_db [None req-63272551-411c-486d-9218-601d9e6bdb76 605fd3cf3db54279a313bc616ccd7cf9 1bc9790d7bc2424d8a6869044ba32542 - - default default] Successfully bumped revision number for resource cbd7e90d-89ae-42f3-8f77-fa293a2a7fd3 (type: security_group_rules) to 0
2026-06-26 18:17:47.913 10 INFO neutron.db.ovn_revision_numbers_db [None req-0daf45a7-5e5c-43f6-873a-7010fe2040b0 605fd3cf3db54279a313bc616ccd7cf9 1bc9790d7bc2424d8a6869044ba32542 - - default default] Successfully bumped revision number for resource e1dd6266-ae17-4c3f-9d0b-c20df3aef284 (type: ports) to 1
2026-06-26 18:17:47.926 9 INFO neutron.wsgi [None req-63272551-411c-486d-9218-601d9e6bdb76 605fd3cf3db54279a313bc616ccd7cf9 1bc9790d7bc2424d8a6869044ba32542 - - default default] 10.0.0.147 "GET /v2.0/security-groups?tenant_id=b777cfe88a8f4154a60632debbf825f4&name=default HTTP/1.1" status: 200 len: 2992 time: 0.3764067
2026-06-26 18:17:48.144 9 INFO neutron.wsgi [None req-d9d768b6-858e-448e-b43a-b473c094f7dd 605fd3cf3db54279a313bc616ccd7cf9 1bc9790d7bc2424d8a6869044ba32542 - - default default] 10.0.0.147 "DELETE /v2.0/security-groups/2e6ce44c-58ab-4f89-9eaf-42dac15e5d16 HTTP/1.1" status: 204 len: 168 time: 0.2111905
2026-06-26 18:17:48.241 10 INFO neutron.plugins.ml2.drivers.ovn.mech_driver.ovsdb.extensions.qos [None req-0daf45a7-5e5c-43f6-873a-7010fe2040b0 605fd3cf3db54279a313bc616ccd7cf9 1bc9790d7bc2424d8a6869044ba32542 - - default default] Starting OVNClientQosExtension
2026-06-26 18:17:48.401 9 INFO neutron.db.ovn_revision_numbers_db [None req-5bf9f17f-c401-4bef-a454-8852a0aa3a5f 605fd3cf3db54279a313bc616ccd7cf9 1bc9790d7bc2424d8a6869044ba32542 - - default default] Successfully bumped revision number for resource 986bb869-7193-47f5-abf7-1aa488af3cda (type: security_groups) to 1
2026-06-26 18:17:48.414 9 INFO neutron.db.ovn_revision_numbers_db [None req-5bf9f17f-c401-4bef-a454-8852a0aa3a5f 605fd3cf3db54279a313bc616ccd7cf9 1bc9790d7bc2424d8a6869044ba32542 - - default default] Successfully bumped revision number for resource 1862231a-b249-457e-a4c8-da8f7c97ca43 (type: security_group_rules) to 0
2026-06-26 18:17:48.430 9 INFO neutron.db.ovn_revision_numbers_db [None req-5bf9f17f-c401-4bef-a454-8852a0aa3a5f 605fd3cf3db54279a313bc616ccd7cf9 1bc9790d7bc2424d8a6869044ba32542 - - default default] Successfully bumped revision number for resource 4120b1f1-9de3-4a44-8013-acebdd716a58 (type: security_group_rules) to 0
2026-06-26 18:17:48.451 9 INFO neutron.db.ovn_revision_numbers_db [None req-5bf9f17f-c401-4bef-a454-8852a0aa3a5f 605fd3cf3db54279a313bc616ccd7cf9 1bc9790d7bc2424d8a6869044ba32542 - - default default] Successfully bumped revision number for resource 747ad7ce-78b9-4830-8794-1c3ea3961803 (type: security_group_rules) to 0
2026-06-26 18:17:48.466 9 INFO neutron.db.ovn_revision_numbers_db [None req-5bf9f17f-c401-4bef-a454-8852a0aa3a5f 605fd3cf3db54279a313bc616ccd7cf9 1bc9790d7bc2424d8a6869044ba32542 - - default default] Successfully bumped revision number for resource ebd8499d-984a-4f14-8483-51cd5129207c (type: security_group_rules) to 0
2026-06-26 18:17:48.487 9 INFO neutron.wsgi [None req-5bf9f17f-c401-4bef-a454-8852a0aa3a5f 605fd3cf3db54279a313bc616ccd7cf9 1bc9790d7bc2424d8a6869044ba32542 - - default default] 10.0.0.147 "GET /v2.0/security-groups?tenant_id=d50a089356cd40d7a3c82e6362adcec5&name=default HTTP/1.1" status: 200 len: 2992 time: 0.1925323
2026-06-26 18:17:48.551 10 WARNING neutron.scheduler.dhcp_agent_scheduler [None req-37bf07ed-2fb8-42ae-83c9-16e445416cb2 605fd3cf3db54279a313bc616ccd7cf9 1bc9790d7bc2424d8a6869044ba32542 - - default default] No more DHCP agents
2026-06-26 18:17:48.554 10 WARNING neutron.api.rpc.agentnotifiers.dhcp_rpc_agent_api [None req-37bf07ed-2fb8-42ae-83c9-16e445416cb2 605fd3cf3db54279a313bc616ccd7cf9 1bc9790d7bc2424d8a6869044ba32542 - - default default] Unable to schedule network 4c3b357f-c15b-4c90-b114-ef4997377957: no agents available; will retry on subsequent port and subnet creation events.
2026-06-26 18:17:48.654 9 INFO neutron.db.ovn_revision_numbers_db [None req-4970bd1c-8b71-4420-b31e-02f41b3b9362 605fd3cf3db54279a313bc616ccd7cf9 1bc9790d7bc2424d8a6869044ba32542 - - default default] Successfully bumped revision number for resource 7aaa73aa-da97-40a3-9220-f39f7b93ec15 (type: security_groups) to 1
2026-06-26 18:17:48.668 9 INFO neutron.db.ovn_revision_numbers_db [None req-4970bd1c-8b71-4420-b31e-02f41b3b9362 605fd3cf3db54279a313bc616ccd7cf9 1bc9790d7bc2424d8a6869044ba32542 - - default default] Successfully bumped revision number for resource 3a5e1bf7-7fdc-4472-aeaa-6cacf08f58f9 (type: security_group_rules) to 0
2026-06-26 18:17:48.680 9 INFO neutron.db.ovn_revision_numbers_db [None req-4970bd1c-8b71-4420-b31e-02f41b3b9362 605fd3cf3db54279a313bc616ccd7cf9 1bc9790d7bc2424d8a6869044ba32542 - - default default] Successfully bumped revision number for resource 73bb1d04-6e0f-4195-973f-e74e27f7b58c (type: security_group_rules) to 0
2026-06-26 18:17:48.700 9 INFO neutron.db.ovn_revision_numbers_db [None req-4970bd1c-8b71-4420-b31e-02f41b3b9362 605fd3cf3db54279a313bc616ccd7cf9 1bc9790d7bc2424d8a6869044ba32542 - - default default] Successfully bumped revision number for resource 9b56af85-cd29-4db8-9278-992214133d27 (type: security_group_rules) to 0
2026-06-26 18:17:48.722 9 INFO neutron.wsgi [None req-87002586-43f2-4b8e-bb34-6a99d0d51d3f 605fd3cf3db54279a313bc616ccd7cf9 1bc9790d7bc2424d8a6869044ba32542 - - default default] 10.0.0.147 "DELETE /v2.0/security-groups/986bb869-7193-47f5-abf7-1aa488af3cda HTTP/1.1" status: 204 len: 168 time: 0.2299080
2026-06-26 18:17:48.724 9 INFO neutron.db.ovn_revision_numbers_db [None req-4970bd1c-8b71-4420-b31e-02f41b3b9362 605fd3cf3db54279a313bc616ccd7cf9 1bc9790d7bc2424d8a6869044ba32542 - - default default] Successfully bumped revision number for resource b93d3d94-1af1-479f-b0f3-095d65f0ae72 (type: security_group_rules) to 0
2026-06-26 18:17:48.732 10 INFO neutron.db.ovn_revision_numbers_db [None req-37bf07ed-2fb8-42ae-83c9-16e445416cb2 605fd3cf3db54279a313bc616ccd7cf9 1bc9790d7bc2424d8a6869044ba32542 - - default default] Successfully bumped revision number for resource 7127c01b-c1f0-45a3-a758-f7a497af3943 (type: ports) to 1
2026-06-26 18:17:48.782 9 INFO neutron.plugins.ml2.drivers.ovn.mech_driver.mech_driver [-] OVN reports status up for port: e1dd6266-ae17-4c3f-9d0b-c20df3aef284
2026-06-26 18:17:48.791 9 INFO neutron.db.segments_db [None req-4970bd1c-8b71-4420-b31e-02f41b3b9362 605fd3cf3db54279a313bc616ccd7cf9 1bc9790d7bc2424d8a6869044ba32542 - - default default] Added segment 6eba009b-f498-4742-8af4-b3cca7b5b8c8 of type geneve for network 80d243e8-7e73-4387-8fa2-332ad25062af
2026-06-26 18:17:48.792 9 INFO neutron.plugins.ml2.plugin [None req-2eb6e9db-6e57-4e1d-ad84-a7d1d22fb438 - - - - - -] Attempt 1 to provision port e1dd6266-ae17-4c3f-9d0b-c20df3aef284
2026-06-26 18:17:48.804 10 INFO neutron.plugins.ml2.drivers.ovn.mech_driver.ovsdb.ovsdb_monitor [-] Router b66b983a-fc87-47f8-ad74-a812db7dbe21 is bound to host instance
2026-06-26 18:17:48.843 10 INFO neutron.db.ovn_revision_numbers_db [None req-0daf45a7-5e5c-43f6-873a-7010fe2040b0 605fd3cf3db54279a313bc616ccd7cf9 1bc9790d7bc2424d8a6869044ba32542 - - default default] Successfully bumped revision number for resource e1dd6266-ae17-4c3f-9d0b-c20df3aef284 (type: router_ports) to 1
2026-06-26 18:17:48.954 9 INFO neutron.db.ovn_revision_numbers_db [None req-4970bd1c-8b71-4420-b31e-02f41b3b9362 605fd3cf3db54279a313bc616ccd7cf9 1bc9790d7bc2424d8a6869044ba32542 - - default default] Successfully bumped revision number for resource 80d243e8-7e73-4387-8fa2-332ad25062af (type: networks) to 1
2026-06-26 18:17:48.964 10 INFO neutron.db.ovn_revision_numbers_db [None req-0daf45a7-5e5c-43f6-873a-7010fe2040b0 605fd3cf3db54279a313bc616ccd7cf9 1bc9790d7bc2424d8a6869044ba32542 - - default default] Successfully bumped revision number for resource b66b983a-fc87-47f8-ad74-a812db7dbe21 (type: routers) to 2
2026-06-26 18:17:49.009 10 INFO neutron.wsgi [None req-0daf45a7-5e5c-43f6-873a-7010fe2040b0 605fd3cf3db54279a313bc616ccd7cf9 1bc9790d7bc2424d8a6869044ba32542 - - default default] 10.0.0.147 "POST /v2.0/routers HTTP/1.1" status: 201 len: 877 time: 2.0340118
2026-06-26 18:17:49.125 9 WARNING neutron.scheduler.dhcp_agent_scheduler [None req-4970bd1c-8b71-4420-b31e-02f41b3b9362 605fd3cf3db54279a313bc616ccd7cf9 1bc9790d7bc2424d8a6869044ba32542 - - default default] No more DHCP agents
2026-06-26 18:17:49.128 9 WARNING neutron.api.rpc.agentnotifiers.dhcp_rpc_agent_api [None req-4970bd1c-8b71-4420-b31e-02f41b3b9362 605fd3cf3db54279a313bc616ccd7cf9 1bc9790d7bc2424d8a6869044ba32542 - - default default] Unable to schedule network 80d243e8-7e73-4387-8fa2-332ad25062af: no agents available; will retry on subsequent port and subnet creation events.
2026-06-26 18:17:49.202 9 INFO neutron.db.ovn_revision_numbers_db [None req-4970bd1c-8b71-4420-b31e-02f41b3b9362 605fd3cf3db54279a313bc616ccd7cf9 1bc9790d7bc2424d8a6869044ba32542 - - default default] Successfully bumped revision number for resource db1c93a6-f61b-431c-99fe-996118b87ade (type: ports) to 1
2026-06-26 18:17:49.225 9 INFO neutron.wsgi [None req-4970bd1c-8b71-4420-b31e-02f41b3b9362 605fd3cf3db54279a313bc616ccd7cf9 1bc9790d7bc2424d8a6869044ba32542 - - default default] 10.0.0.147 "POST /v2.0/networks HTTP/1.1" status: 201 len: 950 time: 0.7992806
2026-06-26 18:17:49.369 9 WARNING neutron.scheduler.dhcp_agent_scheduler [None req-4a7173c8-0adc-4981-b8d8-2f9a1190fe74 605fd3cf3db54279a313bc616ccd7cf9 1bc9790d7bc2424d8a6869044ba32542 - - default default] No more DHCP agents
2026-06-26 18:17:49.371 9 WARNING neutron.api.rpc.agentnotifiers.dhcp_rpc_agent_api [None req-4a7173c8-0adc-4981-b8d8-2f9a1190fe74 605fd3cf3db54279a313bc616ccd7cf9 1bc9790d7bc2424d8a6869044ba32542 - - default default] Unable to schedule network 80d243e8-7e73-4387-8fa2-332ad25062af: no agents available; will retry on subsequent port and subnet creation events.
2026-06-26 18:17:49.868 9 INFO neutron.db.ovn_revision_numbers_db [None req-4a7173c8-0adc-4981-b8d8-2f9a1190fe74 605fd3cf3db54279a313bc616ccd7cf9 1bc9790d7bc2424d8a6869044ba32542 - - default default] Successfully bumped revision number for resource db1c93a6-f61b-431c-99fe-996118b87ade (type: ports) to 2
