2026-06-26 18:20:25.394 9 INFO neutron.wsgi [None req-b479ec91-0189-4ca2-8d20-a60f04d996ad 605fd3cf3db54279a313bc616ccd7cf9 1bc9790d7bc2424d8a6869044ba32542 - - default default] 10.0.0.147 "DELETE /v2.0/security-groups/cca83873-b0e0-4dfe-bd55-7a9ca2f2b4e0 HTTP/1.1" status: 204 len: 168 time: 0.1853876
2026-06-26 18:20:25.518 10 WARNING neutron.scheduler.dhcp_agent_scheduler [None req-636aec33-44a1-46aa-8c10-ddce52d0c7a6 11cef19a18f1448181b5b3107719b41d 26a4a2c6d11d4dafbb1d611b4b924bb7 - - default default] No more DHCP agents
2026-06-26 18:20:25.521 10 WARNING neutron.api.rpc.agentnotifiers.dhcp_rpc_agent_api [None req-636aec33-44a1-46aa-8c10-ddce52d0c7a6 11cef19a18f1448181b5b3107719b41d 26a4a2c6d11d4dafbb1d611b4b924bb7 - - default default] Unable to schedule network ec3942fd-003b-4bc2-af98-0db0eb9a472e: no agents available; will retry on subsequent port and subnet creation events.
2026-06-26 18:20:25.599 10 INFO neutron.db.ovn_revision_numbers_db [None req-636aec33-44a1-46aa-8c10-ddce52d0c7a6 11cef19a18f1448181b5b3107719b41d 26a4a2c6d11d4dafbb1d611b4b924bb7 - - default default] Successfully bumped revision number for resource 265a4866-7cc5-427c-8584-7e302cc9aca3 (type: ports) to 1
2026-06-26 18:20:25.623 10 INFO neutron.wsgi [None req-636aec33-44a1-46aa-8c10-ddce52d0c7a6 11cef19a18f1448181b5b3107719b41d 26a4a2c6d11d4dafbb1d611b4b924bb7 - - default default] 10.0.0.147 "POST /v2.0/networks HTTP/1.1" status: 201 len: 1445 time: 1.2615407
2026-06-26 18:20:25.738 10 INFO neutron.wsgi [None req-659479b9-57f1-4145-965d-8fb649e505e5 11cef19a18f1448181b5b3107719b41d 26a4a2c6d11d4dafbb1d611b4b924bb7 - - default default] 10.0.0.147 "GET /v2.0/networks HTTP/1.1" status: 200 len: 2051 time: 0.1096559
2026-06-26 18:20:26.094 10 INFO neutron.services.segments.plugin [-] Segment d4803af1-7ae8-4152-a956-547ec4379197 resource provider aggregate not found
2026-06-26 18:20:26.098 10 INFO neutron.services.segments.plugin [-] Segment d4803af1-7ae8-4152-a956-547ec4379197 resource provider aggregate not found
2026-06-26 18:20:26.114 10 INFO neutron.services.segments.plugin [-] Segment d4803af1-7ae8-4152-a956-547ec4379197 resource provider not found; error: Placement Client Error (4xx): {"errors": [{"status": 404, "title": "Not Found", "detail": "The resource could not be found.\n\n No resource provider with uuid d4803af1-7ae8-4152-a956-547ec4379197 found for delete ", "request_id": "req-2f174ca0-2468-4e10-94f9-67565c53fb74"}]}
2026-06-26 18:20:26.117 10 INFO neutron.services.segments.plugin [-] Segment d4803af1-7ae8-4152-a956-547ec4379197 resource provider not found; error: Placement Client Error (4xx): {"errors": [{"status": 404, "title": "Not Found", "detail": "The resource could not be found.\n\n No resource provider with uuid d4803af1-7ae8-4152-a956-547ec4379197 found for delete ", "request_id": "req-562a961a-eec6-4f31-b7e6-f2ba35d33cd7"}]}
2026-06-26 18:20:26.181 10 INFO neutron.wsgi [None req-4d3a5379-1ee0-4c5a-ba77-e3fe7bbeefaf 11cef19a18f1448181b5b3107719b41d 26a4a2c6d11d4dafbb1d611b4b924bb7 - - default default] 10.0.0.147 "DELETE /v2.0/networks/76a0efc8-58e7-4803-8081-f5c40ed7987d HTTP/1.1" status: 204 len: 168 time: 0.4376645
2026-06-26 18:20:26.545 10 INFO neutron.wsgi [None req-e8560ced-cb37-4901-beda-50285f8c5564 11cef19a18f1448181b5b3107719b41d 26a4a2c6d11d4dafbb1d611b4b924bb7 - - default default] 10.0.0.147 "DELETE /v2.0/networks/ec3942fd-003b-4bc2-af98-0db0eb9a472e HTTP/1.1" status: 204 len: 168 time: 0.3562982
2026-06-26 18:20:26.621 10 INFO neutron.wsgi [None req-1425016c-31e5-49b2-a70a-0682fcbba5c0 11cef19a18f1448181b5b3107719b41d 26a4a2c6d11d4dafbb1d611b4b924bb7 - - default default] 10.0.0.147 "GET /v2.0/networks HTTP/1.1" status: 200 len: 845 time: 0.0716553
2026-06-26 18:20:26.707 10 INFO neutron.db.segments_db [None req-cf8ee33a-8744-4ec2-9940-53c3f8c90062 11cef19a18f1448181b5b3107719b41d 26a4a2c6d11d4dafbb1d611b4b924bb7 - - default default] Added segment 2322d30e-20df-4b57-a8b5-2eba94a1a2f1 of type geneve for network 33abfdd7-0ab9-4c30-8750-f93435b557f2
2026-06-26 18:20:26.879 10 INFO neutron.db.ovn_revision_numbers_db [None req-cf8ee33a-8744-4ec2-9940-53c3f8c90062 11cef19a18f1448181b5b3107719b41d 26a4a2c6d11d4dafbb1d611b4b924bb7 - - default default] Successfully bumped revision number for resource 33abfdd7-0ab9-4c30-8750-f93435b557f2 (type: networks) to 1
2026-06-26 18:20:27.034 10 WARNING neutron.scheduler.dhcp_agent_scheduler [None req-cf8ee33a-8744-4ec2-9940-53c3f8c90062 11cef19a18f1448181b5b3107719b41d 26a4a2c6d11d4dafbb1d611b4b924bb7 - - default default] No more DHCP agents
2026-06-26 18:20:27.036 10 WARNING neutron.api.rpc.agentnotifiers.dhcp_rpc_agent_api [None req-cf8ee33a-8744-4ec2-9940-53c3f8c90062 11cef19a18f1448181b5b3107719b41d 26a4a2c6d11d4dafbb1d611b4b924bb7 - - default default] Unable to schedule network 33abfdd7-0ab9-4c30-8750-f93435b557f2: no agents available; will retry on subsequent port and subnet creation events.
2026-06-26 18:20:27.126 10 INFO neutron.db.ovn_revision_numbers_db [None req-cf8ee33a-8744-4ec2-9940-53c3f8c90062 11cef19a18f1448181b5b3107719b41d 26a4a2c6d11d4dafbb1d611b4b924bb7 - - default default] Successfully bumped revision number for resource 187f4cfe-9873-4720-baad-602f13abb8ff (type: ports) to 1
2026-06-26 18:20:27.142 10 INFO neutron.wsgi [None req-cf8ee33a-8744-4ec2-9940-53c3f8c90062 11cef19a18f1448181b5b3107719b41d 26a4a2c6d11d4dafbb1d611b4b924bb7 - - default default] 10.0.0.147 "POST /v2.0/networks HTTP/1.1" status: 201 len: 853 time: 0.5148120
2026-06-26 18:20:27.231 10 INFO neutron.db.segments_db [None req-ac584049-fbce-4ee3-84d9-96d28bc6b6de 11cef19a18f1448181b5b3107719b41d 26a4a2c6d11d4dafbb1d611b4b924bb7 - - default default] Added segment d3a75e51-37c0-459e-84de-72a4b5a32cf1 of type geneve for network d6b494b0-3ff5-4143-be12-7b999500331b
2026-06-26 18:20:27.394 10 INFO neutron.db.ovn_revision_numbers_db [None req-ac584049-fbce-4ee3-84d9-96d28bc6b6de 11cef19a18f1448181b5b3107719b41d 26a4a2c6d11d4dafbb1d611b4b924bb7 - - default default] Successfully bumped revision number for resource d6b494b0-3ff5-4143-be12-7b999500331b (type: networks) to 1
2026-06-26 18:20:27.583 10 WARNING neutron.scheduler.dhcp_agent_scheduler [None req-ac584049-fbce-4ee3-84d9-96d28bc6b6de 11cef19a18f1448181b5b3107719b41d 26a4a2c6d11d4dafbb1d611b4b924bb7 - - default default] No more DHCP agents
2026-06-26 18:20:27.584 10 WARNING neutron.api.rpc.agentnotifiers.dhcp_rpc_agent_api [None req-ac584049-fbce-4ee3-84d9-96d28bc6b6de 11cef19a18f1448181b5b3107719b41d 26a4a2c6d11d4dafbb1d611b4b924bb7 - - default default] Unable to schedule network d6b494b0-3ff5-4143-be12-7b999500331b: no agents available; will retry on subsequent port and subnet creation events.
2026-06-26 18:20:27.665 10 INFO neutron.db.ovn_revision_numbers_db [None req-ac584049-fbce-4ee3-84d9-96d28bc6b6de 11cef19a18f1448181b5b3107719b41d 26a4a2c6d11d4dafbb1d611b4b924bb7 - - default default] Successfully bumped revision number for resource 68ab5358-9faf-460f-876c-8c7f13448889 (type: ports) to 1
2026-06-26 18:20:27.686 10 INFO neutron.wsgi [None req-ac584049-fbce-4ee3-84d9-96d28bc6b6de 11cef19a18f1448181b5b3107719b41d 26a4a2c6d11d4dafbb1d611b4b924bb7 - - default default] 10.0.0.147 "POST /v2.0/networks HTTP/1.1" status: 201 len: 852 time: 0.5383790
2026-06-26 18:20:28.137 10 INFO neutron.services.segments.plugin [-] Segment ae9f3e57-f5fb-4c68-9f79-dd01cf74f9b7 resource provider aggregate not found
2026-06-26 18:20:28.143 10 INFO neutron.services.segments.plugin [-] Segment ae9f3e57-f5fb-4c68-9f79-dd01cf74f9b7 resource provider aggregate not found
2026-06-26 18:20:28.152 10 WARNING neutron.scheduler.dhcp_agent_scheduler [None req-3141d711-c0f2-4e84-a66b-567fefb423f4 11cef19a18f1448181b5b3107719b41d 26a4a2c6d11d4dafbb1d611b4b924bb7 - - default default] No more DHCP agents
2026-06-26 18:20:28.154 10 INFO neutron.services.segments.plugin [-] Segment ae9f3e57-f5fb-4c68-9f79-dd01cf74f9b7 resource provider not found; error: Placement Client Error (4xx): {"errors": [{"status": 404, "title": "Not Found", "detail": "The resource could not be found.\n\n No resource provider with uuid ae9f3e57-f5fb-4c68-9f79-dd01cf74f9b7 found for delete ", "request_id": "req-5f98daf3-d1b4-41ec-8482-8e99f62ae340"}]}
2026-06-26 18:20:28.155 10 WARNING neutron.api.rpc.agentnotifiers.dhcp_rpc_agent_api [None req-3141d711-c0f2-4e84-a66b-567fefb423f4 11cef19a18f1448181b5b3107719b41d 26a4a2c6d11d4dafbb1d611b4b924bb7 - - default default] Unable to schedule network 33abfdd7-0ab9-4c30-8750-f93435b557f2: no agents available; will retry on subsequent port and subnet creation events.
2026-06-26 18:20:28.158 10 INFO neutron.services.segments.plugin [-] Segment ae9f3e57-f5fb-4c68-9f79-dd01cf74f9b7 resource provider not found; error: Placement Client Error (4xx): {"errors": [{"status": 404, "title": "Not Found", "detail": "The resource could not be found.\n\n No resource provider with uuid ae9f3e57-f5fb-4c68-9f79-dd01cf74f9b7 found for delete ", "request_id": "req-1402f2c7-4dd8-4a65-ab53-0b8f6d287415"}]}
2026-06-26 18:20:28.239 10 INFO neutron.db.ovn_revision_numbers_db [None req-3141d711-c0f2-4e84-a66b-567fefb423f4 11cef19a18f1448181b5b3107719b41d 26a4a2c6d11d4dafbb1d611b4b924bb7 - - default default] Successfully bumped revision number for resource e1edfd6b-83ae-41e0-885b-ef19d6d6ad40 (type: ports) to 1
2026-06-26 18:20:28.274 10 WARNING neutron.scheduler.dhcp_agent_scheduler [None req-3141d711-c0f2-4e84-a66b-567fefb423f4 11cef19a18f1448181b5b3107719b41d 26a4a2c6d11d4dafbb1d611b4b924bb7 - - default default] No more DHCP agents
2026-06-26 18:20:28.277 10 WARNING neutron.api.rpc.agentnotifiers.dhcp_rpc_agent_api [None req-3141d711-c0f2-4e84-a66b-567fefb423f4 11cef19a18f1448181b5b3107719b41d 26a4a2c6d11d4dafbb1d611b4b924bb7 - - default default] Unable to schedule network d6b494b0-3ff5-4143-be12-7b999500331b: no agents available; will retry on subsequent port and subnet creation events.
2026-06-26 18:20:28.352 10 INFO neutron.db.ovn_revision_numbers_db [None req-3141d711-c0f2-4e84-a66b-567fefb423f4 11cef19a18f1448181b5b3107719b41d 26a4a2c6d11d4dafbb1d611b4b924bb7 - - default default] Successfully bumped revision number for resource e3576ac2-369e-4163-81a4-e2bedac5d0c5 (type: ports) to 1
2026-06-26 18:20:28.375 10 INFO neutron.wsgi [None req-3141d711-c0f2-4e84-a66b-567fefb423f4 11cef19a18f1448181b5b3107719b41d 26a4a2c6d11d4dafbb1d611b4b924bb7 - - default default] 10.0.0.147 "POST /v2.0/ports HTTP/1.1" status: 201 len: 1705 time: 0.6830387 /var/lib/openstack/lib/python3.10/site-packages/pycadf/identifier.py:71: UserWarning: Invalid uuid: neutron. To ensure interoperability, identifiers should be a valid uuid. warnings.warn(('Invalid uuid: %s. To ensure interoperability, '
2026-06-26 18:20:28.530 10 INFO neutron.wsgi [None req-fd24e88b-2ea1-4afe-9897-996236845ce1 11cef19a18f1448181b5b3107719b41d 26a4a2c6d11d4dafbb1d611b4b924bb7 - - default default] 10.0.0.147 "GET /v2.0/ports HTTP/1.1" status: 200 len: 3212 time: 0.1498888
2026-06-26 18:20:28.970 10 INFO neutron.wsgi [None req-86b07276-7e00-4765-86db-a58e4173d51e 11cef19a18f1448181b5b3107719b41d 26a4a2c6d11d4dafbb1d611b4b924bb7 - - default default] 10.0.0.147 "DELETE /v2.0/ports/e1edfd6b-83ae-41e0-885b-ef19d6d6ad40 HTTP/1.1" status: 204 len: 168 time: 0.4350698
2026-06-26 18:20:29.202 10 INFO neutron.db.ovn_revision_numbers_db [None req-26ac3b55-7a7a-45fe-9cf2-ebf9fb55199f 605fd3cf3db54279a313bc616ccd7cf9 1bc9790d7bc2424d8a6869044ba32542 - - default default] Successfully bumped revision number for resource 78f9c063-0125-42df-b11d-0d3ea79d42e2 (type: security_groups) to 1
2026-06-26 18:20:29.223 10 INFO neutron.wsgi [None req-b8fe8d23-e0ed-4dca-a287-f2ffbdd1592e 11cef19a18f1448181b5b3107719b41d 26a4a2c6d11d4dafbb1d611b4b924bb7 - - default default] 10.0.0.147 "DELETE /v2.0/ports/e3576ac2-369e-4163-81a4-e2bedac5d0c5 HTTP/1.1" status: 204 len: 168 time: 0.2486627
2026-06-26 18:20:29.224 10 INFO neutron.db.ovn_revision_numbers_db [None req-26ac3b55-7a7a-45fe-9cf2-ebf9fb55199f 605fd3cf3db54279a313bc616ccd7cf9 1bc9790d7bc2424d8a6869044ba32542 - - default default] Successfully bumped revision number for resource 7383ecae-0b83-4d10-96e4-6598f42315f1 (type: security_group_rules) to 0
2026-06-26 18:20:29.239 10 INFO neutron.db.ovn_revision_numbers_db [None req-26ac3b55-7a7a-45fe-9cf2-ebf9fb55199f 605fd3cf3db54279a313bc616ccd7cf9 1bc9790d7bc2424d8a6869044ba32542 - - default default] Successfully bumped revision number for resource a8caa909-6bf1-4ce1-b17b-0d6b7de89c65 (type: security_group_rules) to 0
2026-06-26 18:20:29.253 10 INFO neutron.db.ovn_revision_numbers_db [None req-26ac3b55-7a7a-45fe-9cf2-ebf9fb55199f 605fd3cf3db54279a313bc616ccd7cf9 1bc9790d7bc2424d8a6869044ba32542 - - default default] Successfully bumped revision number for resource b1be51ce-084e-4942-9ce0-9b341002014f (type: security_group_rules) to 0
2026-06-26 18:20:29.275 10 INFO neutron.db.ovn_revision_numbers_db [None req-26ac3b55-7a7a-45fe-9cf2-ebf9fb55199f 605fd3cf3db54279a313bc616ccd7cf9 1bc9790d7bc2424d8a6869044ba32542 - - default default] Successfully bumped revision number for resource f6576644-72a8-43ff-b914-addca380796f (type: security_group_rules) to 0
2026-06-26 18:20:29.292 10 INFO neutron.wsgi [None req-26ac3b55-7a7a-45fe-9cf2-ebf9fb55199f 605fd3cf3db54279a313bc616ccd7cf9 1bc9790d7bc2424d8a6869044ba32542 - - default default] 10.0.0.147 "GET /v2.0/security-groups?tenant_id=339b547357774c29892e7ac85eae16f2&name=default HTTP/1.1" status: 200 len: 2996 time: 0.3455625
2026-06-26 18:20:29.357 9 INFO neutron.wsgi [None req-42528960-04b7-4598-8efb-8a592007ad82 11cef19a18f1448181b5b3107719b41d 26a4a2c6d11d4dafbb1d611b4b924bb7 - - default default] 10.0.0.147 "GET /v2.0/ports HTTP/1.1" status: 200 len: 1718 time: 0.1306298
2026-06-26 18:20:29.434 9 INFO neutron.db.segments_db [None req-26e5e9d1-a959-4097-918e-43077fcb1690 11cef19a18f1448181b5b3107719b41d 26a4a2c6d11d4dafbb1d611b4b924bb7 - - default default] Added segment 44ecd1c3-fc64-4bc3-86a2-c581ad2ff8c4 of type geneve for network f537e03a-1095-44a8-922d-55eddbce9ca9
2026-06-26 18:20:29.486 10 INFO neutron.wsgi [None req-d04f1f14-1ca6-48ac-afaa-897be47c9347 605fd3cf3db54279a313bc616ccd7cf9 1bc9790d7bc2424d8a6869044ba32542 - - default default] 10.0.0.147 "DELETE /v2.0/security-groups/78f9c063-0125-42df-b11d-0d3ea79d42e2 HTTP/1.1" status: 204 len: 168 time: 0.1899507
2026-06-26 18:20:29.609 9 INFO neutron.db.ovn_revision_numbers_db [None req-26e5e9d1-a959-4097-918e-43077fcb1690 11cef19a18f1448181b5b3107719b41d 26a4a2c6d11d4dafbb1d611b4b924bb7 - - default default] Successfully bumped revision number for resource f537e03a-1095-44a8-922d-55eddbce9ca9 (type: networks) to 1
2026-06-26 18:20:29.840 9 WARNING neutron.scheduler.dhcp_agent_scheduler [None req-26e5e9d1-a959-4097-918e-43077fcb1690 11cef19a18f1448181b5b3107719b41d 26a4a2c6d11d4dafbb1d611b4b924bb7 - - default default] No more DHCP agents
2026-06-26 18:20:29.842 9 WARNING neutron.api.rpc.agentnotifiers.dhcp_rpc_agent_api [None req-26e5e9d1-a959-4097-918e-43077fcb1690 11cef19a18f1448181b5b3107719b41d 26a4a2c6d11d4dafbb1d611b4b924bb7 - - default default] Unable to schedule network f537e03a-1095-44a8-922d-55eddbce9ca9: no agents available; will retry on subsequent port and subnet creation events.
2026-06-26 18:20:29.852 9 INFO neutron.db.ovn_revision_numbers_db [None req-18e39164-3145-4bcb-b530-ea5a2ac80e1c 605fd3cf3db54279a313bc616ccd7cf9 1bc9790d7bc2424d8a6869044ba32542 - - default default] Successfully bumped revision number for resource f5c57965-f2cc-4edf-8918-a7828526d738 (type: security_groups) to 1
2026-06-26 18:20:29.874 9 INFO neutron.db.ovn_revision_numbers_db [None req-18e39164-3145-4bcb-b530-ea5a2ac80e1c 605fd3cf3db54279a313bc616ccd7cf9 1bc9790d7bc2424d8a6869044ba32542 - - default default] Successfully bumped revision number for resource 371fe2a4-2fa9-4d59-af2b-778b33bfc781 (type: security_group_rules) to 0
2026-06-26 18:20:29.893 9 INFO neutron.db.ovn_revision_numbers_db [None req-18e39164-3145-4bcb-b530-ea5a2ac80e1c 605fd3cf3db54279a313bc616ccd7cf9 1bc9790d7bc2424d8a6869044ba32542 - - default default] Successfully bumped revision number for resource c95bd126-7793-4402-81a5-39ed6ab94222 (type: security_group_rules) to 0
2026-06-26 18:20:29.918 9 INFO neutron.db.ovn_revision_numbers_db [None req-18e39164-3145-4bcb-b530-ea5a2ac80e1c 605fd3cf3db54279a313bc616ccd7cf9 1bc9790d7bc2424d8a6869044ba32542 - - default default] Successfully bumped revision number for resource cc5b0f07-02da-4228-b3ff-960d63d954e8 (type: security_group_rules) to 0
2026-06-26 18:20:29.926 9 INFO neutron.db.ovn_revision_numbers_db [None req-26e5e9d1-a959-4097-918e-43077fcb1690 11cef19a18f1448181b5b3107719b41d 26a4a2c6d11d4dafbb1d611b4b924bb7 - - default default] Successfully bumped revision number for resource e584e5ba-1354-419d-8a96-54b5a7c58e40 (type: ports) to 1
2026-06-26 18:20:29.929 9 INFO neutron.db.ovn_revision_numbers_db [None req-18e39164-3145-4bcb-b530-ea5a2ac80e1c 605fd3cf3db54279a313bc616ccd7cf9 1bc9790d7bc2424d8a6869044ba32542 - - default default] Successfully bumped revision number for resource e983edd8-9a1c-4e98-817a-e5c0ad5e3bbb (type: security_group_rules) to 0
2026-06-26 18:20:29.952 9 INFO neutron.wsgi [None req-26e5e9d1-a959-4097-918e-43077fcb1690 11cef19a18f1448181b5b3107719b41d 26a4a2c6d11d4dafbb1d611b4b924bb7 - - default default] 10.0.0.147 "POST /v2.0/networks HTTP/1.1" status: 201 len: 853 time: 0.5887272
2026-06-26 18:20:29.956 9 INFO neutron.wsgi [None req-18e39164-3145-4bcb-b530-ea5a2ac80e1c 605fd3cf3db54279a313bc616ccd7cf9 1bc9790d7bc2424d8a6869044ba32542 - - default default] 10.0.0.147 "GET /v2.0/security-groups?tenant_id=af4bbd378265415dbeb26a1661e5ab50&name=default HTTP/1.1" status: 200 len: 2996 time: 0.3121076
2026-06-26 18:20:30.042 9 INFO neutron.db.segments_db [None req-78007d47-cf1b-4c3b-adc0-2b504d2d5fb2 11cef19a18f1448181b5b3107719b41d 26a4a2c6d11d4dafbb1d611b4b924bb7 - - default default] Added segment 87dc4d27-cf31-419d-8ab9-3e87420a3b0a of type geneve for network d851b75b-f553-474d-a55f-3a0a4680ab5d
2026-06-26 18:20:30.077 10 WARNING neutron.scheduler.dhcp_agent_scheduler [None req-b0ee2687-2b14-4564-8b3a-82ef7e0eeba2 358089c23c1146dc9bdbb9f316110a1d bbf8160fd45f42f9b5759d9fba47c86a - - default default] No more DHCP agents
2026-06-26 18:20:30.082 10 WARNING neutron.api.rpc.agentnotifiers.dhcp_rpc_agent_api [None req-b0ee2687-2b14-4564-8b3a-82ef7e0eeba2 358089c23c1146dc9bdbb9f316110a1d bbf8160fd45f42f9b5759d9fba47c86a - - default default] Unable to schedule network 4c3b357f-c15b-4c90-b114-ef4997377957: no agents available; will retry on subsequent port and subnet creation events.
2026-06-26 18:20:30.186 9 INFO neutron.db.ovn_revision_numbers_db [None req-78007d47-cf1b-4c3b-adc0-2b504d2d5fb2 11cef19a18f1448181b5b3107719b41d 26a4a2c6d11d4dafbb1d611b4b924bb7 - - default default] Successfully bumped revision number for resource d851b75b-f553-474d-a55f-3a0a4680ab5d (type: networks) to 1
2026-06-26 18:20:30.264 10 INFO neutron.wsgi [None req-28ce4f2f-6c2c-4b15-9e81-b259cd261725 605fd3cf3db54279a313bc616ccd7cf9 1bc9790d7bc2424d8a6869044ba32542 - - default default] 10.0.0.147 "DELETE /v2.0/security-groups/f5c57965-f2cc-4edf-8918-a7828526d738 HTTP/1.1" status: 204 len: 168 time: 0.3018937
2026-06-26 18:20:30.370 9 WARNING neutron.scheduler.dhcp_agent_scheduler [None req-78007d47-cf1b-4c3b-adc0-2b504d2d5fb2 11cef19a18f1448181b5b3107719b41d 26a4a2c6d11d4dafbb1d611b4b924bb7 - - default default] No more DHCP agents
2026-06-26 18:20:30.372 9 WARNING neutron.api.rpc.agentnotifiers.dhcp_rpc_agent_api [None req-78007d47-cf1b-4c3b-adc0-2b504d2d5fb2 11cef19a18f1448181b5b3107719b41d 26a4a2c6d11d4dafbb1d611b4b924bb7 - - default default] Unable to schedule network d851b75b-f553-474d-a55f-3a0a4680ab5d: no agents available; will retry on subsequent port and subnet creation events.
2026-06-26 18:20:30.432 10 INFO neutron.db.ovn_revision_numbers_db [None req-b0ee2687-2b14-4564-8b3a-82ef7e0eeba2 358089c23c1146dc9bdbb9f316110a1d bbf8160fd45f42f9b5759d9fba47c86a - - default default] Successfully bumped revision number for resource 813fbe36-6051-412c-8764-13e6eb4c7a16 (type: floatingips) to 0
2026-06-26 18:20:30.446 10 INFO neutron.wsgi [None req-b0ee2687-2b14-4564-8b3a-82ef7e0eeba2 358089c23c1146dc9bdbb9f316110a1d bbf8160fd45f42f9b5759d9fba47c86a - - default default] 10.0.0.147 "POST /v2.0/floatingips HTTP/1.1" status: 201 len: 751 time: 0.9369450
2026-06-26 18:20:30.468 9 INFO neutron.db.ovn_revision_numbers_db [None req-78007d47-cf1b-4c3b-adc0-2b504d2d5fb2 11cef19a18f1448181b5b3107719b41d 26a4a2c6d11d4dafbb1d611b4b924bb7 - - default default] Successfully bumped revision number for resource 7da33501-a688-41a5-b506-f167407cd2db (type: ports) to 1
2026-06-26 18:20:30.493 9 INFO neutron.wsgi [None req-78007d47-cf1b-4c3b-adc0-2b504d2d5fb2 11cef19a18f1448181b5b3107719b41d 26a4a2c6d11d4dafbb1d611b4b924bb7 - - default default] 10.0.0.147 "POST /v2.0/networks HTTP/1.1" status: 201 len: 852 time: 0.5343370
2026-06-26 18:20:30.780 10 WARNING neutron.scheduler.dhcp_agent_scheduler [None req-1dfa7ebc-aae1-496f-a3a5-89ffdc2bfb39 358089c23c1146dc9bdbb9f316110a1d bbf8160fd45f42f9b5759d9fba47c86a - - default default] No more DHCP agents
2026-06-26 18:20:30.786 10 WARNING neutron.api.rpc.agentnotifiers.dhcp_rpc_agent_api [None req-1dfa7ebc-aae1-496f-a3a5-89ffdc2bfb39 358089c23c1146dc9bdbb9f316110a1d bbf8160fd45f42f9b5759d9fba47c86a - - default default] Unable to schedule network 4c3b357f-c15b-4c90-b114-ef4997377957: no agents available; will retry on subsequent port and subnet creation events.
2026-06-26 18:20:31.104 10 INFO neutron.db.ovn_revision_numbers_db [None req-1dfa7ebc-aae1-496f-a3a5-89ffdc2bfb39 358089c23c1146dc9bdbb9f316110a1d bbf8160fd45f42f9b5759d9fba47c86a - - default default] Successfully bumped revision number for resource 62cae9a3-7afb-4c26-8081-4a3772794884 (type: floatingips) to 0
2026-06-26 18:20:31.119 10 INFO neutron.wsgi [None req-1dfa7ebc-aae1-496f-a3a5-89ffdc2bfb39 358089c23c1146dc9bdbb9f316110a1d bbf8160fd45f42f9b5759d9fba47c86a - - default default] 10.0.0.147 "POST /v2.0/floatingips HTTP/1.1" status: 201 len: 751 time: 0.6620007
2026-06-26 18:20:31.374 10 WARNING neutron.scheduler.dhcp_agent_scheduler [None req-a557605a-2659-4c70-9663-d5923a89ac9b 358089c23c1146dc9bdbb9f316110a1d bbf8160fd45f42f9b5759d9fba47c86a - - default default] No more DHCP agents
2026-06-26 18:20:31.377 10 WARNING neutron.api.rpc.agentnotifiers.dhcp_rpc_agent_api [None req-a557605a-2659-4c70-9663-d5923a89ac9b 358089c23c1146dc9bdbb9f316110a1d bbf8160fd45f42f9b5759d9fba47c86a - - default default] Unable to schedule network 4c3b357f-c15b-4c90-b114-ef4997377957: no agents available; will retry on subsequent port and subnet creation events.
2026-06-26 18:20:31.666 9 WARNING neutron.scheduler.dhcp_agent_scheduler [None req-433d7dee-bf2f-4675-bbeb-b7e6ef6a4b6a 11cef19a18f1448181b5b3107719b41d 26a4a2c6d11d4dafbb1d611b4b924bb7 - - default default] No more DHCP agents
2026-06-26 18:20:31.669 9 WARNING neutron.api.rpc.agentnotifiers.dhcp_rpc_agent_api [None req-433d7dee-bf2f-4675-bbeb-b7e6ef6a4b6a 11cef19a18f1448181b5b3107719b41d 26a4a2c6d11d4dafbb1d611b4b924bb7 - - default default] Unable to schedule network f537e03a-1095-44a8-922d-55eddbce9ca9: no agents available; will retry on subsequent port and subnet creation events.
2026-06-26 18:20:31.709 9 INFO neutron.db.ovn_revision_numbers_db [None req-433d7dee-bf2f-4675-bbeb-b7e6ef6a4b6a 11cef19a18f1448181b5b3107719b41d 26a4a2c6d11d4dafbb1d611b4b924bb7 - - default default] Successfully bumped revision number for resource cb853e7b-ac35-4308-b04d-2d1c547db5a1 (type: subnets) to 0
2026-06-26 18:20:31.722 10 INFO neutron.db.ovn_revision_numbers_db [None req-a557605a-2659-4c70-9663-d5923a89ac9b 358089c23c1146dc9bdbb9f316110a1d bbf8160fd45f42f9b5759d9fba47c86a - - default default] Successfully bumped revision number for resource ea212b4c-b586-440c-898a-dd70e51cb58f (type: floatingips) to 0
2026-06-26 18:20:31.738 10 INFO neutron.wsgi [None req-a557605a-2659-4c70-9663-d5923a89ac9b 358089c23c1146dc9bdbb9f316110a1d bbf8160fd45f42f9b5759d9fba47c86a - - default default] 10.0.0.147 "POST /v2.0/floatingips HTTP/1.1" status: 201 len: 751 time: 0.6138132
2026-06-26 18:20:31.745 9 WARNING neutron.scheduler.dhcp_agent_scheduler [None req-433d7dee-bf2f-4675-bbeb-b7e6ef6a4b6a 11cef19a18f1448181b5b3107719b41d 26a4a2c6d11d4dafbb1d611b4b924bb7 - - default default] No more DHCP agents
2026-06-26 18:20:31.747 9 WARNING neutron.api.rpc.agentnotifiers.dhcp_rpc_agent_api [None req-433d7dee-bf2f-4675-bbeb-b7e6ef6a4b6a 11cef19a18f1448181b5b3107719b41d 26a4a2c6d11d4dafbb1d611b4b924bb7 - - default default] Unable to schedule network d851b75b-f553-474d-a55f-3a0a4680ab5d: no agents available; will retry on subsequent port and subnet creation events.
2026-06-26 18:20:31.786 9 INFO neutron.db.ovn_revision_numbers_db [None req-433d7dee-bf2f-4675-bbeb-b7e6ef6a4b6a 11cef19a18f1448181b5b3107719b41d 26a4a2c6d11d4dafbb1d611b4b924bb7 - - default default] Successfully bumped revision number for resource 6fe541b7-433c-444d-900a-9983563666e2 (type: subnets) to 0
2026-06-26 18:20:31.803 9 INFO neutron.wsgi [None req-433d7dee-bf2f-4675-bbeb-b7e6ef6a4b6a 11cef19a18f1448181b5b3107719b41d 26a4a2c6d11d4dafbb1d611b4b924bb7 - - default default] 10.0.0.147 "POST /v2.0/subnets HTTP/1.1" status: 201 len: 1474 time: 0.8327346
2026-06-26 18:20:31.855 9 INFO neutron.wsgi [None req-dd99efd3-a006-4190-8d45-baa0fcf56c11 11cef19a18f1448181b5b3107719b41d 26a4a2c6d11d4dafbb1d611b4b924bb7 - - default default] 10.0.0.147 "GET /v2.0/subnets HTTP/1.1" status: 200 len: 2082 time: 0.0464604
2026-06-26 18:20:32.016 10 WARNING neutron.scheduler.dhcp_agent_scheduler [None req-14d3f60a-afb5-4457-ba44-dbbad3053f2c 358089c23c1146dc9bdbb9f316110a1d bbf8160fd45f42f9b5759d9fba47c86a - - default default] No more DHCP agents
2026-06-26 18:20:32.017 10 WARNING neutron.api.rpc.agentnotifiers.dhcp_rpc_agent_api [None req-14d3f60a-afb5-4457-ba44-dbbad3053f2c 358089c23c1146dc9bdbb9f316110a1d bbf8160fd45f42f9b5759d9fba47c86a - - default default] Unable to schedule network 4c3b357f-c15b-4c90-b114-ef4997377957: no agents available; will retry on subsequent port and subnet creation events.
2026-06-26 18:20:32.062 9 INFO neutron.wsgi [None req-85808e86-5cab-4c98-b601-61ee0d3677e2 11cef19a18f1448181b5b3107719b41d 26a4a2c6d11d4dafbb1d611b4b924bb7 - - default default] 10.0.0.147 "DELETE /v2.0/subnets/cb853e7b-ac35-4308-b04d-2d1c547db5a1 HTTP/1.1" status: 204 len: 168 time: 0.1929111
2026-06-26 18:20:32.246 9 INFO neutron.wsgi [None req-2486f1b9-64eb-443b-a2c2-52bae275f9f8 11cef19a18f1448181b5b3107719b41d 26a4a2c6d11d4dafbb1d611b4b924bb7 - - default default] 10.0.0.147 "DELETE /v2.0/subnets/6fe541b7-433c-444d-900a-9983563666e2 HTTP/1.1" status: 204 len: 168 time: 0.1799042
2026-06-26 18:20:32.286 9 INFO neutron.wsgi [None req-47f0a560-e2ba-4a16-93e5-cb71480a0863 11cef19a18f1448181b5b3107719b41d 26a4a2c6d11d4dafbb1d611b4b924bb7 - - default default] 10.0.0.147 "GET /v2.0/subnets HTTP/1.1" status: 200 len: 820 time: 0.0342798
2026-06-26 18:20:32.326 10 INFO neutron.db.ovn_revision_numbers_db [None req-14d3f60a-afb5-4457-ba44-dbbad3053f2c 358089c23c1146dc9bdbb9f316110a1d bbf8160fd45f42f9b5759d9fba47c86a - - default default] Successfully bumped revision number for resource 105af4bb-c17d-46ca-a084-0611ff267b28 (type: floatingips) to 0
2026-06-26 18:20:32.343 10 INFO neutron.wsgi [None req-14d3f60a-afb5-4457-ba44-dbbad3053f2c 358089c23c1146dc9bdbb9f316110a1d bbf8160fd45f42f9b5759d9fba47c86a - - default default] 10.0.0.147 "POST /v2.0/floatingips HTTP/1.1" status: 201 len: 751 time: 0.6004512
2026-06-26 18:20:32.568 10 WARNING neutron.scheduler.dhcp_agent_scheduler [None req-7d577fd4-1596-4a23-9504-975e056a2403 358089c23c1146dc9bdbb9f316110a1d bbf8160fd45f42f9b5759d9fba47c86a - - default default] No more DHCP agents
2026-06-26 18:20:32.571 10 WARNING neutron.api.rpc.agentnotifiers.dhcp_rpc_agent_api [None req-7d577fd4-1596-4a23-9504-975e056a2403 358089c23c1146dc9bdbb9f316110a1d bbf8160fd45f42f9b5759d9fba47c86a - - default default] Unable to schedule network 4c3b357f-c15b-4c90-b114-ef4997377957: no agents available; will retry on subsequent port and subnet creation events.
2026-06-26 18:20:32.616 9 INFO neutron.services.segments.plugin [-] Segment 87dc4d27-cf31-419d-8ab9-3e87420a3b0a resource provider aggregate not found
2026-06-26 18:20:32.631 9 INFO neutron.services.segments.plugin [-] Segment 87dc4d27-cf31-419d-8ab9-3e87420a3b0a resource provider aggregate not found
2026-06-26 18:20:32.635 9 INFO neutron.services.segments.plugin [-] Segment 87dc4d27-cf31-419d-8ab9-3e87420a3b0a resource provider not found; error: Placement Client Error (4xx): {"errors": [{"status": 404, "title": "Not Found", "detail": "The resource could not be found.\n\n No resource provider with uuid 87dc4d27-cf31-419d-8ab9-3e87420a3b0a found for delete ", "request_id": "req-e6df21cc-3507-41ed-9aa7-b1fa0bd68019"}]}
2026-06-26 18:20:32.648 9 INFO neutron.services.segments.plugin [-] Segment 87dc4d27-cf31-419d-8ab9-3e87420a3b0a resource provider not found; error: Placement Client Error (4xx): {"errors": [{"status": 404, "title": "Not Found", "detail": "The resource could not be found.\n\n No resource provider with uuid 87dc4d27-cf31-419d-8ab9-3e87420a3b0a found for delete ", "request_id": "req-fbe0b71a-409f-4f78-bb99-2505d001568e"}]}
2026-06-26 18:20:32.668 9 INFO neutron.wsgi [None req-2c359637-1596-4f0c-a6a1-7850c1a5d39b 11cef19a18f1448181b5b3107719b41d 26a4a2c6d11d4dafbb1d611b4b924bb7 - - default default] 10.0.0.147 "DELETE /v2.0/networks/d851b75b-f553-474d-a55f-3a0a4680ab5d HTTP/1.1" status: 204 len: 168 time: 0.3756630
2026-06-26 18:20:32.874 10 INFO neutron.db.ovn_revision_numbers_db [None req-7d577fd4-1596-4a23-9504-975e056a2403 358089c23c1146dc9bdbb9f316110a1d bbf8160fd45f42f9b5759d9fba47c86a - - default default] Successfully bumped revision number for resource e88613cc-b396-47d1-953c-49b76110ec77 (type: floatingips) to 0
2026-06-26 18:20:32.888 10 INFO neutron.wsgi [None req-7d577fd4-1596-4a23-9504-975e056a2403 358089c23c1146dc9bdbb9f316110a1d bbf8160fd45f42f9b5759d9fba47c86a - - default default] 10.0.0.147 "POST /v2.0/floatingips HTTP/1.1" status: 201 len: 751 time: 0.5411935
2026-06-26 18:20:32.939 10 INFO neutron.wsgi [None req-247c89a4-f7c2-4ebd-8eab-b1aa1b580898 358089c23c1146dc9bdbb9f316110a1d bbf8160fd45f42f9b5759d9fba47c86a - - default default] 10.0.0.147 "PUT /v2.0/floatingips/813fbe36-6051-412c-8764-13e6eb4c7a16/tags HTTP/1.1" status: 200 len: 210 time: 0.0448351
2026-06-26 18:20:32.975 10 INFO neutron.wsgi [None req-ce866664-6e30-4513-8a65-107c4ea7adf8 358089c23c1146dc9bdbb9f316110a1d bbf8160fd45f42f9b5759d9fba47c86a - - default default] 10.0.0.147 "PUT /v2.0/floatingips/62cae9a3-7afb-4c26-8081-4a3772794884/tags HTTP/1.1" status: 200 len: 218 time: 0.0320067
2026-06-26 18:20:33.014 10 INFO neutron.wsgi [None req-e980da17-9348-458e-b56b-8fb7ac1b7713 358089c23c1146dc9bdbb9f316110a1d bbf8160fd45f42f9b5759d9fba47c86a - - default default] 10.0.0.147 "PUT /v2.0/floatingips/ea212b4c-b586-440c-898a-dd70e51cb58f/tags HTTP/1.1" status: 200 len: 227 time: 0.0336251
2026-06-26 18:20:33.054 10 INFO neutron.wsgi [None req-0572aa25-ffad-4631-9a9f-2d83a6af5f40 358089c23c1146dc9bdbb9f316110a1d bbf8160fd45f42f9b5759d9fba47c86a - - default default] 10.0.0.147 "PUT /v2.0/floatingips/105af4bb-c17d-46ca-a084-0611ff267b28/tags HTTP/1.1" status: 200 len: 212 time: 0.0348439
2026-06-26 18:20:33.066 9 INFO neutron.wsgi [None req-4672f29c-d62e-4cc8-9729-00fc583b6221 11cef19a18f1448181b5b3107719b41d 26a4a2c6d11d4dafbb1d611b4b924bb7 - - default default] 10.0.0.147 "DELETE /v2.0/networks/f537e03a-1095-44a8-922d-55eddbce9ca9 HTTP/1.1" status: 204 len: 168 time: 0.3865087
2026-06-26 18:20:33.113 10 INFO neutron.wsgi [None req-d932f14c-23f6-40fc-9bb1-a65a9ffb1290 358089c23c1146dc9bdbb9f316110a1d bbf8160fd45f42f9b5759d9fba47c86a - - default default] 10.0.0.147 "GET /v2.0/floatingips?tags=red HTTP/1.1" status: 200 len: 1866 time: 0.0541372
2026-06-26 18:20:33.163 10 INFO neutron.wsgi [None req-77fc0703-2f1c-4815-bc64-4d362bb3c783 358089c23c1146dc9bdbb9f316110a1d bbf8160fd45f42f9b5759d9fba47c86a - - default default] 10.0.0.147 "GET /v2.0/floatingips?tags=red%2Cblue HTTP/1.1" status: 200 len: 1323 time: 0.0454583
2026-06-26 18:20:33.224 10 INFO neutron.wsgi [None req-3290b0ee-83bd-4d00-98d9-c53accd881c3 358089c23c1146dc9bdbb9f316110a1d bbf8160fd45f42f9b5759d9fba47c86a - - default default] 10.0.0.147 "GET /v2.0/floatingips?tags-any=blue HTTP/1.1" status: 200 len: 1323 time: 0.0534647
2026-06-26 18:20:33.273 9 INFO neutron.wsgi [None req-b6e10bf8-82c1-42c6-a0fa-4b9dcaa4a537 358089c23c1146dc9bdbb9f316110a1d bbf8160fd45f42f9b5759d9fba47c86a - - default default] 10.0.0.147 "GET /v2.0/floatingips?tags-any=red%2Cblue HTTP/1.1" status: 200 len: 1866 time: 0.0401170
2026-06-26 18:20:33.325 9 INFO neutron.wsgi [None req-75ac12a5-2e99-474e-8c9c-73b44ec036aa 358089c23c1146dc9bdbb9f316110a1d bbf8160fd45f42f9b5759d9fba47c86a - - default default] 10.0.0.147 "GET /v2.0/floatingips?not-tags=red HTTP/1.1" status: 200 len: 1295 time: 0.0419762
2026-06-26 18:20:33.377 9 INFO neutron.wsgi [None req-f43ffd27-de9e-4d2d-8be9-70a2e6534f61 358089c23c1146dc9bdbb9f316110a1d bbf8160fd45f42f9b5759d9fba47c86a - - default default] 10.0.0.147 "GET /v2.0/floatingips?not-tags=red%2Cblue HTTP/1.1" status: 200 len: 1838 time: 0.0484190
2026-06-26 18:20:33.436 10 INFO neutron.wsgi [None req-a8ef4229-15d1-4901-ad39-84b0b5820025 358089c23c1146dc9bdbb9f316110a1d bbf8160fd45f42f9b5759d9fba47c86a - - default default] 10.0.0.147 "GET /v2.0/floatingips?not-tags-any=blue HTTP/1.1" status: 200 len: 1838 time: 0.0534160
2026-06-26 18:20:33.470 10 INFO neutron.wsgi [None req-49900c52-3939-422a-8119-a427af76a23f 358089c23c1146dc9bdbb9f316110a1d bbf8160fd45f42f9b5759d9fba47c86a - - default default] 10.0.0.147 "GET /v2.0/floatingips?not-tags-any=red%2Cblue HTTP/1.1" status: 200 len: 1295 time: 0.0294366
2026-06-26 18:20:33.513 9 INFO neutron.wsgi [None req-b30146c4-cb17-47f1-aea7-19b6a317e753 11cef19a18f1448181b5b3107719b41d 26a4a2c6d11d4dafbb1d611b4b924bb7 - - default default] 10.0.0.147 "DELETE /v2.0/networks/d6b494b0-3ff5-4143-be12-7b999500331b HTTP/1.1" status: 204 len: 168 time: 0.4335871
2026-06-26 18:20:33.957 9 INFO neutron.db.ovn_revision_numbers_db [None req-5b1da5e4-1de5-40c1-95ea-439b2411cafa c82cdca9798c4e279afcfdbe1ec646f3 9cc5ee2549ad431dace47183ba2b6525 - - default default] Successfully bumped revision number for resource e1ab4087-e73e-45fb-ae4c-e26f7743697f (type: security_groups) to 1
2026-06-26 18:20:33.968 9 INFO neutron.db.ovn_revision_numbers_db [None req-5b1da5e4-1de5-40c1-95ea-439b2411cafa c82cdca9798c4e279afcfdbe1ec646f3 9cc5ee2549ad431dace47183ba2b6525 - - default default] Successfully bumped revision number for resource 63200c6a-7e3e-4efa-989d-4df28e035afe (type: security_group_rules) to 0
2026-06-26 18:20:33.981 9 INFO neutron.db.ovn_revision_numbers_db [None req-5b1da5e4-1de5-40c1-95ea-439b2411cafa c82cdca9798c4e279afcfdbe1ec646f3 9cc5ee2549ad431dace47183ba2b6525 - - default default] Successfully bumped revision number for resource dd2ae339-55a9-4f7d-a263-df2d78987f84 (type: security_group_rules) to 0
2026-06-26 18:20:33.995 9 INFO neutron.db.ovn_revision_numbers_db [None req-5b1da5e4-1de5-40c1-95ea-439b2411cafa c82cdca9798c4e279afcfdbe1ec646f3 9cc5ee2549ad431dace47183ba2b6525 - - default default] Successfully bumped revision number for resource e79aeaf6-3b79-4397-8bc2-01f756dcb09a (type: security_group_rules) to 0
2026-06-26 18:20:34.008 9 INFO neutron.db.ovn_revision_numbers_db [None req-5b1da5e4-1de5-40c1-95ea-439b2411cafa c82cdca9798c4e279afcfdbe1ec646f3 9cc5ee2549ad431dace47183ba2b6525 - - default default] Successfully bumped revision number for resource fc8511e2-a6ac-4163-b903-617354d0ef5a (type: security_group_rules) to 0
2026-06-26 18:20:34.061 9 INFO neutron.db.segments_db [None req-5b1da5e4-1de5-40c1-95ea-439b2411cafa c82cdca9798c4e279afcfdbe1ec646f3 9cc5ee2549ad431dace47183ba2b6525 - - default default] Added segment a32e6e99-db2e-4fc5-ad43-72c7b7b6c96d of type geneve for network 25ee3f8f-66b2-4207-8735-4cffd15e2819
2026-06-26 18:20:34.141 10 INFO neutron.wsgi [None req-45047e63-a704-45f6-bd08-10086daf09bf 358089c23c1146dc9bdbb9f316110a1d bbf8160fd45f42f9b5759d9fba47c86a - - default default] 10.0.0.147 "DELETE /v2.0/floatingips/813fbe36-6051-412c-8764-13e6eb4c7a16 HTTP/1.1" status: 204 len: 168 time: 0.6648989
2026-06-26 18:20:34.204 9 INFO neutron.db.ovn_revision_numbers_db [None req-5b1da5e4-1de5-40c1-95ea-439b2411cafa c82cdca9798c4e279afcfdbe1ec646f3 9cc5ee2549ad431dace47183ba2b6525 - - default default] Successfully bumped revision number for resource 25ee3f8f-66b2-4207-8735-4cffd15e2819 (type: networks) to 1
2026-06-26 18:20:34.207 10 INFO neutron.services.segments.plugin [-] Segment 2322d30e-20df-4b57-a8b5-2eba94a1a2f1 resource provider aggregate not found
2026-06-26 18:20:34.212 10 INFO neutron.services.segments.plugin [-] Segment 2322d30e-20df-4b57-a8b5-2eba94a1a2f1 resource provider aggregate not found
2026-06-26 18:20:34.235 10 INFO neutron.services.segments.plugin [-] Segment 2322d30e-20df-4b57-a8b5-2eba94a1a2f1 resource provider not found; error: Placement Client Error (4xx): {"errors": [{"status": 404, "title": "Not Found", "detail": "The resource could not be found.\n\n No resource provider with uuid 2322d30e-20df-4b57-a8b5-2eba94a1a2f1 found for delete ", "request_id": "req-93f38ade-7c40-4ef9-9b92-beb293a942c1"}]}
2026-06-26 18:20:34.242 10 INFO neutron.services.segments.plugin [-] Segment 2322d30e-20df-4b57-a8b5-2eba94a1a2f1 resource provider not found; error: Placement Client Error (4xx): {"errors": [{"status": 404, "title": "Not Found", "detail": "The resource could not be found.\n\n No resource provider with uuid 2322d30e-20df-4b57-a8b5-2eba94a1a2f1 found for delete ", "request_id": "req-1d41b0ae-7174-4e09-9696-8ef941891ff5"}]}
2026-06-26 18:20:34.274 10 INFO neutron.wsgi [None req-47a5c399-153b-4560-bb64-f5464ee83a3a 11cef19a18f1448181b5b3107719b41d 26a4a2c6d11d4dafbb1d611b4b924bb7 - - default default] 10.0.0.147 "DELETE /v2.0/networks/33abfdd7-0ab9-4c30-8750-f93435b557f2 HTTP/1.1" status: 204 len: 168 time: 0.7457600
2026-06-26 18:20:34.383 9 WARNING neutron.scheduler.dhcp_agent_scheduler [None req-5b1da5e4-1de5-40c1-95ea-439b2411cafa c82cdca9798c4e279afcfdbe1ec646f3 9cc5ee2549ad431dace47183ba2b6525 - - default default] No more DHCP agents
2026-06-26 18:20:34.385 9 WARNING neutron.api.rpc.agentnotifiers.dhcp_rpc_agent_api [None req-5b1da5e4-1de5-40c1-95ea-439b2411cafa c82cdca9798c4e279afcfdbe1ec646f3 9cc5ee2549ad431dace47183ba2b6525 - - default default] Unable to schedule network 25ee3f8f-66b2-4207-8735-4cffd15e2819: no agents available; will retry on subsequent port and subnet creation events.
2026-06-26 18:20:34.464 9 INFO neutron.db.ovn_revision_numbers_db [None req-5b1da5e4-1de5-40c1-95ea-439b2411cafa c82cdca9798c4e279afcfdbe1ec646f3 9cc5ee2549ad431dace47183ba2b6525 - - default default] Successfully bumped revision number for resource 8b7a8427-76e1-40d4-8edb-a66d93bdd03a (type: ports) to 1
2026-06-26 18:20:34.486 9 INFO neutron.wsgi [None req-5b1da5e4-1de5-40c1-95ea-439b2411cafa c82cdca9798c4e279afcfdbe1ec646f3 9cc5ee2549ad431dace47183ba2b6525 - - default default] 10.0.0.147 "POST /v2.0/networks HTTP/1.1" status: 201 len: 837 time: 0.8390491
2026-06-26 18:20:34.535 10 INFO neutron.wsgi [None req-6a4e3554-8a9a-46a4-b55c-120412fbc54b 358089c23c1146dc9bdbb9f316110a1d bbf8160fd45f42f9b5759d9fba47c86a - - default default] 10.0.0.147 "DELETE /v2.0/floatingips/62cae9a3-7afb-4c26-8081-4a3772794884 HTTP/1.1" status: 204 len: 168 time: 0.3883808
2026-06-26 18:20:34.658 9 INFO neutron.services.segments.plugin [-] Segment 44ecd1c3-fc64-4bc3-86a2-c581ad2ff8c4 resource provider aggregate not found
2026-06-26 18:20:34.672 9 INFO neutron.services.segments.plugin [-] Segment 44ecd1c3-fc64-4bc3-86a2-c581ad2ff8c4 resource provider aggregate not found
2026-06-26 18:20:34.677 9 INFO neutron.services.segments.plugin [-] Segment 44ecd1c3-fc64-4bc3-86a2-c581ad2ff8c4 resource provider not found; error: Placement Client Error (4xx): {"errors": [{"status": 404, "title": "Not Found", "detail": "The resource could not be found.\n\n No resource provider with uuid 44ecd1c3-fc64-4bc3-86a2-c581ad2ff8c4 found for delete ", "request_id": "req-6be4b3d0-18c9-43ad-a56a-5cbbb31a581b"}]}
2026-06-26 18:20:34.691 9 INFO neutron.services.segments.plugin [-] Segment 44ecd1c3-fc64-4bc3-86a2-c581ad2ff8c4 resource provider not found; error: Placement Client Error (4xx): {"errors": [{"status": 404, "title": "Not Found", "detail": "The resource could not be found.\n\n No resource provider with uuid 44ecd1c3-fc64-4bc3-86a2-c581ad2ff8c4 found for delete ", "request_id": "req-464f3e11-a6f8-44ca-97d1-cd7e688d85a6"}]}
2026-06-26 18:20:34.699 9 INFO neutron.services.segments.plugin [-] Segment d3a75e51-37c0-459e-84de-72a4b5a32cf1 resource provider aggregate not found
2026-06-26 18:20:34.712 9 INFO neutron.services.segments.plugin [-] Segment d3a75e51-37c0-459e-84de-72a4b5a32cf1 resource provider aggregate not found
2026-06-26 18:20:34.723 9 INFO neutron.services.segments.plugin [-] Segment d3a75e51-37c0-459e-84de-72a4b5a32cf1 resource provider not found; error: Placement Client Error (4xx): {"errors": [{"status": 404, "title": "Not Found", "detail": "The resource could not be found.\n\n No resource provider with uuid d3a75e51-37c0-459e-84de-72a4b5a32cf1 found for delete ", "request_id": "req-dc410d0e-2f2a-4f8b-83c4-8cb650706367"}]}
2026-06-26 18:20:34.727 9 INFO neutron.services.segments.plugin [-] Segment d3a75e51-37c0-459e-84de-72a4b5a32cf1 resource provider not found; error: Placement Client Error (4xx): {"errors": [{"status": 404, "title": "Not Found", "detail": "The resource could not be found.\n\n No resource provider with uuid d3a75e51-37c0-459e-84de-72a4b5a32cf1 found for delete ", "request_id": "req-39ac4170-7153-4764-8159-66c3c2c39335"}]}
2026-06-26 18:20:34.758 9 WARNING neutron.scheduler.dhcp_agent_scheduler [None req-997cce1e-dc58-4013-bbf1-edcf533f0f35 c82cdca9798c4e279afcfdbe1ec646f3 9cc5ee2549ad431dace47183ba2b6525 - - default default] No more DHCP agents
2026-06-26 18:20:34.760 9 WARNING neutron.api.rpc.agentnotifiers.dhcp_rpc_agent_api [None req-997cce1e-dc58-4013-bbf1-edcf533f0f35 c82cdca9798c4e279afcfdbe1ec646f3 9cc5ee2549ad431dace47183ba2b6525 - - default default] Unable to schedule network 25ee3f8f-66b2-4207-8735-4cffd15e2819: no agents available; will retry on subsequent port and subnet creation events.
2026-06-26 18:20:34.853 10 INFO neutron.wsgi [None req-33df87a4-ee86-444c-869a-6720713606b5 358089c23c1146dc9bdbb9f316110a1d bbf8160fd45f42f9b5759d9fba47c86a - - default default] 10.0.0.147 "DELETE /v2.0/floatingips/ea212b4c-b586-440c-898a-dd70e51cb58f HTTP/1.1" status: 204 len: 168 time: 0.3130386
2026-06-26 18:20:34.931 9 INFO neutron.wsgi [None req-2fd7cd2e-045a-4e81-956b-c39f1859d638 605fd3cf3db54279a313bc616ccd7cf9 1bc9790d7bc2424d8a6869044ba32542 - - default default] 10.0.0.147 "GET /v2.0/security-groups?tenant_id=26a4a2c6d11d4dafbb1d611b4b924bb7&name=default HTTP/1.1" status: 200 len: 2996 time: 0.1265998
2026-06-26 18:20:35.151 10 INFO neutron.wsgi [None req-d2a54444-e90a-4da8-830c-06c9abf76ab8 358089c23c1146dc9bdbb9f316110a1d bbf8160fd45f42f9b5759d9fba47c86a - - default default] 10.0.0.147 "DELETE /v2.0/floatingips/105af4bb-c17d-46ca-a084-0611ff267b28 HTTP/1.1" status: 204 len: 168 time: 0.2923777
2026-06-26 18:20:35.182 9 INFO neutron.wsgi [None req-736c6e0a-5fb9-4079-8838-effc89331ffe 605fd3cf3db54279a313bc616ccd7cf9 1bc9790d7bc2424d8a6869044ba32542 - - default default] 10.0.0.147 "DELETE /v2.0/security-groups/3609ffbc-26ec-4a5b-a079-4585cd65cbd3 HTTP/1.1" status: 204 len: 168 time: 0.2459486
2026-06-26 18:20:35.235 9 INFO neutron.db.ovn_revision_numbers_db [None req-997cce1e-dc58-4013-bbf1-edcf533f0f35 c82cdca9798c4e279afcfdbe1ec646f3 9cc5ee2549ad431dace47183ba2b6525 - - default default] Successfully bumped revision number for resource 8b7a8427-76e1-40d4-8edb-a66d93bdd03a (type: ports) to 2
2026-06-26 18:20:35.267 9 INFO neutron.db.ovn_revision_numbers_db [None req-997cce1e-dc58-4013-bbf1-edcf533f0f35 c82cdca9798c4e279afcfdbe1ec646f3 9cc5ee2549ad431dace47183ba2b6525 - - default default] Successfully bumped revision number for resource c20a3fa6-3819-42e9-9779-631f67c780ff (type: subnets) to 0
2026-06-26 18:20:35.282 9 INFO neutron.wsgi [None req-997cce1e-dc58-4013-bbf1-edcf533f0f35 c82cdca9798c4e279afcfdbe1ec646f3 9cc5ee2549ad431dace47183ba2b6525 - - default default] 10.0.0.147 "POST /v2.0/subnets HTTP/1.1" status: 201 len: 833 time: 0.7901349
2026-06-26 18:20:35.335 9 INFO neutron.wsgi [-] 10.0.0.128 "GET / HTTP/1.1" status: 200 len: 247 time: 0.0024550
2026-06-26 18:20:35.337 9 INFO neutron.wsgi [-] 10.0.0.128 "GET / HTTP/1.1" status: 200 len: 247 time: 0.0012631
2026-06-26 18:20:35.437 10 INFO neutron.wsgi [None req-292e8b19-22ee-4e56-b643-428747b86cdd 8ec965d69c444a5dbb481373b949bd72 3c9d805d534e452c9fd94c5b06bfd45e - - default default] 10.0.0.147 "GET /v2.0/subnetpools?name=shared-default-subnetpool-v6 HTTP/1.1" status: 200 len: 212 time: 0.1513038
2026-06-26 18:20:35.487 10 INFO neutron.wsgi [None req-38af7101-5081-4d5e-b4e0-80865e5f8633 358089c23c1146dc9bdbb9f316110a1d bbf8160fd45f42f9b5759d9fba47c86a - - default default] 10.0.0.147 "DELETE /v2.0/floatingips/e88613cc-b396-47d1-953c-49b76110ec77 HTTP/1.1" status: 204 len: 168 time: 0.3296974
2026-06-26 18:20:35.713 9 WARNING neutron.scheduler.dhcp_agent_scheduler [None req-3f568fbb-b1c8-4317-96f7-ac1d8c40dea4 c82cdca9798c4e279afcfdbe1ec646f3 9cc5ee2549ad431dace47183ba2b6525 - - default default] No more DHCP agents
2026-06-26 18:20:35.717 9 WARNING neutron.api.rpc.agentnotifiers.dhcp_rpc_agent_api [None req-3f568fbb-b1c8-4317-96f7-ac1d8c40dea4 c82cdca9798c4e279afcfdbe1ec646f3 9cc5ee2549ad431dace47183ba2b6525 - - default default] Unable to schedule network 25ee3f8f-66b2-4207-8735-4cffd15e2819: no agents available; will retry on subsequent port and subnet creation events.
2026-06-26 18:20:35.755 9 INFO neutron.db.ovn_revision_numbers_db [None req-3f568fbb-b1c8-4317-96f7-ac1d8c40dea4 c82cdca9798c4e279afcfdbe1ec646f3 9cc5ee2549ad431dace47183ba2b6525 - - default default] Successfully bumped revision number for resource ebba10a3-a7ce-4ebc-ae47-12a548a792ff (type: subnets) to 0
2026-06-26 18:20:35.772 9 INFO neutron.wsgi [None req-3f568fbb-b1c8-4317-96f7-ac1d8c40dea4 c82cdca9798c4e279afcfdbe1ec646f3 9cc5ee2549ad431dace47183ba2b6525 - - default default] 10.0.0.147 "POST /v2.0/subnets HTTP/1.1" status: 201 len: 906 time: 0.3294659
2026-06-26 18:20:35.864 9 INFO neutron.db.segments_db [None req-4360d68d-44f5-4439-abc7-4e67ffc2eff6 c82cdca9798c4e279afcfdbe1ec646f3 9cc5ee2549ad431dace47183ba2b6525 - - default default] Added segment fdf2fffd-a0ac-46fb-b7c3-e59c74d1c3c5 of type geneve for network c501d496-b30e-4855-ac40-4e6b181de792
2026-06-26 18:20:36.007 9 INFO neutron.db.ovn_revision_numbers_db [None req-4360d68d-44f5-4439-abc7-4e67ffc2eff6 c82cdca9798c4e279afcfdbe1ec646f3 9cc5ee2549ad431dace47183ba2b6525 - - default default] Successfully bumped revision number for resource c501d496-b30e-4855-ac40-4e6b181de792 (type: networks) to 1
2026-06-26 18:20:36.163 9 WARNING neutron.scheduler.dhcp_agent_scheduler [None req-4360d68d-44f5-4439-abc7-4e67ffc2eff6 c82cdca9798c4e279afcfdbe1ec646f3 9cc5ee2549ad431dace47183ba2b6525 - - default default] No more DHCP agents
2026-06-26 18:20:36.167 9 WARNING neutron.api.rpc.agentnotifiers.dhcp_rpc_agent_api [None req-4360d68d-44f5-4439-abc7-4e67ffc2eff6 c82cdca9798c4e279afcfdbe1ec646f3 9cc5ee2549ad431dace47183ba2b6525 - - default default] Unable to schedule network c501d496-b30e-4855-ac40-4e6b181de792: no agents available; will retry on subsequent port and subnet creation events.
2026-06-26 18:20:36.243 9 INFO neutron.db.ovn_revision_numbers_db [None req-4360d68d-44f5-4439-abc7-4e67ffc2eff6 c82cdca9798c4e279afcfdbe1ec646f3 9cc5ee2549ad431dace47183ba2b6525 - - default default] Successfully bumped revision number for resource d2532c47-49bf-4bc6-9d66-b2a6eed3e4b2 (type: ports) to 1
2026-06-26 18:20:36.263 9 INFO neutron.wsgi [None req-4360d68d-44f5-4439-abc7-4e67ffc2eff6 c82cdca9798c4e279afcfdbe1ec646f3 9cc5ee2549ad431dace47183ba2b6525 - - default default] 10.0.0.147 "POST /v2.0/networks HTTP/1.1" status: 201 len: 836 time: 0.4854629
2026-06-26 18:20:36.495 9 WARNING neutron.scheduler.dhcp_agent_scheduler [None req-fad1a6f5-0ff9-40ed-b014-5193ed3a06df c82cdca9798c4e279afcfdbe1ec646f3 9cc5ee2549ad431dace47183ba2b6525 - - default default] No more DHCP agents
2026-06-26 18:20:36.498 9 WARNING neutron.api.rpc.agentnotifiers.dhcp_rpc_agent_api [None req-fad1a6f5-0ff9-40ed-b014-5193ed3a06df c82cdca9798c4e279afcfdbe1ec646f3 9cc5ee2549ad431dace47183ba2b6525 - - default default] Unable to schedule network c501d496-b30e-4855-ac40-4e6b181de792: no agents available; will retry on subsequent port and subnet creation events.
2026-06-26 18:20:36.498 10 INFO neutron.db.ovn_revision_numbers_db [None req-a978882d-5494-42a8-9187-95b32cbdc92b 605fd3cf3db54279a313bc616ccd7cf9 1bc9790d7bc2424d8a6869044ba32542 - - default default] Successfully bumped revision number for resource 047f3ce8-0dff-4425-8219-f439b8d1fdd0 (type: security_groups) to 1
2026-06-26 18:20:36.513 10 INFO neutron.db.ovn_revision_numbers_db [None req-a978882d-5494-42a8-9187-95b32cbdc92b 605fd3cf3db54279a313bc616ccd7cf9 1bc9790d7bc2424d8a6869044ba32542 - - default default] Successfully bumped revision number for resource 0b77d29d-0f3c-4b57-a259-e9d8497a6db2 (type: security_group_rules) to 0
2026-06-26 18:20:36.530 10 INFO neutron.db.ovn_revision_numbers_db [None req-a978882d-5494-42a8-9187-95b32cbdc92b 605fd3cf3db54279a313bc616ccd7cf9 1bc9790d7bc2424d8a6869044ba32542 - - default default] Successfully bumped revision number for resource 4132cd1e-9284-45be-89bb-3c55fa1d0097 (type: security_group_rules) to 0
