2026-06-26 18:18:47.050 9 INFO neutron.wsgi [req-7c9f0475-a16a-47eb-bb43-80194cf87f8f req-1277b246-b9c7-467b-ae8f-5aadbac6ce12 b2e1c5b26e8a477ba4f6f83b5197bf9e ce0c4b50600142b4ab26d17843c734b4 - - c3640017cad04f80a51ff14811cf726e c3640017cad04f80a51ff14811cf726e] 199.204.45.95 "GET /v2.0/ports?tenant_id=e40d11a4e04542d38858d00663b13347&device_id=9448f52c-da41-40d2-b0fe-05a4be5e4279 HTTP/1.1" status: 200 len: 1407 time: 0.0364535
2026-06-26 18:18:47.173 9 INFO neutron.wsgi [req-7c9f0475-a16a-47eb-bb43-80194cf87f8f req-6cff3b32-9386-4011-ae10-6481f38b35af b2e1c5b26e8a477ba4f6f83b5197bf9e ce0c4b50600142b4ab26d17843c734b4 - - c3640017cad04f80a51ff14811cf726e c3640017cad04f80a51ff14811cf726e] 199.204.45.95 "GET /v2.0/networks?id=6ba4433e-2d4b-4ac1-8e23-bfaaafab1ec1 HTTP/1.1" status: 200 len: 967 time: 0.1139410
2026-06-26 18:18:47.177 9 INFO neutron.plugins.ml2.drivers.ovn.mech_driver.mech_driver [None req-2eb6e9db-6e57-4e1d-ad84-a7d1d22fb438 - - - - - -] OVN reports status up for port: 0f963261-7637-4106-b66b-eaeabb623f20
2026-06-26 18:18:47.208 9 INFO neutron.wsgi [req-7c9f0475-a16a-47eb-bb43-80194cf87f8f req-daa69f17-0a8c-4f0c-97a6-c880be7fe7ec b2e1c5b26e8a477ba4f6f83b5197bf9e ce0c4b50600142b4ab26d17843c734b4 - - c3640017cad04f80a51ff14811cf726e c3640017cad04f80a51ff14811cf726e] 199.204.45.95 "GET /v2.0/floatingips?fixed_ip_address=10.100.0.8&port_id=0f963261-7637-4106-b66b-eaeabb623f20 HTTP/1.1" status: 200 len: 217 time: 0.0246882
2026-06-26 18:18:47.210 9 INFO neutron.plugins.ml2.plugin [None req-2eb6e9db-6e57-4e1d-ad84-a7d1d22fb438 - - - - - -] Attempt 1 to provision port 0f963261-7637-4106-b66b-eaeabb623f20
2026-06-26 18:18:47.273 9 INFO neutron.wsgi [req-7c9f0475-a16a-47eb-bb43-80194cf87f8f req-fd08d984-e171-4245-8cdf-eb43e6501b8b b2e1c5b26e8a477ba4f6f83b5197bf9e ce0c4b50600142b4ab26d17843c734b4 - - c3640017cad04f80a51ff14811cf726e c3640017cad04f80a51ff14811cf726e] 199.204.45.95 "GET /v2.0/subnets?id=1e864df8-e8d5-48c2-a6ff-4f732f5e0358 HTTP/1.1" status: 200 len: 862 time: 0.0486455
2026-06-26 18:18:47.305 9 INFO neutron.wsgi [req-7c9f0475-a16a-47eb-bb43-80194cf87f8f req-b5def435-37c5-493a-93ff-06b50e0f9a07 b2e1c5b26e8a477ba4f6f83b5197bf9e ce0c4b50600142b4ab26d17843c734b4 - - c3640017cad04f80a51ff14811cf726e c3640017cad04f80a51ff14811cf726e] 199.204.45.95 "GET /v2.0/ports?network_id=6ba4433e-2d4b-4ac1-8e23-bfaaafab1ec1&device_owner=network%3Adhcp HTTP/1.1" status: 200 len: 210 time: 0.0253274
2026-06-26 18:18:47.408 9 INFO neutron.wsgi [req-7c9f0475-a16a-47eb-bb43-80194cf87f8f req-23b3e566-d58c-45d2-b00e-9059ce4b2ae8 b2e1c5b26e8a477ba4f6f83b5197bf9e ce0c4b50600142b4ab26d17843c734b4 - - c3640017cad04f80a51ff14811cf726e c3640017cad04f80a51ff14811cf726e] 199.204.45.95 "GET /v2.0/networks/6ba4433e-2d4b-4ac1-8e23-bfaaafab1ec1?fields=segments HTTP/1.1" status: 200 len: 212 time: 0.0883617
2026-06-26 18:18:47.508 9 INFO neutron.wsgi [req-7c9f0475-a16a-47eb-bb43-80194cf87f8f req-9bd2d8c2-9928-4497-bdfb-3780e269ec36 b2e1c5b26e8a477ba4f6f83b5197bf9e ce0c4b50600142b4ab26d17843c734b4 - - c3640017cad04f80a51ff14811cf726e c3640017cad04f80a51ff14811cf726e] 199.204.45.95 "GET /v2.0/networks/6ba4433e-2d4b-4ac1-8e23-bfaaafab1ec1?fields=provider%3Aphysical_network&fields=provider%3Anetwork_type HTTP/1.1" status: 200 len: 277 time: 0.0899415
2026-06-26 18:18:47.620 9 INFO neutron.db.ovn_revision_numbers_db [None req-2eb6e9db-6e57-4e1d-ad84-a7d1d22fb438 - - - - - -] Successfully bumped revision number for resource 0f963261-7637-4106-b66b-eaeabb623f20 (type: ports) to 4
2026-06-26 18:18:47.720 10 INFO neutron.wsgi [req-ba9cb480-6ea8-41ad-8175-e477712dc9e6 req-2e30f5ad-23b7-4e56-b318-9ccf5840757d db184c3f4ee64ffda1c3a80c0eff39da e40d11a4e04542d38858d00663b13347 - - default default] 10.0.0.50 "GET /v2.0/ports?device_id=9448f52c-da41-40d2-b0fe-05a4be5e4279 HTTP/1.1" status: 200 len: 1170 time: 0.0610647
2026-06-26 18:18:47.778 10 INFO neutron.wsgi [req-ba9cb480-6ea8-41ad-8175-e477712dc9e6 req-b5bc0e8c-16f2-409a-a9d8-cecae17f74dd db184c3f4ee64ffda1c3a80c0eff39da e40d11a4e04542d38858d00663b13347 - - default default] 10.0.0.50 "GET /v2.0/security-groups?id=e2deecaf-6c29-4f35-b76a-77eadadb7998&fields=id&fields=name HTTP/1.1" status: 200 len: 313 time: 0.0504568
2026-06-26 18:18:47.812 10 WARNING neutron.scheduler.dhcp_agent_scheduler [None req-87a2cb2e-f02c-4940-a5d7-0d87e051e7ea bbfec00557734c0a8a7d4d0ba25c6a2f e86f7513c1164491ac79250f04532830 - - default default] No more DHCP agents
2026-06-26 18:18:47.814 10 WARNING neutron.api.rpc.agentnotifiers.dhcp_rpc_agent_api [None req-87a2cb2e-f02c-4940-a5d7-0d87e051e7ea bbfec00557734c0a8a7d4d0ba25c6a2f e86f7513c1164491ac79250f04532830 - - default default] Unable to schedule network f0d132cd-aef2-43f9-a2af-dd821f4a128c: no agents available; will retry on subsequent port and subnet creation events.
2026-06-26 18:18:48.167 10 INFO neutron.db.ovn_revision_numbers_db [None req-87a2cb2e-f02c-4940-a5d7-0d87e051e7ea bbfec00557734c0a8a7d4d0ba25c6a2f e86f7513c1164491ac79250f04532830 - - default default] Successfully bumped revision number for resource bff9671b-c425-4dd6-a4a0-6ae4b3056fd2 (type: ports) to 1 /var/lib/openstack/lib/python3.10/site-packages/pycadf/identifier.py:71: UserWarning: Invalid uuid: neutron. To ensure interoperability, identifiers should be a valid uuid. warnings.warn(('Invalid uuid: %s. To ensure interoperability, '
2026-06-26 18:18:48.412 9 INFO neutron.db.ovn_revision_numbers_db [None req-d5d90b6b-ee75-48c2-b571-0b2a80e45fc6 605fd3cf3db54279a313bc616ccd7cf9 1bc9790d7bc2424d8a6869044ba32542 - - default default] Successfully bumped revision number for resource 60c4eeb3-3d8a-4119-aa40-f432a6e2cc0a (type: security_groups) to 1
2026-06-26 18:18:48.414 9 INFO neutron.db.ovn_revision_numbers_db [None req-84979dfa-db72-4810-a8f3-06e68eb1508a 605fd3cf3db54279a313bc616ccd7cf9 1bc9790d7bc2424d8a6869044ba32542 - - default default] Successfully bumped revision number for resource 1932cec6-993d-48bc-953c-77545774dab6 (type: security_groups) to 1
2026-06-26 18:18:48.427 9 INFO neutron.db.ovn_revision_numbers_db [None req-d5d90b6b-ee75-48c2-b571-0b2a80e45fc6 605fd3cf3db54279a313bc616ccd7cf9 1bc9790d7bc2424d8a6869044ba32542 - - default default] Successfully bumped revision number for resource 7a5e2311-25d7-4821-99df-2d36d86380a8 (type: security_group_rules) to 0
2026-06-26 18:18:48.430 9 INFO neutron.db.ovn_revision_numbers_db [None req-84979dfa-db72-4810-a8f3-06e68eb1508a 605fd3cf3db54279a313bc616ccd7cf9 1bc9790d7bc2424d8a6869044ba32542 - - default default] Successfully bumped revision number for resource 0b4cd578-db7e-4e58-b442-24b54e9f5074 (type: security_group_rules) to 0
2026-06-26 18:18:48.442 9 INFO neutron.db.ovn_revision_numbers_db [None req-d5d90b6b-ee75-48c2-b571-0b2a80e45fc6 605fd3cf3db54279a313bc616ccd7cf9 1bc9790d7bc2424d8a6869044ba32542 - - default default] Successfully bumped revision number for resource a74f86d6-75a4-4910-9bd0-39fea47373a9 (type: security_group_rules) to 0
2026-06-26 18:18:48.446 9 INFO neutron.db.ovn_revision_numbers_db [None req-84979dfa-db72-4810-a8f3-06e68eb1508a 605fd3cf3db54279a313bc616ccd7cf9 1bc9790d7bc2424d8a6869044ba32542 - - default default] Successfully bumped revision number for resource 3ce7f7fe-212f-4d52-a989-3f54e9be1244 (type: security_group_rules) to 0
2026-06-26 18:18:48.455 9 INFO neutron.db.ovn_revision_numbers_db [None req-d5d90b6b-ee75-48c2-b571-0b2a80e45fc6 605fd3cf3db54279a313bc616ccd7cf9 1bc9790d7bc2424d8a6869044ba32542 - - default default] Successfully bumped revision number for resource b2533835-6e75-472d-8dc5-8b00f5eff168 (type: security_group_rules) to 0
2026-06-26 18:18:48.460 9 INFO neutron.db.ovn_revision_numbers_db [None req-84979dfa-db72-4810-a8f3-06e68eb1508a 605fd3cf3db54279a313bc616ccd7cf9 1bc9790d7bc2424d8a6869044ba32542 - - default default] Successfully bumped revision number for resource 9f2fe5b0-8fa8-4e63-8a47-1ee41601c507 (type: security_group_rules) to 0
2026-06-26 18:18:48.470 9 INFO neutron.db.ovn_revision_numbers_db [None req-d5d90b6b-ee75-48c2-b571-0b2a80e45fc6 605fd3cf3db54279a313bc616ccd7cf9 1bc9790d7bc2424d8a6869044ba32542 - - default default] Successfully bumped revision number for resource fd9cb957-fc8c-4472-bcdd-d907e3026894 (type: security_group_rules) to 0
2026-06-26 18:18:48.472 9 INFO neutron.db.ovn_revision_numbers_db [None req-84979dfa-db72-4810-a8f3-06e68eb1508a 605fd3cf3db54279a313bc616ccd7cf9 1bc9790d7bc2424d8a6869044ba32542 - - default default] Successfully bumped revision number for resource e99fd18e-07e3-4aff-b892-2bbdfdfce6d9 (type: security_group_rules) to 0
2026-06-26 18:18:48.494 9 INFO neutron.wsgi [None req-d5d90b6b-ee75-48c2-b571-0b2a80e45fc6 605fd3cf3db54279a313bc616ccd7cf9 1bc9790d7bc2424d8a6869044ba32542 - - default default] 10.0.0.147 "GET /v2.0/security-groups?tenant_id=66e327fa95fb4228972a1960d0ad3258&name=default HTTP/1.1" status: 200 len: 2996 time: 0.2919950
2026-06-26 18:18:48.497 9 INFO neutron.wsgi [None req-84979dfa-db72-4810-a8f3-06e68eb1508a 605fd3cf3db54279a313bc616ccd7cf9 1bc9790d7bc2424d8a6869044ba32542 - - default default] 10.0.0.147 "GET /v2.0/security-groups?tenant_id=3a657717d7c848f9b8d83a654dbb8672&name=default HTTP/1.1" status: 200 len: 2996 time: 0.2841423
2026-06-26 18:18:48.667 10 INFO neutron.db.ovn_revision_numbers_db [None req-87a2cb2e-f02c-4940-a5d7-0d87e051e7ea bbfec00557734c0a8a7d4d0ba25c6a2f e86f7513c1164491ac79250f04532830 - - default default] Successfully bumped revision number for resource bff9671b-c425-4dd6-a4a0-6ae4b3056fd2 (type: router_ports) to 1
2026-06-26 18:18:48.684 9 INFO neutron.notifiers.nova [-] Nova event matching ['req-a1281c02-3cda-4e83-983b-4ee4ff4cd351'] response: {'server_uuid': '9448f52c-da41-40d2-b0fe-05a4be5e4279', 'name': 'network-vif-plugged', 'status': 'completed', 'tag': '0f963261-7637-4106-b66b-eaeabb623f20', 'code': 200}
2026-06-26 18:18:48.684 9 INFO neutron.notifiers.nova [-] Nova event matching ['req-a1281c02-3cda-4e83-983b-4ee4ff4cd351'] response: {'server_uuid': '9448f52c-da41-40d2-b0fe-05a4be5e4279', 'name': 'network-vif-plugged', 'status': 'completed', 'tag': '0f963261-7637-4106-b66b-eaeabb623f20', 'code': 200}
2026-06-26 18:18:48.697 9 INFO neutron.wsgi [None req-3832a272-7e7f-4895-adcb-f66f82dc4851 605fd3cf3db54279a313bc616ccd7cf9 1bc9790d7bc2424d8a6869044ba32542 - - default default] 10.0.0.147 "DELETE /v2.0/security-groups/60c4eeb3-3d8a-4119-aa40-f432a6e2cc0a HTTP/1.1" status: 204 len: 168 time: 0.1968756
2026-06-26 18:18:48.765 10 INFO neutron.wsgi [None req-6725f8b7-6242-453b-9478-7a33617bc23d 605fd3cf3db54279a313bc616ccd7cf9 1bc9790d7bc2424d8a6869044ba32542 - - default default] 10.0.0.147 "DELETE /v2.0/security-groups/1932cec6-993d-48bc-953c-77545774dab6 HTTP/1.1" status: 204 len: 168 time: 0.2642925
2026-06-26 18:18:48.906 10 INFO neutron.wsgi [req-4f8f7b5e-5f5f-4bc0-9951-7335f272edee req-b8ce7ebd-5590-45d9-b6ec-8bc841b3e3f4 db184c3f4ee64ffda1c3a80c0eff39da e40d11a4e04542d38858d00663b13347 - - default default] 10.0.0.50 "GET /v2.0/ports?device_id=9448f52c-da41-40d2-b0fe-05a4be5e4279 HTTP/1.1" status: 200 len: 1170 time: 0.0644321
2026-06-26 18:18:48.911 10 INFO neutron.db.ovn_revision_numbers_db [None req-87a2cb2e-f02c-4940-a5d7-0d87e051e7ea bbfec00557734c0a8a7d4d0ba25c6a2f e86f7513c1164491ac79250f04532830 - - default default] Successfully bumped revision number for resource bff9671b-c425-4dd6-a4a0-6ae4b3056fd2 (type: ports) to 1
2026-06-26 18:18:48.980 10 INFO neutron.wsgi [req-4f8f7b5e-5f5f-4bc0-9951-7335f272edee req-d49b2293-4aae-4335-a63d-e5427c479c2c db184c3f4ee64ffda1c3a80c0eff39da e40d11a4e04542d38858d00663b13347 - - default default] 10.0.0.50 "GET /v2.0/security-groups?id=e2deecaf-6c29-4f35-b76a-77eadadb7998&fields=id&fields=name HTTP/1.1" status: 200 len: 313 time: 0.0681045
2026-06-26 18:18:49.009 10 INFO neutron.db.ovn_revision_numbers_db [None req-febe164d-0501-4d4b-98fe-a45d880a6e32 605fd3cf3db54279a313bc616ccd7cf9 1bc9790d7bc2424d8a6869044ba32542 - - default default] Successfully bumped revision number for resource e428fea4-60e0-4e71-846c-76eb21dae6ea (type: security_groups) to 1
2026-06-26 18:18:49.010 10 WARNING neutron.scheduler.dhcp_agent_scheduler [None req-87a2cb2e-f02c-4940-a5d7-0d87e051e7ea bbfec00557734c0a8a7d4d0ba25c6a2f e86f7513c1164491ac79250f04532830 - - default default] No more DHCP agents
2026-06-26 18:18:49.012 10 WARNING neutron.api.rpc.agentnotifiers.dhcp_rpc_agent_api [None req-87a2cb2e-f02c-4940-a5d7-0d87e051e7ea bbfec00557734c0a8a7d4d0ba25c6a2f e86f7513c1164491ac79250f04532830 - - default default] Unable to schedule network f0d132cd-aef2-43f9-a2af-dd821f4a128c: no agents available; will retry on subsequent port and subnet creation events.
2026-06-26 18:18:49.041 10 INFO neutron.db.ovn_revision_numbers_db [None req-febe164d-0501-4d4b-98fe-a45d880a6e32 605fd3cf3db54279a313bc616ccd7cf9 1bc9790d7bc2424d8a6869044ba32542 - - default default] Successfully bumped revision number for resource 16f39fe7-d925-4741-acff-c2af7380b850 (type: security_group_rules) to 0
2026-06-26 18:18:49.047 9 INFO neutron.db.ovn_revision_numbers_db [None req-b9221992-b06c-4bac-99ab-7cb0ff8ff584 605fd3cf3db54279a313bc616ccd7cf9 1bc9790d7bc2424d8a6869044ba32542 - - default default] Successfully bumped revision number for resource 348ff464-02f6-49d8-9f72-c78b8feca9ad (type: security_groups) to 1
2026-06-26 18:18:49.061 9 INFO neutron.db.ovn_revision_numbers_db [None req-b9221992-b06c-4bac-99ab-7cb0ff8ff584 605fd3cf3db54279a313bc616ccd7cf9 1bc9790d7bc2424d8a6869044ba32542 - - default default] Successfully bumped revision number for resource 130aa03a-3f84-4fbf-aef8-8287a3cdecaf (type: security_group_rules) to 0
2026-06-26 18:18:49.077 9 INFO neutron.db.ovn_revision_numbers_db [None req-b9221992-b06c-4bac-99ab-7cb0ff8ff584 605fd3cf3db54279a313bc616ccd7cf9 1bc9790d7bc2424d8a6869044ba32542 - - default default] Successfully bumped revision number for resource 158a481a-7c80-45b8-a1ab-6c43bcc2c4b0 (type: security_group_rules) to 0
2026-06-26 18:18:49.079 10 INFO neutron.db.ovn_revision_numbers_db [None req-febe164d-0501-4d4b-98fe-a45d880a6e32 605fd3cf3db54279a313bc616ccd7cf9 1bc9790d7bc2424d8a6869044ba32542 - - default default] Successfully bumped revision number for resource 4d1fdf07-a0a1-4932-afc6-1265a49edf2f (type: security_group_rules) to 0
2026-06-26 18:18:49.097 10 INFO neutron.db.ovn_revision_numbers_db [None req-febe164d-0501-4d4b-98fe-a45d880a6e32 605fd3cf3db54279a313bc616ccd7cf9 1bc9790d7bc2424d8a6869044ba32542 - - default default] Successfully bumped revision number for resource 84e4f1a8-8176-411d-b32b-f49f9e5bbdfe (type: security_group_rules) to 0
2026-06-26 18:18:49.099 9 INFO neutron.db.ovn_revision_numbers_db [None req-b9221992-b06c-4bac-99ab-7cb0ff8ff584 605fd3cf3db54279a313bc616ccd7cf9 1bc9790d7bc2424d8a6869044ba32542 - - default default] Successfully bumped revision number for resource 47443c29-4908-443d-9934-d419133cb5ff (type: security_group_rules) to 0
2026-06-26 18:18:49.115 9 INFO neutron.db.ovn_revision_numbers_db [None req-b9221992-b06c-4bac-99ab-7cb0ff8ff584 605fd3cf3db54279a313bc616ccd7cf9 1bc9790d7bc2424d8a6869044ba32542 - - default default] Successfully bumped revision number for resource 696aa4b5-d02b-4b8d-9822-a08d3766f804 (type: security_group_rules) to 0
2026-06-26 18:18:49.125 10 INFO neutron.db.ovn_revision_numbers_db [None req-febe164d-0501-4d4b-98fe-a45d880a6e32 605fd3cf3db54279a313bc616ccd7cf9 1bc9790d7bc2424d8a6869044ba32542 - - default default] Successfully bumped revision number for resource f25dd2f3-d311-401a-a3d1-5535c3275573 (type: security_group_rules) to 0
2026-06-26 18:18:49.137 9 INFO neutron.wsgi [None req-b9221992-b06c-4bac-99ab-7cb0ff8ff584 605fd3cf3db54279a313bc616ccd7cf9 1bc9790d7bc2424d8a6869044ba32542 - - default default] 10.0.0.147 "GET /v2.0/security-groups?tenant_id=14256a9a712c48a196df43f2229d1e27&name=default HTTP/1.1" status: 200 len: 2996 time: 0.2040057
2026-06-26 18:18:49.147 10 INFO neutron.wsgi [None req-febe164d-0501-4d4b-98fe-a45d880a6e32 605fd3cf3db54279a313bc616ccd7cf9 1bc9790d7bc2424d8a6869044ba32542 - - default default] 10.0.0.147 "GET /v2.0/security-groups?tenant_id=e30972817c1849109affed5cfbf1d2ff&name=default HTTP/1.1" status: 200 len: 2996 time: 0.3283381
2026-06-26 18:18:49.355 9 INFO neutron.wsgi [None req-ebb01fad-9327-48e4-b185-5d450edff0f1 605fd3cf3db54279a313bc616ccd7cf9 1bc9790d7bc2424d8a6869044ba32542 - - default default] 10.0.0.147 "DELETE /v2.0/security-groups/348ff464-02f6-49d8-9f72-c78b8feca9ad HTTP/1.1" status: 204 len: 168 time: 0.2125361
2026-06-26 18:18:49.362 9 INFO neutron.wsgi [None req-86e693f7-217b-469b-aa6e-45f085b51afc 605fd3cf3db54279a313bc616ccd7cf9 1bc9790d7bc2424d8a6869044ba32542 - - default default] 10.0.0.147 "DELETE /v2.0/security-groups/e428fea4-60e0-4e71-846c-76eb21dae6ea HTTP/1.1" status: 204 len: 168 time: 0.2100148
2026-06-26 18:18:49.367 10 INFO neutron.db.ovn_revision_numbers_db [None req-87a2cb2e-f02c-4940-a5d7-0d87e051e7ea bbfec00557734c0a8a7d4d0ba25c6a2f e86f7513c1164491ac79250f04532830 - - default default] Successfully bumped revision number for resource bff9671b-c425-4dd6-a4a0-6ae4b3056fd2 (type: router_ports) to 1
2026-06-26 18:18:49.370 10 INFO neutron.wsgi [None req-87a2cb2e-f02c-4940-a5d7-0d87e051e7ea bbfec00557734c0a8a7d4d0ba25c6a2f e86f7513c1164491ac79250f04532830 - - default default] 10.0.0.147 "PUT /v2.0/routers/ccf1c69e-b975-42d2-a316-31657fd3ea31/add_router_interface HTTP/1.1" status: 200 len: 503 time: 2.3195705
2026-06-26 18:18:49.706 10 WARNING neutron.scheduler.dhcp_agent_scheduler [None req-257ce2a5-1566-4c05-b428-0fe1b5ce3422 bbfec00557734c0a8a7d4d0ba25c6a2f e86f7513c1164491ac79250f04532830 - - default default] No more DHCP agents
2026-06-26 18:18:49.709 10 WARNING neutron.api.rpc.agentnotifiers.dhcp_rpc_agent_api [None req-257ce2a5-1566-4c05-b428-0fe1b5ce3422 bbfec00557734c0a8a7d4d0ba25c6a2f e86f7513c1164491ac79250f04532830 - - default default] Unable to schedule network f0d132cd-aef2-43f9-a2af-dd821f4a128c: no agents available; will retry on subsequent port and subnet creation events.
2026-06-26 18:18:49.875 10 INFO neutron.db.ovn_revision_numbers_db [None req-257ce2a5-1566-4c05-b428-0fe1b5ce3422 bbfec00557734c0a8a7d4d0ba25c6a2f e86f7513c1164491ac79250f04532830 - - default default] Successfully bumped revision number for resource 3639f6d9-d649-4003-afae-a49ded97038a (type: ports) to 1
2026-06-26 18:18:49.907 10 INFO neutron.wsgi [None req-257ce2a5-1566-4c05-b428-0fe1b5ce3422 bbfec00557734c0a8a7d4d0ba25c6a2f e86f7513c1164491ac79250f04532830 - - default default] 10.0.0.147 "POST /v2.0/ports HTTP/1.1" status: 201 len: 1153 time: 0.5311782 /var/lib/openstack/lib/python3.10/site-packages/pycadf/identifier.py:71: UserWarning: Invalid uuid: neutron. To ensure interoperability, identifiers should be a valid uuid. warnings.warn(('Invalid uuid: %s. To ensure interoperability, '
2026-06-26 18:18:50.228 10 INFO neutron.wsgi [req-8f267059-cad3-47d0-98e8-00f29bcf5ae1 req-79661ded-5f0f-458c-9b62-e78d2a3afb11 db184c3f4ee64ffda1c3a80c0eff39da e40d11a4e04542d38858d00663b13347 - - default default] 10.0.0.50 "GET /v2.0/ports?device_id=9448f52c-da41-40d2-b0fe-05a4be5e4279 HTTP/1.1" status: 200 len: 1170 time: 0.1487236
2026-06-26 18:18:50.299 10 INFO neutron.wsgi [req-8f267059-cad3-47d0-98e8-00f29bcf5ae1 req-2f330f98-06d1-46eb-82f9-7daf64d33248 db184c3f4ee64ffda1c3a80c0eff39da e40d11a4e04542d38858d00663b13347 - - default default] 10.0.0.50 "GET /v2.0/security-groups?id=e2deecaf-6c29-4f35-b76a-77eadadb7998&fields=id&fields=name HTTP/1.1" status: 200 len: 313 time: 0.0610507
2026-06-26 18:18:50.338 10 INFO neutron.wsgi [-] 10.0.0.128 "GET / HTTP/1.1" status: 200 len: 247 time: 0.0020988
2026-06-26 18:18:50.340 10 INFO neutron.wsgi [-] 10.0.0.128 "GET / HTTP/1.1" status: 200 len: 247 time: 0.0012341 /var/lib/openstack/lib/python3.10/site-packages/pycadf/identifier.py:71: UserWarning: Invalid uuid: neutron. To ensure interoperability, identifiers should be a valid uuid. warnings.warn(('Invalid uuid: %s. To ensure interoperability, '
2026-06-26 18:18:50.429 10 INFO neutron.wsgi [req-f320423d-96d2-41f9-b670-cd161ad2b87d req-3dab51e2-ed0c-46b1-bc57-acfdf39bde1c db184c3f4ee64ffda1c3a80c0eff39da e40d11a4e04542d38858d00663b13347 - - default default] 10.0.0.50 "GET /v2.0/ports?device_id=9448f52c-da41-40d2-b0fe-05a4be5e4279 HTTP/1.1" status: 200 len: 1170 time: 0.0558414
2026-06-26 18:18:50.432 10 WARNING neutron.scheduler.dhcp_agent_scheduler [None req-e63c4fd4-ed2b-4fad-92a3-51364143763c bbfec00557734c0a8a7d4d0ba25c6a2f e86f7513c1164491ac79250f04532830 - - default default] No more DHCP agents
2026-06-26 18:18:50.435 10 WARNING neutron.api.rpc.agentnotifiers.dhcp_rpc_agent_api [None req-e63c4fd4-ed2b-4fad-92a3-51364143763c bbfec00557734c0a8a7d4d0ba25c6a2f e86f7513c1164491ac79250f04532830 - - default default] Unable to schedule network f0d132cd-aef2-43f9-a2af-dd821f4a128c: no agents available; will retry on subsequent port and subnet creation events.
2026-06-26 18:18:50.595 10 INFO neutron.db.ovn_revision_numbers_db [None req-e63c4fd4-ed2b-4fad-92a3-51364143763c bbfec00557734c0a8a7d4d0ba25c6a2f e86f7513c1164491ac79250f04532830 - - default default] Successfully bumped revision number for resource f1cbd6a2-dca4-4b90-9f9c-89e271d6787d (type: ports) to 1
2026-06-26 18:18:50.632 10 INFO neutron.wsgi [None req-e63c4fd4-ed2b-4fad-92a3-51364143763c bbfec00557734c0a8a7d4d0ba25c6a2f e86f7513c1164491ac79250f04532830 - - default default] 10.0.0.147 "POST /v2.0/ports HTTP/1.1" status: 201 len: 1154 time: 0.7197368
2026-06-26 18:18:50.664 9 INFO neutron.db.l3_db [None req-97987a53-3038-4b58-a820-0313256535aa db184c3f4ee64ffda1c3a80c0eff39da e40d11a4e04542d38858d00663b13347 - - default default] Floating IP 5317c183-1e65-413b-b3c3-9425b0447dfc associated. External IP: 10.96.250.208, port: 0f963261-7637-4106-b66b-eaeabb623f20.
2026-06-26 18:18:51.152 9 INFO neutron.db.ovn_revision_numbers_db [None req-97987a53-3038-4b58-a820-0313256535aa db184c3f4ee64ffda1c3a80c0eff39da e40d11a4e04542d38858d00663b13347 - - default default] Successfully bumped revision number for resource 5317c183-1e65-413b-b3c3-9425b0447dfc (type: floatingips) to 1
2026-06-26 18:18:51.211 10 WARNING neutron.plugins.ml2.drivers.ovn.mech_driver.ovsdb.ovn_client [None req-d53b8ebe-a5c5-43c5-bd13-726443e5fbca - - - - - -] No hosting information found for port 1cd9b40c-f473-4157-98d5-59fd665a9f6a: RuntimeError: No hosting information found for port 1cd9b40c-f473-4157-98d5-59fd665a9f6a
2026-06-26 18:18:51.212 10 INFO neutron.plugins.ml2.drivers.ovn.mech_driver.mech_driver [None req-d53b8ebe-a5c5-43c5-bd13-726443e5fbca - - - - - -] OVN reports status up for port: bff9671b-c425-4dd6-a4a0-6ae4b3056fd2
2026-06-26 18:18:51.220 10 INFO neutron.plugins.ml2.plugin [None req-d53b8ebe-a5c5-43c5-bd13-726443e5fbca - - - - - -] Attempt 1 to provision port bff9671b-c425-4dd6-a4a0-6ae4b3056fd2
2026-06-26 18:18:51.232 9 WARNING neutron.scheduler.dhcp_agent_scheduler [None req-37f667dc-d90a-4306-9657-b1299fba7658 bbfec00557734c0a8a7d4d0ba25c6a2f e86f7513c1164491ac79250f04532830 - - default default] No more DHCP agents
2026-06-26 18:18:51.235 9 WARNING neutron.api.rpc.agentnotifiers.dhcp_rpc_agent_api [None req-37f667dc-d90a-4306-9657-b1299fba7658 bbfec00557734c0a8a7d4d0ba25c6a2f e86f7513c1164491ac79250f04532830 - - default default] Unable to schedule network 4c3b357f-c15b-4c90-b114-ef4997377957: no agents available; will retry on subsequent port and subnet creation events.
2026-06-26 18:18:51.304 9 INFO neutron.db.ovn_revision_numbers_db [None req-97987a53-3038-4b58-a820-0313256535aa db184c3f4ee64ffda1c3a80c0eff39da e40d11a4e04542d38858d00663b13347 - - default default] Successfully bumped revision number for resource 5317c183-1e65-413b-b3c3-9425b0447dfc (type: floatingips) to 2
2026-06-26 18:18:51.332 9 INFO neutron.wsgi [None req-97987a53-3038-4b58-a820-0313256535aa db184c3f4ee64ffda1c3a80c0eff39da e40d11a4e04542d38858d00663b13347 - - default default] 10.0.0.147 "PUT /v2.0/floatingips/5317c183-1e65-413b-b3c3-9425b0447dfc HTTP/1.1" status: 200 len: 1049 time: 0.8908322
2026-06-26 18:18:51.372 9 INFO neutron.notifiers.nova [-] Nova event matching ['req-33453bbc-799f-49a7-aa91-3443c262ba24'] response: {'name': 'network-changed', 'server_uuid': '9448f52c-da41-40d2-b0fe-05a4be5e4279', 'tag': '0f963261-7637-4106-b66b-eaeabb623f20', 'status': 'completed', 'code': 200} /var/lib/openstack/lib/python3.10/site-packages/pycadf/identifier.py:71: UserWarning: Invalid uuid: neutron. To ensure interoperability, identifiers should be a valid uuid. warnings.warn(('Invalid uuid: %s. To ensure interoperability, ' /var/lib/openstack/lib/python3.10/site-packages/pycadf/identifier.py:71: UserWarning: Invalid uuid: neutron. To ensure interoperability, identifiers should be a valid uuid. warnings.warn(('Invalid uuid: %s. To ensure interoperability, '
2026-06-26 18:18:51.445 10 INFO neutron.wsgi [req-6ad3fbed-82ea-4938-a649-6c4855168913 req-b721cafe-b3e0-440c-9182-86b9eb592661 db184c3f4ee64ffda1c3a80c0eff39da e40d11a4e04542d38858d00663b13347 - - default default] 10.0.0.50 "GET /v2.0/ports?device_id=9448f52c-da41-40d2-b0fe-05a4be5e4279 HTTP/1.1" status: 200 len: 1170 time: 0.0673625
2026-06-26 18:18:51.464 9 INFO neutron.wsgi [req-146a2de7-b0ec-49d4-90cf-ef0e0e4864c6 req-06946915-84d3-4e6d-93d4-6e5db836bf57 b2e1c5b26e8a477ba4f6f83b5197bf9e ce0c4b50600142b4ab26d17843c734b4 - - c3640017cad04f80a51ff14811cf726e c3640017cad04f80a51ff14811cf726e] 199.204.45.95 "GET /v2.0/ports?tenant_id=e40d11a4e04542d38858d00663b13347&device_id=9448f52c-da41-40d2-b0fe-05a4be5e4279 HTTP/1.1" status: 200 len: 1409 time: 0.0523074
2026-06-26 18:18:51.505 10 INFO neutron.wsgi [req-6ad3fbed-82ea-4938-a649-6c4855168913 req-afea5df2-d778-45b5-8649-b911a38d0b6d db184c3f4ee64ffda1c3a80c0eff39da e40d11a4e04542d38858d00663b13347 - - default default] 10.0.0.50 "GET /v2.0/security-groups?id=e2deecaf-6c29-4f35-b76a-77eadadb7998&fields=id&fields=name HTTP/1.1" status: 200 len: 313 time: 0.0516336
2026-06-26 18:18:51.534 9 INFO neutron.wsgi [req-146a2de7-b0ec-49d4-90cf-ef0e0e4864c6 req-8e817743-4d33-4c19-ba84-02ed4b5f9b8f b2e1c5b26e8a477ba4f6f83b5197bf9e ce0c4b50600142b4ab26d17843c734b4 - - c3640017cad04f80a51ff14811cf726e c3640017cad04f80a51ff14811cf726e] 199.204.45.95 "GET /v2.0/networks?id=6ba4433e-2d4b-4ac1-8e23-bfaaafab1ec1 HTTP/1.1" status: 200 len: 967 time: 0.0627363
2026-06-26 18:18:51.556 10 INFO neutron.db.ovn_revision_numbers_db [None req-d53b8ebe-a5c5-43c5-bd13-726443e5fbca - - - - - -] Successfully bumped revision number for resource bff9671b-c425-4dd6-a4a0-6ae4b3056fd2 (type: ports) to 2
2026-06-26 18:18:51.592 9 INFO neutron.wsgi [req-146a2de7-b0ec-49d4-90cf-ef0e0e4864c6 req-88f26b74-7c1c-4eef-a153-d04e8a901ffa b2e1c5b26e8a477ba4f6f83b5197bf9e ce0c4b50600142b4ab26d17843c734b4 - - c3640017cad04f80a51ff14811cf726e c3640017cad04f80a51ff14811cf726e] 199.204.45.95 "GET /v2.0/floatingips?fixed_ip_address=10.100.0.8&port_id=0f963261-7637-4106-b66b-eaeabb623f20 HTTP/1.1" status: 200 len: 1059 time: 0.0484653
2026-06-26 18:18:51.644 9 INFO neutron.wsgi [req-146a2de7-b0ec-49d4-90cf-ef0e0e4864c6 req-317e7c41-6c50-4c78-b306-797b2f59f467 b2e1c5b26e8a477ba4f6f83b5197bf9e ce0c4b50600142b4ab26d17843c734b4 - - c3640017cad04f80a51ff14811cf726e c3640017cad04f80a51ff14811cf726e] 199.204.45.95 "GET /v2.0/subnets?id=1e864df8-e8d5-48c2-a6ff-4f732f5e0358 HTTP/1.1" status: 200 len: 862 time: 0.0460103
2026-06-26 18:18:51.678 9 INFO neutron.wsgi [req-146a2de7-b0ec-49d4-90cf-ef0e0e4864c6 req-cad5d8d3-1a05-47bf-a3d8-32c0afaedd3a b2e1c5b26e8a477ba4f6f83b5197bf9e ce0c4b50600142b4ab26d17843c734b4 - - c3640017cad04f80a51ff14811cf726e c3640017cad04f80a51ff14811cf726e] 199.204.45.95 "GET /v2.0/ports?network_id=6ba4433e-2d4b-4ac1-8e23-bfaaafab1ec1&device_owner=network%3Adhcp HTTP/1.1" status: 200 len: 210 time: 0.0266693
2026-06-26 18:18:51.696 10 INFO neutron.db.ovn_revision_numbers_db [None req-d53b8ebe-a5c5-43c5-bd13-726443e5fbca - - - - - -] Successfully bumped revision number for resource bff9671b-c425-4dd6-a4a0-6ae4b3056fd2 (type: router_ports) to 2
2026-06-26 18:18:51.786 9 INFO neutron.wsgi [req-146a2de7-b0ec-49d4-90cf-ef0e0e4864c6 req-141a21ef-189b-41b8-ad7b-231ee77f323b b2e1c5b26e8a477ba4f6f83b5197bf9e ce0c4b50600142b4ab26d17843c734b4 - - c3640017cad04f80a51ff14811cf726e c3640017cad04f80a51ff14811cf726e] 199.204.45.95 "GET /v2.0/networks/6ba4433e-2d4b-4ac1-8e23-bfaaafab1ec1?fields=segments HTTP/1.1" status: 200 len: 212 time: 0.0999110
2026-06-26 18:18:51.797 9 INFO neutron.db.l3_db [None req-37f667dc-d90a-4306-9657-b1299fba7658 bbfec00557734c0a8a7d4d0ba25c6a2f e86f7513c1164491ac79250f04532830 - - default default] Floating IP c54682ba-46d9-4e77-a75e-166aa70f7704 associated. External IP: 10.96.250.203, port: f1cbd6a2-dca4-4b90-9f9c-89e271d6787d.
2026-06-26 18:18:51.832 9 INFO neutron.plugins.ml2.drivers.ovn.mech_driver.mech_driver [None req-2eb6e9db-6e57-4e1d-ad84-a7d1d22fb438 - - - - - -] OVN reports status down for port: 0f963261-7637-4106-b66b-eaeabb623f20
2026-06-26 18:18:51.833 10 INFO neutron.wsgi [req-152cf0ec-4d87-4a88-9c38-1c1977cf6167 req-439b33c7-9865-4932-81e2-bc2836f8429c db184c3f4ee64ffda1c3a80c0eff39da e40d11a4e04542d38858d00663b13347 - - default default] 10.0.0.50 "GET /v2.0/ports?device_id=9448f52c-da41-40d2-b0fe-05a4be5e4279 HTTP/1.1" status: 200 len: 1170 time: 0.0638843
2026-06-26 18:18:51.893 10 INFO neutron.wsgi [req-152cf0ec-4d87-4a88-9c38-1c1977cf6167 req-ae1c0bb3-273b-485f-9dc5-b177020ebb8a db184c3f4ee64ffda1c3a80c0eff39da e40d11a4e04542d38858d00663b13347 - - default default] 10.0.0.50 "GET /v2.0/security-groups?id=e2deecaf-6c29-4f35-b76a-77eadadb7998&fields=id&fields=name HTTP/1.1" status: 200 len: 313 time: 0.0544395
2026-06-26 18:18:51.894 9 INFO neutron.wsgi [req-146a2de7-b0ec-49d4-90cf-ef0e0e4864c6 req-7cd6a533-3f4e-42c4-a270-5416e107d624 b2e1c5b26e8a477ba4f6f83b5197bf9e ce0c4b50600142b4ab26d17843c734b4 - - c3640017cad04f80a51ff14811cf726e c3640017cad04f80a51ff14811cf726e] 199.204.45.95 "GET /v2.0/networks/6ba4433e-2d4b-4ac1-8e23-bfaaafab1ec1?fields=provider%3Aphysical_network&fields=provider%3Anetwork_type HTTP/1.1" status: 200 len: 277 time: 0.0982702
2026-06-26 18:18:52.051 9 INFO neutron.db.ovn_revision_numbers_db [None req-37f667dc-d90a-4306-9657-b1299fba7658 bbfec00557734c0a8a7d4d0ba25c6a2f e86f7513c1164491ac79250f04532830 - - default default] Successfully bumped revision number for resource c54682ba-46d9-4e77-a75e-166aa70f7704 (type: floatingips) to 0
2026-06-26 18:18:52.243 9 INFO neutron.wsgi [req-5d44a9ef-8ffc-402f-9007-6a20795c084f req-fda5eadc-5233-4add-b017-300ac203deb8 db184c3f4ee64ffda1c3a80c0eff39da e40d11a4e04542d38858d00663b13347 - - default default] 199.204.45.95 "GET /v2.0/ports?device_id=9448f52c-da41-40d2-b0fe-05a4be5e4279 HTTP/1.1" status: 200 len: 1168 time: 0.1509662
2026-06-26 18:18:52.259 9 INFO neutron.db.ovn_revision_numbers_db [None req-37f667dc-d90a-4306-9657-b1299fba7658 bbfec00557734c0a8a7d4d0ba25c6a2f e86f7513c1164491ac79250f04532830 - - default default] Successfully bumped revision number for resource c54682ba-46d9-4e77-a75e-166aa70f7704 (type: floatingips) to 1
2026-06-26 18:18:52.329 9 INFO neutron.wsgi [None req-37f667dc-d90a-4306-9657-b1299fba7658 bbfec00557734c0a8a7d4d0ba25c6a2f e86f7513c1164491ac79250f04532830 - - default default] 10.0.0.147 "POST /v2.0/floatingips HTTP/1.1" status: 201 len: 1041 time: 1.6906488
2026-06-26 18:18:52.336 9 INFO neutron.db.ovn_revision_numbers_db [None req-2eb6e9db-6e57-4e1d-ad84-a7d1d22fb438 - - - - - -] Successfully bumped revision number for resource 0f963261-7637-4106-b66b-eaeabb623f20 (type: ports) to 5
2026-06-26 18:18:52.393 10 INFO neutron.db.ovn_revision_numbers_db [None req-6ff118aa-a014-41aa-83f6-1e42b7c76fb6 605fd3cf3db54279a313bc616ccd7cf9 1bc9790d7bc2424d8a6869044ba32542 - - default default] Successfully bumped revision number for resource 17a9b8b1-9f6d-424e-a4b8-ba1f4b26639d (type: security_groups) to 1
2026-06-26 18:18:52.409 10 INFO neutron.db.ovn_revision_numbers_db [None req-6ff118aa-a014-41aa-83f6-1e42b7c76fb6 605fd3cf3db54279a313bc616ccd7cf9 1bc9790d7bc2424d8a6869044ba32542 - - default default] Successfully bumped revision number for resource 03731014-fafc-452f-b4b3-7e1c2b47546b (type: security_group_rules) to 0
2026-06-26 18:18:52.422 10 INFO neutron.db.ovn_revision_numbers_db [None req-6ff118aa-a014-41aa-83f6-1e42b7c76fb6 605fd3cf3db54279a313bc616ccd7cf9 1bc9790d7bc2424d8a6869044ba32542 - - default default] Successfully bumped revision number for resource 2016f015-ca07-471d-805d-2b4c4da0f3ab (type: security_group_rules) to 0
2026-06-26 18:18:52.443 10 INFO neutron.db.ovn_revision_numbers_db [None req-6ff118aa-a014-41aa-83f6-1e42b7c76fb6 605fd3cf3db54279a313bc616ccd7cf9 1bc9790d7bc2424d8a6869044ba32542 - - default default] Successfully bumped revision number for resource c268d83f-528d-4703-b4d3-8f22dd97feaa (type: security_group_rules) to 0
2026-06-26 18:18:52.464 10 INFO neutron.db.ovn_revision_numbers_db [None req-6ff118aa-a014-41aa-83f6-1e42b7c76fb6 605fd3cf3db54279a313bc616ccd7cf9 1bc9790d7bc2424d8a6869044ba32542 - - default default] Successfully bumped revision number for resource d270c749-100c-4c26-b556-0ae3f3fb282d (type: security_group_rules) to 0
2026-06-26 18:18:52.495 10 INFO neutron.wsgi [None req-6ff118aa-a014-41aa-83f6-1e42b7c76fb6 605fd3cf3db54279a313bc616ccd7cf9 1bc9790d7bc2424d8a6869044ba32542 - - default default] 10.0.0.147 "GET /v2.0/security-groups?tenant_id=ef526d5c5de34833b81516f5d95fe91a&name=default HTTP/1.1" status: 200 len: 2996 time: 0.3611000
2026-06-26 18:18:52.688 10 INFO neutron.wsgi [None req-67221664-8454-4572-af43-d86ca90ea85a 605fd3cf3db54279a313bc616ccd7cf9 1bc9790d7bc2424d8a6869044ba32542 - - default default] 10.0.0.147 "DELETE /v2.0/security-groups/17a9b8b1-9f6d-424e-a4b8-ba1f4b26639d HTTP/1.1" status: 204 len: 168 time: 0.1884501
2026-06-26 18:18:52.720 9 INFO neutron.db.l3_db [None req-6d13f484-3855-4448-8b82-63af804e9b9c bbfec00557734c0a8a7d4d0ba25c6a2f e86f7513c1164491ac79250f04532830 - - default default] Floating IP c54682ba-46d9-4e77-a75e-166aa70f7704 disassociated. External IP: 10.96.250.203, port: f1cbd6a2-dca4-4b90-9f9c-89e271d6787d.
2026-06-26 18:18:52.806 9 INFO neutron.db.ovn_revision_numbers_db [None req-6d13f484-3855-4448-8b82-63af804e9b9c bbfec00557734c0a8a7d4d0ba25c6a2f e86f7513c1164491ac79250f04532830 - - default default] Successfully bumped revision number for resource c54682ba-46d9-4e77-a75e-166aa70f7704 (type: floatingips) to 2
2026-06-26 18:18:52.894 9 INFO neutron.wsgi [None req-6d13f484-3855-4448-8b82-63af804e9b9c bbfec00557734c0a8a7d4d0ba25c6a2f e86f7513c1164491ac79250f04532830 - - default default] 10.0.0.147 "PUT /v2.0/floatingips/c54682ba-46d9-4e77-a75e-166aa70f7704 HTTP/1.1" status: 200 len: 748 time: 0.5583763
2026-06-26 18:18:52.902 9 INFO neutron.db.l3_db [req-5d44a9ef-8ffc-402f-9007-6a20795c084f req-11ecc209-c661-4e8e-928b-6796066ef2c1 db184c3f4ee64ffda1c3a80c0eff39da e40d11a4e04542d38858d00663b13347 - - default default] Floating IP 5317c183-1e65-413b-b3c3-9425b0447dfc disassociated. External IP: 10.96.250.208, port: 0f963261-7637-4106-b66b-eaeabb623f20.
2026-06-26 18:18:53.001 10 INFO neutron.wsgi [req-42a31596-a272-49ba-bcc3-2e210e4afe2f req-e41807e1-b680-4593-9684-36cdcf7e1099 db184c3f4ee64ffda1c3a80c0eff39da e40d11a4e04542d38858d00663b13347 - - default default] 10.0.0.50 "GET /v2.0/ports?device_id=9448f52c-da41-40d2-b0fe-05a4be5e4279 HTTP/1.1" status: 200 len: 1168 time: 0.0346396
2026-06-26 18:18:53.053 10 INFO neutron.wsgi [req-42a31596-a272-49ba-bcc3-2e210e4afe2f req-7982cdc8-819c-4ee6-98af-1d19645a68ea db184c3f4ee64ffda1c3a80c0eff39da e40d11a4e04542d38858d00663b13347 - - default default] 10.0.0.50 "GET /v2.0/security-groups?id=e2deecaf-6c29-4f35-b76a-77eadadb7998&fields=id&fields=name HTTP/1.1" status: 200 len: 313 time: 0.0431449 /var/lib/openstack/lib/python3.10/site-packages/pycadf/identifier.py:71: UserWarning: Invalid uuid: neutron. To ensure interoperability, identifiers should be a valid uuid. warnings.warn(('Invalid uuid: %s. To ensure interoperability, '
2026-06-26 18:18:53.107 9 INFO neutron.wsgi [req-5d44a9ef-8ffc-402f-9007-6a20795c084f req-11ecc209-c661-4e8e-928b-6796066ef2c1 db184c3f4ee64ffda1c3a80c0eff39da e40d11a4e04542d38858d00663b13347 - - default default] 199.204.45.95 "DELETE /v2.0/ports/0f963261-7637-4106-b66b-eaeabb623f20 HTTP/1.1" status: 204 len: 173 time: 0.8586233
2026-06-26 18:18:53.187 9 INFO neutron.db.ovn_revision_numbers_db [None req-21e6cdf3-057e-4861-a4d5-51e44b728a90 605fd3cf3db54279a313bc616ccd7cf9 1bc9790d7bc2424d8a6869044ba32542 - - default default] Successfully bumped revision number for resource 687db1dd-6d63-4e55-8c45-acad916e6b87 (type: security_groups) to 1
2026-06-26 18:18:53.199 9 INFO neutron.db.ovn_revision_numbers_db [None req-21e6cdf3-057e-4861-a4d5-51e44b728a90 605fd3cf3db54279a313bc616ccd7cf9 1bc9790d7bc2424d8a6869044ba32542 - - default default] Successfully bumped revision number for resource 065664ca-1df0-4213-885e-f78373d5e4c2 (type: security_group_rules) to 0
2026-06-26 18:18:53.218 9 INFO neutron.db.ovn_revision_numbers_db [None req-21e6cdf3-057e-4861-a4d5-51e44b728a90 605fd3cf3db54279a313bc616ccd7cf9 1bc9790d7bc2424d8a6869044ba32542 - - default default] Successfully bumped revision number for resource 2ab38b8c-e8ca-4ad1-b972-710d163fe57e (type: security_group_rules) to 0
2026-06-26 18:18:53.233 9 INFO neutron.db.ovn_revision_numbers_db [None req-21e6cdf3-057e-4861-a4d5-51e44b728a90 605fd3cf3db54279a313bc616ccd7cf9 1bc9790d7bc2424d8a6869044ba32542 - - default default] Successfully bumped revision number for resource a54c1300-a592-4d1a-92a2-9f6222d6553c (type: security_group_rules) to 0
2026-06-26 18:18:53.246 9 INFO neutron.db.ovn_revision_numbers_db [None req-21e6cdf3-057e-4861-a4d5-51e44b728a90 605fd3cf3db54279a313bc616ccd7cf9 1bc9790d7bc2424d8a6869044ba32542 - - default default] Successfully bumped revision number for resource edbf4d93-506e-4c7d-abd0-09d7bdc3eb01 (type: security_group_rules) to 0
2026-06-26 18:18:53.263 10 INFO neutron.wsgi [None req-304ab66c-0b8c-44ed-a553-8a542e97980d bbfec00557734c0a8a7d4d0ba25c6a2f e86f7513c1164491ac79250f04532830 - - default default] 10.0.0.147 "DELETE /v2.0/floatingips/c54682ba-46d9-4e77-a75e-166aa70f7704 HTTP/1.1" status: 204 len: 168 time: 0.3634984
2026-06-26 18:18:53.271 9 INFO neutron.wsgi [None req-21e6cdf3-057e-4861-a4d5-51e44b728a90 605fd3cf3db54279a313bc616ccd7cf9 1bc9790d7bc2424d8a6869044ba32542 - - default default] 10.0.0.147 "GET /v2.0/security-groups?tenant_id=667a5424f41249f88516a17af5cb66b3&name=default HTTP/1.1" status: 200 len: 2996 time: 0.4171720
2026-06-26 18:18:53.418 9 INFO neutron.notifiers.nova [-] Nova event matching ['req-19406edf-4bdb-4650-8949-60b8dbcf5d87'] response: {'server_uuid': '9448f52c-da41-40d2-b0fe-05a4be5e4279', 'name': 'network-vif-unplugged', 'status': 'completed', 'tag': '0f963261-7637-4106-b66b-eaeabb623f20', 'code': 200}
2026-06-26 18:18:53.418 9 INFO neutron.notifiers.nova [-] Nova event matching ['req-19406edf-4bdb-4650-8949-60b8dbcf5d87'] response: {'server_uuid': '9448f52c-da41-40d2-b0fe-05a4be5e4279', 'name': 'network-vif-plugged', 'status': 'completed', 'tag': '0f963261-7637-4106-b66b-eaeabb623f20', 'code': 200}
2026-06-26 18:18:53.418 9 INFO neutron.notifiers.nova [-] Nova event matching ['req-19406edf-4bdb-4650-8949-60b8dbcf5d87'] response: {'server_uuid': '9448f52c-da41-40d2-b0fe-05a4be5e4279', 'name': 'network-vif-deleted', 'tag': '0f963261-7637-4106-b66b-eaeabb623f20', 'status': 'completed', 'code': 200}
2026-06-26 18:18:53.489 9 INFO neutron.wsgi [None req-3e9ff498-e113-4d87-b0e2-af7b7d409043 605fd3cf3db54279a313bc616ccd7cf9 1bc9790d7bc2424d8a6869044ba32542 - - default default] 10.0.0.147 "DELETE /v2.0/security-groups/687db1dd-6d63-4e55-8c45-acad916e6b87 HTTP/1.1" status: 204 len: 168 time: 0.2128718
2026-06-26 18:18:53.546 10 WARNING neutron.scheduler.dhcp_agent_scheduler [None req-9d8c295e-72df-45fa-ac78-6e6386cae71d bbfec00557734c0a8a7d4d0ba25c6a2f e86f7513c1164491ac79250f04532830 - - default default] No more DHCP agents
2026-06-26 18:18:53.548 10 WARNING neutron.api.rpc.agentnotifiers.dhcp_rpc_agent_api [None req-9d8c295e-72df-45fa-ac78-6e6386cae71d bbfec00557734c0a8a7d4d0ba25c6a2f e86f7513c1164491ac79250f04532830 - - default default] Unable to schedule network 4c3b357f-c15b-4c90-b114-ef4997377957: no agents available; will retry on subsequent port and subnet creation events.
2026-06-26 18:18:53.967 10 INFO neutron.db.l3_db [None req-9d8c295e-72df-45fa-ac78-6e6386cae71d bbfec00557734c0a8a7d4d0ba25c6a2f e86f7513c1164491ac79250f04532830 - - default default] Floating IP ee8fea7e-7b40-4835-82da-1f0a84ba1dbe associated. External IP: 10.96.250.203, port: 3639f6d9-d649-4003-afae-a49ded97038a.
2026-06-26 18:18:54.195 10 INFO neutron.db.ovn_revision_numbers_db [None req-9d8c295e-72df-45fa-ac78-6e6386cae71d bbfec00557734c0a8a7d4d0ba25c6a2f e86f7513c1164491ac79250f04532830 - - default default] Successfully bumped revision number for resource ee8fea7e-7b40-4835-82da-1f0a84ba1dbe (type: floatingips) to 0
2026-06-26 18:18:54.296 10 INFO neutron.wsgi [None req-44c224f7-3493-4a5a-ba3c-f38faf5cbd2b db184c3f4ee64ffda1c3a80c0eff39da e40d11a4e04542d38858d00663b13347 - - default default] 10.0.0.147 "DELETE /v2.0/security-groups/e2deecaf-6c29-4f35-b76a-77eadadb7998 HTTP/1.1" status: 204 len: 168 time: 0.1641171 /var/lib/openstack/lib/python3.10/site-packages/pycadf/identifier.py:71: UserWarning: Invalid uuid: neutron. To ensure interoperability, identifiers should be a valid uuid. warnings.warn(('Invalid uuid: %s. To ensure interoperability, '
2026-06-26 18:18:54.314 10 INFO neutron.db.ovn_revision_numbers_db [None req-9d8c295e-72df-45fa-ac78-6e6386cae71d bbfec00557734c0a8a7d4d0ba25c6a2f e86f7513c1164491ac79250f04532830 - - default default] Successfully bumped revision number for resource ee8fea7e-7b40-4835-82da-1f0a84ba1dbe (type: floatingips) to 1
2026-06-26 18:18:54.318 9 INFO neutron.api.v2.resource [None req-102b0b0f-dbc8-4f1a-856b-f449f88ee4cf db184c3f4ee64ffda1c3a80c0eff39da e40d11a4e04542d38858d00663b13347 - - default default] show failed (client error): The resource could not be found.
2026-06-26 18:18:54.319 9 INFO neutron.wsgi [None req-102b0b0f-dbc8-4f1a-856b-f449f88ee4cf db184c3f4ee64ffda1c3a80c0eff39da e40d11a4e04542d38858d00663b13347 - - default default] 10.0.0.147 "GET /v2.0/security-groups/e2deecaf-6c29-4f35-b76a-77eadadb7998 HTTP/1.1" status: 404 len: 347 time: 0.0174494
2026-06-26 18:18:54.358 10 INFO neutron.wsgi [None req-9d8c295e-72df-45fa-ac78-6e6386cae71d bbfec00557734c0a8a7d4d0ba25c6a2f e86f7513c1164491ac79250f04532830 - - default default] 10.0.0.147 "POST /v2.0/floatingips HTTP/1.1" status: 201 len: 1040 time: 1.0857244
2026-06-26 18:18:54.594 10 INFO neutron.wsgi [None req-a6a03e79-3952-44a6-b0a5-5dbc4949e9db bbfec00557734c0a8a7d4d0ba25c6a2f e86f7513c1164491ac79250f04532830 - - default default] 10.0.0.147 "GET /v2.0/floatingips/ee8fea7e-7b40-4835-82da-1f0a84ba1dbe HTTP/1.1" status: 200 len: 1037 time: 0.2301199
2026-06-26 18:18:54.645 9 INFO neutron.wsgi [None req-1d9eeca1-b018-4ae8-900f-f3bfde96bedc db184c3f4ee64ffda1c3a80c0eff39da e40d11a4e04542d38858d00663b13347 - - default default] 10.0.0.147 "DELETE /v2.0/floatingips/5317c183-1e65-413b-b3c3-9425b0447dfc HTTP/1.1" status: 204 len: 168 time: 0.3231297
2026-06-26 18:18:54.660 9 INFO neutron.wsgi [None req-89d54913-28a9-46c9-9756-5cc5ff533c3e eeff05b928cf40ad852a85f340db36b6 35c1268a86064df4901331c14f872052 - - default default] 10.0.0.147 "GET /v2.0/extensions HTTP/1.1" status: 200 len: 16520 time: 0.2053306
2026-06-26 18:18:54.660 10 INFO neutron.wsgi [None req-077ea67c-0f0a-4b97-9e55-2006d219304b bbfec00557734c0a8a7d4d0ba25c6a2f e86f7513c1164491ac79250f04532830 - - default default] 10.0.0.147 "GET /v2.0/floatingips HTTP/1.1" status: 200 len: 1040 time: 0.0618501
2026-06-26 18:18:54.680 9 INFO neutron.wsgi [None req-033e00e2-1bdc-4c4d-97b7-6626a8c69274 eeff05b928cf40ad852a85f340db36b6 35c1268a86064df4901331c14f872052 - - default default] 10.0.0.147 "GET /v2.0/extensions/address-group HTTP/1.1" status: 200 len: 353 time: 0.0151761
2026-06-26 18:18:54.698 9 INFO neutron.wsgi [None req-6e6dddda-433b-44e7-a51e-0c9016e7228e eeff05b928cf40ad852a85f340db36b6 35c1268a86064df4901331c14f872052 - - default default] 10.0.0.147 "GET /v2.0/extensions/address-scope HTTP/1.1" status: 200 len: 357 time: 0.0052879
2026-06-26 18:18:54.714 9 INFO neutron.wsgi [None req-ee4ac415-445e-4b80-bd27-08a76910f3d0 eeff05b928cf40ad852a85f340db36b6 35c1268a86064df4901331c14f872052 - - default default] 10.0.0.147 "GET /v2.0/extensions/agent HTTP/1.1" status: 200 len: 347 time: 0.0076556
2026-06-26 18:18:54.731 9 INFO neutron.wsgi [None req-d2d86565-eb84-435c-8fbf-63bbe60a14e3 eeff05b928cf40ad852a85f340db36b6 35c1268a86064df4901331c14f872052 - - default default] 10.0.0.147 "GET /v2.0/extensions/allowed-address-pairs HTTP/1.1" status: 200 len: 378 time: 0.0061417
2026-06-26 18:18:54.740 9 INFO neutron.wsgi [None req-71ba971a-2c3c-452e-9b38-2ad69180e221 eeff05b928cf40ad852a85f340db36b6 35c1268a86064df4901331c14f872052 - - default default] 10.0.0.147 "GET /v2.0/extensions/auto-allocated-topology HTTP/1.1" status: 200 len: 394 time: 0.0034168
2026-06-26 18:18:54.752 10 INFO neutron.wsgi [None req-6388b9ee-7b60-4d14-a8cc-905ab13416a1 eeff05b928cf40ad852a85f340db36b6 35c1268a86064df4901331c14f872052 - - default default] 10.0.0.147 "GET /v2.0/extensions/availability_zone HTTP/1.1" status: 200 len: 372 time: 0.0079107
2026-06-26 18:18:54.770 9 INFO neutron.wsgi [None req-46541e18-052f-4ebe-a842-410ed49d14cc eeff05b928cf40ad852a85f340db36b6 35c1268a86064df4901331c14f872052 - - default default] 10.0.0.147 "GET /v2.0/extensions/default-subnetpools HTTP/1.1" status: 200 len: 405 time: 0.0105889
2026-06-26 18:18:54.783 10 INFO neutron.wsgi [None req-e332fbb4-c3c3-4cb3-b5c0-8dc3103f47c0 eeff05b928cf40ad852a85f340db36b6 35c1268a86064df4901331c14f872052 - - default default] 10.0.0.147 "GET /v2.0/extensions/dhcp_agent_scheduler HTTP/1.1" status: 200 len: 381 time: 0.0063365
2026-06-26 18:18:54.805 9 INFO neutron.wsgi [None req-5891863f-b93b-4439-8212-28ce147822b8 eeff05b928cf40ad852a85f340db36b6 35c1268a86064df4901331c14f872052 - - default default] 10.0.0.147 "GET /v2.0/extensions/dns-integration HTTP/1.1" status: 200 len: 366 time: 0.0118861
2026-06-26 18:18:54.814 10 INFO neutron.wsgi [None req-87fbfeae-50d6-4426-aafa-9c80b47b14cf eeff05b928cf40ad852a85f340db36b6 35c1268a86064df4901331c14f872052 - - default default] 10.0.0.147 "GET /v2.0/extensions/dns-domain-ports HTTP/1.1" status: 200 len: 399 time: 0.0052736
2026-06-26 18:18:54.827 9 INFO neutron.wsgi [None req-cb4f7015-817b-4967-a24c-02bd8ea90d43 eeff05b928cf40ad852a85f340db36b6 35c1268a86064df4901331c14f872052 - - default default] 10.0.0.147 "GET /v2.0/extensions/dns-integration-domain-keywords HTTP/1.1" status: 200 len: 477 time: 0.0101457
2026-06-26 18:18:54.834 10 INFO neutron.wsgi [None req-d6489a1d-21de-4729-9fd0-f7b11e5ffba4 eeff05b928cf40ad852a85f340db36b6 35c1268a86064df4901331c14f872052 - - default default] 10.0.0.147 "GET /v2.0/extensions/external-net HTTP/1.1" status: 200 len: 394 time: 0.0035987
2026-06-26 18:18:54.840 10 INFO neutron.wsgi [None req-12baa0b8-71c7-44d1-92ae-e66c89b88225 eeff05b928cf40ad852a85f340db36b6 35c1268a86064df4901331c14f872052 - - default default] 10.0.0.147 "GET /v2.0/extensions/extra_dhcp_opt HTTP/1.1" status: 200 len: 498 time: 0.0030346
2026-06-26 18:18:54.848 10 INFO neutron.wsgi [None req-0b487621-5766-48eb-8910-8a06f26e92b4 eeff05b928cf40ad852a85f340db36b6 35c1268a86064df4901331c14f872052 - - default default] 10.0.0.147 "GET /v2.0/extensions/extraroute HTTP/1.1" status: 200 len: 375 time: 0.0043585
2026-06-26 18:18:54.855 10 INFO neutron.wsgi [None req-be86b15d-36d0-4540-8749-fbef455e1711 eeff05b928cf40ad852a85f340db36b6 35c1268a86064df4901331c14f872052 - - default default] 10.0.0.147 "GET /v2.0/extensions/filter-validation HTTP/1.1" status: 200 len: 392 time: 0.0035677
2026-06-26 18:18:54.865 9 INFO neutron.wsgi [None req-c84b36e6-b5aa-4e73-ae96-3f9c5f759f30 eeff05b928cf40ad852a85f340db36b6 35c1268a86064df4901331c14f872052 - - default default] 10.0.0.147 "GET /v2.0/extensions/floating-ip-port-forwarding-detail HTTP/1.1" status: 200 len: 465 time: 0.0049083
2026-06-26 18:18:54.871 9 INFO neutron.wsgi [None req-4e1d2769-d084-4778-8b96-61b1de0ca3c9 eeff05b928cf40ad852a85f340db36b6 35c1268a86064df4901331c14f872052 - - default default] 10.0.0.147 "GET /v2.0/extensions/fip-port-details HTTP/1.1" status: 200 len: 406 time: 0.0042191
2026-06-26 18:18:54.878 10 INFO neutron.wsgi [None req-b248479d-d0a1-49df-ada6-918b643c15b4 eeff05b928cf40ad852a85f340db36b6 35c1268a86064df4901331c14f872052 - - default default] 10.0.0.147 "GET /v2.0/extensions/flavors HTTP/1.1" status: 200 len: 387 time: 0.0041893
2026-06-26 18:18:54.885 10 INFO neutron.wsgi [None req-95bdde85-f099-4e91-8eba-bf418a575b21 eeff05b928cf40ad852a85f340db36b6 35c1268a86064df4901331c14f872052 - - default default] 10.0.0.147 "GET /v2.0/extensions/floatingip-pools HTTP/1.1" status: 200 len: 382 time: 0.0034952
2026-06-26 18:18:54.905 9 INFO neutron.wsgi [None req-c81c6830-6ecb-477f-b356-5fecb3f9f976 eeff05b928cf40ad852a85f340db36b6 35c1268a86064df4901331c14f872052 - - default default] 10.0.0.147 "GET /v2.0/extensions/ip_allocation HTTP/1.1" status: 200 len: 356 time: 0.0174406
2026-06-26 18:18:54.913 10 INFO neutron.wsgi [None req-b7561b9d-a6b8-4b64-abf2-5c994cdd19f5 eeff05b928cf40ad852a85f340db36b6 35c1268a86064df4901331c14f872052 - - default default] 10.0.0.147 "GET /v2.0/extensions/l2_adjacency HTTP/1.1" status: 200 len: 372 time: 0.0046496
2026-06-26 18:18:54.938 9 INFO neutron.wsgi [None req-02c2f989-1bc1-42ac-9f79-d7c68b5dc392 eeff05b928cf40ad852a85f340db36b6 35c1268a86064df4901331c14f872052 - - default default] 10.0.0.147 "GET /v2.0/extensions/router HTTP/1.1" status: 200 len: 450 time: 0.0054052
