2026-06-26 18:19:18.087 9 INFO neutron.services.segments.plugin [-] Segment 2e6f4d18-603c-41d2-a4b0-1aab25cbaa4d resource provider not found; error: Placement Client Error (4xx): {"errors": [{"status": 404, "title": "Not Found", "detail": "The resource could not be found.\n\n No resource provider with uuid 2e6f4d18-603c-41d2-a4b0-1aab25cbaa4d found for delete ", "request_id": "req-1435c14f-bad6-49bd-8de5-778d6e01b3f5"}]}
2026-06-26 18:19:18.104 9 INFO neutron.wsgi [None req-e7dd6cec-92d2-4248-94a8-0b7bb3b56bbd 605fd3cf3db54279a313bc616ccd7cf9 1bc9790d7bc2424d8a6869044ba32542 - - default default] 10.0.0.147 "DELETE /v2.0/networks/23394ab3-0306-4773-b6a3-501f99dfd559 HTTP/1.1" status: 204 len: 168 time: 0.3829513
2026-06-26 18:19:18.130 10 INFO neutron.db.ovn_revision_numbers_db [None req-f2c2d0c8-4b89-48b1-984d-d58e97657b6a 605fd3cf3db54279a313bc616ccd7cf9 1bc9790d7bc2424d8a6869044ba32542 - - default default] Successfully bumped revision number for resource 7953f049-4f4f-4fd9-aa8d-7df15e64bd4b (type: security_groups) to 1
2026-06-26 18:19:18.153 10 INFO neutron.wsgi [None req-496732ea-cd06-4c13-bf8c-edfb4a512498 d5aa67b9529d4313ad507efc8d7342d4 43a7f864135443448edf9f59bea13416 - - default default] 10.0.0.147 "GET /v2.0/networks/0c7913ab-01ab-4767-ad05-782854671fda HTTP/1.1" status: 200 len: 866 time: 0.0875831
2026-06-26 18:19:18.154 10 INFO neutron.db.ovn_revision_numbers_db [None req-f2c2d0c8-4b89-48b1-984d-d58e97657b6a 605fd3cf3db54279a313bc616ccd7cf9 1bc9790d7bc2424d8a6869044ba32542 - - default default] Successfully bumped revision number for resource 08e50800-1f44-4e1e-88f0-338c7158ae80 (type: security_group_rules) to 0
2026-06-26 18:19:18.171 10 INFO neutron.db.ovn_revision_numbers_db [None req-f2c2d0c8-4b89-48b1-984d-d58e97657b6a 605fd3cf3db54279a313bc616ccd7cf9 1bc9790d7bc2424d8a6869044ba32542 - - default default] Successfully bumped revision number for resource 1c30efde-2621-4fe7-990d-9ad2f28fd560 (type: security_group_rules) to 0
2026-06-26 18:19:18.184 10 INFO neutron.db.ovn_revision_numbers_db [None req-f2c2d0c8-4b89-48b1-984d-d58e97657b6a 605fd3cf3db54279a313bc616ccd7cf9 1bc9790d7bc2424d8a6869044ba32542 - - default default] Successfully bumped revision number for resource 44bd2867-b8a3-478b-8a48-fcd8b2a55847 (type: security_group_rules) to 0
2026-06-26 18:19:18.194 9 INFO neutron.wsgi [None req-a70d99b6-18ce-4561-a745-ecde31e73306 d5aa67b9529d4313ad507efc8d7342d4 43a7f864135443448edf9f59bea13416 - - default default] 10.0.0.147 "GET /v2.0/subnets/47ab7c1f-ff88-42df-8208-bbe2f6521668 HTTP/1.1" status: 200 len: 843 time: 0.0353262
2026-06-26 18:19:18.197 10 INFO neutron.db.ovn_revision_numbers_db [None req-f2c2d0c8-4b89-48b1-984d-d58e97657b6a 605fd3cf3db54279a313bc616ccd7cf9 1bc9790d7bc2424d8a6869044ba32542 - - default default] Successfully bumped revision number for resource a8a7bc9f-feda-44e8-9956-0b457a09586c (type: security_group_rules) to 0
2026-06-26 18:19:18.216 10 INFO neutron.wsgi [None req-f2c2d0c8-4b89-48b1-984d-d58e97657b6a 605fd3cf3db54279a313bc616ccd7cf9 1bc9790d7bc2424d8a6869044ba32542 - - default default] 10.0.0.147 "GET /v2.0/security-groups?tenant_id=8768eba70c8842b2b69d8fb15f219e1d&name=default HTTP/1.1" status: 200 len: 2996 time: 0.2871039
2026-06-26 18:19:18.219 9 INFO neutron.pecan_wsgi.hooks.translation [None req-5bdb1c88-99f0-4319-b901-2da8cd65415c d5aa67b9529d4313ad507efc8d7342d4 43a7f864135443448edf9f59bea13416 - - default default] DELETE failed (client error): The resource could not be found.
2026-06-26 18:19:18.221 9 INFO neutron.wsgi [None req-5bdb1c88-99f0-4319-b901-2da8cd65415c d5aa67b9529d4313ad507efc8d7342d4 43a7f864135443448edf9f59bea13416 - - default default] 10.0.0.147 "DELETE /v2.0/subnets/8a76442b-9287-4992-bad7-184914da9848 HTTP/1.1" status: 404 len: 337 time: 0.0213459
2026-06-26 18:19:18.237 9 INFO neutron.pecan_wsgi.hooks.translation [None req-cf8e890b-5f1d-4575-9a1b-c87799307473 d5aa67b9529d4313ad507efc8d7342d4 43a7f864135443448edf9f59bea13416 - - default default] DELETE failed (client error): The resource could not be found.
2026-06-26 18:19:18.239 9 INFO neutron.wsgi [None req-cf8e890b-5f1d-4575-9a1b-c87799307473 d5aa67b9529d4313ad507efc8d7342d4 43a7f864135443448edf9f59bea13416 - - default default] 10.0.0.147 "DELETE /v2.0/networks/3896e615-85e5-4aa0-a64d-b70d3552b892 HTTP/1.1" status: 404 len: 339 time: 0.0142350
2026-06-26 18:19:18.253 9 INFO neutron.wsgi [None req-477a9254-b353-4f3d-8005-3d3b941a84a8 605fd3cf3db54279a313bc616ccd7cf9 1bc9790d7bc2424d8a6869044ba32542 - - default default] 10.0.0.147 "GET /v2.0/security-groups?tenant_id=43b91c73aeae432a98fd40411d17f0b1&name=default HTTP/1.1" status: 200 len: 2996 time: 0.0385063
2026-06-26 18:19:18.433 9 INFO neutron.wsgi [None req-7e7b02d3-b4a2-4b7e-8535-a8e3a235e73a 605fd3cf3db54279a313bc616ccd7cf9 1bc9790d7bc2424d8a6869044ba32542 - - default default] 10.0.0.147 "DELETE /v2.0/security-groups/cf9ac6fa-98fc-41eb-9584-3e27dbfa2c7c HTTP/1.1" status: 204 len: 168 time: 0.1761620
2026-06-26 18:19:18.460 10 INFO neutron.wsgi [None req-21769c0b-fbf8-4306-8aa9-7a335d30d4f1 d5aa67b9529d4313ad507efc8d7342d4 43a7f864135443448edf9f59bea13416 - - default default] 10.0.0.147 "DELETE /v2.0/subnets/47ab7c1f-ff88-42df-8208-bbe2f6521668 HTTP/1.1" status: 204 len: 168 time: 0.2167914
2026-06-26 18:19:18.492 10 INFO neutron.db.ovn_revision_numbers_db [None req-22ea905a-3245-4e67-bc9a-18d4fff1519a 605fd3cf3db54279a313bc616ccd7cf9 1bc9790d7bc2424d8a6869044ba32542 - - default default] Successfully bumped revision number for resource 44389ad2-bab1-4d7c-896f-b4842b15126e (type: security_groups) to 1
2026-06-26 18:19:18.508 10 INFO neutron.db.ovn_revision_numbers_db [None req-22ea905a-3245-4e67-bc9a-18d4fff1519a 605fd3cf3db54279a313bc616ccd7cf9 1bc9790d7bc2424d8a6869044ba32542 - - default default] Successfully bumped revision number for resource 513d652e-3432-497b-805c-27bf9220cf36 (type: security_group_rules) to 0
2026-06-26 18:19:18.512 10 INFO neutron.wsgi [None req-d74d2d80-8db7-4a61-8785-6e918dc69692 605fd3cf3db54279a313bc616ccd7cf9 1bc9790d7bc2424d8a6869044ba32542 - - default default] 10.0.0.147 "DELETE /v2.0/security-groups/7953f049-4f4f-4fd9-aa8d-7df15e64bd4b HTTP/1.1" status: 204 len: 168 time: 0.2903197
2026-06-26 18:19:18.525 10 INFO neutron.db.ovn_revision_numbers_db [None req-22ea905a-3245-4e67-bc9a-18d4fff1519a 605fd3cf3db54279a313bc616ccd7cf9 1bc9790d7bc2424d8a6869044ba32542 - - default default] Successfully bumped revision number for resource 6f3b72b6-bf08-4b0d-a005-e5239f74a9ef (type: security_group_rules) to 0
2026-06-26 18:19:18.539 10 INFO neutron.db.ovn_revision_numbers_db [None req-22ea905a-3245-4e67-bc9a-18d4fff1519a 605fd3cf3db54279a313bc616ccd7cf9 1bc9790d7bc2424d8a6869044ba32542 - - default default] Successfully bumped revision number for resource 7d59af10-624e-4770-8edd-5401889c7597 (type: security_group_rules) to 0
2026-06-26 18:19:18.554 10 INFO neutron.db.ovn_revision_numbers_db [None req-22ea905a-3245-4e67-bc9a-18d4fff1519a 605fd3cf3db54279a313bc616ccd7cf9 1bc9790d7bc2424d8a6869044ba32542 - - default default] Successfully bumped revision number for resource c8c767e1-caeb-4b7d-803d-641df84491ae (type: security_group_rules) to 0
2026-06-26 18:19:18.575 10 INFO neutron.wsgi [None req-22ea905a-3245-4e67-bc9a-18d4fff1519a 605fd3cf3db54279a313bc616ccd7cf9 1bc9790d7bc2424d8a6869044ba32542 - - default default] 10.0.0.147 "GET /v2.0/security-groups?tenant_id=2dd67b47e11048c786eb60f8a17f9b28&name=default HTTP/1.1" status: 200 len: 2996 time: 0.4694562
2026-06-26 18:19:18.874 9 INFO neutron.wsgi [None req-3c8b3512-560e-46ba-9a4d-61e191099de9 605fd3cf3db54279a313bc616ccd7cf9 1bc9790d7bc2424d8a6869044ba32542 - - default default] 10.0.0.147 "DELETE /v2.0/security-groups/44389ad2-bab1-4d7c-896f-b4842b15126e HTTP/1.1" status: 204 len: 168 time: 0.2900796
2026-06-26 18:19:18.888 9 INFO neutron.wsgi [None req-5a30ac56-8969-42a5-8058-086d8f3e0705 d5aa67b9529d4313ad507efc8d7342d4 43a7f864135443448edf9f59bea13416 - - default default] 10.0.0.147 "DELETE /v2.0/networks/0c7913ab-01ab-4767-ad05-782854671fda HTTP/1.1" status: 204 len: 168 time: 0.4233027
2026-06-26 18:19:19.520 9 INFO neutron.wsgi [None req-e1b8cf24-30f3-47ad-a944-de7c79118793 605fd3cf3db54279a313bc616ccd7cf9 1bc9790d7bc2424d8a6869044ba32542 - - default default] 10.0.0.147 "GET /v2.0/security-groups?tenant_id=43a7f864135443448edf9f59bea13416&name=default HTTP/1.1" status: 200 len: 2996 time: 0.1802673
2026-06-26 18:19:19.693 9 INFO neutron.wsgi [None req-552d9b7c-6d20-4c0c-abaf-cb63cff78a7f 605fd3cf3db54279a313bc616ccd7cf9 1bc9790d7bc2424d8a6869044ba32542 - - default default] 10.0.0.147 "DELETE /v2.0/security-groups/1ac78126-1abe-4da8-900c-604dea69d04a HTTP/1.1" status: 204 len: 168 time: 0.1687796
2026-06-26 18:19:20.105 9 INFO neutron.services.segments.plugin [-] Segment 2aa34658-cd3b-4026-9fda-c3093ee60a56 resource provider aggregate not found
2026-06-26 18:19:20.110 9 INFO neutron.services.segments.plugin [-] Segment 2aa34658-cd3b-4026-9fda-c3093ee60a56 resource provider aggregate not found
2026-06-26 18:19:20.127 9 INFO neutron.services.segments.plugin [-] Segment 2aa34658-cd3b-4026-9fda-c3093ee60a56 resource provider not found; error: Placement Client Error (4xx): {"errors": [{"status": 404, "title": "Not Found", "detail": "The resource could not be found.\n\n No resource provider with uuid 2aa34658-cd3b-4026-9fda-c3093ee60a56 found for delete ", "request_id": "req-794740d2-7727-4bc8-b50c-404fa6041c7c"}]}
2026-06-26 18:19:20.132 9 INFO neutron.services.segments.plugin [-] Segment 2aa34658-cd3b-4026-9fda-c3093ee60a56 resource provider not found; error: Placement Client Error (4xx): {"errors": [{"status": 404, "title": "Not Found", "detail": "The resource could not be found.\n\n No resource provider with uuid 2aa34658-cd3b-4026-9fda-c3093ee60a56 found for delete ", "request_id": "req-499845c3-5050-4a43-bbff-08f1efafb209"}]}
2026-06-26 18:19:20.336 10 INFO neutron.wsgi [-] 10.0.0.128 "GET / HTTP/1.1" status: 200 len: 247 time: 0.0027668
2026-06-26 18:19:20.336 9 INFO neutron.wsgi [-] 10.0.0.128 "GET / HTTP/1.1" status: 200 len: 247 time: 0.0028558
2026-06-26 18:19:20.614 10 INFO neutron.db.ovn_revision_numbers_db [None req-7709d207-b823-4e43-8de1-c8311398403d 605fd3cf3db54279a313bc616ccd7cf9 1bc9790d7bc2424d8a6869044ba32542 - - default default] Successfully bumped revision number for resource 3b10c7dc-6624-4643-b4d5-5a51912168aa (type: security_groups) to 1
2026-06-26 18:19:20.628 10 INFO neutron.db.ovn_revision_numbers_db [None req-7709d207-b823-4e43-8de1-c8311398403d 605fd3cf3db54279a313bc616ccd7cf9 1bc9790d7bc2424d8a6869044ba32542 - - default default] Successfully bumped revision number for resource 2bfd149c-7c78-4fe3-9aa0-0ada246509a4 (type: security_group_rules) to 0
2026-06-26 18:19:20.643 10 INFO neutron.db.ovn_revision_numbers_db [None req-7709d207-b823-4e43-8de1-c8311398403d 605fd3cf3db54279a313bc616ccd7cf9 1bc9790d7bc2424d8a6869044ba32542 - - default default] Successfully bumped revision number for resource 53362b49-bafb-4c52-a96c-453ceca835a1 (type: security_group_rules) to 0
2026-06-26 18:19:20.666 10 INFO neutron.db.ovn_revision_numbers_db [None req-7709d207-b823-4e43-8de1-c8311398403d 605fd3cf3db54279a313bc616ccd7cf9 1bc9790d7bc2424d8a6869044ba32542 - - default default] Successfully bumped revision number for resource 667a3177-343a-42d4-9f0d-93a632c37ac6 (type: security_group_rules) to 0
2026-06-26 18:19:20.680 10 INFO neutron.db.ovn_revision_numbers_db [None req-7709d207-b823-4e43-8de1-c8311398403d 605fd3cf3db54279a313bc616ccd7cf9 1bc9790d7bc2424d8a6869044ba32542 - - default default] Successfully bumped revision number for resource ba08cc57-57d5-4f06-95b7-b240dec05f29 (type: security_group_rules) to 0
2026-06-26 18:19:20.749 10 INFO neutron.db.segments_db [None req-7709d207-b823-4e43-8de1-c8311398403d 605fd3cf3db54279a313bc616ccd7cf9 1bc9790d7bc2424d8a6869044ba32542 - - default default] Added segment f9f48b2a-3465-4e6a-ae26-2165c21e11e0 of type geneve for network 30a7b012-8904-4980-9a63-59bd52ea4e32
2026-06-26 18:19:20.922 10 INFO neutron.db.ovn_revision_numbers_db [None req-7709d207-b823-4e43-8de1-c8311398403d 605fd3cf3db54279a313bc616ccd7cf9 1bc9790d7bc2424d8a6869044ba32542 - - default default] Successfully bumped revision number for resource 30a7b012-8904-4980-9a63-59bd52ea4e32 (type: networks) to 1
2026-06-26 18:19:21.097 10 WARNING neutron.scheduler.dhcp_agent_scheduler [None req-7709d207-b823-4e43-8de1-c8311398403d 605fd3cf3db54279a313bc616ccd7cf9 1bc9790d7bc2424d8a6869044ba32542 - - default default] No more DHCP agents
2026-06-26 18:19:21.099 10 WARNING neutron.api.rpc.agentnotifiers.dhcp_rpc_agent_api [None req-7709d207-b823-4e43-8de1-c8311398403d 605fd3cf3db54279a313bc616ccd7cf9 1bc9790d7bc2424d8a6869044ba32542 - - default default] Unable to schedule network 30a7b012-8904-4980-9a63-59bd52ea4e32: no agents available; will retry on subsequent port and subnet creation events.
2026-06-26 18:19:21.182 10 INFO neutron.db.ovn_revision_numbers_db [None req-7709d207-b823-4e43-8de1-c8311398403d 605fd3cf3db54279a313bc616ccd7cf9 1bc9790d7bc2424d8a6869044ba32542 - - default default] Successfully bumped revision number for resource 7e9c8f82-6453-42b6-9531-79d014fa6344 (type: ports) to 1
2026-06-26 18:19:21.206 10 INFO neutron.wsgi [None req-7709d207-b823-4e43-8de1-c8311398403d 605fd3cf3db54279a313bc616ccd7cf9 1bc9790d7bc2424d8a6869044ba32542 - - default default] 10.0.0.147 "POST /v2.0/networks HTTP/1.1" status: 201 len: 945 time: 1.0036538
2026-06-26 18:19:21.373 10 WARNING neutron.scheduler.dhcp_agent_scheduler [None req-d8e4cd86-dbd8-4cd1-86b7-e6eebf8f0c09 605fd3cf3db54279a313bc616ccd7cf9 1bc9790d7bc2424d8a6869044ba32542 - - default default] No more DHCP agents
2026-06-26 18:19:21.375 10 WARNING neutron.api.rpc.agentnotifiers.dhcp_rpc_agent_api [None req-d8e4cd86-dbd8-4cd1-86b7-e6eebf8f0c09 605fd3cf3db54279a313bc616ccd7cf9 1bc9790d7bc2424d8a6869044ba32542 - - default default] Unable to schedule network 30a7b012-8904-4980-9a63-59bd52ea4e32: no agents available; will retry on subsequent port and subnet creation events.
2026-06-26 18:19:21.796 9 INFO neutron.db.ovn_revision_numbers_db [None req-76dcc1f0-21fe-4b6e-902a-a814ff24a370 3d156036bf7c4dcdb29bb81e9a95dd77 448f20a405bf4263941f38d09135afaf - - default default] Successfully bumped revision number for resource ca74c4b4-9606-4ad8-a1fc-6a920833eb20 (type: security_groups) to 1
2026-06-26 18:19:21.824 9 INFO neutron.db.ovn_revision_numbers_db [None req-76dcc1f0-21fe-4b6e-902a-a814ff24a370 3d156036bf7c4dcdb29bb81e9a95dd77 448f20a405bf4263941f38d09135afaf - - default default] Successfully bumped revision number for resource 3ab15274-f1ab-488a-8810-e7c7ec3ee0a6 (type: security_group_rules) to 0
2026-06-26 18:19:21.826 10 INFO neutron.db.ovn_revision_numbers_db [None req-d8e4cd86-dbd8-4cd1-86b7-e6eebf8f0c09 605fd3cf3db54279a313bc616ccd7cf9 1bc9790d7bc2424d8a6869044ba32542 - - default default] Successfully bumped revision number for resource 7e9c8f82-6453-42b6-9531-79d014fa6344 (type: ports) to 2
2026-06-26 18:19:21.840 9 INFO neutron.db.ovn_revision_numbers_db [None req-76dcc1f0-21fe-4b6e-902a-a814ff24a370 3d156036bf7c4dcdb29bb81e9a95dd77 448f20a405bf4263941f38d09135afaf - - default default] Successfully bumped revision number for resource 9cb49e07-e78e-48f3-9c27-8202125fbb58 (type: security_group_rules) to 0
2026-06-26 18:19:21.857 9 INFO neutron.db.ovn_revision_numbers_db [None req-76dcc1f0-21fe-4b6e-902a-a814ff24a370 3d156036bf7c4dcdb29bb81e9a95dd77 448f20a405bf4263941f38d09135afaf - - default default] Successfully bumped revision number for resource d5a4a9db-2f73-4895-b8f5-bce55a5ca8a2 (type: security_group_rules) to 0
2026-06-26 18:19:21.864 10 INFO neutron.db.ovn_revision_numbers_db [None req-d8e4cd86-dbd8-4cd1-86b7-e6eebf8f0c09 605fd3cf3db54279a313bc616ccd7cf9 1bc9790d7bc2424d8a6869044ba32542 - - default default] Successfully bumped revision number for resource 81b09f05-63c5-4088-a9eb-8506ad887a40 (type: subnets) to 0
2026-06-26 18:19:21.875 9 INFO neutron.db.ovn_revision_numbers_db [None req-76dcc1f0-21fe-4b6e-902a-a814ff24a370 3d156036bf7c4dcdb29bb81e9a95dd77 448f20a405bf4263941f38d09135afaf - - default default] Successfully bumped revision number for resource fb8f253f-513d-4876-80f3-fa565d142a2a (type: security_group_rules) to 0
2026-06-26 18:19:21.889 10 INFO neutron.wsgi [None req-d8e4cd86-dbd8-4cd1-86b7-e6eebf8f0c09 605fd3cf3db54279a313bc616ccd7cf9 1bc9790d7bc2424d8a6869044ba32542 - - default default] 10.0.0.147 "POST /v2.0/subnets HTTP/1.1" status: 201 len: 865 time: 0.6776984
2026-06-26 18:19:21.941 9 INFO neutron.db.segments_db [None req-76dcc1f0-21fe-4b6e-902a-a814ff24a370 3d156036bf7c4dcdb29bb81e9a95dd77 448f20a405bf4263941f38d09135afaf - - default default] Added segment 9c71a4be-ceee-4332-9773-d6155b0e3842 of type geneve for network 8290a7a3-123f-439d-97a7-85351b95e982
2026-06-26 18:19:22.032 9 INFO neutron.wsgi [None req-e7a40424-3a7c-4811-a63e-6e000e1fb315 d7f49c3922474787aa0659c363f8f089 54f68d7cc54d4a808f25ed80a127af82 - - default default] 10.0.0.164 "GET /v2.0/extensions HTTP/1.1" status: 200 len: 16525 time: 0.0624921
2026-06-26 18:19:22.121 9 INFO neutron.db.ovn_revision_numbers_db [None req-76dcc1f0-21fe-4b6e-902a-a814ff24a370 3d156036bf7c4dcdb29bb81e9a95dd77 448f20a405bf4263941f38d09135afaf - - default default] Successfully bumped revision number for resource 8290a7a3-123f-439d-97a7-85351b95e982 (type: networks) to 1
2026-06-26 18:19:22.177 10 INFO neutron.db.ovn_revision_numbers_db [None req-96161aac-1cd1-47dc-9b24-f16d04d81a59 605fd3cf3db54279a313bc616ccd7cf9 1bc9790d7bc2424d8a6869044ba32542 - - default default] Successfully bumped revision number for resource 0f903a14-5280-46c1-82f2-8891ed758e30 (type: security_groups) to 1
2026-06-26 18:19:22.197 10 INFO neutron.db.ovn_revision_numbers_db [None req-96161aac-1cd1-47dc-9b24-f16d04d81a59 605fd3cf3db54279a313bc616ccd7cf9 1bc9790d7bc2424d8a6869044ba32542 - - default default] Successfully bumped revision number for resource 2bc02f07-1ad5-4b8b-b560-9a250a97018d (type: security_group_rules) to 0
2026-06-26 18:19:22.206 9 INFO neutron.wsgi [None req-7e8d109c-8470-42fd-83dd-c74807b43ccc d7f49c3922474787aa0659c363f8f089 54f68d7cc54d4a808f25ed80a127af82 - - default default] 10.0.0.164 "GET /v2.0/quotas/54f68d7cc54d4a808f25ed80a127af82/details HTTP/1.1" status: 200 len: 756 time: 0.1575236
2026-06-26 18:19:22.219 10 INFO neutron.db.ovn_revision_numbers_db [None req-96161aac-1cd1-47dc-9b24-f16d04d81a59 605fd3cf3db54279a313bc616ccd7cf9 1bc9790d7bc2424d8a6869044ba32542 - - default default] Successfully bumped revision number for resource 7d3b16df-1792-4b46-a733-a9a68103db75 (type: security_group_rules) to 0
2026-06-26 18:19:22.240 10 INFO neutron.db.ovn_revision_numbers_db [None req-96161aac-1cd1-47dc-9b24-f16d04d81a59 605fd3cf3db54279a313bc616ccd7cf9 1bc9790d7bc2424d8a6869044ba32542 - - default default] Successfully bumped revision number for resource 9d05f1f6-0315-4210-9fdd-9124ad629ceb (type: security_group_rules) to 0
2026-06-26 18:19:22.255 10 INFO neutron.db.ovn_revision_numbers_db [None req-96161aac-1cd1-47dc-9b24-f16d04d81a59 605fd3cf3db54279a313bc616ccd7cf9 1bc9790d7bc2424d8a6869044ba32542 - - default default] Successfully bumped revision number for resource d999b941-f7e6-4885-a297-5f2a23e423ed (type: security_group_rules) to 0
2026-06-26 18:19:22.290 10 INFO neutron.wsgi [None req-96161aac-1cd1-47dc-9b24-f16d04d81a59 605fd3cf3db54279a313bc616ccd7cf9 1bc9790d7bc2424d8a6869044ba32542 - - default default] 10.0.0.147 "GET /v2.0/security-groups?tenant_id=91d6870c6e24449ca9b4c0ba44ac8fd1&name=default HTTP/1.1" status: 200 len: 2996 time: 0.4006953
2026-06-26 18:19:22.304 9 WARNING neutron.scheduler.dhcp_agent_scheduler [None req-76dcc1f0-21fe-4b6e-902a-a814ff24a370 3d156036bf7c4dcdb29bb81e9a95dd77 448f20a405bf4263941f38d09135afaf - - default default] No more DHCP agents
2026-06-26 18:19:22.306 9 WARNING neutron.api.rpc.agentnotifiers.dhcp_rpc_agent_api [None req-76dcc1f0-21fe-4b6e-902a-a814ff24a370 3d156036bf7c4dcdb29bb81e9a95dd77 448f20a405bf4263941f38d09135afaf - - default default] Unable to schedule network 8290a7a3-123f-439d-97a7-85351b95e982: no agents available; will retry on subsequent port and subnet creation events.
2026-06-26 18:19:22.372 10 WARNING neutron.scheduler.dhcp_agent_scheduler [None req-7969d0d5-2869-4920-b10f-2da42b2d60c6 605fd3cf3db54279a313bc616ccd7cf9 1bc9790d7bc2424d8a6869044ba32542 - - default default] No more DHCP agents
2026-06-26 18:19:22.376 10 WARNING neutron.api.rpc.agentnotifiers.dhcp_rpc_agent_api [None req-7969d0d5-2869-4920-b10f-2da42b2d60c6 605fd3cf3db54279a313bc616ccd7cf9 1bc9790d7bc2424d8a6869044ba32542 - - default default] Unable to schedule network 4c3b357f-c15b-4c90-b114-ef4997377957: no agents available; will retry on subsequent port and subnet creation events.
2026-06-26 18:19:22.387 9 INFO neutron.db.ovn_revision_numbers_db [None req-76dcc1f0-21fe-4b6e-902a-a814ff24a370 3d156036bf7c4dcdb29bb81e9a95dd77 448f20a405bf4263941f38d09135afaf - - default default] Successfully bumped revision number for resource d7dc5766-c9cf-4745-adc2-8e97485354d1 (type: ports) to 1
2026-06-26 18:19:22.410 9 INFO neutron.wsgi [None req-76dcc1f0-21fe-4b6e-902a-a814ff24a370 3d156036bf7c4dcdb29bb81e9a95dd77 448f20a405bf4263941f38d09135afaf - - default default] 10.0.0.147 "POST /v2.0/networks HTTP/1.1" status: 201 len: 847 time: 0.9464998
2026-06-26 18:19:22.535 10 INFO neutron.db.ovn_revision_numbers_db [None req-7969d0d5-2869-4920-b10f-2da42b2d60c6 605fd3cf3db54279a313bc616ccd7cf9 1bc9790d7bc2424d8a6869044ba32542 - - default default] Successfully bumped revision number for resource 69d8e401-e360-4511-9593-b8b6c6239c75 (type: ports) to 1
2026-06-26 18:19:22.547 9 INFO neutron.wsgi [None req-0ad8243a-65b2-49cc-8127-ed9ac7e63805 605fd3cf3db54279a313bc616ccd7cf9 1bc9790d7bc2424d8a6869044ba32542 - - default default] 10.0.0.147 "DELETE /v2.0/security-groups/0f903a14-5280-46c1-82f2-8891ed758e30 HTTP/1.1" status: 204 len: 168 time: 0.2505412
2026-06-26 18:19:22.657 9 WARNING neutron.scheduler.dhcp_agent_scheduler [None req-9249bf03-c292-401c-bbb4-f9ff7a3c826d 3d156036bf7c4dcdb29bb81e9a95dd77 448f20a405bf4263941f38d09135afaf - - default default] No more DHCP agents
2026-06-26 18:19:22.659 9 WARNING neutron.api.rpc.agentnotifiers.dhcp_rpc_agent_api [None req-9249bf03-c292-401c-bbb4-f9ff7a3c826d 3d156036bf7c4dcdb29bb81e9a95dd77 448f20a405bf4263941f38d09135afaf - - default default] Unable to schedule network 8290a7a3-123f-439d-97a7-85351b95e982: no agents available; will retry on subsequent port and subnet creation events.
2026-06-26 18:19:22.746 9 INFO neutron.db.ovn_revision_numbers_db [None req-9249bf03-c292-401c-bbb4-f9ff7a3c826d 3d156036bf7c4dcdb29bb81e9a95dd77 448f20a405bf4263941f38d09135afaf - - default default] Successfully bumped revision number for resource 62e437db-d90e-42e2-b801-46052a0fe834 (type: ports) to 1
2026-06-26 18:19:22.769 9 INFO neutron.wsgi [None req-9249bf03-c292-401c-bbb4-f9ff7a3c826d 3d156036bf7c4dcdb29bb81e9a95dd77 448f20a405bf4263941f38d09135afaf - - default default] 10.0.0.147 "POST /v2.0/ports HTTP/1.1" status: 201 len: 977 time: 0.3531351 /var/lib/openstack/lib/python3.10/site-packages/pycadf/identifier.py:71: UserWarning: Invalid uuid: neutron. To ensure interoperability, identifiers should be a valid uuid. warnings.warn(('Invalid uuid: %s. To ensure interoperability, '
2026-06-26 18:19:22.896 9 INFO neutron.db.segments_db [None req-fa88badd-13ad-432b-b76e-9e21d259bd2f 3d156036bf7c4dcdb29bb81e9a95dd77 448f20a405bf4263941f38d09135afaf - - default default] Added segment 63ba7e30-8f98-4202-8d19-c6ad687df898 of type geneve for network 3d8bde36-7616-49ba-b26a-268805866311
2026-06-26 18:19:23.045 9 INFO neutron.db.ovn_revision_numbers_db [None req-fa88badd-13ad-432b-b76e-9e21d259bd2f 3d156036bf7c4dcdb29bb81e9a95dd77 448f20a405bf4263941f38d09135afaf - - default default] Successfully bumped revision number for resource 3d8bde36-7616-49ba-b26a-268805866311 (type: networks) to 1
2026-06-26 18:19:23.131 9 INFO neutron.plugins.ml2.drivers.ovn.mech_driver.mech_driver [None req-2eb6e9db-6e57-4e1d-ad84-a7d1d22fb438 - - - - - -] OVN reports status up for port: 69d8e401-e360-4511-9593-b8b6c6239c75
2026-06-26 18:19:23.141 10 INFO neutron.plugins.ml2.drivers.ovn.mech_driver.ovsdb.ovsdb_monitor [None req-d461a7f8-3841-427b-8322-fef48cbf35db - - - - - -] Router 5059ca76-0e1c-4dd3-ab2b-7497dfd72e8c is bound to host instance
2026-06-26 18:19:23.147 9 INFO neutron.plugins.ml2.plugin [None req-2eb6e9db-6e57-4e1d-ad84-a7d1d22fb438 - - - - - -] Attempt 1 to provision port 69d8e401-e360-4511-9593-b8b6c6239c75
2026-06-26 18:19:23.166 10 INFO neutron.db.ovn_revision_numbers_db [None req-7969d0d5-2869-4920-b10f-2da42b2d60c6 605fd3cf3db54279a313bc616ccd7cf9 1bc9790d7bc2424d8a6869044ba32542 - - default default] Successfully bumped revision number for resource 69d8e401-e360-4511-9593-b8b6c6239c75 (type: router_ports) to 1
2026-06-26 18:19:23.257 10 INFO neutron.db.ovn_revision_numbers_db [None req-7969d0d5-2869-4920-b10f-2da42b2d60c6 605fd3cf3db54279a313bc616ccd7cf9 1bc9790d7bc2424d8a6869044ba32542 - - default default] Successfully bumped revision number for resource 5059ca76-0e1c-4dd3-ab2b-7497dfd72e8c (type: routers) to 2
2026-06-26 18:19:23.269 9 WARNING neutron.scheduler.dhcp_agent_scheduler [None req-fa88badd-13ad-432b-b76e-9e21d259bd2f 3d156036bf7c4dcdb29bb81e9a95dd77 448f20a405bf4263941f38d09135afaf - - default default] No more DHCP agents
2026-06-26 18:19:23.271 9 WARNING neutron.api.rpc.agentnotifiers.dhcp_rpc_agent_api [None req-fa88badd-13ad-432b-b76e-9e21d259bd2f 3d156036bf7c4dcdb29bb81e9a95dd77 448f20a405bf4263941f38d09135afaf - - default default] Unable to schedule network 3d8bde36-7616-49ba-b26a-268805866311: no agents available; will retry on subsequent port and subnet creation events.
2026-06-26 18:19:23.273 10 INFO neutron.wsgi [None req-7969d0d5-2869-4920-b10f-2da42b2d60c6 605fd3cf3db54279a313bc616ccd7cf9 1bc9790d7bc2424d8a6869044ba32542 - - default default] 10.0.0.147 "POST /v2.0/routers HTTP/1.1" status: 201 len: 876 time: 1.3723366
2026-06-26 18:19:23.345 9 INFO neutron.db.ovn_revision_numbers_db [None req-fa88badd-13ad-432b-b76e-9e21d259bd2f 3d156036bf7c4dcdb29bb81e9a95dd77 448f20a405bf4263941f38d09135afaf - - default default] Successfully bumped revision number for resource 49c681f2-1a61-474f-8c3c-830add656056 (type: ports) to 1
2026-06-26 18:19:23.372 9 INFO neutron.wsgi [None req-fa88badd-13ad-432b-b76e-9e21d259bd2f 3d156036bf7c4dcdb29bb81e9a95dd77 448f20a405bf4263941f38d09135afaf - - default default] 10.0.0.147 "POST /v2.0/networks HTTP/1.1" status: 201 len: 834 time: 0.5904541
2026-06-26 18:19:23.832 9 WARNING neutron.scheduler.dhcp_agent_scheduler [None req-0a2d9fc4-9389-477c-9824-be476f837bd1 3d156036bf7c4dcdb29bb81e9a95dd77 448f20a405bf4263941f38d09135afaf - - default default] No more DHCP agents
2026-06-26 18:19:23.835 9 WARNING neutron.api.rpc.agentnotifiers.dhcp_rpc_agent_api [None req-0a2d9fc4-9389-477c-9824-be476f837bd1 3d156036bf7c4dcdb29bb81e9a95dd77 448f20a405bf4263941f38d09135afaf - - default default] Unable to schedule network 3d8bde36-7616-49ba-b26a-268805866311: no agents available; will retry on subsequent port and subnet creation events.
2026-06-26 18:19:23.875 9 INFO neutron.db.ovn_revision_numbers_db [None req-0a2d9fc4-9389-477c-9824-be476f837bd1 3d156036bf7c4dcdb29bb81e9a95dd77 448f20a405bf4263941f38d09135afaf - - default default] Successfully bumped revision number for resource b82ece8e-6645-49a3-8fd5-96a9006719bc (type: subnets) to 0
2026-06-26 18:19:23.889 9 INFO neutron.wsgi [None req-0a2d9fc4-9389-477c-9824-be476f837bd1 3d156036bf7c4dcdb29bb81e9a95dd77 448f20a405bf4263941f38d09135afaf - - default default] 10.0.0.147 "POST /v2.0/subnets HTTP/1.1" status: 201 len: 821 time: 0.5119219
2026-06-26 18:19:24.049 10 INFO neutron.db.ovn_revision_numbers_db [None req-d461a7f8-3841-427b-8322-fef48cbf35db - - - - - -] Successfully bumped revision number for resource 69d8e401-e360-4511-9593-b8b6c6239c75 (type: ports) to 1
2026-06-26 18:19:24.055 10 WARNING neutron.scheduler.dhcp_agent_scheduler [None req-11be2076-d669-4aa1-98f3-efe262705177 605fd3cf3db54279a313bc616ccd7cf9 1bc9790d7bc2424d8a6869044ba32542 - - default default] No more DHCP agents
2026-06-26 18:19:24.058 10 WARNING neutron.api.rpc.agentnotifiers.dhcp_rpc_agent_api [None req-11be2076-d669-4aa1-98f3-efe262705177 605fd3cf3db54279a313bc616ccd7cf9 1bc9790d7bc2424d8a6869044ba32542 - - default default] Unable to schedule network 30a7b012-8904-4980-9a63-59bd52ea4e32: no agents available; will retry on subsequent port and subnet creation events.
2026-06-26 18:19:24.231 9 WARNING neutron.scheduler.dhcp_agent_scheduler [None req-d9cac342-3309-4e90-b6a5-569e1e599a7b 3d156036bf7c4dcdb29bb81e9a95dd77 448f20a405bf4263941f38d09135afaf - - default default] No more DHCP agents
2026-06-26 18:19:24.238 9 WARNING neutron.api.rpc.agentnotifiers.dhcp_rpc_agent_api [None req-d9cac342-3309-4e90-b6a5-569e1e599a7b 3d156036bf7c4dcdb29bb81e9a95dd77 448f20a405bf4263941f38d09135afaf - - default default] Unable to schedule network 3d8bde36-7616-49ba-b26a-268805866311: no agents available; will retry on subsequent port and subnet creation events.
2026-06-26 18:19:24.270 10 INFO neutron.db.ovn_revision_numbers_db [None req-11be2076-d669-4aa1-98f3-efe262705177 605fd3cf3db54279a313bc616ccd7cf9 1bc9790d7bc2424d8a6869044ba32542 - - default default] Successfully bumped revision number for resource b8580bfe-29f8-4ea2-9702-d3396b93da72 (type: ports) to 1
2026-06-26 18:19:24.348 9 INFO neutron.db.ovn_revision_numbers_db [None req-d9cac342-3309-4e90-b6a5-569e1e599a7b 3d156036bf7c4dcdb29bb81e9a95dd77 448f20a405bf4263941f38d09135afaf - - default default] Successfully bumped revision number for resource c5131523-5831-4717-a6a1-6d3629cc9719 (type: ports) to 1
2026-06-26 18:19:24.377 9 INFO neutron.wsgi [None req-d9cac342-3309-4e90-b6a5-569e1e599a7b 3d156036bf7c4dcdb29bb81e9a95dd77 448f20a405bf4263941f38d09135afaf - - default default] 10.0.0.147 "POST /v2.0/ports HTTP/1.1" status: 201 len: 1165 time: 0.4833386 /var/lib/openstack/lib/python3.10/site-packages/pycadf/identifier.py:71: UserWarning: Invalid uuid: neutron. To ensure interoperability, identifiers should be a valid uuid. warnings.warn(('Invalid uuid: %s. To ensure interoperability, '
2026-06-26 18:19:24.405 10 INFO neutron.db.ovn_revision_numbers_db [None req-d461a7f8-3841-427b-8322-fef48cbf35db - - - - - -] Successfully bumped revision number for resource 69d8e401-e360-4511-9593-b8b6c6239c75 (type: router_ports) to 3
2026-06-26 18:19:24.581 10 INFO neutron.db.ovn_revision_numbers_db [None req-d461a7f8-3841-427b-8322-fef48cbf35db - - - - - -] Successfully bumped revision number for resource 69d8e401-e360-4511-9593-b8b6c6239c75 (type: ports) to 2
2026-06-26 18:19:24.594 9 INFO neutron.wsgi [None req-cd4cebee-dcfd-4c34-a81d-1b7ee1af6ba7 d7f49c3922474787aa0659c363f8f089 54f68d7cc54d4a808f25ed80a127af82 - - default default] 10.0.0.164 "GET /v2.0/extensions HTTP/1.1" status: 200 len: 16525 time: 0.0050781
2026-06-26 18:19:24.659 9 INFO neutron.wsgi [None req-428a8262-96ad-4df0-b08c-2d308fb81294 3d156036bf7c4dcdb29bb81e9a95dd77 448f20a405bf4263941f38d09135afaf - - default default] 10.0.0.147 "DELETE /v2.0/ports/c5131523-5831-4717-a6a1-6d3629cc9719 HTTP/1.1" status: 204 len: 168 time: 0.2766740
2026-06-26 18:19:24.687 9 INFO neutron.pecan_wsgi.hooks.translation [None req-4a51c10b-472a-405b-a942-f0d591b8e68a 3d156036bf7c4dcdb29bb81e9a95dd77 448f20a405bf4263941f38d09135afaf - - default default] DELETE failed (client error): The resource could not be found.
2026-06-26 18:19:24.690 9 INFO neutron.wsgi [None req-4a51c10b-472a-405b-a942-f0d591b8e68a 3d156036bf7c4dcdb29bb81e9a95dd77 448f20a405bf4263941f38d09135afaf - - default default] 10.0.0.147 "DELETE /v2.0/ports/c5131523-5831-4717-a6a1-6d3629cc9719 HTTP/1.1" status: 404 len: 333 time: 0.0225053
2026-06-26 18:19:24.711 9 INFO neutron.pecan_wsgi.hooks.translation [None req-067639ae-9e58-4342-bbb5-0cb0796a54ed 3d156036bf7c4dcdb29bb81e9a95dd77 448f20a405bf4263941f38d09135afaf - - default default] GET failed (client error): The resource could not be found.
2026-06-26 18:19:24.713 9 INFO neutron.wsgi [None req-067639ae-9e58-4342-bbb5-0cb0796a54ed 3d156036bf7c4dcdb29bb81e9a95dd77 448f20a405bf4263941f38d09135afaf - - default default] 10.0.0.147 "GET /v2.0/ports/c5131523-5831-4717-a6a1-6d3629cc9719 HTTP/1.1" status: 404 len: 333 time: 0.0163152
2026-06-26 18:19:24.751 9 INFO neutron.wsgi [None req-64356d1d-204e-4635-bab6-ca8f85d2fa03 d7f49c3922474787aa0659c363f8f089 54f68d7cc54d4a808f25ed80a127af82 - - default default] 10.0.0.164 "GET /v2.0/quotas/54f68d7cc54d4a808f25ed80a127af82/details HTTP/1.1" status: 200 len: 756 time: 0.1344757
2026-06-26 18:19:24.830 10 INFO neutron.db.ovn_revision_numbers_db [None req-11be2076-d669-4aa1-98f3-efe262705177 605fd3cf3db54279a313bc616ccd7cf9 1bc9790d7bc2424d8a6869044ba32542 - - default default] Successfully bumped revision number for resource b8580bfe-29f8-4ea2-9702-d3396b93da72 (type: router_ports) to 1
2026-06-26 18:19:24.884 9 INFO neutron.wsgi [None req-187c0e36-0a2a-475f-b60e-c6dc9a525b20 3d156036bf7c4dcdb29bb81e9a95dd77 448f20a405bf4263941f38d09135afaf - - default default] 10.0.0.147 "DELETE /v2.0/subnets/b82ece8e-6645-49a3-8fd5-96a9006719bc HTTP/1.1" status: 204 len: 168 time: 0.1637673
2026-06-26 18:19:24.887 10 INFO neutron.db.ovn_revision_numbers_db [None req-d461a7f8-3841-427b-8322-fef48cbf35db - - - - - -] Successfully bumped revision number for resource 69d8e401-e360-4511-9593-b8b6c6239c75 (type: ports) to 4
2026-06-26 18:19:25.016 10 INFO neutron.db.ovn_revision_numbers_db [None req-11be2076-d669-4aa1-98f3-efe262705177 605fd3cf3db54279a313bc616ccd7cf9 1bc9790d7bc2424d8a6869044ba32542 - - default default] Successfully bumped revision number for resource b8580bfe-29f8-4ea2-9702-d3396b93da72 (type: ports) to 1
2026-06-26 18:19:25.105 10 WARNING neutron.scheduler.dhcp_agent_scheduler [None req-11be2076-d669-4aa1-98f3-efe262705177 605fd3cf3db54279a313bc616ccd7cf9 1bc9790d7bc2424d8a6869044ba32542 - - default default] No more DHCP agents
2026-06-26 18:19:25.112 10 WARNING neutron.api.rpc.agentnotifiers.dhcp_rpc_agent_api [None req-11be2076-d669-4aa1-98f3-efe262705177 605fd3cf3db54279a313bc616ccd7cf9 1bc9790d7bc2424d8a6869044ba32542 - - default default] Unable to schedule network 30a7b012-8904-4980-9a63-59bd52ea4e32: no agents available; will retry on subsequent port and subnet creation events.
2026-06-26 18:19:25.209 10 INFO neutron.db.ovn_revision_numbers_db [None req-d461a7f8-3841-427b-8322-fef48cbf35db - - - - - -] Successfully bumped revision number for resource 69d8e401-e360-4511-9593-b8b6c6239c75 (type: router_ports) to 4
2026-06-26 18:19:25.231 9 INFO neutron.services.segments.plugin [-] Segment 63ba7e30-8f98-4202-8d19-c6ad687df898 resource provider aggregate not found
2026-06-26 18:19:25.242 9 INFO neutron.services.segments.plugin [-] Segment 63ba7e30-8f98-4202-8d19-c6ad687df898 resource provider aggregate not found
2026-06-26 18:19:25.253 9 INFO neutron.services.segments.plugin [-] Segment 63ba7e30-8f98-4202-8d19-c6ad687df898 resource provider not found; error: Placement Client Error (4xx): {"errors": [{"status": 404, "title": "Not Found", "detail": "The resource could not be found.\n\n No resource provider with uuid 63ba7e30-8f98-4202-8d19-c6ad687df898 found for delete ", "request_id": "req-0285c890-f5fe-4d26-8a6d-247d700e406c"}]}
2026-06-26 18:19:25.265 9 INFO neutron.services.segments.plugin [-] Segment 63ba7e30-8f98-4202-8d19-c6ad687df898 resource provider not found; error: Placement Client Error (4xx): {"errors": [{"status": 404, "title": "Not Found", "detail": "The resource could not be found.\n\n No resource provider with uuid 63ba7e30-8f98-4202-8d19-c6ad687df898 found for delete ", "request_id": "req-f9ee3b0f-c3c3-42af-9429-70f20d94df2f"}]}
2026-06-26 18:19:25.293 9 INFO neutron.wsgi [None req-6cfc6b89-74d0-4e87-851c-33e0ed114649 3d156036bf7c4dcdb29bb81e9a95dd77 448f20a405bf4263941f38d09135afaf - - default default] 10.0.0.147 "DELETE /v2.0/networks/3d8bde36-7616-49ba-b26a-268805866311 HTTP/1.1" status: 204 len: 168 time: 0.4049957
2026-06-26 18:19:25.414 10 INFO neutron.db.segments_db [None req-6aa053a6-38b2-4d5c-9d5a-51ae1051f224 3d156036bf7c4dcdb29bb81e9a95dd77 448f20a405bf4263941f38d09135afaf - - default default] Added segment 0e120ef1-6d86-4603-b8ee-c848d182e7ea of type geneve for network 5cf241d0-6114-4f91-b10b-c0cae65255d7
2026-06-26 18:19:25.636 10 INFO neutron.db.ovn_revision_numbers_db [None req-6aa053a6-38b2-4d5c-9d5a-51ae1051f224 3d156036bf7c4dcdb29bb81e9a95dd77 448f20a405bf4263941f38d09135afaf - - default default] Successfully bumped revision number for resource 5cf241d0-6114-4f91-b10b-c0cae65255d7 (type: networks) to 1
2026-06-26 18:19:25.691 10 INFO neutron.db.ovn_revision_numbers_db [None req-11be2076-d669-4aa1-98f3-efe262705177 605fd3cf3db54279a313bc616ccd7cf9 1bc9790d7bc2424d8a6869044ba32542 - - default default] Successfully bumped revision number for resource b8580bfe-29f8-4ea2-9702-d3396b93da72 (type: router_ports) to 1
2026-06-26 18:19:25.694 10 INFO neutron.wsgi [None req-11be2076-d669-4aa1-98f3-efe262705177 605fd3cf3db54279a313bc616ccd7cf9 1bc9790d7bc2424d8a6869044ba32542 - - default default] 10.0.0.147 "PUT /v2.0/routers/5059ca76-0e1c-4dd3-ab2b-7497dfd72e8c/add_router_interface HTTP/1.1" status: 200 len: 503 time: 2.4137912
2026-06-26 18:19:25.784 9 INFO neutron.db.ovn_revision_numbers_db [None req-00a43db1-711d-4056-b51d-964cda2ed1ee a20de478c48a486d943fd4e93ede9fb6 7cf99ee505d147c2a3a06cfc059defd0 - - default default] Successfully bumped revision number for resource 721580a4-4651-4611-b494-b3152d6b987e (type: security_groups) to 1
2026-06-26 18:19:25.798 9 INFO neutron.db.ovn_revision_numbers_db [None req-00a43db1-711d-4056-b51d-964cda2ed1ee a20de478c48a486d943fd4e93ede9fb6 7cf99ee505d147c2a3a06cfc059defd0 - - default default] Successfully bumped revision number for resource 403f4bc7-032b-45c8-879c-d568c8813341 (type: security_group_rules) to 0
2026-06-26 18:19:25.811 9 INFO neutron.db.ovn_revision_numbers_db [None req-00a43db1-711d-4056-b51d-964cda2ed1ee a20de478c48a486d943fd4e93ede9fb6 7cf99ee505d147c2a3a06cfc059defd0 - - default default] Successfully bumped revision number for resource 5c1b3cc6-1a21-481c-9c5b-ec982c1ab22c (type: security_group_rules) to 0
2026-06-26 18:19:25.831 9 INFO neutron.db.ovn_revision_numbers_db [None req-00a43db1-711d-4056-b51d-964cda2ed1ee a20de478c48a486d943fd4e93ede9fb6 7cf99ee505d147c2a3a06cfc059defd0 - - default default] Successfully bumped revision number for resource 928dd812-7727-4914-ba25-e963876bba07 (type: security_group_rules) to 0
2026-06-26 18:19:25.845 9 INFO neutron.db.ovn_revision_numbers_db [None req-00a43db1-711d-4056-b51d-964cda2ed1ee a20de478c48a486d943fd4e93ede9fb6 7cf99ee505d147c2a3a06cfc059defd0 - - default default] Successfully bumped revision number for resource f3ba6175-bac3-44b8-a754-46e7b50ca4d9 (type: security_group_rules) to 0
2026-06-26 18:19:25.894 9 INFO neutron.db.segments_db [None req-00a43db1-711d-4056-b51d-964cda2ed1ee a20de478c48a486d943fd4e93ede9fb6 7cf99ee505d147c2a3a06cfc059defd0 - - default default] Added segment bdcfe6f5-5f31-483f-8e33-edd1f12ffc91 of type geneve for network f466a8b4-fc20-4fb2-8331-0d9e5a8d43c8
2026-06-26 18:19:26.022 9 INFO neutron.db.ovn_revision_numbers_db [None req-00a43db1-711d-4056-b51d-964cda2ed1ee a20de478c48a486d943fd4e93ede9fb6 7cf99ee505d147c2a3a06cfc059defd0 - - default default] Successfully bumped revision number for resource f466a8b4-fc20-4fb2-8331-0d9e5a8d43c8 (type: networks) to 1
2026-06-26 18:19:26.059 9 INFO neutron.plugins.ml2.drivers.ovn.mech_driver.mech_driver [None req-2eb6e9db-6e57-4e1d-ad84-a7d1d22fb438 - - - - - -] OVN reports status up for port: b8580bfe-29f8-4ea2-9702-d3396b93da72
2026-06-26 18:19:26.069 9 INFO neutron.plugins.ml2.plugin [None req-2eb6e9db-6e57-4e1d-ad84-a7d1d22fb438 - - - - - -] Attempt 1 to provision port b8580bfe-29f8-4ea2-9702-d3396b93da72
2026-06-26 18:19:26.083 10 WARNING neutron.scheduler.dhcp_agent_scheduler [None req-6aa053a6-38b2-4d5c-9d5a-51ae1051f224 3d156036bf7c4dcdb29bb81e9a95dd77 448f20a405bf4263941f38d09135afaf - - default default] No more DHCP agents
2026-06-26 18:19:26.086 10 WARNING neutron.api.rpc.agentnotifiers.dhcp_rpc_agent_api [None req-6aa053a6-38b2-4d5c-9d5a-51ae1051f224 3d156036bf7c4dcdb29bb81e9a95dd77 448f20a405bf4263941f38d09135afaf - - default default] Unable to schedule network 5cf241d0-6114-4f91-b10b-c0cae65255d7: no agents available; will retry on subsequent port and subnet creation events.
2026-06-26 18:19:26.174 10 INFO neutron.db.ovn_revision_numbers_db [None req-6aa053a6-38b2-4d5c-9d5a-51ae1051f224 3d156036bf7c4dcdb29bb81e9a95dd77 448f20a405bf4263941f38d09135afaf - - default default] Successfully bumped revision number for resource 20a769bd-cd99-4087-8143-25f8f528810a (type: ports) to 1
2026-06-26 18:19:26.200 10 INFO neutron.wsgi [None req-6aa053a6-38b2-4d5c-9d5a-51ae1051f224 3d156036bf7c4dcdb29bb81e9a95dd77 448f20a405bf4263941f38d09135afaf - - default default] 10.0.0.147 "POST /v2.0/networks HTTP/1.1" status: 201 len: 835 time: 0.9007649
2026-06-26 18:19:26.234 9 WARNING neutron.scheduler.dhcp_agent_scheduler [None req-00a43db1-711d-4056-b51d-964cda2ed1ee a20de478c48a486d943fd4e93ede9fb6 7cf99ee505d147c2a3a06cfc059defd0 - - default default] No more DHCP agents
2026-06-26 18:19:26.235 9 WARNING neutron.api.rpc.agentnotifiers.dhcp_rpc_agent_api [None req-00a43db1-711d-4056-b51d-964cda2ed1ee a20de478c48a486d943fd4e93ede9fb6 7cf99ee505d147c2a3a06cfc059defd0 - - default default] Unable to schedule network f466a8b4-fc20-4fb2-8331-0d9e5a8d43c8: no agents available; will retry on subsequent port and subnet creation events.
2026-06-26 18:19:26.338 9 INFO neutron.db.ovn_revision_numbers_db [None req-00a43db1-711d-4056-b51d-964cda2ed1ee a20de478c48a486d943fd4e93ede9fb6 7cf99ee505d147c2a3a06cfc059defd0 - - default default] Successfully bumped revision number for resource 15f65f2b-8a3a-4e47-809d-47208bb8fe15 (type: ports) to 1
2026-06-26 18:19:26.371 9 INFO neutron.wsgi [None req-00a43db1-711d-4056-b51d-964cda2ed1ee a20de478c48a486d943fd4e93ede9fb6 7cf99ee505d147c2a3a06cfc059defd0 - - default default] 10.0.0.147 "POST /v2.0/networks HTTP/1.1" status: 201 len: 831 time: 1.0128999
2026-06-26 18:19:26.432 9 INFO neutron.db.ovn_revision_numbers_db [None req-2eb6e9db-6e57-4e1d-ad84-a7d1d22fb438 - - - - - -] Successfully bumped revision number for resource b8580bfe-29f8-4ea2-9702-d3396b93da72 (type: ports) to 2
2026-06-26 18:19:26.435 10 INFO neutron.db.ovn_revision_numbers_db [None req-41b7d26b-a295-4e6e-b817-380daf0e519c 7f18e442a3e142b1bc3dce0c394196fe 2c7bb27b77d74bd99a9ac4c248712e0e - - default default] Successfully bumped revision number for resource 65c4ba0c-946f-4731-bad2-690919e09593 (type: security_groups) to 1
2026-06-26 18:19:26.463 10 INFO neutron.db.ovn_revision_numbers_db [None req-41b7d26b-a295-4e6e-b817-380daf0e519c 7f18e442a3e142b1bc3dce0c394196fe 2c7bb27b77d74bd99a9ac4c248712e0e - - default default] Successfully bumped revision number for resource 14bab7cb-bcc7-495b-8770-672200e5e6df (type: security_group_rules) to 0
2026-06-26 18:19:26.484 10 INFO neutron.db.ovn_revision_numbers_db [None req-41b7d26b-a295-4e6e-b817-380daf0e519c 7f18e442a3e142b1bc3dce0c394196fe 2c7bb27b77d74bd99a9ac4c248712e0e - - default default] Successfully bumped revision number for resource b377e1fe-2196-4b2a-8fb9-dd9d04699106 (type: security_group_rules) to 0
2026-06-26 18:19:26.524 10 INFO neutron.wsgi [None req-41b7d26b-a295-4e6e-b817-380daf0e519c 7f18e442a3e142b1bc3dce0c394196fe 2c7bb27b77d74bd99a9ac4c248712e0e - - default default] 10.0.0.147 "POST /v2.0/security-groups HTTP/1.1" status: 201 len: 1796 time: 0.2862895
2026-06-26 18:19:26.527 10 WARNING neutron.scheduler.dhcp_agent_scheduler [None req-61cbf784-4610-4a50-896f-2353bafd1b59 3d156036bf7c4dcdb29bb81e9a95dd77 448f20a405bf4263941f38d09135afaf - - default default] No more DHCP agents
2026-06-26 18:19:26.531 10 WARNING neutron.api.rpc.agentnotifiers.dhcp_rpc_agent_api [None req-61cbf784-4610-4a50-896f-2353bafd1b59 3d156036bf7c4dcdb29bb81e9a95dd77 448f20a405bf4263941f38d09135afaf - - default default] Unable to schedule network 5cf241d0-6114-4f91-b10b-c0cae65255d7: no agents available; will retry on subsequent port and subnet creation events.
2026-06-26 18:19:26.559 10 INFO neutron.db.ovn_revision_numbers_db [None req-61cbf784-4610-4a50-896f-2353bafd1b59 3d156036bf7c4dcdb29bb81e9a95dd77 448f20a405bf4263941f38d09135afaf - - default default] Successfully bumped revision number for resource c5414bfc-a95f-4ec9-9573-b73f9b5728ca (type: subnets) to 0
2026-06-26 18:19:26.589 10 INFO neutron.wsgi [None req-61cbf784-4610-4a50-896f-2353bafd1b59 3d156036bf7c4dcdb29bb81e9a95dd77 448f20a405bf4263941f38d09135afaf - - default default] 10.0.0.147 "POST /v2.0/subnets HTTP/1.1" status: 201 len: 821 time: 0.3842535
2026-06-26 18:19:26.652 9 INFO neutron.db.ovn_revision_numbers_db [None req-2eb6e9db-6e57-4e1d-ad84-a7d1d22fb438 - - - - - -] Successfully bumped revision number for resource b8580bfe-29f8-4ea2-9702-d3396b93da72 (type: router_ports) to 2
2026-06-26 18:19:26.794 9 INFO neutron.db.ovn_revision_numbers_db [None req-bfb7a6bd-f830-4901-b32b-ca8fd275aa53 7f18e442a3e142b1bc3dce0c394196fe 2c7bb27b77d74bd99a9ac4c248712e0e - - default default] Successfully bumped revision number for resource 8e9fe7be-3ef8-46f5-aa2c-b94f33151f83 (type: security_group_rules) to 0
2026-06-26 18:19:26.829 9 INFO neutron.wsgi [None req-bfb7a6bd-f830-4901-b32b-ca8fd275aa53 7f18e442a3e142b1bc3dce0c394196fe 2c7bb27b77d74bd99a9ac4c248712e0e - - default default] 10.0.0.147 "POST /v2.0/security-group-rules HTTP/1.1" status: 201 len: 764 time: 0.2998309
2026-06-26 18:19:26.922 10 WARNING neutron.scheduler.dhcp_agent_scheduler [None req-3e2ed0ee-40e8-47e7-962e-637700db37d5 3d156036bf7c4dcdb29bb81e9a95dd77 448f20a405bf4263941f38d09135afaf - - default default] No more DHCP agents
2026-06-26 18:19:26.924 10 WARNING neutron.api.rpc.agentnotifiers.dhcp_rpc_agent_api [None req-3e2ed0ee-40e8-47e7-962e-637700db37d5 3d156036bf7c4dcdb29bb81e9a95dd77 448f20a405bf4263941f38d09135afaf - - default default] Unable to schedule network 5cf241d0-6114-4f91-b10b-c0cae65255d7: no agents available; will retry on subsequent port and subnet creation events.
2026-06-26 18:19:26.963 9 WARNING neutron.scheduler.dhcp_agent_scheduler [None req-10b6a1f7-27cb-4e6f-b174-d5fc8bf0a2d8 a20de478c48a486d943fd4e93ede9fb6 7cf99ee505d147c2a3a06cfc059defd0 - - default default] No more DHCP agents
2026-06-26 18:19:26.967 9 WARNING neutron.api.rpc.agentnotifiers.dhcp_rpc_agent_api [None req-10b6a1f7-27cb-4e6f-b174-d5fc8bf0a2d8 a20de478c48a486d943fd4e93ede9fb6 7cf99ee505d147c2a3a06cfc059defd0 - - default default] Unable to schedule network 4c3b357f-c15b-4c90-b114-ef4997377957: no agents available; will retry on subsequent port and subnet creation events.
2026-06-26 18:19:27.013 9 INFO neutron.db.ovn_revision_numbers_db [None req-3ce7628b-e4b2-4ad8-ac9b-1070b2c28c02 7f18e442a3e142b1bc3dce0c394196fe 2c7bb27b77d74bd99a9ac4c248712e0e - - default default] Successfully bumped revision number for resource c949580f-4d9c-49d7-94db-7a5c64b5aa0c (type: security_group_rules) to 0
2026-06-26 18:19:27.044 10 INFO neutron.db.ovn_revision_numbers_db [None req-3e2ed0ee-40e8-47e7-962e-637700db37d5 3d156036bf7c4dcdb29bb81e9a95dd77 448f20a405bf4263941f38d09135afaf - - default default] Successfully bumped revision number for resource df36a6f7-e4e6-4c9a-bf38-1cd505474b31 (type: ports) to 1
2026-06-26 18:19:27.048 9 INFO neutron.wsgi [None req-3ce7628b-e4b2-4ad8-ac9b-1070b2c28c02 7f18e442a3e142b1bc3dce0c394196fe 2c7bb27b77d74bd99a9ac4c248712e0e - - default default] 10.0.0.147 "POST /v2.0/security-group-rules HTTP/1.1" status: 201 len: 769 time: 0.2145507
2026-06-26 18:19:27.075 10 INFO neutron.wsgi [None req-3e2ed0ee-40e8-47e7-962e-637700db37d5 3d156036bf7c4dcdb29bb81e9a95dd77 448f20a405bf4263941f38d09135afaf - - default default] 10.0.0.147 "POST /v2.0/ports HTTP/1.1" status: 201 len: 1126 time: 0.4801886
2026-06-26 18:19:27.161 9 INFO neutron.db.ovn_revision_numbers_db [None req-10b6a1f7-27cb-4e6f-b174-d5fc8bf0a2d8 a20de478c48a486d943fd4e93ede9fb6 7cf99ee505d147c2a3a06cfc059defd0 - - default default] Successfully bumped revision number for resource ae85dd7c-cf3a-4c38-b17f-e9e425d6a138 (type: ports) to 1
2026-06-26 18:19:27.353 10 WARNING neutron.scheduler.dhcp_agent_scheduler [None req-540fa682-42b2-4c08-a11b-a2df5757475d 7f18e442a3e142b1bc3dce0c394196fe 2c7bb27b77d74bd99a9ac4c248712e0e - - default default] No more DHCP agents
2026-06-26 18:19:27.357 10 WARNING neutron.api.rpc.agentnotifiers.dhcp_rpc_agent_api [None req-540fa682-42b2-4c08-a11b-a2df5757475d 7f18e442a3e142b1bc3dce0c394196fe 2c7bb27b77d74bd99a9ac4c248712e0e - - default default] Unable to schedule network 4c3b357f-c15b-4c90-b114-ef4997377957: no agents available; will retry on subsequent port and subnet creation events.
2026-06-26 18:19:27.434 10 INFO neutron.db.ovn_revision_numbers_db [None req-c479f803-9d3a-44fb-a009-e6d26fe53040 605fd3cf3db54279a313bc616ccd7cf9 1bc9790d7bc2424d8a6869044ba32542 - - default default] Successfully bumped revision number for resource a695a289-902f-4622-a5cc-812b6ba835bc (type: security_groups) to 1
2026-06-26 18:19:27.448 10 INFO neutron.db.ovn_revision_numbers_db [None req-c479f803-9d3a-44fb-a009-e6d26fe53040 605fd3cf3db54279a313bc616ccd7cf9 1bc9790d7bc2424d8a6869044ba32542 - - default default] Successfully bumped revision number for resource 104157b8-258d-4846-be8e-f9e28228605e (type: security_group_rules) to 0
2026-06-26 18:19:27.475 10 INFO neutron.db.ovn_revision_numbers_db [None req-c479f803-9d3a-44fb-a009-e6d26fe53040 605fd3cf3db54279a313bc616ccd7cf9 1bc9790d7bc2424d8a6869044ba32542 - - default default] Successfully bumped revision number for resource 50ea7421-b665-472d-a731-09137ff8eb13 (type: security_group_rules) to 0
