2026-06-26 18:19:27.491 10 INFO neutron.db.ovn_revision_numbers_db [None req-c479f803-9d3a-44fb-a009-e6d26fe53040 605fd3cf3db54279a313bc616ccd7cf9 1bc9790d7bc2424d8a6869044ba32542 - - default default] Successfully bumped revision number for resource 571781e0-1ac3-4f84-9f39-678960455b48 (type: security_group_rules) to 0
2026-06-26 18:19:27.517 10 INFO neutron.db.ovn_revision_numbers_db [None req-c479f803-9d3a-44fb-a009-e6d26fe53040 605fd3cf3db54279a313bc616ccd7cf9 1bc9790d7bc2424d8a6869044ba32542 - - default default] Successfully bumped revision number for resource e0670024-c491-4bd3-8af4-a6a31e681cab (type: security_group_rules) to 0
2026-06-26 18:19:27.543 10 INFO neutron.wsgi [None req-c479f803-9d3a-44fb-a009-e6d26fe53040 605fd3cf3db54279a313bc616ccd7cf9 1bc9790d7bc2424d8a6869044ba32542 - - default default] 10.0.0.147 "GET /v2.0/security-groups?tenant_id=54f68d7cc54d4a808f25ed80a127af82&name=default HTTP/1.1" status: 200 len: 2996 time: 0.3536081
2026-06-26 18:19:27.650 9 INFO neutron.wsgi [None req-a4822460-569b-49a9-8bf0-67dfd65f86c6 3d156036bf7c4dcdb29bb81e9a95dd77 448f20a405bf4263941f38d09135afaf - - default default] 10.0.0.147 "DELETE /v2.0/ports/df36a6f7-e4e6-4c9a-bf38-1cd505474b31 HTTP/1.1" status: 204 len: 168 time: 0.5693839
2026-06-26 18:19:27.674 10 INFO neutron.db.ovn_revision_numbers_db [None req-540fa682-42b2-4c08-a11b-a2df5757475d 7f18e442a3e142b1bc3dce0c394196fe 2c7bb27b77d74bd99a9ac4c248712e0e - - default default] Successfully bumped revision number for resource ffaea6fd-e9a7-4fc9-88b4-ec7ed0ba760f (type: floatingips) to 0
2026-06-26 18:19:27.676 9 INFO neutron.pecan_wsgi.hooks.translation [None req-e9c0bff1-86fd-4d53-b1b2-181e02b58520 3d156036bf7c4dcdb29bb81e9a95dd77 448f20a405bf4263941f38d09135afaf - - default default] GET failed (client error): The resource could not be found.
2026-06-26 18:19:27.677 9 INFO neutron.wsgi [None req-e9c0bff1-86fd-4d53-b1b2-181e02b58520 3d156036bf7c4dcdb29bb81e9a95dd77 448f20a405bf4263941f38d09135afaf - - default default] 10.0.0.147 "GET /v2.0/ports/df36a6f7-e4e6-4c9a-bf38-1cd505474b31 HTTP/1.1" status: 404 len: 333 time: 0.0213645
2026-06-26 18:19:27.698 10 INFO neutron.wsgi [None req-540fa682-42b2-4c08-a11b-a2df5757475d 7f18e442a3e142b1bc3dce0c394196fe 2c7bb27b77d74bd99a9ac4c248712e0e - - default default] 10.0.0.147 "POST /v2.0/floatingips HTTP/1.1" status: 201 len: 751 time: 0.6421487
2026-06-26 18:19:27.869 10 INFO neutron.wsgi [None req-7fb10c7c-a44c-44bd-a7cc-e93707b24c3f 605fd3cf3db54279a313bc616ccd7cf9 1bc9790d7bc2424d8a6869044ba32542 - - default default] 10.0.0.147 "DELETE /v2.0/security-groups/a695a289-902f-4622-a5cc-812b6ba835bc HTTP/1.1" status: 204 len: 168 time: 0.3197107
2026-06-26 18:19:27.908 10 INFO neutron.wsgi [None req-893e263b-159c-4f75-9459-9648cd3dcd90 3d156036bf7c4dcdb29bb81e9a95dd77 448f20a405bf4263941f38d09135afaf - - default default] 10.0.0.147 "DELETE /v2.0/subnets/c5414bfc-a95f-4ec9-9573-b73f9b5728ca HTTP/1.1" status: 204 len: 168 time: 0.2234747
2026-06-26 18:19:28.004 10 INFO neutron.plugins.ml2.drivers.ovn.mech_driver.mech_driver [None req-d53b8ebe-a5c5-43c5-bd13-726443e5fbca - - - - - -] OVN reports status up for port: ae85dd7c-cf3a-4c38-b17f-e9e425d6a138
2026-06-26 18:19:28.019 9 INFO neutron.plugins.ml2.drivers.ovn.mech_driver.ovsdb.ovsdb_monitor [None req-05c66473-3784-4c25-b4a2-b675ef398f51 - - - - - -] Router c3ab3b97-d79f-40a3-b679-671af3c89874 is bound to host instance
2026-06-26 18:19:28.022 10 INFO neutron.plugins.ml2.plugin [None req-d53b8ebe-a5c5-43c5-bd13-726443e5fbca - - - - - -] Attempt 1 to provision port ae85dd7c-cf3a-4c38-b17f-e9e425d6a138
2026-06-26 18:19:28.042 9 INFO neutron.db.ovn_revision_numbers_db [None req-10b6a1f7-27cb-4e6f-b174-d5fc8bf0a2d8 a20de478c48a486d943fd4e93ede9fb6 7cf99ee505d147c2a3a06cfc059defd0 - - default default] Successfully bumped revision number for resource ae85dd7c-cf3a-4c38-b17f-e9e425d6a138 (type: router_ports) to 1
2026-06-26 18:19:28.115 9 INFO neutron.db.ovn_revision_numbers_db [None req-10b6a1f7-27cb-4e6f-b174-d5fc8bf0a2d8 a20de478c48a486d943fd4e93ede9fb6 7cf99ee505d147c2a3a06cfc059defd0 - - default default] Successfully bumped revision number for resource c3ab3b97-d79f-40a3-b679-671af3c89874 (type: routers) to 2
2026-06-26 18:19:28.140 9 INFO neutron.wsgi [None req-10b6a1f7-27cb-4e6f-b174-d5fc8bf0a2d8 a20de478c48a486d943fd4e93ede9fb6 7cf99ee505d147c2a3a06cfc059defd0 - - default default] 10.0.0.147 "POST /v2.0/routers HTTP/1.1" status: 201 len: 874 time: 1.7624326
2026-06-26 18:19:28.187 10 INFO neutron.wsgi [req-43417bed-cb83-4cf2-8aef-701c48f94196 req-e14da20c-d3eb-49fe-a4f9-52f3ac8b9d8d 7f18e442a3e142b1bc3dce0c394196fe 2c7bb27b77d74bd99a9ac4c248712e0e - - default default] 10.0.0.50 "GET /v2.0/security-groups?name=tempest-securitygroup--189393317&fields=id&tenant_id=2c7bb27b77d74bd99a9ac4c248712e0e HTTP/1.1" status: 200 len: 267 time: 0.0488064
2026-06-26 18:19:28.297 10 INFO neutron.wsgi [req-43417bed-cb83-4cf2-8aef-701c48f94196 req-37b5b2d1-e806-4c3d-babb-c42be3dbfc55 7f18e442a3e142b1bc3dce0c394196fe 2c7bb27b77d74bd99a9ac4c248712e0e - - default default] 10.0.0.50 "GET /v2.0/networks?id=30a7b012-8904-4980-9a63-59bd52ea4e32 HTTP/1.1" status: 200 len: 874 time: 0.0997019
2026-06-26 18:19:28.316 9 INFO neutron.wsgi [None req-f5dde808-0769-48a8-a21c-bf45a271126e 72f695ba3e7d41238880d6c60ba5e6fb 6fb7f127a5c34d38b368af1f71477355 - - default default] 10.0.0.147 "GET /v2.0/subnets?project_id=7cf99ee505d147c2a3a06cfc059defd0&cidr=10.100.0.0%2F28 HTTP/1.1" status: 200 len: 207 time: 0.1698408
2026-06-26 18:19:28.341 10 INFO neutron.wsgi [req-43417bed-cb83-4cf2-8aef-701c48f94196 req-a4742f04-3e70-43c4-ada6-d512a4ef654c 7f18e442a3e142b1bc3dce0c394196fe 2c7bb27b77d74bd99a9ac4c248712e0e - - default default] 10.0.0.50 "GET /v2.0/quotas/2c7bb27b77d74bd99a9ac4c248712e0e HTTP/1.1" status: 200 len: 386 time: 0.0353804
2026-06-26 18:19:28.349 10 INFO neutron.services.segments.plugin [-] Segment 0e120ef1-6d86-4603-b8ee-c848d182e7ea resource provider aggregate not found
2026-06-26 18:19:28.353 10 INFO neutron.services.segments.plugin [-] Segment 0e120ef1-6d86-4603-b8ee-c848d182e7ea resource provider aggregate not found
2026-06-26 18:19:28.370 10 INFO neutron.services.segments.plugin [-] Segment 0e120ef1-6d86-4603-b8ee-c848d182e7ea resource provider not found; error: Placement Client Error (4xx): {"errors": [{"status": 404, "title": "Not Found", "detail": "The resource could not be found.\n\n No resource provider with uuid 0e120ef1-6d86-4603-b8ee-c848d182e7ea found for delete ", "request_id": "req-80ba814f-b605-4a1d-bcaa-49eb51a56f6e"}]}
2026-06-26 18:19:28.377 10 INFO neutron.services.segments.plugin [-] Segment 0e120ef1-6d86-4603-b8ee-c848d182e7ea resource provider not found; error: Placement Client Error (4xx): {"errors": [{"status": 404, "title": "Not Found", "detail": "The resource could not be found.\n\n No resource provider with uuid 0e120ef1-6d86-4603-b8ee-c848d182e7ea found for delete ", "request_id": "req-522d2268-0406-4567-a682-768029c78c7b"}]}
2026-06-26 18:19:28.405 10 INFO neutron.wsgi [None req-befb47d4-c3ac-4960-87ab-ebc3191b174b 3d156036bf7c4dcdb29bb81e9a95dd77 448f20a405bf4263941f38d09135afaf - - default default] 10.0.0.147 "DELETE /v2.0/networks/5cf241d0-6114-4f91-b10b-c0cae65255d7 HTTP/1.1" status: 204 len: 168 time: 0.4859195
2026-06-26 18:19:28.421 9 INFO neutron.wsgi [None req-57f2a3eb-dcc8-43f4-9cc5-ff29fdd582eb 72f695ba3e7d41238880d6c60ba5e6fb 6fb7f127a5c34d38b368af1f71477355 - - default default] 10.0.0.147 "GET /v2.0/networks?router%3Aexternal=True HTTP/1.1" status: 200 len: 947 time: 0.0986979
2026-06-26 18:19:28.446 10 INFO neutron.wsgi [None req-5283c762-90db-4f64-bf4a-b7ba93a26b3c 72f695ba3e7d41238880d6c60ba5e6fb 6fb7f127a5c34d38b368af1f71477355 - - default default] 10.0.0.147 "GET /v2.0/subnets?network_id=4c3b357f-c15b-4c90-b114-ef4997377957&cidr=10.100.0.0%2F28 HTTP/1.1" status: 200 len: 207 time: 0.0200298
2026-06-26 18:19:28.467 10 INFO neutron.wsgi [req-43417bed-cb83-4cf2-8aef-701c48f94196 req-e2301cc7-0569-458d-b4d1-d57beeccd613 7f18e442a3e142b1bc3dce0c394196fe 2c7bb27b77d74bd99a9ac4c248712e0e - - default default] 10.0.0.50 "GET /v2.0/ports?tenant_id=2c7bb27b77d74bd99a9ac4c248712e0e&fields=id HTTP/1.1" status: 200 len: 302 time: 0.1100934
2026-06-26 18:19:28.553 10 INFO neutron.wsgi [req-43417bed-cb83-4cf2-8aef-701c48f94196 req-37e07616-83f1-43b8-b1b3-780f8eeb4bf7 b2e1c5b26e8a477ba4f6f83b5197bf9e ce0c4b50600142b4ab26d17843c734b4 - - c3640017cad04f80a51ff14811cf726e c3640017cad04f80a51ff14811cf726e] 10.0.0.50 "GET /v2.0/networks/30a7b012-8904-4980-9a63-59bd52ea4e32?fields=segments HTTP/1.1" status: 200 len: 212 time: 0.0721772
2026-06-26 18:19:28.637 9 INFO neutron.db.ovn_revision_numbers_db [None req-05c66473-3784-4c25-b4a2-b675ef398f51 - - - - - -] Successfully bumped revision number for resource ae85dd7c-cf3a-4c38-b17f-e9e425d6a138 (type: ports) to 1
2026-06-26 18:19:28.646 10 INFO neutron.wsgi [req-43417bed-cb83-4cf2-8aef-701c48f94196 req-1e68e0da-7a83-4657-bb5f-907b8401e412 b2e1c5b26e8a477ba4f6f83b5197bf9e ce0c4b50600142b4ab26d17843c734b4 - - c3640017cad04f80a51ff14811cf726e c3640017cad04f80a51ff14811cf726e] 10.0.0.50 "GET /v2.0/networks/30a7b012-8904-4980-9a63-59bd52ea4e32?fields=provider%3Aphysical_network&fields=provider%3Anetwork_type HTTP/1.1" status: 200 len: 277 time: 0.0846000
2026-06-26 18:19:28.685 9 WARNING neutron.scheduler.dhcp_agent_scheduler [None req-0c06134f-4dca-49fa-8196-f40fce0cdf03 3d156036bf7c4dcdb29bb81e9a95dd77 448f20a405bf4263941f38d09135afaf - - default default] No more DHCP agents
2026-06-26 18:19:28.693 9 WARNING neutron.api.rpc.agentnotifiers.dhcp_rpc_agent_api [None req-0c06134f-4dca-49fa-8196-f40fce0cdf03 3d156036bf7c4dcdb29bb81e9a95dd77 448f20a405bf4263941f38d09135afaf - - default default] Unable to schedule network 8290a7a3-123f-439d-97a7-85351b95e982: no agents available; will retry on subsequent port and subnet creation events.
2026-06-26 18:19:28.785 10 WARNING neutron.scheduler.dhcp_agent_scheduler [None req-9c96ae67-c1e7-4d8a-934a-6c28cb6a3619 a20de478c48a486d943fd4e93ede9fb6 7cf99ee505d147c2a3a06cfc059defd0 - - default default] No more DHCP agents
2026-06-26 18:19:28.805 10 WARNING neutron.api.rpc.agentnotifiers.dhcp_rpc_agent_api [None req-9c96ae67-c1e7-4d8a-934a-6c28cb6a3619 a20de478c48a486d943fd4e93ede9fb6 7cf99ee505d147c2a3a06cfc059defd0 - - default default] Unable to schedule network f466a8b4-fc20-4fb2-8331-0d9e5a8d43c8: no agents available; will retry on subsequent port and subnet creation events.
2026-06-26 18:19:28.815 10 INFO neutron.wsgi [req-e3e95e13-2d63-43b5-b680-d21ced73a9db req-0c64018c-09fd-46a7-afe2-f770ced8e785 7f18e442a3e142b1bc3dce0c394196fe 2c7bb27b77d74bd99a9ac4c248712e0e - - default default] 10.0.0.50 "GET /v2.0/ports?device_id=395c70a0-c255-40f1-8b5a-fb7fb4dee0d0 HTTP/1.1" status: 200 len: 210 time: 0.0236671
2026-06-26 18:19:28.858 9 INFO neutron.db.ovn_revision_numbers_db [None req-0c06134f-4dca-49fa-8196-f40fce0cdf03 3d156036bf7c4dcdb29bb81e9a95dd77 448f20a405bf4263941f38d09135afaf - - default default] Successfully bumped revision number for resource 0e9ca134-ac9a-4dad-a47e-57682447f46d (type: ports) to 1
2026-06-26 18:19:28.892 9 INFO neutron.wsgi [None req-0c06134f-4dca-49fa-8196-f40fce0cdf03 3d156036bf7c4dcdb29bb81e9a95dd77 448f20a405bf4263941f38d09135afaf - - default default] 10.0.0.147 "POST /v2.0/ports HTTP/1.1" status: 201 len: 978 time: 0.4798481 /var/lib/openstack/lib/python3.10/site-packages/pycadf/identifier.py:71: UserWarning: Invalid uuid: neutron. To ensure interoperability, identifiers should be a valid uuid. warnings.warn(('Invalid uuid: %s. To ensure interoperability, '
2026-06-26 18:19:29.028 9 INFO neutron.db.ovn_revision_numbers_db [None req-05c66473-3784-4c25-b4a2-b675ef398f51 - - - - - -] Successfully bumped revision number for resource ae85dd7c-cf3a-4c38-b17f-e9e425d6a138 (type: router_ports) to 3
2026-06-26 18:19:29.248 9 INFO neutron.db.ovn_revision_numbers_db [None req-515b99b8-9e97-4b7b-8675-a60530aab2e4 3d156036bf7c4dcdb29bb81e9a95dd77 448f20a405bf4263941f38d09135afaf - - default default] Successfully bumped revision number for resource 0e9ca134-ac9a-4dad-a47e-57682447f46d (type: ports) to 2
2026-06-26 18:19:29.256 9 INFO neutron.wsgi [None req-515b99b8-9e97-4b7b-8675-a60530aab2e4 3d156036bf7c4dcdb29bb81e9a95dd77 448f20a405bf4263941f38d09135afaf - - default default] 10.0.0.147 "PUT /v2.0/ports/0e9ca134-ac9a-4dad-a47e-57682447f46d HTTP/1.1" status: 200 len: 946 time: 0.3532610
2026-06-26 18:19:29.257 9 INFO neutron.db.ovn_revision_numbers_db [None req-05c66473-3784-4c25-b4a2-b675ef398f51 - - - - - -] Successfully bumped revision number for resource ae85dd7c-cf3a-4c38-b17f-e9e425d6a138 (type: ports) to 2 /var/lib/openstack/lib/python3.10/site-packages/pycadf/identifier.py:71: UserWarning: Invalid uuid: neutron. To ensure interoperability, identifiers should be a valid uuid. warnings.warn(('Invalid uuid: %s. To ensure interoperability, '
2026-06-26 18:19:29.315 10 INFO neutron.db.ovn_revision_numbers_db [None req-9c96ae67-c1e7-4d8a-934a-6c28cb6a3619 a20de478c48a486d943fd4e93ede9fb6 7cf99ee505d147c2a3a06cfc059defd0 - - default default] Successfully bumped revision number for resource 15f65f2b-8a3a-4e47-809d-47208bb8fe15 (type: ports) to 2
2026-06-26 18:19:29.358 10 INFO neutron.db.ovn_revision_numbers_db [None req-9c96ae67-c1e7-4d8a-934a-6c28cb6a3619 a20de478c48a486d943fd4e93ede9fb6 7cf99ee505d147c2a3a06cfc059defd0 - - default default] Successfully bumped revision number for resource 110d63a2-5fe6-496f-824d-ac4e304f6f62 (type: subnets) to 0
2026-06-26 18:19:29.373 10 INFO neutron.wsgi [None req-9c96ae67-c1e7-4d8a-934a-6c28cb6a3619 a20de478c48a486d943fd4e93ede9fb6 7cf99ee505d147c2a3a06cfc059defd0 - - default default] 10.0.0.147 "POST /v2.0/subnets HTTP/1.1" status: 201 len: 831 time: 0.9223127
2026-06-26 18:19:29.802 9 INFO neutron.wsgi [None req-7d9da75c-3610-48b2-a74a-5c6c129efbde 3d156036bf7c4dcdb29bb81e9a95dd77 448f20a405bf4263941f38d09135afaf - - default default] 10.0.0.147 "DELETE /v2.0/ports/0e9ca134-ac9a-4dad-a47e-57682447f46d HTTP/1.1" status: 204 len: 168 time: 0.5401855
2026-06-26 18:19:29.806 9 INFO neutron.wsgi [req-43417bed-cb83-4cf2-8aef-701c48f94196 req-cc4058d0-586d-46cf-8171-a078e28eb47f 7f18e442a3e142b1bc3dce0c394196fe 2c7bb27b77d74bd99a9ac4c248712e0e - - default default] 199.204.45.95 "GET /v2.0/networks?id=30a7b012-8904-4980-9a63-59bd52ea4e32 HTTP/1.1" status: 200 len: 874 time: 0.1102102
2026-06-26 18:19:29.837 9 INFO neutron.db.ovn_revision_numbers_db [None req-05c66473-3784-4c25-b4a2-b675ef398f51 - - - - - -] Successfully bumped revision number for resource ae85dd7c-cf3a-4c38-b17f-e9e425d6a138 (type: ports) to 4
2026-06-26 18:19:29.885 9 INFO neutron.wsgi [req-43417bed-cb83-4cf2-8aef-701c48f94196 req-e51da2a6-e387-48c6-8c5f-7caa5e7a4b10 7f18e442a3e142b1bc3dce0c394196fe 2c7bb27b77d74bd99a9ac4c248712e0e - - default default] 199.204.45.95 "GET /v2.0/security-groups?fields=id&fields=name&tenant_id=2c7bb27b77d74bd99a9ac4c248712e0e HTTP/1.1" status: 200 len: 379 time: 0.0621095
2026-06-26 18:19:29.891 10 INFO neutron.wsgi [req-fa529da7-8fdd-486f-a61f-c67db24d114f req-e36b85f8-87d1-486e-998e-ee0126f6e91f 7f18e442a3e142b1bc3dce0c394196fe 2c7bb27b77d74bd99a9ac4c248712e0e - - default default] 10.0.0.50 "GET /v2.0/ports?device_id=395c70a0-c255-40f1-8b5a-fb7fb4dee0d0 HTTP/1.1" status: 200 len: 210 time: 0.0236251
2026-06-26 18:19:29.940 10 WARNING neutron.scheduler.dhcp_agent_scheduler [None req-0974bea6-8c74-41d3-bacd-03c09a180572 a20de478c48a486d943fd4e93ede9fb6 7cf99ee505d147c2a3a06cfc059defd0 - - default default] No more DHCP agents
2026-06-26 18:19:29.941 10 WARNING neutron.api.rpc.agentnotifiers.dhcp_rpc_agent_api [None req-0974bea6-8c74-41d3-bacd-03c09a180572 a20de478c48a486d943fd4e93ede9fb6 7cf99ee505d147c2a3a06cfc059defd0 - - default default] Unable to schedule network f466a8b4-fc20-4fb2-8331-0d9e5a8d43c8: no agents available; will retry on subsequent port and subnet creation events.
2026-06-26 18:19:29.961 9 INFO neutron.wsgi [None req-3afd1a52-5ed5-4f49-a97a-ef35d42ec59b 3d156036bf7c4dcdb29bb81e9a95dd77 448f20a405bf4263941f38d09135afaf - - default default] 10.0.0.147 "GET /v2.0/ports HTTP/1.1" status: 200 len: 1732 time: 0.1529579
2026-06-26 18:19:29.992 10 INFO neutron.pecan_wsgi.hooks.translation [None req-d9cef91e-667d-4b13-b61c-278cd9aa6aaf 3d156036bf7c4dcdb29bb81e9a95dd77 448f20a405bf4263941f38d09135afaf - - default default] GET failed (client error): The resource could not be found.
2026-06-26 18:19:29.995 10 INFO neutron.wsgi [None req-d9cef91e-667d-4b13-b61c-278cd9aa6aaf 3d156036bf7c4dcdb29bb81e9a95dd77 448f20a405bf4263941f38d09135afaf - - default default] 10.0.0.147 "GET /v2.0/ports/0e9ca134-ac9a-4dad-a47e-57682447f46d HTTP/1.1" status: 404 len: 333 time: 0.0259125
2026-06-26 18:19:30.095 10 INFO neutron.wsgi [None req-dd31904e-3b4a-4d89-a3f4-436dad3ff2b5 3d156036bf7c4dcdb29bb81e9a95dd77 448f20a405bf4263941f38d09135afaf - - default default] 10.0.0.147 "GET /v2.0/ports HTTP/1.1" status: 200 len: 1732 time: 0.0940890
2026-06-26 18:19:30.115 9 INFO neutron.db.ovn_revision_numbers_db [None req-05c66473-3784-4c25-b4a2-b675ef398f51 - - - - - -] Successfully bumped revision number for resource ae85dd7c-cf3a-4c38-b17f-e9e425d6a138 (type: router_ports) to 4
2026-06-26 18:19:30.137 10 INFO neutron.wsgi [None req-668818f2-f6ee-4511-888b-6b99f03cfb81 3d156036bf7c4dcdb29bb81e9a95dd77 448f20a405bf4263941f38d09135afaf - - default default] 10.0.0.147 "GET /v2.0/ports/62e437db-d90e-42e2-b801-46052a0fe834 HTTP/1.1" status: 200 len: 972 time: 0.0368688
2026-06-26 18:19:30.163 10 INFO neutron.pecan_wsgi.hooks.translation [None req-47c52d1f-babe-40b6-b34f-292bc0214103 3d156036bf7c4dcdb29bb81e9a95dd77 448f20a405bf4263941f38d09135afaf - - default default] DELETE failed (client error): The resource could not be found.
2026-06-26 18:19:30.165 10 INFO neutron.wsgi [None req-47c52d1f-babe-40b6-b34f-292bc0214103 3d156036bf7c4dcdb29bb81e9a95dd77 448f20a405bf4263941f38d09135afaf - - default default] 10.0.0.147 "DELETE /v2.0/ports/df36a6f7-e4e6-4c9a-bf38-1cd505474b31 HTTP/1.1" status: 404 len: 333 time: 0.0209272
2026-06-26 18:19:30.175 10 INFO neutron.db.ovn_revision_numbers_db [None req-0974bea6-8c74-41d3-bacd-03c09a180572 a20de478c48a486d943fd4e93ede9fb6 7cf99ee505d147c2a3a06cfc059defd0 - - default default] Successfully bumped revision number for resource cf3c8706-089f-4e93-94d7-d3d2703d2dad (type: ports) to 1
2026-06-26 18:19:30.183 10 INFO neutron.pecan_wsgi.hooks.translation [None req-45ef839c-5e14-485d-acd7-93f3d9d5c614 3d156036bf7c4dcdb29bb81e9a95dd77 448f20a405bf4263941f38d09135afaf - - default default] DELETE failed (client error): The resource could not be found.
2026-06-26 18:19:30.185 10 INFO neutron.wsgi [None req-45ef839c-5e14-485d-acd7-93f3d9d5c614 3d156036bf7c4dcdb29bb81e9a95dd77 448f20a405bf4263941f38d09135afaf - - default default] 10.0.0.147 "DELETE /v2.0/subnets/c5414bfc-a95f-4ec9-9573-b73f9b5728ca HTTP/1.1" status: 404 len: 337 time: 0.0156276
2026-06-26 18:19:30.213 9 INFO neutron.pecan_wsgi.hooks.translation [None req-afcbe277-66b1-4c6e-9aa7-b230d455cbf4 3d156036bf7c4dcdb29bb81e9a95dd77 448f20a405bf4263941f38d09135afaf - - default default] DELETE failed (client error): The resource could not be found.
2026-06-26 18:19:30.216 9 INFO neutron.wsgi [None req-afcbe277-66b1-4c6e-9aa7-b230d455cbf4 3d156036bf7c4dcdb29bb81e9a95dd77 448f20a405bf4263941f38d09135afaf - - default default] 10.0.0.147 "DELETE /v2.0/subnets/b82ece8e-6645-49a3-8fd5-96a9006719bc HTTP/1.1" status: 404 len: 337 time: 0.0231478
2026-06-26 18:19:30.316 9 WARNING neutron.scheduler.dhcp_agent_scheduler [req-43417bed-cb83-4cf2-8aef-701c48f94196 req-043bc8a7-e340-4212-aa3d-a2132d5954ae 7f18e442a3e142b1bc3dce0c394196fe 2c7bb27b77d74bd99a9ac4c248712e0e - - default default] No more DHCP agents
2026-06-26 18:19:30.320 9 WARNING neutron.api.rpc.agentnotifiers.dhcp_rpc_agent_api [req-43417bed-cb83-4cf2-8aef-701c48f94196 req-043bc8a7-e340-4212-aa3d-a2132d5954ae 7f18e442a3e142b1bc3dce0c394196fe 2c7bb27b77d74bd99a9ac4c248712e0e - - default default] Unable to schedule network 30a7b012-8904-4980-9a63-59bd52ea4e32: no agents available; will retry on subsequent port and subnet creation events.
2026-06-26 18:19:30.389 10 INFO neutron.plugins.ml2.drivers.ovn.mech_driver.mech_driver [None req-d53b8ebe-a5c5-43c5-bd13-726443e5fbca - - - - - -] OVN reports status down for port: 0e9ca134-ac9a-4dad-a47e-57682447f46d
2026-06-26 18:19:30.488 9 INFO neutron.db.ovn_revision_numbers_db [req-43417bed-cb83-4cf2-8aef-701c48f94196 req-043bc8a7-e340-4212-aa3d-a2132d5954ae 7f18e442a3e142b1bc3dce0c394196fe 2c7bb27b77d74bd99a9ac4c248712e0e - - default default] Successfully bumped revision number for resource 132b1c8a-be20-427b-9e9e-502b751e5407 (type: ports) to 1
2026-06-26 18:19:30.510 9 INFO neutron.wsgi [req-43417bed-cb83-4cf2-8aef-701c48f94196 req-043bc8a7-e340-4212-aa3d-a2132d5954ae 7f18e442a3e142b1bc3dce0c394196fe 2c7bb27b77d74bd99a9ac4c248712e0e - - default default] 199.204.45.95 "POST /v2.0/ports HTTP/1.1" status: 201 len: 1158 time: 0.6048021 /var/lib/openstack/lib/python3.10/site-packages/pycadf/identifier.py:71: UserWarning: Invalid uuid: neutron. To ensure interoperability, identifiers should be a valid uuid. warnings.warn(('Invalid uuid: %s. To ensure interoperability, '
2026-06-26 18:19:30.752 10 INFO neutron.wsgi [None req-e9d7d8ca-cbcb-48d0-8746-0e7a319e7cf9 3d156036bf7c4dcdb29bb81e9a95dd77 448f20a405bf4263941f38d09135afaf - - default default] 10.0.0.147 "DELETE /v2.0/ports/62e437db-d90e-42e2-b801-46052a0fe834 HTTP/1.1" status: 204 len: 168 time: 0.5311041
2026-06-26 18:19:30.900 9 INFO neutron.db.ovn_revision_numbers_db [req-43417bed-cb83-4cf2-8aef-701c48f94196 req-dc64f06a-fce7-487d-a376-07361c09d38e b2e1c5b26e8a477ba4f6f83b5197bf9e ce0c4b50600142b4ab26d17843c734b4 - - c3640017cad04f80a51ff14811cf726e c3640017cad04f80a51ff14811cf726e] Successfully bumped revision number for resource 132b1c8a-be20-427b-9e9e-502b751e5407 (type: ports) to 2
2026-06-26 18:19:31.011 10 INFO neutron.wsgi [req-dcf4f258-1937-4f37-a13d-4a8acfee901b req-b6156513-81a9-4b34-b965-4c2ab3e8233e 7f18e442a3e142b1bc3dce0c394196fe 2c7bb27b77d74bd99a9ac4c248712e0e - - default default] 10.0.0.50 "GET /v2.0/ports?device_id=395c70a0-c255-40f1-8b5a-fb7fb4dee0d0 HTTP/1.1" status: 200 len: 1168 time: 0.0482810
2026-06-26 18:19:31.069 10 INFO neutron.db.ovn_revision_numbers_db [None req-0974bea6-8c74-41d3-bacd-03c09a180572 a20de478c48a486d943fd4e93ede9fb6 7cf99ee505d147c2a3a06cfc059defd0 - - default default] Successfully bumped revision number for resource cf3c8706-089f-4e93-94d7-d3d2703d2dad (type: router_ports) to 1
2026-06-26 18:19:31.084 10 INFO neutron.wsgi [req-dcf4f258-1937-4f37-a13d-4a8acfee901b req-351e3fdf-a0b2-48f8-a659-7a5f8732fe18 7f18e442a3e142b1bc3dce0c394196fe 2c7bb27b77d74bd99a9ac4c248712e0e - - default default] 10.0.0.50 "GET /v2.0/security-groups?id=65c4ba0c-946f-4731-bad2-690919e09593&fields=id&fields=name HTTP/1.1" status: 200 len: 312 time: 0.0633781
2026-06-26 18:19:31.103 9 INFO neutron.db.ovn_revision_numbers_db [req-43417bed-cb83-4cf2-8aef-701c48f94196 req-dc64f06a-fce7-487d-a376-07361c09d38e b2e1c5b26e8a477ba4f6f83b5197bf9e ce0c4b50600142b4ab26d17843c734b4 - - c3640017cad04f80a51ff14811cf726e c3640017cad04f80a51ff14811cf726e] Successfully bumped revision number for resource 132b1c8a-be20-427b-9e9e-502b751e5407 (type: ports) to 2
2026-06-26 18:19:31.118 9 INFO neutron.wsgi [req-43417bed-cb83-4cf2-8aef-701c48f94196 req-dc64f06a-fce7-487d-a376-07361c09d38e b2e1c5b26e8a477ba4f6f83b5197bf9e ce0c4b50600142b4ab26d17843c734b4 - - c3640017cad04f80a51ff14811cf726e c3640017cad04f80a51ff14811cf726e] 199.204.45.95 "PUT /v2.0/ports/132b1c8a-be20-427b-9e9e-502b751e5407 HTTP/1.1" status: 200 len: 1376 time: 0.6016448 /var/lib/openstack/lib/python3.10/site-packages/pycadf/identifier.py:71: UserWarning: Invalid uuid: neutron. To ensure interoperability, identifiers should be a valid uuid. warnings.warn(('Invalid uuid: %s. To ensure interoperability, '
2026-06-26 18:19:31.169 9 INFO neutron.notifiers.nova [-] Nova event matching ['req-0ab54ec4-b92f-4b3e-8b50-8e6c3bf75f91'] response: {'name': 'network-changed', 'server_uuid': '395c70a0-c255-40f1-8b5a-fb7fb4dee0d0', 'tag': '132b1c8a-be20-427b-9e9e-502b751e5407', 'status': 'completed', 'code': 200}
2026-06-26 18:19:31.191 9 INFO neutron.wsgi [req-43417bed-cb83-4cf2-8aef-701c48f94196 req-e8407d25-262b-4e1e-b517-8c64b0e13bd3 b2e1c5b26e8a477ba4f6f83b5197bf9e ce0c4b50600142b4ab26d17843c734b4 - - c3640017cad04f80a51ff14811cf726e c3640017cad04f80a51ff14811cf726e] 199.204.45.95 "GET /v2.0/ports?tenant_id=2c7bb27b77d74bd99a9ac4c248712e0e&device_id=395c70a0-c255-40f1-8b5a-fb7fb4dee0d0 HTTP/1.1" status: 200 len: 1407 time: 0.0293083
2026-06-26 18:19:31.231 9 INFO neutron.wsgi [req-43417bed-cb83-4cf2-8aef-701c48f94196 req-26519fd9-6ffa-4b6e-af94-c82e8420fc99 b2e1c5b26e8a477ba4f6f83b5197bf9e ce0c4b50600142b4ab26d17843c734b4 - - c3640017cad04f80a51ff14811cf726e c3640017cad04f80a51ff14811cf726e] 199.204.45.95 "GET /v2.0/floatingips?fixed_ip_address=10.100.0.9&port_id=132b1c8a-be20-427b-9e9e-502b751e5407 HTTP/1.1" status: 200 len: 217 time: 0.0229576
2026-06-26 18:19:31.252 10 INFO neutron.services.segments.plugin [-] Segment 9c71a4be-ceee-4332-9773-d6155b0e3842 resource provider aggregate not found
2026-06-26 18:19:31.256 10 INFO neutron.services.segments.plugin [-] Segment 9c71a4be-ceee-4332-9773-d6155b0e3842 resource provider aggregate not found
2026-06-26 18:19:31.275 10 INFO neutron.services.segments.plugin [-] Segment 9c71a4be-ceee-4332-9773-d6155b0e3842 resource provider not found; error: Placement Client Error (4xx): {"errors": [{"status": 404, "title": "Not Found", "detail": "The resource could not be found.\n\n No resource provider with uuid 9c71a4be-ceee-4332-9773-d6155b0e3842 found for delete ", "request_id": "req-8cd165f1-7d61-4c9f-9a96-d2c5c1c8a612"}]}
2026-06-26 18:19:31.276 10 INFO neutron.services.segments.plugin [-] Segment 9c71a4be-ceee-4332-9773-d6155b0e3842 resource provider not found; error: Placement Client Error (4xx): {"errors": [{"status": 404, "title": "Not Found", "detail": "The resource could not be found.\n\n No resource provider with uuid 9c71a4be-ceee-4332-9773-d6155b0e3842 found for delete ", "request_id": "req-00cd4561-e48b-4873-b265-7808ee3fa46d"}]}
2026-06-26 18:19:31.284 9 INFO neutron.wsgi [req-43417bed-cb83-4cf2-8aef-701c48f94196 req-fe2aa913-1c27-4b1c-8256-8420f4e41eed b2e1c5b26e8a477ba4f6f83b5197bf9e ce0c4b50600142b4ab26d17843c734b4 - - c3640017cad04f80a51ff14811cf726e c3640017cad04f80a51ff14811cf726e] 199.204.45.95 "GET /v2.0/subnets?id=81b09f05-63c5-4088-a9eb-8506ad887a40 HTTP/1.1" status: 200 len: 868 time: 0.0419466
2026-06-26 18:19:31.304 10 INFO neutron.wsgi [None req-a8167699-75a3-4900-a977-42d90134a092 3d156036bf7c4dcdb29bb81e9a95dd77 448f20a405bf4263941f38d09135afaf - - default default] 10.0.0.147 "DELETE /v2.0/networks/8290a7a3-123f-439d-97a7-85351b95e982 HTTP/1.1" status: 204 len: 168 time: 0.5438278
2026-06-26 18:19:31.309 10 INFO neutron.db.ovn_revision_numbers_db [None req-0974bea6-8c74-41d3-bacd-03c09a180572 a20de478c48a486d943fd4e93ede9fb6 7cf99ee505d147c2a3a06cfc059defd0 - - default default] Successfully bumped revision number for resource cf3c8706-089f-4e93-94d7-d3d2703d2dad (type: ports) to 1
2026-06-26 18:19:31.311 9 INFO neutron.wsgi [req-43417bed-cb83-4cf2-8aef-701c48f94196 req-8f039a4e-283d-4f0f-a81a-8731c1a87dfd b2e1c5b26e8a477ba4f6f83b5197bf9e ce0c4b50600142b4ab26d17843c734b4 - - c3640017cad04f80a51ff14811cf726e c3640017cad04f80a51ff14811cf726e] 199.204.45.95 "GET /v2.0/ports?network_id=30a7b012-8904-4980-9a63-59bd52ea4e32&device_owner=network%3Adhcp HTTP/1.1" status: 200 len: 210 time: 0.0207927
2026-06-26 18:19:31.371 10 WARNING neutron.scheduler.dhcp_agent_scheduler [None req-0974bea6-8c74-41d3-bacd-03c09a180572 a20de478c48a486d943fd4e93ede9fb6 7cf99ee505d147c2a3a06cfc059defd0 - - default default] No more DHCP agents
2026-06-26 18:19:31.372 10 WARNING neutron.api.rpc.agentnotifiers.dhcp_rpc_agent_api [None req-0974bea6-8c74-41d3-bacd-03c09a180572 a20de478c48a486d943fd4e93ede9fb6 7cf99ee505d147c2a3a06cfc059defd0 - - default default] Unable to schedule network f466a8b4-fc20-4fb2-8331-0d9e5a8d43c8: no agents available; will retry on subsequent port and subnet creation events.
2026-06-26 18:19:31.374 9 INFO neutron.wsgi [req-43417bed-cb83-4cf2-8aef-701c48f94196 req-85f021fd-ef62-4c9d-8304-616d5bc2da4c b2e1c5b26e8a477ba4f6f83b5197bf9e ce0c4b50600142b4ab26d17843c734b4 - - c3640017cad04f80a51ff14811cf726e c3640017cad04f80a51ff14811cf726e] 199.204.45.95 "GET /v2.0/networks/30a7b012-8904-4980-9a63-59bd52ea4e32?fields=segments HTTP/1.1" status: 200 len: 212 time: 0.0561686
2026-06-26 18:19:31.446 9 INFO neutron.wsgi [req-43417bed-cb83-4cf2-8aef-701c48f94196 req-32eff0bc-7eac-47b3-b567-430b53382188 b2e1c5b26e8a477ba4f6f83b5197bf9e ce0c4b50600142b4ab26d17843c734b4 - - c3640017cad04f80a51ff14811cf726e c3640017cad04f80a51ff14811cf726e] 199.204.45.95 "GET /v2.0/networks/30a7b012-8904-4980-9a63-59bd52ea4e32?fields=provider%3Aphysical_network&fields=provider%3Anetwork_type HTTP/1.1" status: 200 len: 277 time: 0.0651410
2026-06-26 18:19:31.513 9 INFO neutron.wsgi [req-23664f26-8f00-4dc1-8775-be1228bc4a57 req-2f4458f0-ae20-4eed-82f0-1aae2ed24483 b2e1c5b26e8a477ba4f6f83b5197bf9e ce0c4b50600142b4ab26d17843c734b4 - - c3640017cad04f80a51ff14811cf726e c3640017cad04f80a51ff14811cf726e] 199.204.45.95 "GET /v2.0/ports?tenant_id=2c7bb27b77d74bd99a9ac4c248712e0e&device_id=395c70a0-c255-40f1-8b5a-fb7fb4dee0d0 HTTP/1.1" status: 200 len: 1407 time: 0.0314281
2026-06-26 18:19:31.590 9 INFO neutron.wsgi [req-23664f26-8f00-4dc1-8775-be1228bc4a57 req-c0e695a7-fb1a-4fc4-a3b7-5b0350a0693e b2e1c5b26e8a477ba4f6f83b5197bf9e ce0c4b50600142b4ab26d17843c734b4 - - c3640017cad04f80a51ff14811cf726e c3640017cad04f80a51ff14811cf726e] 199.204.45.95 "GET /v2.0/networks?id=30a7b012-8904-4980-9a63-59bd52ea4e32 HTTP/1.1" status: 200 len: 973 time: 0.0721488
2026-06-26 18:19:31.621 9 INFO neutron.wsgi [req-23664f26-8f00-4dc1-8775-be1228bc4a57 req-5e6b8732-844d-4c29-a794-d4b0d6614e59 b2e1c5b26e8a477ba4f6f83b5197bf9e ce0c4b50600142b4ab26d17843c734b4 - - c3640017cad04f80a51ff14811cf726e c3640017cad04f80a51ff14811cf726e] 199.204.45.95 "GET /v2.0/floatingips?fixed_ip_address=10.100.0.9&port_id=132b1c8a-be20-427b-9e9e-502b751e5407 HTTP/1.1" status: 200 len: 217 time: 0.0260811
2026-06-26 18:19:31.651 10 INFO neutron.plugins.ml2.drivers.ovn.mech_driver.mech_driver [None req-d53b8ebe-a5c5-43c5-bd13-726443e5fbca - - - - - -] OVN reports status up for port: 132b1c8a-be20-427b-9e9e-502b751e5407
2026-06-26 18:19:31.667 9 INFO neutron.wsgi [req-23664f26-8f00-4dc1-8775-be1228bc4a57 req-291543d0-c78e-423e-a1d7-24c728a9aede b2e1c5b26e8a477ba4f6f83b5197bf9e ce0c4b50600142b4ab26d17843c734b4 - - c3640017cad04f80a51ff14811cf726e c3640017cad04f80a51ff14811cf726e] 199.204.45.95 "GET /v2.0/subnets?id=81b09f05-63c5-4088-a9eb-8506ad887a40 HTTP/1.1" status: 200 len: 868 time: 0.0408676
2026-06-26 18:19:31.677 10 INFO neutron.plugins.ml2.plugin [None req-d53b8ebe-a5c5-43c5-bd13-726443e5fbca - - - - - -] Attempt 1 to provision port 132b1c8a-be20-427b-9e9e-502b751e5407
2026-06-26 18:19:31.706 9 INFO neutron.wsgi [req-23664f26-8f00-4dc1-8775-be1228bc4a57 req-b011fb24-9327-44eb-9b01-6eebbe1401fd b2e1c5b26e8a477ba4f6f83b5197bf9e ce0c4b50600142b4ab26d17843c734b4 - - c3640017cad04f80a51ff14811cf726e c3640017cad04f80a51ff14811cf726e] 199.204.45.95 "GET /v2.0/ports?network_id=30a7b012-8904-4980-9a63-59bd52ea4e32&device_owner=network%3Adhcp HTTP/1.1" status: 200 len: 210 time: 0.0333555
2026-06-26 18:19:31.747 10 INFO neutron.db.ovn_revision_numbers_db [None req-0974bea6-8c74-41d3-bacd-03c09a180572 a20de478c48a486d943fd4e93ede9fb6 7cf99ee505d147c2a3a06cfc059defd0 - - default default] Successfully bumped revision number for resource cf3c8706-089f-4e93-94d7-d3d2703d2dad (type: router_ports) to 1
2026-06-26 18:19:31.750 10 INFO neutron.wsgi [None req-0974bea6-8c74-41d3-bacd-03c09a180572 a20de478c48a486d943fd4e93ede9fb6 7cf99ee505d147c2a3a06cfc059defd0 - - default default] 10.0.0.147 "PUT /v2.0/routers/c3ab3b97-d79f-40a3-b679-671af3c89874/add_router_interface HTTP/1.1" status: 200 len: 503 time: 2.3712740
2026-06-26 18:19:31.785 9 INFO neutron.wsgi [req-23664f26-8f00-4dc1-8775-be1228bc4a57 req-120a1566-37f4-410f-99e7-f1fc5d19d328 b2e1c5b26e8a477ba4f6f83b5197bf9e ce0c4b50600142b4ab26d17843c734b4 - - c3640017cad04f80a51ff14811cf726e c3640017cad04f80a51ff14811cf726e] 199.204.45.95 "GET /v2.0/networks/30a7b012-8904-4980-9a63-59bd52ea4e32?fields=segments HTTP/1.1" status: 200 len: 212 time: 0.0739591
2026-06-26 18:19:31.827 10 INFO neutron.wsgi [None req-a128c229-baf2-4005-aaf9-669ca3e98008 72f695ba3e7d41238880d6c60ba5e6fb 6fb7f127a5c34d38b368af1f71477355 - - default default] 10.0.0.147 "GET /v2.0/networks HTTP/1.1" status: 200 len: 3873 time: 0.0730891
2026-06-26 18:19:31.844 10 INFO neutron.notifiers.nova [-] Nova event matching ['req-40741a9e-dc81-4e2e-9542-1329ce79273f'] response: {'server_uuid': '395c70a0-c255-40f1-8b5a-fb7fb4dee0d0', 'name': 'network-vif-plugged', 'status': 'completed', 'tag': '132b1c8a-be20-427b-9e9e-502b751e5407', 'code': 200}
2026-06-26 18:19:31.874 9 INFO neutron.wsgi [req-23664f26-8f00-4dc1-8775-be1228bc4a57 req-b755b2a9-895e-490a-983f-556d6717683e b2e1c5b26e8a477ba4f6f83b5197bf9e ce0c4b50600142b4ab26d17843c734b4 - - c3640017cad04f80a51ff14811cf726e c3640017cad04f80a51ff14811cf726e] 199.204.45.95 "GET /v2.0/networks/30a7b012-8904-4980-9a63-59bd52ea4e32?fields=provider%3Aphysical_network&fields=provider%3Anetwork_type HTTP/1.1" status: 200 len: 277 time: 0.0779920
2026-06-26 18:19:31.886 10 INFO neutron.wsgi [None req-0170cb65-5722-4144-b0bb-df7705b4eea6 72f695ba3e7d41238880d6c60ba5e6fb 6fb7f127a5c34d38b368af1f71477355 - - default default] 10.0.0.147 "GET /v2.0/subnets HTTP/1.1" status: 200 len: 2752 time: 0.0546274
2026-06-26 18:19:31.982 10 INFO neutron.wsgi [None req-d17a5919-d6ef-49e2-9bc5-3f1967376eac 72f695ba3e7d41238880d6c60ba5e6fb 6fb7f127a5c34d38b368af1f71477355 - - default default] 10.0.0.147 "GET /v2.0/routers HTTP/1.1" status: 200 len: 1552 time: 0.0907567
2026-06-26 18:19:32.035 9 INFO neutron.wsgi [None req-e630d1cd-f474-4e95-a38f-3cd7eedf73f9 605fd3cf3db54279a313bc616ccd7cf9 1bc9790d7bc2424d8a6869044ba32542 - - default default] 10.0.0.147 "GET /v2.0/security-groups?tenant_id=448f20a405bf4263941f38d09135afaf&name=default HTTP/1.1" status: 200 len: 2996 time: 0.2408636
2026-06-26 18:19:32.047 10 INFO neutron.db.ovn_revision_numbers_db [None req-d53b8ebe-a5c5-43c5-bd13-726443e5fbca - - - - - -] Successfully bumped revision number for resource 132b1c8a-be20-427b-9e9e-502b751e5407 (type: ports) to 4 /var/lib/openstack/lib/python3.10/site-packages/pycadf/identifier.py:71: UserWarning: Invalid uuid: neutron. To ensure interoperability, identifiers should be a valid uuid. warnings.warn(('Invalid uuid: %s. To ensure interoperability, '
2026-06-26 18:19:32.182 10 INFO neutron.db.ovn_revision_numbers_db [None req-acf75b6d-0c90-4697-8e16-d74f45bc3720 a20de478c48a486d943fd4e93ede9fb6 7cf99ee505d147c2a3a06cfc059defd0 - - default default] Successfully bumped revision number for resource f77a8a47-5170-470a-8705-c9b658be04ff (type: security_groups) to 1
2026-06-26 18:19:32.191 10 INFO neutron.wsgi [req-714cf5ca-2c83-4314-b12f-828521211b0f req-7ef2a32e-51a9-473f-ad0c-9e6e18627bf5 7f18e442a3e142b1bc3dce0c394196fe 2c7bb27b77d74bd99a9ac4c248712e0e - - default default] 10.0.0.50 "GET /v2.0/ports?device_id=395c70a0-c255-40f1-8b5a-fb7fb4dee0d0 HTTP/1.1" status: 200 len: 1170 time: 0.0417845
2026-06-26 18:19:32.203 10 INFO neutron.db.ovn_revision_numbers_db [None req-acf75b6d-0c90-4697-8e16-d74f45bc3720 a20de478c48a486d943fd4e93ede9fb6 7cf99ee505d147c2a3a06cfc059defd0 - - default default] Successfully bumped revision number for resource 8da0f221-d47e-4163-963a-a836d436bb27 (type: security_group_rules) to 0
2026-06-26 18:19:32.224 10 INFO neutron.db.ovn_revision_numbers_db [None req-acf75b6d-0c90-4697-8e16-d74f45bc3720 a20de478c48a486d943fd4e93ede9fb6 7cf99ee505d147c2a3a06cfc059defd0 - - default default] Successfully bumped revision number for resource dde75c2c-343e-45ee-86aa-694db2b0ad6e (type: security_group_rules) to 0
2026-06-26 18:19:32.236 9 INFO neutron.wsgi [None req-36bfec72-f372-414f-8033-fbc1c9914c2c 605fd3cf3db54279a313bc616ccd7cf9 1bc9790d7bc2424d8a6869044ba32542 - - default default] 10.0.0.147 "DELETE /v2.0/security-groups/ca74c4b4-9606-4ad8-a1fc-6a920833eb20 HTTP/1.1" status: 204 len: 168 time: 0.1950593
2026-06-26 18:19:32.240 10 INFO neutron.wsgi [req-714cf5ca-2c83-4314-b12f-828521211b0f req-a0c10cbf-e681-4e65-9b19-9d430c14fb2f 7f18e442a3e142b1bc3dce0c394196fe 2c7bb27b77d74bd99a9ac4c248712e0e - - default default] 10.0.0.50 "GET /v2.0/security-groups?id=65c4ba0c-946f-4731-bad2-690919e09593&fields=id&fields=name HTTP/1.1" status: 200 len: 312 time: 0.0419722
2026-06-26 18:19:32.254 10 INFO neutron.wsgi [None req-acf75b6d-0c90-4697-8e16-d74f45bc3720 a20de478c48a486d943fd4e93ede9fb6 7cf99ee505d147c2a3a06cfc059defd0 - - default default] 10.0.0.147 "POST /v2.0/security-groups HTTP/1.1" status: 201 len: 1809 time: 0.2195053
2026-06-26 18:19:32.376 9 INFO neutron.db.ovn_revision_numbers_db [None req-54d4d674-1abb-48fb-9eb4-e882744f7d43 a20de478c48a486d943fd4e93ede9fb6 7cf99ee505d147c2a3a06cfc059defd0 - - default default] Successfully bumped revision number for resource ed9c46d9-ce65-4bbe-8328-1460be1f0ab0 (type: security_group_rules) to 0
2026-06-26 18:19:32.399 9 INFO neutron.wsgi [None req-54d4d674-1abb-48fb-9eb4-e882744f7d43 a20de478c48a486d943fd4e93ede9fb6 7cf99ee505d147c2a3a06cfc059defd0 - - default default] 10.0.0.147 "POST /v2.0/security-group-rules HTTP/1.1" status: 201 len: 764 time: 0.1317055
2026-06-26 18:19:32.517 9 INFO neutron.db.ovn_revision_numbers_db [None req-c0b0b90b-866f-41a8-b4a5-9e8f70606229 a20de478c48a486d943fd4e93ede9fb6 7cf99ee505d147c2a3a06cfc059defd0 - - default default] Successfully bumped revision number for resource ede6c6be-3a71-4a17-93bb-995220889718 (type: security_group_rules) to 0
2026-06-26 18:19:32.545 9 INFO neutron.wsgi [None req-c0b0b90b-866f-41a8-b4a5-9e8f70606229 a20de478c48a486d943fd4e93ede9fb6 7cf99ee505d147c2a3a06cfc059defd0 - - default default] 10.0.0.147 "POST /v2.0/security-group-rules HTTP/1.1" status: 201 len: 763 time: 0.1415756
2026-06-26 18:19:32.667 9 WARNING neutron.plugins.ml2.drivers.ovn.mech_driver.ovsdb.ovn_client [None req-2eb6e9db-6e57-4e1d-ad84-a7d1d22fb438 - - - - - -] No hosting information found for port b8580bfe-29f8-4ea2-9702-d3396b93da72: RuntimeError: No hosting information found for port b8580bfe-29f8-4ea2-9702-d3396b93da72
2026-06-26 18:19:32.668 9 INFO neutron.plugins.ml2.drivers.ovn.mech_driver.mech_driver [None req-2eb6e9db-6e57-4e1d-ad84-a7d1d22fb438 - - - - - -] OVN reports status up for port: cf3c8706-089f-4e93-94d7-d3d2703d2dad
2026-06-26 18:19:32.683 9 INFO neutron.plugins.ml2.plugin [None req-2eb6e9db-6e57-4e1d-ad84-a7d1d22fb438 - - - - - -] Attempt 1 to provision port cf3c8706-089f-4e93-94d7-d3d2703d2dad
2026-06-26 18:19:32.699 9 INFO neutron.db.ovn_revision_numbers_db [None req-996a829e-22d9-4542-8da3-d9ff10d2266e a20de478c48a486d943fd4e93ede9fb6 7cf99ee505d147c2a3a06cfc059defd0 - - default default] Successfully bumped revision number for resource d74e857f-3872-4ea1-a1bf-cc3a5db25007 (type: security_group_rules) to 0
2026-06-26 18:19:32.722 9 INFO neutron.db.ovn_revision_numbers_db [None req-17744c16-0c9c-4bd6-9efd-616d1f08becd 5ecede29d0d2436dbbc4349f904ffa9b 528bc7e82df64cb3930b3b37e79f4a26 - - default default] Successfully bumped revision number for resource 0f3eb572-44d2-40da-9e28-81d500d7c4ef (type: security_groups) to 1
2026-06-26 18:19:32.744 9 INFO neutron.wsgi [None req-996a829e-22d9-4542-8da3-d9ff10d2266e a20de478c48a486d943fd4e93ede9fb6 7cf99ee505d147c2a3a06cfc059defd0 - - default default] 10.0.0.147 "POST /v2.0/security-group-rules HTTP/1.1" status: 201 len: 769 time: 0.1912231
2026-06-26 18:19:32.746 9 INFO neutron.db.ovn_revision_numbers_db [None req-17744c16-0c9c-4bd6-9efd-616d1f08becd 5ecede29d0d2436dbbc4349f904ffa9b 528bc7e82df64cb3930b3b37e79f4a26 - - default default] Successfully bumped revision number for resource 459d3f54-6d45-4313-a239-fbf17a1a3549 (type: security_group_rules) to 0
2026-06-26 18:19:32.764 9 INFO neutron.db.ovn_revision_numbers_db [None req-17744c16-0c9c-4bd6-9efd-616d1f08becd 5ecede29d0d2436dbbc4349f904ffa9b 528bc7e82df64cb3930b3b37e79f4a26 - - default default] Successfully bumped revision number for resource b8b01e7f-8331-4f2c-a1be-59d99194d74a (type: security_group_rules) to 0
2026-06-26 18:19:32.779 9 INFO neutron.db.ovn_revision_numbers_db [None req-17744c16-0c9c-4bd6-9efd-616d1f08becd 5ecede29d0d2436dbbc4349f904ffa9b 528bc7e82df64cb3930b3b37e79f4a26 - - default default] Successfully bumped revision number for resource f5ec2164-7117-4629-a5cd-759a62a60118 (type: security_group_rules) to 0
2026-06-26 18:19:32.796 9 INFO neutron.db.ovn_revision_numbers_db [None req-17744c16-0c9c-4bd6-9efd-616d1f08becd 5ecede29d0d2436dbbc4349f904ffa9b 528bc7e82df64cb3930b3b37e79f4a26 - - default default] Successfully bumped revision number for resource faaa9305-30f0-40ee-97f3-f3ee19b82fe0 (type: security_group_rules) to 0
2026-06-26 18:19:32.879 10 INFO neutron.db.ovn_revision_numbers_db [None req-b0bcc907-c2d5-434f-a1da-ffcf29690372 a20de478c48a486d943fd4e93ede9fb6 7cf99ee505d147c2a3a06cfc059defd0 - - default default] Successfully bumped revision number for resource 48fcbcc3-9b65-4d79-8646-1a6030830117 (type: security_group_rules) to 0
2026-06-26 18:19:32.894 9 INFO neutron.db.ovn_revision_numbers_db [None req-17744c16-0c9c-4bd6-9efd-616d1f08becd 5ecede29d0d2436dbbc4349f904ffa9b 528bc7e82df64cb3930b3b37e79f4a26 - - default default] Successfully bumped revision number for resource 5693b021-c27c-4f2f-8707-f09f182ea9d3 (type: security_groups) to 1
2026-06-26 18:19:32.902 10 INFO neutron.wsgi [None req-b0bcc907-c2d5-434f-a1da-ffcf29690372 a20de478c48a486d943fd4e93ede9fb6 7cf99ee505d147c2a3a06cfc059defd0 - - default default] 10.0.0.147 "POST /v2.0/security-group-rules HTTP/1.1" status: 201 len: 768 time: 0.1495459
2026-06-26 18:19:32.916 9 INFO neutron.db.ovn_revision_numbers_db [None req-17744c16-0c9c-4bd6-9efd-616d1f08becd 5ecede29d0d2436dbbc4349f904ffa9b 528bc7e82df64cb3930b3b37e79f4a26 - - default default] Successfully bumped revision number for resource 2b36231f-9ed9-4543-87a3-e5d49f23c247 (type: security_group_rules) to 0
2026-06-26 18:19:32.928 10 INFO neutron.db.securitygroups_db [None req-7e4f9573-0c75-471e-8081-c952beae77aa a20de478c48a486d943fd4e93ede9fb6 7cf99ee505d147c2a3a06cfc059defd0 - - default default] Project 7cf99ee505d147c2a3a06cfc059defd0 added a security group rule with legacy IPv6 ICMP protocol name icmp, ipv6-icmp should be used instead. It was automatically converted.
2026-06-26 18:19:32.933 9 INFO neutron.db.ovn_revision_numbers_db [None req-17744c16-0c9c-4bd6-9efd-616d1f08becd 5ecede29d0d2436dbbc4349f904ffa9b 528bc7e82df64cb3930b3b37e79f4a26 - - default default] Successfully bumped revision number for resource 7878240a-5b62-42b2-bdbc-79fed4a88d51 (type: security_group_rules) to 0
2026-06-26 18:19:32.960 9 INFO neutron.wsgi [None req-17744c16-0c9c-4bd6-9efd-616d1f08becd 5ecede29d0d2436dbbc4349f904ffa9b 528bc7e82df64cb3930b3b37e79f4a26 - - default default] 10.0.0.147 "POST /v2.0/security-groups HTTP/1.1" status: 201 len: 1737 time: 0.5069683
2026-06-26 18:19:33.006 9 INFO neutron.db.ovn_revision_numbers_db [None req-2eb6e9db-6e57-4e1d-ad84-a7d1d22fb438 - - - - - -] Successfully bumped revision number for resource cf3c8706-089f-4e93-94d7-d3d2703d2dad (type: ports) to 2
2026-06-26 18:19:33.029 10 INFO neutron.db.ovn_revision_numbers_db [None req-7e4f9573-0c75-471e-8081-c952beae77aa a20de478c48a486d943fd4e93ede9fb6 7cf99ee505d147c2a3a06cfc059defd0 - - default default] Successfully bumped revision number for resource 3490f897-1d23-44d7-86df-f15e6d40771a (type: security_group_rules) to 0
2026-06-26 18:19:33.060 10 INFO neutron.wsgi [None req-7e4f9573-0c75-471e-8081-c952beae77aa a20de478c48a486d943fd4e93ede9fb6 7cf99ee505d147c2a3a06cfc059defd0 - - default default] 10.0.0.147 "POST /v2.0/security-group-rules HTTP/1.1" status: 201 len: 774 time: 0.1524820
2026-06-26 18:19:33.091 10 INFO neutron.db.securitygroups_db [None req-cc6ce9fa-5ee6-44f2-a631-c2f18a89d3fa a20de478c48a486d943fd4e93ede9fb6 7cf99ee505d147c2a3a06cfc059defd0 - - default default] Project 7cf99ee505d147c2a3a06cfc059defd0 added a security group rule with legacy IPv6 ICMP protocol name icmp, ipv6-icmp should be used instead. It was automatically converted.
2026-06-26 18:19:33.111 10 INFO neutron.db.ovn_revision_numbers_db [None req-10194286-4ba8-46d6-ab39-9393a45ed17f 5ecede29d0d2436dbbc4349f904ffa9b 528bc7e82df64cb3930b3b37e79f4a26 - - default default] Successfully bumped revision number for resource a233678d-1e74-4e2d-a52f-c61d4592ae6c (type: security_groups) to 1
2026-06-26 18:19:33.134 9 INFO neutron.db.ovn_revision_numbers_db [None req-2eb6e9db-6e57-4e1d-ad84-a7d1d22fb438 - - - - - -] Successfully bumped revision number for resource cf3c8706-089f-4e93-94d7-d3d2703d2dad (type: router_ports) to 2
2026-06-26 18:19:33.159 10 INFO neutron.db.ovn_revision_numbers_db [None req-10194286-4ba8-46d6-ab39-9393a45ed17f 5ecede29d0d2436dbbc4349f904ffa9b 528bc7e82df64cb3930b3b37e79f4a26 - - default default] Successfully bumped revision number for resource 8335077d-19fc-4fce-bbfb-89a77e915e64 (type: security_group_rules) to 0
2026-06-26 18:19:33.178 10 INFO neutron.db.ovn_revision_numbers_db [None req-10194286-4ba8-46d6-ab39-9393a45ed17f 5ecede29d0d2436dbbc4349f904ffa9b 528bc7e82df64cb3930b3b37e79f4a26 - - default default] Successfully bumped revision number for resource ab2d0ef3-8310-401c-afaf-456440d8a4b6 (type: security_group_rules) to 0
2026-06-26 18:19:33.203 10 INFO neutron.wsgi [None req-10194286-4ba8-46d6-ab39-9393a45ed17f 5ecede29d0d2436dbbc4349f904ffa9b 528bc7e82df64cb3930b3b37e79f4a26 - - default default] 10.0.0.147 "POST /v2.0/security-groups HTTP/1.1" status: 201 len: 1737 time: 0.2329450
2026-06-26 18:19:33.236 10 INFO neutron.db.ovn_revision_numbers_db [None req-cc6ce9fa-5ee6-44f2-a631-c2f18a89d3fa a20de478c48a486d943fd4e93ede9fb6 7cf99ee505d147c2a3a06cfc059defd0 - - default default] Successfully bumped revision number for resource 0349ed3d-49ca-43ab-a980-ba122cba3a8a (type: security_group_rules) to 0
2026-06-26 18:19:33.270 10 INFO neutron.wsgi [None req-cc6ce9fa-5ee6-44f2-a631-c2f18a89d3fa a20de478c48a486d943fd4e93ede9fb6 7cf99ee505d147c2a3a06cfc059defd0 - - default default] 10.0.0.147 "POST /v2.0/security-group-rules HTTP/1.1" status: 201 len: 773 time: 0.2041335
2026-06-26 18:19:33.337 10 INFO neutron.db.ovn_revision_numbers_db [None req-5c032387-7920-4526-8bcd-459dd514ee8c 5ecede29d0d2436dbbc4349f904ffa9b 528bc7e82df64cb3930b3b37e79f4a26 - - default default] Successfully bumped revision number for resource f1733400-9bcc-4e94-b6d8-a6a096bb478e (type: security_groups) to 1
2026-06-26 18:19:33.355 10 INFO neutron.wsgi [req-c316ef16-7001-4ddf-916f-3020acdd5d90 req-97e055d0-361f-4b64-9201-6df1aa942a7d 7f18e442a3e142b1bc3dce0c394196fe 2c7bb27b77d74bd99a9ac4c248712e0e - - default default] 10.0.0.50 "GET /v2.0/ports?device_id=395c70a0-c255-40f1-8b5a-fb7fb4dee0d0 HTTP/1.1" status: 200 len: 1170 time: 0.0366955
2026-06-26 18:19:33.356 10 INFO neutron.db.ovn_revision_numbers_db [None req-5c032387-7920-4526-8bcd-459dd514ee8c 5ecede29d0d2436dbbc4349f904ffa9b 528bc7e82df64cb3930b3b37e79f4a26 - - default default] Successfully bumped revision number for resource b00f9e11-3df1-497a-9e10-ce458b8bf0dc (type: security_group_rules) to 0
2026-06-26 18:19:33.372 10 INFO neutron.db.ovn_revision_numbers_db [None req-5c032387-7920-4526-8bcd-459dd514ee8c 5ecede29d0d2436dbbc4349f904ffa9b 528bc7e82df64cb3930b3b37e79f4a26 - - default default] Successfully bumped revision number for resource fe96f569-91a8-44cc-831b-bb6eae0b42b1 (type: security_group_rules) to 0
2026-06-26 18:19:33.396 10 INFO neutron.wsgi [None req-5c032387-7920-4526-8bcd-459dd514ee8c 5ecede29d0d2436dbbc4349f904ffa9b 528bc7e82df64cb3930b3b37e79f4a26 - - default default] 10.0.0.147 "POST /v2.0/security-groups HTTP/1.1" status: 201 len: 1737 time: 0.1857102
2026-06-26 18:19:33.403 10 INFO neutron.wsgi [req-c316ef16-7001-4ddf-916f-3020acdd5d90 req-78ed65d6-becf-472e-8f84-b45ed57638f3 7f18e442a3e142b1bc3dce0c394196fe 2c7bb27b77d74bd99a9ac4c248712e0e - - default default] 10.0.0.50 "GET /v2.0/security-groups?id=65c4ba0c-946f-4731-bad2-690919e09593&fields=id&fields=name HTTP/1.1" status: 200 len: 312 time: 0.0396001
2026-06-26 18:19:33.504 9 INFO neutron.db.ovn_revision_numbers_db [None req-c9992260-9540-4fad-be49-42748f2f6bb2 5ecede29d0d2436dbbc4349f904ffa9b 528bc7e82df64cb3930b3b37e79f4a26 - - default default] Successfully bumped revision number for resource 6d352d5f-e2ea-4844-8f83-adbe2bc8de0d (type: security_groups) to 1
2026-06-26 18:19:33.517 9 INFO neutron.db.ovn_revision_numbers_db [None req-c9992260-9540-4fad-be49-42748f2f6bb2 5ecede29d0d2436dbbc4349f904ffa9b 528bc7e82df64cb3930b3b37e79f4a26 - - default default] Successfully bumped revision number for resource 05e73f84-c1bd-4180-938c-2ef941ec273b (type: security_group_rules) to 0
2026-06-26 18:19:33.530 9 INFO neutron.db.ovn_revision_numbers_db [None req-c9992260-9540-4fad-be49-42748f2f6bb2 5ecede29d0d2436dbbc4349f904ffa9b 528bc7e82df64cb3930b3b37e79f4a26 - - default default] Successfully bumped revision number for resource 9c0e11ef-347b-44ca-8663-3f8994025c68 (type: security_group_rules) to 0
2026-06-26 18:19:33.543 10 INFO neutron.wsgi [req-a899a8e9-86e1-4809-9e49-94153c55857c req-c161dc68-7fda-466e-a754-257542a36388 7f18e442a3e142b1bc3dce0c394196fe 2c7bb27b77d74bd99a9ac4c248712e0e - - default default] 10.0.0.50 "GET /v2.0/ports?device_id=395c70a0-c255-40f1-8b5a-fb7fb4dee0d0 HTTP/1.1" status: 200 len: 1170 time: 0.0816050
