2026-06-26 18:20:36.545 10 INFO neutron.db.ovn_revision_numbers_db [None req-a978882d-5494-42a8-9187-95b32cbdc92b 605fd3cf3db54279a313bc616ccd7cf9 1bc9790d7bc2424d8a6869044ba32542 - - default default] Successfully bumped revision number for resource 70c144de-0e8f-46dd-9ddf-1d4f163b946d (type: security_group_rules) to 0
2026-06-26 18:20:36.559 10 INFO neutron.db.ovn_revision_numbers_db [None req-a978882d-5494-42a8-9187-95b32cbdc92b 605fd3cf3db54279a313bc616ccd7cf9 1bc9790d7bc2424d8a6869044ba32542 - - default default] Successfully bumped revision number for resource f420cf1b-38f2-494c-be83-ec3df4815783 (type: security_group_rules) to 0
2026-06-26 18:20:36.581 10 INFO neutron.wsgi [None req-a978882d-5494-42a8-9187-95b32cbdc92b 605fd3cf3db54279a313bc616ccd7cf9 1bc9790d7bc2424d8a6869044ba32542 - - default default] 10.0.0.147 "GET /v2.0/security-groups?tenant_id=f33d54c1688c40b3be1b24a11f5cef19&name=default HTTP/1.1" status: 200 len: 2996 time: 0.3235204
2026-06-26 18:20:36.797 10 INFO neutron.wsgi [None req-ef0e8cce-fc28-4106-b6e0-2d3571bf353d 605fd3cf3db54279a313bc616ccd7cf9 1bc9790d7bc2424d8a6869044ba32542 - - default default] 10.0.0.147 "DELETE /v2.0/security-groups/047f3ce8-0dff-4425-8219-f439b8d1fdd0 HTTP/1.1" status: 204 len: 168 time: 0.2109377
2026-06-26 18:20:37.082 10 INFO neutron.db.ovn_revision_numbers_db [None req-481453b2-f3fc-439c-9224-da00ca9281c6 605fd3cf3db54279a313bc616ccd7cf9 1bc9790d7bc2424d8a6869044ba32542 - - default default] Successfully bumped revision number for resource 92fb22b2-14be-45d5-a2bc-3de2c8c96f62 (type: security_groups) to 1
2026-06-26 18:20:37.097 10 INFO neutron.db.ovn_revision_numbers_db [None req-481453b2-f3fc-439c-9224-da00ca9281c6 605fd3cf3db54279a313bc616ccd7cf9 1bc9790d7bc2424d8a6869044ba32542 - - default default] Successfully bumped revision number for resource 394d8b8e-13fc-42d4-b914-ff6ea37510ac (type: security_group_rules) to 0
2026-06-26 18:20:37.124 10 INFO neutron.db.ovn_revision_numbers_db [None req-481453b2-f3fc-439c-9224-da00ca9281c6 605fd3cf3db54279a313bc616ccd7cf9 1bc9790d7bc2424d8a6869044ba32542 - - default default] Successfully bumped revision number for resource 6ecd509f-0fb9-4146-a2a1-f83c91f392fe (type: security_group_rules) to 0
2026-06-26 18:20:37.142 10 INFO neutron.db.ovn_revision_numbers_db [None req-481453b2-f3fc-439c-9224-da00ca9281c6 605fd3cf3db54279a313bc616ccd7cf9 1bc9790d7bc2424d8a6869044ba32542 - - default default] Successfully bumped revision number for resource 954bb614-1fb3-4304-852a-5d90a5ad7f1b (type: security_group_rules) to 0
2026-06-26 18:20:37.156 10 INFO neutron.db.ovn_revision_numbers_db [None req-481453b2-f3fc-439c-9224-da00ca9281c6 605fd3cf3db54279a313bc616ccd7cf9 1bc9790d7bc2424d8a6869044ba32542 - - default default] Successfully bumped revision number for resource c5a518b7-d0d6-4b5d-bf4d-79b30b15ea56 (type: security_group_rules) to 0
2026-06-26 18:20:37.202 10 INFO neutron.wsgi [None req-481453b2-f3fc-439c-9224-da00ca9281c6 605fd3cf3db54279a313bc616ccd7cf9 1bc9790d7bc2424d8a6869044ba32542 - - default default] 10.0.0.147 "GET /v2.0/security-groups?tenant_id=a5a14893977f4b1aac45ad5d37ce0367&name=default HTTP/1.1" status: 200 len: 2996 time: 0.2344170
2026-06-26 18:20:37.254 9 INFO neutron.db.ovn_revision_numbers_db [None req-fad1a6f5-0ff9-40ed-b014-5193ed3a06df c82cdca9798c4e279afcfdbe1ec646f3 9cc5ee2549ad431dace47183ba2b6525 - - default default] Successfully bumped revision number for resource d2532c47-49bf-4bc6-9d66-b2a6eed3e4b2 (type: ports) to 2
2026-06-26 18:20:37.294 9 INFO neutron.db.ovn_revision_numbers_db [None req-fad1a6f5-0ff9-40ed-b014-5193ed3a06df c82cdca9798c4e279afcfdbe1ec646f3 9cc5ee2549ad431dace47183ba2b6525 - - default default] Successfully bumped revision number for resource b3cc9d58-619c-4dae-aebe-1d89636163ac (type: subnets) to 0
2026-06-26 18:20:37.318 9 INFO neutron.wsgi [None req-fad1a6f5-0ff9-40ed-b014-5193ed3a06df c82cdca9798c4e279afcfdbe1ec646f3 9cc5ee2549ad431dace47183ba2b6525 - - default default] 10.0.0.147 "POST /v2.0/subnets HTTP/1.1" status: 201 len: 831 time: 1.0499811
2026-06-26 18:20:37.332 10 INFO neutron.db.ovn_revision_numbers_db [None req-5f5b6176-25a8-48df-a294-3fac881913ce 06a3645e69834a9d8b070415cc92c6d9 cedfe29dbca6426c84ace37cdd257a9a - - default default] Successfully bumped revision number for resource 29b12c3f-e75d-4536-a011-ec47c21f7635 (type: security_groups) to 1
2026-06-26 18:20:37.347 10 INFO neutron.db.ovn_revision_numbers_db [None req-5f5b6176-25a8-48df-a294-3fac881913ce 06a3645e69834a9d8b070415cc92c6d9 cedfe29dbca6426c84ace37cdd257a9a - - default default] Successfully bumped revision number for resource 59a7d40b-52c6-4231-a5ac-0e73fc2265a7 (type: security_group_rules) to 0
2026-06-26 18:20:37.363 10 INFO neutron.db.ovn_revision_numbers_db [None req-5f5b6176-25a8-48df-a294-3fac881913ce 06a3645e69834a9d8b070415cc92c6d9 cedfe29dbca6426c84ace37cdd257a9a - - default default] Successfully bumped revision number for resource 7cec1dc4-e051-4864-b04b-225304df8f4a (type: security_group_rules) to 0
2026-06-26 18:20:37.378 10 INFO neutron.db.ovn_revision_numbers_db [None req-5f5b6176-25a8-48df-a294-3fac881913ce 06a3645e69834a9d8b070415cc92c6d9 cedfe29dbca6426c84ace37cdd257a9a - - default default] Successfully bumped revision number for resource 8ad5df34-56fe-4a60-bf02-a45e63ac2dd3 (type: security_group_rules) to 0
2026-06-26 18:20:37.391 10 INFO neutron.db.ovn_revision_numbers_db [None req-5f5b6176-25a8-48df-a294-3fac881913ce 06a3645e69834a9d8b070415cc92c6d9 cedfe29dbca6426c84ace37cdd257a9a - - default default] Successfully bumped revision number for resource bf8b37fa-a50f-4f67-af2c-54eac6a19350 (type: security_group_rules) to 0
2026-06-26 18:20:37.440 10 INFO neutron.db.segments_db [None req-5f5b6176-25a8-48df-a294-3fac881913ce 06a3645e69834a9d8b070415cc92c6d9 cedfe29dbca6426c84ace37cdd257a9a - - default default] Added segment 609f74cb-b63d-464d-9884-04ea264c8466 of type geneve for network 193d06b9-c120-4215-9df3-3da49935ee55
2026-06-26 18:20:37.471 9 INFO neutron.wsgi [None req-d129d643-651d-4cbd-a05a-7a8f7dab17d4 605fd3cf3db54279a313bc616ccd7cf9 1bc9790d7bc2424d8a6869044ba32542 - - default default] 10.0.0.147 "DELETE /v2.0/security-groups/92fb22b2-14be-45d5-a2bc-3de2c8c96f62 HTTP/1.1" status: 204 len: 168 time: 0.2628000
2026-06-26 18:20:37.574 9 WARNING neutron.scheduler.dhcp_agent_scheduler [None req-4a6e880a-a1f3-433f-a4c5-c0984977d024 c82cdca9798c4e279afcfdbe1ec646f3 9cc5ee2549ad431dace47183ba2b6525 - - default default] No more DHCP agents
2026-06-26 18:20:37.577 9 WARNING neutron.api.rpc.agentnotifiers.dhcp_rpc_agent_api [None req-4a6e880a-a1f3-433f-a4c5-c0984977d024 c82cdca9798c4e279afcfdbe1ec646f3 9cc5ee2549ad431dace47183ba2b6525 - - default default] Unable to schedule network c501d496-b30e-4855-ac40-4e6b181de792: no agents available; will retry on subsequent port and subnet creation events.
2026-06-26 18:20:37.595 10 INFO neutron.db.ovn_revision_numbers_db [None req-5f5b6176-25a8-48df-a294-3fac881913ce 06a3645e69834a9d8b070415cc92c6d9 cedfe29dbca6426c84ace37cdd257a9a - - default default] Successfully bumped revision number for resource 193d06b9-c120-4215-9df3-3da49935ee55 (type: networks) to 1
2026-06-26 18:20:37.607 9 INFO neutron.db.ovn_revision_numbers_db [None req-4a6e880a-a1f3-433f-a4c5-c0984977d024 c82cdca9798c4e279afcfdbe1ec646f3 9cc5ee2549ad431dace47183ba2b6525 - - default default] Successfully bumped revision number for resource dd567655-9739-41f2-bfd0-81df1c005ae4 (type: subnets) to 0
2026-06-26 18:20:37.621 9 INFO neutron.wsgi [None req-4a6e880a-a1f3-433f-a4c5-c0984977d024 c82cdca9798c4e279afcfdbe1ec646f3 9cc5ee2549ad431dace47183ba2b6525 - - default default] 10.0.0.147 "POST /v2.0/subnets HTTP/1.1" status: 201 len: 901 time: 0.2965152
2026-06-26 18:20:37.700 9 INFO neutron.db.segments_db [None req-cc31c46f-d523-45c8-93b3-2a2671b47fac c82cdca9798c4e279afcfdbe1ec646f3 9cc5ee2549ad431dace47183ba2b6525 - - default default] Added segment 1bd0e662-1aab-43f7-a5e2-0e8346f6c6a5 of type geneve for network 95d18119-17fb-4207-b265-ba241afdb45a
2026-06-26 18:20:37.797 10 INFO neutron.db.ovn_revision_numbers_db [None req-452d6355-df5b-4875-aa3a-d32034262f0b 605fd3cf3db54279a313bc616ccd7cf9 1bc9790d7bc2424d8a6869044ba32542 - - default default] Successfully bumped revision number for resource 1e4686ef-2377-4f83-b00f-03c826573b81 (type: security_groups) to 1
2026-06-26 18:20:37.801 10 WARNING neutron.scheduler.dhcp_agent_scheduler [None req-5f5b6176-25a8-48df-a294-3fac881913ce 06a3645e69834a9d8b070415cc92c6d9 cedfe29dbca6426c84ace37cdd257a9a - - default default] No more DHCP agents
2026-06-26 18:20:37.806 10 WARNING neutron.api.rpc.agentnotifiers.dhcp_rpc_agent_api [None req-5f5b6176-25a8-48df-a294-3fac881913ce 06a3645e69834a9d8b070415cc92c6d9 cedfe29dbca6426c84ace37cdd257a9a - - default default] Unable to schedule network 193d06b9-c120-4215-9df3-3da49935ee55: no agents available; will retry on subsequent port and subnet creation events.
2026-06-26 18:20:37.825 10 INFO neutron.db.ovn_revision_numbers_db [None req-452d6355-df5b-4875-aa3a-d32034262f0b 605fd3cf3db54279a313bc616ccd7cf9 1bc9790d7bc2424d8a6869044ba32542 - - default default] Successfully bumped revision number for resource 034a62f9-6ff3-46d7-a21f-691d97e291ad (type: security_group_rules) to 0
2026-06-26 18:20:37.851 10 INFO neutron.db.ovn_revision_numbers_db [None req-452d6355-df5b-4875-aa3a-d32034262f0b 605fd3cf3db54279a313bc616ccd7cf9 1bc9790d7bc2424d8a6869044ba32542 - - default default] Successfully bumped revision number for resource 174eab56-cfe2-4172-a826-19afe805e984 (type: security_group_rules) to 0
2026-06-26 18:20:37.852 9 INFO neutron.db.ovn_revision_numbers_db [None req-cc31c46f-d523-45c8-93b3-2a2671b47fac c82cdca9798c4e279afcfdbe1ec646f3 9cc5ee2549ad431dace47183ba2b6525 - - default default] Successfully bumped revision number for resource 95d18119-17fb-4207-b265-ba241afdb45a (type: networks) to 1
2026-06-26 18:20:37.870 10 INFO neutron.db.ovn_revision_numbers_db [None req-452d6355-df5b-4875-aa3a-d32034262f0b 605fd3cf3db54279a313bc616ccd7cf9 1bc9790d7bc2424d8a6869044ba32542 - - default default] Successfully bumped revision number for resource 32afff07-8b34-4783-a1fb-cee3b6f58b9e (type: security_group_rules) to 0
2026-06-26 18:20:37.891 10 INFO neutron.db.ovn_revision_numbers_db [None req-452d6355-df5b-4875-aa3a-d32034262f0b 605fd3cf3db54279a313bc616ccd7cf9 1bc9790d7bc2424d8a6869044ba32542 - - default default] Successfully bumped revision number for resource 8fdaf1c4-eacc-414c-9fe8-d5b403bb9c44 (type: security_group_rules) to 0
2026-06-26 18:20:37.894 10 INFO neutron.db.ovn_revision_numbers_db [None req-5f5b6176-25a8-48df-a294-3fac881913ce 06a3645e69834a9d8b070415cc92c6d9 cedfe29dbca6426c84ace37cdd257a9a - - default default] Successfully bumped revision number for resource 1db4c62b-951d-4686-9b03-ff3af12cdd11 (type: ports) to 1
2026-06-26 18:20:37.913 10 INFO neutron.wsgi [None req-452d6355-df5b-4875-aa3a-d32034262f0b 605fd3cf3db54279a313bc616ccd7cf9 1bc9790d7bc2424d8a6869044ba32542 - - default default] 10.0.0.147 "GET /v2.0/security-groups?tenant_id=bbf8160fd45f42f9b5759d9fba47c86a&name=default HTTP/1.1" status: 200 len: 2996 time: 0.2854469
2026-06-26 18:20:37.925 10 INFO neutron.wsgi [None req-5f5b6176-25a8-48df-a294-3fac881913ce 06a3645e69834a9d8b070415cc92c6d9 cedfe29dbca6426c84ace37cdd257a9a - - default default] 10.0.0.147 "POST /v2.0/networks HTTP/1.1" status: 201 len: 833 time: 0.9462929
2026-06-26 18:20:38.019 10 INFO neutron.db.segments_db [None req-89692b77-8809-47ef-a1fc-7aa1349c7f40 06a3645e69834a9d8b070415cc92c6d9 cedfe29dbca6426c84ace37cdd257a9a - - default default] Added segment 74f7fe33-faae-4f9c-89da-fcea7349b500 of type geneve for network 03743331-073e-4a63-85ac-075f2d669dea
2026-06-26 18:20:38.045 9 WARNING neutron.scheduler.dhcp_agent_scheduler [None req-cc31c46f-d523-45c8-93b3-2a2671b47fac c82cdca9798c4e279afcfdbe1ec646f3 9cc5ee2549ad431dace47183ba2b6525 - - default default] No more DHCP agents
2026-06-26 18:20:38.047 9 WARNING neutron.api.rpc.agentnotifiers.dhcp_rpc_agent_api [None req-cc31c46f-d523-45c8-93b3-2a2671b47fac c82cdca9798c4e279afcfdbe1ec646f3 9cc5ee2549ad431dace47183ba2b6525 - - default default] Unable to schedule network 95d18119-17fb-4207-b265-ba241afdb45a: no agents available; will retry on subsequent port and subnet creation events.
2026-06-26 18:20:38.128 9 INFO neutron.db.ovn_revision_numbers_db [None req-cc31c46f-d523-45c8-93b3-2a2671b47fac c82cdca9798c4e279afcfdbe1ec646f3 9cc5ee2549ad431dace47183ba2b6525 - - default default] Successfully bumped revision number for resource 18ce3364-591b-45cc-bc04-e30f2b67043e (type: ports) to 1
2026-06-26 18:20:38.150 9 INFO neutron.wsgi [None req-cc31c46f-d523-45c8-93b3-2a2671b47fac c82cdca9798c4e279afcfdbe1ec646f3 9cc5ee2549ad431dace47183ba2b6525 - - default default] 10.0.0.147 "POST /v2.0/networks HTTP/1.1" status: 201 len: 837 time: 0.5245476
2026-06-26 18:20:38.159 10 INFO neutron.db.ovn_revision_numbers_db [None req-89692b77-8809-47ef-a1fc-7aa1349c7f40 06a3645e69834a9d8b070415cc92c6d9 cedfe29dbca6426c84ace37cdd257a9a - - default default] Successfully bumped revision number for resource 03743331-073e-4a63-85ac-075f2d669dea (type: networks) to 1
2026-06-26 18:20:38.173 10 INFO neutron.wsgi [None req-80c8ef23-5ad2-4b9b-bddb-b33cf4fcb21b 605fd3cf3db54279a313bc616ccd7cf9 1bc9790d7bc2424d8a6869044ba32542 - - default default] 10.0.0.147 "DELETE /v2.0/security-groups/1e4686ef-2377-4f83-b00f-03c826573b81 HTTP/1.1" status: 204 len: 168 time: 0.2551055
2026-06-26 18:20:38.346 10 WARNING neutron.scheduler.dhcp_agent_scheduler [None req-89692b77-8809-47ef-a1fc-7aa1349c7f40 06a3645e69834a9d8b070415cc92c6d9 cedfe29dbca6426c84ace37cdd257a9a - - default default] No more DHCP agents
2026-06-26 18:20:38.350 10 WARNING neutron.api.rpc.agentnotifiers.dhcp_rpc_agent_api [None req-89692b77-8809-47ef-a1fc-7aa1349c7f40 06a3645e69834a9d8b070415cc92c6d9 cedfe29dbca6426c84ace37cdd257a9a - - default default] Unable to schedule network 03743331-073e-4a63-85ac-075f2d669dea: no agents available; will retry on subsequent port and subnet creation events.
2026-06-26 18:20:38.420 9 WARNING neutron.scheduler.dhcp_agent_scheduler [None req-6201f6a3-a4ae-467a-a03f-75c35a2259e2 c82cdca9798c4e279afcfdbe1ec646f3 9cc5ee2549ad431dace47183ba2b6525 - - default default] No more DHCP agents
2026-06-26 18:20:38.421 9 WARNING neutron.api.rpc.agentnotifiers.dhcp_rpc_agent_api [None req-6201f6a3-a4ae-467a-a03f-75c35a2259e2 c82cdca9798c4e279afcfdbe1ec646f3 9cc5ee2549ad431dace47183ba2b6525 - - default default] Unable to schedule network 95d18119-17fb-4207-b265-ba241afdb45a: no agents available; will retry on subsequent port and subnet creation events.
2026-06-26 18:20:38.433 10 INFO neutron.db.ovn_revision_numbers_db [None req-89692b77-8809-47ef-a1fc-7aa1349c7f40 06a3645e69834a9d8b070415cc92c6d9 cedfe29dbca6426c84ace37cdd257a9a - - default default] Successfully bumped revision number for resource 5209e684-4418-471b-a5d3-618e9c6159ad (type: ports) to 1
2026-06-26 18:20:38.455 10 INFO neutron.wsgi [None req-89692b77-8809-47ef-a1fc-7aa1349c7f40 06a3645e69834a9d8b070415cc92c6d9 cedfe29dbca6426c84ace37cdd257a9a - - default default] 10.0.0.147 "POST /v2.0/networks HTTP/1.1" status: 201 len: 833 time: 0.5242436
2026-06-26 18:20:38.696 10 WARNING neutron.scheduler.dhcp_agent_scheduler [None req-8660842b-9542-4c79-bcff-dcdd184fbdc4 06a3645e69834a9d8b070415cc92c6d9 cedfe29dbca6426c84ace37cdd257a9a - - default default] No more DHCP agents
2026-06-26 18:20:38.698 10 WARNING neutron.api.rpc.agentnotifiers.dhcp_rpc_agent_api [None req-8660842b-9542-4c79-bcff-dcdd184fbdc4 06a3645e69834a9d8b070415cc92c6d9 cedfe29dbca6426c84ace37cdd257a9a - - default default] Unable to schedule network 193d06b9-c120-4215-9df3-3da49935ee55: no agents available; will retry on subsequent port and subnet creation events.
2026-06-26 18:20:38.736 10 INFO neutron.db.ovn_revision_numbers_db [None req-8660842b-9542-4c79-bcff-dcdd184fbdc4 06a3645e69834a9d8b070415cc92c6d9 cedfe29dbca6426c84ace37cdd257a9a - - default default] Successfully bumped revision number for resource 24d9945a-3d43-49f1-9bbe-21170b42c081 (type: subnets) to 0
2026-06-26 18:20:38.754 10 INFO neutron.wsgi [None req-8660842b-9542-4c79-bcff-dcdd184fbdc4 06a3645e69834a9d8b070415cc92c6d9 cedfe29dbca6426c84ace37cdd257a9a - - default default] 10.0.0.147 "POST /v2.0/subnets HTTP/1.1" status: 201 len: 821 time: 0.2926347
2026-06-26 18:20:38.890 9 INFO neutron.db.ovn_revision_numbers_db [None req-6201f6a3-a4ae-467a-a03f-75c35a2259e2 c82cdca9798c4e279afcfdbe1ec646f3 9cc5ee2549ad431dace47183ba2b6525 - - default default] Successfully bumped revision number for resource 18ce3364-591b-45cc-bc04-e30f2b67043e (type: ports) to 2
2026-06-26 18:20:38.920 9 INFO neutron.db.ovn_revision_numbers_db [None req-6201f6a3-a4ae-467a-a03f-75c35a2259e2 c82cdca9798c4e279afcfdbe1ec646f3 9cc5ee2549ad431dace47183ba2b6525 - - default default] Successfully bumped revision number for resource b256122e-49bc-409c-9236-d0c3a84e0004 (type: subnets) to 0
2026-06-26 18:20:38.936 9 INFO neutron.wsgi [None req-6201f6a3-a4ae-467a-a03f-75c35a2259e2 c82cdca9798c4e279afcfdbe1ec646f3 9cc5ee2549ad431dace47183ba2b6525 - - default default] 10.0.0.147 "POST /v2.0/subnets HTTP/1.1" status: 201 len: 831 time: 0.7809453
2026-06-26 18:20:39.017 10 WARNING neutron.scheduler.dhcp_agent_scheduler [None req-aa0b37d9-4bed-4b56-8735-8abc0fae0e1b 06a3645e69834a9d8b070415cc92c6d9 cedfe29dbca6426c84ace37cdd257a9a - - default default] No more DHCP agents
2026-06-26 18:20:39.023 10 WARNING neutron.api.rpc.agentnotifiers.dhcp_rpc_agent_api [None req-aa0b37d9-4bed-4b56-8735-8abc0fae0e1b 06a3645e69834a9d8b070415cc92c6d9 cedfe29dbca6426c84ace37cdd257a9a - - default default] Unable to schedule network 03743331-073e-4a63-85ac-075f2d669dea: no agents available; will retry on subsequent port and subnet creation events.
2026-06-26 18:20:39.055 10 INFO neutron.db.ovn_revision_numbers_db [None req-aa0b37d9-4bed-4b56-8735-8abc0fae0e1b 06a3645e69834a9d8b070415cc92c6d9 cedfe29dbca6426c84ace37cdd257a9a - - default default] Successfully bumped revision number for resource 25fe4fd6-0331-4b60-a9d6-a730cf1ff425 (type: subnets) to 0
2026-06-26 18:20:39.070 10 INFO neutron.wsgi [None req-aa0b37d9-4bed-4b56-8735-8abc0fae0e1b 06a3645e69834a9d8b070415cc92c6d9 cedfe29dbca6426c84ace37cdd257a9a - - default default] 10.0.0.147 "POST /v2.0/subnets HTTP/1.1" status: 201 len: 830 time: 0.3120565
2026-06-26 18:20:39.199 9 WARNING neutron.scheduler.dhcp_agent_scheduler [None req-2951a609-ef60-4625-9818-0bf9938b100f c82cdca9798c4e279afcfdbe1ec646f3 9cc5ee2549ad431dace47183ba2b6525 - - default default] No more DHCP agents
2026-06-26 18:20:39.203 9 WARNING neutron.api.rpc.agentnotifiers.dhcp_rpc_agent_api [None req-2951a609-ef60-4625-9818-0bf9938b100f c82cdca9798c4e279afcfdbe1ec646f3 9cc5ee2549ad431dace47183ba2b6525 - - default default] Unable to schedule network 95d18119-17fb-4207-b265-ba241afdb45a: no agents available; will retry on subsequent port and subnet creation events.
2026-06-26 18:20:39.226 10 INFO neutron.db.ovn_revision_numbers_db [None req-9b41c4a0-bc3a-4baf-bcd7-ad36778d243b 06a3645e69834a9d8b070415cc92c6d9 cedfe29dbca6426c84ace37cdd257a9a - - default default] Successfully bumped revision number for resource ba5ee6b6-3d4c-41ac-9853-de365740b4b4 (type: routers) to 1
2026-06-26 18:20:39.230 9 INFO neutron.db.ovn_revision_numbers_db [None req-2951a609-ef60-4625-9818-0bf9938b100f c82cdca9798c4e279afcfdbe1ec646f3 9cc5ee2549ad431dace47183ba2b6525 - - default default] Successfully bumped revision number for resource 68c68051-db18-48c8-a61a-6702712cd43b (type: subnets) to 0
2026-06-26 18:20:39.247 10 INFO neutron.wsgi [None req-9b41c4a0-bc3a-4baf-bcd7-ad36778d243b 06a3645e69834a9d8b070415cc92c6d9 cedfe29dbca6426c84ace37cdd257a9a - - default default] 10.0.0.147 "POST /v2.0/routers HTTP/1.1" status: 201 len: 690 time: 0.1712241
2026-06-26 18:20:39.248 9 INFO neutron.wsgi [None req-2951a609-ef60-4625-9818-0bf9938b100f c82cdca9798c4e279afcfdbe1ec646f3 9cc5ee2549ad431dace47183ba2b6525 - - default default] 10.0.0.147 "POST /v2.0/subnets HTTP/1.1" status: 201 len: 904 time: 0.3073244
2026-06-26 18:20:39.666 10 WARNING neutron.scheduler.dhcp_agent_scheduler [None req-4c5ec4db-79ff-4dd8-9db9-9b8d06584e5b 06a3645e69834a9d8b070415cc92c6d9 cedfe29dbca6426c84ace37cdd257a9a - - default default] No more DHCP agents
2026-06-26 18:20:39.667 10 WARNING neutron.api.rpc.agentnotifiers.dhcp_rpc_agent_api [None req-4c5ec4db-79ff-4dd8-9db9-9b8d06584e5b 06a3645e69834a9d8b070415cc92c6d9 cedfe29dbca6426c84ace37cdd257a9a - - default default] Unable to schedule network 193d06b9-c120-4215-9df3-3da49935ee55: no agents available; will retry on subsequent port and subnet creation events.
2026-06-26 18:20:39.771 9 WARNING neutron.scheduler.dhcp_agent_scheduler [None req-28424289-aad0-42e5-b552-609b176683e6 c82cdca9798c4e279afcfdbe1ec646f3 9cc5ee2549ad431dace47183ba2b6525 - - default default] No more DHCP agents
2026-06-26 18:20:39.777 9 WARNING neutron.api.rpc.agentnotifiers.dhcp_rpc_agent_api [None req-28424289-aad0-42e5-b552-609b176683e6 c82cdca9798c4e279afcfdbe1ec646f3 9cc5ee2549ad431dace47183ba2b6525 - - default default] Unable to schedule network 4c3b357f-c15b-4c90-b114-ef4997377957: no agents available; will retry on subsequent port and subnet creation events.
2026-06-26 18:20:39.903 9 INFO neutron.db.ovn_revision_numbers_db [None req-28424289-aad0-42e5-b552-609b176683e6 c82cdca9798c4e279afcfdbe1ec646f3 9cc5ee2549ad431dace47183ba2b6525 - - default default] Successfully bumped revision number for resource 5b040c23-cc62-4c2a-ab5f-1259431443f5 (type: ports) to 1
2026-06-26 18:20:40.057 10 INFO neutron.db.ovn_revision_numbers_db [None req-4c5ec4db-79ff-4dd8-9db9-9b8d06584e5b 06a3645e69834a9d8b070415cc92c6d9 cedfe29dbca6426c84ace37cdd257a9a - - default default] Successfully bumped revision number for resource 45304c2e-746f-4ced-a386-24422a5ded20 (type: ports) to 1
2026-06-26 18:20:40.394 10 INFO neutron.plugins.ml2.drivers.ovn.mech_driver.mech_driver [None req-d53b8ebe-a5c5-43c5-bd13-726443e5fbca - - - - - -] OVN reports status up for port: 5b040c23-cc62-4c2a-ab5f-1259431443f5
2026-06-26 18:20:40.406 9 INFO neutron.plugins.ml2.drivers.ovn.mech_driver.ovsdb.ovsdb_monitor [None req-05c66473-3784-4c25-b4a2-b675ef398f51 - - - - - -] Router 6aa7a75d-61dc-454d-933a-f9985c82cc87 is bound to host instance
2026-06-26 18:20:40.410 10 INFO neutron.plugins.ml2.plugin [None req-d53b8ebe-a5c5-43c5-bd13-726443e5fbca - - - - - -] Attempt 1 to provision port 5b040c23-cc62-4c2a-ab5f-1259431443f5
2026-06-26 18:20:40.430 9 INFO neutron.plugins.ml2.drivers.ovn.mech_driver.mech_driver [None req-2eb6e9db-6e57-4e1d-ad84-a7d1d22fb438 - - - - - -] OVN reports status up for port: 45304c2e-746f-4ced-a386-24422a5ded20
2026-06-26 18:20:40.435 9 INFO neutron.db.ovn_revision_numbers_db [None req-28424289-aad0-42e5-b552-609b176683e6 c82cdca9798c4e279afcfdbe1ec646f3 9cc5ee2549ad431dace47183ba2b6525 - - default default] Successfully bumped revision number for resource 5b040c23-cc62-4c2a-ab5f-1259431443f5 (type: router_ports) to 1
2026-06-26 18:20:40.454 9 INFO neutron.plugins.ml2.plugin [None req-2eb6e9db-6e57-4e1d-ad84-a7d1d22fb438 - - - - - -] Attempt 1 to provision port 45304c2e-746f-4ced-a386-24422a5ded20
2026-06-26 18:20:40.467 10 INFO neutron.db.ovn_revision_numbers_db [None req-4c5ec4db-79ff-4dd8-9db9-9b8d06584e5b 06a3645e69834a9d8b070415cc92c6d9 cedfe29dbca6426c84ace37cdd257a9a - - default default] Successfully bumped revision number for resource 45304c2e-746f-4ced-a386-24422a5ded20 (type: router_ports) to 1
2026-06-26 18:20:40.567 9 INFO neutron.db.ovn_revision_numbers_db [None req-28424289-aad0-42e5-b552-609b176683e6 c82cdca9798c4e279afcfdbe1ec646f3 9cc5ee2549ad431dace47183ba2b6525 - - default default] Successfully bumped revision number for resource 6aa7a75d-61dc-454d-933a-f9985c82cc87 (type: routers) to 2
2026-06-26 18:20:40.577 10 INFO neutron.db.ovn_revision_numbers_db [None req-4c5ec4db-79ff-4dd8-9db9-9b8d06584e5b 06a3645e69834a9d8b070415cc92c6d9 cedfe29dbca6426c84ace37cdd257a9a - - default default] Successfully bumped revision number for resource 45304c2e-746f-4ced-a386-24422a5ded20 (type: ports) to 1
2026-06-26 18:20:40.605 9 INFO neutron.wsgi [None req-28424289-aad0-42e5-b552-609b176683e6 c82cdca9798c4e279afcfdbe1ec646f3 9cc5ee2549ad431dace47183ba2b6525 - - default default] 10.0.0.147 "POST /v2.0/routers HTTP/1.1" status: 201 len: 864 time: 1.3501122
2026-06-26 18:20:40.691 10 WARNING neutron.scheduler.dhcp_agent_scheduler [None req-4c5ec4db-79ff-4dd8-9db9-9b8d06584e5b 06a3645e69834a9d8b070415cc92c6d9 cedfe29dbca6426c84ace37cdd257a9a - - default default] No more DHCP agents
2026-06-26 18:20:40.694 10 WARNING neutron.api.rpc.agentnotifiers.dhcp_rpc_agent_api [None req-4c5ec4db-79ff-4dd8-9db9-9b8d06584e5b 06a3645e69834a9d8b070415cc92c6d9 cedfe29dbca6426c84ace37cdd257a9a - - default default] Unable to schedule network 193d06b9-c120-4215-9df3-3da49935ee55: no agents available; will retry on subsequent port and subnet creation events.
2026-06-26 18:20:40.930 10 INFO neutron.db.ovn_revision_numbers_db [None req-4c5ec4db-79ff-4dd8-9db9-9b8d06584e5b 06a3645e69834a9d8b070415cc92c6d9 cedfe29dbca6426c84ace37cdd257a9a - - default default] Successfully bumped revision number for resource 45304c2e-746f-4ced-a386-24422a5ded20 (type: router_ports) to 2
2026-06-26 18:20:40.932 10 INFO neutron.wsgi [None req-4c5ec4db-79ff-4dd8-9db9-9b8d06584e5b 06a3645e69834a9d8b070415cc92c6d9 cedfe29dbca6426c84ace37cdd257a9a - - default default] 10.0.0.147 "PUT /v2.0/routers/ba5ee6b6-3d4c-41ac-9853-de365740b4b4/add_router_interface HTTP/1.1" status: 200 len: 503 time: 1.6788945
2026-06-26 18:20:40.999 10 INFO neutron.wsgi [None req-5781a1d9-6705-4880-828a-b5c127532bf7 06a3645e69834a9d8b070415cc92c6d9 cedfe29dbca6426c84ace37cdd257a9a - - default default] 10.0.0.147 "GET /v2.0/ports/45304c2e-746f-4ced-a386-24422a5ded20 HTTP/1.1" status: 200 len: 1141 time: 0.0551569
2026-06-26 18:20:41.137 9 INFO neutron.db.ovn_revision_numbers_db [None req-2eb6e9db-6e57-4e1d-ad84-a7d1d22fb438 - - - - - -] Successfully bumped revision number for resource 45304c2e-746f-4ced-a386-24422a5ded20 (type: ports) to 2
2026-06-26 18:20:41.285 9 INFO neutron.db.ovn_revision_numbers_db [None req-2eb6e9db-6e57-4e1d-ad84-a7d1d22fb438 - - - - - -] Successfully bumped revision number for resource 45304c2e-746f-4ced-a386-24422a5ded20 (type: router_ports) to 2
2026-06-26 18:20:41.336 9 INFO neutron.db.ovn_revision_numbers_db [None req-05c66473-3784-4c25-b4a2-b675ef398f51 - - - - - -] Successfully bumped revision number for resource 5b040c23-cc62-4c2a-ab5f-1259431443f5 (type: ports) to 1
2026-06-26 18:20:41.420 10 WARNING neutron.scheduler.dhcp_agent_scheduler [None req-ab07e4b2-dfd7-4947-aa37-cebbf8a549da c82cdca9798c4e279afcfdbe1ec646f3 9cc5ee2549ad431dace47183ba2b6525 - - default default] No more DHCP agents
2026-06-26 18:20:41.421 10 WARNING neutron.api.rpc.agentnotifiers.dhcp_rpc_agent_api [None req-ab07e4b2-dfd7-4947-aa37-cebbf8a549da c82cdca9798c4e279afcfdbe1ec646f3 9cc5ee2549ad431dace47183ba2b6525 - - default default] Unable to schedule network 25ee3f8f-66b2-4207-8735-4cffd15e2819: no agents available; will retry on subsequent port and subnet creation events.
2026-06-26 18:20:41.579 9 INFO neutron.db.ovn_revision_numbers_db [None req-05c66473-3784-4c25-b4a2-b675ef398f51 - - - - - -] Successfully bumped revision number for resource 5b040c23-cc62-4c2a-ab5f-1259431443f5 (type: router_ports) to 3
2026-06-26 18:20:41.673 10 INFO neutron.db.ovn_revision_numbers_db [None req-ab07e4b2-dfd7-4947-aa37-cebbf8a549da c82cdca9798c4e279afcfdbe1ec646f3 9cc5ee2549ad431dace47183ba2b6525 - - default default] Successfully bumped revision number for resource ce1eb63a-3b3f-4581-853b-a863334c78da (type: ports) to 1
2026-06-26 18:20:41.720 10 WARNING neutron.scheduler.dhcp_agent_scheduler [None req-e9185645-2beb-44d9-8557-dcd7e55f5404 06a3645e69834a9d8b070415cc92c6d9 cedfe29dbca6426c84ace37cdd257a9a - - default default] No more DHCP agents
2026-06-26 18:20:41.725 10 WARNING neutron.api.rpc.agentnotifiers.dhcp_rpc_agent_api [None req-e9185645-2beb-44d9-8557-dcd7e55f5404 06a3645e69834a9d8b070415cc92c6d9 cedfe29dbca6426c84ace37cdd257a9a - - default default] Unable to schedule network 03743331-073e-4a63-85ac-075f2d669dea: no agents available; will retry on subsequent port and subnet creation events.
2026-06-26 18:20:41.779 9 INFO neutron.db.ovn_revision_numbers_db [None req-05c66473-3784-4c25-b4a2-b675ef398f51 - - - - - -] Successfully bumped revision number for resource 5b040c23-cc62-4c2a-ab5f-1259431443f5 (type: ports) to 2
2026-06-26 18:20:41.903 10 INFO neutron.db.ovn_revision_numbers_db [None req-e9185645-2beb-44d9-8557-dcd7e55f5404 06a3645e69834a9d8b070415cc92c6d9 cedfe29dbca6426c84ace37cdd257a9a - - default default] Successfully bumped revision number for resource dc8dc99b-478b-4bac-9f85-be1e28868ffd (type: ports) to 1
2026-06-26 18:20:42.050 9 INFO neutron.db.ovn_revision_numbers_db [None req-05c66473-3784-4c25-b4a2-b675ef398f51 - - - - - -] Successfully bumped revision number for resource 5b040c23-cc62-4c2a-ab5f-1259431443f5 (type: ports) to 4
2026-06-26 18:20:42.303 9 INFO neutron.db.ovn_revision_numbers_db [None req-05c66473-3784-4c25-b4a2-b675ef398f51 - - - - - -] Successfully bumped revision number for resource 5b040c23-cc62-4c2a-ab5f-1259431443f5 (type: router_ports) to 4
2026-06-26 18:20:42.668 10 INFO neutron.db.ovn_revision_numbers_db [None req-ab07e4b2-dfd7-4947-aa37-cebbf8a549da c82cdca9798c4e279afcfdbe1ec646f3 9cc5ee2549ad431dace47183ba2b6525 - - default default] Successfully bumped revision number for resource ce1eb63a-3b3f-4581-853b-a863334c78da (type: router_ports) to 1
2026-06-26 18:20:42.790 9 INFO neutron.db.ovn_revision_numbers_db [None req-303dc154-329d-46f4-85d6-a4675851d448 ca717683b88f49bcb7bc30793b9c3b5a ca21d8d06a7b4db78e1ece6bdd2191a7 - - default default] Successfully bumped revision number for resource 2b9cf4dc-5ba8-4c2c-8637-c30776abadaa (type: security_groups) to 1
2026-06-26 18:20:42.808 9 INFO neutron.db.ovn_revision_numbers_db [None req-303dc154-329d-46f4-85d6-a4675851d448 ca717683b88f49bcb7bc30793b9c3b5a ca21d8d06a7b4db78e1ece6bdd2191a7 - - default default] Successfully bumped revision number for resource 680275f2-9cde-4345-b33f-c3a4ea20d4f8 (type: security_group_rules) to 0
2026-06-26 18:20:42.822 9 INFO neutron.db.ovn_revision_numbers_db [None req-303dc154-329d-46f4-85d6-a4675851d448 ca717683b88f49bcb7bc30793b9c3b5a ca21d8d06a7b4db78e1ece6bdd2191a7 - - default default] Successfully bumped revision number for resource 714ef791-0ae8-4ffe-8c2c-c07c56e1bcad (type: security_group_rules) to 0
2026-06-26 18:20:42.827 10 INFO neutron.db.ovn_revision_numbers_db [None req-e9185645-2beb-44d9-8557-dcd7e55f5404 06a3645e69834a9d8b070415cc92c6d9 cedfe29dbca6426c84ace37cdd257a9a - - default default] Successfully bumped revision number for resource dc8dc99b-478b-4bac-9f85-be1e28868ffd (type: router_ports) to 1
2026-06-26 18:20:42.838 9 INFO neutron.db.ovn_revision_numbers_db [None req-303dc154-329d-46f4-85d6-a4675851d448 ca717683b88f49bcb7bc30793b9c3b5a ca21d8d06a7b4db78e1ece6bdd2191a7 - - default default] Successfully bumped revision number for resource 9ed649d6-b881-4c94-b1c9-aa67ee4614a0 (type: security_group_rules) to 0
2026-06-26 18:20:42.844 10 INFO neutron.plugins.ml2.drivers.ovn.mech_driver.mech_driver [None req-d53b8ebe-a5c5-43c5-bd13-726443e5fbca - - - - - -] OVN reports status up for port: ce1eb63a-3b3f-4581-853b-a863334c78da
2026-06-26 18:20:42.855 9 INFO neutron.db.ovn_revision_numbers_db [None req-303dc154-329d-46f4-85d6-a4675851d448 ca717683b88f49bcb7bc30793b9c3b5a ca21d8d06a7b4db78e1ece6bdd2191a7 - - default default] Successfully bumped revision number for resource 9f0933f9-7b05-4d3c-a7eb-f15cc0c96374 (type: security_group_rules) to 0
2026-06-26 18:20:42.867 10 INFO neutron.plugins.ml2.plugin [None req-d53b8ebe-a5c5-43c5-bd13-726443e5fbca - - - - - -] Attempt 1 to provision port ce1eb63a-3b3f-4581-853b-a863334c78da
2026-06-26 18:20:42.907 9 INFO neutron.db.segments_db [None req-303dc154-329d-46f4-85d6-a4675851d448 ca717683b88f49bcb7bc30793b9c3b5a ca21d8d06a7b4db78e1ece6bdd2191a7 - - default default] Added segment 90dc888c-9e42-4554-8f89-a37d2ed4f554 of type geneve for network 6b31202d-beb9-4a56-9133-9c5e9fc859b9
2026-06-26 18:20:42.964 10 INFO neutron.db.ovn_revision_numbers_db [None req-ab07e4b2-dfd7-4947-aa37-cebbf8a549da c82cdca9798c4e279afcfdbe1ec646f3 9cc5ee2549ad431dace47183ba2b6525 - - default default] Successfully bumped revision number for resource ce1eb63a-3b3f-4581-853b-a863334c78da (type: ports) to 1
2026-06-26 18:20:42.989 10 INFO neutron.db.ovn_revision_numbers_db [None req-e9185645-2beb-44d9-8557-dcd7e55f5404 06a3645e69834a9d8b070415cc92c6d9 cedfe29dbca6426c84ace37cdd257a9a - - default default] Successfully bumped revision number for resource dc8dc99b-478b-4bac-9f85-be1e28868ffd (type: ports) to 1
2026-06-26 18:20:43.051 9 INFO neutron.db.ovn_revision_numbers_db [None req-303dc154-329d-46f4-85d6-a4675851d448 ca717683b88f49bcb7bc30793b9c3b5a ca21d8d06a7b4db78e1ece6bdd2191a7 - - default default] Successfully bumped revision number for resource 6b31202d-beb9-4a56-9133-9c5e9fc859b9 (type: networks) to 1
2026-06-26 18:20:43.087 10 WARNING neutron.scheduler.dhcp_agent_scheduler [None req-ab07e4b2-dfd7-4947-aa37-cebbf8a549da c82cdca9798c4e279afcfdbe1ec646f3 9cc5ee2549ad431dace47183ba2b6525 - - default default] No more DHCP agents
2026-06-26 18:20:43.088 10 WARNING neutron.api.rpc.agentnotifiers.dhcp_rpc_agent_api [None req-ab07e4b2-dfd7-4947-aa37-cebbf8a549da c82cdca9798c4e279afcfdbe1ec646f3 9cc5ee2549ad431dace47183ba2b6525 - - default default] Unable to schedule network 25ee3f8f-66b2-4207-8735-4cffd15e2819: no agents available; will retry on subsequent port and subnet creation events.
2026-06-26 18:20:43.120 10 WARNING neutron.scheduler.dhcp_agent_scheduler [None req-e9185645-2beb-44d9-8557-dcd7e55f5404 06a3645e69834a9d8b070415cc92c6d9 cedfe29dbca6426c84ace37cdd257a9a - - default default] No more DHCP agents
2026-06-26 18:20:43.123 10 WARNING neutron.api.rpc.agentnotifiers.dhcp_rpc_agent_api [None req-e9185645-2beb-44d9-8557-dcd7e55f5404 06a3645e69834a9d8b070415cc92c6d9 cedfe29dbca6426c84ace37cdd257a9a - - default default] Unable to schedule network 03743331-073e-4a63-85ac-075f2d669dea: no agents available; will retry on subsequent port and subnet creation events.
2026-06-26 18:20:43.217 9 WARNING neutron.scheduler.dhcp_agent_scheduler [None req-303dc154-329d-46f4-85d6-a4675851d448 ca717683b88f49bcb7bc30793b9c3b5a ca21d8d06a7b4db78e1ece6bdd2191a7 - - default default] No more DHCP agents
2026-06-26 18:20:43.219 9 WARNING neutron.api.rpc.agentnotifiers.dhcp_rpc_agent_api [None req-303dc154-329d-46f4-85d6-a4675851d448 ca717683b88f49bcb7bc30793b9c3b5a ca21d8d06a7b4db78e1ece6bdd2191a7 - - default default] Unable to schedule network 6b31202d-beb9-4a56-9133-9c5e9fc859b9: no agents available; will retry on subsequent port and subnet creation events.
2026-06-26 18:20:43.311 9 INFO neutron.db.ovn_revision_numbers_db [None req-303dc154-329d-46f4-85d6-a4675851d448 ca717683b88f49bcb7bc30793b9c3b5a ca21d8d06a7b4db78e1ece6bdd2191a7 - - default default] Successfully bumped revision number for resource 72a99da3-d2ba-4591-8fa7-bde61906061d (type: ports) to 1
2026-06-26 18:20:43.331 9 INFO neutron.wsgi [None req-303dc154-329d-46f4-85d6-a4675851d448 ca717683b88f49bcb7bc30793b9c3b5a ca21d8d06a7b4db78e1ece6bdd2191a7 - - default default] 10.0.0.147 "POST /v2.0/networks HTTP/1.1" status: 201 len: 830 time: 0.8150377
2026-06-26 18:20:43.375 10 INFO neutron.db.ovn_revision_numbers_db [None req-d53b8ebe-a5c5-43c5-bd13-726443e5fbca - - - - - -] Successfully bumped revision number for resource ce1eb63a-3b3f-4581-853b-a863334c78da (type: ports) to 2
2026-06-26 18:20:43.408 9 INFO neutron.db.segments_db [None req-948bd73f-0f98-4ed9-90cd-73c68b5bca7d ca717683b88f49bcb7bc30793b9c3b5a ca21d8d06a7b4db78e1ece6bdd2191a7 - - default default] Added segment e6dc462f-21f7-4fd2-a8af-6fbcad3afe0d of type geneve for network 54626333-2f64-44ff-91b2-468c6d5ad674
2026-06-26 18:20:43.470 10 INFO neutron.db.ovn_revision_numbers_db [None req-e9185645-2beb-44d9-8557-dcd7e55f5404 06a3645e69834a9d8b070415cc92c6d9 cedfe29dbca6426c84ace37cdd257a9a - - default default] Successfully bumped revision number for resource dc8dc99b-478b-4bac-9f85-be1e28868ffd (type: router_ports) to 1
2026-06-26 18:20:43.472 10 INFO neutron.wsgi [None req-e9185645-2beb-44d9-8557-dcd7e55f5404 06a3645e69834a9d8b070415cc92c6d9 cedfe29dbca6426c84ace37cdd257a9a - - default default] 10.0.0.147 "PUT /v2.0/routers/ba5ee6b6-3d4c-41ac-9853-de365740b4b4/add_router_interface HTTP/1.1" status: 200 len: 503 time: 2.4682441
2026-06-26 18:20:43.545 10 INFO neutron.db.ovn_revision_numbers_db [None req-d53b8ebe-a5c5-43c5-bd13-726443e5fbca - - - - - -] Successfully bumped revision number for resource ce1eb63a-3b3f-4581-853b-a863334c78da (type: router_ports) to 2
2026-06-26 18:20:43.586 10 INFO neutron.db.ovn_revision_numbers_db [None req-ab07e4b2-dfd7-4947-aa37-cebbf8a549da c82cdca9798c4e279afcfdbe1ec646f3 9cc5ee2549ad431dace47183ba2b6525 - - default default] Successfully bumped revision number for resource ce1eb63a-3b3f-4581-853b-a863334c78da (type: router_ports) to 2
2026-06-26 18:20:43.588 10 INFO neutron.wsgi [None req-ab07e4b2-dfd7-4947-aa37-cebbf8a549da c82cdca9798c4e279afcfdbe1ec646f3 9cc5ee2549ad431dace47183ba2b6525 - - default default] 10.0.0.147 "PUT /v2.0/routers/6aa7a75d-61dc-454d-933a-f9985c82cc87/add_router_interface HTTP/1.1" status: 200 len: 503 time: 2.9763963
2026-06-26 18:20:43.590 9 INFO neutron.db.ovn_revision_numbers_db [None req-948bd73f-0f98-4ed9-90cd-73c68b5bca7d ca717683b88f49bcb7bc30793b9c3b5a ca21d8d06a7b4db78e1ece6bdd2191a7 - - default default] Successfully bumped revision number for resource 54626333-2f64-44ff-91b2-468c6d5ad674 (type: networks) to 1
2026-06-26 18:20:43.612 9 INFO neutron.wsgi [None req-4bec2bf8-7169-4ead-aaaf-e9c9a0bb164e 06a3645e69834a9d8b070415cc92c6d9 cedfe29dbca6426c84ace37cdd257a9a - - default default] 10.0.0.147 "GET /v2.0/ports/dc8dc99b-478b-4bac-9f85-be1e28868ffd HTTP/1.1" status: 200 len: 1147 time: 0.1337898
2026-06-26 18:20:43.665 10 INFO neutron.wsgi [None req-005a5ea5-d1aa-4889-9306-81b25e23f108 06a3645e69834a9d8b070415cc92c6d9 cedfe29dbca6426c84ace37cdd257a9a - - default default] 10.0.0.147 "GET /v2.0/ports/dc8dc99b-478b-4bac-9f85-be1e28868ffd HTTP/1.1" status: 200 len: 1147 time: 0.0482152
2026-06-26 18:20:43.777 9 WARNING neutron.scheduler.dhcp_agent_scheduler [None req-948bd73f-0f98-4ed9-90cd-73c68b5bca7d ca717683b88f49bcb7bc30793b9c3b5a ca21d8d06a7b4db78e1ece6bdd2191a7 - - default default] No more DHCP agents
2026-06-26 18:20:43.780 9 WARNING neutron.api.rpc.agentnotifiers.dhcp_rpc_agent_api [None req-948bd73f-0f98-4ed9-90cd-73c68b5bca7d ca717683b88f49bcb7bc30793b9c3b5a ca21d8d06a7b4db78e1ece6bdd2191a7 - - default default] Unable to schedule network 54626333-2f64-44ff-91b2-468c6d5ad674: no agents available; will retry on subsequent port and subnet creation events.
2026-06-26 18:20:43.865 9 INFO neutron.db.ovn_revision_numbers_db [None req-948bd73f-0f98-4ed9-90cd-73c68b5bca7d ca717683b88f49bcb7bc30793b9c3b5a ca21d8d06a7b4db78e1ece6bdd2191a7 - - default default] Successfully bumped revision number for resource d798a0e6-cb53-4813-96b5-a194c43a73d1 (type: ports) to 1
2026-06-26 18:20:43.889 9 INFO neutron.wsgi [None req-948bd73f-0f98-4ed9-90cd-73c68b5bca7d ca717683b88f49bcb7bc30793b9c3b5a ca21d8d06a7b4db78e1ece6bdd2191a7 - - default default] 10.0.0.147 "POST /v2.0/networks HTTP/1.1" status: 201 len: 831 time: 0.5545745
2026-06-26 18:20:44.001 10 INFO neutron.db.segments_db [None req-59b9cc99-2299-4574-8a83-63a58a6b8626 ca717683b88f49bcb7bc30793b9c3b5a ca21d8d06a7b4db78e1ece6bdd2191a7 - - default default] Added segment 00406f4b-8fb2-4d8b-b8c9-69990182e27f of type geneve for network dd7d9436-2bf8-4bfc-8fef-69edd47089f8
2026-06-26 18:20:44.433 10 INFO neutron.db.ovn_revision_numbers_db [None req-59b9cc99-2299-4574-8a83-63a58a6b8626 ca717683b88f49bcb7bc30793b9c3b5a ca21d8d06a7b4db78e1ece6bdd2191a7 - - default default] Successfully bumped revision number for resource dd7d9436-2bf8-4bfc-8fef-69edd47089f8 (type: networks) to 1
2026-06-26 18:20:44.504 10 WARNING neutron.scheduler.dhcp_agent_scheduler [None req-8637a29a-a571-45ce-988c-e4ffe348902a c82cdca9798c4e279afcfdbe1ec646f3 9cc5ee2549ad431dace47183ba2b6525 - - default default] No more DHCP agents
2026-06-26 18:20:44.514 10 WARNING neutron.api.rpc.agentnotifiers.dhcp_rpc_agent_api [None req-8637a29a-a571-45ce-988c-e4ffe348902a c82cdca9798c4e279afcfdbe1ec646f3 9cc5ee2549ad431dace47183ba2b6525 - - default default] Unable to schedule network c501d496-b30e-4855-ac40-4e6b181de792: no agents available; will retry on subsequent port and subnet creation events.
2026-06-26 18:20:44.672 10 WARNING neutron.scheduler.dhcp_agent_scheduler [None req-59b9cc99-2299-4574-8a83-63a58a6b8626 ca717683b88f49bcb7bc30793b9c3b5a ca21d8d06a7b4db78e1ece6bdd2191a7 - - default default] No more DHCP agents
2026-06-26 18:20:44.679 10 WARNING neutron.api.rpc.agentnotifiers.dhcp_rpc_agent_api [None req-59b9cc99-2299-4574-8a83-63a58a6b8626 ca717683b88f49bcb7bc30793b9c3b5a ca21d8d06a7b4db78e1ece6bdd2191a7 - - default default] Unable to schedule network dd7d9436-2bf8-4bfc-8fef-69edd47089f8: no agents available; will retry on subsequent port and subnet creation events.
2026-06-26 18:20:44.718 9 INFO neutron.wsgi [None req-3858c05e-2a0f-4839-93af-5c48c46adda0 06a3645e69834a9d8b070415cc92c6d9 cedfe29dbca6426c84ace37cdd257a9a - - default default] 10.0.0.147 "GET /v2.0/ports/dc8dc99b-478b-4bac-9f85-be1e28868ffd HTTP/1.1" status: 200 len: 1147 time: 0.0467660
2026-06-26 18:20:44.788 10 INFO neutron.db.ovn_revision_numbers_db [None req-8637a29a-a571-45ce-988c-e4ffe348902a c82cdca9798c4e279afcfdbe1ec646f3 9cc5ee2549ad431dace47183ba2b6525 - - default default] Successfully bumped revision number for resource 72a9b382-3b37-411b-a227-6c5043d6dce0 (type: ports) to 1
2026-06-26 18:20:44.823 10 INFO neutron.db.ovn_revision_numbers_db [None req-59b9cc99-2299-4574-8a83-63a58a6b8626 ca717683b88f49bcb7bc30793b9c3b5a ca21d8d06a7b4db78e1ece6bdd2191a7 - - default default] Successfully bumped revision number for resource 8c9481a9-4b24-4c54-a038-aeb57cfbea89 (type: ports) to 1
2026-06-26 18:20:44.851 10 INFO neutron.wsgi [None req-59b9cc99-2299-4574-8a83-63a58a6b8626 ca717683b88f49bcb7bc30793b9c3b5a ca21d8d06a7b4db78e1ece6bdd2191a7 - - default default] 10.0.0.147 "POST /v2.0/networks HTTP/1.1" status: 201 len: 830 time: 0.9574168
2026-06-26 18:20:44.933 9 INFO neutron.db.segments_db [None req-a5c32598-9359-411d-b11d-f95e9d5677c0 ca717683b88f49bcb7bc30793b9c3b5a ca21d8d06a7b4db78e1ece6bdd2191a7 - - default default] Added segment 47d9478c-5450-45aa-b6e4-0ed0a1d1400d of type geneve for network 5b1b883d-a467-47c4-a805-19492ba82af5
2026-06-26 18:20:45.068 9 INFO neutron.db.ovn_revision_numbers_db [None req-a5c32598-9359-411d-b11d-f95e9d5677c0 ca717683b88f49bcb7bc30793b9c3b5a ca21d8d06a7b4db78e1ece6bdd2191a7 - - default default] Successfully bumped revision number for resource 5b1b883d-a467-47c4-a805-19492ba82af5 (type: networks) to 1
2026-06-26 18:20:45.246 9 WARNING neutron.scheduler.dhcp_agent_scheduler [None req-a5c32598-9359-411d-b11d-f95e9d5677c0 ca717683b88f49bcb7bc30793b9c3b5a ca21d8d06a7b4db78e1ece6bdd2191a7 - - default default] No more DHCP agents
2026-06-26 18:20:45.250 9 WARNING neutron.api.rpc.agentnotifiers.dhcp_rpc_agent_api [None req-a5c32598-9359-411d-b11d-f95e9d5677c0 ca717683b88f49bcb7bc30793b9c3b5a ca21d8d06a7b4db78e1ece6bdd2191a7 - - default default] Unable to schedule network 5b1b883d-a467-47c4-a805-19492ba82af5: no agents available; will retry on subsequent port and subnet creation events.
2026-06-26 18:20:45.355 10 INFO neutron.db.ovn_revision_numbers_db [None req-8637a29a-a571-45ce-988c-e4ffe348902a c82cdca9798c4e279afcfdbe1ec646f3 9cc5ee2549ad431dace47183ba2b6525 - - default default] Successfully bumped revision number for resource 72a9b382-3b37-411b-a227-6c5043d6dce0 (type: router_ports) to 1
2026-06-26 18:20:45.359 9 INFO neutron.db.ovn_revision_numbers_db [None req-a5c32598-9359-411d-b11d-f95e9d5677c0 ca717683b88f49bcb7bc30793b9c3b5a ca21d8d06a7b4db78e1ece6bdd2191a7 - - default default] Successfully bumped revision number for resource 390fee44-64ab-4db2-ae9a-c3551bfa94f9 (type: ports) to 1
2026-06-26 18:20:45.378 9 INFO neutron.wsgi [None req-a5c32598-9359-411d-b11d-f95e9d5677c0 ca717683b88f49bcb7bc30793b9c3b5a ca21d8d06a7b4db78e1ece6bdd2191a7 - - default default] 10.0.0.147 "POST /v2.0/networks HTTP/1.1" status: 201 len: 830 time: 0.5222561
2026-06-26 18:20:45.458 9 INFO neutron.db.segments_db [None req-9c17abd7-c012-4382-a97c-aaea7c212ed4 ca717683b88f49bcb7bc30793b9c3b5a ca21d8d06a7b4db78e1ece6bdd2191a7 - - default default] Added segment cd690167-dc8f-48ba-beee-963359288c10 of type geneve for network 9e41b91c-e530-4eef-ab46-5b6f49990a35
2026-06-26 18:20:45.523 10 INFO neutron.db.ovn_revision_numbers_db [None req-8637a29a-a571-45ce-988c-e4ffe348902a c82cdca9798c4e279afcfdbe1ec646f3 9cc5ee2549ad431dace47183ba2b6525 - - default default] Successfully bumped revision number for resource 72a9b382-3b37-411b-a227-6c5043d6dce0 (type: ports) to 1
2026-06-26 18:20:45.597 10 WARNING neutron.scheduler.dhcp_agent_scheduler [None req-8637a29a-a571-45ce-988c-e4ffe348902a c82cdca9798c4e279afcfdbe1ec646f3 9cc5ee2549ad431dace47183ba2b6525 - - default default] No more DHCP agents
2026-06-26 18:20:45.598 10 WARNING neutron.api.rpc.agentnotifiers.dhcp_rpc_agent_api [None req-8637a29a-a571-45ce-988c-e4ffe348902a c82cdca9798c4e279afcfdbe1ec646f3 9cc5ee2549ad431dace47183ba2b6525 - - default default] Unable to schedule network c501d496-b30e-4855-ac40-4e6b181de792: no agents available; will retry on subsequent port and subnet creation events.
2026-06-26 18:20:45.599 9 INFO neutron.db.ovn_revision_numbers_db [None req-9c17abd7-c012-4382-a97c-aaea7c212ed4 ca717683b88f49bcb7bc30793b9c3b5a ca21d8d06a7b4db78e1ece6bdd2191a7 - - default default] Successfully bumped revision number for resource 9e41b91c-e530-4eef-ab46-5b6f49990a35 (type: networks) to 1
2026-06-26 18:20:45.785 9 INFO neutron.wsgi [None req-e2377288-730d-4239-b92f-9a46ec604616 06a3645e69834a9d8b070415cc92c6d9 cedfe29dbca6426c84ace37cdd257a9a - - default default] 10.0.0.147 "GET /v2.0/ports/dc8dc99b-478b-4bac-9f85-be1e28868ffd HTTP/1.1" status: 200 len: 1147 time: 0.0602856
2026-06-26 18:20:45.787 9 WARNING neutron.scheduler.dhcp_agent_scheduler [None req-9c17abd7-c012-4382-a97c-aaea7c212ed4 ca717683b88f49bcb7bc30793b9c3b5a ca21d8d06a7b4db78e1ece6bdd2191a7 - - default default] No more DHCP agents
2026-06-26 18:20:45.790 9 WARNING neutron.api.rpc.agentnotifiers.dhcp_rpc_agent_api [None req-9c17abd7-c012-4382-a97c-aaea7c212ed4 ca717683b88f49bcb7bc30793b9c3b5a ca21d8d06a7b4db78e1ece6bdd2191a7 - - default default] Unable to schedule network 9e41b91c-e530-4eef-ab46-5b6f49990a35: no agents available; will retry on subsequent port and subnet creation events.
2026-06-26 18:20:45.865 9 INFO neutron.db.ovn_revision_numbers_db [None req-9c17abd7-c012-4382-a97c-aaea7c212ed4 ca717683b88f49bcb7bc30793b9c3b5a ca21d8d06a7b4db78e1ece6bdd2191a7 - - default default] Successfully bumped revision number for resource ca5212e8-327e-4459-aade-543d1289a835 (type: ports) to 1
2026-06-26 18:20:45.887 9 INFO neutron.wsgi [None req-9c17abd7-c012-4382-a97c-aaea7c212ed4 ca717683b88f49bcb7bc30793b9c3b5a ca21d8d06a7b4db78e1ece6bdd2191a7 - - default default] 10.0.0.147 "POST /v2.0/networks HTTP/1.1" status: 201 len: 830 time: 0.5029805
2026-06-26 18:20:45.938 10 INFO neutron.db.ovn_revision_numbers_db [None req-8637a29a-a571-45ce-988c-e4ffe348902a c82cdca9798c4e279afcfdbe1ec646f3 9cc5ee2549ad431dace47183ba2b6525 - - default default] Successfully bumped revision number for resource 72a9b382-3b37-411b-a227-6c5043d6dce0 (type: router_ports) to 1
2026-06-26 18:20:45.939 9 INFO neutron.wsgi [None req-73265e59-b842-4a18-a51d-25239e42bef6 ca717683b88f49bcb7bc30793b9c3b5a ca21d8d06a7b4db78e1ece6bdd2191a7 - - default default] 10.0.0.147 "PUT /v2.0/networks/6b31202d-beb9-4a56-9133-9c5e9fc859b9/tags HTTP/1.1" status: 200 len: 210 time: 0.0466812
2026-06-26 18:20:45.942 10 INFO neutron.wsgi [None req-8637a29a-a571-45ce-988c-e4ffe348902a c82cdca9798c4e279afcfdbe1ec646f3 9cc5ee2549ad431dace47183ba2b6525 - - default default] 10.0.0.147 "PUT /v2.0/routers/6aa7a75d-61dc-454d-933a-f9985c82cc87/add_router_interface HTTP/1.1" status: 200 len: 503 time: 2.3491123
2026-06-26 18:20:46.002 10 INFO neutron.wsgi [None req-2297dbc6-1448-4bd0-87dc-3057e6891723 ca717683b88f49bcb7bc30793b9c3b5a ca21d8d06a7b4db78e1ece6bdd2191a7 - - default default] 10.0.0.147 "PUT /v2.0/networks/54626333-2f64-44ff-91b2-468c6d5ad674/tags HTTP/1.1" status: 200 len: 218 time: 0.0580757
2026-06-26 18:20:46.077 9 INFO neutron.wsgi [None req-d7c42d18-e5f1-46d0-9e09-81779f2ec85a ca717683b88f49bcb7bc30793b9c3b5a ca21d8d06a7b4db78e1ece6bdd2191a7 - - default default] 10.0.0.147 "PUT /v2.0/networks/dd7d9436-2bf8-4bfc-8fef-69edd47089f8/tags HTTP/1.1" status: 200 len: 227 time: 0.0702763
2026-06-26 18:20:46.157 10 INFO neutron.wsgi [None req-463cf63c-96a4-474c-89dc-9131b9f868c6 ca717683b88f49bcb7bc30793b9c3b5a ca21d8d06a7b4db78e1ece6bdd2191a7 - - default default] 10.0.0.147 "PUT /v2.0/networks/5b1b883d-a467-47c4-a805-19492ba82af5/tags HTTP/1.1" status: 200 len: 212 time: 0.0744185
2026-06-26 18:20:46.238 10 INFO neutron.wsgi [None req-b247d3d3-ff46-45a6-ab46-7ac995eb99b6 ca717683b88f49bcb7bc30793b9c3b5a ca21d8d06a7b4db78e1ece6bdd2191a7 - - default default] 10.0.0.147 "GET /v2.0/networks?tags=red HTTP/1.1" status: 200 len: 2068 time: 0.0755234
2026-06-26 18:20:46.319 10 INFO neutron.wsgi [None req-0ea1eec4-e517-456f-8938-aab3c3707ea1 ca717683b88f49bcb7bc30793b9c3b5a ca21d8d06a7b4db78e1ece6bdd2191a7 - - default default] 10.0.0.147 "GET /v2.0/networks?tags=red%2Cblue HTTP/1.1" status: 200 len: 1456 time: 0.0761273
