2026-06-26 18:19:50.880 10 INFO neutron.wsgi [None req-c8acee07-e216-4768-9250-8704e3091cf2 a7a8d67c7cae4677aa104f1be95d5af5 009af71c12ce4bd681f438e60c0fefb6 - - default default] 10.0.0.147 "PUT /v2.0/subnets/1cf66fce-e1a9-42f8-8237-023ab0e1dbd6/tags HTTP/1.1" status: 200 len: 227 time: 0.0636802
2026-06-26 18:19:50.916 9 INFO neutron.wsgi [req-e6f1cb05-5a6f-430c-9fc5-77da527ae638 req-69b0089e-4afd-4606-b289-d7ba40157646 b2e1c5b26e8a477ba4f6f83b5197bf9e ce0c4b50600142b4ab26d17843c734b4 - - c3640017cad04f80a51ff14811cf726e c3640017cad04f80a51ff14811cf726e] 199.204.45.95 "GET /v2.0/ports?tenant_id=2c7bb27b77d74bd99a9ac4c248712e0e&device_id=395c70a0-c255-40f1-8b5a-fb7fb4dee0d0 HTTP/1.1" status: 200 len: 1409 time: 0.0583692
2026-06-26 18:19:50.928 10 INFO neutron.wsgi [None req-4cc76e8c-1a6b-4695-a61a-f27768d966f0 88881c7dcb4d4b51a2b6fd40fc836ef8 87bc5849ea714106b58d6522ebb0be4d - - default default] 10.0.0.147 "DELETE /v2.0/subnets/d3bd0b74-d833-4c06-91b1-56f5e3b3eaa7 HTTP/1.1" status: 204 len: 168 time: 0.3129721
2026-06-26 18:19:50.956 10 INFO neutron.wsgi [None req-eed9dfaa-ed09-48f3-80bb-29a0285693f7 a7a8d67c7cae4677aa104f1be95d5af5 009af71c12ce4bd681f438e60c0fefb6 - - default default] 10.0.0.147 "PUT /v2.0/subnets/c23923f0-4be8-4286-a5d5-d37c5ac4b3d5/tags HTTP/1.1" status: 200 len: 212 time: 0.0672596
2026-06-26 18:19:50.973 10 INFO neutron.wsgi [req-97663ed3-ee3e-4841-9ffc-f5b11c1f180b req-0d1ce241-f55e-441b-9e1d-a31fc1e7df8b 7f18e442a3e142b1bc3dce0c394196fe 2c7bb27b77d74bd99a9ac4c248712e0e - - default default] 10.0.0.50 "GET /v2.0/security-groups?id=65c4ba0c-946f-4731-bad2-690919e09593&fields=id&fields=name HTTP/1.1" status: 200 len: 312 time: 0.0762739
2026-06-26 18:19:51.013 9 INFO neutron.wsgi [req-e6f1cb05-5a6f-430c-9fc5-77da527ae638 req-84da1df1-6906-462c-8435-23a49050d652 b2e1c5b26e8a477ba4f6f83b5197bf9e ce0c4b50600142b4ab26d17843c734b4 - - c3640017cad04f80a51ff14811cf726e c3640017cad04f80a51ff14811cf726e] 199.204.45.95 "GET /v2.0/networks?id=30a7b012-8904-4980-9a63-59bd52ea4e32 HTTP/1.1" status: 200 len: 973 time: 0.0905309
2026-06-26 18:19:51.018 9 INFO neutron.wsgi [None req-8fed8c04-abb6-4476-9987-5c60a3a9e608 a7a8d67c7cae4677aa104f1be95d5af5 009af71c12ce4bd681f438e60c0fefb6 - - default default] 10.0.0.147 "GET /v2.0/subnets?tags=red HTTP/1.1" status: 200 len: 2027 time: 0.0557384
2026-06-26 18:19:51.107 9 INFO neutron.wsgi [None req-7a932b48-3de9-41b8-a5be-ec55c3ce6639 a7a8d67c7cae4677aa104f1be95d5af5 009af71c12ce4bd681f438e60c0fefb6 - - default default] 10.0.0.147 "GET /v2.0/subnets?tags=red%2Cblue HTTP/1.1" status: 200 len: 1430 time: 0.0783484
2026-06-26 18:19:51.109 9 INFO neutron.wsgi [req-e6f1cb05-5a6f-430c-9fc5-77da527ae638 req-154afb39-f9da-498b-8ce9-dace7f36a0da b2e1c5b26e8a477ba4f6f83b5197bf9e ce0c4b50600142b4ab26d17843c734b4 - - c3640017cad04f80a51ff14811cf726e c3640017cad04f80a51ff14811cf726e] 199.204.45.95 "GET /v2.0/floatingips?fixed_ip_address=10.100.0.9&port_id=132b1c8a-be20-427b-9e9e-502b751e5407 HTTP/1.1" status: 200 len: 1059 time: 0.0894511
2026-06-26 18:19:51.171 9 INFO neutron.wsgi [None req-c9e921e8-0b49-4b1e-9473-766c08e71151 a7a8d67c7cae4677aa104f1be95d5af5 009af71c12ce4bd681f438e60c0fefb6 - - default default] 10.0.0.147 "GET /v2.0/subnets?tags-any=blue HTTP/1.1" status: 200 len: 1430 time: 0.0598202
2026-06-26 18:19:51.175 9 INFO neutron.wsgi [req-e6f1cb05-5a6f-430c-9fc5-77da527ae638 req-178f10c2-3db4-4a71-8e03-6bb180112fd5 b2e1c5b26e8a477ba4f6f83b5197bf9e ce0c4b50600142b4ab26d17843c734b4 - - c3640017cad04f80a51ff14811cf726e c3640017cad04f80a51ff14811cf726e] 199.204.45.95 "GET /v2.0/subnets?id=81b09f05-63c5-4088-a9eb-8506ad887a40 HTTP/1.1" status: 200 len: 868 time: 0.0511134
2026-06-26 18:19:51.207 9 INFO neutron.wsgi [req-e6f1cb05-5a6f-430c-9fc5-77da527ae638 req-8ecccf76-a1f0-4744-a036-8afcc278c1fc b2e1c5b26e8a477ba4f6f83b5197bf9e ce0c4b50600142b4ab26d17843c734b4 - - c3640017cad04f80a51ff14811cf726e c3640017cad04f80a51ff14811cf726e] 199.204.45.95 "GET /v2.0/ports?network_id=30a7b012-8904-4980-9a63-59bd52ea4e32&device_owner=network%3Adhcp HTTP/1.1" status: 200 len: 210 time: 0.0223689
2026-06-26 18:19:51.208 10 INFO neutron.db.ovn_revision_numbers_db [None req-18290c13-185d-4a32-9136-ded2a304eb8d a20de478c48a486d943fd4e93ede9fb6 7cf99ee505d147c2a3a06cfc059defd0 - - default default] Successfully bumped revision number for resource 8338321c-2171-4e7b-a5a4-80073913cf6c (type: security_groups) to 1
2026-06-26 18:19:51.220 9 INFO neutron.wsgi [None req-04d2dfc9-74e2-4672-be23-dbb47871245c a7a8d67c7cae4677aa104f1be95d5af5 009af71c12ce4bd681f438e60c0fefb6 - - default default] 10.0.0.147 "GET /v2.0/subnets?tags-any=red%2Cblue HTTP/1.1" status: 200 len: 2027 time: 0.0439987
2026-06-26 18:19:51.224 10 INFO neutron.db.ovn_revision_numbers_db [None req-18290c13-185d-4a32-9136-ded2a304eb8d a20de478c48a486d943fd4e93ede9fb6 7cf99ee505d147c2a3a06cfc059defd0 - - default default] Successfully bumped revision number for resource 100c36e0-f596-417c-a598-cf14019b4aa8 (type: security_group_rules) to 0
2026-06-26 18:19:51.271 9 INFO neutron.wsgi [req-e6f1cb05-5a6f-430c-9fc5-77da527ae638 req-801a5f1d-b31b-4694-9ddf-748341c90e3a b2e1c5b26e8a477ba4f6f83b5197bf9e ce0c4b50600142b4ab26d17843c734b4 - - c3640017cad04f80a51ff14811cf726e c3640017cad04f80a51ff14811cf726e] 199.204.45.95 "GET /v2.0/networks/30a7b012-8904-4980-9a63-59bd52ea4e32?fields=segments HTTP/1.1" status: 200 len: 212 time: 0.0563073
2026-06-26 18:19:51.271 10 INFO neutron.db.ovn_revision_numbers_db [None req-18290c13-185d-4a32-9136-ded2a304eb8d a20de478c48a486d943fd4e93ede9fb6 7cf99ee505d147c2a3a06cfc059defd0 - - default default] Successfully bumped revision number for resource bd838c5f-bdd6-44c9-a01c-7fe3c867b10a (type: security_group_rules) to 0
2026-06-26 18:19:51.309 10 INFO neutron.wsgi [None req-040224fd-4237-44dc-a73e-3d39e6cebedd a7a8d67c7cae4677aa104f1be95d5af5 009af71c12ce4bd681f438e60c0fefb6 - - default default] 10.0.0.147 "GET /v2.0/subnets?not-tags=red HTTP/1.1" status: 200 len: 2018 time: 0.0829387
2026-06-26 18:19:51.320 10 INFO neutron.wsgi [None req-18290c13-185d-4a32-9136-ded2a304eb8d a20de478c48a486d943fd4e93ede9fb6 7cf99ee505d147c2a3a06cfc059defd0 - - default default] 10.0.0.147 "POST /v2.0/security-groups HTTP/1.1" status: 201 len: 1811 time: 0.2985895
2026-06-26 18:19:51.362 9 INFO neutron.wsgi [req-e6f1cb05-5a6f-430c-9fc5-77da527ae638 req-0db539bf-88da-4cd0-8223-7b20d41eb79f b2e1c5b26e8a477ba4f6f83b5197bf9e ce0c4b50600142b4ab26d17843c734b4 - - c3640017cad04f80a51ff14811cf726e c3640017cad04f80a51ff14811cf726e] 199.204.45.95 "GET /v2.0/networks/30a7b012-8904-4980-9a63-59bd52ea4e32?fields=provider%3Aphysical_network&fields=provider%3Anetwork_type HTTP/1.1" status: 200 len: 277 time: 0.0837307
2026-06-26 18:19:51.378 9 INFO neutron.wsgi [None req-3c0c623b-69d2-4c79-8a2d-1bef23fac05c a7a8d67c7cae4677aa104f1be95d5af5 009af71c12ce4bd681f438e60c0fefb6 - - default default] 10.0.0.147 "GET /v2.0/subnets?not-tags=red%2Cblue HTTP/1.1" status: 200 len: 2615 time: 0.0652292
2026-06-26 18:19:51.415 10 INFO neutron.services.segments.plugin [-] Segment 4e8d7cba-81a0-480d-9aaa-3ee1e0568d46 resource provider aggregate not found
2026-06-26 18:19:51.421 10 INFO neutron.services.segments.plugin [-] Segment 4e8d7cba-81a0-480d-9aaa-3ee1e0568d46 resource provider aggregate not found
2026-06-26 18:19:51.436 10 INFO neutron.services.segments.plugin [-] Segment 4e8d7cba-81a0-480d-9aaa-3ee1e0568d46 resource provider not found; error: Placement Client Error (4xx): {"errors": [{"status": 404, "title": "Not Found", "detail": "The resource could not be found.\n\n No resource provider with uuid 4e8d7cba-81a0-480d-9aaa-3ee1e0568d46 found for delete ", "request_id": "req-73205477-861b-4eb5-bb04-30265c74090f"}]}
2026-06-26 18:19:51.437 10 INFO neutron.services.segments.plugin [-] Segment 4e8d7cba-81a0-480d-9aaa-3ee1e0568d46 resource provider not found; error: Placement Client Error (4xx): {"errors": [{"status": 404, "title": "Not Found", "detail": "The resource could not be found.\n\n No resource provider with uuid 4e8d7cba-81a0-480d-9aaa-3ee1e0568d46 found for delete ", "request_id": "req-d8384ecf-7c15-4801-96d0-340267b5636e"}]}
2026-06-26 18:19:51.473 9 INFO neutron.wsgi [None req-005eab0f-af32-4a40-bb43-dc9b73c3e2cd a7a8d67c7cae4677aa104f1be95d5af5 009af71c12ce4bd681f438e60c0fefb6 - - default default] 10.0.0.147 "GET /v2.0/subnets?not-tags-any=blue HTTP/1.1" status: 200 len: 2615 time: 0.0899270
2026-06-26 18:19:51.478 10 INFO neutron.wsgi [None req-38e4f323-5c97-4300-86e3-bc20b82a53d7 88881c7dcb4d4b51a2b6fd40fc836ef8 87bc5849ea714106b58d6522ebb0be4d - - default default] 10.0.0.147 "DELETE /v2.0/networks/36c84593-6cc2-4afb-8795-a310928a11c5 HTTP/1.1" status: 204 len: 168 time: 0.5385556
2026-06-26 18:19:51.521 10 INFO neutron.db.ovn_revision_numbers_db [None req-c4002060-7a8c-4a7d-b850-628521fc3545 a20de478c48a486d943fd4e93ede9fb6 7cf99ee505d147c2a3a06cfc059defd0 - - default default] Successfully bumped revision number for resource 6480b136-95a7-410c-932a-2588424544e5 (type: security_group_rules) to 0
2026-06-26 18:19:51.525 9 INFO neutron.wsgi [None req-44677ddd-ec96-41af-95c1-8c1d11b37338 a7a8d67c7cae4677aa104f1be95d5af5 009af71c12ce4bd681f438e60c0fefb6 - - default default] 10.0.0.147 "GET /v2.0/subnets?not-tags-any=red%2Cblue HTTP/1.1" status: 200 len: 2018 time: 0.0479999
2026-06-26 18:19:51.546 10 INFO neutron.wsgi [None req-c4002060-7a8c-4a7d-b850-628521fc3545 a20de478c48a486d943fd4e93ede9fb6 7cf99ee505d147c2a3a06cfc059defd0 - - default default] 10.0.0.147 "POST /v2.0/security-group-rules HTTP/1.1" status: 201 len: 764 time: 0.2197614
2026-06-26 18:19:51.577 10 INFO neutron.plugins.ml2.drivers.ovn.mech_driver.mech_driver [None req-d53b8ebe-a5c5-43c5-bd13-726443e5fbca - - - - - -] OVN reports status down for port: 132b1c8a-be20-427b-9e9e-502b751e5407
2026-06-26 18:19:51.591 10 INFO neutron.db.segments_db [None req-d22e7d08-21f2-4609-a4de-0672d418519e 88881c7dcb4d4b51a2b6fd40fc836ef8 87bc5849ea714106b58d6522ebb0be4d - - default default] Added segment 1728b314-44de-4dff-b5ed-8392449e3926 of type geneve for network 6e3df5ad-43f2-4ad5-b62a-402560a57830
2026-06-26 18:19:51.775 10 INFO neutron.db.ovn_revision_numbers_db [None req-d22e7d08-21f2-4609-a4de-0672d418519e 88881c7dcb4d4b51a2b6fd40fc836ef8 87bc5849ea714106b58d6522ebb0be4d - - default default] Successfully bumped revision number for resource 6e3df5ad-43f2-4ad5-b62a-402560a57830 (type: networks) to 1
2026-06-26 18:19:51.778 10 INFO neutron.db.ovn_revision_numbers_db [None req-1ed7b089-09a9-44ea-a59d-f5ca49bfaec9 a20de478c48a486d943fd4e93ede9fb6 7cf99ee505d147c2a3a06cfc059defd0 - - default default] Successfully bumped revision number for resource c6980936-4f67-402b-b800-2f6975fd01da (type: security_group_rules) to 0
2026-06-26 18:19:51.782 9 INFO neutron.wsgi [None req-c8a3ab7c-abb6-4899-88e9-7bf9e8a231cf a7a8d67c7cae4677aa104f1be95d5af5 009af71c12ce4bd681f438e60c0fefb6 - - default default] 10.0.0.147 "DELETE /v2.0/subnets/bde4ec4f-3776-4349-95c8-766b9e6050d0 HTTP/1.1" status: 204 len: 168 time: 0.2516422
2026-06-26 18:19:51.821 10 INFO neutron.wsgi [None req-1ed7b089-09a9-44ea-a59d-f5ca49bfaec9 a20de478c48a486d943fd4e93ede9fb6 7cf99ee505d147c2a3a06cfc059defd0 - - default default] 10.0.0.147 "POST /v2.0/security-group-rules HTTP/1.1" status: 201 len: 763 time: 0.2691278
2026-06-26 18:19:51.998 10 WARNING neutron.scheduler.dhcp_agent_scheduler [None req-d22e7d08-21f2-4609-a4de-0672d418519e 88881c7dcb4d4b51a2b6fd40fc836ef8 87bc5849ea714106b58d6522ebb0be4d - - default default] No more DHCP agents
2026-06-26 18:19:51.998 9 INFO neutron.db.ovn_revision_numbers_db [None req-451b9c0d-d2bd-4ef4-bed9-2e67e0be650b a20de478c48a486d943fd4e93ede9fb6 7cf99ee505d147c2a3a06cfc059defd0 - - default default] Successfully bumped revision number for resource 06487f8f-3a3d-406c-bcc2-23974a631f88 (type: security_group_rules) to 0
2026-06-26 18:19:52.005 10 WARNING neutron.api.rpc.agentnotifiers.dhcp_rpc_agent_api [None req-d22e7d08-21f2-4609-a4de-0672d418519e 88881c7dcb4d4b51a2b6fd40fc836ef8 87bc5849ea714106b58d6522ebb0be4d - - default default] Unable to schedule network 6e3df5ad-43f2-4ad5-b62a-402560a57830: no agents available; will retry on subsequent port and subnet creation events.
2026-06-26 18:19:52.021 10 INFO neutron.notifiers.nova [-] Nova event matching ['req-0c5ed027-f881-4183-b1cf-edafa5fb2179'] response: {'server_uuid': '395c70a0-c255-40f1-8b5a-fb7fb4dee0d0', 'name': 'network-vif-unplugged', 'status': 'completed', 'tag': '132b1c8a-be20-427b-9e9e-502b751e5407', 'code': 200}
2026-06-26 18:19:52.029 9 INFO neutron.wsgi [None req-451b9c0d-d2bd-4ef4-bed9-2e67e0be650b a20de478c48a486d943fd4e93ede9fb6 7cf99ee505d147c2a3a06cfc059defd0 - - default default] 10.0.0.147 "POST /v2.0/security-group-rules HTTP/1.1" status: 201 len: 769 time: 0.2026298
2026-06-26 18:19:52.048 10 INFO neutron.db.ovn_revision_numbers_db [None req-d53b8ebe-a5c5-43c5-bd13-726443e5fbca - - - - - -] Successfully bumped revision number for resource 132b1c8a-be20-427b-9e9e-502b751e5407 (type: ports) to 5
2026-06-26 18:19:52.064 9 INFO neutron.wsgi [None req-1879a3e0-a8b2-4696-aa36-faccef6cdfb4 a7a8d67c7cae4677aa104f1be95d5af5 009af71c12ce4bd681f438e60c0fefb6 - - default default] 10.0.0.147 "DELETE /v2.0/subnets/32ca06d4-b08c-4d83-8292-e42876abc831 HTTP/1.1" status: 204 len: 168 time: 0.2761240
2026-06-26 18:19:52.101 10 INFO neutron.wsgi [req-e98c933d-48e8-4177-80e7-c011111aa0b5 req-728fe980-7b0a-4692-85a3-7a84b25d3715 7f18e442a3e142b1bc3dce0c394196fe 2c7bb27b77d74bd99a9ac4c248712e0e - - default default] 10.0.0.50 "GET /v2.0/ports?device_id=395c70a0-c255-40f1-8b5a-fb7fb4dee0d0 HTTP/1.1" status: 200 len: 1168 time: 0.0428612
2026-06-26 18:19:52.117 10 INFO neutron.db.ovn_revision_numbers_db [None req-d22e7d08-21f2-4609-a4de-0672d418519e 88881c7dcb4d4b51a2b6fd40fc836ef8 87bc5849ea714106b58d6522ebb0be4d - - default default] Successfully bumped revision number for resource 6f590fdb-4d15-411e-ab7a-4203bd21e40f (type: ports) to 1
2026-06-26 18:19:52.162 10 INFO neutron.wsgi [None req-d22e7d08-21f2-4609-a4de-0672d418519e 88881c7dcb4d4b51a2b6fd40fc836ef8 87bc5849ea714106b58d6522ebb0be4d - - default default] 10.0.0.147 "POST /v2.0/networks HTTP/1.1" status: 201 len: 829 time: 0.6792545 /var/lib/openstack/lib/python3.10/site-packages/pycadf/identifier.py:71: UserWarning: Invalid uuid: neutron. To ensure interoperability, identifiers should be a valid uuid. warnings.warn(('Invalid uuid: %s. To ensure interoperability, '
2026-06-26 18:19:52.180 10 INFO neutron.wsgi [req-e98c933d-48e8-4177-80e7-c011111aa0b5 req-bad511a7-bc11-4d56-9044-fad1e93a5da5 7f18e442a3e142b1bc3dce0c394196fe 2c7bb27b77d74bd99a9ac4c248712e0e - - default default] 10.0.0.50 "GET /v2.0/security-groups?id=65c4ba0c-946f-4731-bad2-690919e09593&fields=id&fields=name HTTP/1.1" status: 200 len: 312 time: 0.0704362
2026-06-26 18:19:52.189 10 INFO neutron.plugins.ml2.drivers.ovn.mech_driver.mech_driver [None req-d53b8ebe-a5c5-43c5-bd13-726443e5fbca - - - - - -] OVN reports status up for port: 132b1c8a-be20-427b-9e9e-502b751e5407
2026-06-26 18:19:52.235 10 INFO neutron.plugins.ml2.plugin [None req-d53b8ebe-a5c5-43c5-bd13-726443e5fbca - - - - - -] Attempt 1 to provision port 132b1c8a-be20-427b-9e9e-502b751e5407
2026-06-26 18:19:52.291 9 INFO neutron.db.ovn_revision_numbers_db [None req-057504fb-0253-4118-b11d-36f97d28aca7 a20de478c48a486d943fd4e93ede9fb6 7cf99ee505d147c2a3a06cfc059defd0 - - default default] Successfully bumped revision number for resource dce9a407-d1d1-4c02-a351-6a8e0c31d55f (type: security_group_rules) to 0
2026-06-26 18:19:52.325 9 INFO neutron.wsgi [None req-057504fb-0253-4118-b11d-36f97d28aca7 a20de478c48a486d943fd4e93ede9fb6 7cf99ee505d147c2a3a06cfc059defd0 - - default default] 10.0.0.147 "POST /v2.0/security-group-rules HTTP/1.1" status: 201 len: 768 time: 0.2911735
2026-06-26 18:19:52.359 9 INFO neutron.db.securitygroups_db [None req-6b85e2c1-6ad5-4ac6-a2cd-e84c1218cc3c a20de478c48a486d943fd4e93ede9fb6 7cf99ee505d147c2a3a06cfc059defd0 - - default default] Project 7cf99ee505d147c2a3a06cfc059defd0 added a security group rule with legacy IPv6 ICMP protocol name icmp, ipv6-icmp should be used instead. It was automatically converted.
2026-06-26 18:19:52.363 9 INFO neutron.wsgi [None req-62eefed3-b922-4e2b-a3f3-19ebfe73cb9c a7a8d67c7cae4677aa104f1be95d5af5 009af71c12ce4bd681f438e60c0fefb6 - - default default] 10.0.0.147 "DELETE /v2.0/subnets/1cf66fce-e1a9-42f8-8237-023ab0e1dbd6 HTTP/1.1" status: 204 len: 168 time: 0.2895155
2026-06-26 18:19:52.471 10 WARNING neutron.scheduler.dhcp_agent_scheduler [None req-23decb72-c335-41b7-bc59-ca106013f8b8 88881c7dcb4d4b51a2b6fd40fc836ef8 87bc5849ea714106b58d6522ebb0be4d - - default default] No more DHCP agents
2026-06-26 18:19:52.480 10 WARNING neutron.api.rpc.agentnotifiers.dhcp_rpc_agent_api [None req-23decb72-c335-41b7-bc59-ca106013f8b8 88881c7dcb4d4b51a2b6fd40fc836ef8 87bc5849ea714106b58d6522ebb0be4d - - default default] Unable to schedule network 6e3df5ad-43f2-4ad5-b62a-402560a57830: no agents available; will retry on subsequent port and subnet creation events.
2026-06-26 18:19:52.514 9 INFO neutron.db.ovn_revision_numbers_db [None req-6b85e2c1-6ad5-4ac6-a2cd-e84c1218cc3c a20de478c48a486d943fd4e93ede9fb6 7cf99ee505d147c2a3a06cfc059defd0 - - default default] Successfully bumped revision number for resource 6b0d3f9a-cbf7-413a-88dc-d5342bda3905 (type: security_group_rules) to 0
2026-06-26 18:19:52.550 9 INFO neutron.wsgi [None req-6b85e2c1-6ad5-4ac6-a2cd-e84c1218cc3c a20de478c48a486d943fd4e93ede9fb6 7cf99ee505d147c2a3a06cfc059defd0 - - default default] 10.0.0.147 "POST /v2.0/security-group-rules HTTP/1.1" status: 201 len: 774 time: 0.2196293
2026-06-26 18:19:52.609 9 INFO neutron.wsgi [None req-d32a5d2a-4bb3-4294-9a0f-8391e597462a a7a8d67c7cae4677aa104f1be95d5af5 009af71c12ce4bd681f438e60c0fefb6 - - default default] 10.0.0.147 "DELETE /v2.0/subnets/c23923f0-4be8-4286-a5d5-d37c5ac4b3d5 HTTP/1.1" status: 204 len: 168 time: 0.2398708
2026-06-26 18:19:52.612 10 INFO neutron.db.securitygroups_db [None req-7ed91e9e-614e-4c41-a2a2-ede042e27bb0 a20de478c48a486d943fd4e93ede9fb6 7cf99ee505d147c2a3a06cfc059defd0 - - default default] Project 7cf99ee505d147c2a3a06cfc059defd0 added a security group rule with legacy IPv6 ICMP protocol name icmp, ipv6-icmp should be used instead. It was automatically converted.
2026-06-26 18:19:52.668 10 INFO neutron.db.ovn_revision_numbers_db [None req-d53b8ebe-a5c5-43c5-bd13-726443e5fbca - - - - - -] Successfully bumped revision number for resource 132b1c8a-be20-427b-9e9e-502b751e5407 (type: ports) to 6
2026-06-26 18:19:52.679 9 WARNING neutron.plugins.ml2.drivers.ovn.mech_driver.ovsdb.ovn_client [None req-2eb6e9db-6e57-4e1d-ad84-a7d1d22fb438 - - - - - -] No port found with ID c6205fbb-f9a9-403f-9a1b-40febaef286f: RuntimeError: No port found with ID c6205fbb-f9a9-403f-9a1b-40febaef286f
2026-06-26 18:19:52.809 10 INFO neutron.db.ovn_revision_numbers_db [None req-7ed91e9e-614e-4c41-a2a2-ede042e27bb0 a20de478c48a486d943fd4e93ede9fb6 7cf99ee505d147c2a3a06cfc059defd0 - - default default] Successfully bumped revision number for resource 81ac3fb9-9880-4996-a1a7-a5f8d874c1fb (type: security_group_rules) to 0
2026-06-26 18:19:52.842 9 INFO neutron.wsgi [None req-a6341c3c-b1bc-499c-bd0f-11be0ee40452 a7a8d67c7cae4677aa104f1be95d5af5 009af71c12ce4bd681f438e60c0fefb6 - - default default] 10.0.0.147 "DELETE /v2.0/subnets/09e2c04f-a0c4-4485-9430-9d9a158f28f7 HTTP/1.1" status: 204 len: 168 time: 0.2241454
2026-06-26 18:19:52.855 10 INFO neutron.wsgi [None req-7ed91e9e-614e-4c41-a2a2-ede042e27bb0 a20de478c48a486d943fd4e93ede9fb6 7cf99ee505d147c2a3a06cfc059defd0 - - default default] 10.0.0.147 "POST /v2.0/security-group-rules HTTP/1.1" status: 201 len: 773 time: 0.2957559
2026-06-26 18:19:53.115 10 INFO neutron.db.ovn_revision_numbers_db [None req-23decb72-c335-41b7-bc59-ca106013f8b8 88881c7dcb4d4b51a2b6fd40fc836ef8 87bc5849ea714106b58d6522ebb0be4d - - default default] Successfully bumped revision number for resource 6f590fdb-4d15-411e-ab7a-4203bd21e40f (type: ports) to 2
2026-06-26 18:19:53.147 10 INFO neutron.db.ovn_revision_numbers_db [None req-23decb72-c335-41b7-bc59-ca106013f8b8 88881c7dcb4d4b51a2b6fd40fc836ef8 87bc5849ea714106b58d6522ebb0be4d - - default default] Successfully bumped revision number for resource 43d2ddf9-c2ae-4a97-a1c5-47dec043c8e9 (type: subnets) to 0
2026-06-26 18:19:53.166 10 INFO neutron.wsgi [None req-23decb72-c335-41b7-bc59-ca106013f8b8 88881c7dcb4d4b51a2b6fd40fc836ef8 87bc5849ea714106b58d6522ebb0be4d - - default default] 10.0.0.147 "POST /v2.0/subnets HTTP/1.1" status: 201 len: 801 time: 0.9996953 /var/lib/openstack/lib/python3.10/site-packages/pycadf/identifier.py:71: UserWarning: Invalid uuid: neutron. To ensure interoperability, identifiers should be a valid uuid. warnings.warn(('Invalid uuid: %s. To ensure interoperability, '
2026-06-26 18:19:53.205 9 INFO neutron.services.segments.plugin [-] Segment ab0af6f0-e91d-4190-a7c9-e7a193bda4d3 resource provider aggregate not found
2026-06-26 18:19:53.210 9 INFO neutron.services.segments.plugin [-] Segment ab0af6f0-e91d-4190-a7c9-e7a193bda4d3 resource provider aggregate not found
2026-06-26 18:19:53.226 9 INFO neutron.services.segments.plugin [-] Segment ab0af6f0-e91d-4190-a7c9-e7a193bda4d3 resource provider not found; error: Placement Client Error (4xx): {"errors": [{"status": 404, "title": "Not Found", "detail": "The resource could not be found.\n\n No resource provider with uuid ab0af6f0-e91d-4190-a7c9-e7a193bda4d3 found for delete ", "request_id": "req-e65c8109-3a32-4866-984c-8ef418cbea2a"}]}
2026-06-26 18:19:53.237 9 INFO neutron.services.segments.plugin [-] Segment ab0af6f0-e91d-4190-a7c9-e7a193bda4d3 resource provider not found; error: Placement Client Error (4xx): {"errors": [{"status": 404, "title": "Not Found", "detail": "The resource could not be found.\n\n No resource provider with uuid ab0af6f0-e91d-4190-a7c9-e7a193bda4d3 found for delete ", "request_id": "req-88a7913b-8448-42d2-a953-313ab7612361"}]}
2026-06-26 18:19:53.256 9 INFO neutron.wsgi [None req-8d63dded-bacc-4c68-aba8-e19e4317a6c8 a7a8d67c7cae4677aa104f1be95d5af5 009af71c12ce4bd681f438e60c0fefb6 - - default default] 10.0.0.147 "DELETE /v2.0/networks/3e17ffe1-0eac-4d4a-978e-245189d73718 HTTP/1.1" status: 204 len: 168 time: 0.4079771
2026-06-26 18:19:53.345 10 INFO neutron.wsgi [req-ff484279-b942-4d53-a9a5-0d665d2582f2 req-31b6d10d-c1bf-4c18-843d-138fc5c2a277 7f18e442a3e142b1bc3dce0c394196fe 2c7bb27b77d74bd99a9ac4c248712e0e - - default default] 10.0.0.50 "GET /v2.0/ports?device_id=395c70a0-c255-40f1-8b5a-fb7fb4dee0d0 HTTP/1.1" status: 200 len: 1170 time: 0.0780087
2026-06-26 18:19:53.374 10 INFO neutron.db.ovn_revision_numbers_db [None req-97a643f8-3be0-4da9-bbad-19f6f9e4952f 88881c7dcb4d4b51a2b6fd40fc836ef8 87bc5849ea714106b58d6522ebb0be4d - - default default] Successfully bumped revision number for resource 25773965-9370-4304-afb9-8b3663a852a1 (type: routers) to 1
2026-06-26 18:19:53.395 10 INFO neutron.wsgi [None req-97a643f8-3be0-4da9-bbad-19f6f9e4952f 88881c7dcb4d4b51a2b6fd40fc836ef8 87bc5849ea714106b58d6522ebb0be4d - - default default] 10.0.0.147 "POST /v2.0/routers HTTP/1.1" status: 201 len: 687 time: 0.2245667
2026-06-26 18:19:53.406 10 INFO neutron.wsgi [None req-fcaf0762-02ad-4501-b443-378ad4757dd2 a20de478c48a486d943fd4e93ede9fb6 7cf99ee505d147c2a3a06cfc059defd0 - - default default] 10.0.0.147 "GET /v2.0/networks HTTP/1.1" status: 200 len: 1492 time: 0.1848063
2026-06-26 18:19:53.439 10 INFO neutron.wsgi [req-ff484279-b942-4d53-a9a5-0d665d2582f2 req-b08a940c-9bea-41c9-8003-332fa8821be2 7f18e442a3e142b1bc3dce0c394196fe 2c7bb27b77d74bd99a9ac4c248712e0e - - default default] 10.0.0.50 "GET /v2.0/security-groups?id=65c4ba0c-946f-4731-bad2-690919e09593&fields=id&fields=name HTTP/1.1" status: 200 len: 312 time: 0.0813682
2026-06-26 18:19:53.779 10 INFO neutron.wsgi [req-4ca3f959-b9ed-4c5e-be22-b5add4ad9aec req-56493306-c93a-4a03-b31d-51333ef0ea19 a20de478c48a486d943fd4e93ede9fb6 7cf99ee505d147c2a3a06cfc059defd0 - - default default] 10.0.0.50 "GET /v2.0/security-groups?name=tempest-secgroup-smoke-2080977747&fields=id&tenant_id=7cf99ee505d147c2a3a06cfc059defd0 HTTP/1.1" status: 200 len: 267 time: 0.0696371
2026-06-26 18:19:53.841 9 INFO neutron.wsgi [None req-9fc3a742-f732-4a7f-ae71-f463491e643e a7a8d67c7cae4677aa104f1be95d5af5 009af71c12ce4bd681f438e60c0fefb6 - - default default] 10.0.0.147 "DELETE /v2.0/networks/38dcbdef-ea33-4d7e-a9b7-a49dd0c51dfa HTTP/1.1" status: 204 len: 168 time: 0.5795891
2026-06-26 18:19:53.910 10 INFO neutron.wsgi [req-4ca3f959-b9ed-4c5e-be22-b5add4ad9aec req-0347db9c-7c6f-45d9-84a4-73b154a02c47 a20de478c48a486d943fd4e93ede9fb6 7cf99ee505d147c2a3a06cfc059defd0 - - default default] 10.0.0.50 "GET /v2.0/networks?id=f466a8b4-fc20-4fb2-8331-0d9e5a8d43c8 HTTP/1.1" status: 200 len: 859 time: 0.1232281
2026-06-26 18:19:53.932 10 INFO neutron.wsgi [req-4ca3f959-b9ed-4c5e-be22-b5add4ad9aec req-846c1db2-96fd-44ff-a7e1-17cf0c2f6474 a20de478c48a486d943fd4e93ede9fb6 7cf99ee505d147c2a3a06cfc059defd0 - - default default] 10.0.0.50 "GET /v2.0/quotas/7cf99ee505d147c2a3a06cfc059defd0 HTTP/1.1" status: 200 len: 386 time: 0.0135858
2026-06-26 18:19:54.073 10 INFO neutron.wsgi [req-4ca3f959-b9ed-4c5e-be22-b5add4ad9aec req-03633e9c-be3e-47cf-8e75-592cb886043b a20de478c48a486d943fd4e93ede9fb6 7cf99ee505d147c2a3a06cfc059defd0 - - default default] 10.0.0.50 "GET /v2.0/ports?tenant_id=7cf99ee505d147c2a3a06cfc059defd0&fields=id HTTP/1.1" status: 200 len: 348 time: 0.1358626
2026-06-26 18:19:54.074 10 INFO neutron.notifiers.nova [-] Nova event matching ['req-40b95337-9db0-4b5d-a316-7b0882007672'] response: {'server_uuid': '395c70a0-c255-40f1-8b5a-fb7fb4dee0d0', 'name': 'network-vif-plugged', 'status': 'completed', 'tag': '132b1c8a-be20-427b-9e9e-502b751e5407', 'code': 200}
2026-06-26 18:19:54.074 10 INFO neutron.notifiers.nova [-] Nova event matching ['req-40b95337-9db0-4b5d-a316-7b0882007672'] response: {'server_uuid': '395c70a0-c255-40f1-8b5a-fb7fb4dee0d0', 'name': 'network-vif-plugged', 'status': 'completed', 'tag': '132b1c8a-be20-427b-9e9e-502b751e5407', 'code': 200}
2026-06-26 18:19:54.074 10 INFO neutron.notifiers.nova [-] Nova event matching ['req-40b95337-9db0-4b5d-a316-7b0882007672'] response: {'server_uuid': '395c70a0-c255-40f1-8b5a-fb7fb4dee0d0', 'name': 'network-vif-plugged', 'status': 'completed', 'tag': '132b1c8a-be20-427b-9e9e-502b751e5407', 'code': 200}
2026-06-26 18:19:54.187 10 INFO neutron.wsgi [req-4ca3f959-b9ed-4c5e-be22-b5add4ad9aec req-f9fa55e5-d7a5-404b-8052-c8651048c43f b2e1c5b26e8a477ba4f6f83b5197bf9e ce0c4b50600142b4ab26d17843c734b4 - - c3640017cad04f80a51ff14811cf726e c3640017cad04f80a51ff14811cf726e] 10.0.0.50 "GET /v2.0/networks/f466a8b4-fc20-4fb2-8331-0d9e5a8d43c8?fields=segments HTTP/1.1" status: 200 len: 212 time: 0.0876238
2026-06-26 18:19:54.224 10 WARNING neutron.scheduler.dhcp_agent_scheduler [None req-fe5a6338-988e-46f4-8cc2-16faa54d35b0 88881c7dcb4d4b51a2b6fd40fc836ef8 87bc5849ea714106b58d6522ebb0be4d - - default default] No more DHCP agents
2026-06-26 18:19:54.230 10 WARNING neutron.api.rpc.agentnotifiers.dhcp_rpc_agent_api [None req-fe5a6338-988e-46f4-8cc2-16faa54d35b0 88881c7dcb4d4b51a2b6fd40fc836ef8 87bc5849ea714106b58d6522ebb0be4d - - default default] Unable to schedule network 6e3df5ad-43f2-4ad5-b62a-402560a57830: no agents available; will retry on subsequent port and subnet creation events.
2026-06-26 18:19:54.291 10 INFO neutron.wsgi [req-4ca3f959-b9ed-4c5e-be22-b5add4ad9aec req-0662d22b-687f-46b7-9125-578d4231761d b2e1c5b26e8a477ba4f6f83b5197bf9e ce0c4b50600142b4ab26d17843c734b4 - - c3640017cad04f80a51ff14811cf726e c3640017cad04f80a51ff14811cf726e] 10.0.0.50 "GET /v2.0/networks/f466a8b4-fc20-4fb2-8331-0d9e5a8d43c8?fields=provider%3Aphysical_network&fields=provider%3Anetwork_type HTTP/1.1" status: 200 len: 277 time: 0.0952601
2026-06-26 18:19:54.409 10 INFO neutron.services.segments.plugin [-] Segment 3133441b-015f-4e4d-8afa-d044b0cba9c8 resource provider aggregate not found
2026-06-26 18:19:54.416 10 INFO neutron.services.segments.plugin [-] Segment 3133441b-015f-4e4d-8afa-d044b0cba9c8 resource provider aggregate not found
2026-06-26 18:19:54.437 10 INFO neutron.services.segments.plugin [-] Segment 3133441b-015f-4e4d-8afa-d044b0cba9c8 resource provider not found; error: Placement Client Error (4xx): {"errors": [{"status": 404, "title": "Not Found", "detail": "The resource could not be found.\n\n No resource provider with uuid 3133441b-015f-4e4d-8afa-d044b0cba9c8 found for delete ", "request_id": "req-16da6daf-2d3e-4e00-8635-8a6232a5b836"}]}
2026-06-26 18:19:54.461 10 INFO neutron.services.segments.plugin [-] Segment 3133441b-015f-4e4d-8afa-d044b0cba9c8 resource provider not found; error: Placement Client Error (4xx): {"errors": [{"status": 404, "title": "Not Found", "detail": "The resource could not be found.\n\n No resource provider with uuid 3133441b-015f-4e4d-8afa-d044b0cba9c8 found for delete ", "request_id": "req-53a63635-f221-4c0f-a8fa-575d652d7dc8"}]}
2026-06-26 18:19:54.486 10 INFO neutron.wsgi [None req-74029336-311c-4f05-b300-a5ff74ab35a0 a7a8d67c7cae4677aa104f1be95d5af5 009af71c12ce4bd681f438e60c0fefb6 - - default default] 10.0.0.147 "DELETE /v2.0/networks/a480a33a-c831-4d9c-9ccc-dc6e818a3154 HTTP/1.1" status: 204 len: 168 time: 0.6404674
2026-06-26 18:19:54.494 10 INFO neutron.db.ovn_revision_numbers_db [None req-fe5a6338-988e-46f4-8cc2-16faa54d35b0 88881c7dcb4d4b51a2b6fd40fc836ef8 87bc5849ea714106b58d6522ebb0be4d - - default default] Successfully bumped revision number for resource 0dc0fae8-97dd-4422-9ccd-245f7f490bb0 (type: ports) to 1
2026-06-26 18:19:54.497 10 INFO neutron.wsgi [req-33c737b0-5995-4e26-a097-60543884ccec req-9bcd4c61-8acd-4c53-94bd-9af4ffa11d32 a20de478c48a486d943fd4e93ede9fb6 7cf99ee505d147c2a3a06cfc059defd0 - - default default] 10.0.0.50 "GET /v2.0/ports?device_id=ee99d778-eef0-4761-9f3d-f81a91813a1d HTTP/1.1" status: 200 len: 210 time: 0.0233698
2026-06-26 18:19:54.846 9 INFO neutron.wsgi [None req-779a62ce-c716-40c5-83a2-79c56fdffea5 a7a8d67c7cae4677aa104f1be95d5af5 009af71c12ce4bd681f438e60c0fefb6 - - default default] 10.0.0.147 "DELETE /v2.0/networks/211c99b8-bb97-4418-a3fa-1f0016d87a11 HTTP/1.1" status: 204 len: 168 time: 0.3541658
2026-06-26 18:19:54.887 9 INFO neutron.plugins.ml2.drivers.ovn.mech_driver.mech_driver [None req-2eb6e9db-6e57-4e1d-ad84-a7d1d22fb438 - - - - - -] OVN reports status up for port: 0dc0fae8-97dd-4422-9ccd-245f7f490bb0
2026-06-26 18:19:54.901 9 INFO neutron.plugins.ml2.plugin [None req-2eb6e9db-6e57-4e1d-ad84-a7d1d22fb438 - - - - - -] Attempt 1 to provision port 0dc0fae8-97dd-4422-9ccd-245f7f490bb0
2026-06-26 18:19:54.941 10 INFO neutron.db.ovn_revision_numbers_db [None req-fe5a6338-988e-46f4-8cc2-16faa54d35b0 88881c7dcb4d4b51a2b6fd40fc836ef8 87bc5849ea714106b58d6522ebb0be4d - - default default] Successfully bumped revision number for resource 0dc0fae8-97dd-4422-9ccd-245f7f490bb0 (type: router_ports) to 1
2026-06-26 18:19:55.155 10 INFO neutron.db.ovn_revision_numbers_db [None req-fe5a6338-988e-46f4-8cc2-16faa54d35b0 88881c7dcb4d4b51a2b6fd40fc836ef8 87bc5849ea714106b58d6522ebb0be4d - - default default] Successfully bumped revision number for resource 0dc0fae8-97dd-4422-9ccd-245f7f490bb0 (type: ports) to 1
2026-06-26 18:19:55.227 9 INFO neutron.db.ovn_revision_numbers_db [None req-2eb6e9db-6e57-4e1d-ad84-a7d1d22fb438 - - - - - -] Successfully bumped revision number for resource 0dc0fae8-97dd-4422-9ccd-245f7f490bb0 (type: ports) to 2
2026-06-26 18:19:55.245 9 INFO neutron.services.segments.plugin [-] Segment 7b5c2188-609f-4be2-b95c-5ef0e46c0c64 resource provider aggregate not found
2026-06-26 18:19:55.260 9 INFO neutron.services.segments.plugin [-] Segment 7b5c2188-609f-4be2-b95c-5ef0e46c0c64 resource provider not found; error: Placement Client Error (4xx): {"errors": [{"status": 404, "title": "Not Found", "detail": "The resource could not be found.\n\n No resource provider with uuid 7b5c2188-609f-4be2-b95c-5ef0e46c0c64 found for delete ", "request_id": "req-22d1a0be-7a02-4c4e-93a8-0ddb49e6890a"}]}
2026-06-26 18:19:55.276 9 INFO neutron.services.segments.plugin [-] Segment 7b5c2188-609f-4be2-b95c-5ef0e46c0c64 resource provider aggregate not found
2026-06-26 18:19:55.279 10 WARNING neutron.scheduler.dhcp_agent_scheduler [None req-fe5a6338-988e-46f4-8cc2-16faa54d35b0 88881c7dcb4d4b51a2b6fd40fc836ef8 87bc5849ea714106b58d6522ebb0be4d - - default default] No more DHCP agents
2026-06-26 18:19:55.282 10 WARNING neutron.api.rpc.agentnotifiers.dhcp_rpc_agent_api [None req-fe5a6338-988e-46f4-8cc2-16faa54d35b0 88881c7dcb4d4b51a2b6fd40fc836ef8 87bc5849ea714106b58d6522ebb0be4d - - default default] Unable to schedule network 6e3df5ad-43f2-4ad5-b62a-402560a57830: no agents available; will retry on subsequent port and subnet creation events.
2026-06-26 18:19:55.287 9 INFO neutron.services.segments.plugin [-] Segment 89d26ab6-b685-4de6-ac4e-fecd54e1c82a resource provider aggregate not found
2026-06-26 18:19:55.298 9 INFO neutron.services.segments.plugin [-] Segment 7b5c2188-609f-4be2-b95c-5ef0e46c0c64 resource provider not found; error: Placement Client Error (4xx): {"errors": [{"status": 404, "title": "Not Found", "detail": "The resource could not be found.\n\n No resource provider with uuid 7b5c2188-609f-4be2-b95c-5ef0e46c0c64 found for delete ", "request_id": "req-5e4fb5cc-c791-4bf8-b0d8-c4073ab6962c"}]}
2026-06-26 18:19:55.305 9 INFO neutron.services.segments.plugin [-] Segment 89d26ab6-b685-4de6-ac4e-fecd54e1c82a resource provider not found; error: Placement Client Error (4xx): {"errors": [{"status": 404, "title": "Not Found", "detail": "The resource could not be found.\n\n No resource provider with uuid 89d26ab6-b685-4de6-ac4e-fecd54e1c82a found for delete ", "request_id": "req-659f7507-1a18-467b-bc6f-78254eb66fa1"}]}
2026-06-26 18:19:55.306 10 INFO neutron.wsgi [None req-261cb49a-02d0-4bd8-9ffb-9d662eb6b312 a7a8d67c7cae4677aa104f1be95d5af5 009af71c12ce4bd681f438e60c0fefb6 - - default default] 10.0.0.147 "DELETE /v2.0/networks/6d1b3e64-d551-47cd-9a9e-e8d3ec38b269 HTTP/1.1" status: 204 len: 168 time: 0.4544847
2026-06-26 18:19:55.318 9 INFO neutron.wsgi [req-4ca3f959-b9ed-4c5e-be22-b5add4ad9aec req-6a22ba67-80e8-4762-9e32-79066eb4a81c a20de478c48a486d943fd4e93ede9fb6 7cf99ee505d147c2a3a06cfc059defd0 - - default default] 199.204.45.95 "GET /v2.0/networks?id=f466a8b4-fc20-4fb2-8331-0d9e5a8d43c8 HTTP/1.1" status: 200 len: 859 time: 0.1398013
2026-06-26 18:19:55.319 9 INFO neutron.services.segments.plugin [-] Segment 89d26ab6-b685-4de6-ac4e-fecd54e1c82a resource provider aggregate not found
2026-06-26 18:19:55.333 9 INFO neutron.services.segments.plugin [-] Segment 89d26ab6-b685-4de6-ac4e-fecd54e1c82a resource provider not found; error: Placement Client Error (4xx): {"errors": [{"status": 404, "title": "Not Found", "detail": "The resource could not be found.\n\n No resource provider with uuid 89d26ab6-b685-4de6-ac4e-fecd54e1c82a found for delete ", "request_id": "req-fccee36e-ae77-48b0-a7eb-cd03415d6909"}]}
2026-06-26 18:19:55.395 9 INFO neutron.wsgi [req-4ca3f959-b9ed-4c5e-be22-b5add4ad9aec req-59caa6d6-86f8-439e-a658-2797fa69f52a a20de478c48a486d943fd4e93ede9fb6 7cf99ee505d147c2a3a06cfc059defd0 - - default default] 199.204.45.95 "GET /v2.0/security-groups?fields=id&fields=name&tenant_id=7cf99ee505d147c2a3a06cfc059defd0 HTTP/1.1" status: 200 len: 472 time: 0.0720143
2026-06-26 18:19:55.458 10 INFO neutron.db.ovn_revision_numbers_db [None req-fe5a6338-988e-46f4-8cc2-16faa54d35b0 88881c7dcb4d4b51a2b6fd40fc836ef8 87bc5849ea714106b58d6522ebb0be4d - - default default] Successfully bumped revision number for resource 0dc0fae8-97dd-4422-9ccd-245f7f490bb0 (type: router_ports) to 2
2026-06-26 18:19:55.458 9 INFO neutron.db.ovn_revision_numbers_db [None req-2eb6e9db-6e57-4e1d-ad84-a7d1d22fb438 - - - - - -] Successfully bumped revision number for resource 0dc0fae8-97dd-4422-9ccd-245f7f490bb0 (type: router_ports) to 2
2026-06-26 18:19:55.461 10 INFO neutron.wsgi [None req-fe5a6338-988e-46f4-8cc2-16faa54d35b0 88881c7dcb4d4b51a2b6fd40fc836ef8 87bc5849ea714106b58d6522ebb0be4d - - default default] 10.0.0.147 "PUT /v2.0/routers/25773965-9370-4304-afb9-8b3663a852a1/add_router_interface HTTP/1.1" status: 200 len: 503 time: 2.0608728
2026-06-26 18:19:55.500 10 INFO neutron.wsgi [None req-36636cc4-3393-4060-ba5d-536ff7a1b763 88881c7dcb4d4b51a2b6fd40fc836ef8 87bc5849ea714106b58d6522ebb0be4d - - default default] 10.0.0.147 "GET /v2.0/ports/0dc0fae8-97dd-4422-9ccd-245f7f490bb0 HTTP/1.1" status: 200 len: 1137 time: 0.0338223
2026-06-26 18:19:55.534 10 INFO neutron.wsgi [None req-1eac5147-f516-4d60-b81a-fcf431d63dd9 88881c7dcb4d4b51a2b6fd40fc836ef8 87bc5849ea714106b58d6522ebb0be4d - - default default] 10.0.0.147 "GET /v2.0/ports/0dc0fae8-97dd-4422-9ccd-245f7f490bb0 HTTP/1.1" status: 200 len: 1137 time: 0.0298367
2026-06-26 18:19:55.585 10 INFO neutron.wsgi [req-d7e3584e-c033-44fd-814b-06483400287c req-0f2c63cc-96b3-4b8c-8ac5-9a141d9e07f7 a20de478c48a486d943fd4e93ede9fb6 7cf99ee505d147c2a3a06cfc059defd0 - - default default] 10.0.0.50 "GET /v2.0/ports?device_id=ee99d778-eef0-4761-9f3d-f81a91813a1d HTTP/1.1" status: 200 len: 210 time: 0.0203032
2026-06-26 18:19:55.867 9 WARNING neutron.scheduler.dhcp_agent_scheduler [req-4ca3f959-b9ed-4c5e-be22-b5add4ad9aec req-af9c3c80-f712-41a6-817b-6478f339cd9e a20de478c48a486d943fd4e93ede9fb6 7cf99ee505d147c2a3a06cfc059defd0 - - default default] No more DHCP agents
2026-06-26 18:19:55.877 9 WARNING neutron.api.rpc.agentnotifiers.dhcp_rpc_agent_api [req-4ca3f959-b9ed-4c5e-be22-b5add4ad9aec req-af9c3c80-f712-41a6-817b-6478f339cd9e a20de478c48a486d943fd4e93ede9fb6 7cf99ee505d147c2a3a06cfc059defd0 - - default default] Unable to schedule network f466a8b4-fc20-4fb2-8331-0d9e5a8d43c8: no agents available; will retry on subsequent port and subnet creation events.
2026-06-26 18:19:56.098 9 INFO neutron.db.ovn_revision_numbers_db [req-4ca3f959-b9ed-4c5e-be22-b5add4ad9aec req-af9c3c80-f712-41a6-817b-6478f339cd9e a20de478c48a486d943fd4e93ede9fb6 7cf99ee505d147c2a3a06cfc059defd0 - - default default] Successfully bumped revision number for resource 82932788-2358-41c3-b012-58a750e2de27 (type: ports) to 1
2026-06-26 18:19:56.151 9 INFO neutron.wsgi [req-4ca3f959-b9ed-4c5e-be22-b5add4ad9aec req-af9c3c80-f712-41a6-817b-6478f339cd9e a20de478c48a486d943fd4e93ede9fb6 7cf99ee505d147c2a3a06cfc059defd0 - - default default] 199.204.45.95 "POST /v2.0/ports HTTP/1.1" status: 201 len: 1162 time: 0.7502065 /var/lib/openstack/lib/python3.10/site-packages/pycadf/identifier.py:71: UserWarning: Invalid uuid: neutron. To ensure interoperability, identifiers should be a valid uuid. warnings.warn(('Invalid uuid: %s. To ensure interoperability, '
2026-06-26 18:19:56.410 9 INFO neutron.wsgi [None req-e0f5f809-a0af-4946-90cb-03a5c6a02490 88881c7dcb4d4b51a2b6fd40fc836ef8 87bc5849ea714106b58d6522ebb0be4d - - default default] 10.0.0.147 "PUT /v2.0/routers/25773965-9370-4304-afb9-8b3663a852a1/remove_router_interface HTTP/1.1" status: 200 len: 503 time: 0.8711212
2026-06-26 18:19:56.437 10 INFO neutron.wsgi [None req-564907bf-5bf2-4770-a2df-91c61cd12d32 88881c7dcb4d4b51a2b6fd40fc836ef8 87bc5849ea714106b58d6522ebb0be4d - - default default] 10.0.0.147 "GET /v2.0/ports?device_id=25773965-9370-4304-afb9-8b3663a852a1 HTTP/1.1" status: 200 len: 205 time: 0.0202107 /var/lib/openstack/lib/python3.10/site-packages/pycadf/identifier.py:71: UserWarning: Invalid uuid: neutron. To ensure interoperability, identifiers should be a valid uuid. warnings.warn(('Invalid uuid: %s. To ensure interoperability, '
2026-06-26 18:19:56.457 10 INFO neutron.services.segments.plugin [-] Segment e2f7d23a-265c-4ea7-b760-b8ff6e18993e resource provider aggregate not found
2026-06-26 18:19:56.480 10 INFO neutron.services.segments.plugin [-] Segment e2f7d23a-265c-4ea7-b760-b8ff6e18993e resource provider aggregate not found
2026-06-26 18:19:56.487 10 INFO neutron.services.segments.plugin [-] Segment e2f7d23a-265c-4ea7-b760-b8ff6e18993e resource provider not found; error: Placement Client Error (4xx): {"errors": [{"status": 404, "title": "Not Found", "detail": "The resource could not be found.\n\n No resource provider with uuid e2f7d23a-265c-4ea7-b760-b8ff6e18993e found for delete ", "request_id": "req-16714677-7d97-4f5e-9e57-0e3fff593092"}]}
2026-06-26 18:19:56.497 10 INFO neutron.services.segments.plugin [-] Segment e2f7d23a-265c-4ea7-b760-b8ff6e18993e resource provider not found; error: Placement Client Error (4xx): {"errors": [{"status": 404, "title": "Not Found", "detail": "The resource could not be found.\n\n No resource provider with uuid e2f7d23a-265c-4ea7-b760-b8ff6e18993e found for delete ", "request_id": "req-838f4053-a045-4c09-bc57-d4247c3026cd"}]}
2026-06-26 18:19:56.561 10 INFO neutron.db.ovn_revision_numbers_db [None req-be8e29cf-37f9-4455-a33d-1200f5dfdb24 605fd3cf3db54279a313bc616ccd7cf9 1bc9790d7bc2424d8a6869044ba32542 - - default default] Successfully bumped revision number for resource 83fbb847-a521-494d-8356-dc7df602371b (type: security_groups) to 1
2026-06-26 18:19:56.577 10 INFO neutron.db.ovn_revision_numbers_db [None req-be8e29cf-37f9-4455-a33d-1200f5dfdb24 605fd3cf3db54279a313bc616ccd7cf9 1bc9790d7bc2424d8a6869044ba32542 - - default default] Successfully bumped revision number for resource 442ccfe9-7e80-4bb0-9a8b-bb5d7e10defe (type: security_group_rules) to 0
2026-06-26 18:19:56.592 10 INFO neutron.db.ovn_revision_numbers_db [None req-be8e29cf-37f9-4455-a33d-1200f5dfdb24 605fd3cf3db54279a313bc616ccd7cf9 1bc9790d7bc2424d8a6869044ba32542 - - default default] Successfully bumped revision number for resource 452c6010-b285-4565-925b-cf468a3e2ac5 (type: security_group_rules) to 0
2026-06-26 18:19:56.607 10 INFO neutron.db.ovn_revision_numbers_db [None req-be8e29cf-37f9-4455-a33d-1200f5dfdb24 605fd3cf3db54279a313bc616ccd7cf9 1bc9790d7bc2424d8a6869044ba32542 - - default default] Successfully bumped revision number for resource da7e8a5b-ccf0-4908-b531-6352aaff217c (type: security_group_rules) to 0
2026-06-26 18:19:56.621 10 INFO neutron.db.ovn_revision_numbers_db [None req-be8e29cf-37f9-4455-a33d-1200f5dfdb24 605fd3cf3db54279a313bc616ccd7cf9 1bc9790d7bc2424d8a6869044ba32542 - - default default] Successfully bumped revision number for resource e98f8f32-a8be-4993-a908-796c77be0101 (type: security_group_rules) to 0
2026-06-26 18:19:56.649 10 INFO neutron.wsgi [None req-be8e29cf-37f9-4455-a33d-1200f5dfdb24 605fd3cf3db54279a313bc616ccd7cf9 1bc9790d7bc2424d8a6869044ba32542 - - default default] 10.0.0.147 "GET /v2.0/security-groups?tenant_id=61db82bc73ef4f24817754bf9dda1978&name=default HTTP/1.1" status: 200 len: 2996 time: 0.4021063
2026-06-26 18:19:56.706 10 INFO neutron.wsgi [req-fe5bf6b3-d9aa-43eb-9822-f8a0685477a4 req-6990fea4-cd3c-4dda-86b7-dedef03e9759 a20de478c48a486d943fd4e93ede9fb6 7cf99ee505d147c2a3a06cfc059defd0 - - default default] 10.0.0.50 "GET /v2.0/ports?device_id=ee99d778-eef0-4761-9f3d-f81a91813a1d HTTP/1.1" status: 200 len: 1172 time: 0.0447907
2026-06-26 18:19:56.771 10 INFO neutron.wsgi [req-fe5bf6b3-d9aa-43eb-9822-f8a0685477a4 req-a03c4a49-4ad8-45f6-9d89-8293a87ba16d a20de478c48a486d943fd4e93ede9fb6 7cf99ee505d147c2a3a06cfc059defd0 - - default default] 10.0.0.50 "GET /v2.0/security-groups?id=8338321c-2171-4e7b-a5a4-80073913cf6c&fields=id&fields=name HTTP/1.1" status: 200 len: 313 time: 0.0578127
2026-06-26 18:19:56.921 10 INFO neutron.wsgi [None req-a068ecdd-85b2-46e6-a766-687a6f42603b 605fd3cf3db54279a313bc616ccd7cf9 1bc9790d7bc2424d8a6869044ba32542 - - default default] 10.0.0.147 "DELETE /v2.0/security-groups/83fbb847-a521-494d-8356-dc7df602371b HTTP/1.1" status: 204 len: 168 time: 0.2655518
2026-06-26 18:19:56.925 9 INFO neutron.wsgi [None req-cdc34c1d-c6db-4e4d-9ff6-37d0bdac6d47 88881c7dcb4d4b51a2b6fd40fc836ef8 87bc5849ea714106b58d6522ebb0be4d - - default default] 10.0.0.147 "DELETE /v2.0/routers/25773965-9370-4304-afb9-8b3663a852a1 HTTP/1.1" status: 204 len: 168 time: 0.4822147 /var/lib/openstack/lib/python3.10/site-packages/pycadf/identifier.py:71: UserWarning: Invalid uuid: neutron. To ensure interoperability, identifiers should be a valid uuid. warnings.warn(('Invalid uuid: %s. To ensure interoperability, '
2026-06-26 18:19:57.014 9 INFO neutron.db.ovn_revision_numbers_db [req-4ca3f959-b9ed-4c5e-be22-b5add4ad9aec req-24ce2ba1-a3de-4072-8826-a54518c246b5 b2e1c5b26e8a477ba4f6f83b5197bf9e ce0c4b50600142b4ab26d17843c734b4 - - c3640017cad04f80a51ff14811cf726e c3640017cad04f80a51ff14811cf726e] Successfully bumped revision number for resource 82932788-2358-41c3-b012-58a750e2de27 (type: ports) to 2
2026-06-26 18:19:57.134 10 INFO neutron.wsgi [None req-cc18e6cd-16c1-4ac7-a987-c8a58dfd728b 88881c7dcb4d4b51a2b6fd40fc836ef8 87bc5849ea714106b58d6522ebb0be4d - - default default] 10.0.0.147 "DELETE /v2.0/subnets/43d2ddf9-c2ae-4a97-a1c5-47dec043c8e9 HTTP/1.1" status: 204 len: 168 time: 0.2037702
2026-06-26 18:19:57.165 9 INFO neutron.db.ovn_revision_numbers_db [None req-edaa6224-42d4-4c87-87c8-c1a94e7623a3 605fd3cf3db54279a313bc616ccd7cf9 1bc9790d7bc2424d8a6869044ba32542 - - default default] Successfully bumped revision number for resource 64315e8e-e2e6-49d6-9f87-c3137ebb7023 (type: security_groups) to 1
2026-06-26 18:19:57.193 9 INFO neutron.db.ovn_revision_numbers_db [None req-edaa6224-42d4-4c87-87c8-c1a94e7623a3 605fd3cf3db54279a313bc616ccd7cf9 1bc9790d7bc2424d8a6869044ba32542 - - default default] Successfully bumped revision number for resource 5e992e0f-568f-46d0-8f64-ddbcd11ff99f (type: security_group_rules) to 0
2026-06-26 18:19:57.214 9 INFO neutron.db.ovn_revision_numbers_db [None req-edaa6224-42d4-4c87-87c8-c1a94e7623a3 605fd3cf3db54279a313bc616ccd7cf9 1bc9790d7bc2424d8a6869044ba32542 - - default default] Successfully bumped revision number for resource 5fc941a7-dde3-4d40-8159-f8c09f660b5e (type: security_group_rules) to 0
2026-06-26 18:19:57.235 9 INFO neutron.db.ovn_revision_numbers_db [None req-edaa6224-42d4-4c87-87c8-c1a94e7623a3 605fd3cf3db54279a313bc616ccd7cf9 1bc9790d7bc2424d8a6869044ba32542 - - default default] Successfully bumped revision number for resource 703638bc-4da0-428f-ab6d-02ec510e4b1e (type: security_group_rules) to 0
2026-06-26 18:19:57.241 9 INFO neutron.db.ovn_revision_numbers_db [req-4ca3f959-b9ed-4c5e-be22-b5add4ad9aec req-24ce2ba1-a3de-4072-8826-a54518c246b5 b2e1c5b26e8a477ba4f6f83b5197bf9e ce0c4b50600142b4ab26d17843c734b4 - - c3640017cad04f80a51ff14811cf726e c3640017cad04f80a51ff14811cf726e] Successfully bumped revision number for resource 82932788-2358-41c3-b012-58a750e2de27 (type: ports) to 2
2026-06-26 18:19:57.250 9 INFO neutron.db.ovn_revision_numbers_db [None req-edaa6224-42d4-4c87-87c8-c1a94e7623a3 605fd3cf3db54279a313bc616ccd7cf9 1bc9790d7bc2424d8a6869044ba32542 - - default default] Successfully bumped revision number for resource 762a08bb-c46a-4b4f-bf98-22206ea33fa4 (type: security_group_rules) to 0
2026-06-26 18:19:57.262 9 INFO neutron.wsgi [req-4ca3f959-b9ed-4c5e-be22-b5add4ad9aec req-24ce2ba1-a3de-4072-8826-a54518c246b5 b2e1c5b26e8a477ba4f6f83b5197bf9e ce0c4b50600142b4ab26d17843c734b4 - - c3640017cad04f80a51ff14811cf726e c3640017cad04f80a51ff14811cf726e] 199.204.45.95 "PUT /v2.0/ports/82932788-2358-41c3-b012-58a750e2de27 HTTP/1.1" status: 200 len: 1380 time: 1.1021128
2026-06-26 18:19:57.280 9 INFO neutron.wsgi [None req-edaa6224-42d4-4c87-87c8-c1a94e7623a3 605fd3cf3db54279a313bc616ccd7cf9 1bc9790d7bc2424d8a6869044ba32542 - - default default] 10.0.0.147 "GET /v2.0/security-groups?tenant_id=5b8b90a07b2a4b8c8d9345fa4892ca57&name=default HTTP/1.1" status: 200 len: 2996 time: 0.2717340 /var/lib/openstack/lib/python3.10/site-packages/pycadf/identifier.py:71: UserWarning: Invalid uuid: neutron. To ensure interoperability, identifiers should be a valid uuid. warnings.warn(('Invalid uuid: %s. To ensure interoperability, '
2026-06-26 18:19:57.303 9 INFO neutron.notifiers.nova [-] Nova event matching ['req-fb8ffdd4-8a7c-4f60-83f7-37f76b12ae39'] response: {'name': 'network-changed', 'server_uuid': 'ee99d778-eef0-4761-9f3d-f81a91813a1d', 'tag': '82932788-2358-41c3-b012-58a750e2de27', 'status': 'completed', 'code': 200}
2026-06-26 18:19:57.327 9 INFO neutron.wsgi [req-4ca3f959-b9ed-4c5e-be22-b5add4ad9aec req-f23fc3af-ba56-46a7-84da-d44401215e3e b2e1c5b26e8a477ba4f6f83b5197bf9e ce0c4b50600142b4ab26d17843c734b4 - - c3640017cad04f80a51ff14811cf726e c3640017cad04f80a51ff14811cf726e] 199.204.45.95 "GET /v2.0/ports?tenant_id=7cf99ee505d147c2a3a06cfc059defd0&device_id=ee99d778-eef0-4761-9f3d-f81a91813a1d HTTP/1.1" status: 200 len: 1411 time: 0.0330358
2026-06-26 18:19:57.359 9 INFO neutron.wsgi [req-4ca3f959-b9ed-4c5e-be22-b5add4ad9aec req-6eb06447-0348-490a-953d-46d8c23a8f08 b2e1c5b26e8a477ba4f6f83b5197bf9e ce0c4b50600142b4ab26d17843c734b4 - - c3640017cad04f80a51ff14811cf726e c3640017cad04f80a51ff14811cf726e] 199.204.45.95 "GET /v2.0/floatingips?fixed_ip_address=10.100.0.12&port_id=82932788-2358-41c3-b012-58a750e2de27 HTTP/1.1" status: 200 len: 217 time: 0.0235691
2026-06-26 18:19:57.400 9 INFO neutron.wsgi [req-4ca3f959-b9ed-4c5e-be22-b5add4ad9aec req-e2e63e15-a695-418c-a77e-b284e716fdf2 b2e1c5b26e8a477ba4f6f83b5197bf9e ce0c4b50600142b4ab26d17843c734b4 - - c3640017cad04f80a51ff14811cf726e c3640017cad04f80a51ff14811cf726e] 199.204.45.95 "GET /v2.0/subnets?id=110d63a2-5fe6-496f-824d-ac4e304f6f62 HTTP/1.1" status: 200 len: 852 time: 0.0348859
2026-06-26 18:19:57.429 9 INFO neutron.wsgi [req-4ca3f959-b9ed-4c5e-be22-b5add4ad9aec req-16c94a68-4e5f-4d8a-814f-064dae0299ee b2e1c5b26e8a477ba4f6f83b5197bf9e ce0c4b50600142b4ab26d17843c734b4 - - c3640017cad04f80a51ff14811cf726e c3640017cad04f80a51ff14811cf726e] 199.204.45.95 "GET /v2.0/ports?network_id=f466a8b4-fc20-4fb2-8331-0d9e5a8d43c8&device_owner=network%3Adhcp HTTP/1.1" status: 200 len: 210 time: 0.0214612
