2026-06-26 18:21:27.381 9 INFO neutron.wsgi [None req-e4b27f8b-fae8-4cbf-9742-040bcd5c4957 333f735fbade4dad9b444106f15320f2 e505f1ca3ce24dcc9303ec3750e51123 - - default default] 10.0.0.147 "GET /v2.0/floatingips/a839c42d-90dd-4800-8cd6-a9d93bf478c6/tags HTTP/1.1" status: 200 len: 245 time: 0.0319016
2026-06-26 18:21:27.427 10 INFO neutron.wsgi [None req-d272b2cb-16b6-496f-a023-009525b16cc7 c82cdca9798c4e279afcfdbe1ec646f3 9cc5ee2549ad431dace47183ba2b6525 - - default default] 10.0.0.250 "GET /v2.0/subnets/c20a3fa6-3819-42e9-9779-631f67c780ff HTTP/1.1" status: 200 len: 833 time: 0.3049519
2026-06-26 18:21:27.441 10 INFO neutron.wsgi [None req-d9baac41-c578-4fe8-85e7-c34a50986d9a 605fd3cf3db54279a313bc616ccd7cf9 1bc9790d7bc2424d8a6869044ba32542 - - default default] 10.0.0.250 "GET /v2.0/extensions/security-group HTTP/1.1" status: 200 len: 369 time: 0.0049813
2026-06-26 18:21:27.443 10 INFO neutron.wsgi [None req-0b67b144-be89-4db4-ab8f-5b0280afc376 333f735fbade4dad9b444106f15320f2 e505f1ca3ce24dcc9303ec3750e51123 - - default default] 10.0.0.147 "PUT /v2.0/floatingips/a839c42d-90dd-4800-8cd6-a9d93bf478c6/tags HTTP/1.1" status: 200 len: 230 time: 0.0515046
2026-06-26 18:21:27.450 10 INFO neutron.wsgi [None req-19e1bfaa-1b46-48c1-9e82-c2f4721abfee 605fd3cf3db54279a313bc616ccd7cf9 1bc9790d7bc2424d8a6869044ba32542 - - default default] 10.0.0.250 "GET /v2.0/extensions/dns-integration HTTP/1.1" status: 200 len: 371 time: 0.0061121
2026-06-26 18:21:27.461 10 INFO neutron.wsgi [None req-62fba3e2-a50d-4a32-bbcd-7b858ca89706 605fd3cf3db54279a313bc616ccd7cf9 1bc9790d7bc2424d8a6869044ba32542 - - default default] 10.0.0.250 "GET /v2.0/extensions/qos HTTP/1.1" status: 200 len: 365 time: 0.0040941
2026-06-26 18:21:27.469 10 INFO neutron.wsgi [None req-e26ac5db-6d55-41ba-9f92-625791854fc5 605fd3cf3db54279a313bc616ccd7cf9 1bc9790d7bc2424d8a6869044ba32542 - - default default] 10.0.0.250 "GET /v2.0/extensions/allowed-address-pairs HTTP/1.1" status: 200 len: 383 time: 0.0039530
2026-06-26 18:21:27.476 9 INFO neutron.wsgi [None req-ab42b940-f2a5-4b5a-8057-5d9e5933587f 333f735fbade4dad9b444106f15320f2 e505f1ca3ce24dcc9303ec3750e51123 - - default default] 10.0.0.147 "GET /v2.0/floatingips/a839c42d-90dd-4800-8cd6-a9d93bf478c6/tags HTTP/1.1" status: 200 len: 230 time: 0.0261931
2026-06-26 18:21:27.507 10 INFO neutron.wsgi [None req-090f5ecd-6514-4480-acc9-f6e896adc6c8 605fd3cf3db54279a313bc616ccd7cf9 1bc9790d7bc2424d8a6869044ba32542 - - default default] 10.0.0.250 "GET /v2.0/subnets/c20a3fa6-3819-42e9-9779-631f67c780ff HTTP/1.1" status: 200 len: 851 time: 0.0311260
2026-06-26 18:21:27.522 9 INFO neutron.wsgi [None req-ea91cd74-475b-4ce6-a843-9097421c8d24 333f735fbade4dad9b444106f15320f2 e505f1ca3ce24dcc9303ec3750e51123 - - default default] 10.0.0.147 "GET /v2.0/floatingips/a839c42d-90dd-4800-8cd6-a9d93bf478c6/tags/red HTTP/1.1" status: 204 len: 168 time: 0.0394945
2026-06-26 18:21:27.590 10 INFO neutron.api.v2.resource [None req-0cde1dbc-6bde-43ea-a1e8-ed81feb7632e 333f735fbade4dad9b444106f15320f2 e505f1ca3ce24dcc9303ec3750e51123 - - default default] show failed (client error): The resource could not be found.
2026-06-26 18:21:27.592 10 INFO neutron.wsgi [None req-0cde1dbc-6bde-43ea-a1e8-ed81feb7632e 333f735fbade4dad9b444106f15320f2 e505f1ca3ce24dcc9303ec3750e51123 - - default default] 10.0.0.147 "GET /v2.0/floatingips/a839c42d-90dd-4800-8cd6-a9d93bf478c6/tags/green HTTP/1.1" status: 404 len: 299 time: 0.0631430
2026-06-26 18:21:27.594 9 INFO neutron.db.ovn_revision_numbers_db [None req-4304efc4-e7f3-4acb-acf8-af31c96d11ae 605fd3cf3db54279a313bc616ccd7cf9 1bc9790d7bc2424d8a6869044ba32542 - - default default] Successfully bumped revision number for resource 6ba1d47a-1e75-4f75-b115-9245ec0b6aa4 (type: router_ports) to 2
2026-06-26 18:21:27.597 9 INFO neutron.wsgi [None req-4304efc4-e7f3-4acb-acf8-af31c96d11ae 605fd3cf3db54279a313bc616ccd7cf9 1bc9790d7bc2424d8a6869044ba32542 - - default default] 10.0.0.147 "PUT /v2.0/routers/e39d306d-088b-43bf-98bf-1431968c0b61/add_router_interface HTTP/1.1" status: 200 len: 503 time: 2.7188272
2026-06-26 18:21:27.631 10 INFO neutron.wsgi [None req-7df75091-e75b-4f47-b39e-9b701774c9e0 333f735fbade4dad9b444106f15320f2 e505f1ca3ce24dcc9303ec3750e51123 - - default default] 10.0.0.147 "DELETE /v2.0/floatingips/a839c42d-90dd-4800-8cd6-a9d93bf478c6/tags/red HTTP/1.1" status: 204 len: 168 time: 0.0355649
2026-06-26 18:21:27.662 10 INFO neutron.wsgi [None req-946f9e2d-a9db-4c92-8462-b6e7147145f8 333f735fbade4dad9b444106f15320f2 e505f1ca3ce24dcc9303ec3750e51123 - - default default] 10.0.0.147 "GET /v2.0/floatingips/a839c42d-90dd-4800-8cd6-a9d93bf478c6/tags HTTP/1.1" status: 200 len: 223 time: 0.0253479
2026-06-26 18:21:27.708 10 INFO neutron.api.v2.resource [None req-de974326-a14f-4117-b467-343fd2273b3d 333f735fbade4dad9b444106f15320f2 e505f1ca3ce24dcc9303ec3750e51123 - - default default] delete failed (client error): The resource could not be found.
2026-06-26 18:21:27.709 10 INFO neutron.wsgi [None req-de974326-a14f-4117-b467-343fd2273b3d 333f735fbade4dad9b444106f15320f2 e505f1ca3ce24dcc9303ec3750e51123 - - default default] 10.0.0.147 "DELETE /v2.0/floatingips/a839c42d-90dd-4800-8cd6-a9d93bf478c6/tags/green HTTP/1.1" status: 404 len: 299 time: 0.0429187
2026-06-26 18:21:27.744 10 INFO neutron.wsgi [None req-2400a0fb-9e2f-4543-b889-a2171ec77045 605fd3cf3db54279a313bc616ccd7cf9 1bc9790d7bc2424d8a6869044ba32542 - - default default] 10.0.0.250 "GET /v2.0/extensions/security-group HTTP/1.1" status: 200 len: 369 time: 0.0062890
2026-06-26 18:21:27.751 10 INFO neutron.wsgi [None req-8f8add5a-b1a6-4f6e-ba79-029553ca21e5 605fd3cf3db54279a313bc616ccd7cf9 1bc9790d7bc2424d8a6869044ba32542 - - default default] 10.0.0.250 "GET /v2.0/extensions/dns-integration HTTP/1.1" status: 200 len: 371 time: 0.0034378
2026-06-26 18:21:27.764 10 INFO neutron.wsgi [None req-23a8026b-43f6-471d-bf25-f282daf6985e 605fd3cf3db54279a313bc616ccd7cf9 1bc9790d7bc2424d8a6869044ba32542 - - default default] 10.0.0.250 "GET /v2.0/extensions/qos HTTP/1.1" status: 200 len: 365 time: 0.0043879
2026-06-26 18:21:27.771 10 INFO neutron.wsgi [None req-178938af-80c0-4aa0-98d7-d99daad14d8a 605fd3cf3db54279a313bc616ccd7cf9 1bc9790d7bc2424d8a6869044ba32542 - - default default] 10.0.0.250 "GET /v2.0/extensions/allowed-address-pairs HTTP/1.1" status: 200 len: 383 time: 0.0036840
2026-06-26 18:21:27.773 10 INFO neutron.wsgi [None req-8b979c9b-5afc-4b13-a49c-fbffa9d18875 333f735fbade4dad9b444106f15320f2 e505f1ca3ce24dcc9303ec3750e51123 - - default default] 10.0.0.147 "DELETE /v2.0/floatingips/a839c42d-90dd-4800-8cd6-a9d93bf478c6/tags HTTP/1.1" status: 204 len: 168 time: 0.0577917
2026-06-26 18:21:27.815 10 INFO neutron.wsgi [None req-881c98a9-6a43-4d01-9ca3-a3b42aa2e035 333f735fbade4dad9b444106f15320f2 e505f1ca3ce24dcc9303ec3750e51123 - - default default] 10.0.0.147 "GET /v2.0/floatingips/a839c42d-90dd-4800-8cd6-a9d93bf478c6/tags HTTP/1.1" status: 200 len: 205 time: 0.0359817
2026-06-26 18:21:27.851 10 INFO neutron.wsgi [None req-32ad01e5-9520-4366-ae0b-710fba0a8889 605fd3cf3db54279a313bc616ccd7cf9 1bc9790d7bc2424d8a6869044ba32542 - - default default] 10.0.0.250 "GET /v2.0/networks/25ee3f8f-66b2-4207-8735-4cffd15e2819 HTTP/1.1" status: 200 len: 1000 time: 0.0714543
2026-06-26 18:21:27.863 10 INFO neutron.wsgi [None req-96bbd808-686f-4886-8088-afc3b4466196 605fd3cf3db54279a313bc616ccd7cf9 1bc9790d7bc2424d8a6869044ba32542 - - default default] 10.0.0.250 "GET /v2.0/extensions/project-id HTTP/1.1" status: 200 len: 403 time: 0.0033612
2026-06-26 18:21:28.172 9 INFO neutron.wsgi [None req-5ada850f-441b-4af3-b5af-8588f57a1eb8 333f735fbade4dad9b444106f15320f2 e505f1ca3ce24dcc9303ec3750e51123 - - default default] 10.0.0.147 "DELETE /v2.0/floatingips/a839c42d-90dd-4800-8cd6-a9d93bf478c6 HTTP/1.1" status: 204 len: 168 time: 0.3427677
2026-06-26 18:21:28.173 10 WARNING neutron.scheduler.dhcp_agent_scheduler [None req-74ec6091-acf2-40fa-aad0-80d47b04aff3 605fd3cf3db54279a313bc616ccd7cf9 1bc9790d7bc2424d8a6869044ba32542 - - default default] No more DHCP agents
2026-06-26 18:21:28.174 10 WARNING neutron.api.rpc.agentnotifiers.dhcp_rpc_agent_api [None req-74ec6091-acf2-40fa-aad0-80d47b04aff3 605fd3cf3db54279a313bc616ccd7cf9 1bc9790d7bc2424d8a6869044ba32542 - - default default] Unable to schedule network 25ee3f8f-66b2-4207-8735-4cffd15e2819: no agents available; will retry on subsequent port and subnet creation events.
2026-06-26 18:21:28.329 10 INFO neutron.db.ovn_revision_numbers_db [None req-74ec6091-acf2-40fa-aad0-80d47b04aff3 605fd3cf3db54279a313bc616ccd7cf9 1bc9790d7bc2424d8a6869044ba32542 - - default default] Successfully bumped revision number for resource ac07f48a-18d0-4653-8c0c-ddf7cdc1e38b (type: ports) to 1
2026-06-26 18:21:28.348 10 INFO neutron.wsgi [None req-74ec6091-acf2-40fa-aad0-80d47b04aff3 605fd3cf3db54279a313bc616ccd7cf9 1bc9790d7bc2424d8a6869044ba32542 - - default default] 10.0.0.250 "POST /v2.0/ports HTTP/1.1" status: 201 len: 1337 time: 0.4800038
2026-06-26 18:21:28.941 9 INFO neutron.db.ovn_revision_numbers_db [None req-d3b7ddfd-f802-43af-92ed-6e1adf143a45 605fd3cf3db54279a313bc616ccd7cf9 1bc9790d7bc2424d8a6869044ba32542 - - default default] Successfully bumped revision number for resource 0a060e5a-a285-4c46-9462-2472c2d24984 (type: security_groups) to 1
2026-06-26 18:21:28.959 9 INFO neutron.db.ovn_revision_numbers_db [None req-d3b7ddfd-f802-43af-92ed-6e1adf143a45 605fd3cf3db54279a313bc616ccd7cf9 1bc9790d7bc2424d8a6869044ba32542 - - default default] Successfully bumped revision number for resource 0d938dfe-4e2a-4780-af34-092bdaf103cd (type: security_group_rules) to 0
2026-06-26 18:21:28.975 9 INFO neutron.db.ovn_revision_numbers_db [None req-d3b7ddfd-f802-43af-92ed-6e1adf143a45 605fd3cf3db54279a313bc616ccd7cf9 1bc9790d7bc2424d8a6869044ba32542 - - default default] Successfully bumped revision number for resource 0e8dc733-39b7-4255-a950-6cf4124f896e (type: security_group_rules) to 0
2026-06-26 18:21:28.990 9 INFO neutron.db.ovn_revision_numbers_db [None req-d3b7ddfd-f802-43af-92ed-6e1adf143a45 605fd3cf3db54279a313bc616ccd7cf9 1bc9790d7bc2424d8a6869044ba32542 - - default default] Successfully bumped revision number for resource 55f335ba-d2ac-470a-8583-be77a07f0993 (type: security_group_rules) to 0
2026-06-26 18:21:29.005 9 INFO neutron.db.ovn_revision_numbers_db [None req-d3b7ddfd-f802-43af-92ed-6e1adf143a45 605fd3cf3db54279a313bc616ccd7cf9 1bc9790d7bc2424d8a6869044ba32542 - - default default] Successfully bumped revision number for resource 87a2541f-f198-4188-919f-a99fcb1bd5be (type: security_group_rules) to 0
2026-06-26 18:21:29.059 9 INFO neutron.db.segments_db [None req-d3b7ddfd-f802-43af-92ed-6e1adf143a45 605fd3cf3db54279a313bc616ccd7cf9 1bc9790d7bc2424d8a6869044ba32542 - - default default] Added segment d3bf1070-fa9e-48f0-9ec7-4855bc6e3598 of type geneve for network c371fdd7-9ae9-4f4b-afe2-730f2b3c85b3 /var/lib/openstack/lib/python3.10/site-packages/pycadf/identifier.py:71: UserWarning: Invalid uuid: neutron. To ensure interoperability, identifiers should be a valid uuid. warnings.warn(('Invalid uuid: %s. To ensure interoperability, '
2026-06-26 18:21:29.186 10 INFO neutron.db.ovn_revision_numbers_db [None req-5012d7c0-c60a-4869-bd62-03bb7d0fe2f7 605fd3cf3db54279a313bc616ccd7cf9 1bc9790d7bc2424d8a6869044ba32542 - - default default] Successfully bumped revision number for resource 99ca463a-6bc5-47b0-bb59-362d3eb22e3c (type: security_groups) to 1
2026-06-26 18:21:29.205 10 INFO neutron.db.ovn_revision_numbers_db [None req-5012d7c0-c60a-4869-bd62-03bb7d0fe2f7 605fd3cf3db54279a313bc616ccd7cf9 1bc9790d7bc2424d8a6869044ba32542 - - default default] Successfully bumped revision number for resource 51ca4ed6-bcd1-41b7-bd69-d70922eab0c1 (type: security_group_rules) to 0
2026-06-26 18:21:29.207 9 INFO neutron.db.ovn_revision_numbers_db [None req-d3b7ddfd-f802-43af-92ed-6e1adf143a45 605fd3cf3db54279a313bc616ccd7cf9 1bc9790d7bc2424d8a6869044ba32542 - - default default] Successfully bumped revision number for resource c371fdd7-9ae9-4f4b-afe2-730f2b3c85b3 (type: networks) to 1
2026-06-26 18:21:29.219 10 INFO neutron.db.ovn_revision_numbers_db [None req-5012d7c0-c60a-4869-bd62-03bb7d0fe2f7 605fd3cf3db54279a313bc616ccd7cf9 1bc9790d7bc2424d8a6869044ba32542 - - default default] Successfully bumped revision number for resource 84eb29d0-a3ff-4137-99e6-a1872bf8c14e (type: security_group_rules) to 0
2026-06-26 18:21:29.236 10 INFO neutron.db.ovn_revision_numbers_db [None req-5012d7c0-c60a-4869-bd62-03bb7d0fe2f7 605fd3cf3db54279a313bc616ccd7cf9 1bc9790d7bc2424d8a6869044ba32542 - - default default] Successfully bumped revision number for resource f14bd4c6-d7ab-43d6-8e9c-8f95b83bb390 (type: security_group_rules) to 0
2026-06-26 18:21:29.251 10 INFO neutron.db.ovn_revision_numbers_db [None req-5012d7c0-c60a-4869-bd62-03bb7d0fe2f7 605fd3cf3db54279a313bc616ccd7cf9 1bc9790d7bc2424d8a6869044ba32542 - - default default] Successfully bumped revision number for resource f7c6e070-a5d7-423c-9d5e-40b15e226b3b (type: security_group_rules) to 0
2026-06-26 18:21:29.282 10 INFO neutron.wsgi [None req-5012d7c0-c60a-4869-bd62-03bb7d0fe2f7 605fd3cf3db54279a313bc616ccd7cf9 1bc9790d7bc2424d8a6869044ba32542 - - default default] 10.0.0.147 "GET /v2.0/security-groups?tenant_id=e505f1ca3ce24dcc9303ec3750e51123&name=default HTTP/1.1" status: 200 len: 2996 time: 0.3941360
2026-06-26 18:21:29.544 10 INFO neutron.wsgi [None req-74748894-dd11-4297-854c-b38c0a8245aa 605fd3cf3db54279a313bc616ccd7cf9 1bc9790d7bc2424d8a6869044ba32542 - - default default] 10.0.0.147 "DELETE /v2.0/security-groups/99ca463a-6bc5-47b0-bb59-362d3eb22e3c HTTP/1.1" status: 204 len: 168 time: 0.2570364
2026-06-26 18:21:29.657 9 WARNING neutron.scheduler.dhcp_agent_scheduler [None req-d3b7ddfd-f802-43af-92ed-6e1adf143a45 605fd3cf3db54279a313bc616ccd7cf9 1bc9790d7bc2424d8a6869044ba32542 - - default default] No more DHCP agents
2026-06-26 18:21:29.660 9 WARNING neutron.api.rpc.agentnotifiers.dhcp_rpc_agent_api [None req-d3b7ddfd-f802-43af-92ed-6e1adf143a45 605fd3cf3db54279a313bc616ccd7cf9 1bc9790d7bc2424d8a6869044ba32542 - - default default] Unable to schedule network c371fdd7-9ae9-4f4b-afe2-730f2b3c85b3: no agents available; will retry on subsequent port and subnet creation events.
2026-06-26 18:21:29.746 10 INFO neutron.db.ovn_revision_numbers_db [None req-a4590d63-777e-4cb2-bb5f-6db4f5460d5a 605fd3cf3db54279a313bc616ccd7cf9 1bc9790d7bc2424d8a6869044ba32542 - - default default] Successfully bumped revision number for resource 51898fc3-bbdb-48cc-9b84-737bdc05e2b6 (type: security_groups) to 1
2026-06-26 18:21:29.760 10 INFO neutron.db.ovn_revision_numbers_db [None req-a4590d63-777e-4cb2-bb5f-6db4f5460d5a 605fd3cf3db54279a313bc616ccd7cf9 1bc9790d7bc2424d8a6869044ba32542 - - default default] Successfully bumped revision number for resource 5670b5bb-b5d9-49f8-a161-8e5dcdb2ea7b (type: security_group_rules) to 0
2026-06-26 18:21:29.765 9 INFO neutron.db.ovn_revision_numbers_db [None req-d3b7ddfd-f802-43af-92ed-6e1adf143a45 605fd3cf3db54279a313bc616ccd7cf9 1bc9790d7bc2424d8a6869044ba32542 - - default default] Successfully bumped revision number for resource 6c2d521f-7c73-4a55-9db1-7594a037f73b (type: ports) to 1
2026-06-26 18:21:29.774 10 INFO neutron.db.ovn_revision_numbers_db [None req-a4590d63-777e-4cb2-bb5f-6db4f5460d5a 605fd3cf3db54279a313bc616ccd7cf9 1bc9790d7bc2424d8a6869044ba32542 - - default default] Successfully bumped revision number for resource 57752597-d5e6-474f-850d-5d808a7761f4 (type: security_group_rules) to 0
2026-06-26 18:21:29.794 9 INFO neutron.wsgi [None req-d3b7ddfd-f802-43af-92ed-6e1adf143a45 605fd3cf3db54279a313bc616ccd7cf9 1bc9790d7bc2424d8a6869044ba32542 - - default default] 10.0.0.147 "POST /v2.0/networks HTTP/1.1" status: 201 len: 941 time: 0.9813807
2026-06-26 18:21:29.796 10 INFO neutron.db.ovn_revision_numbers_db [None req-a4590d63-777e-4cb2-bb5f-6db4f5460d5a 605fd3cf3db54279a313bc616ccd7cf9 1bc9790d7bc2424d8a6869044ba32542 - - default default] Successfully bumped revision number for resource 8d3ec91a-b199-4243-8b71-50eb39b4d067 (type: security_group_rules) to 0
2026-06-26 18:21:29.811 10 INFO neutron.db.ovn_revision_numbers_db [None req-a4590d63-777e-4cb2-bb5f-6db4f5460d5a 605fd3cf3db54279a313bc616ccd7cf9 1bc9790d7bc2424d8a6869044ba32542 - - default default] Successfully bumped revision number for resource adf2201c-1614-4e31-b348-103896875aeb (type: security_group_rules) to 0
2026-06-26 18:21:29.833 10 INFO neutron.wsgi [None req-a4590d63-777e-4cb2-bb5f-6db4f5460d5a 605fd3cf3db54279a313bc616ccd7cf9 1bc9790d7bc2424d8a6869044ba32542 - - default default] 10.0.0.147 "GET /v2.0/security-groups?tenant_id=61991e7c819645c09da39a93dd86e9fe&name=default HTTP/1.1" status: 200 len: 2996 time: 0.1920960
2026-06-26 18:21:29.981 9 INFO neutron.wsgi [None req-ac56fb66-7a00-445b-a978-5337e66bacc6 605fd3cf3db54279a313bc616ccd7cf9 1bc9790d7bc2424d8a6869044ba32542 - - default default] 199.204.45.95 "GET /v2.0/extensions/security-group HTTP/1.1" status: 200 len: 369 time: 0.1120238
2026-06-26 18:21:29.986 9 WARNING neutron.scheduler.dhcp_agent_scheduler [None req-4603b6f1-48ed-4e1e-a8d3-3306a24b3161 605fd3cf3db54279a313bc616ccd7cf9 1bc9790d7bc2424d8a6869044ba32542 - - default default] No more DHCP agents
2026-06-26 18:21:29.988 9 WARNING neutron.api.rpc.agentnotifiers.dhcp_rpc_agent_api [None req-4603b6f1-48ed-4e1e-a8d3-3306a24b3161 605fd3cf3db54279a313bc616ccd7cf9 1bc9790d7bc2424d8a6869044ba32542 - - default default] Unable to schedule network c371fdd7-9ae9-4f4b-afe2-730f2b3c85b3: no agents available; will retry on subsequent port and subnet creation events.
2026-06-26 18:21:30.004 9 INFO neutron.wsgi [None req-a28f2fde-666e-40e2-a26f-332de9ace67e 605fd3cf3db54279a313bc616ccd7cf9 1bc9790d7bc2424d8a6869044ba32542 - - default default] 199.204.45.95 "GET /v2.0/extensions/dns-integration HTTP/1.1" status: 200 len: 371 time: 0.0058811
2026-06-26 18:21:30.013 9 INFO neutron.wsgi [None req-62c12e2e-e358-4f4d-9939-5d8bf09df818 605fd3cf3db54279a313bc616ccd7cf9 1bc9790d7bc2424d8a6869044ba32542 - - default default] 199.204.45.95 "GET /v2.0/extensions/qos HTTP/1.1" status: 200 len: 365 time: 0.0060453
2026-06-26 18:21:30.023 9 INFO neutron.wsgi [None req-218e9cfa-a835-485c-b2e5-895655871268 605fd3cf3db54279a313bc616ccd7cf9 1bc9790d7bc2424d8a6869044ba32542 - - default default] 199.204.45.95 "GET /v2.0/extensions/allowed-address-pairs HTTP/1.1" status: 200 len: 383 time: 0.0044861
2026-06-26 18:21:30.024 10 INFO neutron.wsgi [None req-fd4e0495-89ab-4eab-abaa-086fbb36fb94 605fd3cf3db54279a313bc616ccd7cf9 1bc9790d7bc2424d8a6869044ba32542 - - default default] 10.0.0.147 "DELETE /v2.0/security-groups/51898fc3-bbdb-48cc-9b84-737bdc05e2b6 HTTP/1.1" status: 204 len: 168 time: 0.1849542
2026-06-26 18:21:30.063 9 INFO neutron.wsgi [None req-fce362e4-e212-42d6-9ec8-134c9c911ba9 605fd3cf3db54279a313bc616ccd7cf9 1bc9790d7bc2424d8a6869044ba32542 - - default default] 199.204.45.95 "GET /v2.0/ports/ac07f48a-18d0-4653-8c0c-ddf7cdc1e38b HTTP/1.1" status: 200 len: 1332 time: 0.0307050
2026-06-26 18:21:30.162 9 INFO neutron.wsgi [None req-c036f6a5-c4cd-44d3-9a46-c643c0c762c6 605fd3cf3db54279a313bc616ccd7cf9 1bc9790d7bc2424d8a6869044ba32542 - - default default] 199.204.45.95 "GET /v2.0/extensions/security-group HTTP/1.1" status: 200 len: 369 time: 0.0036108
2026-06-26 18:21:30.181 9 INFO neutron.wsgi [None req-3090ef78-b100-44e2-93db-fa78d0bf145f 605fd3cf3db54279a313bc616ccd7cf9 1bc9790d7bc2424d8a6869044ba32542 - - default default] 199.204.45.95 "GET /v2.0/extensions/dns-integration HTTP/1.1" status: 200 len: 371 time: 0.0085187
2026-06-26 18:21:30.203 9 INFO neutron.wsgi [None req-84c134f5-2794-493c-afef-22ec1a073f03 605fd3cf3db54279a313bc616ccd7cf9 1bc9790d7bc2424d8a6869044ba32542 - - default default] 199.204.45.95 "GET /v2.0/extensions/qos HTTP/1.1" status: 200 len: 365 time: 0.0148590
2026-06-26 18:21:30.221 9 INFO neutron.wsgi [None req-1dd0cff6-f4b8-414a-8fd9-328ca4418b7f 605fd3cf3db54279a313bc616ccd7cf9 1bc9790d7bc2424d8a6869044ba32542 - - default default] 199.204.45.95 "GET /v2.0/extensions/allowed-address-pairs HTTP/1.1" status: 200 len: 383 time: 0.0053923
2026-06-26 18:21:30.260 9 INFO neutron.wsgi [None req-c7262561-887b-4c0c-9eef-ab92fe6ff8a5 605fd3cf3db54279a313bc616ccd7cf9 1bc9790d7bc2424d8a6869044ba32542 - - default default] 199.204.45.95 "GET /v2.0/security-groups?name=lb-7595ae7e-a823-4797-a4be-3e88e4f2eef8 HTTP/1.1" status: 200 len: 221 time: 0.0273900
2026-06-26 18:21:30.421 9 INFO neutron.db.ovn_revision_numbers_db [None req-1cfe4877-dfbe-4a08-985c-f52e619ea343 605fd3cf3db54279a313bc616ccd7cf9 1bc9790d7bc2424d8a6869044ba32542 - - default default] Successfully bumped revision number for resource f816665a-7f9f-4f1d-b201-77339013d4bb (type: security_groups) to 1
2026-06-26 18:21:30.439 9 INFO neutron.db.ovn_revision_numbers_db [None req-1cfe4877-dfbe-4a08-985c-f52e619ea343 605fd3cf3db54279a313bc616ccd7cf9 1bc9790d7bc2424d8a6869044ba32542 - - default default] Successfully bumped revision number for resource 17de5596-9f3e-4840-a130-25592562d0a7 (type: security_group_rules) to 0
2026-06-26 18:21:30.461 9 INFO neutron.db.ovn_revision_numbers_db [None req-1cfe4877-dfbe-4a08-985c-f52e619ea343 605fd3cf3db54279a313bc616ccd7cf9 1bc9790d7bc2424d8a6869044ba32542 - - default default] Successfully bumped revision number for resource 33728735-67d9-4413-a9ab-731c4e88cbd9 (type: security_group_rules) to 0
2026-06-26 18:21:30.486 9 INFO neutron.wsgi [None req-1cfe4877-dfbe-4a08-985c-f52e619ea343 605fd3cf3db54279a313bc616ccd7cf9 1bc9790d7bc2424d8a6869044ba32542 - - default default] 199.204.45.95 "POST /v2.0/security-groups HTTP/1.1" status: 201 len: 1777 time: 0.2213874
2026-06-26 18:21:30.525 9 INFO neutron.wsgi [None req-65fa9e3b-ab49-4888-866e-fc1fc26266ce 605fd3cf3db54279a313bc616ccd7cf9 1bc9790d7bc2424d8a6869044ba32542 - - default default] 199.204.45.95 "GET /v2.0/security-group-rules?security_group_id=f816665a-7f9f-4f1d-b201-77339013d4bb HTTP/1.1" status: 200 len: 1318 time: 0.0302231
2026-06-26 18:21:30.561 9 INFO neutron.db.ovn_revision_numbers_db [None req-4603b6f1-48ed-4e1e-a8d3-3306a24b3161 605fd3cf3db54279a313bc616ccd7cf9 1bc9790d7bc2424d8a6869044ba32542 - - default default] Successfully bumped revision number for resource 6c2d521f-7c73-4a55-9db1-7594a037f73b (type: ports) to 2
2026-06-26 18:21:30.607 9 INFO neutron.db.ovn_revision_numbers_db [None req-4603b6f1-48ed-4e1e-a8d3-3306a24b3161 605fd3cf3db54279a313bc616ccd7cf9 1bc9790d7bc2424d8a6869044ba32542 - - default default] Successfully bumped revision number for resource b96f92f6-2adf-4cf8-ad53-f9a13ce88a4c (type: subnets) to 0
2026-06-26 18:21:30.627 9 INFO neutron.wsgi [None req-4603b6f1-48ed-4e1e-a8d3-3306a24b3161 605fd3cf3db54279a313bc616ccd7cf9 1bc9790d7bc2424d8a6869044ba32542 - - default default] 10.0.0.147 "POST /v2.0/subnets HTTP/1.1" status: 201 len: 862 time: 0.8261352
2026-06-26 18:21:31.020 9 INFO neutron.db.ovn_revision_numbers_db [None req-9bcc4399-2602-4b8e-bd62-786375518224 605fd3cf3db54279a313bc616ccd7cf9 1bc9790d7bc2424d8a6869044ba32542 - - default default] Successfully bumped revision number for resource ac07f48a-18d0-4653-8c0c-ddf7cdc1e38b (type: ports) to 2
2026-06-26 18:21:31.028 9 INFO neutron.wsgi [None req-9bcc4399-2602-4b8e-bd62-786375518224 605fd3cf3db54279a313bc616ccd7cf9 1bc9790d7bc2424d8a6869044ba32542 - - default default] 199.204.45.95 "PUT /v2.0/ports/ac07f48a-18d0-4653-8c0c-ddf7cdc1e38b HTTP/1.1" status: 200 len: 1332 time: 0.4951355 /var/lib/openstack/lib/python3.10/site-packages/pycadf/identifier.py:71: UserWarning: Invalid uuid: neutron. To ensure interoperability, identifiers should be a valid uuid. warnings.warn(('Invalid uuid: %s. To ensure interoperability, '
2026-06-26 18:21:31.047 9 INFO neutron.wsgi [None req-60574f1f-1ff7-4207-ba88-a239d16b5cb9 605fd3cf3db54279a313bc616ccd7cf9 1bc9790d7bc2424d8a6869044ba32542 - - default default] 199.204.45.95 "GET /v2.0/extensions/security-group HTTP/1.1" status: 200 len: 369 time: 0.0055871
2026-06-26 18:21:31.064 9 INFO neutron.wsgi [None req-b86b510b-daab-464f-9814-19c451900ed3 605fd3cf3db54279a313bc616ccd7cf9 1bc9790d7bc2424d8a6869044ba32542 - - default default] 199.204.45.95 "GET /v2.0/extensions/dns-integration HTTP/1.1" status: 200 len: 371 time: 0.0103681
2026-06-26 18:21:31.084 9 INFO neutron.wsgi [None req-cde7df89-bbd9-4ff2-9c5a-0b58d3fe0e77 605fd3cf3db54279a313bc616ccd7cf9 1bc9790d7bc2424d8a6869044ba32542 - - default default] 199.204.45.95 "GET /v2.0/extensions/qos HTTP/1.1" status: 200 len: 365 time: 0.0133240
2026-06-26 18:21:31.097 9 INFO neutron.wsgi [None req-b17de134-710d-45de-862a-0a62566c9624 605fd3cf3db54279a313bc616ccd7cf9 1bc9790d7bc2424d8a6869044ba32542 - - default default] 199.204.45.95 "GET /v2.0/extensions/allowed-address-pairs HTTP/1.1" status: 200 len: 383 time: 0.0042708
2026-06-26 18:21:31.148 9 INFO neutron.wsgi [None req-cbf17589-0be6-4d32-8813-3e2bf108d224 605fd3cf3db54279a313bc616ccd7cf9 1bc9790d7bc2424d8a6869044ba32542 - - default default] 199.204.45.95 "GET /v2.0/subnets/c20a3fa6-3819-42e9-9779-631f67c780ff HTTP/1.1" status: 200 len: 851 time: 0.0441973
2026-06-26 18:21:31.210 9 WARNING neutron.scheduler.dhcp_agent_scheduler [None req-2c418ddc-5892-46a1-8cb3-b28d41d475cf 605fd3cf3db54279a313bc616ccd7cf9 1bc9790d7bc2424d8a6869044ba32542 - - default default] No more DHCP agents
2026-06-26 18:21:31.213 9 WARNING neutron.api.rpc.agentnotifiers.dhcp_rpc_agent_api [None req-2c418ddc-5892-46a1-8cb3-b28d41d475cf 605fd3cf3db54279a313bc616ccd7cf9 1bc9790d7bc2424d8a6869044ba32542 - - default default] Unable to schedule network 4c3b357f-c15b-4c90-b114-ef4997377957: no agents available; will retry on subsequent port and subnet creation events.
2026-06-26 18:21:31.384 9 INFO neutron.db.ovn_revision_numbers_db [None req-2c418ddc-5892-46a1-8cb3-b28d41d475cf 605fd3cf3db54279a313bc616ccd7cf9 1bc9790d7bc2424d8a6869044ba32542 - - default default] Successfully bumped revision number for resource e8d3b935-dd9d-4a0f-9fbe-a9bebd15b04c (type: ports) to 1
2026-06-26 18:21:31.930 9 INFO neutron.plugins.ml2.drivers.ovn.mech_driver.ovsdb.ovsdb_monitor [None req-05c66473-3784-4c25-b4a2-b675ef398f51 - - - - - -] Router 243884b4-9b54-4563-8626-47f223bcc31b is bound to host instance
2026-06-26 18:21:31.955 9 INFO neutron.db.ovn_revision_numbers_db [None req-2c418ddc-5892-46a1-8cb3-b28d41d475cf 605fd3cf3db54279a313bc616ccd7cf9 1bc9790d7bc2424d8a6869044ba32542 - - default default] Successfully bumped revision number for resource e8d3b935-dd9d-4a0f-9fbe-a9bebd15b04c (type: router_ports) to 1
2026-06-26 18:21:32.299 9 INFO neutron.db.ovn_revision_numbers_db [None req-2c418ddc-5892-46a1-8cb3-b28d41d475cf 605fd3cf3db54279a313bc616ccd7cf9 1bc9790d7bc2424d8a6869044ba32542 - - default default] Successfully bumped revision number for resource 243884b4-9b54-4563-8626-47f223bcc31b (type: routers) to 2
2026-06-26 18:21:32.302 9 WARNING neutron.plugins.ml2.drivers.ovn.mech_driver.ovsdb.ovn_client [None req-2eb6e9db-6e57-4e1d-ad84-a7d1d22fb438 - - - - - -] No hosting information found for port 6ba1d47a-1e75-4f75-b115-9245ec0b6aa4: RuntimeError: No hosting information found for port 6ba1d47a-1e75-4f75-b115-9245ec0b6aa4
2026-06-26 18:21:32.302 9 INFO neutron.plugins.ml2.drivers.ovn.mech_driver.mech_driver [None req-2eb6e9db-6e57-4e1d-ad84-a7d1d22fb438 - - - - - -] OVN reports status up for port: e8d3b935-dd9d-4a0f-9fbe-a9bebd15b04c
2026-06-26 18:21:32.319 9 INFO neutron.plugins.ml2.plugin [None req-2eb6e9db-6e57-4e1d-ad84-a7d1d22fb438 - - - - - -] Attempt 1 to provision port e8d3b935-dd9d-4a0f-9fbe-a9bebd15b04c
2026-06-26 18:21:32.323 9 INFO neutron.wsgi [None req-2c418ddc-5892-46a1-8cb3-b28d41d475cf 605fd3cf3db54279a313bc616ccd7cf9 1bc9790d7bc2424d8a6869044ba32542 - - default default] 10.0.0.147 "POST /v2.0/routers HTTP/1.1" status: 201 len: 873 time: 1.6917989
2026-06-26 18:21:32.746 9 INFO neutron.db.ovn_revision_numbers_db [None req-05c66473-3784-4c25-b4a2-b675ef398f51 - - - - - -] Successfully bumped revision number for resource e8d3b935-dd9d-4a0f-9fbe-a9bebd15b04c (type: ports) to 1
2026-06-26 18:21:32.757 10 WARNING neutron.scheduler.dhcp_agent_scheduler [None req-837c8f4d-ef6d-46a0-8190-c617c7e597d0 605fd3cf3db54279a313bc616ccd7cf9 1bc9790d7bc2424d8a6869044ba32542 - - default default] No more DHCP agents
2026-06-26 18:21:32.761 10 WARNING neutron.api.rpc.agentnotifiers.dhcp_rpc_agent_api [None req-837c8f4d-ef6d-46a0-8190-c617c7e597d0 605fd3cf3db54279a313bc616ccd7cf9 1bc9790d7bc2424d8a6869044ba32542 - - default default] Unable to schedule network c371fdd7-9ae9-4f4b-afe2-730f2b3c85b3: no agents available; will retry on subsequent port and subnet creation events.
2026-06-26 18:21:32.910 10 INFO neutron.db.ovn_revision_numbers_db [None req-837c8f4d-ef6d-46a0-8190-c617c7e597d0 605fd3cf3db54279a313bc616ccd7cf9 1bc9790d7bc2424d8a6869044ba32542 - - default default] Successfully bumped revision number for resource 710ee8f9-8d66-4e4e-a32b-32d394e126b5 (type: ports) to 1
2026-06-26 18:21:32.995 9 INFO neutron.db.ovn_revision_numbers_db [None req-05c66473-3784-4c25-b4a2-b675ef398f51 - - - - - -] Successfully bumped revision number for resource e8d3b935-dd9d-4a0f-9fbe-a9bebd15b04c (type: router_ports) to 3
2026-06-26 18:21:33.137 9 INFO neutron.db.ovn_revision_numbers_db [None req-05c66473-3784-4c25-b4a2-b675ef398f51 - - - - - -] Successfully bumped revision number for resource e8d3b935-dd9d-4a0f-9fbe-a9bebd15b04c (type: ports) to 2
2026-06-26 18:21:33.347 10 INFO neutron.plugins.ml2.drivers.ovn.mech_driver.mech_driver [None req-d53b8ebe-a5c5-43c5-bd13-726443e5fbca - - - - - -] OVN reports status up for port: 710ee8f9-8d66-4e4e-a32b-32d394e126b5
2026-06-26 18:21:33.360 10 INFO neutron.plugins.ml2.plugin [None req-d53b8ebe-a5c5-43c5-bd13-726443e5fbca - - - - - -] Attempt 1 to provision port 710ee8f9-8d66-4e4e-a32b-32d394e126b5
2026-06-26 18:21:33.374 9 INFO neutron.db.ovn_revision_numbers_db [None req-05c66473-3784-4c25-b4a2-b675ef398f51 - - - - - -] Successfully bumped revision number for resource e8d3b935-dd9d-4a0f-9fbe-a9bebd15b04c (type: ports) to 4
2026-06-26 18:21:33.375 10 INFO neutron.db.ovn_revision_numbers_db [None req-837c8f4d-ef6d-46a0-8190-c617c7e597d0 605fd3cf3db54279a313bc616ccd7cf9 1bc9790d7bc2424d8a6869044ba32542 - - default default] Successfully bumped revision number for resource 710ee8f9-8d66-4e4e-a32b-32d394e126b5 (type: router_ports) to 1
2026-06-26 18:21:33.551 10 INFO neutron.db.ovn_revision_numbers_db [None req-837c8f4d-ef6d-46a0-8190-c617c7e597d0 605fd3cf3db54279a313bc616ccd7cf9 1bc9790d7bc2424d8a6869044ba32542 - - default default] Successfully bumped revision number for resource 710ee8f9-8d66-4e4e-a32b-32d394e126b5 (type: ports) to 1
2026-06-26 18:21:33.582 9 INFO neutron.db.ovn_revision_numbers_db [None req-05c66473-3784-4c25-b4a2-b675ef398f51 - - - - - -] Successfully bumped revision number for resource e8d3b935-dd9d-4a0f-9fbe-a9bebd15b04c (type: router_ports) to 4
2026-06-26 18:21:33.634 10 WARNING neutron.scheduler.dhcp_agent_scheduler [None req-837c8f4d-ef6d-46a0-8190-c617c7e597d0 605fd3cf3db54279a313bc616ccd7cf9 1bc9790d7bc2424d8a6869044ba32542 - - default default] No more DHCP agents
2026-06-26 18:21:33.641 10 WARNING neutron.api.rpc.agentnotifiers.dhcp_rpc_agent_api [None req-837c8f4d-ef6d-46a0-8190-c617c7e597d0 605fd3cf3db54279a313bc616ccd7cf9 1bc9790d7bc2424d8a6869044ba32542 - - default default] Unable to schedule network c371fdd7-9ae9-4f4b-afe2-730f2b3c85b3: no agents available; will retry on subsequent port and subnet creation events.
2026-06-26 18:21:33.663 10 INFO neutron.db.ovn_revision_numbers_db [None req-d53b8ebe-a5c5-43c5-bd13-726443e5fbca - - - - - -] Successfully bumped revision number for resource 710ee8f9-8d66-4e4e-a32b-32d394e126b5 (type: ports) to 2
2026-06-26 18:21:33.855 10 INFO neutron.db.ovn_revision_numbers_db [None req-d53b8ebe-a5c5-43c5-bd13-726443e5fbca - - - - - -] Successfully bumped revision number for resource 710ee8f9-8d66-4e4e-a32b-32d394e126b5 (type: router_ports) to 2
2026-06-26 18:21:34.358 10 INFO neutron.db.ovn_revision_numbers_db [None req-837c8f4d-ef6d-46a0-8190-c617c7e597d0 605fd3cf3db54279a313bc616ccd7cf9 1bc9790d7bc2424d8a6869044ba32542 - - default default] Successfully bumped revision number for resource 710ee8f9-8d66-4e4e-a32b-32d394e126b5 (type: router_ports) to 2
2026-06-26 18:21:34.361 10 INFO neutron.wsgi [None req-837c8f4d-ef6d-46a0-8190-c617c7e597d0 605fd3cf3db54279a313bc616ccd7cf9 1bc9790d7bc2424d8a6869044ba32542 - - default default] 10.0.0.147 "PUT /v2.0/routers/243884b4-9b54-4563-8626-47f223bcc31b/add_router_interface HTTP/1.1" status: 200 len: 503 time: 2.0317340
2026-06-26 18:21:35.073 9 INFO neutron.db.ovn_revision_numbers_db [None req-16bbf4c5-42a7-4092-a6f8-3a5eb1989974 df5faf777a2748848958ae4dfd63984e e818eb0f5c934cfb977a7577d94d36fc - - default default] Successfully bumped revision number for resource 43240b66-0891-49d6-a831-a01e98763ff5 (type: security_groups) to 1
2026-06-26 18:21:35.088 9 INFO neutron.db.ovn_revision_numbers_db [None req-16bbf4c5-42a7-4092-a6f8-3a5eb1989974 df5faf777a2748848958ae4dfd63984e e818eb0f5c934cfb977a7577d94d36fc - - default default] Successfully bumped revision number for resource 6fe2bfc0-e000-45c3-95f6-937d94397dbb (type: security_group_rules) to 0
2026-06-26 18:21:35.102 9 INFO neutron.db.ovn_revision_numbers_db [None req-16bbf4c5-42a7-4092-a6f8-3a5eb1989974 df5faf777a2748848958ae4dfd63984e e818eb0f5c934cfb977a7577d94d36fc - - default default] Successfully bumped revision number for resource b7c9a038-1fc5-456b-a7b7-6130b5b6b97a (type: security_group_rules) to 0
2026-06-26 18:21:35.121 9 INFO neutron.wsgi [None req-16bbf4c5-42a7-4092-a6f8-3a5eb1989974 df5faf777a2748848958ae4dfd63984e e818eb0f5c934cfb977a7577d94d36fc - - default default] 10.0.0.147 "POST /v2.0/security-groups HTTP/1.1" status: 201 len: 1809 time: 0.1608691
2026-06-26 18:21:35.237 9 INFO neutron.db.ovn_revision_numbers_db [None req-6c3b79e4-fed9-4cbc-a8dd-14fe65171b1e df5faf777a2748848958ae4dfd63984e e818eb0f5c934cfb977a7577d94d36fc - - default default] Successfully bumped revision number for resource 1c709ac3-aa11-4326-89ae-79bb9828280e (type: security_group_rules) to 0
2026-06-26 18:21:35.260 9 INFO neutron.wsgi [None req-6c3b79e4-fed9-4cbc-a8dd-14fe65171b1e df5faf777a2748848958ae4dfd63984e e818eb0f5c934cfb977a7577d94d36fc - - default default] 10.0.0.147 "POST /v2.0/security-group-rules HTTP/1.1" status: 201 len: 764 time: 0.1333013
2026-06-26 18:21:35.334 9 INFO neutron.wsgi [-] 10.0.0.128 "GET / HTTP/1.1" status: 200 len: 247 time: 0.0016520
2026-06-26 18:21:35.337 9 INFO neutron.wsgi [-] 10.0.0.128 "GET / HTTP/1.1" status: 200 len: 247 time: 0.0019450
2026-06-26 18:21:35.380 9 INFO neutron.db.ovn_revision_numbers_db [None req-96ec09cb-bf46-4b41-95e2-f8f81cb1e68c df5faf777a2748848958ae4dfd63984e e818eb0f5c934cfb977a7577d94d36fc - - default default] Successfully bumped revision number for resource 202bd35d-3e00-4310-a1dd-0bda8300220c (type: security_group_rules) to 0
2026-06-26 18:21:35.403 9 INFO neutron.wsgi [None req-96ec09cb-bf46-4b41-95e2-f8f81cb1e68c df5faf777a2748848958ae4dfd63984e e818eb0f5c934cfb977a7577d94d36fc - - default default] 10.0.0.147 "POST /v2.0/security-group-rules HTTP/1.1" status: 201 len: 763 time: 0.1349289
2026-06-26 18:21:35.515 9 INFO neutron.db.ovn_revision_numbers_db [None req-3da4007c-e591-4b75-a6dd-78ef6f12ba89 df5faf777a2748848958ae4dfd63984e e818eb0f5c934cfb977a7577d94d36fc - - default default] Successfully bumped revision number for resource be02c7a9-9682-470f-ab76-af22f429200b (type: security_group_rules) to 0
2026-06-26 18:21:35.538 9 INFO neutron.wsgi [None req-3da4007c-e591-4b75-a6dd-78ef6f12ba89 df5faf777a2748848958ae4dfd63984e e818eb0f5c934cfb977a7577d94d36fc - - default default] 10.0.0.147 "POST /v2.0/security-group-rules HTTP/1.1" status: 201 len: 769 time: 0.1304860
2026-06-26 18:21:35.651 9 INFO neutron.db.ovn_revision_numbers_db [None req-fdc87863-201a-49e4-b21e-3c000b03398a df5faf777a2748848958ae4dfd63984e e818eb0f5c934cfb977a7577d94d36fc - - default default] Successfully bumped revision number for resource 0c2bbe48-b02b-4398-a592-1b70862e5fa1 (type: security_group_rules) to 0
2026-06-26 18:21:35.672 9 INFO neutron.wsgi [None req-fdc87863-201a-49e4-b21e-3c000b03398a df5faf777a2748848958ae4dfd63984e e818eb0f5c934cfb977a7577d94d36fc - - default default] 10.0.0.147 "POST /v2.0/security-group-rules HTTP/1.1" status: 201 len: 768 time: 0.1293890
2026-06-26 18:21:35.701 9 INFO neutron.db.securitygroups_db [None req-94688043-f77c-42f7-8e5c-8b541b441c81 df5faf777a2748848958ae4dfd63984e e818eb0f5c934cfb977a7577d94d36fc - - default default] Project e818eb0f5c934cfb977a7577d94d36fc added a security group rule with legacy IPv6 ICMP protocol name icmp, ipv6-icmp should be used instead. It was automatically converted.
2026-06-26 18:21:35.836 9 INFO neutron.db.ovn_revision_numbers_db [None req-94688043-f77c-42f7-8e5c-8b541b441c81 df5faf777a2748848958ae4dfd63984e e818eb0f5c934cfb977a7577d94d36fc - - default default] Successfully bumped revision number for resource 8d4dcfa7-53bd-42da-90d1-1673b5cd017d (type: security_group_rules) to 0
2026-06-26 18:21:35.860 9 INFO neutron.wsgi [None req-94688043-f77c-42f7-8e5c-8b541b441c81 df5faf777a2748848958ae4dfd63984e e818eb0f5c934cfb977a7577d94d36fc - - default default] 10.0.0.147 "POST /v2.0/security-group-rules HTTP/1.1" status: 201 len: 774 time: 0.1817732
2026-06-26 18:21:35.887 9 INFO neutron.db.securitygroups_db [None req-d1edeb8b-703f-42e9-896c-cd2f54a1120f df5faf777a2748848958ae4dfd63984e e818eb0f5c934cfb977a7577d94d36fc - - default default] Project e818eb0f5c934cfb977a7577d94d36fc added a security group rule with legacy IPv6 ICMP protocol name icmp, ipv6-icmp should be used instead. It was automatically converted.
2026-06-26 18:21:36.004 9 INFO neutron.db.ovn_revision_numbers_db [None req-d1edeb8b-703f-42e9-896c-cd2f54a1120f df5faf777a2748848958ae4dfd63984e e818eb0f5c934cfb977a7577d94d36fc - - default default] Successfully bumped revision number for resource 11f2756f-cc44-433a-8a61-bd65aaf9787f (type: security_group_rules) to 0
2026-06-26 18:21:36.027 9 INFO neutron.wsgi [None req-d1edeb8b-703f-42e9-896c-cd2f54a1120f df5faf777a2748848958ae4dfd63984e e818eb0f5c934cfb977a7577d94d36fc - - default default] 10.0.0.147 "POST /v2.0/security-group-rules HTTP/1.1" status: 201 len: 773 time: 0.1620500
2026-06-26 18:21:36.499 10 INFO neutron.db.ovn_revision_numbers_db [None req-7b3e57b0-2bcf-42b3-ad54-98d820568a6f df5faf777a2748848958ae4dfd63984e e818eb0f5c934cfb977a7577d94d36fc - - default default] Successfully bumped revision number for resource 9942e2a5-26e1-4bcf-a69e-dcf9776751dc (type: security_groups) to 1
2026-06-26 18:21:36.513 10 INFO neutron.db.ovn_revision_numbers_db [None req-7b3e57b0-2bcf-42b3-ad54-98d820568a6f df5faf777a2748848958ae4dfd63984e e818eb0f5c934cfb977a7577d94d36fc - - default default] Successfully bumped revision number for resource 5ba9fd89-8868-494b-a9fe-94625140507d (type: security_group_rules) to 0
2026-06-26 18:21:36.525 10 INFO neutron.db.ovn_revision_numbers_db [None req-7b3e57b0-2bcf-42b3-ad54-98d820568a6f df5faf777a2748848958ae4dfd63984e e818eb0f5c934cfb977a7577d94d36fc - - default default] Successfully bumped revision number for resource 804707f4-67e1-40cf-a284-38e574d7c36b (type: security_group_rules) to 0
2026-06-26 18:21:36.547 10 INFO neutron.wsgi [None req-7b3e57b0-2bcf-42b3-ad54-98d820568a6f df5faf777a2748848958ae4dfd63984e e818eb0f5c934cfb977a7577d94d36fc - - default default] 10.0.0.147 "POST /v2.0/security-groups HTTP/1.1" status: 201 len: 1796 time: 0.1585836
2026-06-26 18:21:36.650 10 INFO neutron.db.ovn_revision_numbers_db [None req-f392d515-472b-4b2f-8dbe-364eba222e96 df5faf777a2748848958ae4dfd63984e e818eb0f5c934cfb977a7577d94d36fc - - default default] Successfully bumped revision number for resource 3bdce757-db73-4eb7-aca7-d9e7fdf17c6f (type: security_group_rules) to 0
2026-06-26 18:21:36.675 10 INFO neutron.wsgi [None req-f392d515-472b-4b2f-8dbe-364eba222e96 df5faf777a2748848958ae4dfd63984e e818eb0f5c934cfb977a7577d94d36fc - - default default] 10.0.0.147 "POST /v2.0/security-group-rules HTTP/1.1" status: 201 len: 764 time: 0.1228869
2026-06-26 18:21:36.805 9 INFO neutron.db.ovn_revision_numbers_db [None req-7dfd7b00-58fe-45c4-bef2-bc23fe94e7be df5faf777a2748848958ae4dfd63984e e818eb0f5c934cfb977a7577d94d36fc - - default default] Successfully bumped revision number for resource c024ec4e-1a96-4018-8077-5cd257f040a5 (type: security_group_rules) to 0
2026-06-26 18:21:36.831 9 INFO neutron.wsgi [None req-7dfd7b00-58fe-45c4-bef2-bc23fe94e7be df5faf777a2748848958ae4dfd63984e e818eb0f5c934cfb977a7577d94d36fc - - default default] 10.0.0.147 "POST /v2.0/security-group-rules HTTP/1.1" status: 201 len: 769 time: 0.1500690
2026-06-26 18:21:37.100 9 WARNING neutron.scheduler.dhcp_agent_scheduler [None req-6d991fba-7baf-4b4d-b100-5c2d7881997a df5faf777a2748848958ae4dfd63984e e818eb0f5c934cfb977a7577d94d36fc - - default default] No more DHCP agents
2026-06-26 18:21:37.102 9 WARNING neutron.api.rpc.agentnotifiers.dhcp_rpc_agent_api [None req-6d991fba-7baf-4b4d-b100-5c2d7881997a df5faf777a2748848958ae4dfd63984e e818eb0f5c934cfb977a7577d94d36fc - - default default] Unable to schedule network 4c3b357f-c15b-4c90-b114-ef4997377957: no agents available; will retry on subsequent port and subnet creation events.
2026-06-26 18:21:37.362 9 INFO neutron.db.ovn_revision_numbers_db [None req-6d991fba-7baf-4b4d-b100-5c2d7881997a df5faf777a2748848958ae4dfd63984e e818eb0f5c934cfb977a7577d94d36fc - - default default] Successfully bumped revision number for resource 6fd0ec72-32ca-4e9a-9d02-d00e81ae03e4 (type: floatingips) to 0
2026-06-26 18:21:37.376 9 INFO neutron.wsgi [None req-6d991fba-7baf-4b4d-b100-5c2d7881997a df5faf777a2748848958ae4dfd63984e e818eb0f5c934cfb977a7577d94d36fc - - default default] 10.0.0.147 "POST /v2.0/floatingips HTTP/1.1" status: 201 len: 751 time: 0.5384793
2026-06-26 18:21:37.491 10 INFO neutron.wsgi [req-1f1486f5-abf1-4e02-a2af-d4df62c687d9 req-e727c6f3-070d-4c87-bfb5-97c8dbd2fb03 df5faf777a2748848958ae4dfd63984e e818eb0f5c934cfb977a7577d94d36fc - - default default] 10.0.0.50 "GET /v2.0/security-groups?name=tempest-securitygroup--804631436&fields=id&tenant_id=e818eb0f5c934cfb977a7577d94d36fc HTTP/1.1" status: 200 len: 267 time: 0.0371511
2026-06-26 18:21:37.539 10 INFO neutron.wsgi [req-1f1486f5-abf1-4e02-a2af-d4df62c687d9 req-bbcd0f1c-8cc9-48a6-ac76-fda298b06704 df5faf777a2748848958ae4dfd63984e e818eb0f5c934cfb977a7577d94d36fc - - default default] 10.0.0.50 "GET /v2.0/security-groups?name=tempest-secgroup-smoke-366870115&fields=id&tenant_id=e818eb0f5c934cfb977a7577d94d36fc HTTP/1.1" status: 200 len: 267 time: 0.0412934
2026-06-26 18:21:37.621 10 INFO neutron.wsgi [req-1f1486f5-abf1-4e02-a2af-d4df62c687d9 req-fca2c358-7293-4215-a4f1-52d330b84cb7 df5faf777a2748848958ae4dfd63984e e818eb0f5c934cfb977a7577d94d36fc - - default default] 10.0.0.50 "GET /v2.0/networks?id=300407cd-0fb3-4f7c-beda-dafaa368a847 HTTP/1.1" status: 200 len: 872 time: 0.0752087
2026-06-26 18:21:37.639 10 INFO neutron.wsgi [req-1f1486f5-abf1-4e02-a2af-d4df62c687d9 req-9bb8db93-52bd-4222-931e-f44631395942 df5faf777a2748848958ae4dfd63984e e818eb0f5c934cfb977a7577d94d36fc - - default default] 10.0.0.50 "GET /v2.0/quotas/e818eb0f5c934cfb977a7577d94d36fc HTTP/1.1" status: 200 len: 386 time: 0.0120373
2026-06-26 18:21:37.733 10 INFO neutron.wsgi [req-1f1486f5-abf1-4e02-a2af-d4df62c687d9 req-8aea933a-e48f-41e6-8f40-7a1fcb561708 df5faf777a2748848958ae4dfd63984e e818eb0f5c934cfb977a7577d94d36fc - - default default] 10.0.0.50 "GET /v2.0/ports?tenant_id=e818eb0f5c934cfb977a7577d94d36fc&fields=id HTTP/1.1" status: 200 len: 302 time: 0.0847225
2026-06-26 18:21:37.827 10 INFO neutron.wsgi [req-1f1486f5-abf1-4e02-a2af-d4df62c687d9 req-4fede016-969a-4db5-b62e-f5804d7face1 b2e1c5b26e8a477ba4f6f83b5197bf9e ce0c4b50600142b4ab26d17843c734b4 - - c3640017cad04f80a51ff14811cf726e c3640017cad04f80a51ff14811cf726e] 10.0.0.50 "GET /v2.0/networks/300407cd-0fb3-4f7c-beda-dafaa368a847?fields=segments HTTP/1.1" status: 200 len: 212 time: 0.0798111
2026-06-26 18:21:37.895 10 INFO neutron.wsgi [req-1f1486f5-abf1-4e02-a2af-d4df62c687d9 req-689a8694-4bd5-4326-a80e-ffdad79faee8 b2e1c5b26e8a477ba4f6f83b5197bf9e ce0c4b50600142b4ab26d17843c734b4 - - c3640017cad04f80a51ff14811cf726e c3640017cad04f80a51ff14811cf726e] 10.0.0.50 "GET /v2.0/networks/300407cd-0fb3-4f7c-beda-dafaa368a847?fields=provider%3Aphysical_network&fields=provider%3Anetwork_type HTTP/1.1" status: 200 len: 277 time: 0.0574651
2026-06-26 18:21:38.050 10 INFO neutron.wsgi [req-582a07ca-4404-4b30-aa02-99ab76eb3996 req-87acedf4-2050-4151-aeb2-d8c2abe90c18 df5faf777a2748848958ae4dfd63984e e818eb0f5c934cfb977a7577d94d36fc - - default default] 10.0.0.50 "GET /v2.0/ports?device_id=a3eacc8b-4216-486e-9fee-11cc4b551817 HTTP/1.1" status: 200 len: 210 time: 0.0207474
2026-06-26 18:21:38.506 10 INFO neutron.wsgi [req-71a04899-21d0-41f9-965a-9c4f1e006203 req-87012812-202d-4c9a-9089-bbe25565ebd3 605fd3cf3db54279a313bc616ccd7cf9 1bc9790d7bc2424d8a6869044ba32542 - - default default] 10.0.0.50 "GET /v2.0/security-groups?id=51eb9f97-0a04-43fe-9a1f-39e790be2698&fields=id HTTP/1.1" status: 200 len: 267 time: 0.0446501
2026-06-26 18:21:38.533 10 WARNING neutron.plugins.ml2.drivers.ovn.mech_driver.ovsdb.ovn_client [None req-d53b8ebe-a5c5-43c5-bd13-726443e5fbca - - - - - -] No hosting information found for port 710ee8f9-8d66-4e4e-a32b-32d394e126b5: RuntimeError: No hosting information found for port 710ee8f9-8d66-4e4e-a32b-32d394e126b5
2026-06-26 18:21:38.592 10 INFO neutron.wsgi [req-71a04899-21d0-41f9-965a-9c4f1e006203 req-28c60e89-4757-4388-9cb0-82de4b6967b7 605fd3cf3db54279a313bc616ccd7cf9 1bc9790d7bc2424d8a6869044ba32542 - - default default] 10.0.0.50 "GET /v2.0/networks?id=ce78a82c-c66a-4542-8803-e25b418084d2 HTTP/1.1" status: 200 len: 937 time: 0.0723338
2026-06-26 18:21:38.611 10 INFO neutron.wsgi [req-71a04899-21d0-41f9-965a-9c4f1e006203 req-8de2a52a-082f-43c3-8b0a-37e7fbb54d3b 605fd3cf3db54279a313bc616ccd7cf9 1bc9790d7bc2424d8a6869044ba32542 - - default default] 10.0.0.50 "GET /v2.0/quotas/1bc9790d7bc2424d8a6869044ba32542 HTTP/1.1" status: 200 len: 385 time: 0.0142274
2026-06-26 18:21:38.674 10 INFO neutron.wsgi [req-71a04899-21d0-41f9-965a-9c4f1e006203 req-6a5dc582-93e7-4823-b549-20fa7605f739 605fd3cf3db54279a313bc616ccd7cf9 1bc9790d7bc2424d8a6869044ba32542 - - default default] 10.0.0.50 "GET /v2.0/ports?tenant_id=1bc9790d7bc2424d8a6869044ba32542&fields=id HTTP/1.1" status: 200 len: 348 time: 0.0559785
2026-06-26 18:21:38.749 10 INFO neutron.wsgi [req-71a04899-21d0-41f9-965a-9c4f1e006203 req-ff848972-5410-490d-b0b5-ef84a6447622 b2e1c5b26e8a477ba4f6f83b5197bf9e ce0c4b50600142b4ab26d17843c734b4 - - c3640017cad04f80a51ff14811cf726e c3640017cad04f80a51ff14811cf726e] 10.0.0.50 "GET /v2.0/networks/ce78a82c-c66a-4542-8803-e25b418084d2?fields=segments HTTP/1.1" status: 200 len: 212 time: 0.0584173
2026-06-26 18:21:38.835 10 INFO neutron.wsgi [req-71a04899-21d0-41f9-965a-9c4f1e006203 req-b86956b6-0972-43a1-b0d5-5b15b1ee5dba b2e1c5b26e8a477ba4f6f83b5197bf9e ce0c4b50600142b4ab26d17843c734b4 - - c3640017cad04f80a51ff14811cf726e c3640017cad04f80a51ff14811cf726e] 10.0.0.50 "GET /v2.0/networks/ce78a82c-c66a-4542-8803-e25b418084d2?fields=provider%3Aphysical_network&fields=provider%3Anetwork_type HTTP/1.1" status: 200 len: 277 time: 0.0797648
2026-06-26 18:21:38.843 10 INFO neutron.wsgi [req-1f1486f5-abf1-4e02-a2af-d4df62c687d9 req-8779a651-2142-4c78-8213-01723ff6020d df5faf777a2748848958ae4dfd63984e e818eb0f5c934cfb977a7577d94d36fc - - default default] 199.204.45.95 "GET /v2.0/networks?id=300407cd-0fb3-4f7c-beda-dafaa368a847 HTTP/1.1" status: 200 len: 872 time: 0.0756469
2026-06-26 18:21:39.234 10 INFO neutron.wsgi [req-f82ae981-c86b-45b1-99d2-891af2f9c922 req-00d7011d-367b-419f-b14a-7f8561028919 df5faf777a2748848958ae4dfd63984e e818eb0f5c934cfb977a7577d94d36fc - - default default] 10.0.0.50 "GET /v2.0/ports?device_id=a3eacc8b-4216-486e-9fee-11cc4b551817 HTTP/1.1" status: 200 len: 210 time: 0.0481429
2026-06-26 18:21:39.239 10 INFO neutron.wsgi [req-1f1486f5-abf1-4e02-a2af-d4df62c687d9 req-4aaea163-4a66-4db2-a49b-54f9b2538ec6 df5faf777a2748848958ae4dfd63984e e818eb0f5c934cfb977a7577d94d36fc - - default default] 199.204.45.95 "GET /v2.0/security-groups?fields=id&fields=name&tenant_id=e818eb0f5c934cfb977a7577d94d36fc HTTP/1.1" status: 200 len: 471 time: 0.3905888
2026-06-26 18:21:39.241 10 INFO neutron.wsgi [req-ca8ae385-444d-4043-a5d9-3267febf300b req-c84f738b-ff33-400e-9b4c-0444ea85fca1 605fd3cf3db54279a313bc616ccd7cf9 1bc9790d7bc2424d8a6869044ba32542 - - default default] 10.0.0.50 "GET /v2.0/ports?device_id=cb1724f5-a8d5-4864-ad55-1c9c0d50d430 HTTP/1.1" status: 200 len: 210 time: 0.0543623
2026-06-26 18:21:39.305 10 INFO neutron.wsgi [req-c2b12a3e-01cc-40d9-be00-5cb7395fe0a0 req-d1a76f51-fc4e-4d39-9a51-6ad5aa969fdf 605fd3cf3db54279a313bc616ccd7cf9 1bc9790d7bc2424d8a6869044ba32542 - - default default] 10.0.0.50 "GET /v2.0/ports?device_id=cb1724f5-a8d5-4864-ad55-1c9c0d50d430 HTTP/1.1" status: 200 len: 210 time: 0.0192506
2026-06-26 18:21:39.605 10 WARNING neutron.scheduler.dhcp_agent_scheduler [req-1f1486f5-abf1-4e02-a2af-d4df62c687d9 req-97b43472-dcef-45cd-8a67-9c029ad9be60 df5faf777a2748848958ae4dfd63984e e818eb0f5c934cfb977a7577d94d36fc - - default default] No more DHCP agents
2026-06-26 18:21:39.609 10 WARNING neutron.api.rpc.agentnotifiers.dhcp_rpc_agent_api [req-1f1486f5-abf1-4e02-a2af-d4df62c687d9 req-97b43472-dcef-45cd-8a67-9c029ad9be60 df5faf777a2748848958ae4dfd63984e e818eb0f5c934cfb977a7577d94d36fc - - default default] Unable to schedule network 300407cd-0fb3-4f7c-beda-dafaa368a847: no agents available; will retry on subsequent port and subnet creation events.
