2026-06-26 18:23:13.172 10 INFO neutron.wsgi [None req-249e685a-658d-480c-b5df-d2428bac5824 605fd3cf3db54279a313bc616ccd7cf9 1bc9790d7bc2424d8a6869044ba32542 - - default default] 10.0.0.233 "GET /v2.0/security-groups HTTP/1.1" status: 200 len: 30233 time: 0.0608678
2026-06-26 18:23:13.238 10 INFO neutron.wsgi [None req-7fbe40c3-da4c-41da-a234-5518d9555c3f 605fd3cf3db54279a313bc616ccd7cf9 1bc9790d7bc2424d8a6869044ba32542 - - default default] 10.0.0.233 "GET /v2.0/floatingips HTTP/1.1" status: 200 len: 2766 time: 0.0582125
2026-06-26 18:23:13.318 10 INFO neutron.wsgi [None req-6234d514-f26b-4c94-82c4-1d2ed4a84ea6 605fd3cf3db54279a313bc616ccd7cf9 1bc9790d7bc2424d8a6869044ba32542 - - default default] 10.0.0.233 "GET /v2.0/routers HTTP/1.1" status: 200 len: 849 time: 0.0778284
2026-06-26 18:23:13.329 10 INFO neutron.wsgi [None req-c6607c75-2fea-41a0-b9cc-ba56e1822ae7 605fd3cf3db54279a313bc616ccd7cf9 1bc9790d7bc2424d8a6869044ba32542 - - default default] 10.0.0.233 "GET /v2.0/agents?binary=ovn-controller HTTP/1.1" status: 200 len: 591 time: 0.0108633
2026-06-26 18:23:13.343 10 INFO neutron.wsgi [None req-152a320b-d052-428d-81a0-1157c8b47714 605fd3cf3db54279a313bc616ccd7cf9 1bc9790d7bc2424d8a6869044ba32542 - - default default] 10.0.0.233 "GET /v2.0/network-ip-availabilities HTTP/1.1" status: 200 len: 3362 time: 0.0129130
2026-06-26 18:23:13.381 10 INFO neutron.wsgi [None req-0712b023-6bfc-4411-ae10-314b31db991c 605fd3cf3db54279a313bc616ccd7cf9 1bc9790d7bc2424d8a6869044ba32542 - - default default] 10.0.0.233 "GET /v2.0/subnets HTTP/1.1" status: 200 len: 5497 time: 0.0369959
2026-06-26 18:23:13.396 10 INFO neutron.wsgi [None req-e29fd1f3-eb45-41b0-86a5-2fd304bbd8f0 605fd3cf3db54279a313bc616ccd7cf9 1bc9790d7bc2424d8a6869044ba32542 - - default default] 10.0.0.233 "GET /v2.0/subnetpools HTTP/1.1" status: 200 len: 193 time: 0.0128837
2026-06-26 18:23:13.429 10 INFO neutron.wsgi [None req-d6d273f3-d4b5-4706-a9c6-2dfe813906c0 605fd3cf3db54279a313bc616ccd7cf9 1bc9790d7bc2424d8a6869044ba32542 - - default default] 10.0.0.233 "GET /v2.0/subnets HTTP/1.1" status: 200 len: 5497 time: 0.0314615
2026-06-26 18:23:13.472 10 INFO neutron.wsgi [None req-6364ed8d-c66a-45f8-ad99-83fb2b631032 605fd3cf3db54279a313bc616ccd7cf9 1bc9790d7bc2424d8a6869044ba32542 - - default default] 10.0.0.233 "GET /v2.0/ports HTTP/1.1" status: 200 len: 23249 time: 0.0409186
2026-06-26 18:23:13.498 10 INFO neutron.wsgi [None req-5ad25e23-7c2a-4d93-b102-3e1b6c44ae85 605fd3cf3db54279a313bc616ccd7cf9 1bc9790d7bc2424d8a6869044ba32542 - - default default] 10.0.0.233 "GET /v2.0/agents HTTP/1.1" status: 200 len: 997 time: 0.0154877
2026-06-26 18:23:13.559 9 INFO neutron.db.ovn_revision_numbers_db [None req-6568b13c-e0e9-4989-9d5b-b758630940a0 605fd3cf3db54279a313bc616ccd7cf9 1bc9790d7bc2424d8a6869044ba32542 - - default default] Successfully bumped revision number for resource 9c3f1b70-2a99-4231-8832-165d5be7bbcf (type: ports) to 6
2026-06-26 18:23:13.570 9 INFO neutron.wsgi [None req-6568b13c-e0e9-4989-9d5b-b758630940a0 605fd3cf3db54279a313bc616ccd7cf9 1bc9790d7bc2424d8a6869044ba32542 - - default default] 199.204.45.95 "PUT /v2.0/ports/9c3f1b70-2a99-4231-8832-165d5be7bbcf HTTP/1.1" status: 200 len: 1203 time: 0.4112501 /var/lib/openstack/lib/python3.10/site-packages/pycadf/identifier.py:71: UserWarning: Invalid uuid: neutron. To ensure interoperability, identifiers should be a valid uuid. warnings.warn(('Invalid uuid: %s. To ensure interoperability, '
2026-06-26 18:23:13.634 9 INFO neutron.notifiers.nova [-] Nova event matching ['req-4d4e7fb5-5588-4e72-8f64-4a056e1858e5'] response: {'name': 'network-changed', 'server_uuid': 'cb1724f5-a8d5-4864-ad55-1c9c0d50d430', 'tag': '9c3f1b70-2a99-4231-8832-165d5be7bbcf', 'status': 'completed', 'code': 200}
2026-06-26 18:23:13.678 9 INFO neutron.wsgi [None req-61f64a5f-b9f2-4a3c-963a-72751f2dd85b 605fd3cf3db54279a313bc616ccd7cf9 1bc9790d7bc2424d8a6869044ba32542 - - default default] 199.204.45.95 "GET /v2.0/networks/c501d496-b30e-4855-ac40-4e6b181de792 HTTP/1.1" status: 200 len: 999 time: 0.0858028
2026-06-26 18:23:13.688 9 INFO neutron.wsgi [req-f93bf7ff-0181-475a-896a-2d150c325487 req-4faf4f2e-d6f1-4428-a4cb-4fd72ba981cc b2e1c5b26e8a477ba4f6f83b5197bf9e ce0c4b50600142b4ab26d17843c734b4 - - c3640017cad04f80a51ff14811cf726e c3640017cad04f80a51ff14811cf726e] 199.204.45.95 "GET /v2.0/ports?tenant_id=1bc9790d7bc2424d8a6869044ba32542&device_id=cb1724f5-a8d5-4864-ad55-1c9c0d50d430 HTTP/1.1" status: 200 len: 3747 time: 0.0394619
2026-06-26 18:23:13.737 9 INFO neutron.wsgi [None req-eab04bd5-b5e8-410c-a05e-e62994942a6e 605fd3cf3db54279a313bc616ccd7cf9 1bc9790d7bc2424d8a6869044ba32542 - - default default] 199.204.45.95 "GET /v2.0/ports?device_id=cb1724f5-a8d5-4864-ad55-1c9c0d50d430 HTTP/1.1" status: 200 len: 3747 time: 0.0482280
2026-06-26 18:23:13.768 9 INFO neutron.wsgi [req-f93bf7ff-0181-475a-896a-2d150c325487 req-103ff762-a78a-446d-a9e7-3e0c32c5d85f b2e1c5b26e8a477ba4f6f83b5197bf9e ce0c4b50600142b4ab26d17843c734b4 - - c3640017cad04f80a51ff14811cf726e c3640017cad04f80a51ff14811cf726e] 199.204.45.95 "GET /v2.0/networks?id=c501d496-b30e-4855-ac40-4e6b181de792 HTTP/1.1" status: 200 len: 1002 time: 0.0732665
2026-06-26 18:23:13.865 9 INFO neutron.wsgi [None req-591e5c92-926f-4003-b88d-34fd3ae667a2 605fd3cf3db54279a313bc616ccd7cf9 1bc9790d7bc2424d8a6869044ba32542 - - default default] 199.204.45.95 "GET /v2.0/ports?device_id=cb1724f5-a8d5-4864-ad55-1c9c0d50d430 HTTP/1.1" status: 200 len: 3747 time: 0.0401609
2026-06-26 18:23:13.868 9 INFO neutron.wsgi [req-f93bf7ff-0181-475a-896a-2d150c325487 req-547c2adc-a7ea-49cf-b7e1-b606f2015f50 b2e1c5b26e8a477ba4f6f83b5197bf9e ce0c4b50600142b4ab26d17843c734b4 - - c3640017cad04f80a51ff14811cf726e c3640017cad04f80a51ff14811cf726e] 199.204.45.95 "GET /v2.0/networks/c501d496-b30e-4855-ac40-4e6b181de792?fields=segments HTTP/1.1" status: 200 len: 212 time: 0.0919743
2026-06-26 18:23:13.953 9 INFO neutron.wsgi [req-f93bf7ff-0181-475a-896a-2d150c325487 req-df53060b-90b5-4c3d-8db4-41a523e03b66 b2e1c5b26e8a477ba4f6f83b5197bf9e ce0c4b50600142b4ab26d17843c734b4 - - c3640017cad04f80a51ff14811cf726e c3640017cad04f80a51ff14811cf726e] 199.204.45.95 "GET /v2.0/networks/c501d496-b30e-4855-ac40-4e6b181de792?fields=provider%3Aphysical_network&fields=provider%3Anetwork_type HTTP/1.1" status: 200 len: 277 time: 0.0806086
2026-06-26 18:23:14.124 9 INFO neutron.plugins.ml2.drivers.ovn.mech_driver.mech_driver [None req-2eb6e9db-6e57-4e1d-ad84-a7d1d22fb438 - - - - - -] OVN reports status down for port: 9c3f1b70-2a99-4231-8832-165d5be7bbcf
2026-06-26 18:23:14.211 9 INFO neutron.wsgi [req-4d9eef2b-9bd4-4f5a-9e40-b4038b067986 req-a6778e96-261c-4f6c-bee5-cd0ae4819dc2 b2e1c5b26e8a477ba4f6f83b5197bf9e ce0c4b50600142b4ab26d17843c734b4 - - c3640017cad04f80a51ff14811cf726e c3640017cad04f80a51ff14811cf726e] 199.204.45.95 "GET /v2.0/ports/9c3f1b70-2a99-4231-8832-165d5be7bbcf HTTP/1.1" status: 200 len: 1231 time: 0.0595362
2026-06-26 18:23:14.428 9 INFO neutron.db.ovn_revision_numbers_db [None req-2eb6e9db-6e57-4e1d-ad84-a7d1d22fb438 - - - - - -] Successfully bumped revision number for resource 9c3f1b70-2a99-4231-8832-165d5be7bbcf (type: ports) to 7
2026-06-26 18:23:14.476 9 INFO neutron.wsgi [req-4d9eef2b-9bd4-4f5a-9e40-b4038b067986 req-d7a38fe5-d6c9-48e5-a584-aacb44f748b3 605fd3cf3db54279a313bc616ccd7cf9 1bc9790d7bc2424d8a6869044ba32542 - - default default] 199.204.45.95 "DELETE /v2.0/ports/9c3f1b70-2a99-4231-8832-165d5be7bbcf HTTP/1.1" status: 204 len: 173 time: 0.2573390
2026-06-26 18:23:14.561 9 INFO neutron.wsgi [req-4d9eef2b-9bd4-4f5a-9e40-b4038b067986 req-b41bc066-288c-457f-89ad-65b7678f47b4 b2e1c5b26e8a477ba4f6f83b5197bf9e ce0c4b50600142b4ab26d17843c734b4 - - c3640017cad04f80a51ff14811cf726e c3640017cad04f80a51ff14811cf726e] 199.204.45.95 "GET /v2.0/ports?tenant_id=1bc9790d7bc2424d8a6869044ba32542&device_id=cb1724f5-a8d5-4864-ad55-1c9c0d50d430 HTTP/1.1" status: 200 len: 2724 time: 0.0370371
2026-06-26 18:23:14.644 9 INFO neutron.wsgi [req-4d9eef2b-9bd4-4f5a-9e40-b4038b067986 req-a1efc70c-f3ac-4b1e-b021-0be9e8ba7fd4 b2e1c5b26e8a477ba4f6f83b5197bf9e ce0c4b50600142b4ab26d17843c734b4 - - c3640017cad04f80a51ff14811cf726e c3640017cad04f80a51ff14811cf726e] 199.204.45.95 "GET /v2.0/networks?id=ce78a82c-c66a-4542-8803-e25b418084d2&id=25ee3f8f-66b2-4207-8735-4cffd15e2819&id=c501d496-b30e-4855-ac40-4e6b181de792 HTTP/1.1" status: 200 len: 2517 time: 0.0767846
2026-06-26 18:23:14.672 9 INFO neutron.wsgi [req-4d9eef2b-9bd4-4f5a-9e40-b4038b067986 req-38286886-08f1-479b-a50f-a22b1cbeabb5 b2e1c5b26e8a477ba4f6f83b5197bf9e ce0c4b50600142b4ab26d17843c734b4 - - c3640017cad04f80a51ff14811cf726e c3640017cad04f80a51ff14811cf726e] 199.204.45.95 "GET /v2.0/floatingips?fixed_ip_address=172.24.0.180&port_id=41372db9-6c9c-422e-88ae-681ac55a4245 HTTP/1.1" status: 200 len: 217 time: 0.0225081
2026-06-26 18:23:14.718 9 INFO neutron.wsgi [req-4d9eef2b-9bd4-4f5a-9e40-b4038b067986 req-3d30ec56-f1e7-4144-9897-893d221c37ae b2e1c5b26e8a477ba4f6f83b5197bf9e ce0c4b50600142b4ab26d17843c734b4 - - c3640017cad04f80a51ff14811cf726e c3640017cad04f80a51ff14811cf726e] 199.204.45.95 "GET /v2.0/subnets?id=9ed8fd40-ad51-4a07-9587-e805122e1b56 HTTP/1.1" status: 200 len: 829 time: 0.0361679
2026-06-26 18:23:14.747 9 INFO neutron.wsgi [req-4d9eef2b-9bd4-4f5a-9e40-b4038b067986 req-7a532c09-55ec-49f3-8d38-d4ef0a5a9d24 b2e1c5b26e8a477ba4f6f83b5197bf9e ce0c4b50600142b4ab26d17843c734b4 - - c3640017cad04f80a51ff14811cf726e c3640017cad04f80a51ff14811cf726e] 199.204.45.95 "GET /v2.0/ports?network_id=ce78a82c-c66a-4542-8803-e25b418084d2&device_owner=network%3Adhcp HTTP/1.1" status: 200 len: 210 time: 0.0241766
2026-06-26 18:23:14.818 9 INFO neutron.wsgi [req-4d9eef2b-9bd4-4f5a-9e40-b4038b067986 req-a65d2c23-68d2-4f23-9f32-c1d620f8ed98 b2e1c5b26e8a477ba4f6f83b5197bf9e ce0c4b50600142b4ab26d17843c734b4 - - c3640017cad04f80a51ff14811cf726e c3640017cad04f80a51ff14811cf726e] 199.204.45.95 "GET /v2.0/networks/ce78a82c-c66a-4542-8803-e25b418084d2?fields=segments HTTP/1.1" status: 200 len: 212 time: 0.0657532
2026-06-26 18:23:14.898 9 INFO neutron.wsgi [req-4d9eef2b-9bd4-4f5a-9e40-b4038b067986 req-f3ce41a5-85af-47c5-a740-ac68ab11cafd b2e1c5b26e8a477ba4f6f83b5197bf9e ce0c4b50600142b4ab26d17843c734b4 - - c3640017cad04f80a51ff14811cf726e c3640017cad04f80a51ff14811cf726e] 199.204.45.95 "GET /v2.0/networks/ce78a82c-c66a-4542-8803-e25b418084d2?fields=provider%3Aphysical_network&fields=provider%3Anetwork_type HTTP/1.1" status: 200 len: 277 time: 0.0722182
2026-06-26 18:23:14.912 9 INFO neutron.wsgi [None req-af475fe3-e0cc-4ba6-9664-d27ff2de147d 605fd3cf3db54279a313bc616ccd7cf9 1bc9790d7bc2424d8a6869044ba32542 - - default default] 199.204.45.95 "GET /v2.0/ports?device_id=cb1724f5-a8d5-4864-ad55-1c9c0d50d430 HTTP/1.1" status: 200 len: 2724 time: 0.0390389
2026-06-26 18:23:14.930 9 INFO neutron.wsgi [req-4d9eef2b-9bd4-4f5a-9e40-b4038b067986 req-55a2af59-2840-462d-b209-3c98da8d6a92 b2e1c5b26e8a477ba4f6f83b5197bf9e ce0c4b50600142b4ab26d17843c734b4 - - c3640017cad04f80a51ff14811cf726e c3640017cad04f80a51ff14811cf726e] 199.204.45.95 "GET /v2.0/floatingips?fixed_ip_address=10.1.1.19&port_id=f6055ce8-c8c6-4855-bfa7-65106389e747 HTTP/1.1" status: 200 len: 217 time: 0.0254834
2026-06-26 18:23:14.943 9 INFO neutron.pecan_wsgi.hooks.translation [None req-e804828a-d3db-49f5-9ca4-a67e20e05da7 605fd3cf3db54279a313bc616ccd7cf9 1bc9790d7bc2424d8a6869044ba32542 - - default default] DELETE failed (client error): The resource could not be found.
2026-06-26 18:23:14.945 9 INFO neutron.wsgi [None req-e804828a-d3db-49f5-9ca4-a67e20e05da7 605fd3cf3db54279a313bc616ccd7cf9 1bc9790d7bc2424d8a6869044ba32542 - - default default] 199.204.45.95 "DELETE /v2.0/ports/9c3f1b70-2a99-4231-8832-165d5be7bbcf HTTP/1.1" status: 404 len: 338 time: 0.0205662
2026-06-26 18:23:14.969 9 INFO neutron.wsgi [req-4d9eef2b-9bd4-4f5a-9e40-b4038b067986 req-93eabe25-5388-4b37-8813-2fd127248968 b2e1c5b26e8a477ba4f6f83b5197bf9e ce0c4b50600142b4ab26d17843c734b4 - - c3640017cad04f80a51ff14811cf726e c3640017cad04f80a51ff14811cf726e] 199.204.45.95 "GET /v2.0/subnets?id=c20a3fa6-3819-42e9-9779-631f67c780ff HTTP/1.1" status: 200 len: 854 time: 0.0317073
2026-06-26 18:23:14.994 9 INFO neutron.wsgi [req-4d9eef2b-9bd4-4f5a-9e40-b4038b067986 req-70961bb4-4dd3-41ac-829d-2265dbccd2d9 b2e1c5b26e8a477ba4f6f83b5197bf9e ce0c4b50600142b4ab26d17843c734b4 - - c3640017cad04f80a51ff14811cf726e c3640017cad04f80a51ff14811cf726e] 199.204.45.95 "GET /v2.0/ports?network_id=25ee3f8f-66b2-4207-8735-4cffd15e2819&device_owner=network%3Adhcp HTTP/1.1" status: 200 len: 210 time: 0.0180891
2026-06-26 18:23:15.041 9 INFO neutron.wsgi [None req-fd195779-0ff2-4a21-bfcb-6e9ed0d6c726 605fd3cf3db54279a313bc616ccd7cf9 1bc9790d7bc2424d8a6869044ba32542 - - default default] 199.204.45.95 "GET /v2.0/extensions/security-group HTTP/1.1" status: 200 len: 369 time: 0.0053282
2026-06-26 18:23:15.051 9 INFO neutron.wsgi [None req-2ff8d164-83c6-4d4c-b1b0-d2dd0ab85995 605fd3cf3db54279a313bc616ccd7cf9 1bc9790d7bc2424d8a6869044ba32542 - - default default] 199.204.45.95 "GET /v2.0/extensions/dns-integration HTTP/1.1" status: 200 len: 371 time: 0.0036485
2026-06-26 18:23:15.059 9 INFO neutron.wsgi [None req-6edcf58a-8e0c-4e33-a962-48e7966cccca 605fd3cf3db54279a313bc616ccd7cf9 1bc9790d7bc2424d8a6869044ba32542 - - default default] 199.204.45.95 "GET /v2.0/extensions/qos HTTP/1.1" status: 200 len: 365 time: 0.0032706
2026-06-26 18:23:15.073 9 INFO neutron.wsgi [None req-e7a3f903-a75d-4423-805d-d9881c72d2dd 605fd3cf3db54279a313bc616ccd7cf9 1bc9790d7bc2424d8a6869044ba32542 - - default default] 199.204.45.95 "GET /v2.0/extensions/allowed-address-pairs HTTP/1.1" status: 200 len: 383 time: 0.0087643
2026-06-26 18:23:15.084 9 INFO neutron.wsgi [req-4d9eef2b-9bd4-4f5a-9e40-b4038b067986 req-8577c3b0-15d9-4bab-8f67-f06033d5280e b2e1c5b26e8a477ba4f6f83b5197bf9e ce0c4b50600142b4ab26d17843c734b4 - - c3640017cad04f80a51ff14811cf726e c3640017cad04f80a51ff14811cf726e] 199.204.45.95 "GET /v2.0/networks/25ee3f8f-66b2-4207-8735-4cffd15e2819?fields=segments HTTP/1.1" status: 200 len: 212 time: 0.0840857
2026-06-26 18:23:15.131 9 INFO neutron.wsgi [None req-298313a8-033e-48cd-807d-91b774ffe908 605fd3cf3db54279a313bc616ccd7cf9 1bc9790d7bc2424d8a6869044ba32542 - - default default] 199.204.45.95 "GET /v2.0/subnets/c20a3fa6-3819-42e9-9779-631f67c780ff HTTP/1.1" status: 200 len: 851 time: 0.0463395
2026-06-26 18:23:15.165 9 INFO neutron.wsgi [None req-7840ab66-a5e2-409e-9d91-0698a79839e4 605fd3cf3db54279a313bc616ccd7cf9 1bc9790d7bc2424d8a6869044ba32542 - - default default] 199.204.45.95 "GET /v2.0/ports/ac07f48a-18d0-4653-8c0c-ddf7cdc1e38b HTTP/1.1" status: 200 len: 1340 time: 0.0294087
2026-06-26 18:23:15.170 9 INFO neutron.wsgi [req-4d9eef2b-9bd4-4f5a-9e40-b4038b067986 req-c9fc8026-3395-4f35-879f-db05a31cd3cb b2e1c5b26e8a477ba4f6f83b5197bf9e ce0c4b50600142b4ab26d17843c734b4 - - c3640017cad04f80a51ff14811cf726e c3640017cad04f80a51ff14811cf726e] 199.204.45.95 "GET /v2.0/networks/25ee3f8f-66b2-4207-8735-4cffd15e2819?fields=provider%3Aphysical_network&fields=provider%3Anetwork_type HTTP/1.1" status: 200 len: 277 time: 0.0785823
2026-06-26 18:23:15.199 9 INFO neutron.wsgi [None req-4e76a5d0-4715-4be1-8e40-9287cccdd734 605fd3cf3db54279a313bc616ccd7cf9 1bc9790d7bc2424d8a6869044ba32542 - - default default] 199.204.45.95 "GET /v2.0/ports/f6055ce8-c8c6-4855-bfa7-65106389e747 HTTP/1.1" status: 200 len: 1515 time: 0.0273609
2026-06-26 18:23:15.232 9 INFO neutron.wsgi [None req-ed05fe73-47e1-4232-8d11-e4c1f0ee6964 605fd3cf3db54279a313bc616ccd7cf9 1bc9790d7bc2424d8a6869044ba32542 - - default default] 199.204.45.95 "GET /v2.0/subnets/c20a3fa6-3819-42e9-9779-631f67c780ff HTTP/1.1" status: 200 len: 851 time: 0.0275402
2026-06-26 18:23:15.294 9 INFO neutron.wsgi [None req-b554b947-dce7-4f6f-aa5c-3529779aeffe 605fd3cf3db54279a313bc616ccd7cf9 1bc9790d7bc2424d8a6869044ba32542 - - default default] 199.204.45.95 "GET /v2.0/networks/25ee3f8f-66b2-4207-8735-4cffd15e2819 HTTP/1.1" status: 200 len: 1000 time: 0.0533383
2026-06-26 18:23:15.335 9 INFO neutron.wsgi [None req-745b4225-d43f-41d1-ab21-ebcdfa9d5d51 605fd3cf3db54279a313bc616ccd7cf9 1bc9790d7bc2424d8a6869044ba32542 - - default default] 199.204.45.95 "GET /v2.0/ports/ac07f48a-18d0-4653-8c0c-ddf7cdc1e38b HTTP/1.1" status: 200 len: 1340 time: 0.0342207
2026-06-26 18:23:15.375 9 INFO neutron.wsgi [None req-a3da147d-942a-4a7e-8b62-20761d826848 605fd3cf3db54279a313bc616ccd7cf9 1bc9790d7bc2424d8a6869044ba32542 - - default default] 199.204.45.95 "GET /v2.0/subnets/c20a3fa6-3819-42e9-9779-631f67c780ff HTTP/1.1" status: 200 len: 851 time: 0.0335047
2026-06-26 18:23:15.689 9 INFO neutron.notifiers.nova [-] Nova event matching ['req-ae2c3b4b-481b-44f5-85c4-fa73a2a7644d'] response: {'server_uuid': 'cb1724f5-a8d5-4864-ad55-1c9c0d50d430', 'name': 'network-vif-unplugged', 'status': 'completed', 'tag': '9c3f1b70-2a99-4231-8832-165d5be7bbcf', 'code': 200}
2026-06-26 18:23:15.689 9 INFO neutron.notifiers.nova [-] Nova event matching ['req-ae2c3b4b-481b-44f5-85c4-fa73a2a7644d'] response: {'server_uuid': 'cb1724f5-a8d5-4864-ad55-1c9c0d50d430', 'name': 'network-vif-plugged', 'status': 'completed', 'tag': '9c3f1b70-2a99-4231-8832-165d5be7bbcf', 'code': 200}
2026-06-26 18:23:15.689 9 INFO neutron.notifiers.nova [-] Nova event matching ['req-ae2c3b4b-481b-44f5-85c4-fa73a2a7644d'] response: {'server_uuid': 'cb1724f5-a8d5-4864-ad55-1c9c0d50d430', 'name': 'network-vif-deleted', 'tag': '9c3f1b70-2a99-4231-8832-165d5be7bbcf', 'status': 'completed', 'code': 200}
2026-06-26 18:23:20.335 10 INFO neutron.wsgi [-] 10.0.0.128 "GET / HTTP/1.1" status: 200 len: 247 time: 0.0017178
2026-06-26 18:23:20.335 9 INFO neutron.wsgi [-] 10.0.0.128 "GET / HTTP/1.1" status: 200 len: 247 time: 0.0018680
2026-06-26 18:23:24.282 9 INFO neutron.wsgi [None req-6ee904de-f14f-4f0a-9a9a-876cef81baf3 605fd3cf3db54279a313bc616ccd7cf9 1bc9790d7bc2424d8a6869044ba32542 - - default default] 199.204.45.95 "GET /v2.0/extensions/security-group HTTP/1.1" status: 200 len: 369 time: 0.0069218
2026-06-26 18:23:24.289 9 INFO neutron.wsgi [None req-fa181bb4-ce39-4a53-8ab0-89765e551b38 605fd3cf3db54279a313bc616ccd7cf9 1bc9790d7bc2424d8a6869044ba32542 - - default default] 199.204.45.95 "GET /v2.0/extensions/dns-integration HTTP/1.1" status: 200 len: 371 time: 0.0041754
2026-06-26 18:23:24.300 9 INFO neutron.wsgi [None req-466f197e-bcdb-4e93-8c53-b3617c953338 605fd3cf3db54279a313bc616ccd7cf9 1bc9790d7bc2424d8a6869044ba32542 - - default default] 199.204.45.95 "GET /v2.0/extensions/qos HTTP/1.1" status: 200 len: 365 time: 0.0044651
2026-06-26 18:23:24.312 9 INFO neutron.wsgi [None req-1ff393b2-70b2-45a9-b619-b7473ddd45f0 605fd3cf3db54279a313bc616ccd7cf9 1bc9790d7bc2424d8a6869044ba32542 - - default default] 199.204.45.95 "GET /v2.0/extensions/allowed-address-pairs HTTP/1.1" status: 200 len: 383 time: 0.0081978
2026-06-26 18:23:24.358 9 INFO neutron.wsgi [None req-8ce321c5-686f-4d35-8034-72327d80b8e5 605fd3cf3db54279a313bc616ccd7cf9 1bc9790d7bc2424d8a6869044ba32542 - - default default] 199.204.45.95 "GET /v2.0/security-groups?name=lb-7595ae7e-a823-4797-a4be-3e88e4f2eef8 HTTP/1.1" status: 200 len: 2939 time: 0.0365665
2026-06-26 18:23:24.393 9 INFO neutron.wsgi [None req-a56f55c6-7331-4b60-911e-d7e08f79def8 605fd3cf3db54279a313bc616ccd7cf9 1bc9790d7bc2424d8a6869044ba32542 - - default default] 199.204.45.95 "GET /v2.0/security-group-rules?security_group_id=f816665a-7f9f-4f1d-b201-77339013d4bb HTTP/1.1" status: 200 len: 2406 time: 0.0273800
2026-06-26 18:23:24.515 9 INFO neutron.wsgi [None req-4e433986-535b-4aeb-9724-0068d4ee4d26 605fd3cf3db54279a313bc616ccd7cf9 1bc9790d7bc2424d8a6869044ba32542 - - default default] 199.204.45.95 "DELETE /v2.0/security-group-rules/2dcef50d-ce8e-43f4-a119-fa19cf980fd8 HTTP/1.1" status: 204 len: 173 time: 0.1153378
2026-06-26 18:23:24.630 9 INFO neutron.wsgi [None req-935a1088-fea0-40a8-8486-409c3f8ec536 605fd3cf3db54279a313bc616ccd7cf9 1bc9790d7bc2424d8a6869044ba32542 - - default default] 199.204.45.95 "DELETE /v2.0/security-group-rules/781c559b-f474-4614-8680-9eff419fb211 HTTP/1.1" status: 204 len: 173 time: 0.1086929
2026-06-26 18:23:29.025 9 INFO neutron.db.l3_db [None req-7567ac2f-981c-46c2-b034-871625cd1963 c82cdca9798c4e279afcfdbe1ec646f3 9cc5ee2549ad431dace47183ba2b6525 - - default default] Floating IP d274e5d9-b9fd-4c76-b576-9b5025669606 disassociated (deleted). External IP: 10.96.250.213, port: ac07f48a-18d0-4653-8c0c-ddf7cdc1e38b.
2026-06-26 18:23:29.063 9 INFO neutron.wsgi [None req-7567ac2f-981c-46c2-b034-871625cd1963 c82cdca9798c4e279afcfdbe1ec646f3 9cc5ee2549ad431dace47183ba2b6525 - - default default] 10.0.0.147 "DELETE /v2.0/floatingips/d274e5d9-b9fd-4c76-b576-9b5025669606 HTTP/1.1" status: 204 len: 168 time: 0.4036388
2026-06-26 18:23:29.091 9 INFO neutron.api.v2.resource [None req-14d68300-8146-4517-a5af-e9cf4d1791f8 c82cdca9798c4e279afcfdbe1ec646f3 9cc5ee2549ad431dace47183ba2b6525 - - default default] show failed (client error): The resource could not be found.
2026-06-26 18:23:29.094 9 INFO neutron.wsgi [None req-14d68300-8146-4517-a5af-e9cf4d1791f8 c82cdca9798c4e279afcfdbe1ec646f3 9cc5ee2549ad431dace47183ba2b6525 - - default default] 10.0.0.147 "GET /v2.0/floatingips/d274e5d9-b9fd-4c76-b576-9b5025669606 HTTP/1.1" status: 404 len: 345 time: 0.0245256 /var/lib/openstack/lib/python3.10/site-packages/pycadf/identifier.py:71: UserWarning: Invalid uuid: neutron. To ensure interoperability, identifiers should be a valid uuid. warnings.warn(('Invalid uuid: %s. To ensure interoperability, '
2026-06-26 18:23:29.312 10 INFO neutron.wsgi [None req-4e3c115e-75e8-459b-b760-8a85c75f02be 605fd3cf3db54279a313bc616ccd7cf9 1bc9790d7bc2424d8a6869044ba32542 - - default default] 199.204.45.95 "GET /v2.0/extensions/security-group HTTP/1.1" status: 200 len: 369 time: 0.0097189
2026-06-26 18:23:29.317 10 INFO neutron.wsgi [None req-92359e09-af18-4752-b1d2-6f0dee697091 605fd3cf3db54279a313bc616ccd7cf9 1bc9790d7bc2424d8a6869044ba32542 - - default default] 199.204.45.95 "GET /v2.0/extensions/dns-integration HTTP/1.1" status: 200 len: 371 time: 0.0029452
2026-06-26 18:23:29.324 10 INFO neutron.wsgi [None req-60506196-fa5d-4a5b-9ed4-62bd1ab2df4c 605fd3cf3db54279a313bc616ccd7cf9 1bc9790d7bc2424d8a6869044ba32542 - - default default] 199.204.45.95 "GET /v2.0/extensions/qos HTTP/1.1" status: 200 len: 365 time: 0.0040817
2026-06-26 18:23:29.332 10 INFO neutron.wsgi [None req-d79ddedb-e83f-469e-b769-4da7b311bcf2 605fd3cf3db54279a313bc616ccd7cf9 1bc9790d7bc2424d8a6869044ba32542 - - default default] 199.204.45.95 "GET /v2.0/extensions/allowed-address-pairs HTTP/1.1" status: 200 len: 383 time: 0.0049615
2026-06-26 18:23:29.377 10 INFO neutron.wsgi [None req-aa82b58e-5b41-4b9d-9cdb-a99479623fb6 605fd3cf3db54279a313bc616ccd7cf9 1bc9790d7bc2424d8a6869044ba32542 - - default default] 199.204.45.95 "GET /v2.0/subnets/c20a3fa6-3819-42e9-9779-631f67c780ff HTTP/1.1" status: 200 len: 851 time: 0.0413823
2026-06-26 18:23:29.412 10 INFO neutron.wsgi [None req-d3502902-ac0a-4cbc-b7bc-daddd9e470c0 605fd3cf3db54279a313bc616ccd7cf9 1bc9790d7bc2424d8a6869044ba32542 - - default default] 199.204.45.95 "GET /v2.0/ports?device_id=cb1724f5-a8d5-4864-ad55-1c9c0d50d430 HTTP/1.1" status: 200 len: 2724 time: 0.0315943
2026-06-26 18:23:29.444 10 INFO neutron.wsgi [None req-2e4d34b9-e201-463c-aacd-540249a4c9bf 605fd3cf3db54279a313bc616ccd7cf9 1bc9790d7bc2424d8a6869044ba32542 - - default default] 199.204.45.95 "GET /v2.0/ports?device_id=cb1724f5-a8d5-4864-ad55-1c9c0d50d430 HTTP/1.1" status: 200 len: 2724 time: 0.0293663
2026-06-26 18:23:29.561 10 INFO neutron.wsgi [None req-dae08675-cdcb-404f-8724-f537f5c16ac6 605fd3cf3db54279a313bc616ccd7cf9 1bc9790d7bc2424d8a6869044ba32542 - - default default] 199.204.45.95 "GET /v2.0/ports?device_id=cb1724f5-a8d5-4864-ad55-1c9c0d50d430 HTTP/1.1" status: 200 len: 2724 time: 0.0481186
2026-06-26 18:23:29.838 10 INFO neutron.plugins.ml2.drivers.ovn.mech_driver.mech_driver [None req-d53b8ebe-a5c5-43c5-bd13-726443e5fbca - - - - - -] OVN reports status down for port: ac07f48a-18d0-4653-8c0c-ddf7cdc1e38b
2026-06-26 18:23:29.893 9 INFO neutron.wsgi [req-e78a4806-84a1-45ec-af65-744bc09a023d req-e8142a1f-7b65-402e-a2c2-ec576992486b b2e1c5b26e8a477ba4f6f83b5197bf9e ce0c4b50600142b4ab26d17843c734b4 - - c3640017cad04f80a51ff14811cf726e c3640017cad04f80a51ff14811cf726e] 199.204.45.95 "GET /v2.0/ports/f6055ce8-c8c6-4855-bfa7-65106389e747 HTTP/1.1" status: 200 len: 1515 time: 0.0332556
2026-06-26 18:23:29.905 10 INFO neutron.plugins.ml2.drivers.ovn.mech_driver.mech_driver [None req-d53b8ebe-a5c5-43c5-bd13-726443e5fbca - - - - - -] OVN reports status down for port: f6055ce8-c8c6-4855-bfa7-65106389e747
2026-06-26 18:23:29.931 9 INFO neutron.wsgi [req-e78a4806-84a1-45ec-af65-744bc09a023d req-3126c1d2-c6f3-45f1-805e-f0d869f2f542 605fd3cf3db54279a313bc616ccd7cf9 1bc9790d7bc2424d8a6869044ba32542 - - default default] 199.204.45.95 "GET /v2.0/ports/f6055ce8-c8c6-4855-bfa7-65106389e747?fields=binding%3Aprofile&fields=network_id HTTP/1.1" status: 200 len: 281 time: 0.0328517
2026-06-26 18:23:29.981 9 INFO neutron.db.ovn_revision_numbers_db [None req-05c66473-3784-4c25-b4a2-b675ef398f51 - - - - - -] Successfully bumped revision number for resource ac07f48a-18d0-4653-8c0c-ddf7cdc1e38b (type: ports) to 6
2026-06-26 18:23:29.992 9 INFO neutron.wsgi [req-e78a4806-84a1-45ec-af65-744bc09a023d req-283c59b1-08a9-4e94-bca8-713c79e472b8 605fd3cf3db54279a313bc616ccd7cf9 1bc9790d7bc2424d8a6869044ba32542 - - default default] 199.204.45.95 "GET /v2.0/networks/25ee3f8f-66b2-4207-8735-4cffd15e2819?fields=dns_domain HTTP/1.1" status: 200 len: 227 time: 0.0583503
2026-06-26 18:23:30.026 10 INFO neutron.notifiers.nova [-] Nova event matching ['req-491d0787-d5ea-45ca-b748-7ace5d384af4'] response: {'server_uuid': 'cb1724f5-a8d5-4864-ad55-1c9c0d50d430', 'name': 'network-vif-unplugged', 'status': 'completed', 'tag': 'f6055ce8-c8c6-4855-bfa7-65106389e747', 'code': 200}
2026-06-26 18:23:30.186 10 INFO neutron.db.ovn_revision_numbers_db [None req-d53b8ebe-a5c5-43c5-bd13-726443e5fbca - - - - - -] Successfully bumped revision number for resource f6055ce8-c8c6-4855-bfa7-65106389e747 (type: ports) to 7
2026-06-26 18:23:30.377 9 INFO neutron.db.ovn_revision_numbers_db [req-e78a4806-84a1-45ec-af65-744bc09a023d req-983699a6-3ecb-4e79-b4b4-7c1e38038167 b2e1c5b26e8a477ba4f6f83b5197bf9e ce0c4b50600142b4ab26d17843c734b4 - - c3640017cad04f80a51ff14811cf726e c3640017cad04f80a51ff14811cf726e] Successfully bumped revision number for resource f6055ce8-c8c6-4855-bfa7-65106389e747 (type: ports) to 8
2026-06-26 18:23:30.392 9 INFO neutron.wsgi [req-e78a4806-84a1-45ec-af65-744bc09a023d req-983699a6-3ecb-4e79-b4b4-7c1e38038167 b2e1c5b26e8a477ba4f6f83b5197bf9e ce0c4b50600142b4ab26d17843c734b4 - - c3640017cad04f80a51ff14811cf726e c3640017cad04f80a51ff14811cf726e] 199.204.45.95 "PUT /v2.0/ports/f6055ce8-c8c6-4855-bfa7-65106389e747 HTTP/1.1" status: 200 len: 1347 time: 0.3955405 /var/lib/openstack/lib/python3.10/site-packages/pycadf/identifier.py:71: UserWarning: Invalid uuid: neutron. To ensure interoperability, identifiers should be a valid uuid. warnings.warn(('Invalid uuid: %s. To ensure interoperability, '
2026-06-26 18:23:30.472 9 INFO neutron.wsgi [req-e78a4806-84a1-45ec-af65-744bc09a023d req-e5c67f94-765c-4408-b12e-2ecaf6083411 b2e1c5b26e8a477ba4f6f83b5197bf9e ce0c4b50600142b4ab26d17843c734b4 - - c3640017cad04f80a51ff14811cf726e c3640017cad04f80a51ff14811cf726e] 199.204.45.95 "GET /v2.0/ports?tenant_id=1bc9790d7bc2424d8a6869044ba32542&device_id=cb1724f5-a8d5-4864-ad55-1c9c0d50d430 HTTP/1.1" status: 200 len: 1417 time: 0.0366340
2026-06-26 18:23:30.546 9 INFO neutron.wsgi [req-e78a4806-84a1-45ec-af65-744bc09a023d req-2a5c2e06-dbd1-45bc-8107-d95cc015c4e9 b2e1c5b26e8a477ba4f6f83b5197bf9e ce0c4b50600142b4ab26d17843c734b4 - - c3640017cad04f80a51ff14811cf726e c3640017cad04f80a51ff14811cf726e] 199.204.45.95 "GET /v2.0/networks?id=ce78a82c-c66a-4542-8803-e25b418084d2&id=25ee3f8f-66b2-4207-8735-4cffd15e2819 HTTP/1.1" status: 200 len: 1728 time: 0.0674272 /var/lib/openstack/lib/python3.10/site-packages/pycadf/identifier.py:71: UserWarning: Invalid uuid: neutron. To ensure interoperability, identifiers should be a valid uuid. warnings.warn(('Invalid uuid: %s. To ensure interoperability, '
2026-06-26 18:23:30.571 9 INFO neutron.wsgi [req-e78a4806-84a1-45ec-af65-744bc09a023d req-0acd624f-377b-4daa-872d-a41c4c4562ec b2e1c5b26e8a477ba4f6f83b5197bf9e ce0c4b50600142b4ab26d17843c734b4 - - c3640017cad04f80a51ff14811cf726e c3640017cad04f80a51ff14811cf726e] 199.204.45.95 "GET /v2.0/floatingips?fixed_ip_address=172.24.0.180&port_id=41372db9-6c9c-422e-88ae-681ac55a4245 HTTP/1.1" status: 200 len: 217 time: 0.0183191
2026-06-26 18:23:30.601 10 INFO neutron.wsgi [None req-b25d48e8-269d-410f-bc86-81f15a456f2e 605fd3cf3db54279a313bc616ccd7cf9 1bc9790d7bc2424d8a6869044ba32542 - - default default] 199.204.45.95 "GET /v2.0/ports?device_id=cb1724f5-a8d5-4864-ad55-1c9c0d50d430 HTTP/1.1" status: 200 len: 1417 time: 0.0318139
2026-06-26 18:23:30.605 9 INFO neutron.wsgi [req-e78a4806-84a1-45ec-af65-744bc09a023d req-bf18098a-c687-4f56-b6fa-dd5a9c1f8ea0 b2e1c5b26e8a477ba4f6f83b5197bf9e ce0c4b50600142b4ab26d17843c734b4 - - c3640017cad04f80a51ff14811cf726e c3640017cad04f80a51ff14811cf726e] 199.204.45.95 "GET /v2.0/subnets?id=9ed8fd40-ad51-4a07-9587-e805122e1b56 HTTP/1.1" status: 200 len: 829 time: 0.0268712
2026-06-26 18:23:30.633 9 INFO neutron.wsgi [req-e78a4806-84a1-45ec-af65-744bc09a023d req-49d9f42f-4b50-44d7-baf4-42904249ae25 b2e1c5b26e8a477ba4f6f83b5197bf9e ce0c4b50600142b4ab26d17843c734b4 - - c3640017cad04f80a51ff14811cf726e c3640017cad04f80a51ff14811cf726e] 199.204.45.95 "GET /v2.0/ports?network_id=ce78a82c-c66a-4542-8803-e25b418084d2&device_owner=network%3Adhcp HTTP/1.1" status: 200 len: 210 time: 0.0222032
2026-06-26 18:23:30.704 9 INFO neutron.wsgi [req-e78a4806-84a1-45ec-af65-744bc09a023d req-f60b9e24-8d3a-444f-9768-06c14bea670b b2e1c5b26e8a477ba4f6f83b5197bf9e ce0c4b50600142b4ab26d17843c734b4 - - c3640017cad04f80a51ff14811cf726e c3640017cad04f80a51ff14811cf726e] 199.204.45.95 "GET /v2.0/networks/ce78a82c-c66a-4542-8803-e25b418084d2?fields=segments HTTP/1.1" status: 200 len: 212 time: 0.0627425
2026-06-26 18:23:30.789 9 INFO neutron.wsgi [req-e78a4806-84a1-45ec-af65-744bc09a023d req-fca88582-25dc-4a53-b2e0-0c23d8eb1315 b2e1c5b26e8a477ba4f6f83b5197bf9e ce0c4b50600142b4ab26d17843c734b4 - - c3640017cad04f80a51ff14811cf726e c3640017cad04f80a51ff14811cf726e] 199.204.45.95 "GET /v2.0/networks/ce78a82c-c66a-4542-8803-e25b418084d2?fields=provider%3Aphysical_network&fields=provider%3Anetwork_type HTTP/1.1" status: 200 len: 277 time: 0.0788698
2026-06-26 18:23:31.024 10 INFO neutron.db.ovn_revision_numbers_db [None req-3a37ac33-fa97-4d05-9340-fe7913986a6c 605fd3cf3db54279a313bc616ccd7cf9 1bc9790d7bc2424d8a6869044ba32542 - - default default] Successfully bumped revision number for resource f6055ce8-c8c6-4855-bfa7-65106389e747 (type: ports) to 9
2026-06-26 18:23:31.038 10 INFO neutron.wsgi [None req-3a37ac33-fa97-4d05-9340-fe7913986a6c 605fd3cf3db54279a313bc616ccd7cf9 1bc9790d7bc2424d8a6869044ba32542 - - default default] 199.204.45.95 "PUT /v2.0/ports/f6055ce8-c8c6-4855-bfa7-65106389e747 HTTP/1.1" status: 200 len: 1286 time: 0.4290915 /var/lib/openstack/lib/python3.10/site-packages/pycadf/identifier.py:71: UserWarning: Invalid uuid: neutron. To ensure interoperability, identifiers should be a valid uuid. warnings.warn(('Invalid uuid: %s. To ensure interoperability, '
2026-06-26 18:23:31.073 10 INFO neutron.wsgi [None req-0886d80e-cbe2-4e86-a03d-72db6b715b4b 605fd3cf3db54279a313bc616ccd7cf9 1bc9790d7bc2424d8a6869044ba32542 - - default default] 199.204.45.95 "GET /v2.0/ports/f6055ce8-c8c6-4855-bfa7-65106389e747 HTTP/1.1" status: 200 len: 1286 time: 0.0274272
2026-06-26 18:23:31.105 9 INFO neutron.db.ovn_revision_numbers_db [None req-05c66473-3784-4c25-b4a2-b675ef398f51 - - - - - -] Successfully bumped revision number for resource ac07f48a-18d0-4653-8c0c-ddf7cdc1e38b (type: ports) to 8
2026-06-26 18:23:31.403 10 INFO neutron.wsgi [None req-5c41688e-5c3d-498a-9bbd-fc0c850be5ad 605fd3cf3db54279a313bc616ccd7cf9 1bc9790d7bc2424d8a6869044ba32542 - - default default] 199.204.45.95 "DELETE /v2.0/ports/f6055ce8-c8c6-4855-bfa7-65106389e747 HTTP/1.1" status: 204 len: 173 time: 0.3240311
2026-06-26 18:23:31.443 10 INFO neutron.wsgi [None req-d80fdc1c-963f-4a8f-ab83-cd99a139423b 605fd3cf3db54279a313bc616ccd7cf9 1bc9790d7bc2424d8a6869044ba32542 - - default default] 199.204.45.95 "GET /v2.0/extensions/security-group HTTP/1.1" status: 200 len: 369 time: 0.0049088
2026-06-26 18:23:31.451 10 INFO neutron.wsgi [None req-fd75a718-f10f-4058-b27a-f75d9e258f35 605fd3cf3db54279a313bc616ccd7cf9 1bc9790d7bc2424d8a6869044ba32542 - - default default] 199.204.45.95 "GET /v2.0/extensions/dns-integration HTTP/1.1" status: 200 len: 371 time: 0.0034194
2026-06-26 18:23:31.462 10 INFO neutron.wsgi [None req-3c48b88f-1f1c-440b-9e88-15bb875589fa 605fd3cf3db54279a313bc616ccd7cf9 1bc9790d7bc2424d8a6869044ba32542 - - default default] 199.204.45.95 "GET /v2.0/extensions/qos HTTP/1.1" status: 200 len: 365 time: 0.0074570
2026-06-26 18:23:31.474 10 INFO neutron.wsgi [None req-a420cd11-423b-44cb-8b5c-82b27451a844 605fd3cf3db54279a313bc616ccd7cf9 1bc9790d7bc2424d8a6869044ba32542 - - default default] 199.204.45.95 "GET /v2.0/extensions/allowed-address-pairs HTTP/1.1" status: 200 len: 383 time: 0.0084715
2026-06-26 18:23:31.494 10 INFO neutron.pecan_wsgi.hooks.translation [None req-8ad79eba-a8f0-47f5-82c1-0497b5c06603 605fd3cf3db54279a313bc616ccd7cf9 1bc9790d7bc2424d8a6869044ba32542 - - default default] DELETE failed (client error): The resource could not be found.
2026-06-26 18:23:31.496 10 INFO neutron.wsgi [None req-8ad79eba-a8f0-47f5-82c1-0497b5c06603 605fd3cf3db54279a313bc616ccd7cf9 1bc9790d7bc2424d8a6869044ba32542 - - default default] 199.204.45.95 "DELETE /v2.0/ports/f6055ce8-c8c6-4855-bfa7-65106389e747 HTTP/1.1" status: 404 len: 338 time: 0.0164549
2026-06-26 18:23:31.533 10 INFO neutron.wsgi [None req-96e36492-85df-4608-b329-6ae2cc462b01 605fd3cf3db54279a313bc616ccd7cf9 1bc9790d7bc2424d8a6869044ba32542 - - default default] 199.204.45.95 "GET /v2.0/ports/ac07f48a-18d0-4653-8c0c-ddf7cdc1e38b HTTP/1.1" status: 200 len: 1332 time: 0.0330970
2026-06-26 18:23:31.579 10 INFO neutron.wsgi [None req-69ecd269-2d91-4852-8c18-73b8f0562ccd 605fd3cf3db54279a313bc616ccd7cf9 1bc9790d7bc2424d8a6869044ba32542 - - default default] 199.204.45.95 "GET /v2.0/security-groups?name=lb-7595ae7e-a823-4797-a4be-3e88e4f2eef8 HTTP/1.1" status: 200 len: 1775 time: 0.0417316
2026-06-26 18:23:31.613 10 INFO neutron.wsgi [None req-d1ab1b6a-1f7a-4b8a-b3c1-263ee6ca293d 605fd3cf3db54279a313bc616ccd7cf9 1bc9790d7bc2424d8a6869044ba32542 - - default default] 199.204.45.95 "GET /v2.0/ports/ac07f48a-18d0-4653-8c0c-ddf7cdc1e38b HTTP/1.1" status: 200 len: 1332 time: 0.0300500
2026-06-26 18:23:32.198 10 INFO neutron.db.ovn_revision_numbers_db [None req-7cd0efb9-db31-4015-9256-02fe1a4e0495 605fd3cf3db54279a313bc616ccd7cf9 1bc9790d7bc2424d8a6869044ba32542 - - default default] Successfully bumped revision number for resource ac07f48a-18d0-4653-8c0c-ddf7cdc1e38b (type: ports) to 9
2026-06-26 18:23:32.207 10 INFO neutron.notifiers.nova [-] Nova event matching ['req-835ad68f-06e5-4b76-97a0-5b95c68845cf'] response: {'server_uuid': 'cb1724f5-a8d5-4864-ad55-1c9c0d50d430', 'name': 'network-vif-plugged', 'status': 'completed', 'tag': 'f6055ce8-c8c6-4855-bfa7-65106389e747', 'code': 200}
2026-06-26 18:23:32.212 10 INFO neutron.wsgi [None req-7cd0efb9-db31-4015-9256-02fe1a4e0495 605fd3cf3db54279a313bc616ccd7cf9 1bc9790d7bc2424d8a6869044ba32542 - - default default] 199.204.45.95 "PUT /v2.0/ports/ac07f48a-18d0-4653-8c0c-ddf7cdc1e38b HTTP/1.1" status: 200 len: 1294 time: 0.5947177
2026-06-26 18:23:32.314 10 INFO neutron.wsgi [None req-71ca899f-fbae-49ca-8178-28f294d21c50 605fd3cf3db54279a313bc616ccd7cf9 1bc9790d7bc2424d8a6869044ba32542 - - default default] 199.204.45.95 "DELETE /v2.0/security-groups/f816665a-7f9f-4f1d-b201-77339013d4bb HTTP/1.1" status: 204 len: 173 time: 0.0980501
2026-06-26 18:23:32.579 10 INFO neutron.wsgi [None req-0c4b2390-c0b7-47a6-9494-fe260438d6d8 605fd3cf3db54279a313bc616ccd7cf9 1bc9790d7bc2424d8a6869044ba32542 - - default default] 199.204.45.95 "DELETE /v2.0/ports/ac07f48a-18d0-4653-8c0c-ddf7cdc1e38b HTTP/1.1" status: 204 len: 173 time: 0.2579391
2026-06-26 18:23:32.831 9 INFO neutron.plugins.ml2.drivers.ovn.mech_driver.mech_driver [None req-2eb6e9db-6e57-4e1d-ad84-a7d1d22fb438 - - - - - -] OVN reports status down for port: 41372db9-6c9c-422e-88ae-681ac55a4245
2026-06-26 18:23:32.956 9 INFO neutron.notifiers.nova [-] Nova event matching ['req-d98c99da-d9a2-4e2d-b4a2-b1dd91d69f17'] response: {'server_uuid': 'cb1724f5-a8d5-4864-ad55-1c9c0d50d430', 'name': 'network-vif-unplugged', 'status': 'completed', 'tag': '41372db9-6c9c-422e-88ae-681ac55a4245', 'code': 200}
2026-06-26 18:23:33.126 9 INFO neutron.wsgi [req-b025ecb7-c23d-4053-8cf7-cee0a0e69e48 req-43f9c63b-a09d-4b5b-94de-a48f8ab51bd3 605fd3cf3db54279a313bc616ccd7cf9 1bc9790d7bc2424d8a6869044ba32542 - - default default] 199.204.45.95 "GET /v2.0/ports?device_id=cb1724f5-a8d5-4864-ad55-1c9c0d50d430 HTTP/1.1" status: 200 len: 1415 time: 0.0369029
2026-06-26 18:23:33.128 9 INFO neutron.db.ovn_revision_numbers_db [None req-2eb6e9db-6e57-4e1d-ad84-a7d1d22fb438 - - - - - -] Successfully bumped revision number for resource 41372db9-6c9c-422e-88ae-681ac55a4245 (type: ports) to 5
2026-06-26 18:23:33.378 9 INFO neutron.wsgi [req-b025ecb7-c23d-4053-8cf7-cee0a0e69e48 req-c8f06383-20e5-4dd9-be1c-ccd483d39200 605fd3cf3db54279a313bc616ccd7cf9 1bc9790d7bc2424d8a6869044ba32542 - - default default] 199.204.45.95 "DELETE /v2.0/ports/41372db9-6c9c-422e-88ae-681ac55a4245 HTTP/1.1" status: 204 len: 173 time: 0.2464774 /var/lib/openstack/lib/python3.10/site-packages/pycadf/identifier.py:71: UserWarning: Invalid uuid: neutron. To ensure interoperability, identifiers should be a valid uuid. warnings.warn(('Invalid uuid: %s. To ensure interoperability, '
2026-06-26 18:23:34.897 9 INFO neutron.db.l3_db [None req-193d9389-7e67-4138-b122-a9231cc5230a c82cdca9798c4e279afcfdbe1ec646f3 9cc5ee2549ad431dace47183ba2b6525 - - default default] Floating IP 5ecb19b5-81d8-4bf0-8b1c-f33e57f05ee9 disassociated (deleted). External IP: 10.96.250.207, port: ec946fb8-fe91-4b3d-a1d1-dea30a789d60.
2026-06-26 18:23:34.972 9 INFO neutron.wsgi [None req-193d9389-7e67-4138-b122-a9231cc5230a c82cdca9798c4e279afcfdbe1ec646f3 9cc5ee2549ad431dace47183ba2b6525 - - default default] 10.0.0.147 "DELETE /v2.0/floatingips/5ecb19b5-81d8-4bf0-8b1c-f33e57f05ee9 HTTP/1.1" status: 204 len: 168 time: 0.6930077
2026-06-26 18:23:34.995 9 INFO neutron.notifiers.nova [-] Nova event matching ['req-2e6235f6-81e0-4fcf-8687-b2c0959f4d26'] response: {'server_uuid': 'cb1724f5-a8d5-4864-ad55-1c9c0d50d430', 'name': 'network-vif-plugged', 'status': 'completed', 'tag': '41372db9-6c9c-422e-88ae-681ac55a4245', 'code': 200}
2026-06-26 18:23:34.997 9 INFO neutron.notifiers.nova [-] Nova event matching ['req-2e6235f6-81e0-4fcf-8687-b2c0959f4d26'] response: {'server_uuid': 'cb1724f5-a8d5-4864-ad55-1c9c0d50d430', 'name': 'network-vif-deleted', 'tag': '41372db9-6c9c-422e-88ae-681ac55a4245', 'status': 'completed', 'code': 200}
2026-06-26 18:23:35.003 10 INFO neutron.api.v2.resource [None req-691e7120-05d0-483c-85a4-9f648b30535c c82cdca9798c4e279afcfdbe1ec646f3 9cc5ee2549ad431dace47183ba2b6525 - - default default] show failed (client error): The resource could not be found.
2026-06-26 18:23:35.005 10 INFO neutron.wsgi [None req-691e7120-05d0-483c-85a4-9f648b30535c c82cdca9798c4e279afcfdbe1ec646f3 9cc5ee2549ad431dace47183ba2b6525 - - default default] 10.0.0.147 "GET /v2.0/floatingips/5ecb19b5-81d8-4bf0-8b1c-f33e57f05ee9 HTTP/1.1" status: 404 len: 345 time: 0.0278690
2026-06-26 18:23:35.216 9 INFO neutron.plugins.ml2.drivers.ovn.mech_driver.mech_driver [None req-2eb6e9db-6e57-4e1d-ad84-a7d1d22fb438 - - - - - -] OVN reports status down for port: ec946fb8-fe91-4b3d-a1d1-dea30a789d60
2026-06-26 18:23:35.274 10 INFO neutron.wsgi [req-1b10fce0-f97e-4963-86af-bf4857b89eb5 req-ff24dc47-3b86-4457-968b-103f16c84080 c82cdca9798c4e279afcfdbe1ec646f3 9cc5ee2549ad431dace47183ba2b6525 - - default default] 10.0.0.50 "GET /v2.0/ports?device_id=0cef9cae-c3a9-44d1-95b9-8b60fb6eb029 HTTP/1.1" status: 200 len: 1404 time: 0.0951099
2026-06-26 18:23:35.333 10 INFO neutron.wsgi [req-1b10fce0-f97e-4963-86af-bf4857b89eb5 req-62497a85-83eb-452b-9494-07ba2a763bcf c82cdca9798c4e279afcfdbe1ec646f3 9cc5ee2549ad431dace47183ba2b6525 - - default default] 10.0.0.50 "GET /v2.0/security-groups?id=dd420599-5ccc-4659-be32-c93973599b97&fields=id&fields=name HTTP/1.1" status: 200 len: 311 time: 0.0506508
2026-06-26 18:23:35.335 9 INFO neutron.wsgi [-] 10.0.0.128 "GET / HTTP/1.1" status: 200 len: 247 time: 0.0014784
2026-06-26 18:23:35.337 9 INFO neutron.wsgi [-] 10.0.0.128 "GET / HTTP/1.1" status: 200 len: 247 time: 0.0009160 /var/lib/openstack/lib/python3.10/site-packages/pycadf/identifier.py:71: UserWarning: Invalid uuid: neutron. To ensure interoperability, identifiers should be a valid uuid. warnings.warn(('Invalid uuid: %s. To ensure interoperability, '
2026-06-26 18:23:35.502 9 INFO neutron.db.ovn_revision_numbers_db [None req-2eb6e9db-6e57-4e1d-ad84-a7d1d22fb438 - - - - - -] Successfully bumped revision number for resource ec946fb8-fe91-4b3d-a1d1-dea30a789d60 (type: ports) to 5
2026-06-26 18:23:35.568 9 INFO neutron.wsgi [req-d443007b-4607-4642-8985-723fabe88ca7 req-82ff1ec7-b98a-4df3-80de-0d7dc9d671a5 c82cdca9798c4e279afcfdbe1ec646f3 9cc5ee2549ad431dace47183ba2b6525 - - default default] 199.204.45.95 "GET /v2.0/ports?device_id=0cef9cae-c3a9-44d1-95b9-8b60fb6eb029 HTTP/1.1" status: 200 len: 1402 time: 0.0922132 /var/lib/openstack/lib/python3.10/site-packages/pycadf/identifier.py:71: UserWarning: Invalid uuid: neutron. To ensure interoperability, identifiers should be a valid uuid. warnings.warn(('Invalid uuid: %s. To ensure interoperability, '
2026-06-26 18:23:35.900 9 INFO neutron.wsgi [req-d443007b-4607-4642-8985-723fabe88ca7 req-91cf6059-e8ed-4560-874b-6a576efaf64c c82cdca9798c4e279afcfdbe1ec646f3 9cc5ee2549ad431dace47183ba2b6525 - - default default] 199.204.45.95 "DELETE /v2.0/ports/ec946fb8-fe91-4b3d-a1d1-dea30a789d60 HTTP/1.1" status: 204 len: 173 time: 0.3269129
2026-06-26 18:23:37.032 9 INFO neutron.notifiers.nova [-] Nova event matching ['req-589803d7-0c8a-43a5-8240-c51503e42b6f'] response: {'name': 'network-changed', 'server_uuid': '0cef9cae-c3a9-44d1-95b9-8b60fb6eb029', 'tag': 'ec946fb8-fe91-4b3d-a1d1-dea30a789d60', 'status': 'completed', 'code': 200}
2026-06-26 18:23:37.033 9 INFO neutron.notifiers.nova [-] Nova event matching ['req-589803d7-0c8a-43a5-8240-c51503e42b6f'] response: {'server_uuid': '0cef9cae-c3a9-44d1-95b9-8b60fb6eb029', 'name': 'network-vif-unplugged', 'status': 'completed', 'tag': 'ec946fb8-fe91-4b3d-a1d1-dea30a789d60', 'code': 200}
2026-06-26 18:23:37.033 9 INFO neutron.notifiers.nova [-] Nova event matching ['req-589803d7-0c8a-43a5-8240-c51503e42b6f'] response: {'server_uuid': '0cef9cae-c3a9-44d1-95b9-8b60fb6eb029', 'name': 'network-vif-plugged', 'status': 'completed', 'tag': 'ec946fb8-fe91-4b3d-a1d1-dea30a789d60', 'code': 200}
2026-06-26 18:23:37.033 9 INFO neutron.notifiers.nova [-] Nova event matching ['req-589803d7-0c8a-43a5-8240-c51503e42b6f'] response: {'server_uuid': '0cef9cae-c3a9-44d1-95b9-8b60fb6eb029', 'name': 'network-vif-deleted', 'tag': 'ec946fb8-fe91-4b3d-a1d1-dea30a789d60', 'status': 'completed', 'code': 200}
2026-06-26 18:23:37.073 9 INFO neutron.wsgi [req-4cf55edf-8f56-44aa-bdb9-31a0021701ea req-6894d1f3-7e4d-43e5-9715-72448203e03f b2e1c5b26e8a477ba4f6f83b5197bf9e ce0c4b50600142b4ab26d17843c734b4 - - c3640017cad04f80a51ff14811cf726e c3640017cad04f80a51ff14811cf726e] 199.204.45.95 "GET /v2.0/ports?tenant_id=9cc5ee2549ad431dace47183ba2b6525&device_id=0cef9cae-c3a9-44d1-95b9-8b60fb6eb029 HTTP/1.1" status: 200 len: 210 time: 0.0325897
2026-06-26 18:23:37.172 9 INFO neutron.wsgi [req-4cf55edf-8f56-44aa-bdb9-31a0021701ea req-8fa3f2e6-6620-442a-9b49-a96c016a6dc6 b2e1c5b26e8a477ba4f6f83b5197bf9e ce0c4b50600142b4ab26d17843c734b4 - - c3640017cad04f80a51ff14811cf726e c3640017cad04f80a51ff14811cf726e] 199.204.45.95 "GET /v2.0/networks?tenant_id=9cc5ee2549ad431dace47183ba2b6525&shared=False HTTP/1.1" status: 200 len: 2583 time: 0.0936964
2026-06-26 18:23:37.268 9 INFO neutron.wsgi [req-4cf55edf-8f56-44aa-bdb9-31a0021701ea req-0ddf492f-bc4b-44fb-bb90-3b6ab6f875a4 b2e1c5b26e8a477ba4f6f83b5197bf9e ce0c4b50600142b4ab26d17843c734b4 - - c3640017cad04f80a51ff14811cf726e c3640017cad04f80a51ff14811cf726e] 199.204.45.95 "GET /v2.0/networks?shared=True HTTP/1.1" status: 200 len: 952 time: 0.0895677
2026-06-26 18:23:40.773 9 INFO neutron.db.l3_db [None req-c24e2c0d-ab3e-4947-bb83-649c294bd2b8 c82cdca9798c4e279afcfdbe1ec646f3 9cc5ee2549ad431dace47183ba2b6525 - - default default] Floating IP 0ace2425-519a-43b1-a427-4c46b88c3082 disassociated (deleted). External IP: 10.96.250.209, port: c84723e6-d80a-4935-9759-69185b5864ef.
2026-06-26 18:23:40.865 9 INFO neutron.wsgi [None req-c24e2c0d-ab3e-4947-bb83-649c294bd2b8 c82cdca9798c4e279afcfdbe1ec646f3 9cc5ee2549ad431dace47183ba2b6525 - - default default] 10.0.0.147 "DELETE /v2.0/floatingips/0ace2425-519a-43b1-a427-4c46b88c3082 HTTP/1.1" status: 204 len: 168 time: 0.4758315 /var/lib/openstack/lib/python3.10/site-packages/pycadf/identifier.py:71: UserWarning: Invalid uuid: neutron. To ensure interoperability, identifiers should be a valid uuid. warnings.warn(('Invalid uuid: %s. To ensure interoperability, '
2026-06-26 18:23:40.906 9 INFO neutron.notifiers.nova [-] Nova event matching ['req-62c08fee-6163-4ce4-8e99-663ebadf5901'] response: {'name': 'network-changed', 'server_uuid': 'dc7d1ee2-12fc-4141-9baa-a0a3c13d58b9', 'tag': 'c84723e6-d80a-4935-9759-69185b5864ef', 'status': 'completed', 'code': 200}
2026-06-26 18:23:40.907 10 INFO neutron.api.v2.resource [None req-eda894b7-27a6-498d-99b5-08dbfb37b94c c82cdca9798c4e279afcfdbe1ec646f3 9cc5ee2549ad431dace47183ba2b6525 - - default default] show failed (client error): The resource could not be found.
2026-06-26 18:23:40.908 10 INFO neutron.wsgi [None req-eda894b7-27a6-498d-99b5-08dbfb37b94c c82cdca9798c4e279afcfdbe1ec646f3 9cc5ee2549ad431dace47183ba2b6525 - - default default] 10.0.0.147 "GET /v2.0/floatingips/0ace2425-519a-43b1-a427-4c46b88c3082 HTTP/1.1" status: 404 len: 345 time: 0.0365720
2026-06-26 18:23:40.963 9 INFO neutron.wsgi [req-c756a394-843e-4b06-88d3-43c1aec180c3 req-eae47279-f20c-46da-891e-66236ff19c62 b2e1c5b26e8a477ba4f6f83b5197bf9e ce0c4b50600142b4ab26d17843c734b4 - - c3640017cad04f80a51ff14811cf726e c3640017cad04f80a51ff14811cf726e] 199.204.45.95 "GET /v2.0/ports?tenant_id=9cc5ee2549ad431dace47183ba2b6525&device_id=dc7d1ee2-12fc-4141-9baa-a0a3c13d58b9 HTTP/1.1" status: 200 len: 1638 time: 0.0347579
2026-06-26 18:23:41.042 9 INFO neutron.wsgi [req-c756a394-843e-4b06-88d3-43c1aec180c3 req-02086417-0e09-4c1e-ba10-549ad69136de b2e1c5b26e8a477ba4f6f83b5197bf9e ce0c4b50600142b4ab26d17843c734b4 - - c3640017cad04f80a51ff14811cf726e c3640017cad04f80a51ff14811cf726e] 199.204.45.95 "GET /v2.0/networks?id=c501d496-b30e-4855-ac40-4e6b181de792 HTTP/1.1" status: 200 len: 1002 time: 0.0718818
2026-06-26 18:23:41.078 9 INFO neutron.wsgi [req-c756a394-843e-4b06-88d3-43c1aec180c3 req-3732b463-f5e1-4a44-b647-6f94d0a00c3d b2e1c5b26e8a477ba4f6f83b5197bf9e ce0c4b50600142b4ab26d17843c734b4 - - c3640017cad04f80a51ff14811cf726e c3640017cad04f80a51ff14811cf726e] 199.204.45.95 "GET /v2.0/floatingips?fixed_ip_address=10.2.1.111&port_id=c84723e6-d80a-4935-9759-69185b5864ef HTTP/1.1" status: 200 len: 217 time: 0.0301540
2026-06-26 18:23:41.113 9 INFO neutron.wsgi [req-c756a394-843e-4b06-88d3-43c1aec180c3 req-39d6cf84-786e-482d-969e-2309959a20d4 b2e1c5b26e8a477ba4f6f83b5197bf9e ce0c4b50600142b4ab26d17843c734b4 - - c3640017cad04f80a51ff14811cf726e c3640017cad04f80a51ff14811cf726e] 199.204.45.95 "GET /v2.0/floatingips?fixed_ip_address=fd7b%3Af9f7%3Afff%3A4eca%3A%3A1b4&port_id=c84723e6-d80a-4935-9759-69185b5864ef HTTP/1.1" status: 200 len: 217 time: 0.0295987
2026-06-26 18:23:41.113 10 INFO neutron.plugins.ml2.drivers.ovn.mech_driver.mech_driver [None req-d53b8ebe-a5c5-43c5-bd13-726443e5fbca - - - - - -] OVN reports status down for port: c84723e6-d80a-4935-9759-69185b5864ef
2026-06-26 18:23:41.160 9 INFO neutron.wsgi [req-c756a394-843e-4b06-88d3-43c1aec180c3 req-52fdc4df-8e31-4385-b4d0-c67ed99b6a94 b2e1c5b26e8a477ba4f6f83b5197bf9e ce0c4b50600142b4ab26d17843c734b4 - - c3640017cad04f80a51ff14811cf726e c3640017cad04f80a51ff14811cf726e] 199.204.45.95 "GET /v2.0/subnets?id=dd567655-9739-41f2-bfd0-81df1c005ae4&id=b3cc9d58-619c-4dae-aebe-1d89636163ac HTTP/1.1" status: 200 len: 1563 time: 0.0413129
2026-06-26 18:23:41.188 9 INFO neutron.wsgi [req-c756a394-843e-4b06-88d3-43c1aec180c3 req-9e016192-6c7b-46c8-99cf-d262a209356d b2e1c5b26e8a477ba4f6f83b5197bf9e ce0c4b50600142b4ab26d17843c734b4 - - c3640017cad04f80a51ff14811cf726e c3640017cad04f80a51ff14811cf726e] 199.204.45.95 "GET /v2.0/ports?network_id=c501d496-b30e-4855-ac40-4e6b181de792&device_owner=network%3Adhcp HTTP/1.1" status: 200 len: 210 time: 0.0205567
2026-06-26 18:23:41.220 9 INFO neutron.wsgi [req-c756a394-843e-4b06-88d3-43c1aec180c3 req-f40890e1-0ffd-452a-a6b0-9de798573422 b2e1c5b26e8a477ba4f6f83b5197bf9e ce0c4b50600142b4ab26d17843c734b4 - - c3640017cad04f80a51ff14811cf726e c3640017cad04f80a51ff14811cf726e] 199.204.45.95 "GET /v2.0/ports?network_id=c501d496-b30e-4855-ac40-4e6b181de792&device_owner=network%3Adhcp HTTP/1.1" status: 200 len: 210 time: 0.0252509
2026-06-26 18:23:41.268 10 INFO neutron.notifiers.nova [-] Nova event matching ['req-0150f400-79d2-4c46-a232-c33bd64df4dd'] response: {'server_uuid': 'dc7d1ee2-12fc-4141-9baa-a0a3c13d58b9', 'name': 'network-vif-unplugged', 'status': 'completed', 'tag': 'c84723e6-d80a-4935-9759-69185b5864ef', 'code': 200}
