Apr 27 12:03:45.013458 np0000170472 devstack@g-api.service[116461]: INFO glance.image_cache [None req-34024dbf-42a1-40df-b810-f06ffa03b112 None None] Image cache loaded driver 'centralized_db'.
Apr 27 12:03:45.018518 np0000170472 devstack@g-api.service[116460]: DEBUG dbcounter [-] [116460] Writer thread running {{(pid=116460) stat_writer /opt/stack/data/venv/lib/python3.12/site-packages/dbcounter.py:102}}
Apr 27 12:03:45.022106 np0000170472 devstack@g-api.service[116458]: DEBUG glance.image_cache.drivers.centralized_db [None req-854f5f58-8fbd-4144-8016-b9e9c07b4fe3 None None] Node reference is already recorded, ignoring it {{(pid=116458) configure /opt/stack/glance/glance/image_cache/drivers/centralized_db.py:71}}
Apr 27 12:03:45.022273 np0000170472 devstack@g-api.service[116459]: DEBUG glance.image_cache.drivers.centralized_db [None req-8e683656-18cd-45e3-ae96-1fa36358f42e None None] Node reference is already recorded, ignoring it {{(pid=116459) configure /opt/stack/glance/glance/image_cache/drivers/centralized_db.py:71}}
Apr 27 12:03:45.022726 np0000170472 devstack@g-api.service[116460]: DEBUG glance.image_cache.drivers.centralized_db [None req-e3684bfc-e542-4693-abcc-16eca1e726c2 None None] Node reference is already recorded, ignoring it {{(pid=116460) configure /opt/stack/glance/glance/image_cache/drivers/centralized_db.py:71}}
Apr 27 12:03:45.025246 np0000170472 devstack@g-api.service[116461]: DEBUG glance.image_cache.drivers.centralized_db [None req-34024dbf-42a1-40df-b810-f06ffa03b112 None None] Node reference is already recorded, ignoring it {{(pid=116461) configure /opt/stack/glance/glance/image_cache/drivers/centralized_db.py:71}}
Apr 27 12:03:45.027882 np0000170472 devstack@g-api.service[116458]: DEBUG glance.api.v2.cached_images [None req-854f5f58-8fbd-4144-8016-b9e9c07b4fe3 None None] Started cache worker thread {{(pid=116458) __init__ /opt/stack/glance/glance/api/v2/cached_images.py:69}}
Apr 27 12:03:45.028529 np0000170472 devstack@g-api.service[116458]: INFO glance.image_cache [None req-854f5f58-8fbd-4144-8016-b9e9c07b4fe3 None None] Image cache loaded driver 'centralized_db'.
Apr 27 12:03:45.029412 np0000170472 devstack@g-api.service[116460]: INFO glance.image_cache [None req-e3684bfc-e542-4693-abcc-16eca1e726c2 None None] Image cache loaded driver 'centralized_db'.
Apr 27 12:03:45.030930 np0000170472 devstack@g-api.service[116461]: DEBUG glance.api.v2.cached_images [None req-34024dbf-42a1-40df-b810-f06ffa03b112 None None] Started cache worker thread {{(pid=116461) __init__ /opt/stack/glance/glance/api/v2/cached_images.py:69}}
Apr 27 12:03:45.031639 np0000170472 devstack@g-api.service[116461]: INFO glance.image_cache [None req-34024dbf-42a1-40df-b810-f06ffa03b112 None None] Image cache loaded driver 'centralized_db'.
Apr 27 12:03:45.032605 np0000170472 devstack@g-api.service[116459]: DEBUG glance.api.v2.cached_images [None req-8e683656-18cd-45e3-ae96-1fa36358f42e None None] Started cache worker thread {{(pid=116459) __init__ /opt/stack/glance/glance/api/v2/cached_images.py:69}}
Apr 27 12:03:45.033505 np0000170472 devstack@g-api.service[116459]: INFO glance.image_cache [None req-8e683656-18cd-45e3-ae96-1fa36358f42e None None] Image cache loaded driver 'centralized_db'.
Apr 27 12:03:45.036950 np0000170472 devstack@g-api.service[116458]: DEBUG glance.image_cache.drivers.centralized_db [None req-854f5f58-8fbd-4144-8016-b9e9c07b4fe3 None None] Node reference is already recorded, ignoring it {{(pid=116458) configure /opt/stack/glance/glance/image_cache/drivers/centralized_db.py:71}}
Apr 27 12:03:45.039499 np0000170472 devstack@g-api.service[116460]: DEBUG glance.image_cache.drivers.centralized_db [None req-e3684bfc-e542-4693-abcc-16eca1e726c2 None None] Node reference is already recorded, ignoring it {{(pid=116460) configure /opt/stack/glance/glance/image_cache/drivers/centralized_db.py:71}}
Apr 27 12:03:45.042142 np0000170472 devstack@g-api.service[116458]: INFO glance.api.middleware.cache_manage [None req-854f5f58-8fbd-4144-8016-b9e9c07b4fe3 None None] Initialized image cache management middleware
Apr 27 12:03:45.042267 np0000170472 devstack@g-api.service[116458]: INFO glance.image_cache [None req-854f5f58-8fbd-4144-8016-b9e9c07b4fe3 None None] Image cache loaded driver 'centralized_db'.
Apr 27 12:03:45.043106 np0000170472 devstack@g-api.service[116459]: DEBUG glance.image_cache.drivers.centralized_db [None req-8e683656-18cd-45e3-ae96-1fa36358f42e None None] Node reference is already recorded, ignoring it {{(pid=116459) configure /opt/stack/glance/glance/image_cache/drivers/centralized_db.py:71}}
Apr 27 12:03:45.043196 np0000170472 devstack@g-api.service[116461]: DEBUG glance.image_cache.drivers.centralized_db [None req-34024dbf-42a1-40df-b810-f06ffa03b112 None None] Node reference is already recorded, ignoring it {{(pid=116461) configure /opt/stack/glance/glance/image_cache/drivers/centralized_db.py:71}}
Apr 27 12:03:45.046050 np0000170472 devstack@g-api.service[116460]: DEBUG glance.api.v2.cached_images [None req-e3684bfc-e542-4693-abcc-16eca1e726c2 None None] Started cache worker thread {{(pid=116460) __init__ /opt/stack/glance/glance/api/v2/cached_images.py:69}}
Apr 27 12:03:45.046737 np0000170472 devstack@g-api.service[116460]: INFO glance.image_cache [None req-e3684bfc-e542-4693-abcc-16eca1e726c2 None None] Image cache loaded driver 'centralized_db'.
Apr 27 12:03:45.049452 np0000170472 devstack@g-api.service[116461]: INFO glance.api.middleware.cache_manage [None req-34024dbf-42a1-40df-b810-f06ffa03b112 None None] Initialized image cache management middleware
Apr 27 12:03:45.049692 np0000170472 devstack@g-api.service[116461]: INFO glance.image_cache [None req-34024dbf-42a1-40df-b810-f06ffa03b112 None None] Image cache loaded driver 'centralized_db'.
Apr 27 12:03:45.050389 np0000170472 devstack@g-api.service[116459]: INFO glance.api.middleware.cache_manage [None req-8e683656-18cd-45e3-ae96-1fa36358f42e None None] Initialized image cache management middleware
Apr 27 12:03:45.050605 np0000170472 devstack@g-api.service[116459]: INFO glance.image_cache [None req-8e683656-18cd-45e3-ae96-1fa36358f42e None None] Image cache loaded driver 'centralized_db'.
Apr 27 12:03:45.051482 np0000170472 devstack@g-api.service[116458]: DEBUG glance.image_cache.drivers.centralized_db [None req-854f5f58-8fbd-4144-8016-b9e9c07b4fe3 None None] Node reference is already recorded, ignoring it {{(pid=116458) configure /opt/stack/glance/glance/image_cache/drivers/centralized_db.py:71}}
Apr 27 12:03:45.055605 np0000170472 devstack@g-api.service[116458]: INFO glance.api.middleware.cache [None req-854f5f58-8fbd-4144-8016-b9e9c07b4fe3 None None] Initialized image cache middleware
Apr 27 12:03:45.057294 np0000170472 devstack@g-api.service[116460]: DEBUG glance.image_cache.drivers.centralized_db [None req-e3684bfc-e542-4693-abcc-16eca1e726c2 None None] Node reference is already recorded, ignoring it {{(pid=116460) configure /opt/stack/glance/glance/image_cache/drivers/centralized_db.py:71}}
Apr 27 12:03:45.061433 np0000170472 devstack@g-api.service[116459]: DEBUG glance.image_cache.drivers.centralized_db [None req-8e683656-18cd-45e3-ae96-1fa36358f42e None None] Node reference is already recorded, ignoring it {{(pid=116459) configure /opt/stack/glance/glance/image_cache/drivers/centralized_db.py:71}}
Apr 27 12:03:45.061764 np0000170472 devstack@g-api.service[116458]: WARNING keystonemiddleware.auth_token [None req-854f5f58-8fbd-4144-8016-b9e9c07b4fe3 None None] AuthToken middleware is set with keystone_authtoken.service_token_roles_required set to False. This is backwards compatible but deprecated behaviour. Please set this to True.
Apr 27 12:03:45.062216 np0000170472 devstack@g-api.service[116461]: DEBUG glance.image_cache.drivers.centralized_db [None req-34024dbf-42a1-40df-b810-f06ffa03b112 None None] Node reference is already recorded, ignoring it {{(pid=116461) configure /opt/stack/glance/glance/image_cache/drivers/centralized_db.py:71}}
Apr 27 12:03:45.064268 np0000170472 devstack@g-api.service[116460]: INFO glance.api.middleware.cache_manage [None req-e3684bfc-e542-4693-abcc-16eca1e726c2 None None] Initialized image cache management middleware
Apr 27 12:03:45.064462 np0000170472 devstack@g-api.service[116460]: INFO glance.image_cache [None req-e3684bfc-e542-4693-abcc-16eca1e726c2 None None] Image cache loaded driver 'centralized_db'.
Apr 27 12:03:45.066351 np0000170472 devstack@g-api.service[116461]: INFO glance.api.middleware.cache [None req-34024dbf-42a1-40df-b810-f06ffa03b112 None None] Initialized image cache middleware
Apr 27 12:03:45.067402 np0000170472 devstack@g-api.service[116459]: INFO glance.api.middleware.cache [None req-8e683656-18cd-45e3-ae96-1fa36358f42e None None] Initialized image cache middleware
Apr 27 12:03:45.067556 np0000170472 devstack@g-api.service[116458]: DEBUG glance.common.config [None req-854f5f58-8fbd-4144-8016-b9e9c07b4fe3 None None] ******************************************************************************** {{(pid=116458) log_opt_values /opt/stack/data/venv/lib/python3.12/site-packages/oslo_config/cfg.py:2979}}
Apr 27 12:03:45.067683 np0000170472 devstack@g-api.service[116458]: DEBUG glance.common.config [None req-854f5f58-8fbd-4144-8016-b9e9c07b4fe3 None None] Configuration options gathered from: {{(pid=116458) log_opt_values /opt/stack/data/venv/lib/python3.12/site-packages/oslo_config/cfg.py:2980}}
Apr 27 12:03:45.067944 np0000170472 devstack@g-api.service[116458]: DEBUG glance.common.config [None req-854f5f58-8fbd-4144-8016-b9e9c07b4fe3 None None] command line args: [] {{(pid=116458) log_opt_values /opt/stack/data/venv/lib/python3.12/site-packages/oslo_config/cfg.py:2981}}
Apr 27 12:03:45.068070 np0000170472 devstack@g-api.service[116458]: DEBUG glance.common.config [None req-854f5f58-8fbd-4144-8016-b9e9c07b4fe3 None None] config files: ['/etc/glance/glance-image-import.conf', '/etc/glance/glance-api.conf'] {{(pid=116458) log_opt_values /opt/stack/data/venv/lib/python3.12/site-packages/oslo_config/cfg.py:2982}}
Apr 27 12:03:45.068129 np0000170472 devstack@g-api.service[116458]: DEBUG glance.common.config [None req-854f5f58-8fbd-4144-8016-b9e9c07b4fe3 None None] ================================================================================ {{(pid=116458) log_opt_values /opt/stack/data/venv/lib/python3.12/site-packages/oslo_config/cfg.py:2987}}
Apr 27 12:03:45.068270 np0000170472 devstack@g-api.service[116458]: DEBUG glance.common.config [None req-854f5f58-8fbd-4144-8016-b9e9c07b4fe3 None None] allow_anonymous_access = False {{(pid=116458) log_opt_values /opt/stack/data/venv/lib/python3.12/site-packages/oslo_config/cfg.py:2995}}
Apr 27 12:03:45.068367 np0000170472 devstack@g-api.service[116458]: DEBUG glance.common.config [None req-854f5f58-8fbd-4144-8016-b9e9c07b4fe3 None None] api_limit_max = 1000 {{(pid=116458) log_opt_values /opt/stack/data/venv/lib/python3.12/site-packages/oslo_config/cfg.py:2995}}
Apr 27 12:03:45.068474 np0000170472 devstack@g-api.service[116458]: DEBUG glance.common.config [None req-854f5f58-8fbd-4144-8016-b9e9c07b4fe3 None None] backlog = 4096 {{(pid=116458) log_opt_values /opt/stack/data/venv/lib/python3.12/site-packages/oslo_config/cfg.py:2995}}
Apr 27 12:03:45.068607 np0000170472 devstack@g-api.service[116458]: DEBUG glance.common.config [None req-854f5f58-8fbd-4144-8016-b9e9c07b4fe3 None None] bind_host = 0.0.0.0 {{(pid=116458) log_opt_values /opt/stack/data/venv/lib/python3.12/site-packages/oslo_config/cfg.py:2995}}
Apr 27 12:03:45.068734 np0000170472 devstack@g-api.service[116458]: DEBUG glance.common.config [None req-854f5f58-8fbd-4144-8016-b9e9c07b4fe3 None None] bind_port = 19292 {{(pid=116458) log_opt_values /opt/stack/data/venv/lib/python3.12/site-packages/oslo_config/cfg.py:2995}}
Apr 27 12:03:45.068842 np0000170472 devstack@g-api.service[116458]: DEBUG glance.common.config [None req-854f5f58-8fbd-4144-8016-b9e9c07b4fe3 None None] client_socket_timeout = 900 {{(pid=116458) log_opt_values /opt/stack/data/venv/lib/python3.12/site-packages/oslo_config/cfg.py:2995}}
Apr 27 12:03:45.068947 np0000170472 devstack@g-api.service[116458]: DEBUG glance.common.config [None req-854f5f58-8fbd-4144-8016-b9e9c07b4fe3 None None] config_dir = [] {{(pid=116458) log_opt_values /opt/stack/data/venv/lib/python3.12/site-packages/oslo_config/cfg.py:2995}}
Apr 27 12:03:45.069027 np0000170472 devstack@g-api.service[116458]: DEBUG glance.common.config [None req-854f5f58-8fbd-4144-8016-b9e9c07b4fe3 None None] config_file = ['/etc/glance/glance-image-import.conf', '/etc/glance/glance-api.conf'] {{(pid=116458) log_opt_values /opt/stack/data/venv/lib/python3.12/site-packages/oslo_config/cfg.py:2995}}
Apr 27 12:03:45.069144 np0000170472 devstack@g-api.service[116458]: DEBUG glance.common.config [None req-854f5f58-8fbd-4144-8016-b9e9c07b4fe3 None None] config_source = [] {{(pid=116458) log_opt_values /opt/stack/data/venv/lib/python3.12/site-packages/oslo_config/cfg.py:2995}}
Apr 27 12:03:45.069235 np0000170472 devstack@g-api.service[116458]: DEBUG glance.common.config [None req-854f5f58-8fbd-4144-8016-b9e9c07b4fe3 None None] control_exchange = glance {{(pid=116458) log_opt_values /opt/stack/data/venv/lib/python3.12/site-packages/oslo_config/cfg.py:2995}}
Apr 27 12:03:45.069312 np0000170472 devstack@g-api.service[116458]: DEBUG glance.common.config [None req-854f5f58-8fbd-4144-8016-b9e9c07b4fe3 None None] debug = True {{(pid=116458) log_opt_values /opt/stack/data/venv/lib/python3.12/site-packages/oslo_config/cfg.py:2995}}
Apr 27 12:03:45.069490 np0000170472 devstack@g-api.service[116458]: DEBUG glance.common.config [None req-854f5f58-8fbd-4144-8016-b9e9c07b4fe3 None None] default_log_levels = ['amqp=WARN', 'boto=WARN', 'sqlalchemy=WARN', 'suds=INFO', 'oslo.messaging=INFO', 'oslo_messaging=INFO', 'iso8601=WARN', 'requests.packages.urllib3.connectionpool=WARN', 'urllib3.connectionpool=WARN', 'websocket=WARN', 'requests.packages.urllib3.util.retry=WARN', 'urllib3.util.retry=WARN', 'keystonemiddleware=WARN', 'routes.middleware=WARN', 'stevedore=WARN', 'taskflow=WARN', 'keystoneauth=WARN', 'oslo.cache=INFO', 'oslo_policy=INFO', 'dogpile.core.dogpile=INFO'] {{(pid=116458) log_opt_values /opt/stack/data/venv/lib/python3.12/site-packages/oslo_config/cfg.py:2995}}
Apr 27 12:03:45.069617 np0000170472 devstack@g-api.service[116458]: DEBUG glance.common.config [None req-854f5f58-8fbd-4144-8016-b9e9c07b4fe3 None None] default_publisher_id = image.localhost {{(pid=116458) log_opt_values /opt/stack/data/venv/lib/python3.12/site-packages/oslo_config/cfg.py:2995}}
Apr 27 12:03:45.069758 np0000170472 devstack@g-api.service[116458]: DEBUG glance.common.config [None req-854f5f58-8fbd-4144-8016-b9e9c07b4fe3 None None] delayed_delete = False {{(pid=116458) log_opt_values /opt/stack/data/venv/lib/python3.12/site-packages/oslo_config/cfg.py:2995}}
Apr 27 12:03:45.069816 np0000170472 devstack@g-api.service[116458]: DEBUG glance.common.config [None req-854f5f58-8fbd-4144-8016-b9e9c07b4fe3 None None] digest_algorithm = sha256 {{(pid=116458) log_opt_values /opt/stack/data/venv/lib/python3.12/site-packages/oslo_config/cfg.py:2995}}
Apr 27 12:03:45.069919 np0000170472 devstack@g-api.service[116458]: DEBUG glance.common.config [None req-854f5f58-8fbd-4144-8016-b9e9c07b4fe3 None None] disabled_notifications = [] {{(pid=116458) log_opt_values /opt/stack/data/venv/lib/python3.12/site-packages/oslo_config/cfg.py:2995}}
Apr 27 12:03:45.069995 np0000170472 devstack@g-api.service[116458]: DEBUG glance.common.config [None req-854f5f58-8fbd-4144-8016-b9e9c07b4fe3 None None] do_secure_hash = True {{(pid=116458) log_opt_values /opt/stack/data/venv/lib/python3.12/site-packages/oslo_config/cfg.py:2995}}
Apr 27 12:03:45.070114 np0000170472 devstack@g-api.service[116458]: DEBUG glance.common.config [None req-854f5f58-8fbd-4144-8016-b9e9c07b4fe3 None None] enabled_backends = None {{(pid=116458) log_opt_values /opt/stack/data/venv/lib/python3.12/site-packages/oslo_config/cfg.py:2995}}
Apr 27 12:03:45.070230 np0000170472 devstack@g-api.service[116458]: DEBUG glance.common.config [None req-854f5f58-8fbd-4144-8016-b9e9c07b4fe3 None None] enabled_import_methods = ['glance-direct', 'web-download', 'copy-image'] {{(pid=116458) log_opt_values /opt/stack/data/venv/lib/python3.12/site-packages/oslo_config/cfg.py:2995}}
Apr 27 12:03:45.070335 np0000170472 devstack@g-api.service[116458]: DEBUG glance.common.config [None req-854f5f58-8fbd-4144-8016-b9e9c07b4fe3 None None] hashing_algorithm = sha512 {{(pid=116458) log_opt_values /opt/stack/data/venv/lib/python3.12/site-packages/oslo_config/cfg.py:2995}}
Apr 27 12:03:45.070437 np0000170472 devstack@g-api.service[116458]: DEBUG glance.common.config [None req-854f5f58-8fbd-4144-8016-b9e9c07b4fe3 None None] http_keepalive = True {{(pid=116458) log_opt_values /opt/stack/data/venv/lib/python3.12/site-packages/oslo_config/cfg.py:2995}}
Apr 27 12:03:45.070533 np0000170472 devstack@g-api.service[116458]: DEBUG glance.common.config [None req-854f5f58-8fbd-4144-8016-b9e9c07b4fe3 None None] http_retries = 3 {{(pid=116458) log_opt_values /opt/stack/data/venv/lib/python3.12/site-packages/oslo_config/cfg.py:2995}}
Apr 27 12:03:45.070637 np0000170472 devstack@g-api.service[116458]: DEBUG glance.common.config [None req-854f5f58-8fbd-4144-8016-b9e9c07b4fe3 None None] image_cache_dir = /opt/stack/data/glance/cache/ {{(pid=116458) log_opt_values /opt/stack/data/venv/lib/python3.12/site-packages/oslo_config/cfg.py:2995}}
Apr 27 12:03:45.070760 np0000170472 devstack@g-api.service[116458]: DEBUG glance.common.config [None req-854f5f58-8fbd-4144-8016-b9e9c07b4fe3 None None] image_cache_driver = centralized_db {{(pid=116458) log_opt_values /opt/stack/data/venv/lib/python3.12/site-packages/oslo_config/cfg.py:2995}}
Apr 27 12:03:45.070856 np0000170472 devstack@g-api.service[116458]: DEBUG glance.common.config [None req-854f5f58-8fbd-4144-8016-b9e9c07b4fe3 None None] image_cache_max_size = 10737418240 {{(pid=116458) log_opt_values /opt/stack/data/venv/lib/python3.12/site-packages/oslo_config/cfg.py:2995}}
Apr 27 12:03:45.070957 np0000170472 devstack@g-api.service[116458]: DEBUG glance.common.config [None req-854f5f58-8fbd-4144-8016-b9e9c07b4fe3 None None] image_cache_sqlite_db = cache.db {{(pid=116458) log_opt_values /opt/stack/data/venv/lib/python3.12/site-packages/oslo_config/cfg.py:2995}}
Apr 27 12:03:45.071063 np0000170472 devstack@g-api.service[116458]: DEBUG glance.common.config [None req-854f5f58-8fbd-4144-8016-b9e9c07b4fe3 None None] image_cache_stall_time = 86400 {{(pid=116458) log_opt_values /opt/stack/data/venv/lib/python3.12/site-packages/oslo_config/cfg.py:2995}}
Apr 27 12:03:45.071163 np0000170472 devstack@g-api.service[116458]: DEBUG glance.common.config [None req-854f5f58-8fbd-4144-8016-b9e9c07b4fe3 None None] image_location_quota = 10 {{(pid=116458) log_opt_values /opt/stack/data/venv/lib/python3.12/site-packages/oslo_config/cfg.py:2995}}
Apr 27 12:03:45.071266 np0000170472 devstack@g-api.service[116458]: DEBUG glance.common.config [None req-854f5f58-8fbd-4144-8016-b9e9c07b4fe3 None None] image_member_quota = 128 {{(pid=116458) log_opt_values /opt/stack/data/venv/lib/python3.12/site-packages/oslo_config/cfg.py:2995}}
Apr 27 12:03:45.071364 np0000170472 devstack@g-api.service[116458]: DEBUG glance.common.config [None req-854f5f58-8fbd-4144-8016-b9e9c07b4fe3 None None] image_property_quota = 128 {{(pid=116458) log_opt_values /opt/stack/data/venv/lib/python3.12/site-packages/oslo_config/cfg.py:2995}}
Apr 27 12:03:45.071464 np0000170472 devstack@g-api.service[116458]: DEBUG glance.common.config [None req-854f5f58-8fbd-4144-8016-b9e9c07b4fe3 None None] image_size_cap = 1099511627776 {{(pid=116458) log_opt_values /opt/stack/data/venv/lib/python3.12/site-packages/oslo_config/cfg.py:2995}}
Apr 27 12:03:45.071564 np0000170472 devstack@g-api.service[116458]: DEBUG glance.common.config [None req-854f5f58-8fbd-4144-8016-b9e9c07b4fe3 None None] image_tag_quota = 128 {{(pid=116458) log_opt_values /opt/stack/data/venv/lib/python3.12/site-packages/oslo_config/cfg.py:2995}}
Apr 27 12:03:45.071671 np0000170472 devstack@g-api.service[116458]: DEBUG glance.common.config [None req-854f5f58-8fbd-4144-8016-b9e9c07b4fe3 None None] instance_format = [instance: %(uuid)s] {{(pid=116458) log_opt_values /opt/stack/data/venv/lib/python3.12/site-packages/oslo_config/cfg.py:2995}}
Apr 27 12:03:45.071792 np0000170472 devstack@g-api.service[116458]: DEBUG glance.common.config [None req-854f5f58-8fbd-4144-8016-b9e9c07b4fe3 None None] instance_uuid_format = [instance: %(uuid)s] {{(pid=116458) log_opt_values /opt/stack/data/venv/lib/python3.12/site-packages/oslo_config/cfg.py:2995}}
Apr 27 12:03:45.071892 np0000170472 devstack@g-api.service[116458]: DEBUG glance.common.config [None req-854f5f58-8fbd-4144-8016-b9e9c07b4fe3 None None] limit_param_default = 25 {{(pid=116458) log_opt_values /opt/stack/data/venv/lib/python3.12/site-packages/oslo_config/cfg.py:2995}}
Apr 27 12:03:45.071992 np0000170472 devstack@g-api.service[116458]: DEBUG glance.common.config [None req-854f5f58-8fbd-4144-8016-b9e9c07b4fe3 None None] log_color = False {{(pid=116458) log_opt_values /opt/stack/data/venv/lib/python3.12/site-packages/oslo_config/cfg.py:2995}}
Apr 27 12:03:45.072095 np0000170472 devstack@g-api.service[116458]: DEBUG glance.common.config [None req-854f5f58-8fbd-4144-8016-b9e9c07b4fe3 None None] log_config_append = None {{(pid=116458) log_opt_values /opt/stack/data/venv/lib/python3.12/site-packages/oslo_config/cfg.py:2995}}
Apr 27 12:03:45.072200 np0000170472 devstack@g-api.service[116458]: DEBUG glance.common.config [None req-854f5f58-8fbd-4144-8016-b9e9c07b4fe3 None None] log_date_format = %Y-%m-%d %H:%M:%S {{(pid=116458) log_opt_values /opt/stack/data/venv/lib/python3.12/site-packages/oslo_config/cfg.py:2995}}
Apr 27 12:03:45.072302 np0000170472 devstack@g-api.service[116458]: DEBUG glance.common.config [None req-854f5f58-8fbd-4144-8016-b9e9c07b4fe3 None None] log_dir = None {{(pid=116458) log_opt_values /opt/stack/data/venv/lib/python3.12/site-packages/oslo_config/cfg.py:2995}}
Apr 27 12:03:45.072402 np0000170472 devstack@g-api.service[116458]: DEBUG glance.common.config [None req-854f5f58-8fbd-4144-8016-b9e9c07b4fe3 None None] log_file = None {{(pid=116458) log_opt_values /opt/stack/data/venv/lib/python3.12/site-packages/oslo_config/cfg.py:2995}}
Apr 27 12:03:45.072504 np0000170472 devstack@g-api.service[116458]: DEBUG glance.common.config [None req-854f5f58-8fbd-4144-8016-b9e9c07b4fe3 None None] log_rotate_interval = 1 {{(pid=116458) log_opt_values /opt/stack/data/venv/lib/python3.12/site-packages/oslo_config/cfg.py:2995}}
Apr 27 12:03:45.072610 np0000170472 devstack@g-api.service[116458]: DEBUG glance.common.config [None req-854f5f58-8fbd-4144-8016-b9e9c07b4fe3 None None] log_rotate_interval_type = days {{(pid=116458) log_opt_values /opt/stack/data/venv/lib/python3.12/site-packages/oslo_config/cfg.py:2995}}
Apr 27 12:03:45.072736 np0000170472 devstack@g-api.service[116458]: DEBUG glance.common.config [None req-854f5f58-8fbd-4144-8016-b9e9c07b4fe3 None None] log_rotation_type = none {{(pid=116458) log_opt_values /opt/stack/data/venv/lib/python3.12/site-packages/oslo_config/cfg.py:2995}}
Apr 27 12:03:45.072796 np0000170472 devstack@g-api.service[116458]: DEBUG glance.common.config [None req-854f5f58-8fbd-4144-8016-b9e9c07b4fe3 None None] logging_context_format_string = %(color)s%(levelname)s %(name)s [%(global_request_id)s %(request_id)s %(project_name)s %(user_name)s%(color)s] %(instance)s%(color)s%(message)s {{(pid=116458) log_opt_values /opt/stack/data/venv/lib/python3.12/site-packages/oslo_config/cfg.py:2995}}
Apr 27 12:03:45.072879 np0000170472 devstack@g-api.service[116458]: DEBUG glance.common.config [None req-854f5f58-8fbd-4144-8016-b9e9c07b4fe3 None None] logging_debug_format_suffix = {{(pid=%(process)d) %(funcName)s %(pathname)s:%(lineno)d}} {{(pid=116458) log_opt_values /opt/stack/data/venv/lib/python3.12/site-packages/oslo_config/cfg.py:2995}}
Apr 27 12:03:45.072983 np0000170472 devstack@g-api.service[116458]: DEBUG glance.common.config [None req-854f5f58-8fbd-4144-8016-b9e9c07b4fe3 None None] logging_default_format_string = %(color)s%(levelname)s %(name)s [-%(color)s] %(instance)s%(color)s%(message)s {{(pid=116458) log_opt_values /opt/stack/data/venv/lib/python3.12/site-packages/oslo_config/cfg.py:2995}}
Apr 27 12:03:45.073086 np0000170472 devstack@g-api.service[116458]: DEBUG glance.common.config [None req-854f5f58-8fbd-4144-8016-b9e9c07b4fe3 None None] logging_exception_prefix = ERROR %(name)s %(instance)s {{(pid=116458) log_opt_values /opt/stack/data/venv/lib/python3.12/site-packages/oslo_config/cfg.py:2995}}
Apr 27 12:03:45.073163 np0000170472 devstack@g-api.service[116458]: DEBUG glance.common.config [None req-854f5f58-8fbd-4144-8016-b9e9c07b4fe3 None None] logging_user_identity_format = %(user)s %(project)s %(domain)s %(system_scope)s %(user_domain)s %(project_domain)s {{(pid=116458) log_opt_values /opt/stack/data/venv/lib/python3.12/site-packages/oslo_config/cfg.py:2995}}
Apr 27 12:03:45.073277 np0000170472 devstack@g-api.service[116458]: DEBUG glance.common.config [None req-854f5f58-8fbd-4144-8016-b9e9c07b4fe3 None None] max_header_line = 16384 {{(pid=116458) log_opt_values /opt/stack/data/venv/lib/python3.12/site-packages/oslo_config/cfg.py:2995}}
Apr 27 12:03:45.073417 np0000170472 devstack@g-api.service[116458]: DEBUG glance.common.config [None req-854f5f58-8fbd-4144-8016-b9e9c07b4fe3 None None] max_logfile_count = 30 {{(pid=116458) log_opt_values /opt/stack/data/venv/lib/python3.12/site-packages/oslo_config/cfg.py:2995}}
Apr 27 12:03:45.073466 np0000170472 devstack@g-api.service[116458]: DEBUG glance.common.config [None req-854f5f58-8fbd-4144-8016-b9e9c07b4fe3 None None] max_logfile_size_mb = 200 {{(pid=116458) log_opt_values /opt/stack/data/venv/lib/python3.12/site-packages/oslo_config/cfg.py:2995}}
Apr 27 12:03:45.073556 np0000170472 devstack@g-api.service[116458]: DEBUG glance.common.config [None req-854f5f58-8fbd-4144-8016-b9e9c07b4fe3 None None] max_request_id_length = 64 {{(pid=116458) log_opt_values /opt/stack/data/venv/lib/python3.12/site-packages/oslo_config/cfg.py:2995}}
Apr 27 12:03:45.073717 np0000170472 devstack@g-api.service[116458]: DEBUG glance.common.config [None req-854f5f58-8fbd-4144-8016-b9e9c07b4fe3 None None] metadata_encryption_key = **** {{(pid=116458) log_opt_values /opt/stack/data/venv/lib/python3.12/site-packages/oslo_config/cfg.py:2995}}
Apr 27 12:03:45.073806 np0000170472 devstack@g-api.service[116458]: DEBUG glance.common.config [None req-854f5f58-8fbd-4144-8016-b9e9c07b4fe3 None None] node_staging_uri = file:///tmp/staging/ {{(pid=116458) log_opt_values /opt/stack/data/venv/lib/python3.12/site-packages/oslo_config/cfg.py:2995}}
Apr 27 12:03:45.073911 np0000170472 devstack@g-api.service[116458]: DEBUG glance.common.config [None req-854f5f58-8fbd-4144-8016-b9e9c07b4fe3 None None] property_protection_file = None {{(pid=116458) log_opt_values /opt/stack/data/venv/lib/python3.12/site-packages/oslo_config/cfg.py:2995}}
Apr 27 12:03:45.074035 np0000170472 devstack@g-api.service[116458]: DEBUG glance.common.config [None req-854f5f58-8fbd-4144-8016-b9e9c07b4fe3 None None] property_protection_rule_format = roles {{(pid=116458) log_opt_values /opt/stack/data/venv/lib/python3.12/site-packages/oslo_config/cfg.py:2995}}
Apr 27 12:03:45.074116 np0000170472 devstack@g-api.service[116458]: DEBUG glance.common.config [None req-854f5f58-8fbd-4144-8016-b9e9c07b4fe3 None None] public_endpoint = https://199.19.213.86/image {{(pid=116458) log_opt_values /opt/stack/data/venv/lib/python3.12/site-packages/oslo_config/cfg.py:2995}}
Apr 27 12:03:45.074213 np0000170472 devstack@g-api.service[116458]: DEBUG glance.common.config [None req-854f5f58-8fbd-4144-8016-b9e9c07b4fe3 None None] publish_errors = False {{(pid=116458) log_opt_values /opt/stack/data/venv/lib/python3.12/site-packages/oslo_config/cfg.py:2995}}
Apr 27 12:03:45.074306 np0000170472 devstack@g-api.service[116458]: DEBUG glance.common.config [None req-854f5f58-8fbd-4144-8016-b9e9c07b4fe3 None None] pydev_worker_debug_host = None {{(pid=116458) log_opt_values /opt/stack/data/venv/lib/python3.12/site-packages/oslo_config/cfg.py:2995}}
Apr 27 12:03:45.074407 np0000170472 devstack@g-api.service[116458]: DEBUG glance.common.config [None req-854f5f58-8fbd-4144-8016-b9e9c07b4fe3 None None] pydev_worker_debug_port = 5678 {{(pid=116458) log_opt_values /opt/stack/data/venv/lib/python3.12/site-packages/oslo_config/cfg.py:2995}}
Apr 27 12:03:45.074489 np0000170472 devstack@g-api.service[116458]: DEBUG glance.common.config [None req-854f5f58-8fbd-4144-8016-b9e9c07b4fe3 None None] rate_limit_burst = 0 {{(pid=116458) log_opt_values /opt/stack/data/venv/lib/python3.12/site-packages/oslo_config/cfg.py:2995}}
Apr 27 12:03:45.074606 np0000170472 devstack@g-api.service[116458]: DEBUG glance.common.config [None req-854f5f58-8fbd-4144-8016-b9e9c07b4fe3 None None] rate_limit_except_level = CRITICAL {{(pid=116458) log_opt_values /opt/stack/data/venv/lib/python3.12/site-packages/oslo_config/cfg.py:2995}}
Apr 27 12:03:45.074721 np0000170472 devstack@g-api.service[116458]: DEBUG glance.common.config [None req-854f5f58-8fbd-4144-8016-b9e9c07b4fe3 None None] rate_limit_interval = 0 {{(pid=116458) log_opt_values /opt/stack/data/venv/lib/python3.12/site-packages/oslo_config/cfg.py:2995}}
Apr 27 12:03:45.074822 np0000170472 devstack@g-api.service[116458]: DEBUG glance.common.config [None req-854f5f58-8fbd-4144-8016-b9e9c07b4fe3 None None] scrub_pool_size = 1 {{(pid=116458) log_opt_values /opt/stack/data/venv/lib/python3.12/site-packages/oslo_config/cfg.py:2995}}
Apr 27 12:03:45.074895 np0000170472 devstack@g-api.service[116460]: DEBUG glance.image_cache.drivers.centralized_db [None req-e3684bfc-e542-4693-abcc-16eca1e726c2 None None] Node reference is already recorded, ignoring it {{(pid=116460) configure /opt/stack/glance/glance/image_cache/drivers/centralized_db.py:71}}
Apr 27 12:03:45.074955 np0000170472 devstack@g-api.service[116458]: DEBUG glance.common.config [None req-854f5f58-8fbd-4144-8016-b9e9c07b4fe3 None None] scrub_time = 0 {{(pid=116458) log_opt_values /opt/stack/data/venv/lib/python3.12/site-packages/oslo_config/cfg.py:2995}}
Apr 27 12:03:45.075016 np0000170472 devstack@g-api.service[116458]: DEBUG glance.common.config [None req-854f5f58-8fbd-4144-8016-b9e9c07b4fe3 None None] shell_completion = None {{(pid=116458) log_opt_values /opt/stack/data/venv/lib/python3.12/site-packages/oslo_config/cfg.py:2995}}
Apr 27 12:03:45.075120 np0000170472 devstack@g-api.service[116458]: DEBUG glance.common.config [None req-854f5f58-8fbd-4144-8016-b9e9c07b4fe3 None None] show_image_direct_url = False {{(pid=116458) log_opt_values /opt/stack/data/venv/lib/python3.12/site-packages/oslo_config/cfg.py:2995}}
Apr 27 12:03:45.075322 np0000170472 devstack@g-api.service[116458]: WARNING oslo_config.cfg [None req-854f5f58-8fbd-4144-8016-b9e9c07b4fe3 None None] Deprecated: Option "show_multiple_locations" from group "DEFAULT" is deprecated for removal (Use of this option, deprecated since Newton, is a security risk and will be removed once we figure out a way to satisfy those use cases that currently require it. An earlier announcement that the same functionality can be achieved with greater granularity by using policies is incorrect. You cannot work around this option via policy configuration at the present time, though that is the direction we believe the fix will take. Please keep an eye on the Glance release notes to stay up to date on progress in addressing this issue.). Its value may be silently ignored in the future.
Apr 27 12:03:45.075422 np0000170472 devstack@g-api.service[116458]: DEBUG glance.common.config [None req-854f5f58-8fbd-4144-8016-b9e9c07b4fe3 None None] show_multiple_locations = False {{(pid=116458) log_opt_values /opt/stack/data/venv/lib/python3.12/site-packages/oslo_config/cfg.py:2995}}
Apr 27 12:03:45.075537 np0000170472 devstack@g-api.service[116458]: DEBUG glance.common.config [None req-854f5f58-8fbd-4144-8016-b9e9c07b4fe3 None None] syslog_log_facility = LOG_USER {{(pid=116458) log_opt_values /opt/stack/data/venv/lib/python3.12/site-packages/oslo_config/cfg.py:2995}}
Apr 27 12:03:45.075636 np0000170472 devstack@g-api.service[116458]: DEBUG glance.common.config [None req-854f5f58-8fbd-4144-8016-b9e9c07b4fe3 None None] tcp_keepidle = 600 {{(pid=116458) log_opt_values /opt/stack/data/venv/lib/python3.12/site-packages/oslo_config/cfg.py:2995}}
Apr 27 12:03:45.075761 np0000170472 devstack@g-api.service[116458]: DEBUG glance.common.config [None req-854f5f58-8fbd-4144-8016-b9e9c07b4fe3 None None] transport_url = **** {{(pid=116458) log_opt_values /opt/stack/data/venv/lib/python3.12/site-packages/oslo_config/cfg.py:2995}}
Apr 27 12:03:45.075862 np0000170472 devstack@g-api.service[116458]: DEBUG glance.common.config [None req-854f5f58-8fbd-4144-8016-b9e9c07b4fe3 None None] use_journal = False {{(pid=116458) log_opt_values /opt/stack/data/venv/lib/python3.12/site-packages/oslo_config/cfg.py:2995}}
Apr 27 12:03:45.075962 np0000170472 devstack@g-api.service[116458]: DEBUG glance.common.config [None req-854f5f58-8fbd-4144-8016-b9e9c07b4fe3 None None] use_json = False {{(pid=116458) log_opt_values /opt/stack/data/venv/lib/python3.12/site-packages/oslo_config/cfg.py:2995}}
Apr 27 12:03:45.076045 np0000170472 devstack@g-api.service[116461]: WARNING keystonemiddleware.auth_token [None req-34024dbf-42a1-40df-b810-f06ffa03b112 None None] AuthToken middleware is set with keystone_authtoken.service_token_roles_required set to False. This is backwards compatible but deprecated behaviour. Please set this to True.
Apr 27 12:03:45.076119 np0000170472 devstack@g-api.service[116458]: DEBUG glance.common.config [None req-854f5f58-8fbd-4144-8016-b9e9c07b4fe3 None None] use_keystone_limits = True {{(pid=116458) log_opt_values /opt/stack/data/venv/lib/python3.12/site-packages/oslo_config/cfg.py:2995}}
Apr 27 12:03:45.076172 np0000170472 devstack@g-api.service[116458]: DEBUG glance.common.config [None req-854f5f58-8fbd-4144-8016-b9e9c07b4fe3 None None] use_stderr = False {{(pid=116458) log_opt_values /opt/stack/data/venv/lib/python3.12/site-packages/oslo_config/cfg.py:2995}}
Apr 27 12:03:45.076260 np0000170472 devstack@g-api.service[116458]: DEBUG glance.common.config [None req-854f5f58-8fbd-4144-8016-b9e9c07b4fe3 None None] use_syslog = False {{(pid=116458) log_opt_values /opt/stack/data/venv/lib/python3.12/site-packages/oslo_config/cfg.py:2995}}
Apr 27 12:03:45.076363 np0000170472 devstack@g-api.service[116458]: DEBUG glance.common.config [None req-854f5f58-8fbd-4144-8016-b9e9c07b4fe3 None None] user_storage_quota = 0 {{(pid=116458) log_opt_values /opt/stack/data/venv/lib/python3.12/site-packages/oslo_config/cfg.py:2995}}
Apr 27 12:03:45.076464 np0000170472 devstack@g-api.service[116458]: DEBUG glance.common.config [None req-854f5f58-8fbd-4144-8016-b9e9c07b4fe3 None None] worker_self_reference_url = http://127.0.0.1:60999 {{(pid=116458) log_opt_values /opt/stack/data/venv/lib/python3.12/site-packages/oslo_config/cfg.py:2995}}
Apr 27 12:03:45.076561 np0000170472 devstack@g-api.service[116458]: DEBUG glance.common.config [None req-854f5f58-8fbd-4144-8016-b9e9c07b4fe3 None None] workers = None {{(pid=116458) log_opt_values /opt/stack/data/venv/lib/python3.12/site-packages/oslo_config/cfg.py:2995}}
Apr 27 12:03:45.076693 np0000170472 devstack@g-api.service[116458]: DEBUG glance.common.config [None req-854f5f58-8fbd-4144-8016-b9e9c07b4fe3 None None] oslo_concurrency.disable_process_locking = False {{(pid=116458) log_opt_values /opt/stack/data/venv/lib/python3.12/site-packages/oslo_config/cfg.py:3006}}
Apr 27 12:03:45.076804 np0000170472 devstack@g-api.service[116458]: DEBUG glance.common.config [None req-854f5f58-8fbd-4144-8016-b9e9c07b4fe3 None None] oslo_concurrency.lock_path = /opt/stack/data/glance/locks {{(pid=116458) log_opt_values /opt/stack/data/venv/lib/python3.12/site-packages/oslo_config/cfg.py:3006}}
Apr 27 12:03:45.076915 np0000170472 devstack@g-api.service[116458]: DEBUG glance.common.config [None req-854f5f58-8fbd-4144-8016-b9e9c07b4fe3 None None] oslo_middleware.enable_proxy_headers_parsing = False {{(pid=116458) log_opt_values /opt/stack/data/venv/lib/python3.12/site-packages/oslo_config/cfg.py:3006}}
Apr 27 12:03:45.077023 np0000170472 devstack@g-api.service[116458]: DEBUG glance.common.config [None req-854f5f58-8fbd-4144-8016-b9e9c07b4fe3 None None] oslo_middleware.http_basic_auth_user_file = /etc/htpasswd {{(pid=116458) log_opt_values /opt/stack/data/venv/lib/python3.12/site-packages/oslo_config/cfg.py:3006}}
Apr 27 12:03:45.077131 np0000170472 devstack@g-api.service[116458]: DEBUG glance.common.config [None req-854f5f58-8fbd-4144-8016-b9e9c07b4fe3 None None] paste_deploy.config_file = None {{(pid=116458) log_opt_values /opt/stack/data/venv/lib/python3.12/site-packages/oslo_config/cfg.py:3006}}
Apr 27 12:03:45.077238 np0000170472 devstack@g-api.service[116458]: DEBUG glance.common.config [None req-854f5f58-8fbd-4144-8016-b9e9c07b4fe3 None None] paste_deploy.flavor = keystone+cachemanagement {{(pid=116458) log_opt_values /opt/stack/data/venv/lib/python3.12/site-packages/oslo_config/cfg.py:3006}}
Apr 27 12:03:45.077389 np0000170472 devstack@g-api.service[116458]: DEBUG glance.common.config [None req-854f5f58-8fbd-4144-8016-b9e9c07b4fe3 None None] image_format.container_formats = ['ami', 'ari', 'aki', 'bare', 'ovf', 'ova', 'docker', 'compressed'] {{(pid=116458) log_opt_values /opt/stack/data/venv/lib/python3.12/site-packages/oslo_config/cfg.py:3006}}
Apr 27 12:03:45.077444 np0000170472 devstack@g-api.service[116459]: WARNING keystonemiddleware.auth_token [None req-8e683656-18cd-45e3-ae96-1fa36358f42e None None] AuthToken middleware is set with keystone_authtoken.service_token_roles_required set to False. This is backwards compatible but deprecated behaviour. Please set this to True.
Apr 27 12:03:45.077531 np0000170472 devstack@g-api.service[116458]: DEBUG glance.common.config [None req-854f5f58-8fbd-4144-8016-b9e9c07b4fe3 None None] image_format.disk_formats = ['ami', 'ari', 'aki', 'vhd', 'vhdx', 'vmdk', 'raw', 'qcow2', 'vdi', 'iso', 'ploop'] {{(pid=116458) log_opt_values /opt/stack/data/venv/lib/python3.12/site-packages/oslo_config/cfg.py:3006}}
Apr 27 12:03:45.077674 np0000170472 devstack@g-api.service[116458]: DEBUG glance.common.config [None req-854f5f58-8fbd-4144-8016-b9e9c07b4fe3 None None] image_format.gpt_safety_checks_nonfatal = ['mbr'] {{(pid=116458) log_opt_values /opt/stack/data/venv/lib/python3.12/site-packages/oslo_config/cfg.py:3006}}
Apr 27 12:03:45.077780 np0000170472 devstack@g-api.service[116458]: DEBUG glance.common.config [None req-854f5f58-8fbd-4144-8016-b9e9c07b4fe3 None None] image_format.require_image_format_match = True {{(pid=116458) log_opt_values /opt/stack/data/venv/lib/python3.12/site-packages/oslo_config/cfg.py:3006}}
Apr 27 12:03:45.077898 np0000170472 devstack@g-api.service[116458]: DEBUG glance.common.config [None req-854f5f58-8fbd-4144-8016-b9e9c07b4fe3 None None] image_format.vmdk_allowed_types = ['streamOptimized', 'monolithicSparse'] {{(pid=116458) log_opt_values /opt/stack/data/venv/lib/python3.12/site-packages/oslo_config/cfg.py:3006}}
Apr 27 12:03:45.078011 np0000170472 devstack@g-api.service[116458]: DEBUG glance.common.config [None req-854f5f58-8fbd-4144-8016-b9e9c07b4fe3 None None] task.task_executor = taskflow {{(pid=116458) log_opt_values /opt/stack/data/venv/lib/python3.12/site-packages/oslo_config/cfg.py:3006}}
Apr 27 12:03:45.078127 np0000170472 devstack@g-api.service[116458]: DEBUG glance.common.config [None req-854f5f58-8fbd-4144-8016-b9e9c07b4fe3 None None] task.task_time_to_live = 48 {{(pid=116458) log_opt_values /opt/stack/data/venv/lib/python3.12/site-packages/oslo_config/cfg.py:3006}}
Apr 27 12:03:45.078210 np0000170472 devstack@g-api.service[116458]: DEBUG glance.common.config [None req-854f5f58-8fbd-4144-8016-b9e9c07b4fe3 None None] task.work_dir = None {{(pid=116458) log_opt_values /opt/stack/data/venv/lib/python3.12/site-packages/oslo_config/cfg.py:3006}}
Apr 27 12:03:45.078326 np0000170472 devstack@g-api.service[116458]: DEBUG glance.common.config [None req-854f5f58-8fbd-4144-8016-b9e9c07b4fe3 None None] wsgi.python_interpreter = /opt/stack/data/venv/bin/python3 {{(pid=116458) log_opt_values /opt/stack/data/venv/lib/python3.12/site-packages/oslo_config/cfg.py:3006}}
Apr 27 12:03:45.078427 np0000170472 devstack@g-api.service[116458]: DEBUG glance.common.config [None req-854f5f58-8fbd-4144-8016-b9e9c07b4fe3 None None] wsgi.task_pool_threads = 16 {{(pid=116458) log_opt_values /opt/stack/data/venv/lib/python3.12/site-packages/oslo_config/cfg.py:3006}}
Apr 27 12:03:45.078541 np0000170472 devstack@g-api.service[116458]: DEBUG glance.common.config [None req-854f5f58-8fbd-4144-8016-b9e9c07b4fe3 None None] profiler.connection_string = messaging:// {{(pid=116458) log_opt_values /opt/stack/data/venv/lib/python3.12/site-packages/oslo_config/cfg.py:3006}}
Apr 27 12:03:45.078646 np0000170472 devstack@g-api.service[116458]: DEBUG glance.common.config [None req-854f5f58-8fbd-4144-8016-b9e9c07b4fe3 None None] profiler.enabled = False {{(pid=116458) log_opt_values /opt/stack/data/venv/lib/python3.12/site-packages/oslo_config/cfg.py:3006}}
Apr 27 12:03:45.078768 np0000170472 devstack@g-api.service[116458]: DEBUG glance.common.config [None req-854f5f58-8fbd-4144-8016-b9e9c07b4fe3 None None] profiler.es_doc_type = notification {{(pid=116458) log_opt_values /opt/stack/data/venv/lib/python3.12/site-packages/oslo_config/cfg.py:3006}}
Apr 27 12:03:45.078874 np0000170472 devstack@g-api.service[116458]: DEBUG glance.common.config [None req-854f5f58-8fbd-4144-8016-b9e9c07b4fe3 None None] profiler.es_scroll_size = 10000 {{(pid=116458) log_opt_values /opt/stack/data/venv/lib/python3.12/site-packages/oslo_config/cfg.py:3006}}
Apr 27 12:03:45.078980 np0000170472 devstack@g-api.service[116458]: DEBUG glance.common.config [None req-854f5f58-8fbd-4144-8016-b9e9c07b4fe3 None None] profiler.es_scroll_time = 2m {{(pid=116458) log_opt_values /opt/stack/data/venv/lib/python3.12/site-packages/oslo_config/cfg.py:3006}}
Apr 27 12:03:45.079096 np0000170472 devstack@g-api.service[116458]: DEBUG glance.common.config [None req-854f5f58-8fbd-4144-8016-b9e9c07b4fe3 None None] profiler.filter_error_trace = False {{(pid=116458) log_opt_values /opt/stack/data/venv/lib/python3.12/site-packages/oslo_config/cfg.py:3006}}
Apr 27 12:03:45.079181 np0000170472 devstack@g-api.service[116460]: INFO glance.api.middleware.cache [None req-e3684bfc-e542-4693-abcc-16eca1e726c2 None None] Initialized image cache middleware
Apr 27 12:03:45.079235 np0000170472 devstack@g-api.service[116458]: DEBUG glance.common.config [None req-854f5f58-8fbd-4144-8016-b9e9c07b4fe3 None None] profiler.hmac_keys = **** {{(pid=116458) log_opt_values /opt/stack/data/venv/lib/python3.12/site-packages/oslo_config/cfg.py:3006}}
Apr 27 12:03:45.079283 np0000170472 devstack@g-api.service[116458]: DEBUG glance.common.config [None req-854f5f58-8fbd-4144-8016-b9e9c07b4fe3 None None] profiler.sentinel_service_name = mymaster {{(pid=116458) log_opt_values /opt/stack/data/venv/lib/python3.12/site-packages/oslo_config/cfg.py:3006}}
Apr 27 12:03:45.079403 np0000170472 devstack@g-api.service[116458]: DEBUG glance.common.config [None req-854f5f58-8fbd-4144-8016-b9e9c07b4fe3 None None] profiler.socket_timeout = 0.1 {{(pid=116458) log_opt_values /opt/stack/data/venv/lib/python3.12/site-packages/oslo_config/cfg.py:3006}}
Apr 27 12:03:45.079504 np0000170472 devstack@g-api.service[116458]: DEBUG glance.common.config [None req-854f5f58-8fbd-4144-8016-b9e9c07b4fe3 None None] profiler.trace_requests = False {{(pid=116458) log_opt_values /opt/stack/data/venv/lib/python3.12/site-packages/oslo_config/cfg.py:3006}}
Apr 27 12:03:45.079609 np0000170472 devstack@g-api.service[116458]: DEBUG glance.common.config [None req-854f5f58-8fbd-4144-8016-b9e9c07b4fe3 None None] profiler.trace_sqlalchemy = False {{(pid=116458) log_opt_values /opt/stack/data/venv/lib/python3.12/site-packages/oslo_config/cfg.py:3006}}
Apr 27 12:03:45.079746 np0000170472 devstack@g-api.service[116458]: DEBUG glance.common.config [None req-854f5f58-8fbd-4144-8016-b9e9c07b4fe3 None None] profiler_jaeger.process_tags = {} {{(pid=116458) log_opt_values /opt/stack/data/venv/lib/python3.12/site-packages/oslo_config/cfg.py:3006}}
Apr 27 12:03:45.079840 np0000170472 devstack@g-api.service[116458]: DEBUG glance.common.config [None req-854f5f58-8fbd-4144-8016-b9e9c07b4fe3 None None] profiler_jaeger.service_name_prefix = None {{(pid=116458) log_opt_values /opt/stack/data/venv/lib/python3.12/site-packages/oslo_config/cfg.py:3006}}
Apr 27 12:03:45.079946 np0000170472 devstack@g-api.service[116458]: DEBUG glance.common.config [None req-854f5f58-8fbd-4144-8016-b9e9c07b4fe3 None None] profiler_otlp.service_name_prefix = None {{(pid=116458) log_opt_values /opt/stack/data/venv/lib/python3.12/site-packages/oslo_config/cfg.py:3006}}
Apr 27 12:03:45.080054 np0000170472 devstack@g-api.service[116458]: DEBUG glance.common.config [None req-854f5f58-8fbd-4144-8016-b9e9c07b4fe3 None None] import_filtering_opts.allowed_hosts = [] {{(pid=116458) log_opt_values /opt/stack/data/venv/lib/python3.12/site-packages/oslo_config/cfg.py:3006}}
Apr 27 12:03:45.080168 np0000170472 devstack@g-api.service[116458]: DEBUG glance.common.config [None req-854f5f58-8fbd-4144-8016-b9e9c07b4fe3 None None] import_filtering_opts.allowed_ports = [80, 443] {{(pid=116458) log_opt_values /opt/stack/data/venv/lib/python3.12/site-packages/oslo_config/cfg.py:3006}}
Apr 27 12:03:45.080282 np0000170472 devstack@g-api.service[116458]: DEBUG glance.common.config [None req-854f5f58-8fbd-4144-8016-b9e9c07b4fe3 None None] import_filtering_opts.allowed_schemes = ['http', 'https'] {{(pid=116458) log_opt_values /opt/stack/data/venv/lib/python3.12/site-packages/oslo_config/cfg.py:3006}}
Apr 27 12:03:45.080385 np0000170472 devstack@g-api.service[116458]: DEBUG glance.common.config [None req-854f5f58-8fbd-4144-8016-b9e9c07b4fe3 None None] import_filtering_opts.disallowed_hosts = [] {{(pid=116458) log_opt_values /opt/stack/data/venv/lib/python3.12/site-packages/oslo_config/cfg.py:3006}}
Apr 27 12:03:45.080488 np0000170472 devstack@g-api.service[116458]: DEBUG glance.common.config [None req-854f5f58-8fbd-4144-8016-b9e9c07b4fe3 None None] import_filtering_opts.disallowed_ports = [] {{(pid=116458) log_opt_values /opt/stack/data/venv/lib/python3.12/site-packages/oslo_config/cfg.py:3006}}
Apr 27 12:03:45.080590 np0000170472 devstack@g-api.service[116458]: DEBUG glance.common.config [None req-854f5f58-8fbd-4144-8016-b9e9c07b4fe3 None None] import_filtering_opts.disallowed_schemes = [] {{(pid=116458) log_opt_values /opt/stack/data/venv/lib/python3.12/site-packages/oslo_config/cfg.py:3006}}
Apr 27 12:03:45.080777 np0000170472 devstack@g-api.service[116458]: DEBUG glance.common.config [None req-854f5f58-8fbd-4144-8016-b9e9c07b4fe3 None None] oslo_messaging_metrics.metrics_buffer_size = 1000 {{(pid=116458) log_opt_values /opt/stack/data/venv/lib/python3.12/site-packages/oslo_config/cfg.py:3006}}
Apr 27 12:03:45.080826 np0000170472 devstack@g-api.service[116458]: DEBUG glance.common.config [None req-854f5f58-8fbd-4144-8016-b9e9c07b4fe3 None None] oslo_messaging_metrics.metrics_enabled = False {{(pid=116458) log_opt_values /opt/stack/data/venv/lib/python3.12/site-packages/oslo_config/cfg.py:3006}}
Apr 27 12:03:45.080919 np0000170472 devstack@g-api.service[116458]: DEBUG glance.common.config [None req-854f5f58-8fbd-4144-8016-b9e9c07b4fe3 None None] oslo_messaging_metrics.metrics_process_name = {{(pid=116458) log_opt_values /opt/stack/data/venv/lib/python3.12/site-packages/oslo_config/cfg.py:3006}}
Apr 27 12:03:45.081022 np0000170472 devstack@g-api.service[116458]: DEBUG glance.common.config [None req-854f5f58-8fbd-4144-8016-b9e9c07b4fe3 None None] oslo_messaging_metrics.metrics_socket_file = /var/tmp/metrics_collector.sock {{(pid=116458) log_opt_values /opt/stack/data/venv/lib/python3.12/site-packages/oslo_config/cfg.py:3006}}
Apr 27 12:03:45.081125 np0000170472 devstack@g-api.service[116458]: DEBUG glance.common.config [None req-854f5f58-8fbd-4144-8016-b9e9c07b4fe3 None None] oslo_messaging_metrics.metrics_thread_stop_timeout = 10 {{(pid=116458) log_opt_values /opt/stack/data/venv/lib/python3.12/site-packages/oslo_config/cfg.py:3006}}
Apr 27 12:03:45.081287 np0000170472 devstack@g-api.service[116458]: DEBUG glance.common.config [None req-854f5f58-8fbd-4144-8016-b9e9c07b4fe3 None None] os_brick.lightos_discovery_client_address = localhost {{(pid=116458) log_opt_values /opt/stack/data/venv/lib/python3.12/site-packages/oslo_config/cfg.py:3006}}
Apr 27 12:03:45.081396 np0000170472 devstack@g-api.service[116458]: DEBUG glance.common.config [None req-854f5f58-8fbd-4144-8016-b9e9c07b4fe3 None None] os_brick.lightos_discovery_client_dir_path = /etc/discovery-client/discovery.d/ {{(pid=116458) log_opt_values /opt/stack/data/venv/lib/python3.12/site-packages/oslo_config/cfg.py:3006}}
Apr 27 12:03:45.081499 np0000170472 devstack@g-api.service[116458]: DEBUG glance.common.config [None req-854f5f58-8fbd-4144-8016-b9e9c07b4fe3 None None] os_brick.lightos_discovery_client_port = 6060 {{(pid=116458) log_opt_values /opt/stack/data/venv/lib/python3.12/site-packages/oslo_config/cfg.py:3006}}
Apr 27 12:03:45.081606 np0000170472 devstack@g-api.service[116458]: DEBUG glance.common.config [None req-854f5f58-8fbd-4144-8016-b9e9c07b4fe3 None None] os_brick.lock_path = /opt/stack/data/os_brick {{(pid=116458) log_opt_values /opt/stack/data/venv/lib/python3.12/site-packages/oslo_config/cfg.py:3006}}
Apr 27 12:03:45.081730 np0000170472 devstack@g-api.service[116458]: DEBUG glance.common.config [None req-854f5f58-8fbd-4144-8016-b9e9c07b4fe3 None None] os_brick.wait_mpath_device_attempts = 4 {{(pid=116458) log_opt_values /opt/stack/data/venv/lib/python3.12/site-packages/oslo_config/cfg.py:3006}}
