2026-07-09 10:47:27.575 7 INFO placement.requestlog [None req-7ecdbbc3-3f2a-457e-9da0-5629365c211d fa8d6097b26a42589fe6572222b91c21 997785bca82a4b3881e2d9d1519ad63b - - a102149cdccf4abc862c069a62ad13dd a102149cdccf4abc862c069a62ad13dd] 10.0.0.218 "DELETE /resource_providers/e7e3429d-3508-43c7-a45a-625dbdce5aa2" status: 404 len: 246 microversion: 1.1 [pid: 7|app: 0|req: 615/1234] 10.0.0.218 () {34 vars in 815 bytes} [Thu Jul 9 10:47:27 2026] DELETE /resource_providers/e7e3429d-3508-43c7-a45a-625dbdce5aa2 => generated 246 bytes in 13 msecs (HTTP/1.1 404) 6 headers in 231 bytes (1 switches on core 0)
2026-07-09 10:47:27.575 8 INFO placement.requestlog [None req-5cf8eba4-8f95-4070-8bfc-02232391d49a fa8d6097b26a42589fe6572222b91c21 997785bca82a4b3881e2d9d1519ad63b - - a102149cdccf4abc862c069a62ad13dd a102149cdccf4abc862c069a62ad13dd] 10.0.0.218 "DELETE /resource_providers/e7e3429d-3508-43c7-a45a-625dbdce5aa2" status: 404 len: 246 microversion: 1.1 [pid: 8|app: 0|req: 620/1235] 10.0.0.218 () {34 vars in 815 bytes} [Thu Jul 9 10:47:27 2026] DELETE /resource_providers/e7e3429d-3508-43c7-a45a-625dbdce5aa2 => generated 246 bytes in 12 msecs (HTTP/1.1 404) 6 headers in 231 bytes (1 switches on core 0)
2026-07-09 10:47:28.753 7 INFO placement.requestlog [None req-49aa694e-a70b-41dd-bd12-a2d2a9cd316e - - - - - -] 10.0.0.194 "GET /" status: 200 len: 136 microversion: 1.0
2026-07-09 10:47:28.753 8 INFO placement.requestlog [None req-c68f5492-b2d3-4a62-b1b6-7fae6e50f740 - - - - - -] 10.0.0.194 "GET /" status: 200 len: 136 microversion: 1.0
2026-07-09 10:47:29.533 8 INFO placement.requestlog [None req-e02cc9b4-ce19-4e6a-a0a1-5eab95fda45b fa8d6097b26a42589fe6572222b91c21 997785bca82a4b3881e2d9d1519ad63b - - a102149cdccf4abc862c069a62ad13dd a102149cdccf4abc862c069a62ad13dd] 10.0.0.218 "GET /resource_providers/5bd26aef-7507-4a4f-87bb-626b99e05457/aggregates" status: 404 len: 235 microversion: 1.1 [pid: 8|app: 0|req: 622/1238] 10.0.0.218 () {32 vars in 815 bytes} [Thu Jul 9 10:47:29 2026] GET /resource_providers/5bd26aef-7507-4a4f-87bb-626b99e05457/aggregates => generated 235 bytes in 17 msecs (HTTP/1.1 404) 5 headers in 202 bytes (1 switches on core 0)
2026-07-09 10:47:29.535 7 INFO placement.requestlog [None req-e430146d-41e6-45e6-8104-c89ca6dda391 fa8d6097b26a42589fe6572222b91c21 997785bca82a4b3881e2d9d1519ad63b - - a102149cdccf4abc862c069a62ad13dd a102149cdccf4abc862c069a62ad13dd] 10.0.0.218 "GET /resource_providers/5bd26aef-7507-4a4f-87bb-626b99e05457/aggregates" status: 404 len: 235 microversion: 1.1 [pid: 7|app: 0|req: 617/1239] 10.0.0.218 () {32 vars in 815 bytes} [Thu Jul 9 10:47:29 2026] GET /resource_providers/5bd26aef-7507-4a4f-87bb-626b99e05457/aggregates => generated 235 bytes in 11 msecs (HTTP/1.1 404) 5 headers in 202 bytes (1 switches on core 0)
2026-07-09 10:47:29.571 8 INFO placement.requestlog [None req-25f23ffe-0591-48fc-9f00-0119c4f6ee58 fa8d6097b26a42589fe6572222b91c21 997785bca82a4b3881e2d9d1519ad63b - - a102149cdccf4abc862c069a62ad13dd a102149cdccf4abc862c069a62ad13dd] 10.0.0.218 "DELETE /resource_providers/5bd26aef-7507-4a4f-87bb-626b99e05457" status: 404 len: 246 microversion: 1.1 [pid: 8|app: 0|req: 623/1240] 10.0.0.218 () {34 vars in 815 bytes} [Thu Jul 9 10:47:29 2026] DELETE /resource_providers/5bd26aef-7507-4a4f-87bb-626b99e05457 => generated 246 bytes in 25 msecs (HTTP/1.1 404) 6 headers in 231 bytes (1 switches on core 0)
2026-07-09 10:47:29.579 7 INFO placement.requestlog [None req-07098a69-3f50-4cfb-85c7-dd65534f938e fa8d6097b26a42589fe6572222b91c21 997785bca82a4b3881e2d9d1519ad63b - - a102149cdccf4abc862c069a62ad13dd a102149cdccf4abc862c069a62ad13dd] 10.0.0.218 "DELETE /resource_providers/5bd26aef-7507-4a4f-87bb-626b99e05457" status: 404 len: 246 microversion: 1.1 [pid: 7|app: 0|req: 618/1241] 10.0.0.218 () {34 vars in 815 bytes} [Thu Jul 9 10:47:29 2026] DELETE /resource_providers/5bd26aef-7507-4a4f-87bb-626b99e05457 => generated 246 bytes in 32 msecs (HTTP/1.1 404) 6 headers in 231 bytes (1 switches on core 0)
2026-07-09 10:47:33.778 8 INFO placement.requestlog [req-485bb499-0d75-455a-93d9-e959df4b26f6 req-0b619150-0981-4844-963c-f5a3ea8ad499 53f15ff30d6e42cbb82143fcee9dffbf 997785bca82a4b3881e2d9d1519ad63b - - a102149cdccf4abc862c069a62ad13dd a102149cdccf4abc862c069a62ad13dd] 10.0.0.84 "GET /allocation_candidates?limit=1000&resources=DISK_GB%3A1%2CMEMORY_MB%3A512%2CVCPU%3A1&root_required=%21COMPUTE_STATUS_DISABLED" status: 200 len: 2640 microversion: 1.36 [pid: 8|app: 0|req: 624/1242] 10.0.0.84 () {34 vars in 1010 bytes} [Thu Jul 9 10:47:33 2026] GET /allocation_candidates?limit=1000&resources=DISK_GB%3A1%2CMEMORY_MB%3A512%2CVCPU%3A1&root_required=%21COMPUTE_STATUS_DISABLED => generated 2640 bytes in 43 msecs (HTTP/1.1 200) 8 headers in 297 bytes (1 switches on core 0)
2026-07-09 10:47:33.804 7 INFO placement.requestlog [req-485bb499-0d75-455a-93d9-e959df4b26f6 req-87f036a7-57dc-4e67-8929-6740630b3152 53f15ff30d6e42cbb82143fcee9dffbf 997785bca82a4b3881e2d9d1519ad63b - - a102149cdccf4abc862c069a62ad13dd a102149cdccf4abc862c069a62ad13dd] 10.0.0.84 "GET /allocations/3cfa45dd-cacf-4126-9317-55a8875ac731" status: 200 len: 19 microversion: 1.28 [pid: 7|app: 0|req: 619/1243] 10.0.0.84 () {34 vars in 859 bytes} [Thu Jul 9 10:47:33 2026] GET /allocations/3cfa45dd-cacf-4126-9317-55a8875ac731 => generated 19 bytes in 9 msecs (HTTP/1.1 200) 8 headers in 295 bytes (1 switches on core 0)
2026-07-09 10:47:33.900 8 INFO placement.requestlog [req-485bb499-0d75-455a-93d9-e959df4b26f6 req-27162766-c2a9-4fde-9361-9452fcc8eb34 53f15ff30d6e42cbb82143fcee9dffbf 997785bca82a4b3881e2d9d1519ad63b - - a102149cdccf4abc862c069a62ad13dd a102149cdccf4abc862c069a62ad13dd] 10.0.0.84 "PUT /allocations/3cfa45dd-cacf-4126-9317-55a8875ac731" status: 204 len: 0 microversion: 1.36 [pid: 8|app: 0|req: 625/1244] 10.0.0.84 () {38 vars in 912 bytes} [Thu Jul 9 10:47:33 2026] PUT /allocations/3cfa45dd-cacf-4126-9317-55a8875ac731 => generated 0 bytes in 89 msecs (HTTP/1.1 204) 5 headers in 199 bytes (1 switches on core 0)
2026-07-09 10:47:35.435 7 INFO placement.requestlog [req-485bb499-0d75-455a-93d9-e959df4b26f6 req-2a15707f-0278-48df-ad52-73eed9773eba 53f15ff30d6e42cbb82143fcee9dffbf 997785bca82a4b3881e2d9d1519ad63b - - a102149cdccf4abc862c069a62ad13dd a102149cdccf4abc862c069a62ad13dd] 199.19.213.99 "GET /allocations/3cfa45dd-cacf-4126-9317-55a8875ac731" status: 200 len: 258 microversion: 1.28 [pid: 7|app: 0|req: 620/1245] 199.19.213.99 () {34 vars in 861 bytes} [Thu Jul 9 10:47:35 2026] GET /allocations/3cfa45dd-cacf-4126-9317-55a8875ac731 => generated 258 bytes in 30 msecs (HTTP/1.1 200) 8 headers in 296 bytes (1 switches on core 0)
2026-07-09 10:47:36.479 8 INFO placement.requestlog [req-485bb499-0d75-455a-93d9-e959df4b26f6 req-a0e523e0-2749-49a0-9e0c-024910acce2b 53f15ff30d6e42cbb82143fcee9dffbf 997785bca82a4b3881e2d9d1519ad63b - - a102149cdccf4abc862c069a62ad13dd a102149cdccf4abc862c069a62ad13dd] 199.19.213.99 "GET /resource_providers/40bb03e5-b157-4e92-9e9c-62b8f0e0eda2/allocations" status: 200 len: 153 microversion: 1.0 [pid: 8|app: 0|req: 626/1246] 199.19.213.99 () {32 vars in 855 bytes} [Thu Jul 9 10:47:36 2026] GET /resource_providers/40bb03e5-b157-4e92-9e9c-62b8f0e0eda2/allocations => generated 153 bytes in 12 msecs (HTTP/1.1 200) 6 headers in 224 bytes (1 switches on core 0)
2026-07-09 10:47:36.495 7 INFO placement.requestlog [req-485bb499-0d75-455a-93d9-e959df4b26f6 req-4ec7ee34-a628-45bf-a8f9-ed511756a415 53f15ff30d6e42cbb82143fcee9dffbf 997785bca82a4b3881e2d9d1519ad63b - - a102149cdccf4abc862c069a62ad13dd a102149cdccf4abc862c069a62ad13dd] 199.19.213.99 "GET /allocations/3cfa45dd-cacf-4126-9317-55a8875ac731" status: 200 len: 258 microversion: 1.28 [pid: 7|app: 0|req: 621/1247] 199.19.213.99 () {34 vars in 861 bytes} [Thu Jul 9 10:47:36 2026] GET /allocations/3cfa45dd-cacf-4126-9317-55a8875ac731 => generated 258 bytes in 12 msecs (HTTP/1.1 200) 8 headers in 296 bytes (1 switches on core 0)
2026-07-09 10:47:36.884 8 INFO placement.requestlog [None req-a7b82253-4b6c-4bce-9c86-893aba7ec52d fa8d6097b26a42589fe6572222b91c21 997785bca82a4b3881e2d9d1519ad63b - - a102149cdccf4abc862c069a62ad13dd a102149cdccf4abc862c069a62ad13dd] 10.0.0.218 "GET /resource_providers/6b778a91-da25-49c7-b34a-f76478c1c1b0/aggregates" status: 404 len: 235 microversion: 1.1 [pid: 8|app: 0|req: 627/1248] 10.0.0.218 () {32 vars in 815 bytes} [Thu Jul 9 10:47:36 2026] GET /resource_providers/6b778a91-da25-49c7-b34a-f76478c1c1b0/aggregates => generated 235 bytes in 13 msecs (HTTP/1.1 404) 5 headers in 202 bytes (1 switches on core 0)
2026-07-09 10:47:36.891 7 INFO placement.requestlog [None req-d2a56901-2727-4b77-963f-99eb1a5849be fa8d6097b26a42589fe6572222b91c21 997785bca82a4b3881e2d9d1519ad63b - - a102149cdccf4abc862c069a62ad13dd a102149cdccf4abc862c069a62ad13dd] 10.0.0.218 "GET /resource_providers/6b778a91-da25-49c7-b34a-f76478c1c1b0/aggregates" status: 404 len: 235 microversion: 1.1 [pid: 7|app: 0|req: 622/1249] 10.0.0.218 () {32 vars in 815 bytes} [Thu Jul 9 10:47:36 2026] GET /resource_providers/6b778a91-da25-49c7-b34a-f76478c1c1b0/aggregates => generated 235 bytes in 12 msecs (HTTP/1.1 404) 5 headers in 202 bytes (1 switches on core 0)
2026-07-09 10:47:36.909 7 INFO placement.requestlog [None req-787e7e8d-dda7-4747-8d47-35089f3980a7 fa8d6097b26a42589fe6572222b91c21 997785bca82a4b3881e2d9d1519ad63b - - a102149cdccf4abc862c069a62ad13dd a102149cdccf4abc862c069a62ad13dd] 10.0.0.218 "DELETE /resource_providers/6b778a91-da25-49c7-b34a-f76478c1c1b0" status: 404 len: 246 microversion: 1.1 [pid: 7|app: 0|req: 623/1250] 10.0.0.218 () {34 vars in 815 bytes} [Thu Jul 9 10:47:36 2026] DELETE /resource_providers/6b778a91-da25-49c7-b34a-f76478c1c1b0 => generated 246 bytes in 9 msecs (HTTP/1.1 404) 6 headers in 231 bytes (1 switches on core 0)
2026-07-09 10:47:36.913 8 INFO placement.requestlog [None req-7a1e9c5d-2e56-400a-be62-235805231a8d fa8d6097b26a42589fe6572222b91c21 997785bca82a4b3881e2d9d1519ad63b - - a102149cdccf4abc862c069a62ad13dd a102149cdccf4abc862c069a62ad13dd] 10.0.0.218 "DELETE /resource_providers/6b778a91-da25-49c7-b34a-f76478c1c1b0" status: 404 len: 246 microversion: 1.1 [pid: 8|app: 0|req: 628/1251] 10.0.0.218 () {34 vars in 815 bytes} [Thu Jul 9 10:47:36 2026] DELETE /resource_providers/6b778a91-da25-49c7-b34a-f76478c1c1b0 => generated 246 bytes in 14 msecs (HTTP/1.1 404) 6 headers in 231 bytes (1 switches on core 0)
2026-07-09 10:47:38.752 7 INFO placement.requestlog [None req-fff9822e-5331-4a21-a152-0d5e8eeb3929 - - - - - -] 10.0.0.194 "GET /" status: 200 len: 136 microversion: 1.0
2026-07-09 10:47:38.753 8 INFO placement.requestlog [None req-78aa9774-eea0-48a3-b958-3a13c4d9dd95 - - - - - -] 10.0.0.194 "GET /" status: 200 len: 136 microversion: 1.0
2026-07-09 10:47:42.841 8 INFO placement.requestlog [None req-59c12148-78b6-4d1e-b96b-d813ff2e3811 fa8d6097b26a42589fe6572222b91c21 997785bca82a4b3881e2d9d1519ad63b - - a102149cdccf4abc862c069a62ad13dd a102149cdccf4abc862c069a62ad13dd] 10.0.0.218 "GET /resource_providers/826f998e-73aa-49bc-9419-21bb3946c7be/aggregates" status: 404 len: 235 microversion: 1.1 [pid: 8|app: 0|req: 630/1254] 10.0.0.218 () {32 vars in 815 bytes} [Thu Jul 9 10:47:42 2026] GET /resource_providers/826f998e-73aa-49bc-9419-21bb3946c7be/aggregates => generated 235 bytes in 10 msecs (HTTP/1.1 404) 5 headers in 202 bytes (1 switches on core 0)
2026-07-09 10:47:42.844 7 INFO placement.requestlog [None req-3951c080-e356-45bc-b353-e702b015d59a fa8d6097b26a42589fe6572222b91c21 997785bca82a4b3881e2d9d1519ad63b - - a102149cdccf4abc862c069a62ad13dd a102149cdccf4abc862c069a62ad13dd] 10.0.0.218 "GET /resource_providers/826f998e-73aa-49bc-9419-21bb3946c7be/aggregates" status: 404 len: 235 microversion: 1.1 [pid: 7|app: 0|req: 625/1255] 10.0.0.218 () {32 vars in 815 bytes} [Thu Jul 9 10:47:42 2026] GET /resource_providers/826f998e-73aa-49bc-9419-21bb3946c7be/aggregates => generated 235 bytes in 13 msecs (HTTP/1.1 404) 5 headers in 202 bytes (1 switches on core 0)
2026-07-09 10:47:42.869 8 INFO placement.requestlog [None req-ba35483b-6bc0-4569-a297-0bac52e26f5c fa8d6097b26a42589fe6572222b91c21 997785bca82a4b3881e2d9d1519ad63b - - a102149cdccf4abc862c069a62ad13dd a102149cdccf4abc862c069a62ad13dd] 10.0.0.218 "DELETE /resource_providers/826f998e-73aa-49bc-9419-21bb3946c7be" status: 404 len: 246 microversion: 1.1 [pid: 8|app: 0|req: 631/1256] 10.0.0.218 () {34 vars in 815 bytes} [Thu Jul 9 10:47:42 2026] DELETE /resource_providers/826f998e-73aa-49bc-9419-21bb3946c7be => generated 246 bytes in 11 msecs (HTTP/1.1 404) 6 headers in 231 bytes (1 switches on core 0)
2026-07-09 10:47:42.883 7 INFO placement.requestlog [None req-621796fb-23a5-4b91-bdca-70f79f3562db fa8d6097b26a42589fe6572222b91c21 997785bca82a4b3881e2d9d1519ad63b - - a102149cdccf4abc862c069a62ad13dd a102149cdccf4abc862c069a62ad13dd] 10.0.0.218 "DELETE /resource_providers/826f998e-73aa-49bc-9419-21bb3946c7be" status: 404 len: 246 microversion: 1.1 [pid: 7|app: 0|req: 626/1257] 10.0.0.218 () {34 vars in 815 bytes} [Thu Jul 9 10:47:42 2026] DELETE /resource_providers/826f998e-73aa-49bc-9419-21bb3946c7be => generated 246 bytes in 17 msecs (HTTP/1.1 404) 6 headers in 231 bytes (1 switches on core 0)
2026-07-09 10:47:43.052 8 INFO placement.requestlog [None req-d6a83561-44b7-44c3-a26e-1477d779630f fa8d6097b26a42589fe6572222b91c21 997785bca82a4b3881e2d9d1519ad63b - - a102149cdccf4abc862c069a62ad13dd a102149cdccf4abc862c069a62ad13dd] 10.0.0.218 "GET /resource_providers/dfee5627-8999-4513-9e03-7df2a984f645/aggregates" status: 404 len: 235 microversion: 1.1 [pid: 8|app: 0|req: 632/1258] 10.0.0.218 () {32 vars in 815 bytes} [Thu Jul 9 10:47:43 2026] GET /resource_providers/dfee5627-8999-4513-9e03-7df2a984f645/aggregates => generated 235 bytes in 12 msecs (HTTP/1.1 404) 5 headers in 202 bytes (1 switches on core 0)
2026-07-09 10:47:43.053 7 INFO placement.requestlog [None req-a5088190-89b5-421d-a9cc-1ed28f704181 fa8d6097b26a42589fe6572222b91c21 997785bca82a4b3881e2d9d1519ad63b - - a102149cdccf4abc862c069a62ad13dd a102149cdccf4abc862c069a62ad13dd] 10.0.0.218 "GET /resource_providers/dfee5627-8999-4513-9e03-7df2a984f645/aggregates" status: 404 len: 235 microversion: 1.1 [pid: 7|app: 0|req: 627/1259] 10.0.0.218 () {32 vars in 815 bytes} [Thu Jul 9 10:47:43 2026] GET /resource_providers/dfee5627-8999-4513-9e03-7df2a984f645/aggregates => generated 235 bytes in 13 msecs (HTTP/1.1 404) 5 headers in 202 bytes (1 switches on core 0)
2026-07-09 10:47:43.075 8 INFO placement.requestlog [None req-e6f638f4-9dc9-4bc3-96ed-f28acef71184 fa8d6097b26a42589fe6572222b91c21 997785bca82a4b3881e2d9d1519ad63b - - a102149cdccf4abc862c069a62ad13dd a102149cdccf4abc862c069a62ad13dd] 10.0.0.218 "DELETE /resource_providers/dfee5627-8999-4513-9e03-7df2a984f645" status: 404 len: 246 microversion: 1.1 [pid: 8|app: 0|req: 633/1260] 10.0.0.218 () {34 vars in 815 bytes} [Thu Jul 9 10:47:43 2026] DELETE /resource_providers/dfee5627-8999-4513-9e03-7df2a984f645 => generated 246 bytes in 11 msecs (HTTP/1.1 404) 6 headers in 231 bytes (1 switches on core 0)
2026-07-09 10:47:43.078 7 INFO placement.requestlog [None req-1940cda8-0a7e-48bc-9c2d-ddbf3127c2bf fa8d6097b26a42589fe6572222b91c21 997785bca82a4b3881e2d9d1519ad63b - - a102149cdccf4abc862c069a62ad13dd a102149cdccf4abc862c069a62ad13dd] 10.0.0.218 "DELETE /resource_providers/dfee5627-8999-4513-9e03-7df2a984f645" status: 404 len: 246 microversion: 1.1 [pid: 7|app: 0|req: 628/1261] 10.0.0.218 () {34 vars in 815 bytes} [Thu Jul 9 10:47:43 2026] DELETE /resource_providers/dfee5627-8999-4513-9e03-7df2a984f645 => generated 246 bytes in 11 msecs (HTTP/1.1 404) 6 headers in 231 bytes (1 switches on core 0)
2026-07-09 10:47:48.754 8 INFO placement.requestlog [None req-ab11a727-7954-4a96-88ff-9cdfc3d7c9e0 - - - - - -] 10.0.0.194 "GET /" status: 200 len: 136 microversion: 1.0
2026-07-09 10:47:48.755 7 INFO placement.requestlog [None req-d93273bb-c314-4e10-8024-95459f438cd3 - - - - - -] 10.0.0.194 "GET /" status: 200 len: 136 microversion: 1.0
2026-07-09 10:47:52.012 8 INFO placement.requestlog [req-a8239f0a-0fdc-4593-9342-0f686139413d req-fc26c151-38cc-42e8-aabd-ec2b6f8cde74 53f15ff30d6e42cbb82143fcee9dffbf 997785bca82a4b3881e2d9d1519ad63b - - a102149cdccf4abc862c069a62ad13dd a102149cdccf4abc862c069a62ad13dd] 10.0.0.84 "GET /allocation_candidates?limit=1000&resources=DISK_GB%3A1%2CMEMORY_MB%3A512%2CVCPU%3A1&root_required=%21COMPUTE_STATUS_DISABLED" status: 200 len: 2642 microversion: 1.36 [pid: 8|app: 0|req: 635/1264] 10.0.0.84 () {34 vars in 1010 bytes} [Thu Jul 9 10:47:51 2026] GET /allocation_candidates?limit=1000&resources=DISK_GB%3A1%2CMEMORY_MB%3A512%2CVCPU%3A1&root_required=%21COMPUTE_STATUS_DISABLED => generated 2642 bytes in 51 msecs (HTTP/1.1 200) 8 headers in 297 bytes (1 switches on core 0)
2026-07-09 10:47:52.288 7 INFO placement.requestlog [req-a8239f0a-0fdc-4593-9342-0f686139413d req-eb8a7420-7113-4d88-8579-dccd193eb458 53f15ff30d6e42cbb82143fcee9dffbf 997785bca82a4b3881e2d9d1519ad63b - - a102149cdccf4abc862c069a62ad13dd a102149cdccf4abc862c069a62ad13dd] 10.0.0.84 "GET /allocations/bf81f113-aab5-43b9-bba4-55e56e8222ac" status: 200 len: 19 microversion: 1.28 [pid: 7|app: 0|req: 630/1265] 10.0.0.84 () {34 vars in 859 bytes} [Thu Jul 9 10:47:52 2026] GET /allocations/bf81f113-aab5-43b9-bba4-55e56e8222ac => generated 19 bytes in 256 msecs (HTTP/1.1 200) 8 headers in 295 bytes (1 switches on core 0)
2026-07-09 10:47:52.362 8 INFO placement.requestlog [req-a8239f0a-0fdc-4593-9342-0f686139413d req-f6cabba6-f1cc-4f5e-9686-49220aec993b 53f15ff30d6e42cbb82143fcee9dffbf 997785bca82a4b3881e2d9d1519ad63b - - a102149cdccf4abc862c069a62ad13dd a102149cdccf4abc862c069a62ad13dd] 10.0.0.84 "PUT /allocations/bf81f113-aab5-43b9-bba4-55e56e8222ac" status: 204 len: 0 microversion: 1.36 [pid: 8|app: 0|req: 636/1266] 10.0.0.84 () {38 vars in 912 bytes} [Thu Jul 9 10:47:52 2026] PUT /allocations/bf81f113-aab5-43b9-bba4-55e56e8222ac => generated 0 bytes in 64 msecs (HTTP/1.1 204) 5 headers in 199 bytes (1 switches on core 0)
2026-07-09 10:47:53.598 7 INFO placement.requestlog [req-a8239f0a-0fdc-4593-9342-0f686139413d req-e2654ed8-8f1b-47b4-a32c-1a90f5b1fae0 53f15ff30d6e42cbb82143fcee9dffbf 997785bca82a4b3881e2d9d1519ad63b - - a102149cdccf4abc862c069a62ad13dd a102149cdccf4abc862c069a62ad13dd] 199.19.213.99 "GET /allocations/bf81f113-aab5-43b9-bba4-55e56e8222ac" status: 200 len: 258 microversion: 1.28 [pid: 7|app: 0|req: 631/1267] 199.19.213.99 () {34 vars in 861 bytes} [Thu Jul 9 10:47:53 2026] GET /allocations/bf81f113-aab5-43b9-bba4-55e56e8222ac => generated 258 bytes in 16 msecs (HTTP/1.1 200) 8 headers in 296 bytes (1 switches on core 0)
2026-07-09 10:47:54.700 8 INFO placement.requestlog [req-a8239f0a-0fdc-4593-9342-0f686139413d req-7f28e4e3-9acf-4e42-b6ed-9d918a025720 53f15ff30d6e42cbb82143fcee9dffbf 997785bca82a4b3881e2d9d1519ad63b - - a102149cdccf4abc862c069a62ad13dd a102149cdccf4abc862c069a62ad13dd] 199.19.213.99 "GET /resource_providers/40bb03e5-b157-4e92-9e9c-62b8f0e0eda2/allocations" status: 200 len: 253 microversion: 1.0 [pid: 8|app: 0|req: 637/1268] 199.19.213.99 () {32 vars in 855 bytes} [Thu Jul 9 10:47:54 2026] GET /resource_providers/40bb03e5-b157-4e92-9e9c-62b8f0e0eda2/allocations => generated 253 bytes in 75 msecs (HTTP/1.1 200) 6 headers in 224 bytes (1 switches on core 0)
2026-07-09 10:47:54.721 7 INFO placement.requestlog [req-a8239f0a-0fdc-4593-9342-0f686139413d req-b1873948-d155-4653-aae6-d24d625de764 53f15ff30d6e42cbb82143fcee9dffbf 997785bca82a4b3881e2d9d1519ad63b - - a102149cdccf4abc862c069a62ad13dd a102149cdccf4abc862c069a62ad13dd] 199.19.213.99 "GET /allocations/3cfa45dd-cacf-4126-9317-55a8875ac731" status: 200 len: 258 microversion: 1.28 [pid: 7|app: 0|req: 632/1269] 199.19.213.99 () {34 vars in 861 bytes} [Thu Jul 9 10:47:54 2026] GET /allocations/3cfa45dd-cacf-4126-9317-55a8875ac731 => generated 258 bytes in 15 msecs (HTTP/1.1 200) 8 headers in 296 bytes (1 switches on core 0)
2026-07-09 10:47:54.745 8 INFO placement.requestlog [req-a8239f0a-0fdc-4593-9342-0f686139413d req-960e5544-ccb3-4836-a435-4ec8d9aaa591 53f15ff30d6e42cbb82143fcee9dffbf 997785bca82a4b3881e2d9d1519ad63b - - a102149cdccf4abc862c069a62ad13dd a102149cdccf4abc862c069a62ad13dd] 199.19.213.99 "GET /allocations/bf81f113-aab5-43b9-bba4-55e56e8222ac" status: 200 len: 258 microversion: 1.28 [pid: 8|app: 0|req: 638/1270] 199.19.213.99 () {34 vars in 861 bytes} [Thu Jul 9 10:47:54 2026] GET /allocations/bf81f113-aab5-43b9-bba4-55e56e8222ac => generated 258 bytes in 15 msecs (HTTP/1.1 200) 8 headers in 296 bytes (1 switches on core 0)
2026-07-09 10:47:58.753 7 INFO placement.requestlog [None req-f9ffef8c-cbf9-4193-9f19-42a6eea636d2 - - - - - -] 10.0.0.194 "GET /" status: 200 len: 136 microversion: 1.0
2026-07-09 10:47:58.753 8 INFO placement.requestlog [None req-09625b91-d74a-4a20-8cc2-48aad8adf505 - - - - - -] 10.0.0.194 "GET /" status: 200 len: 136 microversion: 1.0
2026-07-09 10:48:01.074 7 INFO placement.requestlog [req-a5c3c762-58f9-4467-a618-49f49aa89a15 req-3fb9369d-80c9-4d08-aac5-46a2e424dbe1 53f15ff30d6e42cbb82143fcee9dffbf 997785bca82a4b3881e2d9d1519ad63b - - a102149cdccf4abc862c069a62ad13dd a102149cdccf4abc862c069a62ad13dd] 199.19.213.99 "GET /resource_providers/40bb03e5-b157-4e92-9e9c-62b8f0e0eda2/allocations" status: 200 len: 253 microversion: 1.0 [pid: 7|app: 0|req: 634/1273] 199.19.213.99 () {32 vars in 855 bytes} [Thu Jul 9 10:48:01 2026] GET /resource_providers/40bb03e5-b157-4e92-9e9c-62b8f0e0eda2/allocations => generated 253 bytes in 19 msecs (HTTP/1.1 200) 6 headers in 224 bytes (1 switches on core 0)
2026-07-09 10:48:01.098 8 INFO placement.requestlog [req-a5c3c762-58f9-4467-a618-49f49aa89a15 req-7953d4d0-7230-480c-9f08-dd657d7de444 53f15ff30d6e42cbb82143fcee9dffbf 997785bca82a4b3881e2d9d1519ad63b - - a102149cdccf4abc862c069a62ad13dd a102149cdccf4abc862c069a62ad13dd] 199.19.213.99 "GET /resource_providers?in_tree=40bb03e5-b157-4e92-9e9c-62b8f0e0eda2" status: 200 len: 798 microversion: 1.14 [pid: 8|app: 0|req: 640/1274] 199.19.213.99 () {34 vars in 890 bytes} [Thu Jul 9 10:48:01 2026] GET /resource_providers?in_tree=40bb03e5-b157-4e92-9e9c-62b8f0e0eda2 => generated 798 bytes in 17 msecs (HTTP/1.1 200) 6 headers in 225 bytes (1 switches on core 0)
2026-07-09 10:48:01.128 7 INFO placement.requestlog [req-a5c3c762-58f9-4467-a618-49f49aa89a15 req-0026e126-e519-457b-bcfa-8cdcae5fb731 53f15ff30d6e42cbb82143fcee9dffbf 997785bca82a4b3881e2d9d1519ad63b - - a102149cdccf4abc862c069a62ad13dd a102149cdccf4abc862c069a62ad13dd] 199.19.213.99 "GET /resource_providers/40bb03e5-b157-4e92-9e9c-62b8f0e0eda2/inventories" status: 200 len: 401 microversion: 1.0 [pid: 7|app: 0|req: 635/1275] 199.19.213.99 () {32 vars in 855 bytes} [Thu Jul 9 10:48:01 2026] GET /resource_providers/40bb03e5-b157-4e92-9e9c-62b8f0e0eda2/inventories => generated 401 bytes in 19 msecs (HTTP/1.1 200) 6 headers in 224 bytes (1 switches on core 0)
2026-07-09 10:48:01.151 8 INFO placement.requestlog [req-a5c3c762-58f9-4467-a618-49f49aa89a15 req-c4b12d9e-477e-40a7-bf15-343276b124d2 53f15ff30d6e42cbb82143fcee9dffbf 997785bca82a4b3881e2d9d1519ad63b - - a102149cdccf4abc862c069a62ad13dd a102149cdccf4abc862c069a62ad13dd] 199.19.213.99 "GET /resource_providers/40bb03e5-b157-4e92-9e9c-62b8f0e0eda2/aggregates" status: 200 len: 54 microversion: 1.19 [pid: 8|app: 0|req: 641/1276] 199.19.213.99 () {34 vars in 897 bytes} [Thu Jul 9 10:48:01 2026] GET /resource_providers/40bb03e5-b157-4e92-9e9c-62b8f0e0eda2/aggregates => generated 54 bytes in 17 msecs (HTTP/1.1 200) 8 headers in 295 bytes (1 switches on core 0)
2026-07-09 10:48:01.182 7 INFO placement.requestlog [req-a5c3c762-58f9-4467-a618-49f49aa89a15 req-174d8bc8-ef30-4986-a5e5-c30bf331a16c 53f15ff30d6e42cbb82143fcee9dffbf 997785bca82a4b3881e2d9d1519ad63b - - a102149cdccf4abc862c069a62ad13dd a102149cdccf4abc862c069a62ad13dd] 199.19.213.99 "GET /resource_providers/40bb03e5-b157-4e92-9e9c-62b8f0e0eda2/traits" status: 200 len: 2176 microversion: 1.6 [pid: 7|app: 0|req: 636/1277] 199.19.213.99 () {34 vars in 888 bytes} [Thu Jul 9 10:48:01 2026] GET /resource_providers/40bb03e5-b157-4e92-9e9c-62b8f0e0eda2/traits => generated 2176 bytes in 21 msecs (HTTP/1.1 200) 6 headers in 225 bytes (1 switches on core 0)
2026-07-09 10:48:01.207 8 INFO placement.requestlog [req-a5c3c762-58f9-4467-a618-49f49aa89a15 req-9354767f-8de8-465f-a8fe-e4cde2866450 53f15ff30d6e42cbb82143fcee9dffbf 997785bca82a4b3881e2d9d1519ad63b - - a102149cdccf4abc862c069a62ad13dd a102149cdccf4abc862c069a62ad13dd] 199.19.213.99 "GET /resource_providers/40bb03e5-b157-4e92-9e9c-62b8f0e0eda2/allocations" status: 200 len: 253 microversion: 1.0 [pid: 8|app: 0|req: 642/1278] 199.19.213.99 () {32 vars in 855 bytes} [Thu Jul 9 10:48:01 2026] GET /resource_providers/40bb03e5-b157-4e92-9e9c-62b8f0e0eda2/allocations => generated 253 bytes in 15 msecs (HTTP/1.1 200) 6 headers in 224 bytes (1 switches on core 0)
2026-07-09 10:48:01.227 7 INFO placement.requestlog [req-a5c3c762-58f9-4467-a618-49f49aa89a15 req-20446547-6bd2-491c-8da5-7a1a2d803fe8 53f15ff30d6e42cbb82143fcee9dffbf 997785bca82a4b3881e2d9d1519ad63b - - a102149cdccf4abc862c069a62ad13dd a102149cdccf4abc862c069a62ad13dd] 199.19.213.99 "GET /allocations/3cfa45dd-cacf-4126-9317-55a8875ac731" status: 200 len: 258 microversion: 1.28 [pid: 7|app: 0|req: 637/1279] 199.19.213.99 () {34 vars in 861 bytes} [Thu Jul 9 10:48:01 2026] GET /allocations/3cfa45dd-cacf-4126-9317-55a8875ac731 => generated 258 bytes in 13 msecs (HTTP/1.1 200) 8 headers in 296 bytes (1 switches on core 0)
2026-07-09 10:48:01.245 8 INFO placement.requestlog [req-a5c3c762-58f9-4467-a618-49f49aa89a15 req-cc0b5f0d-a0c0-4a50-9201-5b547c9eabfb 53f15ff30d6e42cbb82143fcee9dffbf 997785bca82a4b3881e2d9d1519ad63b - - a102149cdccf4abc862c069a62ad13dd a102149cdccf4abc862c069a62ad13dd] 199.19.213.99 "GET /allocations/bf81f113-aab5-43b9-bba4-55e56e8222ac" status: 200 len: 258 microversion: 1.28 [pid: 8|app: 0|req: 643/1280] 199.19.213.99 () {34 vars in 861 bytes} [Thu Jul 9 10:48:01 2026] GET /allocations/bf81f113-aab5-43b9-bba4-55e56e8222ac => generated 258 bytes in 11 msecs (HTTP/1.1 200) 8 headers in 296 bytes (1 switches on core 0)
2026-07-09 10:48:08.753 7 INFO placement.requestlog [None req-e3f1a0cf-22af-4c7b-8dc6-8f11d9fc4269 - - - - - -] 10.0.0.194 "GET /" status: 200 len: 136 microversion: 1.0
2026-07-09 10:48:08.753 8 INFO placement.requestlog [None req-581d3b44-6076-45e1-9c35-574ce904eed7 - - - - - -] 10.0.0.194 "GET /" status: 200 len: 136 microversion: 1.0
2026-07-09 10:48:18.754 7 INFO placement.requestlog [None req-4cf01339-5c7a-4cea-a180-fc1226170a09 - - - - - -] 10.0.0.194 "GET /" status: 200 len: 136 microversion: 1.0
2026-07-09 10:48:18.759 8 INFO placement.requestlog [None req-d5022b16-91b9-441d-9127-db69d8f00e6a - - - - - -] 10.0.0.194 "GET /" status: 200 len: 136 microversion: 1.0
2026-07-09 10:48:28.752 8 INFO placement.requestlog [None req-4c32588b-a0e3-4a38-991d-93cb3569f547 - - - - - -] 10.0.0.194 "GET /" status: 200 len: 136 microversion: 1.0
2026-07-09 10:48:28.753 7 INFO placement.requestlog [None req-cd4dc50d-2023-4ef2-9635-2747e957250d - - - - - -] 10.0.0.194 "GET /" status: 200 len: 136 microversion: 1.0
2026-07-09 10:48:38.752 7 INFO placement.requestlog [None req-464e445e-aa89-4903-a3b4-1e278c1f8bb8 - - - - - -] 10.0.0.194 "GET /" status: 200 len: 136 microversion: 1.0
2026-07-09 10:48:38.752 8 INFO placement.requestlog [None req-8b2cee29-6650-4b8d-8090-89dd9e6293c3 - - - - - -] 10.0.0.194 "GET /" status: 200 len: 136 microversion: 1.0
2026-07-09 10:48:40.311 8 INFO placement.requestlog [req-4c40ca8d-d7c7-47f2-927c-0f56f1167685 req-68652901-8599-4fef-ab48-8c137425f59b 53f15ff30d6e42cbb82143fcee9dffbf 997785bca82a4b3881e2d9d1519ad63b - - a102149cdccf4abc862c069a62ad13dd a102149cdccf4abc862c069a62ad13dd] 10.0.0.84 "GET /allocation_candidates?limit=1000&resources=MEMORY_MB%3A2048%2CVCPU%3A2&root_required=%21COMPUTE_STATUS_DISABLED" status: 200 len: 2630 microversion: 1.36 [pid: 8|app: 0|req: 648/1289] 10.0.0.84 () {34 vars in 984 bytes} [Thu Jul 9 10:48:40 2026] GET /allocation_candidates?limit=1000&resources=MEMORY_MB%3A2048%2CVCPU%3A2&root_required=%21COMPUTE_STATUS_DISABLED => generated 2630 bytes in 40 msecs (HTTP/1.1 200) 8 headers in 297 bytes (1 switches on core 0)
2026-07-09 10:48:40.336 7 INFO placement.requestlog [req-4c40ca8d-d7c7-47f2-927c-0f56f1167685 req-f9f397c8-a665-4b24-8356-232ae9474e67 53f15ff30d6e42cbb82143fcee9dffbf 997785bca82a4b3881e2d9d1519ad63b - - a102149cdccf4abc862c069a62ad13dd a102149cdccf4abc862c069a62ad13dd] 10.0.0.84 "GET /allocations/d585baef-6ad1-4645-86ba-15c49119d702" status: 200 len: 19 microversion: 1.28 [pid: 7|app: 0|req: 642/1290] 10.0.0.84 () {34 vars in 859 bytes} [Thu Jul 9 10:48:40 2026] GET /allocations/d585baef-6ad1-4645-86ba-15c49119d702 => generated 19 bytes in 7 msecs (HTTP/1.1 200) 8 headers in 295 bytes (1 switches on core 0)
2026-07-09 10:48:40.408 8 INFO placement.requestlog [req-4c40ca8d-d7c7-47f2-927c-0f56f1167685 req-9e815863-6f6b-4466-9fac-1359d3fc2b9a 53f15ff30d6e42cbb82143fcee9dffbf 997785bca82a4b3881e2d9d1519ad63b - - a102149cdccf4abc862c069a62ad13dd a102149cdccf4abc862c069a62ad13dd] 10.0.0.84 "PUT /allocations/d585baef-6ad1-4645-86ba-15c49119d702" status: 204 len: 0 microversion: 1.36 [pid: 8|app: 0|req: 649/1291] 10.0.0.84 () {38 vars in 912 bytes} [Thu Jul 9 10:48:40 2026] PUT /allocations/d585baef-6ad1-4645-86ba-15c49119d702 => generated 0 bytes in 68 msecs (HTTP/1.1 204) 5 headers in 199 bytes (1 switches on core 0)
2026-07-09 10:48:41.954 7 INFO placement.requestlog [req-4c40ca8d-d7c7-47f2-927c-0f56f1167685 req-26eeffa7-ed48-4b38-a9d7-4618f897e1a2 53f15ff30d6e42cbb82143fcee9dffbf 997785bca82a4b3881e2d9d1519ad63b - - a102149cdccf4abc862c069a62ad13dd a102149cdccf4abc862c069a62ad13dd] 199.19.213.99 "GET /allocations/d585baef-6ad1-4645-86ba-15c49119d702" status: 200 len: 245 microversion: 1.28 [pid: 7|app: 0|req: 643/1292] 199.19.213.99 () {34 vars in 861 bytes} [Thu Jul 9 10:48:41 2026] GET /allocations/d585baef-6ad1-4645-86ba-15c49119d702 => generated 245 bytes in 17 msecs (HTTP/1.1 200) 8 headers in 296 bytes (1 switches on core 0)
2026-07-09 10:48:42.993 8 INFO placement.requestlog [req-4c40ca8d-d7c7-47f2-927c-0f56f1167685 req-078f8484-492b-42aa-8087-54482d108bb8 53f15ff30d6e42cbb82143fcee9dffbf 997785bca82a4b3881e2d9d1519ad63b - - a102149cdccf4abc862c069a62ad13dd a102149cdccf4abc862c069a62ad13dd] 199.19.213.99 "GET /resource_providers/40bb03e5-b157-4e92-9e9c-62b8f0e0eda2/allocations" status: 200 len: 340 microversion: 1.0 [pid: 8|app: 0|req: 650/1293] 199.19.213.99 () {32 vars in 855 bytes} [Thu Jul 9 10:48:42 2026] GET /resource_providers/40bb03e5-b157-4e92-9e9c-62b8f0e0eda2/allocations => generated 340 bytes in 16 msecs (HTTP/1.1 200) 6 headers in 224 bytes (1 switches on core 0)
2026-07-09 10:48:43.014 7 INFO placement.requestlog [req-4c40ca8d-d7c7-47f2-927c-0f56f1167685 req-13433c0a-7b31-4c0e-b1fa-61552a02193a 53f15ff30d6e42cbb82143fcee9dffbf 997785bca82a4b3881e2d9d1519ad63b - - a102149cdccf4abc862c069a62ad13dd a102149cdccf4abc862c069a62ad13dd] 199.19.213.99 "GET /allocations/3cfa45dd-cacf-4126-9317-55a8875ac731" status: 200 len: 258 microversion: 1.28 [pid: 7|app: 0|req: 644/1294] 199.19.213.99 () {34 vars in 861 bytes} [Thu Jul 9 10:48:43 2026] GET /allocations/3cfa45dd-cacf-4126-9317-55a8875ac731 => generated 258 bytes in 14 msecs (HTTP/1.1 200) 8 headers in 296 bytes (1 switches on core 0)
2026-07-09 10:48:43.035 8 INFO placement.requestlog [req-4c40ca8d-d7c7-47f2-927c-0f56f1167685 req-29c90dd5-0ad8-4f32-8356-ca9ebf476bc3 53f15ff30d6e42cbb82143fcee9dffbf 997785bca82a4b3881e2d9d1519ad63b - - a102149cdccf4abc862c069a62ad13dd a102149cdccf4abc862c069a62ad13dd] 199.19.213.99 "GET /allocations/d585baef-6ad1-4645-86ba-15c49119d702" status: 200 len: 245 microversion: 1.28 [pid: 8|app: 0|req: 651/1295] 199.19.213.99 () {34 vars in 861 bytes} [Thu Jul 9 10:48:43 2026] GET /allocations/d585baef-6ad1-4645-86ba-15c49119d702 => generated 245 bytes in 14 msecs (HTTP/1.1 200) 8 headers in 296 bytes (1 switches on core 0)
2026-07-09 10:48:43.055 7 INFO placement.requestlog [req-4c40ca8d-d7c7-47f2-927c-0f56f1167685 req-9910f23c-2507-4f26-bfcd-247aa6b5a211 53f15ff30d6e42cbb82143fcee9dffbf 997785bca82a4b3881e2d9d1519ad63b - - a102149cdccf4abc862c069a62ad13dd a102149cdccf4abc862c069a62ad13dd] 199.19.213.99 "GET /allocations/bf81f113-aab5-43b9-bba4-55e56e8222ac" status: 200 len: 258 microversion: 1.28 [pid: 7|app: 0|req: 645/1296] 199.19.213.99 () {34 vars in 861 bytes} [Thu Jul 9 10:48:43 2026] GET /allocations/bf81f113-aab5-43b9-bba4-55e56e8222ac => generated 258 bytes in 14 msecs (HTTP/1.1 200) 8 headers in 296 bytes (1 switches on core 0)
2026-07-09 10:48:48.752 8 INFO placement.requestlog [None req-1135164c-e203-4d60-b948-5094cb8e1580 - - - - - -] 10.0.0.194 "GET /" status: 200 len: 136 microversion: 1.0
2026-07-09 10:48:48.753 7 INFO placement.requestlog [None req-a63b7b23-f882-49fe-9929-e498c99b0749 - - - - - -] 10.0.0.194 "GET /" status: 200 len: 136 microversion: 1.0
2026-07-09 10:48:58.753 7 INFO placement.requestlog [None req-304958f8-0745-4b45-84dc-73e2c4bc963a - - - - - -] 10.0.0.194 "GET /" status: 200 len: 136 microversion: 1.0
2026-07-09 10:48:58.755 8 INFO placement.requestlog [None req-ecbebaa2-6358-43c7-84ad-912b6681eff6 - - - - - -] 10.0.0.194 "GET /" status: 200 len: 136 microversion: 1.0
2026-07-09 10:49:01.197 7 INFO placement.requestlog [req-81975413-65ee-46ff-8cc0-a21a193cca3f req-353cc2ba-bc95-446d-83f7-17cc59f0de54 53f15ff30d6e42cbb82143fcee9dffbf 997785bca82a4b3881e2d9d1519ad63b - - a102149cdccf4abc862c069a62ad13dd a102149cdccf4abc862c069a62ad13dd] 199.19.213.99 "GET /resource_providers/40bb03e5-b157-4e92-9e9c-62b8f0e0eda2/allocations" status: 200 len: 340 microversion: 1.0 [pid: 7|app: 0|req: 648/1301] 199.19.213.99 () {32 vars in 855 bytes} [Thu Jul 9 10:49:01 2026] GET /resource_providers/40bb03e5-b157-4e92-9e9c-62b8f0e0eda2/allocations => generated 340 bytes in 21 msecs (HTTP/1.1 200) 6 headers in 224 bytes (1 switches on core 0)
2026-07-09 10:49:01.220 8 INFO placement.requestlog [req-81975413-65ee-46ff-8cc0-a21a193cca3f req-5e625201-88d2-4681-b0b0-70cb595ae736 53f15ff30d6e42cbb82143fcee9dffbf 997785bca82a4b3881e2d9d1519ad63b - - a102149cdccf4abc862c069a62ad13dd a102149cdccf4abc862c069a62ad13dd] 199.19.213.99 "GET /resource_providers/40bb03e5-b157-4e92-9e9c-62b8f0e0eda2/allocations" status: 200 len: 340 microversion: 1.0 [pid: 8|app: 0|req: 654/1302] 199.19.213.99 () {32 vars in 855 bytes} [Thu Jul 9 10:49:01 2026] GET /resource_providers/40bb03e5-b157-4e92-9e9c-62b8f0e0eda2/allocations => generated 340 bytes in 16 msecs (HTTP/1.1 200) 6 headers in 224 bytes (1 switches on core 0)
2026-07-09 10:49:01.246 7 INFO placement.requestlog [req-81975413-65ee-46ff-8cc0-a21a193cca3f req-7a7cedfd-5cc2-4bfa-9014-cf2bd82785f2 53f15ff30d6e42cbb82143fcee9dffbf 997785bca82a4b3881e2d9d1519ad63b - - a102149cdccf4abc862c069a62ad13dd a102149cdccf4abc862c069a62ad13dd] 199.19.213.99 "GET /allocations/3cfa45dd-cacf-4126-9317-55a8875ac731" status: 200 len: 258 microversion: 1.28 [pid: 7|app: 0|req: 649/1303] 199.19.213.99 () {34 vars in 861 bytes} [Thu Jul 9 10:49:01 2026] GET /allocations/3cfa45dd-cacf-4126-9317-55a8875ac731 => generated 258 bytes in 21 msecs (HTTP/1.1 200) 8 headers in 296 bytes (1 switches on core 0)
2026-07-09 10:49:01.267 8 INFO placement.requestlog [req-81975413-65ee-46ff-8cc0-a21a193cca3f req-f29b1875-c2bb-43f1-8784-ae695958f6df 53f15ff30d6e42cbb82143fcee9dffbf 997785bca82a4b3881e2d9d1519ad63b - - a102149cdccf4abc862c069a62ad13dd a102149cdccf4abc862c069a62ad13dd] 199.19.213.99 "GET /allocations/d585baef-6ad1-4645-86ba-15c49119d702" status: 200 len: 245 microversion: 1.28 [pid: 8|app: 0|req: 655/1304] 199.19.213.99 () {34 vars in 861 bytes} [Thu Jul 9 10:49:01 2026] GET /allocations/d585baef-6ad1-4645-86ba-15c49119d702 => generated 245 bytes in 14 msecs (HTTP/1.1 200) 8 headers in 296 bytes (1 switches on core 0)
2026-07-09 10:49:01.291 7 INFO placement.requestlog [req-81975413-65ee-46ff-8cc0-a21a193cca3f req-e3373e3b-fbaf-4c2a-9787-013b0f9b7316 53f15ff30d6e42cbb82143fcee9dffbf 997785bca82a4b3881e2d9d1519ad63b - - a102149cdccf4abc862c069a62ad13dd a102149cdccf4abc862c069a62ad13dd] 199.19.213.99 "GET /allocations/bf81f113-aab5-43b9-bba4-55e56e8222ac" status: 200 len: 258 microversion: 1.28 [pid: 7|app: 0|req: 650/1305] 199.19.213.99 () {34 vars in 861 bytes} [Thu Jul 9 10:49:01 2026] GET /allocations/bf81f113-aab5-43b9-bba4-55e56e8222ac => generated 258 bytes in 16 msecs (HTTP/1.1 200) 8 headers in 296 bytes (1 switches on core 0)
2026-07-09 10:49:08.754 7 INFO placement.requestlog [None req-bb38825d-2088-4098-9c4f-ef4045aafe82 - - - - - -] 10.0.0.194 "GET /" status: 200 len: 136 microversion: 1.0
2026-07-09 10:49:08.754 8 INFO placement.requestlog [None req-2f258e19-0f7a-432a-8ab4-8909b739da89 - - - - - -] 10.0.0.194 "GET /" status: 200 len: 136 microversion: 1.0
2026-07-09 10:49:18.752 7 INFO placement.requestlog [None req-3f86bf37-6bcf-4b7a-99fd-a6aeb80ddd15 - - - - - -] 10.0.0.194 "GET /" status: 200 len: 136 microversion: 1.0
2026-07-09 10:49:18.754 8 INFO placement.requestlog [None req-29a3b97e-759e-40ba-9f9a-a7da7f0c0d82 - - - - - -] 10.0.0.194 "GET /" status: 200 len: 136 microversion: 1.0
2026-07-09 10:49:28.752 7 INFO placement.requestlog [None req-dd7bceb3-3bb8-4097-81d1-8578ce60466e - - - - - -] 10.0.0.194 "GET /" status: 200 len: 136 microversion: 1.0
2026-07-09 10:49:28.753 8 INFO placement.requestlog [None req-eacde10e-4747-4497-a3ca-e32d48870ad9 - - - - - -] 10.0.0.194 "GET /" status: 200 len: 136 microversion: 1.0
2026-07-09 10:49:38.752 8 INFO placement.requestlog [None req-1b3ed190-ed8a-462d-a86d-6860f177aa3a - - - - - -] 10.0.0.194 "GET /" status: 200 len: 136 microversion: 1.0
2026-07-09 10:49:38.753 7 INFO placement.requestlog [None req-ba390a5c-3417-4f40-beee-c68813e2b972 - - - - - -] 10.0.0.194 "GET /" status: 200 len: 136 microversion: 1.0
2026-07-09 10:49:48.752 8 INFO placement.requestlog [None req-cd1f22a4-7621-493b-8630-2ce7d2763adf - - - - - -] 10.0.0.194 "GET /" status: 200 len: 136 microversion: 1.0
2026-07-09 10:49:48.753 7 INFO placement.requestlog [None req-056ae129-b4d5-4c1c-a3ac-3828872c83b9 - - - - - -] 10.0.0.194 "GET /" status: 200 len: 136 microversion: 1.0
2026-07-09 10:49:58.752 8 INFO placement.requestlog [None req-56c18d64-0623-4cf4-95da-4d894d43d271 - - - - - -] 10.0.0.194 "GET /" status: 200 len: 136 microversion: 1.0
2026-07-09 10:49:58.753 7 INFO placement.requestlog [None req-33a4271c-87a3-45ec-8a4e-76f70013b34d - - - - - -] 10.0.0.194 "GET /" status: 200 len: 136 microversion: 1.0
2026-07-09 10:50:03.182 8 INFO placement.requestlog [req-2568837c-562c-421a-abde-4268b05461a5 req-64d1084f-6ab2-4fe5-b98a-88c67413c0e7 53f15ff30d6e42cbb82143fcee9dffbf 997785bca82a4b3881e2d9d1519ad63b - - a102149cdccf4abc862c069a62ad13dd a102149cdccf4abc862c069a62ad13dd] 199.19.213.99 "GET /resource_providers/40bb03e5-b157-4e92-9e9c-62b8f0e0eda2/allocations" status: 200 len: 340 microversion: 1.0 [pid: 8|app: 0|req: 662/1318] 199.19.213.99 () {32 vars in 855 bytes} [Thu Jul 9 10:50:03 2026] GET /resource_providers/40bb03e5-b157-4e92-9e9c-62b8f0e0eda2/allocations => generated 340 bytes in 18 msecs (HTTP/1.1 200) 6 headers in 224 bytes (1 switches on core 0)
2026-07-09 10:50:03.211 7 INFO placement.requestlog [req-2568837c-562c-421a-abde-4268b05461a5 req-968ddd68-5b7d-469c-bd99-848bd2a30348 53f15ff30d6e42cbb82143fcee9dffbf 997785bca82a4b3881e2d9d1519ad63b - - a102149cdccf4abc862c069a62ad13dd a102149cdccf4abc862c069a62ad13dd] 199.19.213.99 "GET /resource_providers/40bb03e5-b157-4e92-9e9c-62b8f0e0eda2/allocations" status: 200 len: 340 microversion: 1.0 [pid: 7|app: 0|req: 657/1319] 199.19.213.99 () {32 vars in 855 bytes} [Thu Jul 9 10:50:03 2026] GET /resource_providers/40bb03e5-b157-4e92-9e9c-62b8f0e0eda2/allocations => generated 340 bytes in 20 msecs (HTTP/1.1 200) 6 headers in 224 bytes (1 switches on core 0)
2026-07-09 10:50:03.228 8 INFO placement.requestlog [req-2568837c-562c-421a-abde-4268b05461a5 req-c92c4605-28b6-4461-bc47-428e964c16c8 53f15ff30d6e42cbb82143fcee9dffbf 997785bca82a4b3881e2d9d1519ad63b - - a102149cdccf4abc862c069a62ad13dd a102149cdccf4abc862c069a62ad13dd] 199.19.213.99 "GET /allocations/3cfa45dd-cacf-4126-9317-55a8875ac731" status: 200 len: 258 microversion: 1.28 [pid: 8|app: 0|req: 663/1320] 199.19.213.99 () {34 vars in 861 bytes} [Thu Jul 9 10:50:03 2026] GET /allocations/3cfa45dd-cacf-4126-9317-55a8875ac731 => generated 258 bytes in 12 msecs (HTTP/1.1 200) 8 headers in 296 bytes (1 switches on core 0)
2026-07-09 10:50:03.244 7 INFO placement.requestlog [req-2568837c-562c-421a-abde-4268b05461a5 req-321e2367-4788-4af7-aa6c-fecdc9641b8f 53f15ff30d6e42cbb82143fcee9dffbf 997785bca82a4b3881e2d9d1519ad63b - - a102149cdccf4abc862c069a62ad13dd a102149cdccf4abc862c069a62ad13dd] 199.19.213.99 "GET /allocations/d585baef-6ad1-4645-86ba-15c49119d702" status: 200 len: 245 microversion: 1.28 [pid: 7|app: 0|req: 658/1321] 199.19.213.99 () {34 vars in 861 bytes} [Thu Jul 9 10:50:03 2026] GET /allocations/d585baef-6ad1-4645-86ba-15c49119d702 => generated 245 bytes in 9 msecs (HTTP/1.1 200) 8 headers in 296 bytes (1 switches on core 0)
2026-07-09 10:50:03.263 8 INFO placement.requestlog [req-2568837c-562c-421a-abde-4268b05461a5 req-6ed2b06d-0664-47f8-b7cd-0d86c72bac0c 53f15ff30d6e42cbb82143fcee9dffbf 997785bca82a4b3881e2d9d1519ad63b - - a102149cdccf4abc862c069a62ad13dd a102149cdccf4abc862c069a62ad13dd] 199.19.213.99 "GET /allocations/bf81f113-aab5-43b9-bba4-55e56e8222ac" status: 200 len: 258 microversion: 1.28 [pid: 8|app: 0|req: 664/1322] 199.19.213.99 () {34 vars in 861 bytes} [Thu Jul 9 10:50:03 2026] GET /allocations/bf81f113-aab5-43b9-bba4-55e56e8222ac => generated 258 bytes in 15 msecs (HTTP/1.1 200) 8 headers in 296 bytes (1 switches on core 0)
2026-07-09 10:50:08.752 7 INFO placement.requestlog [None req-2b6afa05-80b4-40e6-ad51-338aaaf806fd - - - - - -] 10.0.0.194 "GET /" status: 200 len: 136 microversion: 1.0
2026-07-09 10:50:08.753 8 INFO placement.requestlog [None req-d23042ca-c401-4152-aaac-66eee2f23c0e - - - - - -] 10.0.0.194 "GET /" status: 200 len: 136 microversion: 1.0
2026-07-09 10:50:18.752 7 INFO placement.requestlog [None req-40c0e685-cb47-4b17-907c-1bce80d16ab3 - - - - - -] 10.0.0.194 "GET /" status: 200 len: 136 microversion: 1.0
2026-07-09 10:50:18.753 8 INFO placement.requestlog [None req-69886d4d-4815-4737-a80d-eb378b74bb6d - - - - - -] 10.0.0.194 "GET /" status: 200 len: 136 microversion: 1.0
2026-07-09 10:50:28.752 8 INFO placement.requestlog [None req-16d9e77c-1a30-406e-a40f-1fa9f3c2722a - - - - - -] 10.0.0.194 "GET /" status: 200 len: 136 microversion: 1.0
2026-07-09 10:50:28.753 7 INFO placement.requestlog [None req-5acbc279-a973-4ec6-913a-13e46948c997 - - - - - -] 10.0.0.194 "GET /" status: 200 len: 136 microversion: 1.0
2026-07-09 10:50:38.753 7 INFO placement.requestlog [None req-48acab42-eae1-420c-9a2a-00fe4155e121 - - - - - -] 10.0.0.194 "GET /" status: 200 len: 136 microversion: 1.0
2026-07-09 10:50:38.753 8 INFO placement.requestlog [None req-cda95103-ee74-43cc-9fbc-c2a08dc5dd80 - - - - - -] 10.0.0.194 "GET /" status: 200 len: 136 microversion: 1.0
2026-07-09 10:50:48.753 7 INFO placement.requestlog [None req-b6ed1ca3-80bd-4a5d-913a-3765560a0c17 - - - - - -] 10.0.0.194 "GET /" status: 200 len: 136 microversion: 1.0
2026-07-09 10:50:48.753 8 INFO placement.requestlog [None req-1939bc65-f875-45e8-bb96-d4b3fd9f4821 - - - - - -] 10.0.0.194 "GET /" status: 200 len: 136 microversion: 1.0
2026-07-09 10:50:58.752 8 INFO placement.requestlog [None req-25bf9609-c371-4895-bf95-2300ea93cdaa - - - - - -] 10.0.0.194 "GET /" status: 200 len: 136 microversion: 1.0
2026-07-09 10:50:58.752 7 INFO placement.requestlog [None req-d31f01fa-e3cf-4ee9-8e43-0c9487221e5d - - - - - -] 10.0.0.194 "GET /" status: 200 len: 136 microversion: 1.0
2026-07-09 10:51:03.210 8 INFO placement.requestlog [req-f05eeba2-b281-4c78-933d-c28b1dc7ecbe req-a5d0d447-0ff7-43f6-9da5-293d68b85d7d 53f15ff30d6e42cbb82143fcee9dffbf 997785bca82a4b3881e2d9d1519ad63b - - a102149cdccf4abc862c069a62ad13dd a102149cdccf4abc862c069a62ad13dd] 199.19.213.99 "GET /resource_providers/40bb03e5-b157-4e92-9e9c-62b8f0e0eda2/allocations" status: 200 len: 340 microversion: 1.0 [pid: 8|app: 0|req: 671/1335] 199.19.213.99 () {32 vars in 855 bytes} [Thu Jul 9 10:51:03 2026] GET /resource_providers/40bb03e5-b157-4e92-9e9c-62b8f0e0eda2/allocations => generated 340 bytes in 20 msecs (HTTP/1.1 200) 6 headers in 224 bytes (1 switches on core 0)
2026-07-09 10:51:03.234 7 INFO placement.requestlog [req-f05eeba2-b281-4c78-933d-c28b1dc7ecbe req-f979aa29-c156-4614-857f-3aac9e3adeb1 53f15ff30d6e42cbb82143fcee9dffbf 997785bca82a4b3881e2d9d1519ad63b - - a102149cdccf4abc862c069a62ad13dd a102149cdccf4abc862c069a62ad13dd] 199.19.213.99 "GET /resource_providers/40bb03e5-b157-4e92-9e9c-62b8f0e0eda2/allocations" status: 200 len: 340 microversion: 1.0 [pid: 7|app: 0|req: 665/1336] 199.19.213.99 () {32 vars in 855 bytes} [Thu Jul 9 10:51:03 2026] GET /resource_providers/40bb03e5-b157-4e92-9e9c-62b8f0e0eda2/allocations => generated 340 bytes in 16 msecs (HTTP/1.1 200) 6 headers in 224 bytes (1 switches on core 0)
2026-07-09 10:51:03.258 8 INFO placement.requestlog [req-f05eeba2-b281-4c78-933d-c28b1dc7ecbe req-7c0232f6-51f0-4326-bd24-b54f9ea4ee69 53f15ff30d6e42cbb82143fcee9dffbf 997785bca82a4b3881e2d9d1519ad63b - - a102149cdccf4abc862c069a62ad13dd a102149cdccf4abc862c069a62ad13dd] 199.19.213.99 "GET /allocations/3cfa45dd-cacf-4126-9317-55a8875ac731" status: 200 len: 258 microversion: 1.28 [pid: 8|app: 0|req: 672/1337] 199.19.213.99 () {34 vars in 861 bytes} [Thu Jul 9 10:51:03 2026] GET /allocations/3cfa45dd-cacf-4126-9317-55a8875ac731 => generated 258 bytes in 17 msecs (HTTP/1.1 200) 8 headers in 296 bytes (1 switches on core 0)
2026-07-09 10:51:03.279 7 INFO placement.requestlog [req-f05eeba2-b281-4c78-933d-c28b1dc7ecbe req-c5274699-97be-48d4-81af-3ead1f2dbf5f 53f15ff30d6e42cbb82143fcee9dffbf 997785bca82a4b3881e2d9d1519ad63b - - a102149cdccf4abc862c069a62ad13dd a102149cdccf4abc862c069a62ad13dd] 199.19.213.99 "GET /allocations/d585baef-6ad1-4645-86ba-15c49119d702" status: 200 len: 245 microversion: 1.28 [pid: 7|app: 0|req: 666/1338] 199.19.213.99 () {34 vars in 861 bytes} [Thu Jul 9 10:51:03 2026] GET /allocations/d585baef-6ad1-4645-86ba-15c49119d702 => generated 245 bytes in 12 msecs (HTTP/1.1 200) 8 headers in 296 bytes (1 switches on core 0)
2026-07-09 10:51:03.303 8 INFO placement.requestlog [req-f05eeba2-b281-4c78-933d-c28b1dc7ecbe req-3f3d833c-7dd4-46bf-8d26-4450fa2d3ced 53f15ff30d6e42cbb82143fcee9dffbf 997785bca82a4b3881e2d9d1519ad63b - - a102149cdccf4abc862c069a62ad13dd a102149cdccf4abc862c069a62ad13dd] 199.19.213.99 "GET /allocations/bf81f113-aab5-43b9-bba4-55e56e8222ac" status: 200 len: 258 microversion: 1.28 [pid: 8|app: 0|req: 673/1339] 199.19.213.99 () {34 vars in 861 bytes} [Thu Jul 9 10:51:03 2026] GET /allocations/bf81f113-aab5-43b9-bba4-55e56e8222ac => generated 258 bytes in 16 msecs (HTTP/1.1 200) 8 headers in 296 bytes (1 switches on core 0)
2026-07-09 10:51:08.752 7 INFO placement.requestlog [None req-ffb1dc14-f870-4265-997c-4f55801300d3 - - - - - -] 10.0.0.194 "GET /" status: 200 len: 136 microversion: 1.0
2026-07-09 10:51:08.753 8 INFO placement.requestlog [None req-4919fe57-131c-4ff6-bbb9-edb4dea6ac85 - - - - - -] 10.0.0.194 "GET /" status: 200 len: 136 microversion: 1.0
2026-07-09 10:51:18.753 7 INFO placement.requestlog [None req-b7d3c845-7643-4776-825d-8f2a681cb1f7 - - - - - -] 10.0.0.194 "GET /" status: 200 len: 136 microversion: 1.0
2026-07-09 10:51:18.753 8 INFO placement.requestlog [None req-5417d3d2-6be4-491e-9b18-28b0d106a23d - - - - - -] 10.0.0.194 "GET /" status: 200 len: 136 microversion: 1.0
2026-07-09 10:51:28.752 7 INFO placement.requestlog [None req-c6049a1b-bca5-488c-99e3-d198a7f99da8 - - - - - -] 10.0.0.194 "GET /" status: 200 len: 136 microversion: 1.0
2026-07-09 10:51:28.752 8 INFO placement.requestlog [None req-f3e4473d-30c1-4dae-8b2d-720a1a5f2f98 - - - - - -] 10.0.0.194 "GET /" status: 200 len: 136 microversion: 1.0
2026-07-09 10:51:31.584 7 INFO placement.requestlog [req-ea1b1ba5-43ea-49f9-b495-eecdaa5f8687 req-9fd45bdd-5a7a-42a2-b743-c973df6893e0 53f15ff30d6e42cbb82143fcee9dffbf 997785bca82a4b3881e2d9d1519ad63b - - a102149cdccf4abc862c069a62ad13dd a102149cdccf4abc862c069a62ad13dd] 199.19.213.99 "GET /resource_providers/40bb03e5-b157-4e92-9e9c-62b8f0e0eda2/allocations" status: 200 len: 340 microversion: 1.0 [pid: 7|app: 0|req: 670/1346] 199.19.213.99 () {32 vars in 855 bytes} [Thu Jul 9 10:51:31 2026] GET /resource_providers/40bb03e5-b157-4e92-9e9c-62b8f0e0eda2/allocations => generated 340 bytes in 18 msecs (HTTP/1.1 200) 6 headers in 224 bytes (1 switches on core 0)
2026-07-09 10:51:31.601 8 INFO placement.requestlog [req-ea1b1ba5-43ea-49f9-b495-eecdaa5f8687 req-ca64073a-cba6-4552-8af5-92ddac2e1586 53f15ff30d6e42cbb82143fcee9dffbf 997785bca82a4b3881e2d9d1519ad63b - - a102149cdccf4abc862c069a62ad13dd a102149cdccf4abc862c069a62ad13dd] 199.19.213.99 "GET /allocations/3cfa45dd-cacf-4126-9317-55a8875ac731" status: 200 len: 258 microversion: 1.28 [pid: 8|app: 0|req: 677/1347] 199.19.213.99 () {34 vars in 861 bytes} [Thu Jul 9 10:51:31 2026] GET /allocations/3cfa45dd-cacf-4126-9317-55a8875ac731 => generated 258 bytes in 11 msecs (HTTP/1.1 200) 8 headers in 296 bytes (1 switches on core 0)
2026-07-09 10:51:31.619 7 INFO placement.requestlog [req-ea1b1ba5-43ea-49f9-b495-eecdaa5f8687 req-abddeff5-ab89-4312-9daa-9a4b9309d1bc 53f15ff30d6e42cbb82143fcee9dffbf 997785bca82a4b3881e2d9d1519ad63b - - a102149cdccf4abc862c069a62ad13dd a102149cdccf4abc862c069a62ad13dd] 199.19.213.99 "GET /allocations/d585baef-6ad1-4645-86ba-15c49119d702" status: 200 len: 245 microversion: 1.28 [pid: 7|app: 0|req: 671/1348] 199.19.213.99 () {34 vars in 861 bytes} [Thu Jul 9 10:51:31 2026] GET /allocations/d585baef-6ad1-4645-86ba-15c49119d702 => generated 245 bytes in 11 msecs (HTTP/1.1 200) 8 headers in 296 bytes (1 switches on core 0)
