2026-06-11 03:19:37.259 8 INFO placement.requestlog [req-64515b18-0aab-41dc-8546-b5a116efd569 req-97b7628d-cd4d-489a-a27a-f938ec5f78dd a85482accba341cbb2f6a2dd3be53da9 9b8f221a23aa467cb2286eb6d258f978 - - e2c82484aa81417c831a3f0bf70f533d e2c82484aa81417c831a3f0bf70f533d] 199.204.45.140 "GET /allocations/bfaf9452-144d-4f9c-8aea-99ed8e850232" status: 200 len: 258 microversion: 1.28 [pid: 8|app: 0|req: 555/1120] 199.204.45.140 () {34 vars in 863 bytes} [Thu Jun 11 03:19:37 2026] GET /allocations/bfaf9452-144d-4f9c-8aea-99ed8e850232 => generated 258 bytes in 12 msecs (HTTP/1.1 200) 8 headers in 296 bytes (1 switches on core 0)
2026-06-11 03:19:37.280 7 INFO placement.requestlog [req-64515b18-0aab-41dc-8546-b5a116efd569 req-fb21bf9a-8373-4cf0-ade2-94130c458279 a85482accba341cbb2f6a2dd3be53da9 9b8f221a23aa467cb2286eb6d258f978 - - e2c82484aa81417c831a3f0bf70f533d e2c82484aa81417c831a3f0bf70f533d] 199.204.45.140 "GET /allocations/9bd03150-1997-4aa5-a069-192aabec8d0c" status: 200 len: 258 microversion: 1.28 [pid: 7|app: 0|req: 566/1121] 199.204.45.140 () {34 vars in 863 bytes} [Thu Jun 11 03:19:37 2026] GET /allocations/9bd03150-1997-4aa5-a069-192aabec8d0c => generated 258 bytes in 14 msecs (HTTP/1.1 200) 8 headers in 296 bytes (1 switches on core 0)
2026-06-11 03:19:37.295 8 INFO placement.requestlog [req-64515b18-0aab-41dc-8546-b5a116efd569 req-e4d64424-cfc1-4c99-9665-5b5bfed797cc a85482accba341cbb2f6a2dd3be53da9 9b8f221a23aa467cb2286eb6d258f978 - - e2c82484aa81417c831a3f0bf70f533d e2c82484aa81417c831a3f0bf70f533d] 199.204.45.140 "GET /allocations/dde7337d-58f1-4aeb-b97d-24534ec423b5" status: 200 len: 258 microversion: 1.28 [pid: 8|app: 0|req: 556/1122] 199.204.45.140 () {34 vars in 863 bytes} [Thu Jun 11 03:19:37 2026] GET /allocations/dde7337d-58f1-4aeb-b97d-24534ec423b5 => generated 258 bytes in 10 msecs (HTTP/1.1 200) 8 headers in 296 bytes (1 switches on core 0)
2026-06-11 03:19:45.177 7 INFO placement.requestlog [None req-c644c944-1c3a-4acd-b836-b8b6af17d7d8 - - - - - -] 10.0.0.58 "GET /" status: 200 len: 136 microversion: 1.0
2026-06-11 03:19:45.178 8 INFO placement.requestlog [None req-9d1fcd03-4294-43c4-a481-4b200b315a59 - - - - - -] 10.0.0.58 "GET /" status: 200 len: 136 microversion: 1.0
2026-06-11 03:19:55.178 7 INFO placement.requestlog [None req-0af92aec-16f4-4f99-af62-fbdba68ed850 - - - - - -] 10.0.0.58 "GET /" status: 200 len: 136 microversion: 1.0
2026-06-11 03:19:55.178 8 INFO placement.requestlog [None req-9c25e32d-0743-4bf0-bd48-050a52097e2c - - - - - -] 10.0.0.58 "GET /" status: 200 len: 136 microversion: 1.0
2026-06-11 03:20:05.177 7 INFO placement.requestlog [None req-ab7cbcd3-1569-453b-92f1-576aa1fe1697 - - - - - -] 10.0.0.58 "GET /" status: 200 len: 136 microversion: 1.0
2026-06-11 03:20:05.178 8 INFO placement.requestlog [None req-86a23b20-41f0-41a1-8e0d-caa207547b5b - - - - - -] 10.0.0.58 "GET /" status: 200 len: 136 microversion: 1.0
2026-06-11 03:20:09.552 7 INFO placement.requestlog [None req-27629e4b-a677-4da5-83e1-629ce4edd5e9 dfd880890ead4d5dbd835ae72266eeae 9b8f221a23aa467cb2286eb6d258f978 - - e2c82484aa81417c831a3f0bf70f533d e2c82484aa81417c831a3f0bf70f533d] 10.0.0.197 "GET /resource_providers/f8bff364-f07c-4397-9049-e611a74c3d48/aggregates" status: 404 len: 235 microversion: 1.1 [pid: 7|app: 0|req: 570/1129] 10.0.0.197 () {32 vars in 816 bytes} [Thu Jun 11 03:20:09 2026] GET /resource_providers/f8bff364-f07c-4397-9049-e611a74c3d48/aggregates => generated 235 bytes in 9 msecs (HTTP/1.1 404) 5 headers in 202 bytes (1 switches on core 0)
2026-06-11 03:20:09.567 7 INFO placement.requestlog [None req-77b1cb37-0463-45e9-bf87-5eec35bb5a27 dfd880890ead4d5dbd835ae72266eeae 9b8f221a23aa467cb2286eb6d258f978 - - e2c82484aa81417c831a3f0bf70f533d e2c82484aa81417c831a3f0bf70f533d] 10.0.0.197 "DELETE /resource_providers/f8bff364-f07c-4397-9049-e611a74c3d48" status: 404 len: 246 microversion: 1.1 [pid: 7|app: 0|req: 571/1130] 10.0.0.197 () {34 vars in 816 bytes} [Thu Jun 11 03:20:09 2026] DELETE /resource_providers/f8bff364-f07c-4397-9049-e611a74c3d48 => generated 246 bytes in 7 msecs (HTTP/1.1 404) 6 headers in 231 bytes (1 switches on core 0)
2026-06-11 03:20:09.569 8 INFO placement.requestlog [None req-dade0e66-6f08-4cf2-983e-3a5921d779bf dfd880890ead4d5dbd835ae72266eeae 9b8f221a23aa467cb2286eb6d258f978 - - e2c82484aa81417c831a3f0bf70f533d e2c82484aa81417c831a3f0bf70f533d] 10.0.0.197 "GET /resource_providers/f8bff364-f07c-4397-9049-e611a74c3d48/aggregates" status: 404 len: 235 microversion: 1.1 [pid: 8|app: 0|req: 560/1131] 10.0.0.197 () {32 vars in 816 bytes} [Thu Jun 11 03:20:09 2026] GET /resource_providers/f8bff364-f07c-4397-9049-e611a74c3d48/aggregates => generated 235 bytes in 20 msecs (HTTP/1.1 404) 5 headers in 202 bytes (1 switches on core 0)
2026-06-11 03:20:09.606 7 INFO placement.requestlog [None req-c048498f-5406-4f21-b505-aa8ac04e150a dfd880890ead4d5dbd835ae72266eeae 9b8f221a23aa467cb2286eb6d258f978 - - e2c82484aa81417c831a3f0bf70f533d e2c82484aa81417c831a3f0bf70f533d] 10.0.0.197 "DELETE /resource_providers/f8bff364-f07c-4397-9049-e611a74c3d48" status: 404 len: 246 microversion: 1.1 [pid: 7|app: 0|req: 572/1132] 10.0.0.197 () {34 vars in 816 bytes} [Thu Jun 11 03:20:09 2026] DELETE /resource_providers/f8bff364-f07c-4397-9049-e611a74c3d48 => generated 246 bytes in 29 msecs (HTTP/1.1 404) 6 headers in 231 bytes (1 switches on core 0)
2026-06-11 03:20:10.502 8 INFO placement.requestlog [req-bc70c363-6d09-4390-9c1b-abe1d3611aaa req-b3b2ba70-4e17-42a0-b8af-787cd55407e7 a85482accba341cbb2f6a2dd3be53da9 9b8f221a23aa467cb2286eb6d258f978 - - e2c82484aa81417c831a3f0bf70f533d e2c82484aa81417c831a3f0bf70f533d] 199.204.45.140 "GET /resource_providers/068e5d24-4b7b-4cc1-b7f7-2e11c0ae8f0b/allocations" status: 200 len: 440 microversion: 1.0 [pid: 8|app: 0|req: 561/1133] 199.204.45.140 () {32 vars in 857 bytes} [Thu Jun 11 03:20:10 2026] GET /resource_providers/068e5d24-4b7b-4cc1-b7f7-2e11c0ae8f0b/allocations => generated 440 bytes in 16 msecs (HTTP/1.1 200) 6 headers in 224 bytes (1 switches on core 0)
2026-06-11 03:20:10.524 7 INFO placement.requestlog [req-bc70c363-6d09-4390-9c1b-abe1d3611aaa req-da4004d3-b610-4102-aad6-f312a87aafe7 a85482accba341cbb2f6a2dd3be53da9 9b8f221a23aa467cb2286eb6d258f978 - - e2c82484aa81417c831a3f0bf70f533d e2c82484aa81417c831a3f0bf70f533d] 199.204.45.140 "GET /allocations/21d32f50-ca89-4fce-9e99-b3643b21834c" status: 200 len: 245 microversion: 1.28 [pid: 7|app: 0|req: 573/1134] 199.204.45.140 () {34 vars in 863 bytes} [Thu Jun 11 03:20:10 2026] GET /allocations/21d32f50-ca89-4fce-9e99-b3643b21834c => generated 245 bytes in 14 msecs (HTTP/1.1 200) 8 headers in 296 bytes (1 switches on core 0)
2026-06-11 03:20:10.549 8 INFO placement.requestlog [req-bc70c363-6d09-4390-9c1b-abe1d3611aaa req-2d1e1d36-64c2-4472-bc13-5bf3f7732dea a85482accba341cbb2f6a2dd3be53da9 9b8f221a23aa467cb2286eb6d258f978 - - e2c82484aa81417c831a3f0bf70f533d e2c82484aa81417c831a3f0bf70f533d] 199.204.45.140 "GET /allocations/bfaf9452-144d-4f9c-8aea-99ed8e850232" status: 200 len: 258 microversion: 1.28 [pid: 8|app: 0|req: 562/1135] 199.204.45.140 () {34 vars in 863 bytes} [Thu Jun 11 03:20:10 2026] GET /allocations/bfaf9452-144d-4f9c-8aea-99ed8e850232 => generated 258 bytes in 18 msecs (HTTP/1.1 200) 8 headers in 296 bytes (1 switches on core 0)
2026-06-11 03:20:10.574 7 INFO placement.requestlog [req-bc70c363-6d09-4390-9c1b-abe1d3611aaa req-e329652e-4c45-4f34-ac07-95d812d0378b a85482accba341cbb2f6a2dd3be53da9 9b8f221a23aa467cb2286eb6d258f978 - - e2c82484aa81417c831a3f0bf70f533d e2c82484aa81417c831a3f0bf70f533d] 199.204.45.140 "GET /allocations/9bd03150-1997-4aa5-a069-192aabec8d0c" status: 200 len: 258 microversion: 1.28 [pid: 7|app: 0|req: 574/1136] 199.204.45.140 () {34 vars in 863 bytes} [Thu Jun 11 03:20:10 2026] GET /allocations/9bd03150-1997-4aa5-a069-192aabec8d0c => generated 258 bytes in 17 msecs (HTTP/1.1 200) 8 headers in 296 bytes (1 switches on core 0)
2026-06-11 03:20:10.596 8 INFO placement.requestlog [req-bc70c363-6d09-4390-9c1b-abe1d3611aaa req-12e874aa-b6ba-4f29-a74d-e66baa7e845a a85482accba341cbb2f6a2dd3be53da9 9b8f221a23aa467cb2286eb6d258f978 - - e2c82484aa81417c831a3f0bf70f533d e2c82484aa81417c831a3f0bf70f533d] 199.204.45.140 "GET /allocations/dde7337d-58f1-4aeb-b97d-24534ec423b5" status: 200 len: 258 microversion: 1.28 [pid: 8|app: 0|req: 563/1137] 199.204.45.140 () {34 vars in 863 bytes} [Thu Jun 11 03:20:10 2026] GET /allocations/dde7337d-58f1-4aeb-b97d-24534ec423b5 => generated 258 bytes in 15 msecs (HTTP/1.1 200) 8 headers in 296 bytes (1 switches on core 0)
2026-06-11 03:20:11.647 7 INFO placement.requestlog [req-bc70c363-6d09-4390-9c1b-abe1d3611aaa req-3c8cbcbc-1959-4439-82de-7451ac430e27 a85482accba341cbb2f6a2dd3be53da9 9b8f221a23aa467cb2286eb6d258f978 - - e2c82484aa81417c831a3f0bf70f533d e2c82484aa81417c831a3f0bf70f533d] 199.204.45.140 "DELETE /allocations/bfaf9452-144d-4f9c-8aea-99ed8e850232" status: 204 len: 0 microversion: 1.0 [pid: 7|app: 0|req: 575/1138] 199.204.45.140 () {34 vars in 841 bytes} [Thu Jun 11 03:20:11 2026] DELETE /allocations/bfaf9452-144d-4f9c-8aea-99ed8e850232 => generated 0 bytes in 23 msecs (HTTP/1.1 204) 5 headers in 198 bytes (1 switches on core 0)
2026-06-11 03:20:15.178 8 INFO placement.requestlog [None req-66aa64e1-6136-48ff-8dc5-c3dcb67a7798 - - - - - -] 10.0.0.58 "GET /" status: 200 len: 136 microversion: 1.0
2026-06-11 03:20:15.179 7 INFO placement.requestlog [None req-8955513b-3e7d-4d38-b793-79453b89015b - - - - - -] 10.0.0.58 "GET /" status: 200 len: 136 microversion: 1.0
2026-06-11 03:20:16.211 8 INFO placement.requestlog [None req-77555267-4ed6-4937-8cab-332b5f64bcad dfd880890ead4d5dbd835ae72266eeae 9b8f221a23aa467cb2286eb6d258f978 - - e2c82484aa81417c831a3f0bf70f533d e2c82484aa81417c831a3f0bf70f533d] 10.0.0.197 "GET /resource_providers/a219103a-8c27-4a55-bc25-1c4f408d848e/aggregates" status: 404 len: 235 microversion: 1.1 [pid: 8|app: 0|req: 565/1141] 10.0.0.197 () {32 vars in 816 bytes} [Thu Jun 11 03:20:16 2026] GET /resource_providers/a219103a-8c27-4a55-bc25-1c4f408d848e/aggregates => generated 235 bytes in 10 msecs (HTTP/1.1 404) 5 headers in 202 bytes (1 switches on core 0)
2026-06-11 03:20:16.220 7 INFO placement.requestlog [None req-5857262e-f6d5-46d4-ac10-df819dbd0147 dfd880890ead4d5dbd835ae72266eeae 9b8f221a23aa467cb2286eb6d258f978 - - e2c82484aa81417c831a3f0bf70f533d e2c82484aa81417c831a3f0bf70f533d] 10.0.0.197 "GET /resource_providers/a219103a-8c27-4a55-bc25-1c4f408d848e/aggregates" status: 404 len: 235 microversion: 1.1 [pid: 7|app: 0|req: 577/1142] 10.0.0.197 () {32 vars in 816 bytes} [Thu Jun 11 03:20:16 2026] GET /resource_providers/a219103a-8c27-4a55-bc25-1c4f408d848e/aggregates => generated 235 bytes in 16 msecs (HTTP/1.1 404) 5 headers in 202 bytes (1 switches on core 0)
2026-06-11 03:20:16.239 8 INFO placement.requestlog [None req-b65dd988-7fe3-4769-ae0a-cf0aaed868f8 dfd880890ead4d5dbd835ae72266eeae 9b8f221a23aa467cb2286eb6d258f978 - - e2c82484aa81417c831a3f0bf70f533d e2c82484aa81417c831a3f0bf70f533d] 10.0.0.197 "DELETE /resource_providers/a219103a-8c27-4a55-bc25-1c4f408d848e" status: 404 len: 246 microversion: 1.1 [pid: 8|app: 0|req: 566/1143] 10.0.0.197 () {34 vars in 816 bytes} [Thu Jun 11 03:20:16 2026] DELETE /resource_providers/a219103a-8c27-4a55-bc25-1c4f408d848e => generated 246 bytes in 13 msecs (HTTP/1.1 404) 6 headers in 231 bytes (1 switches on core 0)
2026-06-11 03:20:16.242 7 INFO placement.requestlog [None req-9b7f161a-ea86-4e96-9e1d-e2933d781adb dfd880890ead4d5dbd835ae72266eeae 9b8f221a23aa467cb2286eb6d258f978 - - e2c82484aa81417c831a3f0bf70f533d e2c82484aa81417c831a3f0bf70f533d] 10.0.0.197 "DELETE /resource_providers/a219103a-8c27-4a55-bc25-1c4f408d848e" status: 404 len: 246 microversion: 1.1 [pid: 7|app: 0|req: 578/1144] 10.0.0.197 () {34 vars in 816 bytes} [Thu Jun 11 03:20:16 2026] DELETE /resource_providers/a219103a-8c27-4a55-bc25-1c4f408d848e => generated 246 bytes in 11 msecs (HTTP/1.1 404) 6 headers in 231 bytes (1 switches on core 0)
2026-06-11 03:20:18.513 8 INFO placement.requestlog [None req-d8293d0a-c13e-4f97-88a3-14cdc8a5c723 dfd880890ead4d5dbd835ae72266eeae 9b8f221a23aa467cb2286eb6d258f978 - - e2c82484aa81417c831a3f0bf70f533d e2c82484aa81417c831a3f0bf70f533d] 10.0.0.197 "GET /resource_providers/26cf1e4f-4c84-4e69-ae80-8a8775b68da9/aggregates" status: 404 len: 235 microversion: 1.1 [pid: 8|app: 0|req: 567/1145] 10.0.0.197 () {32 vars in 816 bytes} [Thu Jun 11 03:20:18 2026] GET /resource_providers/26cf1e4f-4c84-4e69-ae80-8a8775b68da9/aggregates => generated 235 bytes in 259 msecs (HTTP/1.1 404) 5 headers in 202 bytes (1 switches on core 0)
2026-06-11 03:20:18.531 8 INFO placement.requestlog [None req-a06defa4-70a4-44ee-97cf-94f28593685a dfd880890ead4d5dbd835ae72266eeae 9b8f221a23aa467cb2286eb6d258f978 - - e2c82484aa81417c831a3f0bf70f533d e2c82484aa81417c831a3f0bf70f533d] 10.0.0.197 "DELETE /resource_providers/26cf1e4f-4c84-4e69-ae80-8a8775b68da9" status: 404 len: 246 microversion: 1.1 [pid: 8|app: 0|req: 568/1146] 10.0.0.197 () {34 vars in 816 bytes} [Thu Jun 11 03:20:18 2026] DELETE /resource_providers/26cf1e4f-4c84-4e69-ae80-8a8775b68da9 => generated 246 bytes in 10 msecs (HTTP/1.1 404) 6 headers in 231 bytes (1 switches on core 0)
2026-06-11 03:20:18.537 7 INFO placement.requestlog [None req-8370bbe6-fabc-415d-bc20-5eaae465b461 dfd880890ead4d5dbd835ae72266eeae 9b8f221a23aa467cb2286eb6d258f978 - - e2c82484aa81417c831a3f0bf70f533d e2c82484aa81417c831a3f0bf70f533d] 10.0.0.197 "GET /resource_providers/26cf1e4f-4c84-4e69-ae80-8a8775b68da9/aggregates" status: 404 len: 235 microversion: 1.1 [pid: 7|app: 0|req: 579/1147] 10.0.0.197 () {32 vars in 816 bytes} [Thu Jun 11 03:20:18 2026] GET /resource_providers/26cf1e4f-4c84-4e69-ae80-8a8775b68da9/aggregates => generated 235 bytes in 280 msecs (HTTP/1.1 404) 5 headers in 202 bytes (1 switches on core 0)
2026-06-11 03:20:18.558 8 INFO placement.requestlog [None req-251f1295-e1f0-40a4-adde-38e2ad1c4436 dfd880890ead4d5dbd835ae72266eeae 9b8f221a23aa467cb2286eb6d258f978 - - e2c82484aa81417c831a3f0bf70f533d e2c82484aa81417c831a3f0bf70f533d] 10.0.0.197 "DELETE /resource_providers/26cf1e4f-4c84-4e69-ae80-8a8775b68da9" status: 404 len: 246 microversion: 1.1 [pid: 8|app: 0|req: 569/1148] 10.0.0.197 () {34 vars in 816 bytes} [Thu Jun 11 03:20:18 2026] DELETE /resource_providers/26cf1e4f-4c84-4e69-ae80-8a8775b68da9 => generated 246 bytes in 13 msecs (HTTP/1.1 404) 6 headers in 231 bytes (1 switches on core 0)
2026-06-11 03:20:25.179 8 INFO placement.requestlog [None req-7855c178-6797-4336-9802-5d9f8442a53c - - - - - -] 10.0.0.58 "GET /" status: 200 len: 136 microversion: 1.0
2026-06-11 03:20:25.179 7 INFO placement.requestlog [None req-99852d70-69f8-4801-932a-d8329d79f8ea - - - - - -] 10.0.0.58 "GET /" status: 200 len: 136 microversion: 1.0
2026-06-11 03:20:33.135 8 INFO placement.requestlog [req-762faf0b-2da4-44e8-9077-6265067b429b req-61803596-8e98-449d-a581-1f6567282f85 a85482accba341cbb2f6a2dd3be53da9 9b8f221a23aa467cb2286eb6d258f978 - - e2c82484aa81417c831a3f0bf70f533d e2c82484aa81417c831a3f0bf70f533d] 10.0.0.169 "GET /allocation_candidates?limit=1000&resources=DISK_GB%3A1%2CMEMORY_MB%3A512%2CVCPU%3A1&root_required=%21COMPUTE_STATUS_DISABLED" status: 200 len: 2784 microversion: 1.36 [pid: 8|app: 0|req: 571/1151] 10.0.0.169 () {34 vars in 1012 bytes} [Thu Jun 11 03:20:32 2026] GET /allocation_candidates?limit=1000&resources=DISK_GB%3A1%2CMEMORY_MB%3A512%2CVCPU%3A1&root_required=%21COMPUTE_STATUS_DISABLED => generated 2784 bytes in 164 msecs (HTTP/1.1 200) 8 headers in 297 bytes (1 switches on core 0)
2026-06-11 03:20:33.169 7 INFO placement.requestlog [req-762faf0b-2da4-44e8-9077-6265067b429b req-192ba0aa-5317-465e-b76b-18eede38d277 a85482accba341cbb2f6a2dd3be53da9 9b8f221a23aa467cb2286eb6d258f978 - - e2c82484aa81417c831a3f0bf70f533d e2c82484aa81417c831a3f0bf70f533d] 10.0.0.169 "GET /allocations/4f82bddb-1be6-4430-86ca-81b9a830db53" status: 200 len: 19 microversion: 1.28 [pid: 7|app: 0|req: 581/1152] 10.0.0.169 () {34 vars in 861 bytes} [Thu Jun 11 03:20:33 2026] GET /allocations/4f82bddb-1be6-4430-86ca-81b9a830db53 => generated 19 bytes in 13 msecs (HTTP/1.1 200) 8 headers in 295 bytes (1 switches on core 0)
2026-06-11 03:20:33.240 8 INFO placement.requestlog [req-762faf0b-2da4-44e8-9077-6265067b429b req-484d16d9-ca52-4107-b4ff-0f5e7e2cd7f1 a85482accba341cbb2f6a2dd3be53da9 9b8f221a23aa467cb2286eb6d258f978 - - e2c82484aa81417c831a3f0bf70f533d e2c82484aa81417c831a3f0bf70f533d] 10.0.0.169 "PUT /allocations/4f82bddb-1be6-4430-86ca-81b9a830db53" status: 204 len: 0 microversion: 1.36 [pid: 8|app: 0|req: 572/1153] 10.0.0.169 () {38 vars in 914 bytes} [Thu Jun 11 03:20:33 2026] PUT /allocations/4f82bddb-1be6-4430-86ca-81b9a830db53 => generated 0 bytes in 64 msecs (HTTP/1.1 204) 5 headers in 199 bytes (1 switches on core 0)
2026-06-11 03:20:34.701 7 INFO placement.requestlog [req-762faf0b-2da4-44e8-9077-6265067b429b req-08345fee-7fb4-4fb0-8980-bcdc6b2bcd4a a85482accba341cbb2f6a2dd3be53da9 9b8f221a23aa467cb2286eb6d258f978 - - e2c82484aa81417c831a3f0bf70f533d e2c82484aa81417c831a3f0bf70f533d] 199.204.45.140 "GET /allocations/4f82bddb-1be6-4430-86ca-81b9a830db53" status: 200 len: 258 microversion: 1.28 [pid: 7|app: 0|req: 582/1154] 199.204.45.140 () {34 vars in 863 bytes} [Thu Jun 11 03:20:34 2026] GET /allocations/4f82bddb-1be6-4430-86ca-81b9a830db53 => generated 258 bytes in 13 msecs (HTTP/1.1 200) 8 headers in 296 bytes (1 switches on core 0)
2026-06-11 03:20:35.178 7 INFO placement.requestlog [None req-5d1cd6ea-9bd9-49dc-95d8-d5af78d4319f - - - - - -] 10.0.0.58 "GET /" status: 200 len: 136 microversion: 1.0
2026-06-11 03:20:35.178 8 INFO placement.requestlog [None req-5588cb07-b5c5-4745-8ecd-69f936688646 - - - - - -] 10.0.0.58 "GET /" status: 200 len: 136 microversion: 1.0
2026-06-11 03:20:35.744 7 INFO placement.requestlog [req-762faf0b-2da4-44e8-9077-6265067b429b req-305f1349-5737-44a0-990a-f66a33144349 a85482accba341cbb2f6a2dd3be53da9 9b8f221a23aa467cb2286eb6d258f978 - - e2c82484aa81417c831a3f0bf70f533d e2c82484aa81417c831a3f0bf70f533d] 199.204.45.140 "GET /resource_providers/068e5d24-4b7b-4cc1-b7f7-2e11c0ae8f0b/allocations" status: 200 len: 440 microversion: 1.0 [pid: 7|app: 0|req: 584/1157] 199.204.45.140 () {32 vars in 857 bytes} [Thu Jun 11 03:20:35 2026] GET /resource_providers/068e5d24-4b7b-4cc1-b7f7-2e11c0ae8f0b/allocations => generated 440 bytes in 20 msecs (HTTP/1.1 200) 6 headers in 224 bytes (1 switches on core 0)
2026-06-11 03:20:35.774 8 INFO placement.requestlog [req-762faf0b-2da4-44e8-9077-6265067b429b req-b0ebdde6-ec27-4939-acea-637574189f77 a85482accba341cbb2f6a2dd3be53da9 9b8f221a23aa467cb2286eb6d258f978 - - e2c82484aa81417c831a3f0bf70f533d e2c82484aa81417c831a3f0bf70f533d] 199.204.45.140 "GET /allocations/21d32f50-ca89-4fce-9e99-b3643b21834c" status: 200 len: 245 microversion: 1.28 [pid: 8|app: 0|req: 574/1158] 199.204.45.140 () {34 vars in 863 bytes} [Thu Jun 11 03:20:35 2026] GET /allocations/21d32f50-ca89-4fce-9e99-b3643b21834c => generated 245 bytes in 19 msecs (HTTP/1.1 200) 8 headers in 296 bytes (1 switches on core 0)
2026-06-11 03:20:35.789 7 INFO placement.requestlog [req-762faf0b-2da4-44e8-9077-6265067b429b req-c1c5b274-7f11-4ff2-962d-423b0b0dbce7 a85482accba341cbb2f6a2dd3be53da9 9b8f221a23aa467cb2286eb6d258f978 - - e2c82484aa81417c831a3f0bf70f533d e2c82484aa81417c831a3f0bf70f533d] 199.204.45.140 "GET /allocations/4f82bddb-1be6-4430-86ca-81b9a830db53" status: 200 len: 258 microversion: 1.28 [pid: 7|app: 0|req: 585/1159] 199.204.45.140 () {34 vars in 863 bytes} [Thu Jun 11 03:20:35 2026] GET /allocations/4f82bddb-1be6-4430-86ca-81b9a830db53 => generated 258 bytes in 9 msecs (HTTP/1.1 200) 8 headers in 296 bytes (1 switches on core 0)
2026-06-11 03:20:35.813 8 INFO placement.requestlog [req-762faf0b-2da4-44e8-9077-6265067b429b req-f5f115ea-7cd9-481d-a8ea-5f6006d95e70 a85482accba341cbb2f6a2dd3be53da9 9b8f221a23aa467cb2286eb6d258f978 - - e2c82484aa81417c831a3f0bf70f533d e2c82484aa81417c831a3f0bf70f533d] 199.204.45.140 "GET /allocations/9bd03150-1997-4aa5-a069-192aabec8d0c" status: 200 len: 258 microversion: 1.28 [pid: 8|app: 0|req: 575/1160] 199.204.45.140 () {34 vars in 863 bytes} [Thu Jun 11 03:20:35 2026] GET /allocations/9bd03150-1997-4aa5-a069-192aabec8d0c => generated 258 bytes in 17 msecs (HTTP/1.1 200) 8 headers in 296 bytes (1 switches on core 0)
2026-06-11 03:20:35.833 7 INFO placement.requestlog [req-762faf0b-2da4-44e8-9077-6265067b429b req-e279cac6-f8b5-4831-b0f2-1dcd9322f002 a85482accba341cbb2f6a2dd3be53da9 9b8f221a23aa467cb2286eb6d258f978 - - e2c82484aa81417c831a3f0bf70f533d e2c82484aa81417c831a3f0bf70f533d] 199.204.45.140 "GET /allocations/dde7337d-58f1-4aeb-b97d-24534ec423b5" status: 200 len: 258 microversion: 1.28 [pid: 7|app: 0|req: 586/1161] 199.204.45.140 () {34 vars in 863 bytes} [Thu Jun 11 03:20:35 2026] GET /allocations/dde7337d-58f1-4aeb-b97d-24534ec423b5 => generated 258 bytes in 13 msecs (HTTP/1.1 200) 8 headers in 296 bytes (1 switches on core 0)
2026-06-11 03:20:40.093 8 INFO placement.requestlog [req-2953aa4d-bd4a-4515-b37f-1e86677c8e07 req-082667d6-37aa-4e76-b7b0-137535c22aea a85482accba341cbb2f6a2dd3be53da9 9b8f221a23aa467cb2286eb6d258f978 - - e2c82484aa81417c831a3f0bf70f533d e2c82484aa81417c831a3f0bf70f533d] 199.204.45.140 "GET /resource_providers/068e5d24-4b7b-4cc1-b7f7-2e11c0ae8f0b/allocations" status: 200 len: 440 microversion: 1.0 [pid: 8|app: 0|req: 576/1162] 199.204.45.140 () {32 vars in 857 bytes} [Thu Jun 11 03:20:40 2026] GET /resource_providers/068e5d24-4b7b-4cc1-b7f7-2e11c0ae8f0b/allocations => generated 440 bytes in 19 msecs (HTTP/1.1 200) 6 headers in 224 bytes (1 switches on core 0)
2026-06-11 03:20:40.112 7 INFO placement.requestlog [req-2953aa4d-bd4a-4515-b37f-1e86677c8e07 req-31aa9af4-36ef-4737-9cab-61b57e8add73 a85482accba341cbb2f6a2dd3be53da9 9b8f221a23aa467cb2286eb6d258f978 - - e2c82484aa81417c831a3f0bf70f533d e2c82484aa81417c831a3f0bf70f533d] 199.204.45.140 "GET /resource_providers/068e5d24-4b7b-4cc1-b7f7-2e11c0ae8f0b/allocations" status: 200 len: 440 microversion: 1.0 [pid: 7|app: 0|req: 587/1163] 199.204.45.140 () {32 vars in 857 bytes} [Thu Jun 11 03:20:40 2026] GET /resource_providers/068e5d24-4b7b-4cc1-b7f7-2e11c0ae8f0b/allocations => generated 440 bytes in 13 msecs (HTTP/1.1 200) 6 headers in 224 bytes (1 switches on core 0)
2026-06-11 03:20:40.130 8 INFO placement.requestlog [req-2953aa4d-bd4a-4515-b37f-1e86677c8e07 req-418157a3-8a29-4025-a021-25309028b306 a85482accba341cbb2f6a2dd3be53da9 9b8f221a23aa467cb2286eb6d258f978 - - e2c82484aa81417c831a3f0bf70f533d e2c82484aa81417c831a3f0bf70f533d] 199.204.45.140 "GET /allocations/21d32f50-ca89-4fce-9e99-b3643b21834c" status: 200 len: 245 microversion: 1.28 [pid: 8|app: 0|req: 577/1164] 199.204.45.140 () {34 vars in 863 bytes} [Thu Jun 11 03:20:40 2026] GET /allocations/21d32f50-ca89-4fce-9e99-b3643b21834c => generated 245 bytes in 10 msecs (HTTP/1.1 200) 8 headers in 296 bytes (1 switches on core 0)
2026-06-11 03:20:40.150 7 INFO placement.requestlog [req-2953aa4d-bd4a-4515-b37f-1e86677c8e07 req-21bcad74-24ee-45d6-9d8c-b7efc7a789d7 a85482accba341cbb2f6a2dd3be53da9 9b8f221a23aa467cb2286eb6d258f978 - - e2c82484aa81417c831a3f0bf70f533d e2c82484aa81417c831a3f0bf70f533d] 199.204.45.140 "GET /allocations/4f82bddb-1be6-4430-86ca-81b9a830db53" status: 200 len: 258 microversion: 1.28 [pid: 7|app: 0|req: 588/1165] 199.204.45.140 () {34 vars in 863 bytes} [Thu Jun 11 03:20:40 2026] GET /allocations/4f82bddb-1be6-4430-86ca-81b9a830db53 => generated 258 bytes in 13 msecs (HTTP/1.1 200) 8 headers in 296 bytes (1 switches on core 0)
2026-06-11 03:20:40.172 8 INFO placement.requestlog [req-2953aa4d-bd4a-4515-b37f-1e86677c8e07 req-bb6e3455-679c-4ede-bad4-c22c2e7d62f9 a85482accba341cbb2f6a2dd3be53da9 9b8f221a23aa467cb2286eb6d258f978 - - e2c82484aa81417c831a3f0bf70f533d e2c82484aa81417c831a3f0bf70f533d] 199.204.45.140 "GET /allocations/9bd03150-1997-4aa5-a069-192aabec8d0c" status: 200 len: 258 microversion: 1.28 [pid: 8|app: 0|req: 578/1166] 199.204.45.140 () {34 vars in 863 bytes} [Thu Jun 11 03:20:40 2026] GET /allocations/9bd03150-1997-4aa5-a069-192aabec8d0c => generated 258 bytes in 11 msecs (HTTP/1.1 200) 8 headers in 296 bytes (1 switches on core 0)
2026-06-11 03:20:40.189 7 INFO placement.requestlog [req-2953aa4d-bd4a-4515-b37f-1e86677c8e07 req-fb94fde6-f024-418c-9c40-a758ee04226a a85482accba341cbb2f6a2dd3be53da9 9b8f221a23aa467cb2286eb6d258f978 - - e2c82484aa81417c831a3f0bf70f533d e2c82484aa81417c831a3f0bf70f533d] 199.204.45.140 "GET /allocations/dde7337d-58f1-4aeb-b97d-24534ec423b5" status: 200 len: 258 microversion: 1.28 [pid: 7|app: 0|req: 589/1167] 199.204.45.140 () {34 vars in 863 bytes} [Thu Jun 11 03:20:40 2026] GET /allocations/dde7337d-58f1-4aeb-b97d-24534ec423b5 => generated 258 bytes in 13 msecs (HTTP/1.1 200) 8 headers in 296 bytes (1 switches on core 0)
2026-06-11 03:20:45.178 8 INFO placement.requestlog [None req-d882ae22-e092-4a04-bf0e-241bbf0a20f2 - - - - - -] 10.0.0.58 "GET /" status: 200 len: 136 microversion: 1.0
2026-06-11 03:20:45.178 7 INFO placement.requestlog [None req-ab2b20f6-5585-4663-9c1c-533e7a67e043 - - - - - -] 10.0.0.58 "GET /" status: 200 len: 136 microversion: 1.0
2026-06-11 03:20:55.177 7 INFO placement.requestlog [None req-4ad7688b-0d53-4c52-80ed-dd5cbb9bca2c - - - - - -] 10.0.0.58 "GET /" status: 200 len: 136 microversion: 1.0
2026-06-11 03:20:55.178 8 INFO placement.requestlog [None req-14830b98-c5e3-470e-bc52-870c1c4172ee - - - - - -] 10.0.0.58 "GET /" status: 200 len: 136 microversion: 1.0
2026-06-11 03:21:05.178 7 INFO placement.requestlog [None req-766a7e90-94a5-4586-9ade-c68e7fb9e1bf - - - - - -] 10.0.0.58 "GET /" status: 200 len: 136 microversion: 1.0
2026-06-11 03:21:05.178 8 INFO placement.requestlog [None req-7c1b5f74-bce1-43ba-be5f-007600110db3 - - - - - -] 10.0.0.58 "GET /" status: 200 len: 136 microversion: 1.0
2026-06-11 03:21:05.393 7 INFO placement.requestlog [req-84beacf9-b831-45b2-a65c-76f4dacb8468 req-5e1efebd-d02b-4675-ad17-33d292ec7e03 a85482accba341cbb2f6a2dd3be53da9 9b8f221a23aa467cb2286eb6d258f978 - - e2c82484aa81417c831a3f0bf70f533d e2c82484aa81417c831a3f0bf70f533d] 199.204.45.140 "GET /resource_providers/068e5d24-4b7b-4cc1-b7f7-2e11c0ae8f0b/allocations" status: 200 len: 440 microversion: 1.0 [pid: 7|app: 0|req: 593/1174] 199.204.45.140 () {32 vars in 857 bytes} [Thu Jun 11 03:21:05 2026] GET /resource_providers/068e5d24-4b7b-4cc1-b7f7-2e11c0ae8f0b/allocations => generated 440 bytes in 19 msecs (HTTP/1.1 200) 6 headers in 224 bytes (1 switches on core 0)
2026-06-11 03:21:05.415 8 INFO placement.requestlog [req-84beacf9-b831-45b2-a65c-76f4dacb8468 req-73744566-0f86-47e6-9b29-42c2850974fe a85482accba341cbb2f6a2dd3be53da9 9b8f221a23aa467cb2286eb6d258f978 - - e2c82484aa81417c831a3f0bf70f533d e2c82484aa81417c831a3f0bf70f533d] 199.204.45.140 "GET /allocations/21d32f50-ca89-4fce-9e99-b3643b21834c" status: 200 len: 245 microversion: 1.28 [pid: 8|app: 0|req: 582/1175] 199.204.45.140 () {34 vars in 863 bytes} [Thu Jun 11 03:21:05 2026] GET /allocations/21d32f50-ca89-4fce-9e99-b3643b21834c => generated 245 bytes in 13 msecs (HTTP/1.1 200) 8 headers in 296 bytes (1 switches on core 0)
2026-06-11 03:21:05.436 7 INFO placement.requestlog [req-84beacf9-b831-45b2-a65c-76f4dacb8468 req-2a01ead6-2810-487a-b6a7-040b91cf9f52 a85482accba341cbb2f6a2dd3be53da9 9b8f221a23aa467cb2286eb6d258f978 - - e2c82484aa81417c831a3f0bf70f533d e2c82484aa81417c831a3f0bf70f533d] 199.204.45.140 "GET /allocations/4f82bddb-1be6-4430-86ca-81b9a830db53" status: 200 len: 258 microversion: 1.28 [pid: 7|app: 0|req: 594/1176] 199.204.45.140 () {34 vars in 863 bytes} [Thu Jun 11 03:21:05 2026] GET /allocations/4f82bddb-1be6-4430-86ca-81b9a830db53 => generated 258 bytes in 15 msecs (HTTP/1.1 200) 8 headers in 296 bytes (1 switches on core 0)
2026-06-11 03:21:05.455 8 INFO placement.requestlog [req-84beacf9-b831-45b2-a65c-76f4dacb8468 req-109f4f8f-2655-4ce9-8d95-602fe7e91537 a85482accba341cbb2f6a2dd3be53da9 9b8f221a23aa467cb2286eb6d258f978 - - e2c82484aa81417c831a3f0bf70f533d e2c82484aa81417c831a3f0bf70f533d] 199.204.45.140 "GET /allocations/9bd03150-1997-4aa5-a069-192aabec8d0c" status: 200 len: 258 microversion: 1.28 [pid: 8|app: 0|req: 583/1177] 199.204.45.140 () {34 vars in 863 bytes} [Thu Jun 11 03:21:05 2026] GET /allocations/9bd03150-1997-4aa5-a069-192aabec8d0c => generated 258 bytes in 13 msecs (HTTP/1.1 200) 8 headers in 296 bytes (1 switches on core 0)
2026-06-11 03:21:05.472 7 INFO placement.requestlog [req-84beacf9-b831-45b2-a65c-76f4dacb8468 req-affa0512-4e12-40e9-8be8-153c538b61aa a85482accba341cbb2f6a2dd3be53da9 9b8f221a23aa467cb2286eb6d258f978 - - e2c82484aa81417c831a3f0bf70f533d e2c82484aa81417c831a3f0bf70f533d] 199.204.45.140 "GET /allocations/dde7337d-58f1-4aeb-b97d-24534ec423b5" status: 200 len: 258 microversion: 1.28 [pid: 7|app: 0|req: 595/1178] 199.204.45.140 () {34 vars in 863 bytes} [Thu Jun 11 03:21:05 2026] GET /allocations/dde7337d-58f1-4aeb-b97d-24534ec423b5 => generated 258 bytes in 9 msecs (HTTP/1.1 200) 8 headers in 296 bytes (1 switches on core 0)
2026-06-11 03:21:06.528 8 INFO placement.requestlog [req-84beacf9-b831-45b2-a65c-76f4dacb8468 req-152c19a1-6be9-40f6-83ca-ba67195d84ee a85482accba341cbb2f6a2dd3be53da9 9b8f221a23aa467cb2286eb6d258f978 - - e2c82484aa81417c831a3f0bf70f533d e2c82484aa81417c831a3f0bf70f533d] 199.204.45.140 "DELETE /allocations/4f82bddb-1be6-4430-86ca-81b9a830db53" status: 204 len: 0 microversion: 1.0 [pid: 8|app: 0|req: 584/1179] 199.204.45.140 () {34 vars in 841 bytes} [Thu Jun 11 03:21:06 2026] DELETE /allocations/4f82bddb-1be6-4430-86ca-81b9a830db53 => generated 0 bytes in 27 msecs (HTTP/1.1 204) 5 headers in 198 bytes (1 switches on core 0)
2026-06-11 03:21:10.258 8 INFO placement.requestlog [None req-457db891-99ad-47af-ad38-ccc7caa96df8 dfd880890ead4d5dbd835ae72266eeae 9b8f221a23aa467cb2286eb6d258f978 - - e2c82484aa81417c831a3f0bf70f533d e2c82484aa81417c831a3f0bf70f533d] 10.0.0.197 "GET /resource_providers/fa44fac1-c774-4b25-9c43-7b85416173c1/aggregates" status: 404 len: 235 microversion: 1.1 [pid: 8|app: 0|req: 585/1180] 10.0.0.197 () {32 vars in 816 bytes} [Thu Jun 11 03:21:10 2026] GET /resource_providers/fa44fac1-c774-4b25-9c43-7b85416173c1/aggregates => generated 235 bytes in 47 msecs (HTTP/1.1 404) 5 headers in 202 bytes (1 switches on core 0)
2026-06-11 03:21:10.281 7 INFO placement.requestlog [None req-ba184877-9cb9-41cc-bb0f-a27bce19bf7d dfd880890ead4d5dbd835ae72266eeae 9b8f221a23aa467cb2286eb6d258f978 - - e2c82484aa81417c831a3f0bf70f533d e2c82484aa81417c831a3f0bf70f533d] 10.0.0.197 "GET /resource_providers/fa44fac1-c774-4b25-9c43-7b85416173c1/aggregates" status: 404 len: 235 microversion: 1.1 [pid: 7|app: 0|req: 596/1181] 10.0.0.197 () {32 vars in 816 bytes} [Thu Jun 11 03:21:10 2026] GET /resource_providers/fa44fac1-c774-4b25-9c43-7b85416173c1/aggregates => generated 235 bytes in 70 msecs (HTTP/1.1 404) 5 headers in 202 bytes (1 switches on core 0)
2026-06-11 03:21:10.288 8 INFO placement.requestlog [None req-17efe29f-007b-4765-9835-6515381c1eb8 dfd880890ead4d5dbd835ae72266eeae 9b8f221a23aa467cb2286eb6d258f978 - - e2c82484aa81417c831a3f0bf70f533d e2c82484aa81417c831a3f0bf70f533d] 10.0.0.197 "DELETE /resource_providers/fa44fac1-c774-4b25-9c43-7b85416173c1" status: 404 len: 246 microversion: 1.1 [pid: 8|app: 0|req: 586/1182] 10.0.0.197 () {34 vars in 816 bytes} [Thu Jun 11 03:21:10 2026] DELETE /resource_providers/fa44fac1-c774-4b25-9c43-7b85416173c1 => generated 246 bytes in 10 msecs (HTTP/1.1 404) 6 headers in 231 bytes (1 switches on core 0)
2026-06-11 03:21:10.299 7 INFO placement.requestlog [None req-5df3ecc1-9c76-44cb-a96f-c081f3eb01b2 dfd880890ead4d5dbd835ae72266eeae 9b8f221a23aa467cb2286eb6d258f978 - - e2c82484aa81417c831a3f0bf70f533d e2c82484aa81417c831a3f0bf70f533d] 10.0.0.197 "DELETE /resource_providers/fa44fac1-c774-4b25-9c43-7b85416173c1" status: 404 len: 246 microversion: 1.1 [pid: 7|app: 0|req: 597/1183] 10.0.0.197 () {34 vars in 816 bytes} [Thu Jun 11 03:21:10 2026] DELETE /resource_providers/fa44fac1-c774-4b25-9c43-7b85416173c1 => generated 246 bytes in 6 msecs (HTTP/1.1 404) 6 headers in 231 bytes (1 switches on core 0)
2026-06-11 03:21:12.319 8 INFO placement.requestlog [None req-438de929-64f7-4bc3-a620-dd368ab488df dfd880890ead4d5dbd835ae72266eeae 9b8f221a23aa467cb2286eb6d258f978 - - e2c82484aa81417c831a3f0bf70f533d e2c82484aa81417c831a3f0bf70f533d] 10.0.0.197 "GET /resource_providers/a82b5412-6f46-4901-819a-2bcca3a9d00d/aggregates" status: 404 len: 235 microversion: 1.1 [pid: 8|app: 0|req: 587/1184] 10.0.0.197 () {32 vars in 816 bytes} [Thu Jun 11 03:21:12 2026] GET /resource_providers/a82b5412-6f46-4901-819a-2bcca3a9d00d/aggregates => generated 235 bytes in 10 msecs (HTTP/1.1 404) 5 headers in 202 bytes (1 switches on core 0)
2026-06-11 03:21:12.325 7 INFO placement.requestlog [None req-e535ee99-7ac5-4215-864e-54999688c302 dfd880890ead4d5dbd835ae72266eeae 9b8f221a23aa467cb2286eb6d258f978 - - e2c82484aa81417c831a3f0bf70f533d e2c82484aa81417c831a3f0bf70f533d] 10.0.0.197 "GET /resource_providers/a82b5412-6f46-4901-819a-2bcca3a9d00d/aggregates" status: 404 len: 235 microversion: 1.1 [pid: 7|app: 0|req: 598/1185] 10.0.0.197 () {32 vars in 816 bytes} [Thu Jun 11 03:21:12 2026] GET /resource_providers/a82b5412-6f46-4901-819a-2bcca3a9d00d/aggregates => generated 235 bytes in 11 msecs (HTTP/1.1 404) 5 headers in 202 bytes (1 switches on core 0)
2026-06-11 03:21:12.357 8 INFO placement.requestlog [None req-8aa17699-4c48-401e-ba22-4d6dd5042aae dfd880890ead4d5dbd835ae72266eeae 9b8f221a23aa467cb2286eb6d258f978 - - e2c82484aa81417c831a3f0bf70f533d e2c82484aa81417c831a3f0bf70f533d] 10.0.0.197 "DELETE /resource_providers/a82b5412-6f46-4901-819a-2bcca3a9d00d" status: 404 len: 246 microversion: 1.1 [pid: 8|app: 0|req: 588/1186] 10.0.0.197 () {34 vars in 816 bytes} [Thu Jun 11 03:21:12 2026] DELETE /resource_providers/a82b5412-6f46-4901-819a-2bcca3a9d00d => generated 246 bytes in 15 msecs (HTTP/1.1 404) 6 headers in 231 bytes (1 switches on core 0)
2026-06-11 03:21:12.360 7 INFO placement.requestlog [None req-b5a23d59-d952-4bdc-9186-6808d3ffda30 dfd880890ead4d5dbd835ae72266eeae 9b8f221a23aa467cb2286eb6d258f978 - - e2c82484aa81417c831a3f0bf70f533d e2c82484aa81417c831a3f0bf70f533d] 10.0.0.197 "DELETE /resource_providers/a82b5412-6f46-4901-819a-2bcca3a9d00d" status: 404 len: 246 microversion: 1.1 [pid: 7|app: 0|req: 599/1187] 10.0.0.197 () {34 vars in 816 bytes} [Thu Jun 11 03:21:12 2026] DELETE /resource_providers/a82b5412-6f46-4901-819a-2bcca3a9d00d => generated 246 bytes in 10 msecs (HTTP/1.1 404) 6 headers in 231 bytes (1 switches on core 0)
2026-06-11 03:21:14.385 8 INFO placement.requestlog [None req-6fa05442-f7d7-4c4e-9949-79250c64ae39 dfd880890ead4d5dbd835ae72266eeae 9b8f221a23aa467cb2286eb6d258f978 - - e2c82484aa81417c831a3f0bf70f533d e2c82484aa81417c831a3f0bf70f533d] 10.0.0.197 "GET /resource_providers/ced69e21-607d-4e14-b5eb-aabd7787c894/aggregates" status: 404 len: 235 microversion: 1.1 [pid: 8|app: 0|req: 589/1188] 10.0.0.197 () {32 vars in 816 bytes} [Thu Jun 11 03:21:14 2026] GET /resource_providers/ced69e21-607d-4e14-b5eb-aabd7787c894/aggregates => generated 235 bytes in 19 msecs (HTTP/1.1 404) 5 headers in 202 bytes (1 switches on core 0)
2026-06-11 03:21:14.392 7 INFO placement.requestlog [None req-9edecb15-8a6b-40af-a055-197939bf6bdc dfd880890ead4d5dbd835ae72266eeae 9b8f221a23aa467cb2286eb6d258f978 - - e2c82484aa81417c831a3f0bf70f533d e2c82484aa81417c831a3f0bf70f533d] 10.0.0.197 "GET /resource_providers/ced69e21-607d-4e14-b5eb-aabd7787c894/aggregates" status: 404 len: 235 microversion: 1.1 [pid: 7|app: 0|req: 600/1189] 10.0.0.197 () {32 vars in 816 bytes} [Thu Jun 11 03:21:14 2026] GET /resource_providers/ced69e21-607d-4e14-b5eb-aabd7787c894/aggregates => generated 235 bytes in 17 msecs (HTTP/1.1 404) 5 headers in 202 bytes (1 switches on core 0)
2026-06-11 03:21:14.410 7 INFO placement.requestlog [None req-568cafb3-2070-461d-bbcc-66d456d834ad dfd880890ead4d5dbd835ae72266eeae 9b8f221a23aa467cb2286eb6d258f978 - - e2c82484aa81417c831a3f0bf70f533d e2c82484aa81417c831a3f0bf70f533d] 10.0.0.197 "DELETE /resource_providers/ced69e21-607d-4e14-b5eb-aabd7787c894" status: 404 len: 246 microversion: 1.1 [pid: 7|app: 0|req: 601/1190] 10.0.0.197 () {34 vars in 816 bytes} [Thu Jun 11 03:21:14 2026] DELETE /resource_providers/ced69e21-607d-4e14-b5eb-aabd7787c894 => generated 246 bytes in 10 msecs (HTTP/1.1 404) 6 headers in 231 bytes (1 switches on core 0)
2026-06-11 03:21:14.412 8 INFO placement.requestlog [None req-41929b8e-0c08-4f13-9836-83a9a2ed210e dfd880890ead4d5dbd835ae72266eeae 9b8f221a23aa467cb2286eb6d258f978 - - e2c82484aa81417c831a3f0bf70f533d e2c82484aa81417c831a3f0bf70f533d] 10.0.0.197 "DELETE /resource_providers/ced69e21-607d-4e14-b5eb-aabd7787c894" status: 404 len: 246 microversion: 1.1 [pid: 8|app: 0|req: 590/1191] 10.0.0.197 () {34 vars in 816 bytes} [Thu Jun 11 03:21:14 2026] DELETE /resource_providers/ced69e21-607d-4e14-b5eb-aabd7787c894 => generated 246 bytes in 11 msecs (HTTP/1.1 404) 6 headers in 231 bytes (1 switches on core 0)
2026-06-11 03:21:14.437 7 INFO placement.requestlog [None req-694d5049-6a08-4ff7-a18a-d856031dd7e8 dfd880890ead4d5dbd835ae72266eeae 9b8f221a23aa467cb2286eb6d258f978 - - e2c82484aa81417c831a3f0bf70f533d e2c82484aa81417c831a3f0bf70f533d] 10.0.0.197 "GET /resource_providers/f45969a6-f0bd-4d68-ba8d-85fb6925f2ac/aggregates" status: 404 len: 235 microversion: 1.1 [pid: 7|app: 0|req: 602/1192] 10.0.0.197 () {32 vars in 816 bytes} [Thu Jun 11 03:21:14 2026] GET /resource_providers/f45969a6-f0bd-4d68-ba8d-85fb6925f2ac/aggregates => generated 235 bytes in 13 msecs (HTTP/1.1 404) 5 headers in 202 bytes (1 switches on core 0)
2026-06-11 03:21:14.439 8 INFO placement.requestlog [None req-313673d4-ccef-4d6f-aa91-8e8010c59ce9 dfd880890ead4d5dbd835ae72266eeae 9b8f221a23aa467cb2286eb6d258f978 - - e2c82484aa81417c831a3f0bf70f533d e2c82484aa81417c831a3f0bf70f533d] 10.0.0.197 "GET /resource_providers/f45969a6-f0bd-4d68-ba8d-85fb6925f2ac/aggregates" status: 404 len: 235 microversion: 1.1 [pid: 8|app: 0|req: 591/1193] 10.0.0.197 () {32 vars in 816 bytes} [Thu Jun 11 03:21:14 2026] GET /resource_providers/f45969a6-f0bd-4d68-ba8d-85fb6925f2ac/aggregates => generated 235 bytes in 11 msecs (HTTP/1.1 404) 5 headers in 202 bytes (1 switches on core 0)
2026-06-11 03:21:14.461 7 INFO placement.requestlog [None req-b8767f75-67d7-41db-8ab6-013cb636723b dfd880890ead4d5dbd835ae72266eeae 9b8f221a23aa467cb2286eb6d258f978 - - e2c82484aa81417c831a3f0bf70f533d e2c82484aa81417c831a3f0bf70f533d] 10.0.0.197 "DELETE /resource_providers/f45969a6-f0bd-4d68-ba8d-85fb6925f2ac" status: 404 len: 246 microversion: 1.1 [pid: 7|app: 0|req: 603/1194] 10.0.0.197 () {34 vars in 816 bytes} [Thu Jun 11 03:21:14 2026] DELETE /resource_providers/f45969a6-f0bd-4d68-ba8d-85fb6925f2ac => generated 246 bytes in 16 msecs (HTTP/1.1 404) 6 headers in 231 bytes (1 switches on core 0)
2026-06-11 03:21:14.469 8 INFO placement.requestlog [None req-c2e82e9b-84fe-4855-9764-9f21abc2a8b1 dfd880890ead4d5dbd835ae72266eeae 9b8f221a23aa467cb2286eb6d258f978 - - e2c82484aa81417c831a3f0bf70f533d e2c82484aa81417c831a3f0bf70f533d] 10.0.0.197 "DELETE /resource_providers/f45969a6-f0bd-4d68-ba8d-85fb6925f2ac" status: 404 len: 246 microversion: 1.1 [pid: 8|app: 0|req: 592/1195] 10.0.0.197 () {34 vars in 816 bytes} [Thu Jun 11 03:21:14 2026] DELETE /resource_providers/f45969a6-f0bd-4d68-ba8d-85fb6925f2ac => generated 246 bytes in 12 msecs (HTTP/1.1 404) 6 headers in 231 bytes (1 switches on core 0)
2026-06-11 03:21:15.179 8 INFO placement.requestlog [None req-f6f33329-77a8-4d1a-a2cb-97c7c588a94d - - - - - -] 10.0.0.58 "GET /" status: 200 len: 136 microversion: 1.0
2026-06-11 03:21:15.180 7 INFO placement.requestlog [None req-66b9b392-a4af-48e0-8333-ce5dc7f90d3f - - - - - -] 10.0.0.58 "GET /" status: 200 len: 136 microversion: 1.0
2026-06-11 03:21:20.371 8 INFO placement.requestlog [None req-dfea8835-7d7e-45d6-8427-3bd4eb31b2ee dfd880890ead4d5dbd835ae72266eeae 9b8f221a23aa467cb2286eb6d258f978 - - e2c82484aa81417c831a3f0bf70f533d e2c82484aa81417c831a3f0bf70f533d] 10.0.0.197 "GET /resource_providers/f8e7eb5c-7f13-41c0-bca3-c9009577bced/aggregates" status: 404 len: 235 microversion: 1.1
2026-06-11 03:21:20.372 7 INFO placement.requestlog [None req-2840ac7e-4a23-4559-a050-e5f594b44bba dfd880890ead4d5dbd835ae72266eeae 9b8f221a23aa467cb2286eb6d258f978 - - e2c82484aa81417c831a3f0bf70f533d e2c82484aa81417c831a3f0bf70f533d] 10.0.0.197 "GET /resource_providers/f8e7eb5c-7f13-41c0-bca3-c9009577bced/aggregates" status: 404 len: 235 microversion: 1.1 [pid: 8|app: 0|req: 594/1198] 10.0.0.197 () {32 vars in 816 bytes} [Thu Jun 11 03:21:20 2026] GET /resource_providers/f8e7eb5c-7f13-41c0-bca3-c9009577bced/aggregates => generated 235 bytes in 15 msecs (HTTP/1.1 404) 5 headers in 202 bytes (1 switches on core 0) [pid: 7|app: 0|req: 605/1199] 10.0.0.197 () {32 vars in 816 bytes} [Thu Jun 11 03:21:20 2026] GET /resource_providers/f8e7eb5c-7f13-41c0-bca3-c9009577bced/aggregates => generated 235 bytes in 12 msecs (HTTP/1.1 404) 5 headers in 202 bytes (1 switches on core 0)
2026-06-11 03:21:20.395 7 INFO placement.requestlog [None req-de404bec-89a0-468d-8a63-1e238fbae53c dfd880890ead4d5dbd835ae72266eeae 9b8f221a23aa467cb2286eb6d258f978 - - e2c82484aa81417c831a3f0bf70f533d e2c82484aa81417c831a3f0bf70f533d] 10.0.0.197 "DELETE /resource_providers/f8e7eb5c-7f13-41c0-bca3-c9009577bced" status: 404 len: 246 microversion: 1.1 [pid: 7|app: 0|req: 606/1200] 10.0.0.197 () {34 vars in 816 bytes} [Thu Jun 11 03:21:20 2026] DELETE /resource_providers/f8e7eb5c-7f13-41c0-bca3-c9009577bced => generated 246 bytes in 7 msecs (HTTP/1.1 404) 6 headers in 231 bytes (1 switches on core 0)
2026-06-11 03:21:20.398 8 INFO placement.requestlog [None req-b5df5812-b5df-4ef9-b621-8c4fb8f891a3 dfd880890ead4d5dbd835ae72266eeae 9b8f221a23aa467cb2286eb6d258f978 - - e2c82484aa81417c831a3f0bf70f533d e2c82484aa81417c831a3f0bf70f533d] 10.0.0.197 "DELETE /resource_providers/f8e7eb5c-7f13-41c0-bca3-c9009577bced" status: 404 len: 246 microversion: 1.1 [pid: 8|app: 0|req: 595/1201] 10.0.0.197 () {34 vars in 816 bytes} [Thu Jun 11 03:21:20 2026] DELETE /resource_providers/f8e7eb5c-7f13-41c0-bca3-c9009577bced => generated 246 bytes in 10 msecs (HTTP/1.1 404) 6 headers in 231 bytes (1 switches on core 0)
2026-06-11 03:21:20.546 8 INFO placement.requestlog [None req-0a63f92a-cff8-41aa-9106-a204a831d207 dfd880890ead4d5dbd835ae72266eeae 9b8f221a23aa467cb2286eb6d258f978 - - e2c82484aa81417c831a3f0bf70f533d e2c82484aa81417c831a3f0bf70f533d] 10.0.0.197 "GET /resource_providers/673048b3-4306-4cc3-b9c4-fdef5c51dbc2/aggregates" status: 404 len: 235 microversion: 1.1 [pid: 8|app: 0|req: 596/1202] 10.0.0.197 () {32 vars in 816 bytes} [Thu Jun 11 03:21:20 2026] GET /resource_providers/673048b3-4306-4cc3-b9c4-fdef5c51dbc2/aggregates => generated 235 bytes in 8 msecs (HTTP/1.1 404) 5 headers in 202 bytes (1 switches on core 0)
2026-06-11 03:21:20.548 7 INFO placement.requestlog [None req-ddbb3a89-a9ab-4631-be99-99e191955ae2 dfd880890ead4d5dbd835ae72266eeae 9b8f221a23aa467cb2286eb6d258f978 - - e2c82484aa81417c831a3f0bf70f533d e2c82484aa81417c831a3f0bf70f533d] 10.0.0.197 "GET /resource_providers/673048b3-4306-4cc3-b9c4-fdef5c51dbc2/aggregates" status: 404 len: 235 microversion: 1.1 [pid: 7|app: 0|req: 607/1203] 10.0.0.197 () {32 vars in 816 bytes} [Thu Jun 11 03:21:20 2026] GET /resource_providers/673048b3-4306-4cc3-b9c4-fdef5c51dbc2/aggregates => generated 235 bytes in 10 msecs (HTTP/1.1 404) 5 headers in 202 bytes (1 switches on core 0)
2026-06-11 03:21:20.568 8 INFO placement.requestlog [None req-040ea2c1-c0ac-4378-9b2f-8890bb3f1b47 dfd880890ead4d5dbd835ae72266eeae 9b8f221a23aa467cb2286eb6d258f978 - - e2c82484aa81417c831a3f0bf70f533d e2c82484aa81417c831a3f0bf70f533d] 10.0.0.197 "DELETE /resource_providers/673048b3-4306-4cc3-b9c4-fdef5c51dbc2" status: 404 len: 246 microversion: 1.1 [pid: 8|app: 0|req: 597/1204] 10.0.0.197 () {34 vars in 816 bytes} [Thu Jun 11 03:21:20 2026] DELETE /resource_providers/673048b3-4306-4cc3-b9c4-fdef5c51dbc2 => generated 246 bytes in 9 msecs (HTTP/1.1 404) 6 headers in 231 bytes (1 switches on core 0)
2026-06-11 03:21:20.574 7 INFO placement.requestlog [None req-449492d9-cb2c-49d6-9992-c032957520b5 dfd880890ead4d5dbd835ae72266eeae 9b8f221a23aa467cb2286eb6d258f978 - - e2c82484aa81417c831a3f0bf70f533d e2c82484aa81417c831a3f0bf70f533d] 10.0.0.197 "DELETE /resource_providers/673048b3-4306-4cc3-b9c4-fdef5c51dbc2" status: 404 len: 246 microversion: 1.1 [pid: 7|app: 0|req: 608/1205] 10.0.0.197 () {34 vars in 816 bytes} [Thu Jun 11 03:21:20 2026] DELETE /resource_providers/673048b3-4306-4cc3-b9c4-fdef5c51dbc2 => generated 246 bytes in 8 msecs (HTTP/1.1 404) 6 headers in 231 bytes (1 switches on core 0)
2026-06-11 03:21:22.424 7 INFO placement.requestlog [None req-cfd3e17c-4ed5-4f69-927d-d3c27c3274c2 dfd880890ead4d5dbd835ae72266eeae 9b8f221a23aa467cb2286eb6d258f978 - - e2c82484aa81417c831a3f0bf70f533d e2c82484aa81417c831a3f0bf70f533d] 10.0.0.197 "GET /resource_providers/e352bc16-7b11-40ab-a80c-fc2993855e40/aggregates" status: 404 len: 235 microversion: 1.1 [pid: 7|app: 0|req: 609/1206] 10.0.0.197 () {32 vars in 816 bytes} [Thu Jun 11 03:21:22 2026] GET /resource_providers/e352bc16-7b11-40ab-a80c-fc2993855e40/aggregates => generated 235 bytes in 9 msecs (HTTP/1.1 404) 5 headers in 202 bytes (1 switches on core 0)
2026-06-11 03:21:22.428 8 INFO placement.requestlog [None req-381c638f-a5db-4896-a66f-e0e8ae34285c dfd880890ead4d5dbd835ae72266eeae 9b8f221a23aa467cb2286eb6d258f978 - - e2c82484aa81417c831a3f0bf70f533d e2c82484aa81417c831a3f0bf70f533d] 10.0.0.197 "GET /resource_providers/e352bc16-7b11-40ab-a80c-fc2993855e40/aggregates" status: 404 len: 235 microversion: 1.1 [pid: 8|app: 0|req: 598/1207] 10.0.0.197 () {32 vars in 816 bytes} [Thu Jun 11 03:21:22 2026] GET /resource_providers/e352bc16-7b11-40ab-a80c-fc2993855e40/aggregates => generated 235 bytes in 15 msecs (HTTP/1.1 404) 5 headers in 202 bytes (1 switches on core 0)
2026-06-11 03:21:22.447 7 INFO placement.requestlog [None req-0869db91-4265-4fd0-b0e4-82c84a78a61e dfd880890ead4d5dbd835ae72266eeae 9b8f221a23aa467cb2286eb6d258f978 - - e2c82484aa81417c831a3f0bf70f533d e2c82484aa81417c831a3f0bf70f533d] 10.0.0.197 "DELETE /resource_providers/e352bc16-7b11-40ab-a80c-fc2993855e40" status: 404 len: 246 microversion: 1.1 [pid: 7|app: 0|req: 610/1208] 10.0.0.197 () {34 vars in 816 bytes} [Thu Jun 11 03:21:22 2026] DELETE /resource_providers/e352bc16-7b11-40ab-a80c-fc2993855e40 => generated 246 bytes in 9 msecs (HTTP/1.1 404) 6 headers in 231 bytes (1 switches on core 0)
2026-06-11 03:21:22.459 8 INFO placement.requestlog [None req-4c91e1d5-bdaf-4022-a1ff-e3e5cccdb7d6 dfd880890ead4d5dbd835ae72266eeae 9b8f221a23aa467cb2286eb6d258f978 - - e2c82484aa81417c831a3f0bf70f533d e2c82484aa81417c831a3f0bf70f533d] 10.0.0.197 "DELETE /resource_providers/e352bc16-7b11-40ab-a80c-fc2993855e40" status: 404 len: 246 microversion: 1.1 [pid: 8|app: 0|req: 599/1209] 10.0.0.197 () {34 vars in 816 bytes} [Thu Jun 11 03:21:22 2026] DELETE /resource_providers/e352bc16-7b11-40ab-a80c-fc2993855e40 => generated 246 bytes in 13 msecs (HTTP/1.1 404) 6 headers in 231 bytes (1 switches on core 0)
2026-06-11 03:21:22.484 8 INFO placement.requestlog [None req-c3462ecd-5597-4a09-acfe-faca1df0f974 dfd880890ead4d5dbd835ae72266eeae 9b8f221a23aa467cb2286eb6d258f978 - - e2c82484aa81417c831a3f0bf70f533d e2c82484aa81417c831a3f0bf70f533d] 10.0.0.197 "GET /resource_providers/cdee3638-c9ae-42f0-8be4-a7d1e91da7ec/aggregates" status: 404 len: 235 microversion: 1.1
2026-06-11 03:21:22.484 7 INFO placement.requestlog [None req-0ef2e53a-5e05-40d1-9333-adedd3d4468c dfd880890ead4d5dbd835ae72266eeae 9b8f221a23aa467cb2286eb6d258f978 - - e2c82484aa81417c831a3f0bf70f533d e2c82484aa81417c831a3f0bf70f533d] 10.0.0.197 "GET /resource_providers/cdee3638-c9ae-42f0-8be4-a7d1e91da7ec/aggregates" status: 404 len: 235 microversion: 1.1 [pid: 8|app: 0|req: 600/1210] 10.0.0.197 () {32 vars in 816 bytes} [Thu Jun 11 03:21:22 2026] GET /resource_providers/cdee3638-c9ae-42f0-8be4-a7d1e91da7ec/aggregates => generated 235 bytes in 11 msecs (HTTP/1.1 404) 5 headers in 202 bytes (1 switches on core 0) [pid: 7|app: 0|req: 611/1211] 10.0.0.197 () {32 vars in 816 bytes} [Thu Jun 11 03:21:22 2026] GET /resource_providers/cdee3638-c9ae-42f0-8be4-a7d1e91da7ec/aggregates => generated 235 bytes in 14 msecs (HTTP/1.1 404) 5 headers in 202 bytes (1 switches on core 0)
2026-06-11 03:21:22.507 8 INFO placement.requestlog [None req-12a00b14-0448-4d27-b922-549c2ba310b6 dfd880890ead4d5dbd835ae72266eeae 9b8f221a23aa467cb2286eb6d258f978 - - e2c82484aa81417c831a3f0bf70f533d e2c82484aa81417c831a3f0bf70f533d] 10.0.0.197 "DELETE /resource_providers/cdee3638-c9ae-42f0-8be4-a7d1e91da7ec" status: 404 len: 246 microversion: 1.1 [pid: 8|app: 0|req: 601/1212] 10.0.0.197 () {34 vars in 816 bytes} [Thu Jun 11 03:21:22 2026] DELETE /resource_providers/cdee3638-c9ae-42f0-8be4-a7d1e91da7ec => generated 246 bytes in 9 msecs (HTTP/1.1 404) 6 headers in 231 bytes (1 switches on core 0)
2026-06-11 03:21:22.508 7 INFO placement.requestlog [None req-c01652d5-648f-47dd-ba05-ed8d61b6e6f1 dfd880890ead4d5dbd835ae72266eeae 9b8f221a23aa467cb2286eb6d258f978 - - e2c82484aa81417c831a3f0bf70f533d e2c82484aa81417c831a3f0bf70f533d] 10.0.0.197 "DELETE /resource_providers/cdee3638-c9ae-42f0-8be4-a7d1e91da7ec" status: 404 len: 246 microversion: 1.1 [pid: 7|app: 0|req: 612/1213] 10.0.0.197 () {34 vars in 816 bytes} [Thu Jun 11 03:21:22 2026] DELETE /resource_providers/cdee3638-c9ae-42f0-8be4-a7d1e91da7ec => generated 246 bytes in 8 msecs (HTTP/1.1 404) 6 headers in 231 bytes (1 switches on core 0)
