2026-06-11 03:18:30.847 7 INFO placement.requestlog [None req-906dc495-2a2e-433b-9665-a5f39fb9fff4 dfd880890ead4d5dbd835ae72266eeae 9b8f221a23aa467cb2286eb6d258f978 - - e2c82484aa81417c831a3f0bf70f533d e2c82484aa81417c831a3f0bf70f533d] 10.0.0.197 "DELETE /resource_providers/bdd1f725-bbe9-4932-b35c-59b93879206f" status: 404 len: 246 microversion: 1.1 [pid: 7|app: 0|req: 521/1031] 10.0.0.197 () {34 vars in 816 bytes} [Thu Jun 11 03:18:30 2026] DELETE /resource_providers/bdd1f725-bbe9-4932-b35c-59b93879206f => generated 246 bytes in 11 msecs (HTTP/1.1 404) 6 headers in 231 bytes (1 switches on core 0)
2026-06-11 03:18:30.849 8 INFO placement.requestlog [None req-435ae8b3-de60-4070-989c-a91ef280d8c4 dfd880890ead4d5dbd835ae72266eeae 9b8f221a23aa467cb2286eb6d258f978 - - e2c82484aa81417c831a3f0bf70f533d e2c82484aa81417c831a3f0bf70f533d] 10.0.0.197 "GET /resource_providers/bdd1f725-bbe9-4932-b35c-59b93879206f/aggregates" status: 404 len: 235 microversion: 1.1 [pid: 8|app: 0|req: 511/1032] 10.0.0.197 () {32 vars in 816 bytes} [Thu Jun 11 03:18:30 2026] GET /resource_providers/bdd1f725-bbe9-4932-b35c-59b93879206f/aggregates => generated 235 bytes in 15 msecs (HTTP/1.1 404) 5 headers in 202 bytes (1 switches on core 0)
2026-06-11 03:18:30.863 7 INFO placement.requestlog [None req-edb2a658-8f7f-4bb8-87ef-a62bfce7440b dfd880890ead4d5dbd835ae72266eeae 9b8f221a23aa467cb2286eb6d258f978 - - e2c82484aa81417c831a3f0bf70f533d e2c82484aa81417c831a3f0bf70f533d] 10.0.0.197 "DELETE /resource_providers/bdd1f725-bbe9-4932-b35c-59b93879206f" status: 404 len: 246 microversion: 1.1 [pid: 7|app: 0|req: 522/1033] 10.0.0.197 () {34 vars in 816 bytes} [Thu Jun 11 03:18:30 2026] DELETE /resource_providers/bdd1f725-bbe9-4932-b35c-59b93879206f => generated 246 bytes in 7 msecs (HTTP/1.1 404) 6 headers in 231 bytes (1 switches on core 0)
2026-06-11 03:18:31.226 8 INFO placement.requestlog [None req-4ae1d235-eb82-49fc-970c-b4d306d04556 dfd880890ead4d5dbd835ae72266eeae 9b8f221a23aa467cb2286eb6d258f978 - - e2c82484aa81417c831a3f0bf70f533d e2c82484aa81417c831a3f0bf70f533d] 10.0.0.197 "GET /resource_providers/feeab3f6-c31e-4fba-8f25-e682e52ccb9d/aggregates" status: 404 len: 235 microversion: 1.1 [pid: 8|app: 0|req: 512/1034] 10.0.0.197 () {32 vars in 816 bytes} [Thu Jun 11 03:18:31 2026] GET /resource_providers/feeab3f6-c31e-4fba-8f25-e682e52ccb9d/aggregates => generated 235 bytes in 8 msecs (HTTP/1.1 404) 5 headers in 202 bytes (1 switches on core 0)
2026-06-11 03:18:31.229 7 INFO placement.requestlog [None req-b741c08b-a100-446a-b481-504c15112d38 dfd880890ead4d5dbd835ae72266eeae 9b8f221a23aa467cb2286eb6d258f978 - - e2c82484aa81417c831a3f0bf70f533d e2c82484aa81417c831a3f0bf70f533d] 10.0.0.197 "GET /resource_providers/feeab3f6-c31e-4fba-8f25-e682e52ccb9d/aggregates" status: 404 len: 235 microversion: 1.1 [pid: 7|app: 0|req: 523/1035] 10.0.0.197 () {32 vars in 816 bytes} [Thu Jun 11 03:18:31 2026] GET /resource_providers/feeab3f6-c31e-4fba-8f25-e682e52ccb9d/aggregates => generated 235 bytes in 10 msecs (HTTP/1.1 404) 5 headers in 202 bytes (1 switches on core 0)
2026-06-11 03:18:31.255 8 INFO placement.requestlog [None req-40efe4c3-a755-4b01-84d8-9e16151bed18 dfd880890ead4d5dbd835ae72266eeae 9b8f221a23aa467cb2286eb6d258f978 - - e2c82484aa81417c831a3f0bf70f533d e2c82484aa81417c831a3f0bf70f533d] 10.0.0.197 "DELETE /resource_providers/feeab3f6-c31e-4fba-8f25-e682e52ccb9d" status: 404 len: 246 microversion: 1.1 [pid: 8|app: 0|req: 513/1036] 10.0.0.197 () {34 vars in 816 bytes} [Thu Jun 11 03:18:31 2026] DELETE /resource_providers/feeab3f6-c31e-4fba-8f25-e682e52ccb9d => generated 246 bytes in 13 msecs (HTTP/1.1 404) 6 headers in 231 bytes (1 switches on core 0)
2026-06-11 03:18:31.257 7 INFO placement.requestlog [None req-537feb8a-8e8a-4903-9a7e-129f579557d9 dfd880890ead4d5dbd835ae72266eeae 9b8f221a23aa467cb2286eb6d258f978 - - e2c82484aa81417c831a3f0bf70f533d e2c82484aa81417c831a3f0bf70f533d] 10.0.0.197 "DELETE /resource_providers/feeab3f6-c31e-4fba-8f25-e682e52ccb9d" status: 404 len: 246 microversion: 1.1 [pid: 7|app: 0|req: 524/1037] 10.0.0.197 () {34 vars in 816 bytes} [Thu Jun 11 03:18:31 2026] DELETE /resource_providers/feeab3f6-c31e-4fba-8f25-e682e52ccb9d => generated 246 bytes in 6 msecs (HTTP/1.1 404) 6 headers in 231 bytes (1 switches on core 0)
2026-06-11 03:18:35.177 8 INFO placement.requestlog [None req-6540287a-a886-4a0b-a1f7-57a332aacdbb - - - - - -] 10.0.0.58 "GET /" status: 200 len: 136 microversion: 1.0
2026-06-11 03:18:35.178 7 INFO placement.requestlog [None req-81384c4a-dc0d-41b3-a200-8f83666aa4ff - - - - - -] 10.0.0.58 "GET /" status: 200 len: 136 microversion: 1.0
2026-06-11 03:18:36.404 8 INFO placement.requestlog [req-d12d228c-4e74-4b4d-9b67-5e0aab2c1c8c req-1e94ac7c-565e-4a14-839b-79651b576faa a85482accba341cbb2f6a2dd3be53da9 9b8f221a23aa467cb2286eb6d258f978 - - e2c82484aa81417c831a3f0bf70f533d e2c82484aa81417c831a3f0bf70f533d] 199.204.45.140 "GET /resource_providers/068e5d24-4b7b-4cc1-b7f7-2e11c0ae8f0b/allocations" status: 200 len: 253 microversion: 1.0 [pid: 8|app: 0|req: 515/1040] 199.204.45.140 () {32 vars in 857 bytes} [Thu Jun 11 03:18:36 2026] GET /resource_providers/068e5d24-4b7b-4cc1-b7f7-2e11c0ae8f0b/allocations => generated 253 bytes in 213 msecs (HTTP/1.1 200) 6 headers in 224 bytes (1 switches on core 0)
2026-06-11 03:18:36.428 7 INFO placement.requestlog [req-d12d228c-4e74-4b4d-9b67-5e0aab2c1c8c req-93150e20-3aa8-4ea2-82a8-7f14333fa1f2 a85482accba341cbb2f6a2dd3be53da9 9b8f221a23aa467cb2286eb6d258f978 - - e2c82484aa81417c831a3f0bf70f533d e2c82484aa81417c831a3f0bf70f533d] 199.204.45.140 "GET /resource_providers?in_tree=068e5d24-4b7b-4cc1-b7f7-2e11c0ae8f0b" status: 200 len: 798 microversion: 1.14 [pid: 7|app: 0|req: 526/1041] 199.204.45.140 () {34 vars in 892 bytes} [Thu Jun 11 03:18:36 2026] GET /resource_providers?in_tree=068e5d24-4b7b-4cc1-b7f7-2e11c0ae8f0b => generated 798 bytes in 18 msecs (HTTP/1.1 200) 6 headers in 225 bytes (1 switches on core 0)
2026-06-11 03:18:36.453 8 INFO placement.requestlog [req-d12d228c-4e74-4b4d-9b67-5e0aab2c1c8c req-0dcbaa83-eae0-4797-8269-08fb8498267f a85482accba341cbb2f6a2dd3be53da9 9b8f221a23aa467cb2286eb6d258f978 - - e2c82484aa81417c831a3f0bf70f533d e2c82484aa81417c831a3f0bf70f533d] 199.204.45.140 "GET /resource_providers/068e5d24-4b7b-4cc1-b7f7-2e11c0ae8f0b/inventories" status: 200 len: 401 microversion: 1.0 [pid: 8|app: 0|req: 516/1042] 199.204.45.140 () {32 vars in 857 bytes} [Thu Jun 11 03:18:36 2026] GET /resource_providers/068e5d24-4b7b-4cc1-b7f7-2e11c0ae8f0b/inventories => generated 401 bytes in 17 msecs (HTTP/1.1 200) 6 headers in 224 bytes (1 switches on core 0)
2026-06-11 03:18:36.476 7 INFO placement.requestlog [req-d12d228c-4e74-4b4d-9b67-5e0aab2c1c8c req-55d20037-aa66-4fd4-a082-ddeeb1ab2249 a85482accba341cbb2f6a2dd3be53da9 9b8f221a23aa467cb2286eb6d258f978 - - e2c82484aa81417c831a3f0bf70f533d e2c82484aa81417c831a3f0bf70f533d] 199.204.45.140 "GET /resource_providers/068e5d24-4b7b-4cc1-b7f7-2e11c0ae8f0b/aggregates" status: 200 len: 54 microversion: 1.19 [pid: 7|app: 0|req: 527/1043] 199.204.45.140 () {34 vars in 899 bytes} [Thu Jun 11 03:18:36 2026] GET /resource_providers/068e5d24-4b7b-4cc1-b7f7-2e11c0ae8f0b/aggregates => generated 54 bytes in 15 msecs (HTTP/1.1 200) 8 headers in 295 bytes (1 switches on core 0)
2026-06-11 03:18:36.503 8 INFO placement.requestlog [req-d12d228c-4e74-4b4d-9b67-5e0aab2c1c8c req-6e4565c1-e746-43bc-a682-cd90a4d8b7e2 a85482accba341cbb2f6a2dd3be53da9 9b8f221a23aa467cb2286eb6d258f978 - - e2c82484aa81417c831a3f0bf70f533d e2c82484aa81417c831a3f0bf70f533d] 199.204.45.140 "GET /resource_providers/068e5d24-4b7b-4cc1-b7f7-2e11c0ae8f0b/traits" status: 200 len: 2317 microversion: 1.6 [pid: 8|app: 0|req: 517/1044] 199.204.45.140 () {34 vars in 890 bytes} [Thu Jun 11 03:18:36 2026] GET /resource_providers/068e5d24-4b7b-4cc1-b7f7-2e11c0ae8f0b/traits => generated 2317 bytes in 20 msecs (HTTP/1.1 200) 6 headers in 225 bytes (1 switches on core 0)
2026-06-11 03:18:36.532 7 INFO placement.requestlog [req-d12d228c-4e74-4b4d-9b67-5e0aab2c1c8c req-fe14ede0-9d36-4248-915f-15b78fe03caa a85482accba341cbb2f6a2dd3be53da9 9b8f221a23aa467cb2286eb6d258f978 - - e2c82484aa81417c831a3f0bf70f533d e2c82484aa81417c831a3f0bf70f533d] 199.204.45.140 "GET /resource_providers/068e5d24-4b7b-4cc1-b7f7-2e11c0ae8f0b/allocations" status: 200 len: 253 microversion: 1.0 [pid: 7|app: 0|req: 528/1045] 199.204.45.140 () {32 vars in 857 bytes} [Thu Jun 11 03:18:36 2026] GET /resource_providers/068e5d24-4b7b-4cc1-b7f7-2e11c0ae8f0b/allocations => generated 253 bytes in 24 msecs (HTTP/1.1 200) 6 headers in 224 bytes (1 switches on core 0)
2026-06-11 03:18:36.551 8 INFO placement.requestlog [req-d12d228c-4e74-4b4d-9b67-5e0aab2c1c8c req-fd1ce45b-4504-4db8-acb9-de536032dc8e a85482accba341cbb2f6a2dd3be53da9 9b8f221a23aa467cb2286eb6d258f978 - - e2c82484aa81417c831a3f0bf70f533d e2c82484aa81417c831a3f0bf70f533d] 199.204.45.140 "GET /allocations/9bd03150-1997-4aa5-a069-192aabec8d0c" status: 200 len: 258 microversion: 1.28 [pid: 8|app: 0|req: 518/1046] 199.204.45.140 () {34 vars in 863 bytes} [Thu Jun 11 03:18:36 2026] GET /allocations/9bd03150-1997-4aa5-a069-192aabec8d0c => generated 258 bytes in 13 msecs (HTTP/1.1 200) 8 headers in 296 bytes (1 switches on core 0)
2026-06-11 03:18:36.570 7 INFO placement.requestlog [req-d12d228c-4e74-4b4d-9b67-5e0aab2c1c8c req-32e88bbc-e02f-48d0-b498-2bdf42fa5328 a85482accba341cbb2f6a2dd3be53da9 9b8f221a23aa467cb2286eb6d258f978 - - e2c82484aa81417c831a3f0bf70f533d e2c82484aa81417c831a3f0bf70f533d] 199.204.45.140 "GET /allocations/dde7337d-58f1-4aeb-b97d-24534ec423b5" status: 200 len: 258 microversion: 1.28 [pid: 7|app: 0|req: 529/1047] 199.204.45.140 () {34 vars in 863 bytes} [Thu Jun 11 03:18:36 2026] GET /allocations/dde7337d-58f1-4aeb-b97d-24534ec423b5 => generated 258 bytes in 14 msecs (HTTP/1.1 200) 8 headers in 296 bytes (1 switches on core 0)
2026-06-11 03:18:41.277 8 INFO placement.requestlog [None req-921a4121-d974-4de8-9c19-5edcf89b229c dfd880890ead4d5dbd835ae72266eeae 9b8f221a23aa467cb2286eb6d258f978 - - e2c82484aa81417c831a3f0bf70f533d e2c82484aa81417c831a3f0bf70f533d] 10.0.0.197 "GET /resource_providers/f5ae2729-c572-4497-a8ba-65cc53197d00/aggregates" status: 404 len: 235 microversion: 1.1 [pid: 8|app: 0|req: 519/1048] 10.0.0.197 () {32 vars in 816 bytes} [Thu Jun 11 03:18:41 2026] GET /resource_providers/f5ae2729-c572-4497-a8ba-65cc53197d00/aggregates => generated 235 bytes in 10 msecs (HTTP/1.1 404) 5 headers in 202 bytes (1 switches on core 0)
2026-06-11 03:18:41.285 7 INFO placement.requestlog [None req-4c616424-bb34-4513-8b74-b87821821b01 dfd880890ead4d5dbd835ae72266eeae 9b8f221a23aa467cb2286eb6d258f978 - - e2c82484aa81417c831a3f0bf70f533d e2c82484aa81417c831a3f0bf70f533d] 10.0.0.197 "GET /resource_providers/f5ae2729-c572-4497-a8ba-65cc53197d00/aggregates" status: 404 len: 235 microversion: 1.1 [pid: 7|app: 0|req: 530/1049] 10.0.0.197 () {32 vars in 816 bytes} [Thu Jun 11 03:18:41 2026] GET /resource_providers/f5ae2729-c572-4497-a8ba-65cc53197d00/aggregates => generated 235 bytes in 15 msecs (HTTP/1.1 404) 5 headers in 202 bytes (1 switches on core 0)
2026-06-11 03:18:41.304 8 INFO placement.requestlog [None req-d9cc13df-f5e0-4841-a102-78d012c0bee9 dfd880890ead4d5dbd835ae72266eeae 9b8f221a23aa467cb2286eb6d258f978 - - e2c82484aa81417c831a3f0bf70f533d e2c82484aa81417c831a3f0bf70f533d] 10.0.0.197 "DELETE /resource_providers/f5ae2729-c572-4497-a8ba-65cc53197d00" status: 404 len: 246 microversion: 1.1 [pid: 8|app: 0|req: 520/1050] 10.0.0.197 () {34 vars in 816 bytes} [Thu Jun 11 03:18:41 2026] DELETE /resource_providers/f5ae2729-c572-4497-a8ba-65cc53197d00 => generated 246 bytes in 12 msecs (HTTP/1.1 404) 6 headers in 231 bytes (1 switches on core 0)
2026-06-11 03:18:41.308 7 INFO placement.requestlog [None req-81556390-006a-4d80-abba-10f5c9c46833 dfd880890ead4d5dbd835ae72266eeae 9b8f221a23aa467cb2286eb6d258f978 - - e2c82484aa81417c831a3f0bf70f533d e2c82484aa81417c831a3f0bf70f533d] 10.0.0.197 "DELETE /resource_providers/f5ae2729-c572-4497-a8ba-65cc53197d00" status: 404 len: 246 microversion: 1.1 [pid: 7|app: 0|req: 531/1051] 10.0.0.197 () {34 vars in 816 bytes} [Thu Jun 11 03:18:41 2026] DELETE /resource_providers/f5ae2729-c572-4497-a8ba-65cc53197d00 => generated 246 bytes in 13 msecs (HTTP/1.1 404) 6 headers in 231 bytes (1 switches on core 0)
2026-06-11 03:18:41.767 8 INFO placement.requestlog [None req-a0f17aea-8bb6-4ec7-bac1-861231fb227c dfd880890ead4d5dbd835ae72266eeae 9b8f221a23aa467cb2286eb6d258f978 - - e2c82484aa81417c831a3f0bf70f533d e2c82484aa81417c831a3f0bf70f533d] 10.0.0.197 "GET /resource_providers/8dfdcede-c4cc-4506-adbc-3d23ff9befcf/aggregates" status: 404 len: 235 microversion: 1.1 [pid: 8|app: 0|req: 521/1052] 10.0.0.197 () {32 vars in 816 bytes} [Thu Jun 11 03:18:41 2026] GET /resource_providers/8dfdcede-c4cc-4506-adbc-3d23ff9befcf/aggregates => generated 235 bytes in 12 msecs (HTTP/1.1 404) 5 headers in 202 bytes (1 switches on core 0)
2026-06-11 03:18:41.769 7 INFO placement.requestlog [None req-ce386d7a-9538-4495-a34b-833aec2b9520 dfd880890ead4d5dbd835ae72266eeae 9b8f221a23aa467cb2286eb6d258f978 - - e2c82484aa81417c831a3f0bf70f533d e2c82484aa81417c831a3f0bf70f533d] 10.0.0.197 "GET /resource_providers/8dfdcede-c4cc-4506-adbc-3d23ff9befcf/aggregates" status: 404 len: 235 microversion: 1.1 [pid: 7|app: 0|req: 532/1053] 10.0.0.197 () {32 vars in 816 bytes} [Thu Jun 11 03:18:41 2026] GET /resource_providers/8dfdcede-c4cc-4506-adbc-3d23ff9befcf/aggregates => generated 235 bytes in 14 msecs (HTTP/1.1 404) 5 headers in 202 bytes (1 switches on core 0)
2026-06-11 03:18:41.791 7 INFO placement.requestlog [None req-18381509-4f11-48e5-ac3a-943908c4390b dfd880890ead4d5dbd835ae72266eeae 9b8f221a23aa467cb2286eb6d258f978 - - e2c82484aa81417c831a3f0bf70f533d e2c82484aa81417c831a3f0bf70f533d] 10.0.0.197 "DELETE /resource_providers/8dfdcede-c4cc-4506-adbc-3d23ff9befcf" status: 404 len: 246 microversion: 1.1 [pid: 7|app: 0|req: 533/1054] 10.0.0.197 () {34 vars in 816 bytes} [Thu Jun 11 03:18:41 2026] DELETE /resource_providers/8dfdcede-c4cc-4506-adbc-3d23ff9befcf => generated 246 bytes in 10 msecs (HTTP/1.1 404) 6 headers in 231 bytes (1 switches on core 0)
2026-06-11 03:18:41.792 8 INFO placement.requestlog [None req-f932a44f-4896-4df4-adcd-c34adcdd7198 dfd880890ead4d5dbd835ae72266eeae 9b8f221a23aa467cb2286eb6d258f978 - - e2c82484aa81417c831a3f0bf70f533d e2c82484aa81417c831a3f0bf70f533d] 10.0.0.197 "DELETE /resource_providers/8dfdcede-c4cc-4506-adbc-3d23ff9befcf" status: 404 len: 246 microversion: 1.1 [pid: 8|app: 0|req: 522/1055] 10.0.0.197 () {34 vars in 816 bytes} [Thu Jun 11 03:18:41 2026] DELETE /resource_providers/8dfdcede-c4cc-4506-adbc-3d23ff9befcf => generated 246 bytes in 13 msecs (HTTP/1.1 404) 6 headers in 231 bytes (1 switches on core 0)
2026-06-11 03:18:43.327 8 INFO placement.requestlog [None req-7d079e63-77e3-44ab-a6b5-10a6909cd942 dfd880890ead4d5dbd835ae72266eeae 9b8f221a23aa467cb2286eb6d258f978 - - e2c82484aa81417c831a3f0bf70f533d e2c82484aa81417c831a3f0bf70f533d] 10.0.0.197 "GET /resource_providers/6cd1cd3e-4450-4290-a6f1-464492eea944/aggregates" status: 404 len: 235 microversion: 1.1 [pid: 8|app: 0|req: 523/1056] 10.0.0.197 () {32 vars in 816 bytes} [Thu Jun 11 03:18:43 2026] GET /resource_providers/6cd1cd3e-4450-4290-a6f1-464492eea944/aggregates => generated 235 bytes in 8 msecs (HTTP/1.1 404) 5 headers in 202 bytes (1 switches on core 0)
2026-06-11 03:18:43.330 7 INFO placement.requestlog [None req-864ef19f-6b55-4658-87f7-2501ba7593ee dfd880890ead4d5dbd835ae72266eeae 9b8f221a23aa467cb2286eb6d258f978 - - e2c82484aa81417c831a3f0bf70f533d e2c82484aa81417c831a3f0bf70f533d] 10.0.0.197 "GET /resource_providers/6cd1cd3e-4450-4290-a6f1-464492eea944/aggregates" status: 404 len: 235 microversion: 1.1 [pid: 7|app: 0|req: 534/1057] 10.0.0.197 () {32 vars in 816 bytes} [Thu Jun 11 03:18:43 2026] GET /resource_providers/6cd1cd3e-4450-4290-a6f1-464492eea944/aggregates => generated 235 bytes in 13 msecs (HTTP/1.1 404) 5 headers in 202 bytes (1 switches on core 0)
2026-06-11 03:18:43.358 7 INFO placement.requestlog [None req-9a6126ef-14f6-439c-abed-54dcf613b489 dfd880890ead4d5dbd835ae72266eeae 9b8f221a23aa467cb2286eb6d258f978 - - e2c82484aa81417c831a3f0bf70f533d e2c82484aa81417c831a3f0bf70f533d] 10.0.0.197 "DELETE /resource_providers/6cd1cd3e-4450-4290-a6f1-464492eea944" status: 404 len: 246 microversion: 1.1
2026-06-11 03:18:43.358 8 INFO placement.requestlog [None req-31740c90-8938-4657-b9a5-7858caf8d881 dfd880890ead4d5dbd835ae72266eeae 9b8f221a23aa467cb2286eb6d258f978 - - e2c82484aa81417c831a3f0bf70f533d e2c82484aa81417c831a3f0bf70f533d] 10.0.0.197 "DELETE /resource_providers/6cd1cd3e-4450-4290-a6f1-464492eea944" status: 404 len: 246 microversion: 1.1 [pid: 7|app: 0|req: 535/1058] 10.0.0.197 () {34 vars in 816 bytes} [Thu Jun 11 03:18:43 2026] DELETE /resource_providers/6cd1cd3e-4450-4290-a6f1-464492eea944 => generated 246 bytes in 17 msecs (HTTP/1.1 404) 6 headers in 231 bytes (1 switches on core 0) [pid: 8|app: 0|req: 524/1059] 10.0.0.197 () {34 vars in 816 bytes} [Thu Jun 11 03:18:43 2026] DELETE /resource_providers/6cd1cd3e-4450-4290-a6f1-464492eea944 => generated 246 bytes in 21 msecs (HTTP/1.1 404) 6 headers in 231 bytes (1 switches on core 0)
2026-06-11 03:18:43.378 8 INFO placement.requestlog [None req-0d74b485-467a-4321-a9ec-691d43e798ab dfd880890ead4d5dbd835ae72266eeae 9b8f221a23aa467cb2286eb6d258f978 - - e2c82484aa81417c831a3f0bf70f533d e2c82484aa81417c831a3f0bf70f533d] 10.0.0.197 "GET /resource_providers/98ce7967-bf5a-4e93-8986-643d79200b6a/aggregates" status: 404 len: 235 microversion: 1.1
2026-06-11 03:18:43.379 7 INFO placement.requestlog [None req-c890ddb8-e78e-4aca-a1cc-801a36c94df0 dfd880890ead4d5dbd835ae72266eeae 9b8f221a23aa467cb2286eb6d258f978 - - e2c82484aa81417c831a3f0bf70f533d e2c82484aa81417c831a3f0bf70f533d] 10.0.0.197 "GET /resource_providers/98ce7967-bf5a-4e93-8986-643d79200b6a/aggregates" status: 404 len: 235 microversion: 1.1 [pid: 7|app: 0|req: 536/1060] 10.0.0.197 () {32 vars in 816 bytes} [Thu Jun 11 03:18:43 2026] GET /resource_providers/98ce7967-bf5a-4e93-8986-643d79200b6a/aggregates => generated 235 bytes in 11 msecs (HTTP/1.1 404) 5 headers in 202 bytes (1 switches on core 0) [pid: 8|app: 0|req: 525/1061] 10.0.0.197 () {32 vars in 816 bytes} [Thu Jun 11 03:18:43 2026] GET /resource_providers/98ce7967-bf5a-4e93-8986-643d79200b6a/aggregates => generated 235 bytes in 10 msecs (HTTP/1.1 404) 5 headers in 202 bytes (1 switches on core 0)
2026-06-11 03:18:43.401 7 INFO placement.requestlog [None req-1fc5f20e-cb49-4457-a458-66e3783449be dfd880890ead4d5dbd835ae72266eeae 9b8f221a23aa467cb2286eb6d258f978 - - e2c82484aa81417c831a3f0bf70f533d e2c82484aa81417c831a3f0bf70f533d] 10.0.0.197 "DELETE /resource_providers/98ce7967-bf5a-4e93-8986-643d79200b6a" status: 404 len: 246 microversion: 1.1
2026-06-11 03:18:43.401 8 INFO placement.requestlog [None req-df4af551-8a32-4bae-8cd1-33e0debc4999 dfd880890ead4d5dbd835ae72266eeae 9b8f221a23aa467cb2286eb6d258f978 - - e2c82484aa81417c831a3f0bf70f533d e2c82484aa81417c831a3f0bf70f533d] 10.0.0.197 "DELETE /resource_providers/98ce7967-bf5a-4e93-8986-643d79200b6a" status: 404 len: 246 microversion: 1.1 [pid: 7|app: 0|req: 537/1062] 10.0.0.197 () {34 vars in 816 bytes} [Thu Jun 11 03:18:43 2026] DELETE /resource_providers/98ce7967-bf5a-4e93-8986-643d79200b6a => generated 246 bytes in 9 msecs (HTTP/1.1 404) 6 headers in 231 bytes (1 switches on core 0) [pid: 8|app: 0|req: 526/1063] 10.0.0.197 () {34 vars in 816 bytes} [Thu Jun 11 03:18:43 2026] DELETE /resource_providers/98ce7967-bf5a-4e93-8986-643d79200b6a => generated 246 bytes in 9 msecs (HTTP/1.1 404) 6 headers in 231 bytes (1 switches on core 0)
2026-06-11 03:18:43.819 7 INFO placement.requestlog [None req-e4a087ae-f497-4fbf-96be-636262bc35a8 dfd880890ead4d5dbd835ae72266eeae 9b8f221a23aa467cb2286eb6d258f978 - - e2c82484aa81417c831a3f0bf70f533d e2c82484aa81417c831a3f0bf70f533d] 10.0.0.197 "GET /resource_providers/68d001d9-3f49-42e7-99bb-64af458ea4b2/aggregates" status: 404 len: 235 microversion: 1.1 [pid: 7|app: 0|req: 538/1064] 10.0.0.197 () {32 vars in 816 bytes} [Thu Jun 11 03:18:43 2026] GET /resource_providers/68d001d9-3f49-42e7-99bb-64af458ea4b2/aggregates => generated 235 bytes in 9 msecs (HTTP/1.1 404) 5 headers in 202 bytes (1 switches on core 0)
2026-06-11 03:18:43.832 8 INFO placement.requestlog [None req-77c6e6b1-c938-4cd8-9b3a-ce75a57fe159 dfd880890ead4d5dbd835ae72266eeae 9b8f221a23aa467cb2286eb6d258f978 - - e2c82484aa81417c831a3f0bf70f533d e2c82484aa81417c831a3f0bf70f533d] 10.0.0.197 "GET /resource_providers/68d001d9-3f49-42e7-99bb-64af458ea4b2/aggregates" status: 404 len: 235 microversion: 1.1 [pid: 8|app: 0|req: 527/1065] 10.0.0.197 () {32 vars in 816 bytes} [Thu Jun 11 03:18:43 2026] GET /resource_providers/68d001d9-3f49-42e7-99bb-64af458ea4b2/aggregates => generated 235 bytes in 14 msecs (HTTP/1.1 404) 5 headers in 202 bytes (1 switches on core 0)
2026-06-11 03:18:43.864 7 INFO placement.requestlog [None req-09a54601-01ac-404e-a487-34e9e2f480e8 dfd880890ead4d5dbd835ae72266eeae 9b8f221a23aa467cb2286eb6d258f978 - - e2c82484aa81417c831a3f0bf70f533d e2c82484aa81417c831a3f0bf70f533d] 10.0.0.197 "DELETE /resource_providers/68d001d9-3f49-42e7-99bb-64af458ea4b2" status: 404 len: 246 microversion: 1.1 [pid: 7|app: 0|req: 539/1066] 10.0.0.197 () {34 vars in 816 bytes} [Thu Jun 11 03:18:43 2026] DELETE /resource_providers/68d001d9-3f49-42e7-99bb-64af458ea4b2 => generated 246 bytes in 19 msecs (HTTP/1.1 404) 6 headers in 231 bytes (1 switches on core 0)
2026-06-11 03:18:43.878 8 INFO placement.requestlog [None req-3604fe39-1ab6-4fb9-a052-df6b59875b85 dfd880890ead4d5dbd835ae72266eeae 9b8f221a23aa467cb2286eb6d258f978 - - e2c82484aa81417c831a3f0bf70f533d e2c82484aa81417c831a3f0bf70f533d] 10.0.0.197 "DELETE /resource_providers/68d001d9-3f49-42e7-99bb-64af458ea4b2" status: 404 len: 246 microversion: 1.1 [pid: 8|app: 0|req: 528/1067] 10.0.0.197 () {34 vars in 816 bytes} [Thu Jun 11 03:18:43 2026] DELETE /resource_providers/68d001d9-3f49-42e7-99bb-64af458ea4b2 => generated 246 bytes in 17 msecs (HTTP/1.1 404) 6 headers in 231 bytes (1 switches on core 0)
2026-06-11 03:18:45.178 8 INFO placement.requestlog [None req-7e9ad2fe-242b-4ebc-80c3-b316bce0deaa - - - - - -] 10.0.0.58 "GET /" status: 200 len: 136 microversion: 1.0
2026-06-11 03:18:45.178 7 INFO placement.requestlog [None req-db4d3efe-fc39-4adf-b5bd-02bea6025462 - - - - - -] 10.0.0.58 "GET /" status: 200 len: 136 microversion: 1.0
2026-06-11 03:18:49.288 7 INFO placement.requestlog [None req-6702720d-1fec-454d-9d82-6121979504d6 dfd880890ead4d5dbd835ae72266eeae 9b8f221a23aa467cb2286eb6d258f978 - - e2c82484aa81417c831a3f0bf70f533d e2c82484aa81417c831a3f0bf70f533d] 10.0.0.197 "GET /resource_providers/3283f49f-587f-4d8f-86de-e4b3ac7f573d/aggregates" status: 404 len: 235 microversion: 1.1 [pid: 7|app: 0|req: 541/1070] 10.0.0.197 () {32 vars in 816 bytes} [Thu Jun 11 03:18:49 2026] GET /resource_providers/3283f49f-587f-4d8f-86de-e4b3ac7f573d/aggregates => generated 235 bytes in 12 msecs (HTTP/1.1 404) 5 headers in 202 bytes (1 switches on core 0)
2026-06-11 03:18:49.289 8 INFO placement.requestlog [None req-a5818fbf-8f26-4b01-8bfc-fe7d803f065d dfd880890ead4d5dbd835ae72266eeae 9b8f221a23aa467cb2286eb6d258f978 - - e2c82484aa81417c831a3f0bf70f533d e2c82484aa81417c831a3f0bf70f533d] 10.0.0.197 "GET /resource_providers/3283f49f-587f-4d8f-86de-e4b3ac7f573d/aggregates" status: 404 len: 235 microversion: 1.1 [pid: 8|app: 0|req: 530/1071] 10.0.0.197 () {32 vars in 816 bytes} [Thu Jun 11 03:18:49 2026] GET /resource_providers/3283f49f-587f-4d8f-86de-e4b3ac7f573d/aggregates => generated 235 bytes in 19 msecs (HTTP/1.1 404) 5 headers in 202 bytes (1 switches on core 0)
2026-06-11 03:18:49.319 7 INFO placement.requestlog [None req-75e7907e-2493-4f52-a0e6-82180b6797f8 dfd880890ead4d5dbd835ae72266eeae 9b8f221a23aa467cb2286eb6d258f978 - - e2c82484aa81417c831a3f0bf70f533d e2c82484aa81417c831a3f0bf70f533d] 10.0.0.197 "DELETE /resource_providers/3283f49f-587f-4d8f-86de-e4b3ac7f573d" status: 404 len: 246 microversion: 1.1 [pid: 7|app: 0|req: 542/1072] 10.0.0.197 () {34 vars in 816 bytes} [Thu Jun 11 03:18:49 2026] DELETE /resource_providers/3283f49f-587f-4d8f-86de-e4b3ac7f573d => generated 246 bytes in 18 msecs (HTTP/1.1 404) 6 headers in 231 bytes (1 switches on core 0)
2026-06-11 03:18:49.321 8 INFO placement.requestlog [None req-5cafdda5-8a22-4e84-b2ac-863ae3c88138 dfd880890ead4d5dbd835ae72266eeae 9b8f221a23aa467cb2286eb6d258f978 - - e2c82484aa81417c831a3f0bf70f533d e2c82484aa81417c831a3f0bf70f533d] 10.0.0.197 "DELETE /resource_providers/3283f49f-587f-4d8f-86de-e4b3ac7f573d" status: 404 len: 246 microversion: 1.1 [pid: 8|app: 0|req: 531/1073] 10.0.0.197 () {34 vars in 816 bytes} [Thu Jun 11 03:18:49 2026] DELETE /resource_providers/3283f49f-587f-4d8f-86de-e4b3ac7f573d => generated 246 bytes in 16 msecs (HTTP/1.1 404) 6 headers in 231 bytes (1 switches on core 0)
2026-06-11 03:18:51.368 8 INFO placement.requestlog [None req-d559fe49-8d0d-4337-acc9-8d6d36f478ea dfd880890ead4d5dbd835ae72266eeae 9b8f221a23aa467cb2286eb6d258f978 - - e2c82484aa81417c831a3f0bf70f533d e2c82484aa81417c831a3f0bf70f533d] 10.0.0.197 "GET /resource_providers/06959e57-f32a-46ca-b09f-a22cd6e147cb/aggregates" status: 404 len: 235 microversion: 1.1 [pid: 8|app: 0|req: 532/1074] 10.0.0.197 () {32 vars in 816 bytes} [Thu Jun 11 03:18:51 2026] GET /resource_providers/06959e57-f32a-46ca-b09f-a22cd6e147cb/aggregates => generated 235 bytes in 11 msecs (HTTP/1.1 404) 5 headers in 202 bytes (1 switches on core 0)
2026-06-11 03:18:51.370 7 INFO placement.requestlog [None req-6933863f-8422-43af-88c9-c7b90878b027 dfd880890ead4d5dbd835ae72266eeae 9b8f221a23aa467cb2286eb6d258f978 - - e2c82484aa81417c831a3f0bf70f533d e2c82484aa81417c831a3f0bf70f533d] 10.0.0.197 "GET /resource_providers/06959e57-f32a-46ca-b09f-a22cd6e147cb/aggregates" status: 404 len: 235 microversion: 1.1 [pid: 7|app: 0|req: 543/1075] 10.0.0.197 () {32 vars in 816 bytes} [Thu Jun 11 03:18:51 2026] GET /resource_providers/06959e57-f32a-46ca-b09f-a22cd6e147cb/aggregates => generated 235 bytes in 16 msecs (HTTP/1.1 404) 5 headers in 202 bytes (1 switches on core 0)
2026-06-11 03:18:51.394 8 INFO placement.requestlog [None req-92c95fb7-6cad-4c7c-9384-b7a184b36e6e dfd880890ead4d5dbd835ae72266eeae 9b8f221a23aa467cb2286eb6d258f978 - - e2c82484aa81417c831a3f0bf70f533d e2c82484aa81417c831a3f0bf70f533d] 10.0.0.197 "DELETE /resource_providers/06959e57-f32a-46ca-b09f-a22cd6e147cb" status: 404 len: 246 microversion: 1.1 [pid: 8|app: 0|req: 533/1076] 10.0.0.197 () {34 vars in 816 bytes} [Thu Jun 11 03:18:51 2026] DELETE /resource_providers/06959e57-f32a-46ca-b09f-a22cd6e147cb => generated 246 bytes in 13 msecs (HTTP/1.1 404) 6 headers in 231 bytes (1 switches on core 0)
2026-06-11 03:18:51.397 7 INFO placement.requestlog [None req-d26bd8a2-3a6b-4d75-8c85-0a5613a7d73b dfd880890ead4d5dbd835ae72266eeae 9b8f221a23aa467cb2286eb6d258f978 - - e2c82484aa81417c831a3f0bf70f533d e2c82484aa81417c831a3f0bf70f533d] 10.0.0.197 "DELETE /resource_providers/06959e57-f32a-46ca-b09f-a22cd6e147cb" status: 404 len: 246 microversion: 1.1 [pid: 7|app: 0|req: 544/1077] 10.0.0.197 () {34 vars in 816 bytes} [Thu Jun 11 03:18:51 2026] DELETE /resource_providers/06959e57-f32a-46ca-b09f-a22cd6e147cb => generated 246 bytes in 13 msecs (HTTP/1.1 404) 6 headers in 231 bytes (1 switches on core 0)
2026-06-11 03:18:55.178 8 INFO placement.requestlog [None req-c9e97f85-4b6f-44ba-afe2-db6e93f26e3c - - - - - -] 10.0.0.58 "GET /" status: 200 len: 136 microversion: 1.0
2026-06-11 03:18:55.179 7 INFO placement.requestlog [None req-ddcc16c5-478e-41c2-b439-649cde52a787 - - - - - -] 10.0.0.58 "GET /" status: 200 len: 136 microversion: 1.0
2026-06-11 03:18:55.387 8 INFO placement.requestlog [req-53fbb681-d03b-46a1-b613-d753bd14269f req-c4ee7adf-64d3-4e77-a57e-d486b7832ae2 a85482accba341cbb2f6a2dd3be53da9 9b8f221a23aa467cb2286eb6d258f978 - - e2c82484aa81417c831a3f0bf70f533d e2c82484aa81417c831a3f0bf70f533d] 10.0.0.169 "GET /allocation_candidates?limit=1000&resources=MEMORY_MB%3A2048%2CVCPU%3A2&root_required=%21COMPUTE_STATUS_DISABLED" status: 200 len: 2771 microversion: 1.36 [pid: 8|app: 0|req: 535/1080] 10.0.0.169 () {34 vars in 986 bytes} [Thu Jun 11 03:18:55 2026] GET /allocation_candidates?limit=1000&resources=MEMORY_MB%3A2048%2CVCPU%3A2&root_required=%21COMPUTE_STATUS_DISABLED => generated 2771 bytes in 50 msecs (HTTP/1.1 200) 8 headers in 297 bytes (1 switches on core 0)
2026-06-11 03:18:55.421 7 INFO placement.requestlog [req-53fbb681-d03b-46a1-b613-d753bd14269f req-0142654d-98b2-42f1-baad-297c72254cc9 a85482accba341cbb2f6a2dd3be53da9 9b8f221a23aa467cb2286eb6d258f978 - - e2c82484aa81417c831a3f0bf70f533d e2c82484aa81417c831a3f0bf70f533d] 10.0.0.169 "GET /allocations/21d32f50-ca89-4fce-9e99-b3643b21834c" status: 200 len: 19 microversion: 1.28 [pid: 7|app: 0|req: 546/1081] 10.0.0.169 () {34 vars in 861 bytes} [Thu Jun 11 03:18:55 2026] GET /allocations/21d32f50-ca89-4fce-9e99-b3643b21834c => generated 19 bytes in 14 msecs (HTTP/1.1 200) 8 headers in 295 bytes (1 switches on core 0)
2026-06-11 03:18:55.504 8 INFO placement.requestlog [req-53fbb681-d03b-46a1-b613-d753bd14269f req-c94ea0ab-3b56-451e-b92b-9549b6f7e763 a85482accba341cbb2f6a2dd3be53da9 9b8f221a23aa467cb2286eb6d258f978 - - e2c82484aa81417c831a3f0bf70f533d e2c82484aa81417c831a3f0bf70f533d] 10.0.0.169 "PUT /allocations/21d32f50-ca89-4fce-9e99-b3643b21834c" status: 204 len: 0 microversion: 1.36 [pid: 8|app: 0|req: 536/1082] 10.0.0.169 () {38 vars in 914 bytes} [Thu Jun 11 03:18:55 2026] PUT /allocations/21d32f50-ca89-4fce-9e99-b3643b21834c => generated 0 bytes in 76 msecs (HTTP/1.1 204) 5 headers in 199 bytes (1 switches on core 0)
2026-06-11 03:18:57.036 7 INFO placement.requestlog [req-53fbb681-d03b-46a1-b613-d753bd14269f req-f97eea6a-26f4-420a-ab2b-e061d71ac827 a85482accba341cbb2f6a2dd3be53da9 9b8f221a23aa467cb2286eb6d258f978 - - e2c82484aa81417c831a3f0bf70f533d e2c82484aa81417c831a3f0bf70f533d] 199.204.45.140 "GET /allocations/21d32f50-ca89-4fce-9e99-b3643b21834c" status: 200 len: 245 microversion: 1.28 [pid: 7|app: 0|req: 547/1083] 199.204.45.140 () {34 vars in 863 bytes} [Thu Jun 11 03:18:57 2026] GET /allocations/21d32f50-ca89-4fce-9e99-b3643b21834c => generated 245 bytes in 17 msecs (HTTP/1.1 200) 8 headers in 296 bytes (1 switches on core 0)
2026-06-11 03:18:58.092 8 INFO placement.requestlog [req-53fbb681-d03b-46a1-b613-d753bd14269f req-508ac7c5-0143-447a-ba57-8cfc5a5f1f4a a85482accba341cbb2f6a2dd3be53da9 9b8f221a23aa467cb2286eb6d258f978 - - e2c82484aa81417c831a3f0bf70f533d e2c82484aa81417c831a3f0bf70f533d] 199.204.45.140 "GET /resource_providers/068e5d24-4b7b-4cc1-b7f7-2e11c0ae8f0b/allocations" status: 200 len: 340 microversion: 1.0 [pid: 8|app: 0|req: 537/1084] 199.204.45.140 () {32 vars in 857 bytes} [Thu Jun 11 03:18:58 2026] GET /resource_providers/068e5d24-4b7b-4cc1-b7f7-2e11c0ae8f0b/allocations => generated 340 bytes in 34 msecs (HTTP/1.1 200) 6 headers in 224 bytes (1 switches on core 0)
2026-06-11 03:18:58.110 7 INFO placement.requestlog [req-53fbb681-d03b-46a1-b613-d753bd14269f req-1940fd02-4286-42fb-9655-8838396b4160 a85482accba341cbb2f6a2dd3be53da9 9b8f221a23aa467cb2286eb6d258f978 - - e2c82484aa81417c831a3f0bf70f533d e2c82484aa81417c831a3f0bf70f533d] 199.204.45.140 "GET /allocations/21d32f50-ca89-4fce-9e99-b3643b21834c" status: 200 len: 245 microversion: 1.28 [pid: 7|app: 0|req: 548/1085] 199.204.45.140 () {34 vars in 863 bytes} [Thu Jun 11 03:18:58 2026] GET /allocations/21d32f50-ca89-4fce-9e99-b3643b21834c => generated 245 bytes in 14 msecs (HTTP/1.1 200) 8 headers in 296 bytes (1 switches on core 0)
2026-06-11 03:18:58.133 8 INFO placement.requestlog [req-53fbb681-d03b-46a1-b613-d753bd14269f req-26e3e658-9e5b-4d9d-a380-40afa8f908cf a85482accba341cbb2f6a2dd3be53da9 9b8f221a23aa467cb2286eb6d258f978 - - e2c82484aa81417c831a3f0bf70f533d e2c82484aa81417c831a3f0bf70f533d] 199.204.45.140 "GET /allocations/9bd03150-1997-4aa5-a069-192aabec8d0c" status: 200 len: 258 microversion: 1.28 [pid: 8|app: 0|req: 538/1086] 199.204.45.140 () {34 vars in 863 bytes} [Thu Jun 11 03:18:58 2026] GET /allocations/9bd03150-1997-4aa5-a069-192aabec8d0c => generated 258 bytes in 18 msecs (HTTP/1.1 200) 8 headers in 296 bytes (1 switches on core 0)
2026-06-11 03:18:58.156 7 INFO placement.requestlog [req-53fbb681-d03b-46a1-b613-d753bd14269f req-86542e9f-afdc-4ff1-8eb9-cf99e1920832 a85482accba341cbb2f6a2dd3be53da9 9b8f221a23aa467cb2286eb6d258f978 - - e2c82484aa81417c831a3f0bf70f533d e2c82484aa81417c831a3f0bf70f533d] 199.204.45.140 "GET /allocations/dde7337d-58f1-4aeb-b97d-24534ec423b5" status: 200 len: 258 microversion: 1.28 [pid: 7|app: 0|req: 549/1087] 199.204.45.140 () {34 vars in 863 bytes} [Thu Jun 11 03:18:58 2026] GET /allocations/dde7337d-58f1-4aeb-b97d-24534ec423b5 => generated 258 bytes in 19 msecs (HTTP/1.1 200) 8 headers in 296 bytes (1 switches on core 0)
2026-06-11 03:19:03.145 8 INFO placement.requestlog [req-63e71975-3b88-4a4c-bad1-63f29722fc0f req-82996127-eea6-4b4e-9aa3-fdc4f4971802 a85482accba341cbb2f6a2dd3be53da9 9b8f221a23aa467cb2286eb6d258f978 - - e2c82484aa81417c831a3f0bf70f533d e2c82484aa81417c831a3f0bf70f533d] 10.0.0.169 "GET /allocation_candidates?limit=1000&resources=DISK_GB%3A1%2CMEMORY_MB%3A512%2CVCPU%3A1&root_required=%21COMPUTE_STATUS_DISABLED" status: 200 len: 2784 microversion: 1.36 [pid: 8|app: 0|req: 539/1088] 10.0.0.169 () {34 vars in 1012 bytes} [Thu Jun 11 03:19:03 2026] GET /allocation_candidates?limit=1000&resources=DISK_GB%3A1%2CMEMORY_MB%3A512%2CVCPU%3A1&root_required=%21COMPUTE_STATUS_DISABLED => generated 2784 bytes in 49 msecs (HTTP/1.1 200) 8 headers in 297 bytes (1 switches on core 0)
2026-06-11 03:19:03.195 7 INFO placement.requestlog [req-63e71975-3b88-4a4c-bad1-63f29722fc0f req-db8013ba-19ca-4c66-bdaa-ebfbeaf9b3c6 a85482accba341cbb2f6a2dd3be53da9 9b8f221a23aa467cb2286eb6d258f978 - - e2c82484aa81417c831a3f0bf70f533d e2c82484aa81417c831a3f0bf70f533d] 10.0.0.169 "GET /allocations/bfaf9452-144d-4f9c-8aea-99ed8e850232" status: 200 len: 19 microversion: 1.28 [pid: 7|app: 0|req: 550/1089] 10.0.0.169 () {34 vars in 861 bytes} [Thu Jun 11 03:19:03 2026] GET /allocations/bfaf9452-144d-4f9c-8aea-99ed8e850232 => generated 19 bytes in 10 msecs (HTTP/1.1 200) 8 headers in 295 bytes (1 switches on core 0)
2026-06-11 03:19:03.274 8 INFO placement.requestlog [req-63e71975-3b88-4a4c-bad1-63f29722fc0f req-14d178de-a9ae-4875-a357-6954a0a594dd a85482accba341cbb2f6a2dd3be53da9 9b8f221a23aa467cb2286eb6d258f978 - - e2c82484aa81417c831a3f0bf70f533d e2c82484aa81417c831a3f0bf70f533d] 10.0.0.169 "PUT /allocations/bfaf9452-144d-4f9c-8aea-99ed8e850232" status: 204 len: 0 microversion: 1.36 [pid: 8|app: 0|req: 540/1090] 10.0.0.169 () {38 vars in 914 bytes} [Thu Jun 11 03:19:03 2026] PUT /allocations/bfaf9452-144d-4f9c-8aea-99ed8e850232 => generated 0 bytes in 70 msecs (HTTP/1.1 204) 5 headers in 199 bytes (1 switches on core 0)
2026-06-11 03:19:04.515 8 INFO placement.requestlog [None req-aac340cd-ffc1-4c7b-9bdf-b9e597c51d59 dfd880890ead4d5dbd835ae72266eeae 9b8f221a23aa467cb2286eb6d258f978 - - e2c82484aa81417c831a3f0bf70f533d e2c82484aa81417c831a3f0bf70f533d] 10.0.0.197 "GET /resource_providers/4ec734ee-438a-419b-954b-1b405d2cb0d1/aggregates" status: 404 len: 235 microversion: 1.1 [pid: 8|app: 0|req: 541/1091] 10.0.0.197 () {32 vars in 816 bytes} [Thu Jun 11 03:19:04 2026] GET /resource_providers/4ec734ee-438a-419b-954b-1b405d2cb0d1/aggregates => generated 235 bytes in 13 msecs (HTTP/1.1 404) 5 headers in 202 bytes (1 switches on core 0)
2026-06-11 03:19:04.523 7 INFO placement.requestlog [None req-773bf417-1a79-4317-8b16-8cac953f4275 dfd880890ead4d5dbd835ae72266eeae 9b8f221a23aa467cb2286eb6d258f978 - - e2c82484aa81417c831a3f0bf70f533d e2c82484aa81417c831a3f0bf70f533d] 10.0.0.197 "GET /resource_providers/4ec734ee-438a-419b-954b-1b405d2cb0d1/aggregates" status: 404 len: 235 microversion: 1.1 [pid: 7|app: 0|req: 551/1092] 10.0.0.197 () {32 vars in 816 bytes} [Thu Jun 11 03:19:04 2026] GET /resource_providers/4ec734ee-438a-419b-954b-1b405d2cb0d1/aggregates => generated 235 bytes in 21 msecs (HTTP/1.1 404) 5 headers in 202 bytes (1 switches on core 0)
2026-06-11 03:19:04.541 8 INFO placement.requestlog [None req-94455f3f-a4d6-4547-bdc7-ce8481d8c292 dfd880890ead4d5dbd835ae72266eeae 9b8f221a23aa467cb2286eb6d258f978 - - e2c82484aa81417c831a3f0bf70f533d e2c82484aa81417c831a3f0bf70f533d] 10.0.0.197 "DELETE /resource_providers/4ec734ee-438a-419b-954b-1b405d2cb0d1" status: 404 len: 246 microversion: 1.1 [pid: 8|app: 0|req: 542/1093] 10.0.0.197 () {34 vars in 816 bytes} [Thu Jun 11 03:19:04 2026] DELETE /resource_providers/4ec734ee-438a-419b-954b-1b405d2cb0d1 => generated 246 bytes in 17 msecs (HTTP/1.1 404) 6 headers in 231 bytes (1 switches on core 0)
2026-06-11 03:19:04.562 7 INFO placement.requestlog [None req-ca7e1449-943a-478f-8421-bb13ba4f7567 dfd880890ead4d5dbd835ae72266eeae 9b8f221a23aa467cb2286eb6d258f978 - - e2c82484aa81417c831a3f0bf70f533d e2c82484aa81417c831a3f0bf70f533d] 10.0.0.197 "DELETE /resource_providers/4ec734ee-438a-419b-954b-1b405d2cb0d1" status: 404 len: 246 microversion: 1.1 [pid: 7|app: 0|req: 552/1094] 10.0.0.197 () {34 vars in 816 bytes} [Thu Jun 11 03:19:04 2026] DELETE /resource_providers/4ec734ee-438a-419b-954b-1b405d2cb0d1 => generated 246 bytes in 14 msecs (HTTP/1.1 404) 6 headers in 231 bytes (1 switches on core 0)
2026-06-11 03:19:04.818 8 INFO placement.requestlog [req-63e71975-3b88-4a4c-bad1-63f29722fc0f req-1c0017e5-9c82-49a0-ab34-0064f1a7b9d7 a85482accba341cbb2f6a2dd3be53da9 9b8f221a23aa467cb2286eb6d258f978 - - e2c82484aa81417c831a3f0bf70f533d e2c82484aa81417c831a3f0bf70f533d] 199.204.45.140 "GET /allocations/bfaf9452-144d-4f9c-8aea-99ed8e850232" status: 200 len: 258 microversion: 1.28 [pid: 8|app: 0|req: 543/1095] 199.204.45.140 () {34 vars in 863 bytes} [Thu Jun 11 03:19:04 2026] GET /allocations/bfaf9452-144d-4f9c-8aea-99ed8e850232 => generated 258 bytes in 25 msecs (HTTP/1.1 200) 8 headers in 296 bytes (1 switches on core 0)
2026-06-11 03:19:05.177 7 INFO placement.requestlog [None req-55e6f0cd-0a93-4562-b248-fadb4d2f1ebb - - - - - -] 10.0.0.58 "GET /" status: 200 len: 136 microversion: 1.0
2026-06-11 03:19:05.179 8 INFO placement.requestlog [None req-11f16d23-1d42-4528-ba69-c584584498e9 - - - - - -] 10.0.0.58 "GET /" status: 200 len: 136 microversion: 1.0
2026-06-11 03:19:05.870 7 INFO placement.requestlog [req-63e71975-3b88-4a4c-bad1-63f29722fc0f req-236e318e-7e18-492e-a0cf-711f9bc1ea34 a85482accba341cbb2f6a2dd3be53da9 9b8f221a23aa467cb2286eb6d258f978 - - e2c82484aa81417c831a3f0bf70f533d e2c82484aa81417c831a3f0bf70f533d] 199.204.45.140 "GET /resource_providers/068e5d24-4b7b-4cc1-b7f7-2e11c0ae8f0b/allocations" status: 200 len: 440 microversion: 1.0 [pid: 7|app: 0|req: 554/1098] 199.204.45.140 () {32 vars in 857 bytes} [Thu Jun 11 03:19:05 2026] GET /resource_providers/068e5d24-4b7b-4cc1-b7f7-2e11c0ae8f0b/allocations => generated 440 bytes in 27 msecs (HTTP/1.1 200) 6 headers in 224 bytes (1 switches on core 0)
2026-06-11 03:19:05.889 8 INFO placement.requestlog [req-63e71975-3b88-4a4c-bad1-63f29722fc0f req-e4e3bba2-cdee-4a24-9183-286dc7a5f809 a85482accba341cbb2f6a2dd3be53da9 9b8f221a23aa467cb2286eb6d258f978 - - e2c82484aa81417c831a3f0bf70f533d e2c82484aa81417c831a3f0bf70f533d] 199.204.45.140 "GET /allocations/21d32f50-ca89-4fce-9e99-b3643b21834c" status: 200 len: 245 microversion: 1.28 [pid: 8|app: 0|req: 545/1099] 199.204.45.140 () {34 vars in 863 bytes} [Thu Jun 11 03:19:05 2026] GET /allocations/21d32f50-ca89-4fce-9e99-b3643b21834c => generated 245 bytes in 11 msecs (HTTP/1.1 200) 8 headers in 296 bytes (1 switches on core 0)
2026-06-11 03:19:05.904 7 INFO placement.requestlog [req-63e71975-3b88-4a4c-bad1-63f29722fc0f req-1484737f-83d6-46c2-ba88-18e02df2a459 a85482accba341cbb2f6a2dd3be53da9 9b8f221a23aa467cb2286eb6d258f978 - - e2c82484aa81417c831a3f0bf70f533d e2c82484aa81417c831a3f0bf70f533d] 199.204.45.140 "GET /allocations/bfaf9452-144d-4f9c-8aea-99ed8e850232" status: 200 len: 258 microversion: 1.28 [pid: 7|app: 0|req: 555/1100] 199.204.45.140 () {34 vars in 863 bytes} [Thu Jun 11 03:19:05 2026] GET /allocations/bfaf9452-144d-4f9c-8aea-99ed8e850232 => generated 258 bytes in 11 msecs (HTTP/1.1 200) 8 headers in 296 bytes (1 switches on core 0)
2026-06-11 03:19:05.926 8 INFO placement.requestlog [req-63e71975-3b88-4a4c-bad1-63f29722fc0f req-bb5e134d-d1ad-49db-a30d-7debbc90de9d a85482accba341cbb2f6a2dd3be53da9 9b8f221a23aa467cb2286eb6d258f978 - - e2c82484aa81417c831a3f0bf70f533d e2c82484aa81417c831a3f0bf70f533d] 199.204.45.140 "GET /allocations/9bd03150-1997-4aa5-a069-192aabec8d0c" status: 200 len: 258 microversion: 1.28 [pid: 8|app: 0|req: 546/1101] 199.204.45.140 () {34 vars in 863 bytes} [Thu Jun 11 03:19:05 2026] GET /allocations/9bd03150-1997-4aa5-a069-192aabec8d0c => generated 258 bytes in 14 msecs (HTTP/1.1 200) 8 headers in 296 bytes (1 switches on core 0)
2026-06-11 03:19:05.945 7 INFO placement.requestlog [req-63e71975-3b88-4a4c-bad1-63f29722fc0f req-598fd1ce-4cd4-4467-aef0-a074a0af9d83 a85482accba341cbb2f6a2dd3be53da9 9b8f221a23aa467cb2286eb6d258f978 - - e2c82484aa81417c831a3f0bf70f533d e2c82484aa81417c831a3f0bf70f533d] 199.204.45.140 "GET /allocations/dde7337d-58f1-4aeb-b97d-24534ec423b5" status: 200 len: 258 microversion: 1.28 [pid: 7|app: 0|req: 556/1102] 199.204.45.140 () {34 vars in 863 bytes} [Thu Jun 11 03:19:05 2026] GET /allocations/dde7337d-58f1-4aeb-b97d-24534ec423b5 => generated 258 bytes in 15 msecs (HTTP/1.1 200) 8 headers in 296 bytes (1 switches on core 0)
2026-06-11 03:19:06.561 8 INFO placement.requestlog [None req-34ffe38c-abfa-463f-ac5a-49c792d6db09 dfd880890ead4d5dbd835ae72266eeae 9b8f221a23aa467cb2286eb6d258f978 - - e2c82484aa81417c831a3f0bf70f533d e2c82484aa81417c831a3f0bf70f533d] 10.0.0.197 "GET /resource_providers/7058a2e1-e49b-47b8-a8b8-96bb7f209af7/aggregates" status: 404 len: 235 microversion: 1.1 [pid: 8|app: 0|req: 547/1103] 10.0.0.197 () {32 vars in 816 bytes} [Thu Jun 11 03:19:06 2026] GET /resource_providers/7058a2e1-e49b-47b8-a8b8-96bb7f209af7/aggregates => generated 235 bytes in 10 msecs (HTTP/1.1 404) 5 headers in 202 bytes (1 switches on core 0)
2026-06-11 03:19:06.583 7 INFO placement.requestlog [None req-b965d432-e82e-4837-9eac-60dc260ebd51 dfd880890ead4d5dbd835ae72266eeae 9b8f221a23aa467cb2286eb6d258f978 - - e2c82484aa81417c831a3f0bf70f533d e2c82484aa81417c831a3f0bf70f533d] 10.0.0.197 "GET /resource_providers/7058a2e1-e49b-47b8-a8b8-96bb7f209af7/aggregates" status: 404 len: 235 microversion: 1.1 [pid: 7|app: 0|req: 557/1104] 10.0.0.197 () {32 vars in 816 bytes} [Thu Jun 11 03:19:06 2026] GET /resource_providers/7058a2e1-e49b-47b8-a8b8-96bb7f209af7/aggregates => generated 235 bytes in 10 msecs (HTTP/1.1 404) 5 headers in 202 bytes (1 switches on core 0)
2026-06-11 03:19:06.584 8 INFO placement.requestlog [None req-3d07a5c6-2552-424f-a08c-beb5f02343a0 dfd880890ead4d5dbd835ae72266eeae 9b8f221a23aa467cb2286eb6d258f978 - - e2c82484aa81417c831a3f0bf70f533d e2c82484aa81417c831a3f0bf70f533d] 10.0.0.197 "DELETE /resource_providers/7058a2e1-e49b-47b8-a8b8-96bb7f209af7" status: 404 len: 246 microversion: 1.1 [pid: 8|app: 0|req: 548/1105] 10.0.0.197 () {34 vars in 816 bytes} [Thu Jun 11 03:19:06 2026] DELETE /resource_providers/7058a2e1-e49b-47b8-a8b8-96bb7f209af7 => generated 246 bytes in 10 msecs (HTTP/1.1 404) 6 headers in 231 bytes (1 switches on core 0)
2026-06-11 03:19:06.599 7 INFO placement.requestlog [None req-cdf3987e-e9a5-49af-a44f-11b4b6f004ed dfd880890ead4d5dbd835ae72266eeae 9b8f221a23aa467cb2286eb6d258f978 - - e2c82484aa81417c831a3f0bf70f533d e2c82484aa81417c831a3f0bf70f533d] 10.0.0.197 "DELETE /resource_providers/7058a2e1-e49b-47b8-a8b8-96bb7f209af7" status: 404 len: 246 microversion: 1.1 [pid: 7|app: 0|req: 558/1106] 10.0.0.197 () {34 vars in 816 bytes} [Thu Jun 11 03:19:06 2026] DELETE /resource_providers/7058a2e1-e49b-47b8-a8b8-96bb7f209af7 => generated 246 bytes in 7 msecs (HTTP/1.1 404) 6 headers in 231 bytes (1 switches on core 0)
2026-06-11 03:19:12.455 8 INFO placement.requestlog [None req-95925bc1-6e5e-452b-a87e-99257ef16898 dfd880890ead4d5dbd835ae72266eeae 9b8f221a23aa467cb2286eb6d258f978 - - e2c82484aa81417c831a3f0bf70f533d e2c82484aa81417c831a3f0bf70f533d] 10.0.0.197 "GET /resource_providers/816f7249-d0cb-4201-b9ac-591dd953bd4d/aggregates" status: 404 len: 235 microversion: 1.1 [pid: 8|app: 0|req: 549/1107] 10.0.0.197 () {32 vars in 816 bytes} [Thu Jun 11 03:19:12 2026] GET /resource_providers/816f7249-d0cb-4201-b9ac-591dd953bd4d/aggregates => generated 235 bytes in 11 msecs (HTTP/1.1 404) 5 headers in 202 bytes (1 switches on core 0)
2026-06-11 03:19:12.464 7 INFO placement.requestlog [None req-4c3e3ef7-ce04-48be-ad44-6a938fbccfe8 dfd880890ead4d5dbd835ae72266eeae 9b8f221a23aa467cb2286eb6d258f978 - - e2c82484aa81417c831a3f0bf70f533d e2c82484aa81417c831a3f0bf70f533d] 10.0.0.197 "GET /resource_providers/816f7249-d0cb-4201-b9ac-591dd953bd4d/aggregates" status: 404 len: 235 microversion: 1.1 [pid: 7|app: 0|req: 559/1108] 10.0.0.197 () {32 vars in 816 bytes} [Thu Jun 11 03:19:12 2026] GET /resource_providers/816f7249-d0cb-4201-b9ac-591dd953bd4d/aggregates => generated 235 bytes in 15 msecs (HTTP/1.1 404) 5 headers in 202 bytes (1 switches on core 0)
2026-06-11 03:19:12.482 8 INFO placement.requestlog [None req-2ff0f961-edf9-42e9-a5c8-e4a21a6c8f66 dfd880890ead4d5dbd835ae72266eeae 9b8f221a23aa467cb2286eb6d258f978 - - e2c82484aa81417c831a3f0bf70f533d e2c82484aa81417c831a3f0bf70f533d] 10.0.0.197 "DELETE /resource_providers/816f7249-d0cb-4201-b9ac-591dd953bd4d" status: 404 len: 246 microversion: 1.1
2026-06-11 03:19:12.482 7 INFO placement.requestlog [None req-ad5c987b-3568-4395-88b2-4982fe653731 dfd880890ead4d5dbd835ae72266eeae 9b8f221a23aa467cb2286eb6d258f978 - - e2c82484aa81417c831a3f0bf70f533d e2c82484aa81417c831a3f0bf70f533d] 10.0.0.197 "DELETE /resource_providers/816f7249-d0cb-4201-b9ac-591dd953bd4d" status: 404 len: 246 microversion: 1.1 [pid: 8|app: 0|req: 550/1109] 10.0.0.197 () {34 vars in 816 bytes} [Thu Jun 11 03:19:12 2026] DELETE /resource_providers/816f7249-d0cb-4201-b9ac-591dd953bd4d => generated 246 bytes in 15 msecs (HTTP/1.1 404) 6 headers in 231 bytes (1 switches on core 0) [pid: 7|app: 0|req: 560/1110] 10.0.0.197 () {34 vars in 816 bytes} [Thu Jun 11 03:19:12 2026] DELETE /resource_providers/816f7249-d0cb-4201-b9ac-591dd953bd4d => generated 246 bytes in 9 msecs (HTTP/1.1 404) 6 headers in 231 bytes (1 switches on core 0)
2026-06-11 03:19:15.178 7 INFO placement.requestlog [None req-db7cd9e6-a124-4307-ba27-5f60fe7e01ed - - - - - -] 10.0.0.58 "GET /" status: 200 len: 136 microversion: 1.0
2026-06-11 03:19:15.178 8 INFO placement.requestlog [None req-c7a6bd27-09a6-44a6-80fa-068437fa3615 - - - - - -] 10.0.0.58 "GET /" status: 200 len: 136 microversion: 1.0
2026-06-11 03:19:25.178 7 INFO placement.requestlog [None req-3552e40f-94ad-4ce1-b635-46b1a24cfe6b - - - - - -] 10.0.0.58 "GET /" status: 200 len: 136 microversion: 1.0
2026-06-11 03:19:25.178 8 INFO placement.requestlog [None req-1e96f05e-7448-4a1e-9cbb-e705bc001308 - - - - - -] 10.0.0.58 "GET /" status: 200 len: 136 microversion: 1.0
2026-06-11 03:19:35.179 7 INFO placement.requestlog [None req-a3c97c6e-26c3-49a5-872e-d302f6ead9b3 - - - - - -] 10.0.0.58 "GET /" status: 200 len: 136 microversion: 1.0
2026-06-11 03:19:35.179 8 INFO placement.requestlog [None req-cb89f126-5517-4213-bda3-6ab1bc8d3f68 - - - - - -] 10.0.0.58 "GET /" status: 200 len: 136 microversion: 1.0
2026-06-11 03:19:37.190 7 INFO placement.requestlog [req-64515b18-0aab-41dc-8546-b5a116efd569 req-5188d9fd-c24d-4ea5-b6d0-abf6d0fa822e a85482accba341cbb2f6a2dd3be53da9 9b8f221a23aa467cb2286eb6d258f978 - - e2c82484aa81417c831a3f0bf70f533d e2c82484aa81417c831a3f0bf70f533d] 199.204.45.140 "GET /resource_providers/068e5d24-4b7b-4cc1-b7f7-2e11c0ae8f0b/allocations" status: 200 len: 440 microversion: 1.0 [pid: 7|app: 0|req: 564/1117] 199.204.45.140 () {32 vars in 857 bytes} [Thu Jun 11 03:19:37 2026] GET /resource_providers/068e5d24-4b7b-4cc1-b7f7-2e11c0ae8f0b/allocations => generated 440 bytes in 15 msecs (HTTP/1.1 200) 6 headers in 224 bytes (1 switches on core 0)
2026-06-11 03:19:37.219 8 INFO placement.requestlog [req-64515b18-0aab-41dc-8546-b5a116efd569 req-b8ad50f7-a6d2-4397-bab2-52e679ac658b a85482accba341cbb2f6a2dd3be53da9 9b8f221a23aa467cb2286eb6d258f978 - - e2c82484aa81417c831a3f0bf70f533d e2c82484aa81417c831a3f0bf70f533d] 199.204.45.140 "GET /resource_providers/068e5d24-4b7b-4cc1-b7f7-2e11c0ae8f0b/allocations" status: 200 len: 440 microversion: 1.0 [pid: 8|app: 0|req: 554/1118] 199.204.45.140 () {32 vars in 857 bytes} [Thu Jun 11 03:19:37 2026] GET /resource_providers/068e5d24-4b7b-4cc1-b7f7-2e11c0ae8f0b/allocations => generated 440 bytes in 21 msecs (HTTP/1.1 200) 6 headers in 224 bytes (1 switches on core 0)
2026-06-11 03:19:37.239 7 INFO placement.requestlog [req-64515b18-0aab-41dc-8546-b5a116efd569 req-e85a2d90-18cd-481e-92f9-76364c952787 a85482accba341cbb2f6a2dd3be53da9 9b8f221a23aa467cb2286eb6d258f978 - - e2c82484aa81417c831a3f0bf70f533d e2c82484aa81417c831a3f0bf70f533d] 199.204.45.140 "GET /allocations/21d32f50-ca89-4fce-9e99-b3643b21834c" status: 200 len: 245 microversion: 1.28 [pid: 7|app: 0|req: 565/1119] 199.204.45.140 () {34 vars in 863 bytes} [Thu Jun 11 03:19:37 2026] GET /allocations/21d32f50-ca89-4fce-9e99-b3643b21834c => generated 245 bytes in 14 msecs (HTTP/1.1 200) 8 headers in 296 bytes (1 switches on core 0)
