2026-05-25 01:54:47.906 8 INFO placement.requestlog [None req-bd5fcd7e-07dd-403e-a6b1-4f0a6fafba03 5218039aafda45f3be642c6014d3ae9b b2a546254df3488fbddd714b7f50efe9 - - b4886bf9aa194294ab01b036fd7452ba b4886bf9aa194294ab01b036fd7452ba] 10.0.0.8 "DELETE /resource_providers/496c834f-78b9-4016-9b1f-9e6de2a2cba0" status: 404 len: 246 microversion: 1.1 [pid: 8|app: 0|req: 504/1004] 10.0.0.8 () {34 vars in 822 bytes} [Mon May 25 01:54:47 2026] DELETE /resource_providers/496c834f-78b9-4016-9b1f-9e6de2a2cba0 => generated 246 bytes in 6 msecs (HTTP/1.1 404) 6 headers in 231 bytes (1 switches on core 0)
2026-05-25 01:54:47.908 7 INFO placement.requestlog [None req-0acd87fb-377e-40b3-8482-208831bbda7a 5218039aafda45f3be642c6014d3ae9b b2a546254df3488fbddd714b7f50efe9 - - b4886bf9aa194294ab01b036fd7452ba b4886bf9aa194294ab01b036fd7452ba] 10.0.0.8 "DELETE /resource_providers/496c834f-78b9-4016-9b1f-9e6de2a2cba0" status: 404 len: 246 microversion: 1.1 [pid: 7|app: 0|req: 501/1005] 10.0.0.8 () {34 vars in 822 bytes} [Mon May 25 01:54:47 2026] DELETE /resource_providers/496c834f-78b9-4016-9b1f-9e6de2a2cba0 => generated 246 bytes in 5 msecs (HTTP/1.1 404) 6 headers in 231 bytes (1 switches on core 0)
2026-05-25 01:54:50.837 7 INFO placement.requestlog [None req-8d74c27a-05aa-4c13-acbd-8796249e0166 - - - - - -] 10.0.0.10 "GET /" status: 200 len: 136 microversion: 1.0
2026-05-25 01:54:50.837 8 INFO placement.requestlog [None req-6e9adbf5-cb59-4112-812a-b854e89ce4b5 - - - - - -] 10.0.0.10 "GET /" status: 200 len: 136 microversion: 1.0
2026-05-25 01:55:00.838 7 INFO placement.requestlog [None req-648bb09e-322a-45c3-9e3b-3ca698da7fb3 - - - - - -] 10.0.0.10 "GET /" status: 200 len: 136 microversion: 1.0
2026-05-25 01:55:00.838 8 INFO placement.requestlog [None req-376c96ac-eafe-4894-b9ff-a4084467b102 - - - - - -] 10.0.0.10 "GET /" status: 200 len: 136 microversion: 1.0
2026-05-25 01:55:04.230 8 INFO placement.requestlog [req-570f0f97-cc8c-455f-befb-44cfa632411e req-1063f2ce-c825-417d-8a46-b218537b1cb1 b5359662c5834fd6ae4ce15970426a82 b2a546254df3488fbddd714b7f50efe9 - - b4886bf9aa194294ab01b036fd7452ba b4886bf9aa194294ab01b036fd7452ba] 10.0.0.181 "GET /allocation_candidates?limit=1000&resources=DISK_GB%3A1%2CMEMORY_MB%3A512%2CVCPU%3A1&root_required=%21COMPUTE_STATUS_DISABLED" status: 200 len: 2386 microversion: 1.36 [pid: 8|app: 0|req: 507/1010] 10.0.0.181 () {34 vars in 1011 bytes} [Mon May 25 01:55:04 2026] GET /allocation_candidates?limit=1000&resources=DISK_GB%3A1%2CMEMORY_MB%3A512%2CVCPU%3A1&root_required=%21COMPUTE_STATUS_DISABLED => generated 2386 bytes in 45 msecs (HTTP/1.1 200) 8 headers in 297 bytes (1 switches on core 0)
2026-05-25 01:55:04.258 7 INFO placement.requestlog [req-570f0f97-cc8c-455f-befb-44cfa632411e req-591d7d03-69d7-417d-b875-066fc69c3f7b b5359662c5834fd6ae4ce15970426a82 b2a546254df3488fbddd714b7f50efe9 - - b4886bf9aa194294ab01b036fd7452ba b4886bf9aa194294ab01b036fd7452ba] 10.0.0.181 "GET /allocations/c555ac47-4b97-48fb-acd6-959189d37305" status: 200 len: 19 microversion: 1.28 [pid: 7|app: 0|req: 504/1011] 10.0.0.181 () {34 vars in 860 bytes} [Mon May 25 01:55:04 2026] GET /allocations/c555ac47-4b97-48fb-acd6-959189d37305 => generated 19 bytes in 11 msecs (HTTP/1.1 200) 8 headers in 295 bytes (1 switches on core 0)
2026-05-25 01:55:04.318 8 INFO placement.requestlog [req-570f0f97-cc8c-455f-befb-44cfa632411e req-18649e62-0a3c-4286-9cbb-baa286404af3 b5359662c5834fd6ae4ce15970426a82 b2a546254df3488fbddd714b7f50efe9 - - b4886bf9aa194294ab01b036fd7452ba b4886bf9aa194294ab01b036fd7452ba] 10.0.0.181 "PUT /allocations/c555ac47-4b97-48fb-acd6-959189d37305" status: 204 len: 0 microversion: 1.36 [pid: 8|app: 0|req: 508/1012] 10.0.0.181 () {38 vars in 913 bytes} [Mon May 25 01:55:04 2026] PUT /allocations/c555ac47-4b97-48fb-acd6-959189d37305 => generated 0 bytes in 56 msecs (HTTP/1.1 204) 5 headers in 199 bytes (1 switches on core 0)
2026-05-25 01:55:05.832 7 INFO placement.requestlog [req-570f0f97-cc8c-455f-befb-44cfa632411e req-a67b69ed-4367-4903-a4c5-d57370f268c0 b5359662c5834fd6ae4ce15970426a82 b2a546254df3488fbddd714b7f50efe9 - - b4886bf9aa194294ab01b036fd7452ba b4886bf9aa194294ab01b036fd7452ba] 199.204.45.72 "GET /allocations/c555ac47-4b97-48fb-acd6-959189d37305" status: 200 len: 258 microversion: 1.28 [pid: 7|app: 0|req: 505/1013] 199.204.45.72 () {34 vars in 861 bytes} [Mon May 25 01:55:05 2026] GET /allocations/c555ac47-4b97-48fb-acd6-959189d37305 => generated 258 bytes in 15 msecs (HTTP/1.1 200) 8 headers in 296 bytes (1 switches on core 0)
2026-05-25 01:55:06.875 8 INFO placement.requestlog [req-570f0f97-cc8c-455f-befb-44cfa632411e req-7e3ac08a-b72d-4af7-9675-21a77e9e5ec9 b5359662c5834fd6ae4ce15970426a82 b2a546254df3488fbddd714b7f50efe9 - - b4886bf9aa194294ab01b036fd7452ba b4886bf9aa194294ab01b036fd7452ba] 199.204.45.72 "GET /resource_providers/c7e9f110-90c4-4cd9-a3f6-efd802c595a4/allocations" status: 200 len: 253 microversion: 1.0 [pid: 8|app: 0|req: 509/1014] 199.204.45.72 () {32 vars in 855 bytes} [Mon May 25 01:55:06 2026] GET /resource_providers/c7e9f110-90c4-4cd9-a3f6-efd802c595a4/allocations => generated 253 bytes in 15 msecs (HTTP/1.1 200) 6 headers in 224 bytes (1 switches on core 0)
2026-05-25 01:55:06.901 7 INFO placement.requestlog [req-570f0f97-cc8c-455f-befb-44cfa632411e req-cfb264fb-edd9-4bb8-9ad7-697ac6941f8d b5359662c5834fd6ae4ce15970426a82 b2a546254df3488fbddd714b7f50efe9 - - b4886bf9aa194294ab01b036fd7452ba b4886bf9aa194294ab01b036fd7452ba] 199.204.45.72 "GET /allocations/8fe834ea-00ef-4292-a4c0-670cc308470a" status: 200 len: 258 microversion: 1.28 [pid: 7|app: 0|req: 506/1015] 199.204.45.72 () {34 vars in 861 bytes} [Mon May 25 01:55:06 2026] GET /allocations/8fe834ea-00ef-4292-a4c0-670cc308470a => generated 258 bytes in 11 msecs (HTTP/1.1 200) 8 headers in 296 bytes (1 switches on core 0)
2026-05-25 01:55:06.917 8 INFO placement.requestlog [req-570f0f97-cc8c-455f-befb-44cfa632411e req-fa206203-f05a-43e5-8bd1-0a899a1c4400 b5359662c5834fd6ae4ce15970426a82 b2a546254df3488fbddd714b7f50efe9 - - b4886bf9aa194294ab01b036fd7452ba b4886bf9aa194294ab01b036fd7452ba] 199.204.45.72 "GET /allocations/c555ac47-4b97-48fb-acd6-959189d37305" status: 200 len: 258 microversion: 1.28 [pid: 8|app: 0|req: 510/1016] 199.204.45.72 () {34 vars in 861 bytes} [Mon May 25 01:55:06 2026] GET /allocations/c555ac47-4b97-48fb-acd6-959189d37305 => generated 258 bytes in 11 msecs (HTTP/1.1 200) 8 headers in 296 bytes (1 switches on core 0)
2026-05-25 01:55:10.838 7 INFO placement.requestlog [None req-dc83f6d8-b5de-4f70-96e0-9d14176ffc1d - - - - - -] 10.0.0.10 "GET /" status: 200 len: 136 microversion: 1.0
2026-05-25 01:55:10.838 8 INFO placement.requestlog [None req-23c5cd8b-671e-4a02-a838-8eb6fcb58793 - - - - - -] 10.0.0.10 "GET /" status: 200 len: 136 microversion: 1.0
2026-05-25 01:55:11.908 8 INFO placement.requestlog [req-db45783a-ddb0-4bc6-8967-8226495ea39e req-a55a8b65-1e62-4be5-a44c-c6ed28227ef2 b5359662c5834fd6ae4ce15970426a82 b2a546254df3488fbddd714b7f50efe9 - - b4886bf9aa194294ab01b036fd7452ba b4886bf9aa194294ab01b036fd7452ba] 199.204.45.72 "GET /resource_providers/c7e9f110-90c4-4cd9-a3f6-efd802c595a4/allocations" status: 200 len: 253 microversion: 1.0 [pid: 8|app: 0|req: 512/1019] 199.204.45.72 () {32 vars in 855 bytes} [Mon May 25 01:55:11 2026] GET /resource_providers/c7e9f110-90c4-4cd9-a3f6-efd802c595a4/allocations => generated 253 bytes in 11 msecs (HTTP/1.1 200) 6 headers in 224 bytes (1 switches on core 0)
2026-05-25 01:55:11.924 7 INFO placement.requestlog [req-db45783a-ddb0-4bc6-8967-8226495ea39e req-8471b55f-9860-4425-8c1c-b86e72070f2f b5359662c5834fd6ae4ce15970426a82 b2a546254df3488fbddd714b7f50efe9 - - b4886bf9aa194294ab01b036fd7452ba b4886bf9aa194294ab01b036fd7452ba] 199.204.45.72 "GET /allocations/8fe834ea-00ef-4292-a4c0-670cc308470a" status: 200 len: 258 microversion: 1.28 [pid: 7|app: 0|req: 508/1020] 199.204.45.72 () {34 vars in 861 bytes} [Mon May 25 01:55:11 2026] GET /allocations/8fe834ea-00ef-4292-a4c0-670cc308470a => generated 258 bytes in 9 msecs (HTTP/1.1 200) 8 headers in 296 bytes (1 switches on core 0)
2026-05-25 01:55:11.934 8 INFO placement.requestlog [req-db45783a-ddb0-4bc6-8967-8226495ea39e req-74b9262e-d72b-4cb3-a1d9-7e7fc44d3b85 b5359662c5834fd6ae4ce15970426a82 b2a546254df3488fbddd714b7f50efe9 - - b4886bf9aa194294ab01b036fd7452ba b4886bf9aa194294ab01b036fd7452ba] 199.204.45.72 "GET /allocations/c555ac47-4b97-48fb-acd6-959189d37305" status: 200 len: 258 microversion: 1.28 [pid: 8|app: 0|req: 513/1021] 199.204.45.72 () {34 vars in 861 bytes} [Mon May 25 01:55:11 2026] GET /allocations/c555ac47-4b97-48fb-acd6-959189d37305 => generated 258 bytes in 7 msecs (HTTP/1.1 200) 8 headers in 296 bytes (1 switches on core 0)
2026-05-25 01:55:12.978 7 INFO placement.requestlog [req-db45783a-ddb0-4bc6-8967-8226495ea39e req-e69859f8-b7ca-40a1-87e4-19019518bf16 b5359662c5834fd6ae4ce15970426a82 b2a546254df3488fbddd714b7f50efe9 - - b4886bf9aa194294ab01b036fd7452ba b4886bf9aa194294ab01b036fd7452ba] 199.204.45.72 "DELETE /allocations/8fe834ea-00ef-4292-a4c0-670cc308470a" status: 204 len: 0 microversion: 1.0 [pid: 7|app: 0|req: 509/1022] 199.204.45.72 () {34 vars in 839 bytes} [Mon May 25 01:55:12 2026] DELETE /allocations/8fe834ea-00ef-4292-a4c0-670cc308470a => generated 0 bytes in 20 msecs (HTTP/1.1 204) 5 headers in 198 bytes (1 switches on core 0)
2026-05-25 01:55:16.941 7 INFO placement.requestlog [None req-0f8c67e8-edd3-4d26-8a58-bb7736d136a1 5218039aafda45f3be642c6014d3ae9b b2a546254df3488fbddd714b7f50efe9 - - b4886bf9aa194294ab01b036fd7452ba b4886bf9aa194294ab01b036fd7452ba] 10.0.0.8 "GET /resource_providers/d523d215-eaea-4443-ab79-a5f1e11df15e/aggregates" status: 404 len: 235 microversion: 1.1 [pid: 7|app: 0|req: 510/1023] 10.0.0.8 () {32 vars in 822 bytes} [Mon May 25 01:55:16 2026] GET /resource_providers/d523d215-eaea-4443-ab79-a5f1e11df15e/aggregates => generated 235 bytes in 14 msecs (HTTP/1.1 404) 5 headers in 202 bytes (1 switches on core 0)
2026-05-25 01:55:16.942 8 INFO placement.requestlog [None req-86922aa7-49db-4f60-aaa6-a4f2b6e05e0f 5218039aafda45f3be642c6014d3ae9b b2a546254df3488fbddd714b7f50efe9 - - b4886bf9aa194294ab01b036fd7452ba b4886bf9aa194294ab01b036fd7452ba] 10.0.0.8 "GET /resource_providers/d523d215-eaea-4443-ab79-a5f1e11df15e/aggregates" status: 404 len: 235 microversion: 1.1 [pid: 8|app: 0|req: 514/1024] 10.0.0.8 () {32 vars in 822 bytes} [Mon May 25 01:55:16 2026] GET /resource_providers/d523d215-eaea-4443-ab79-a5f1e11df15e/aggregates => generated 235 bytes in 19 msecs (HTTP/1.1 404) 5 headers in 202 bytes (1 switches on core 0)
2026-05-25 01:55:16.955 7 INFO placement.requestlog [None req-96a43e66-fb02-44ab-965e-c69a0b104244 5218039aafda45f3be642c6014d3ae9b b2a546254df3488fbddd714b7f50efe9 - - b4886bf9aa194294ab01b036fd7452ba b4886bf9aa194294ab01b036fd7452ba] 10.0.0.8 "DELETE /resource_providers/d523d215-eaea-4443-ab79-a5f1e11df15e" status: 404 len: 246 microversion: 1.1 [pid: 7|app: 0|req: 511/1025] 10.0.0.8 () {34 vars in 822 bytes} [Mon May 25 01:55:16 2026] DELETE /resource_providers/d523d215-eaea-4443-ab79-a5f1e11df15e => generated 246 bytes in 6 msecs (HTTP/1.1 404) 6 headers in 231 bytes (1 switches on core 0)
2026-05-25 01:55:16.957 8 INFO placement.requestlog [None req-6d61b12e-028b-49cd-850e-d4fdc8b00c22 5218039aafda45f3be642c6014d3ae9b b2a546254df3488fbddd714b7f50efe9 - - b4886bf9aa194294ab01b036fd7452ba b4886bf9aa194294ab01b036fd7452ba] 10.0.0.8 "DELETE /resource_providers/d523d215-eaea-4443-ab79-a5f1e11df15e" status: 404 len: 246 microversion: 1.1 [pid: 8|app: 0|req: 515/1026] 10.0.0.8 () {34 vars in 822 bytes} [Mon May 25 01:55:16 2026] DELETE /resource_providers/d523d215-eaea-4443-ab79-a5f1e11df15e => generated 246 bytes in 8 msecs (HTTP/1.1 404) 6 headers in 231 bytes (1 switches on core 0)
2026-05-25 01:55:18.974 7 INFO placement.requestlog [None req-cdc08a76-722b-40a4-9cb8-b8cc10173453 5218039aafda45f3be642c6014d3ae9b b2a546254df3488fbddd714b7f50efe9 - - b4886bf9aa194294ab01b036fd7452ba b4886bf9aa194294ab01b036fd7452ba] 10.0.0.8 "GET /resource_providers/9cafa832-892a-4f06-88b3-1a75dd219b93/aggregates" status: 404 len: 235 microversion: 1.1 [pid: 7|app: 0|req: 512/1027] 10.0.0.8 () {32 vars in 822 bytes} [Mon May 25 01:55:18 2026] GET /resource_providers/9cafa832-892a-4f06-88b3-1a75dd219b93/aggregates => generated 235 bytes in 10 msecs (HTTP/1.1 404) 5 headers in 202 bytes (1 switches on core 0)
2026-05-25 01:55:18.976 8 INFO placement.requestlog [None req-33e1c8ff-e3a8-437d-bf67-51b83667d01b 5218039aafda45f3be642c6014d3ae9b b2a546254df3488fbddd714b7f50efe9 - - b4886bf9aa194294ab01b036fd7452ba b4886bf9aa194294ab01b036fd7452ba] 10.0.0.8 "GET /resource_providers/9cafa832-892a-4f06-88b3-1a75dd219b93/aggregates" status: 404 len: 235 microversion: 1.1 [pid: 8|app: 0|req: 516/1028] 10.0.0.8 () {32 vars in 822 bytes} [Mon May 25 01:55:18 2026] GET /resource_providers/9cafa832-892a-4f06-88b3-1a75dd219b93/aggregates => generated 235 bytes in 8 msecs (HTTP/1.1 404) 5 headers in 202 bytes (1 switches on core 0)
2026-05-25 01:55:18.989 7 INFO placement.requestlog [None req-e838c097-3f38-41da-9f40-48e961c1b70f 5218039aafda45f3be642c6014d3ae9b b2a546254df3488fbddd714b7f50efe9 - - b4886bf9aa194294ab01b036fd7452ba b4886bf9aa194294ab01b036fd7452ba] 10.0.0.8 "DELETE /resource_providers/9cafa832-892a-4f06-88b3-1a75dd219b93" status: 404 len: 246 microversion: 1.1
2026-05-25 01:55:18.989 8 INFO placement.requestlog [None req-24f35660-3817-414c-8fc1-686a4f536f38 5218039aafda45f3be642c6014d3ae9b b2a546254df3488fbddd714b7f50efe9 - - b4886bf9aa194294ab01b036fd7452ba b4886bf9aa194294ab01b036fd7452ba] 10.0.0.8 "DELETE /resource_providers/9cafa832-892a-4f06-88b3-1a75dd219b93" status: 404 len: 246 microversion: 1.1 [pid: 7|app: 0|req: 513/1029] 10.0.0.8 () {34 vars in 822 bytes} [Mon May 25 01:55:18 2026] DELETE /resource_providers/9cafa832-892a-4f06-88b3-1a75dd219b93 => generated 246 bytes in 7 msecs (HTTP/1.1 404) 6 headers in 231 bytes (1 switches on core 0) [pid: 8|app: 0|req: 517/1030] 10.0.0.8 () {34 vars in 822 bytes} [Mon May 25 01:55:18 2026] DELETE /resource_providers/9cafa832-892a-4f06-88b3-1a75dd219b93 => generated 246 bytes in 7 msecs (HTTP/1.1 404) 6 headers in 231 bytes (1 switches on core 0)
2026-05-25 01:55:20.837 7 INFO placement.requestlog [None req-b35face3-fbec-44ae-88fc-f3c4211b1c5a - - - - - -] 10.0.0.10 "GET /" status: 200 len: 136 microversion: 1.0
2026-05-25 01:55:20.837 8 INFO placement.requestlog [None req-81987962-f532-4a09-b8ec-ba38d9f1a197 - - - - - -] 10.0.0.10 "GET /" status: 200 len: 136 microversion: 1.0
2026-05-25 01:55:21.436 7 INFO placement.requestlog [req-89c792b0-305b-4e19-b8d2-e3fc8c1f6bf4 req-aee45c47-9807-4f60-afbc-bf24d8d6e252 b5359662c5834fd6ae4ce15970426a82 b2a546254df3488fbddd714b7f50efe9 - - b4886bf9aa194294ab01b036fd7452ba b4886bf9aa194294ab01b036fd7452ba] 10.0.0.181 "GET /allocation_candidates?limit=1000&resources=DISK_GB%3A1%2CMEMORY_MB%3A512%2CVCPU%3A1&root_required=%21COMPUTE_STATUS_DISABLED" status: 200 len: 2386 microversion: 1.36 [pid: 7|app: 0|req: 515/1033] 10.0.0.181 () {34 vars in 1011 bytes} [Mon May 25 01:55:21 2026] GET /allocation_candidates?limit=1000&resources=DISK_GB%3A1%2CMEMORY_MB%3A512%2CVCPU%3A1&root_required=%21COMPUTE_STATUS_DISABLED => generated 2386 bytes in 62 msecs (HTTP/1.1 200) 8 headers in 297 bytes (1 switches on core 0)
2026-05-25 01:55:21.461 8 INFO placement.requestlog [req-89c792b0-305b-4e19-b8d2-e3fc8c1f6bf4 req-46189930-ee29-47f9-891b-456eb86f1704 b5359662c5834fd6ae4ce15970426a82 b2a546254df3488fbddd714b7f50efe9 - - b4886bf9aa194294ab01b036fd7452ba b4886bf9aa194294ab01b036fd7452ba] 10.0.0.181 "GET /allocations/7da7754d-c5bc-413c-a569-b2341ee4b4b3" status: 200 len: 19 microversion: 1.28 [pid: 8|app: 0|req: 519/1034] 10.0.0.181 () {34 vars in 860 bytes} [Mon May 25 01:55:21 2026] GET /allocations/7da7754d-c5bc-413c-a569-b2341ee4b4b3 => generated 19 bytes in 13 msecs (HTTP/1.1 200) 8 headers in 295 bytes (1 switches on core 0)
2026-05-25 01:55:21.518 7 INFO placement.requestlog [req-89c792b0-305b-4e19-b8d2-e3fc8c1f6bf4 req-347d9039-dcc3-42e3-9322-2d4015e35885 b5359662c5834fd6ae4ce15970426a82 b2a546254df3488fbddd714b7f50efe9 - - b4886bf9aa194294ab01b036fd7452ba b4886bf9aa194294ab01b036fd7452ba] 10.0.0.181 "PUT /allocations/7da7754d-c5bc-413c-a569-b2341ee4b4b3" status: 204 len: 0 microversion: 1.36 [pid: 7|app: 0|req: 516/1035] 10.0.0.181 () {38 vars in 913 bytes} [Mon May 25 01:55:21 2026] PUT /allocations/7da7754d-c5bc-413c-a569-b2341ee4b4b3 => generated 0 bytes in 52 msecs (HTTP/1.1 204) 5 headers in 199 bytes (1 switches on core 0)
2026-05-25 01:55:22.993 8 INFO placement.requestlog [req-89c792b0-305b-4e19-b8d2-e3fc8c1f6bf4 req-4262fc3d-f387-46de-bdb4-a20f6c5e7248 b5359662c5834fd6ae4ce15970426a82 b2a546254df3488fbddd714b7f50efe9 - - b4886bf9aa194294ab01b036fd7452ba b4886bf9aa194294ab01b036fd7452ba] 199.204.45.72 "GET /allocations/7da7754d-c5bc-413c-a569-b2341ee4b4b3" status: 200 len: 258 microversion: 1.28 [pid: 8|app: 0|req: 520/1036] 199.204.45.72 () {34 vars in 861 bytes} [Mon May 25 01:55:22 2026] GET /allocations/7da7754d-c5bc-413c-a569-b2341ee4b4b3 => generated 258 bytes in 16 msecs (HTTP/1.1 200) 8 headers in 296 bytes (1 switches on core 0)
2026-05-25 01:55:24.031 7 INFO placement.requestlog [req-89c792b0-305b-4e19-b8d2-e3fc8c1f6bf4 req-22c13ff8-1e7a-4157-9aca-7debfee26708 b5359662c5834fd6ae4ce15970426a82 b2a546254df3488fbddd714b7f50efe9 - - b4886bf9aa194294ab01b036fd7452ba b4886bf9aa194294ab01b036fd7452ba] 199.204.45.72 "GET /resource_providers/c7e9f110-90c4-4cd9-a3f6-efd802c595a4/allocations" status: 200 len: 253 microversion: 1.0 [pid: 7|app: 0|req: 517/1037] 199.204.45.72 () {32 vars in 855 bytes} [Mon May 25 01:55:24 2026] GET /resource_providers/c7e9f110-90c4-4cd9-a3f6-efd802c595a4/allocations => generated 253 bytes in 14 msecs (HTTP/1.1 200) 6 headers in 224 bytes (1 switches on core 0)
2026-05-25 01:55:24.048 8 INFO placement.requestlog [req-89c792b0-305b-4e19-b8d2-e3fc8c1f6bf4 req-d9764cc1-c2a6-4c43-8b1e-fb0f0d09466a b5359662c5834fd6ae4ce15970426a82 b2a546254df3488fbddd714b7f50efe9 - - b4886bf9aa194294ab01b036fd7452ba b4886bf9aa194294ab01b036fd7452ba] 199.204.45.72 "GET /allocations/c555ac47-4b97-48fb-acd6-959189d37305" status: 200 len: 258 microversion: 1.28 [pid: 8|app: 0|req: 521/1038] 199.204.45.72 () {34 vars in 861 bytes} [Mon May 25 01:55:24 2026] GET /allocations/c555ac47-4b97-48fb-acd6-959189d37305 => generated 258 bytes in 13 msecs (HTTP/1.1 200) 8 headers in 296 bytes (1 switches on core 0)
2026-05-25 01:55:24.067 7 INFO placement.requestlog [req-89c792b0-305b-4e19-b8d2-e3fc8c1f6bf4 req-12581522-0063-4ee2-a403-cf762f52db0d b5359662c5834fd6ae4ce15970426a82 b2a546254df3488fbddd714b7f50efe9 - - b4886bf9aa194294ab01b036fd7452ba b4886bf9aa194294ab01b036fd7452ba] 199.204.45.72 "GET /allocations/7da7754d-c5bc-413c-a569-b2341ee4b4b3" status: 200 len: 258 microversion: 1.28 [pid: 7|app: 0|req: 518/1039] 199.204.45.72 () {34 vars in 861 bytes} [Mon May 25 01:55:24 2026] GET /allocations/7da7754d-c5bc-413c-a569-b2341ee4b4b3 => generated 258 bytes in 14 msecs (HTTP/1.1 200) 8 headers in 296 bytes (1 switches on core 0)
2026-05-25 01:55:25.295 7 INFO placement.requestlog [None req-2eeceb85-c088-4f99-bcca-af276f437f8a 5218039aafda45f3be642c6014d3ae9b b2a546254df3488fbddd714b7f50efe9 - - b4886bf9aa194294ab01b036fd7452ba b4886bf9aa194294ab01b036fd7452ba] 10.0.0.8 "GET /resource_providers/114dae7b-6e3e-44a6-92d6-62d9208916ff/aggregates" status: 404 len: 235 microversion: 1.1 [pid: 7|app: 0|req: 519/1040] 10.0.0.8 () {32 vars in 822 bytes} [Mon May 25 01:55:25 2026] GET /resource_providers/114dae7b-6e3e-44a6-92d6-62d9208916ff/aggregates => generated 235 bytes in 6 msecs (HTTP/1.1 404) 5 headers in 202 bytes (1 switches on core 0)
2026-05-25 01:55:25.297 8 INFO placement.requestlog [None req-49b8ebd3-35d4-4b6b-bc47-f19230304f6f 5218039aafda45f3be642c6014d3ae9b b2a546254df3488fbddd714b7f50efe9 - - b4886bf9aa194294ab01b036fd7452ba b4886bf9aa194294ab01b036fd7452ba] 10.0.0.8 "GET /resource_providers/114dae7b-6e3e-44a6-92d6-62d9208916ff/aggregates" status: 404 len: 235 microversion: 1.1 [pid: 8|app: 0|req: 522/1041] 10.0.0.8 () {32 vars in 822 bytes} [Mon May 25 01:55:25 2026] GET /resource_providers/114dae7b-6e3e-44a6-92d6-62d9208916ff/aggregates => generated 235 bytes in 10 msecs (HTTP/1.1 404) 5 headers in 202 bytes (1 switches on core 0)
2026-05-25 01:55:25.311 7 INFO placement.requestlog [None req-b9e8b560-8e1e-42ce-95ef-c663b0e9f60f 5218039aafda45f3be642c6014d3ae9b b2a546254df3488fbddd714b7f50efe9 - - b4886bf9aa194294ab01b036fd7452ba b4886bf9aa194294ab01b036fd7452ba] 10.0.0.8 "DELETE /resource_providers/114dae7b-6e3e-44a6-92d6-62d9208916ff" status: 404 len: 246 microversion: 1.1 [pid: 7|app: 0|req: 520/1042] 10.0.0.8 () {34 vars in 822 bytes} [Mon May 25 01:55:25 2026] DELETE /resource_providers/114dae7b-6e3e-44a6-92d6-62d9208916ff => generated 246 bytes in 6 msecs (HTTP/1.1 404) 6 headers in 231 bytes (1 switches on core 0)
2026-05-25 01:55:25.313 8 INFO placement.requestlog [None req-f74bdb61-8707-4213-a428-623de8d27152 5218039aafda45f3be642c6014d3ae9b b2a546254df3488fbddd714b7f50efe9 - - b4886bf9aa194294ab01b036fd7452ba b4886bf9aa194294ab01b036fd7452ba] 10.0.0.8 "DELETE /resource_providers/114dae7b-6e3e-44a6-92d6-62d9208916ff" status: 404 len: 246 microversion: 1.1 [pid: 8|app: 0|req: 523/1043] 10.0.0.8 () {34 vars in 822 bytes} [Mon May 25 01:55:25 2026] DELETE /resource_providers/114dae7b-6e3e-44a6-92d6-62d9208916ff => generated 246 bytes in 8 msecs (HTTP/1.1 404) 6 headers in 231 bytes (1 switches on core 0)
2026-05-25 01:55:27.332 7 INFO placement.requestlog [None req-246c9ceb-3d57-4e5e-bf1d-18bca6b1f69b 5218039aafda45f3be642c6014d3ae9b b2a546254df3488fbddd714b7f50efe9 - - b4886bf9aa194294ab01b036fd7452ba b4886bf9aa194294ab01b036fd7452ba] 10.0.0.8 "GET /resource_providers/d6e9806c-2b71-49a0-90e0-ef63c8bd310c/aggregates" status: 404 len: 235 microversion: 1.1 [pid: 7|app: 0|req: 521/1044] 10.0.0.8 () {32 vars in 822 bytes} [Mon May 25 01:55:27 2026] GET /resource_providers/d6e9806c-2b71-49a0-90e0-ef63c8bd310c/aggregates => generated 235 bytes in 13 msecs (HTTP/1.1 404) 5 headers in 202 bytes (1 switches on core 0)
2026-05-25 01:55:27.334 8 INFO placement.requestlog [None req-0f992fd3-8707-46fb-a82c-92db568c53b1 5218039aafda45f3be642c6014d3ae9b b2a546254df3488fbddd714b7f50efe9 - - b4886bf9aa194294ab01b036fd7452ba b4886bf9aa194294ab01b036fd7452ba] 10.0.0.8 "GET /resource_providers/d6e9806c-2b71-49a0-90e0-ef63c8bd310c/aggregates" status: 404 len: 235 microversion: 1.1 [pid: 8|app: 0|req: 524/1045] 10.0.0.8 () {32 vars in 822 bytes} [Mon May 25 01:55:27 2026] GET /resource_providers/d6e9806c-2b71-49a0-90e0-ef63c8bd310c/aggregates => generated 235 bytes in 11 msecs (HTTP/1.1 404) 5 headers in 202 bytes (1 switches on core 0)
2026-05-25 01:55:27.345 7 INFO placement.requestlog [None req-59264050-a6a0-48d6-88bd-35083a3f9cc7 5218039aafda45f3be642c6014d3ae9b b2a546254df3488fbddd714b7f50efe9 - - b4886bf9aa194294ab01b036fd7452ba b4886bf9aa194294ab01b036fd7452ba] 10.0.0.8 "DELETE /resource_providers/d6e9806c-2b71-49a0-90e0-ef63c8bd310c" status: 404 len: 246 microversion: 1.1 [pid: 7|app: 0|req: 522/1046] 10.0.0.8 () {34 vars in 822 bytes} [Mon May 25 01:55:27 2026] DELETE /resource_providers/d6e9806c-2b71-49a0-90e0-ef63c8bd310c => generated 246 bytes in 9 msecs (HTTP/1.1 404) 6 headers in 231 bytes (1 switches on core 0)
2026-05-25 01:55:27.363 8 INFO placement.requestlog [None req-4ea55e04-f038-4870-8211-193ac4e0ef50 5218039aafda45f3be642c6014d3ae9b b2a546254df3488fbddd714b7f50efe9 - - b4886bf9aa194294ab01b036fd7452ba b4886bf9aa194294ab01b036fd7452ba] 10.0.0.8 "DELETE /resource_providers/d6e9806c-2b71-49a0-90e0-ef63c8bd310c" status: 404 len: 246 microversion: 1.1 [pid: 8|app: 0|req: 525/1047] 10.0.0.8 () {34 vars in 822 bytes} [Mon May 25 01:55:27 2026] DELETE /resource_providers/d6e9806c-2b71-49a0-90e0-ef63c8bd310c => generated 246 bytes in 23 msecs (HTTP/1.1 404) 6 headers in 231 bytes (1 switches on core 0)
2026-05-25 01:55:29.521 7 INFO placement.requestlog [None req-c887f4ae-5a53-4c96-af49-b16497ec7f91 5218039aafda45f3be642c6014d3ae9b b2a546254df3488fbddd714b7f50efe9 - - b4886bf9aa194294ab01b036fd7452ba b4886bf9aa194294ab01b036fd7452ba] 10.0.0.8 "GET /resource_providers/c7e4b4b1-7a48-4e9f-aff6-a55bf0840ee7/aggregates" status: 404 len: 235 microversion: 1.1 [pid: 7|app: 0|req: 523/1048] 10.0.0.8 () {32 vars in 822 bytes} [Mon May 25 01:55:29 2026] GET /resource_providers/c7e4b4b1-7a48-4e9f-aff6-a55bf0840ee7/aggregates => generated 235 bytes in 11 msecs (HTTP/1.1 404) 5 headers in 202 bytes (1 switches on core 0)
2026-05-25 01:55:29.522 8 INFO placement.requestlog [None req-a92fb1bc-bb26-4537-83af-860cf9a43449 5218039aafda45f3be642c6014d3ae9b b2a546254df3488fbddd714b7f50efe9 - - b4886bf9aa194294ab01b036fd7452ba b4886bf9aa194294ab01b036fd7452ba] 10.0.0.8 "GET /resource_providers/c7e4b4b1-7a48-4e9f-aff6-a55bf0840ee7/aggregates" status: 404 len: 235 microversion: 1.1 [pid: 8|app: 0|req: 526/1049] 10.0.0.8 () {32 vars in 822 bytes} [Mon May 25 01:55:29 2026] GET /resource_providers/c7e4b4b1-7a48-4e9f-aff6-a55bf0840ee7/aggregates => generated 235 bytes in 13 msecs (HTTP/1.1 404) 5 headers in 202 bytes (1 switches on core 0)
2026-05-25 01:55:29.534 7 INFO placement.requestlog [None req-4b1c1d3d-8bda-4b1f-9c3a-9822cb48c707 5218039aafda45f3be642c6014d3ae9b b2a546254df3488fbddd714b7f50efe9 - - b4886bf9aa194294ab01b036fd7452ba b4886bf9aa194294ab01b036fd7452ba] 10.0.0.8 "DELETE /resource_providers/c7e4b4b1-7a48-4e9f-aff6-a55bf0840ee7" status: 404 len: 246 microversion: 1.1 [pid: 7|app: 0|req: 524/1050] 10.0.0.8 () {34 vars in 822 bytes} [Mon May 25 01:55:29 2026] DELETE /resource_providers/c7e4b4b1-7a48-4e9f-aff6-a55bf0840ee7 => generated 246 bytes in 7 msecs (HTTP/1.1 404) 6 headers in 231 bytes (1 switches on core 0)
2026-05-25 01:55:29.544 8 INFO placement.requestlog [None req-a43a9b5a-758d-4e9a-a249-5d7b98e45223 5218039aafda45f3be642c6014d3ae9b b2a546254df3488fbddd714b7f50efe9 - - b4886bf9aa194294ab01b036fd7452ba b4886bf9aa194294ab01b036fd7452ba] 10.0.0.8 "DELETE /resource_providers/c7e4b4b1-7a48-4e9f-aff6-a55bf0840ee7" status: 404 len: 246 microversion: 1.1 [pid: 8|app: 0|req: 527/1051] 10.0.0.8 () {34 vars in 822 bytes} [Mon May 25 01:55:29 2026] DELETE /resource_providers/c7e4b4b1-7a48-4e9f-aff6-a55bf0840ee7 => generated 246 bytes in 11 msecs (HTTP/1.1 404) 6 headers in 231 bytes (1 switches on core 0)
2026-05-25 01:55:30.837 7 INFO placement.requestlog [None req-304be037-ea4f-4bd7-9c4e-5de6599a44fc - - - - - -] 10.0.0.10 "GET /" status: 200 len: 136 microversion: 1.0
2026-05-25 01:55:30.837 8 INFO placement.requestlog [None req-5eb3bdca-6606-4271-bafe-cbe240ca8409 - - - - - -] 10.0.0.10 "GET /" status: 200 len: 136 microversion: 1.0
2026-05-25 01:55:36.034 7 INFO placement.requestlog [req-55590f8e-1763-4095-9401-e127574a025f req-d92d57cd-e0fc-4f08-9e36-22b5ce6285da b5359662c5834fd6ae4ce15970426a82 b2a546254df3488fbddd714b7f50efe9 - - b4886bf9aa194294ab01b036fd7452ba b4886bf9aa194294ab01b036fd7452ba] 199.204.45.72 "GET /resource_providers/c7e9f110-90c4-4cd9-a3f6-efd802c595a4/allocations" status: 200 len: 253 microversion: 1.0 [pid: 7|app: 0|req: 526/1054] 199.204.45.72 () {32 vars in 855 bytes} [Mon May 25 01:55:36 2026] GET /resource_providers/c7e9f110-90c4-4cd9-a3f6-efd802c595a4/allocations => generated 253 bytes in 21 msecs (HTTP/1.1 200) 6 headers in 224 bytes (1 switches on core 0)
2026-05-25 01:55:36.056 8 INFO placement.requestlog [req-55590f8e-1763-4095-9401-e127574a025f req-0ad82ebb-6f18-4ea2-9fee-a195d8377a66 b5359662c5834fd6ae4ce15970426a82 b2a546254df3488fbddd714b7f50efe9 - - b4886bf9aa194294ab01b036fd7452ba b4886bf9aa194294ab01b036fd7452ba] 199.204.45.72 "GET /resource_providers/c7e9f110-90c4-4cd9-a3f6-efd802c595a4/allocations" status: 200 len: 253 microversion: 1.0 [pid: 8|app: 0|req: 529/1055] 199.204.45.72 () {32 vars in 855 bytes} [Mon May 25 01:55:36 2026] GET /resource_providers/c7e9f110-90c4-4cd9-a3f6-efd802c595a4/allocations => generated 253 bytes in 16 msecs (HTTP/1.1 200) 6 headers in 224 bytes (1 switches on core 0)
2026-05-25 01:55:36.075 7 INFO placement.requestlog [req-55590f8e-1763-4095-9401-e127574a025f req-fe060a1e-542f-4c82-9cfd-112008d9e933 b5359662c5834fd6ae4ce15970426a82 b2a546254df3488fbddd714b7f50efe9 - - b4886bf9aa194294ab01b036fd7452ba b4886bf9aa194294ab01b036fd7452ba] 199.204.45.72 "GET /allocations/c555ac47-4b97-48fb-acd6-959189d37305" status: 200 len: 258 microversion: 1.28 [pid: 7|app: 0|req: 527/1056] 199.204.45.72 () {34 vars in 861 bytes} [Mon May 25 01:55:36 2026] GET /allocations/c555ac47-4b97-48fb-acd6-959189d37305 => generated 258 bytes in 12 msecs (HTTP/1.1 200) 8 headers in 296 bytes (1 switches on core 0)
2026-05-25 01:55:36.094 8 INFO placement.requestlog [req-55590f8e-1763-4095-9401-e127574a025f req-a28611a5-466f-4959-a80b-02f611073cb0 b5359662c5834fd6ae4ce15970426a82 b2a546254df3488fbddd714b7f50efe9 - - b4886bf9aa194294ab01b036fd7452ba b4886bf9aa194294ab01b036fd7452ba] 199.204.45.72 "GET /allocations/7da7754d-c5bc-413c-a569-b2341ee4b4b3" status: 200 len: 258 microversion: 1.28 [pid: 8|app: 0|req: 530/1057] 199.204.45.72 () {34 vars in 861 bytes} [Mon May 25 01:55:36 2026] GET /allocations/7da7754d-c5bc-413c-a569-b2341ee4b4b3 => generated 258 bytes in 14 msecs (HTTP/1.1 200) 8 headers in 296 bytes (1 switches on core 0)
2026-05-25 01:55:39.013 7 INFO placement.requestlog [None req-959d9bb1-5a92-4cbc-b8f0-8d6c1ad80764 5218039aafda45f3be642c6014d3ae9b b2a546254df3488fbddd714b7f50efe9 - - b4886bf9aa194294ab01b036fd7452ba b4886bf9aa194294ab01b036fd7452ba] 10.0.0.8 "GET /resource_providers/2dc54fab-d0f5-43c5-9d37-3eb9e53a7509/aggregates" status: 404 len: 235 microversion: 1.1 [pid: 7|app: 0|req: 528/1058] 10.0.0.8 () {32 vars in 822 bytes} [Mon May 25 01:55:39 2026] GET /resource_providers/2dc54fab-d0f5-43c5-9d37-3eb9e53a7509/aggregates => generated 235 bytes in 9 msecs (HTTP/1.1 404) 5 headers in 202 bytes (1 switches on core 0)
2026-05-25 01:55:39.013 8 INFO placement.requestlog [None req-7e292721-897c-41f3-9ed2-3e7aeb01c430 5218039aafda45f3be642c6014d3ae9b b2a546254df3488fbddd714b7f50efe9 - - b4886bf9aa194294ab01b036fd7452ba b4886bf9aa194294ab01b036fd7452ba] 10.0.0.8 "GET /resource_providers/2dc54fab-d0f5-43c5-9d37-3eb9e53a7509/aggregates" status: 404 len: 235 microversion: 1.1 [pid: 8|app: 0|req: 531/1059] 10.0.0.8 () {32 vars in 822 bytes} [Mon May 25 01:55:39 2026] GET /resource_providers/2dc54fab-d0f5-43c5-9d37-3eb9e53a7509/aggregates => generated 235 bytes in 9 msecs (HTTP/1.1 404) 5 headers in 202 bytes (1 switches on core 0)
2026-05-25 01:55:39.023 7 INFO placement.requestlog [None req-fc6de575-87a6-4aac-b99e-f3e3e2cef8b8 5218039aafda45f3be642c6014d3ae9b b2a546254df3488fbddd714b7f50efe9 - - b4886bf9aa194294ab01b036fd7452ba b4886bf9aa194294ab01b036fd7452ba] 10.0.0.8 "DELETE /resource_providers/2dc54fab-d0f5-43c5-9d37-3eb9e53a7509" status: 404 len: 246 microversion: 1.1 [pid: 7|app: 0|req: 529/1060] 10.0.0.8 () {34 vars in 822 bytes} [Mon May 25 01:55:39 2026] DELETE /resource_providers/2dc54fab-d0f5-43c5-9d37-3eb9e53a7509 => generated 246 bytes in 6 msecs (HTTP/1.1 404) 6 headers in 231 bytes (1 switches on core 0)
2026-05-25 01:55:39.031 8 INFO placement.requestlog [None req-55bb5b40-4496-43c9-8cc0-ac78b90a0409 5218039aafda45f3be642c6014d3ae9b b2a546254df3488fbddd714b7f50efe9 - - b4886bf9aa194294ab01b036fd7452ba b4886bf9aa194294ab01b036fd7452ba] 10.0.0.8 "DELETE /resource_providers/2dc54fab-d0f5-43c5-9d37-3eb9e53a7509" status: 404 len: 246 microversion: 1.1 [pid: 8|app: 0|req: 532/1061] 10.0.0.8 () {34 vars in 822 bytes} [Mon May 25 01:55:39 2026] DELETE /resource_providers/2dc54fab-d0f5-43c5-9d37-3eb9e53a7509 => generated 246 bytes in 10 msecs (HTTP/1.1 404) 6 headers in 231 bytes (1 switches on core 0)
2026-05-25 01:55:40.837 8 INFO placement.requestlog [None req-dce8bdd1-43b1-4e76-9d7b-97f9cd9d8946 - - - - - -] 10.0.0.10 "GET /" status: 200 len: 136 microversion: 1.0
2026-05-25 01:55:40.837 7 INFO placement.requestlog [None req-29d795ad-a5ad-49d9-8e78-98228a3b0e62 - - - - - -] 10.0.0.10 "GET /" status: 200 len: 136 microversion: 1.0
2026-05-25 01:55:41.043 8 INFO placement.requestlog [None req-2af782e2-57a5-43ad-b470-ed9d17413531 5218039aafda45f3be642c6014d3ae9b b2a546254df3488fbddd714b7f50efe9 - - b4886bf9aa194294ab01b036fd7452ba b4886bf9aa194294ab01b036fd7452ba] 10.0.0.8 "GET /resource_providers/92eebf90-f126-44bd-be99-73b199c2c3aa/aggregates" status: 404 len: 235 microversion: 1.1 [pid: 8|app: 0|req: 534/1064] 10.0.0.8 () {32 vars in 822 bytes} [Mon May 25 01:55:41 2026] GET /resource_providers/92eebf90-f126-44bd-be99-73b199c2c3aa/aggregates => generated 235 bytes in 11 msecs (HTTP/1.1 404) 5 headers in 202 bytes (1 switches on core 0)
2026-05-25 01:55:41.046 7 INFO placement.requestlog [None req-42d18f7e-bbf7-431b-afed-ccc737f18a3b 5218039aafda45f3be642c6014d3ae9b b2a546254df3488fbddd714b7f50efe9 - - b4886bf9aa194294ab01b036fd7452ba b4886bf9aa194294ab01b036fd7452ba] 10.0.0.8 "GET /resource_providers/92eebf90-f126-44bd-be99-73b199c2c3aa/aggregates" status: 404 len: 235 microversion: 1.1 [pid: 7|app: 0|req: 531/1065] 10.0.0.8 () {32 vars in 822 bytes} [Mon May 25 01:55:41 2026] GET /resource_providers/92eebf90-f126-44bd-be99-73b199c2c3aa/aggregates => generated 235 bytes in 10 msecs (HTTP/1.1 404) 5 headers in 202 bytes (1 switches on core 0)
2026-05-25 01:55:41.060 7 INFO placement.requestlog [None req-f44bbdaf-ac56-4c70-969f-9773315afa75 5218039aafda45f3be642c6014d3ae9b b2a546254df3488fbddd714b7f50efe9 - - b4886bf9aa194294ab01b036fd7452ba b4886bf9aa194294ab01b036fd7452ba] 10.0.0.8 "DELETE /resource_providers/92eebf90-f126-44bd-be99-73b199c2c3aa" status: 404 len: 246 microversion: 1.1 [pid: 7|app: 0|req: 532/1066] 10.0.0.8 () {34 vars in 822 bytes} [Mon May 25 01:55:41 2026] DELETE /resource_providers/92eebf90-f126-44bd-be99-73b199c2c3aa => generated 246 bytes in 9 msecs (HTTP/1.1 404) 6 headers in 231 bytes (1 switches on core 0)
2026-05-25 01:55:41.062 8 INFO placement.requestlog [None req-e4cde177-d7fd-4910-b33a-fd95733c3cde 5218039aafda45f3be642c6014d3ae9b b2a546254df3488fbddd714b7f50efe9 - - b4886bf9aa194294ab01b036fd7452ba b4886bf9aa194294ab01b036fd7452ba] 10.0.0.8 "DELETE /resource_providers/92eebf90-f126-44bd-be99-73b199c2c3aa" status: 404 len: 246 microversion: 1.1 [pid: 8|app: 0|req: 535/1067] 10.0.0.8 () {34 vars in 822 bytes} [Mon May 25 01:55:41 2026] DELETE /resource_providers/92eebf90-f126-44bd-be99-73b199c2c3aa => generated 246 bytes in 11 msecs (HTTP/1.1 404) 6 headers in 231 bytes (1 switches on core 0)
2026-05-25 01:55:41.078 7 INFO placement.requestlog [None req-418d4f62-e1d0-4841-bb09-f2510250cbcd 5218039aafda45f3be642c6014d3ae9b b2a546254df3488fbddd714b7f50efe9 - - b4886bf9aa194294ab01b036fd7452ba b4886bf9aa194294ab01b036fd7452ba] 10.0.0.8 "GET /resource_providers/42bed744-a1ac-4b0d-8f4e-e676ab938347/aggregates" status: 404 len: 235 microversion: 1.1 [pid: 7|app: 0|req: 533/1068] 10.0.0.8 () {32 vars in 822 bytes} [Mon May 25 01:55:41 2026] GET /resource_providers/42bed744-a1ac-4b0d-8f4e-e676ab938347/aggregates => generated 235 bytes in 8 msecs (HTTP/1.1 404) 5 headers in 202 bytes (1 switches on core 0)
2026-05-25 01:55:41.080 8 INFO placement.requestlog [None req-7fe63abc-0bb7-4400-abb0-a9d9e7bec57f 5218039aafda45f3be642c6014d3ae9b b2a546254df3488fbddd714b7f50efe9 - - b4886bf9aa194294ab01b036fd7452ba b4886bf9aa194294ab01b036fd7452ba] 10.0.0.8 "GET /resource_providers/42bed744-a1ac-4b0d-8f4e-e676ab938347/aggregates" status: 404 len: 235 microversion: 1.1 [pid: 8|app: 0|req: 536/1069] 10.0.0.8 () {32 vars in 822 bytes} [Mon May 25 01:55:41 2026] GET /resource_providers/42bed744-a1ac-4b0d-8f4e-e676ab938347/aggregates => generated 235 bytes in 10 msecs (HTTP/1.1 404) 5 headers in 202 bytes (1 switches on core 0)
2026-05-25 01:55:41.098 7 INFO placement.requestlog [None req-03373995-5ef6-4a1c-aef0-ea084853a2af 5218039aafda45f3be642c6014d3ae9b b2a546254df3488fbddd714b7f50efe9 - - b4886bf9aa194294ab01b036fd7452ba b4886bf9aa194294ab01b036fd7452ba] 10.0.0.8 "DELETE /resource_providers/42bed744-a1ac-4b0d-8f4e-e676ab938347" status: 404 len: 246 microversion: 1.1 [pid: 7|app: 0|req: 534/1070] 10.0.0.8 () {34 vars in 822 bytes} [Mon May 25 01:55:41 2026] DELETE /resource_providers/42bed744-a1ac-4b0d-8f4e-e676ab938347 => generated 246 bytes in 9 msecs (HTTP/1.1 404) 6 headers in 231 bytes (1 switches on core 0)
2026-05-25 01:55:41.102 8 INFO placement.requestlog [None req-615e4cb7-16b1-43d0-8119-af24ffe5aacb 5218039aafda45f3be642c6014d3ae9b b2a546254df3488fbddd714b7f50efe9 - - b4886bf9aa194294ab01b036fd7452ba b4886bf9aa194294ab01b036fd7452ba] 10.0.0.8 "DELETE /resource_providers/42bed744-a1ac-4b0d-8f4e-e676ab938347" status: 404 len: 246 microversion: 1.1 [pid: 8|app: 0|req: 537/1071] 10.0.0.8 () {34 vars in 822 bytes} [Mon May 25 01:55:41 2026] DELETE /resource_providers/42bed744-a1ac-4b0d-8f4e-e676ab938347 => generated 246 bytes in 11 msecs (HTTP/1.1 404) 6 headers in 231 bytes (1 switches on core 0)
2026-05-25 01:55:41.108 7 INFO placement.requestlog [None req-1acf9544-db9b-4ffd-93d3-119c9d86b116 5218039aafda45f3be642c6014d3ae9b b2a546254df3488fbddd714b7f50efe9 - - b4886bf9aa194294ab01b036fd7452ba b4886bf9aa194294ab01b036fd7452ba] 10.0.0.8 "GET /resource_providers/73a788ac-3ecb-490c-b5d7-deeae01505eb/aggregates" status: 404 len: 235 microversion: 1.1 [pid: 7|app: 0|req: 535/1072] 10.0.0.8 () {32 vars in 822 bytes} [Mon May 25 01:55:41 2026] GET /resource_providers/73a788ac-3ecb-490c-b5d7-deeae01505eb/aggregates => generated 235 bytes in 6 msecs (HTTP/1.1 404) 5 headers in 202 bytes (1 switches on core 0)
2026-05-25 01:55:41.111 8 INFO placement.requestlog [None req-bb57e9ac-1b99-4466-9767-96cc3d20e042 5218039aafda45f3be642c6014d3ae9b b2a546254df3488fbddd714b7f50efe9 - - b4886bf9aa194294ab01b036fd7452ba b4886bf9aa194294ab01b036fd7452ba] 10.0.0.8 "GET /resource_providers/73a788ac-3ecb-490c-b5d7-deeae01505eb/aggregates" status: 404 len: 235 microversion: 1.1 [pid: 8|app: 0|req: 538/1073] 10.0.0.8 () {32 vars in 822 bytes} [Mon May 25 01:55:41 2026] GET /resource_providers/73a788ac-3ecb-490c-b5d7-deeae01505eb/aggregates => generated 235 bytes in 5 msecs (HTTP/1.1 404) 5 headers in 202 bytes (1 switches on core 0)
2026-05-25 01:55:41.121 8 INFO placement.requestlog [None req-3a8e6c5d-e45b-4c35-b3ad-b96e2ff50f89 5218039aafda45f3be642c6014d3ae9b b2a546254df3488fbddd714b7f50efe9 - - b4886bf9aa194294ab01b036fd7452ba b4886bf9aa194294ab01b036fd7452ba] 10.0.0.8 "DELETE /resource_providers/73a788ac-3ecb-490c-b5d7-deeae01505eb" status: 404 len: 246 microversion: 1.1 [pid: 8|app: 0|req: 539/1074] 10.0.0.8 () {34 vars in 822 bytes} [Mon May 25 01:55:41 2026] DELETE /resource_providers/73a788ac-3ecb-490c-b5d7-deeae01505eb => generated 246 bytes in 6 msecs (HTTP/1.1 404) 6 headers in 231 bytes (1 switches on core 0)
2026-05-25 01:55:41.123 7 INFO placement.requestlog [None req-0b0ed0df-6868-40bd-a450-bb59c05c51e5 5218039aafda45f3be642c6014d3ae9b b2a546254df3488fbddd714b7f50efe9 - - b4886bf9aa194294ab01b036fd7452ba b4886bf9aa194294ab01b036fd7452ba] 10.0.0.8 "DELETE /resource_providers/73a788ac-3ecb-490c-b5d7-deeae01505eb" status: 404 len: 246 microversion: 1.1 [pid: 7|app: 0|req: 536/1075] 10.0.0.8 () {34 vars in 822 bytes} [Mon May 25 01:55:41 2026] DELETE /resource_providers/73a788ac-3ecb-490c-b5d7-deeae01505eb => generated 246 bytes in 11 msecs (HTTP/1.1 404) 6 headers in 231 bytes (1 switches on core 0)
2026-05-25 01:55:41.134 8 INFO placement.requestlog [None req-392dd192-1cd6-43b6-b745-7899857aa52e 5218039aafda45f3be642c6014d3ae9b b2a546254df3488fbddd714b7f50efe9 - - b4886bf9aa194294ab01b036fd7452ba b4886bf9aa194294ab01b036fd7452ba] 10.0.0.8 "GET /resource_providers/73ca8b41-6816-4650-9af8-c8144fcf1b1d/aggregates" status: 404 len: 235 microversion: 1.1 [pid: 8|app: 0|req: 540/1076] 10.0.0.8 () {32 vars in 822 bytes} [Mon May 25 01:55:41 2026] GET /resource_providers/73ca8b41-6816-4650-9af8-c8144fcf1b1d/aggregates => generated 235 bytes in 6 msecs (HTTP/1.1 404) 5 headers in 202 bytes (1 switches on core 0)
2026-05-25 01:55:41.134 7 INFO placement.requestlog [None req-93b168e5-9c60-48f7-8e6a-f90d7d31c3df 5218039aafda45f3be642c6014d3ae9b b2a546254df3488fbddd714b7f50efe9 - - b4886bf9aa194294ab01b036fd7452ba b4886bf9aa194294ab01b036fd7452ba] 10.0.0.8 "GET /resource_providers/73ca8b41-6816-4650-9af8-c8144fcf1b1d/aggregates" status: 404 len: 235 microversion: 1.1 [pid: 7|app: 0|req: 537/1077] 10.0.0.8 () {32 vars in 822 bytes} [Mon May 25 01:55:41 2026] GET /resource_providers/73ca8b41-6816-4650-9af8-c8144fcf1b1d/aggregates => generated 235 bytes in 5 msecs (HTTP/1.1 404) 5 headers in 202 bytes (1 switches on core 0)
2026-05-25 01:55:41.143 8 INFO placement.requestlog [None req-4a316581-d9ae-456a-bf61-fc0767bdf9c1 5218039aafda45f3be642c6014d3ae9b b2a546254df3488fbddd714b7f50efe9 - - b4886bf9aa194294ab01b036fd7452ba b4886bf9aa194294ab01b036fd7452ba] 10.0.0.8 "DELETE /resource_providers/73ca8b41-6816-4650-9af8-c8144fcf1b1d" status: 404 len: 246 microversion: 1.1 [pid: 8|app: 0|req: 541/1078] 10.0.0.8 () {34 vars in 822 bytes} [Mon May 25 01:55:41 2026] DELETE /resource_providers/73ca8b41-6816-4650-9af8-c8144fcf1b1d => generated 246 bytes in 6 msecs (HTTP/1.1 404) 6 headers in 231 bytes (1 switches on core 0)
2026-05-25 01:55:41.145 7 INFO placement.requestlog [None req-0b8fced5-c9e1-4869-b7e9-520010c802da 5218039aafda45f3be642c6014d3ae9b b2a546254df3488fbddd714b7f50efe9 - - b4886bf9aa194294ab01b036fd7452ba b4886bf9aa194294ab01b036fd7452ba] 10.0.0.8 "DELETE /resource_providers/73ca8b41-6816-4650-9af8-c8144fcf1b1d" status: 404 len: 246 microversion: 1.1 [pid: 7|app: 0|req: 538/1079] 10.0.0.8 () {34 vars in 822 bytes} [Mon May 25 01:55:41 2026] DELETE /resource_providers/73ca8b41-6816-4650-9af8-c8144fcf1b1d => generated 246 bytes in 6 msecs (HTTP/1.1 404) 6 headers in 231 bytes (1 switches on core 0)
2026-05-25 01:55:50.837 8 INFO placement.requestlog [None req-0a25b2c9-790d-46e3-986d-2622c1011b3a - - - - - -] 10.0.0.10 "GET /" status: 200 len: 136 microversion: 1.0
2026-05-25 01:55:50.837 7 INFO placement.requestlog [None req-fc1a91de-dcfa-45d9-94ce-595ad8de435c - - - - - -] 10.0.0.10 "GET /" status: 200 len: 136 microversion: 1.0
2026-05-25 01:56:00.692 8 INFO placement.requestlog [req-57d5ad67-8121-4e78-b2dd-bc17eee5f5a7 req-8a058040-38a1-4571-8ef4-5e382f72e3e4 b5359662c5834fd6ae4ce15970426a82 b2a546254df3488fbddd714b7f50efe9 - - b4886bf9aa194294ab01b036fd7452ba b4886bf9aa194294ab01b036fd7452ba] 10.0.0.181 "GET /allocation_candidates?limit=1000&resources=MEMORY_MB%3A2048%2CVCPU%3A2&root_required=%21COMPUTE_STATUS_DISABLED" status: 200 len: 2374 microversion: 1.36 [pid: 8|app: 0|req: 543/1082] 10.0.0.181 () {34 vars in 985 bytes} [Mon May 25 01:56:00 2026] GET /allocation_candidates?limit=1000&resources=MEMORY_MB%3A2048%2CVCPU%3A2&root_required=%21COMPUTE_STATUS_DISABLED => generated 2374 bytes in 37 msecs (HTTP/1.1 200) 8 headers in 297 bytes (1 switches on core 0)
2026-05-25 01:56:00.719 7 INFO placement.requestlog [req-57d5ad67-8121-4e78-b2dd-bc17eee5f5a7 req-2c948fbe-14da-4a8a-8f17-758d94577d25 b5359662c5834fd6ae4ce15970426a82 b2a546254df3488fbddd714b7f50efe9 - - b4886bf9aa194294ab01b036fd7452ba b4886bf9aa194294ab01b036fd7452ba] 10.0.0.181 "GET /allocations/f9d40325-8c64-4778-b157-5736382f460e" status: 200 len: 19 microversion: 1.28 [pid: 7|app: 0|req: 540/1083] 10.0.0.181 () {34 vars in 860 bytes} [Mon May 25 01:56:00 2026] GET /allocations/f9d40325-8c64-4778-b157-5736382f460e => generated 19 bytes in 11 msecs (HTTP/1.1 200) 8 headers in 295 bytes (1 switches on core 0)
2026-05-25 01:56:00.781 8 INFO placement.requestlog [req-57d5ad67-8121-4e78-b2dd-bc17eee5f5a7 req-7c6903ee-d0fd-4cdc-9c83-53f505602305 b5359662c5834fd6ae4ce15970426a82 b2a546254df3488fbddd714b7f50efe9 - - b4886bf9aa194294ab01b036fd7452ba b4886bf9aa194294ab01b036fd7452ba] 10.0.0.181 "PUT /allocations/f9d40325-8c64-4778-b157-5736382f460e" status: 204 len: 0 microversion: 1.36 [pid: 8|app: 0|req: 544/1084] 10.0.0.181 () {38 vars in 913 bytes} [Mon May 25 01:56:00 2026] PUT /allocations/f9d40325-8c64-4778-b157-5736382f460e => generated 0 bytes in 53 msecs (HTTP/1.1 204) 5 headers in 199 bytes (1 switches on core 0)
2026-05-25 01:56:00.836 7 INFO placement.requestlog [None req-8f3615bf-28fc-43d6-b1f6-96b3d72b1d0f - - - - - -] 10.0.0.10 "GET /" status: 200 len: 136 microversion: 1.0
2026-05-25 01:56:00.837 8 INFO placement.requestlog [None req-dc072605-0f95-4f26-be47-4d8acc8fa4eb - - - - - -] 10.0.0.10 "GET /" status: 200 len: 136 microversion: 1.0
2026-05-25 01:56:02.295 7 INFO placement.requestlog [req-57d5ad67-8121-4e78-b2dd-bc17eee5f5a7 req-2eaa2694-d6aa-4254-b78d-90967c97f914 b5359662c5834fd6ae4ce15970426a82 b2a546254df3488fbddd714b7f50efe9 - - b4886bf9aa194294ab01b036fd7452ba b4886bf9aa194294ab01b036fd7452ba] 199.204.45.72 "GET /allocations/f9d40325-8c64-4778-b157-5736382f460e" status: 200 len: 245 microversion: 1.28 [pid: 7|app: 0|req: 542/1087] 199.204.45.72 () {34 vars in 861 bytes} [Mon May 25 01:56:02 2026] GET /allocations/f9d40325-8c64-4778-b157-5736382f460e => generated 245 bytes in 14 msecs (HTTP/1.1 200) 8 headers in 296 bytes (1 switches on core 0)
2026-05-25 01:56:03.341 8 INFO placement.requestlog [req-57d5ad67-8121-4e78-b2dd-bc17eee5f5a7 req-0b62bf9c-b1af-4c7f-b5cf-68b9bda31ed0 b5359662c5834fd6ae4ce15970426a82 b2a546254df3488fbddd714b7f50efe9 - - b4886bf9aa194294ab01b036fd7452ba b4886bf9aa194294ab01b036fd7452ba] 199.204.45.72 "GET /resource_providers/c7e9f110-90c4-4cd9-a3f6-efd802c595a4/allocations" status: 200 len: 340 microversion: 1.0 [pid: 8|app: 0|req: 546/1088] 199.204.45.72 () {32 vars in 855 bytes} [Mon May 25 01:56:03 2026] GET /resource_providers/c7e9f110-90c4-4cd9-a3f6-efd802c595a4/allocations => generated 340 bytes in 19 msecs (HTTP/1.1 200) 6 headers in 224 bytes (1 switches on core 0)
2026-05-25 01:56:03.358 7 INFO placement.requestlog [req-57d5ad67-8121-4e78-b2dd-bc17eee5f5a7 req-e14db167-f02d-4ee4-b8f6-a9daf84107e8 b5359662c5834fd6ae4ce15970426a82 b2a546254df3488fbddd714b7f50efe9 - - b4886bf9aa194294ab01b036fd7452ba b4886bf9aa194294ab01b036fd7452ba] 199.204.45.72 "GET /allocations/f9d40325-8c64-4778-b157-5736382f460e" status: 200 len: 245 microversion: 1.28 [pid: 7|app: 0|req: 543/1089] 199.204.45.72 () {34 vars in 861 bytes} [Mon May 25 01:56:03 2026] GET /allocations/f9d40325-8c64-4778-b157-5736382f460e => generated 245 bytes in 10 msecs (HTTP/1.1 200) 8 headers in 296 bytes (1 switches on core 0)
2026-05-25 01:56:03.376 8 INFO placement.requestlog [req-57d5ad67-8121-4e78-b2dd-bc17eee5f5a7 req-9daa6918-f04a-4a90-9501-411d8bee4400 b5359662c5834fd6ae4ce15970426a82 b2a546254df3488fbddd714b7f50efe9 - - b4886bf9aa194294ab01b036fd7452ba b4886bf9aa194294ab01b036fd7452ba] 199.204.45.72 "GET /allocations/c555ac47-4b97-48fb-acd6-959189d37305" status: 200 len: 258 microversion: 1.28 [pid: 8|app: 0|req: 547/1090] 199.204.45.72 () {34 vars in 861 bytes} [Mon May 25 01:56:03 2026] GET /allocations/c555ac47-4b97-48fb-acd6-959189d37305 => generated 258 bytes in 13 msecs (HTTP/1.1 200) 8 headers in 296 bytes (1 switches on core 0)
2026-05-25 01:56:03.394 7 INFO placement.requestlog [req-57d5ad67-8121-4e78-b2dd-bc17eee5f5a7 req-c999fec5-a2b3-4db4-ac46-da43088652a2 b5359662c5834fd6ae4ce15970426a82 b2a546254df3488fbddd714b7f50efe9 - - b4886bf9aa194294ab01b036fd7452ba b4886bf9aa194294ab01b036fd7452ba] 199.204.45.72 "GET /allocations/7da7754d-c5bc-413c-a569-b2341ee4b4b3" status: 200 len: 258 microversion: 1.28 [pid: 7|app: 0|req: 544/1091] 199.204.45.72 () {34 vars in 861 bytes} [Mon May 25 01:56:03 2026] GET /allocations/7da7754d-c5bc-413c-a569-b2341ee4b4b3 => generated 258 bytes in 13 msecs (HTTP/1.1 200) 8 headers in 296 bytes (1 switches on core 0)
2026-05-25 01:56:10.837 8 INFO placement.requestlog [None req-8166853b-bf8a-477a-bb81-05cb6bd7ad70 - - - - - -] 10.0.0.10 "GET /" status: 200 len: 136 microversion: 1.0
2026-05-25 01:56:10.837 7 INFO placement.requestlog [None req-72ba1ce0-6c63-43cd-a99c-8941426f38aa - - - - - -] 10.0.0.10 "GET /" status: 200 len: 136 microversion: 1.0
2026-05-25 01:56:20.836 8 INFO placement.requestlog [None req-a630e23a-8c23-42c6-bfef-b7cc128d6f18 - - - - - -] 10.0.0.10 "GET /" status: 200 len: 136 microversion: 1.0
2026-05-25 01:56:20.837 7 INFO placement.requestlog [None req-96239020-a072-40be-bbbc-dcad541270aa - - - - - -] 10.0.0.10 "GET /" status: 200 len: 136 microversion: 1.0
2026-05-25 01:56:30.837 7 INFO placement.requestlog [None req-0d835e0f-59f8-4a8b-8341-1e42cb4e3cdb - - - - - -] 10.0.0.10 "GET /" status: 200 len: 136 microversion: 1.0
2026-05-25 01:56:30.837 8 INFO placement.requestlog [None req-a4210937-75a4-4293-9211-59d08e878c76 - - - - - -] 10.0.0.10 "GET /" status: 200 len: 136 microversion: 1.0
2026-05-25 01:56:36.982 8 INFO placement.requestlog [req-1b74d780-5b4f-4443-aa46-7df56ede169c req-d12bb980-9f1b-45f0-82bf-9d3a06557931 b5359662c5834fd6ae4ce15970426a82 b2a546254df3488fbddd714b7f50efe9 - - b4886bf9aa194294ab01b036fd7452ba b4886bf9aa194294ab01b036fd7452ba] 199.204.45.72 "GET /resource_providers/c7e9f110-90c4-4cd9-a3f6-efd802c595a4/allocations" status: 200 len: 340 microversion: 1.0 [pid: 8|app: 0|req: 551/1098] 199.204.45.72 () {32 vars in 855 bytes} [Mon May 25 01:56:36 2026] GET /resource_providers/c7e9f110-90c4-4cd9-a3f6-efd802c595a4/allocations => generated 340 bytes in 16 msecs (HTTP/1.1 200) 6 headers in 224 bytes (1 switches on core 0)
