2026-05-25 01:52:56.344 9 INFO neutron.api.wsgi [None req-b7036e6b-d6e9-4944-ad20-7649e1ad2842 946374847a9440e8bcf363c3c14b9ac1 d2658826fe2a4c8a9c15cae147a6850a - - default default] 10.0.0.86 "GET /v2.0/floatingips?tags-any=red%2Cblue HTTP/1.1" status: 200 len: 1866 time: 0.2426114
2026-05-25 01:52:56.388 9 INFO neutron.api.wsgi [None req-66ede5b7-5a45-4c29-bc3d-39ecf2436ffe 946374847a9440e8bcf363c3c14b9ac1 d2658826fe2a4c8a9c15cae147a6850a - - default default] 10.0.0.86 "GET /v2.0/floatingips?not-tags=red HTTP/1.1" status: 200 len: 1295 time: 0.0403435
2026-05-25 01:52:56.435 9 INFO neutron.api.wsgi [None req-904262fe-87f1-43ce-861c-50e3527538de 946374847a9440e8bcf363c3c14b9ac1 d2658826fe2a4c8a9c15cae147a6850a - - default default] 10.0.0.86 "GET /v2.0/floatingips?not-tags=red%2Cblue HTTP/1.1" status: 200 len: 1838 time: 0.0407145
2026-05-25 01:52:56.479 9 INFO neutron.api.wsgi [None req-81bcd603-31f2-49d5-9086-2cbd1a028fb2 946374847a9440e8bcf363c3c14b9ac1 d2658826fe2a4c8a9c15cae147a6850a - - default default] 10.0.0.86 "GET /v2.0/floatingips?not-tags-any=blue HTTP/1.1" status: 200 len: 1838 time: 0.0372462
2026-05-25 01:52:56.519 9 INFO neutron.api.wsgi [None req-6b472b7d-ca59-4b06-bce0-72dc139ca20d 946374847a9440e8bcf363c3c14b9ac1 d2658826fe2a4c8a9c15cae147a6850a - - default default] 10.0.0.86 "GET /v2.0/floatingips?not-tags-any=red%2Cblue HTTP/1.1" status: 200 len: 1295 time: 0.0357680 /var/lib/openstack/lib/python3.12/site-packages/pycadf/identifier.py:71: UserWarning: Invalid uuid: neutron. To ensure interoperability, identifiers should be a valid uuid. warnings.warn(('Invalid uuid: %s. To ensure interoperability, '
2026-05-25 01:52:56.556 9 INFO neutron.api.wsgi [req-95816351-b7cc-4bf5-944f-7903bd97037a req-ba3863b0-2be2-4be7-8e82-2530ef784aed 8d9dfaca52ee4707913853315dc94fc2 70cb850d30be42d1a034017154b517c9 - - default default] 10.0.0.110 "GET /v2.0/ports?device_id=8bdc7dd4-2c55-48c4-ac10-a5f3437916af HTTP/1.1" status: 200 len: 1170 time: 0.0317099
2026-05-25 01:52:56.589 9 INFO neutron.api.wsgi [req-95816351-b7cc-4bf5-944f-7903bd97037a req-6fd54d1e-11fa-48dc-8e1e-0c253197a6fc 8d9dfaca52ee4707913853315dc94fc2 70cb850d30be42d1a034017154b517c9 - - default default] 10.0.0.110 "GET /v2.0/security-groups?id=f846d0dc-9d22-486b-97f1-7c5244be116b&fields=id&fields=name HTTP/1.1" status: 200 len: 313 time: 0.0272849
2026-05-25 01:52:56.713 10 WARNING neutron_lib.context [None req-b724ab88-df01-432d-8fc0-c200a1d48d99 9c246895cee542aa8691a9e823183cac a161ba22a6d843c3aab0cd99fa0942cc - - default default] Method 'is_advsvc' is deprecated since 2023.2 release (neutron-lib 3.8.0) and will be removed once support for the old RBAC API policies will be removed from Neutron. Please use method 'is_service_role' instead.
2026-05-25 01:52:56.770 10 INFO neutron.api.wsgi [None req-b724ab88-df01-432d-8fc0-c200a1d48d99 9c246895cee542aa8691a9e823183cac a161ba22a6d843c3aab0cd99fa0942cc - - default default] 10.0.0.86 "POST /v2.0/subnetpools HTTP/1.1" status: 201 len: 748 time: 0.2743108
2026-05-25 01:52:56.793 10 INFO neutron.api.wsgi [None req-aac7c2f1-20da-4c6d-a2be-eb5f414ba5d0 9c246895cee542aa8691a9e823183cac a161ba22a6d843c3aab0cd99fa0942cc - - default default] 10.0.0.86 "GET /v2.0/subnetpools/0f415877-3be4-40df-9e34-a2551c6e6473 HTTP/1.1" status: 200 len: 743 time: 0.0150781
2026-05-25 01:52:56.807 10 INFO neutron.api.wsgi [None req-10f80c21-6271-46ef-b225-f8c1a14048f9 946374847a9440e8bcf363c3c14b9ac1 d2658826fe2a4c8a9c15cae147a6850a - - default default] 10.0.0.86 "DELETE /v2.0/floatingips/628202f1-d81c-4991-8608-5159b76a6b78 HTTP/1.1" status: 204 len: 168 time: 0.2811809
2026-05-25 01:52:56.873 10 INFO neutron.api.wsgi [None req-ca60fdf4-e747-4c5a-8fff-526ac6c9ca67 9c246895cee542aa8691a9e823183cac a161ba22a6d843c3aab0cd99fa0942cc - - default default] 10.0.0.86 "PUT /v2.0/subnetpools/0f415877-3be4-40df-9e34-a2551c6e6473 HTTP/1.1" status: 200 len: 695 time: 0.0756686
2026-05-25 01:52:56.940 9 INFO neutron.api.wsgi [None req-92aff4c0-d869-4bae-bdce-ad80c9b798a7 9c246895cee542aa8691a9e823183cac a161ba22a6d843c3aab0cd99fa0942cc - - default default] 10.0.0.86 "DELETE /v2.0/subnetpools/0f415877-3be4-40df-9e34-a2551c6e6473 HTTP/1.1" status: 204 len: 168 time: 0.0617008
2026-05-25 01:52:56.957 10 INFO neutron.api.v2.resource [None req-ceeaeab1-a0ed-4484-a046-d8630461ad2f 9c246895cee542aa8691a9e823183cac a161ba22a6d843c3aab0cd99fa0942cc - - default default] show failed (client error): The resource could not be found.
2026-05-25 01:52:56.958 10 INFO neutron.api.wsgi [None req-ceeaeab1-a0ed-4484-a046-d8630461ad2f 9c246895cee542aa8691a9e823183cac a161ba22a6d843c3aab0cd99fa0942cc - - default default] 10.0.0.86 "GET /v2.0/subnetpools/0f415877-3be4-40df-9e34-a2551c6e6473 HTTP/1.1" status: 404 len: 346 time: 0.0113969
2026-05-25 01:52:56.970 10 INFO neutron.api.v2.resource [None req-95f738ba-3c51-4de4-a56d-735aa4ba980b 9c246895cee542aa8691a9e823183cac a161ba22a6d843c3aab0cd99fa0942cc - - default default] delete failed (client error): The resource could not be found.
2026-05-25 01:52:56.971 10 INFO neutron.api.wsgi [None req-95f738ba-3c51-4de4-a56d-735aa4ba980b 9c246895cee542aa8691a9e823183cac a161ba22a6d843c3aab0cd99fa0942cc - - default default] 10.0.0.86 "DELETE /v2.0/subnetpools/0f415877-3be4-40df-9e34-a2551c6e6473 HTTP/1.1" status: 404 len: 346 time: 0.0088780
2026-05-25 01:52:57.096 9 INFO neutron.api.wsgi [None req-bd24d438-2ab3-4e57-902e-c6e7edff65fc 946374847a9440e8bcf363c3c14b9ac1 d2658826fe2a4c8a9c15cae147a6850a - - default default] 10.0.0.86 "DELETE /v2.0/floatingips/5cf02838-05bd-4a01-8a83-a93072abe559 HTTP/1.1" status: 204 len: 168 time: 0.2835038
2026-05-25 01:52:57.414 9 INFO neutron.api.wsgi [None req-87df22aa-ea64-4432-bf14-2b2556cc0ec2 946374847a9440e8bcf363c3c14b9ac1 d2658826fe2a4c8a9c15cae147a6850a - - default default] 10.0.0.86 "DELETE /v2.0/floatingips/d0547c78-6b19-4c37-98b0-147f52480f83 HTTP/1.1" status: 204 len: 168 time: 0.3108692
2026-05-25 01:52:57.718 10 INFO neutron.api.wsgi [None req-6a6d5e47-b57a-4496-8292-73dbe4109939 946374847a9440e8bcf363c3c14b9ac1 d2658826fe2a4c8a9c15cae147a6850a - - default default] 10.0.0.86 "DELETE /v2.0/floatingips/dd71c93a-1ade-4d2e-8818-a8aad9d980c2 HTTP/1.1" status: 204 len: 168 time: 0.2993228
2026-05-25 01:52:57.719 9 INFO neutron.api.wsgi [req-0d3aa3e2-999a-4ae1-b198-e04473354f0d req-55840da3-e6dc-4b13-8dca-731a98462008 8d9dfaca52ee4707913853315dc94fc2 70cb850d30be42d1a034017154b517c9 - - default default] 10.0.0.110 "GET /v2.0/ports?device_id=8bdc7dd4-2c55-48c4-ac10-a5f3437916af HTTP/1.1" status: 200 len: 1170 time: 0.0647542
2026-05-25 01:52:57.732 10 INFO neutron.db.ovn_revision_numbers_db [None req-669aa3a8-cc40-44a2-aa8e-204a4a3c3a67 d43276b0ca054ade821c06fdab05e1e0 dce85ce853a642d8ab454bef188237b9 - - default default] Successfully bumped revision number for resource 9b323596-869f-4567-a435-1f7de8a0bdde (type: security_groups) to 1
2026-05-25 01:52:57.748 10 INFO neutron.db.ovn_revision_numbers_db [None req-669aa3a8-cc40-44a2-aa8e-204a4a3c3a67 d43276b0ca054ade821c06fdab05e1e0 dce85ce853a642d8ab454bef188237b9 - - default default] Successfully bumped revision number for resource 081124df-22ce-48b0-b6cc-25f7a5764469 (type: security_group_rules) to 0
2026-05-25 01:52:57.765 10 INFO neutron.db.ovn_revision_numbers_db [None req-669aa3a8-cc40-44a2-aa8e-204a4a3c3a67 d43276b0ca054ade821c06fdab05e1e0 dce85ce853a642d8ab454bef188237b9 - - default default] Successfully bumped revision number for resource 0920db62-fbb2-45a3-973b-97f7534f7bc2 (type: security_group_rules) to 0
2026-05-25 01:52:57.770 9 INFO neutron.api.wsgi [req-0d3aa3e2-999a-4ae1-b198-e04473354f0d req-6edd9170-e9a9-43eb-96bb-07c45c3c6274 8d9dfaca52ee4707913853315dc94fc2 70cb850d30be42d1a034017154b517c9 - - default default] 10.0.0.110 "GET /v2.0/security-groups?id=f846d0dc-9d22-486b-97f1-7c5244be116b&fields=id&fields=name HTTP/1.1" status: 200 len: 313 time: 0.0441058
2026-05-25 01:52:57.782 10 INFO neutron.db.ovn_revision_numbers_db [None req-669aa3a8-cc40-44a2-aa8e-204a4a3c3a67 d43276b0ca054ade821c06fdab05e1e0 dce85ce853a642d8ab454bef188237b9 - - default default] Successfully bumped revision number for resource 5a8979d0-722f-42a3-acea-9d67fd3aaeb2 (type: security_group_rules) to 0
2026-05-25 01:52:57.796 10 INFO neutron.db.ovn_revision_numbers_db [None req-669aa3a8-cc40-44a2-aa8e-204a4a3c3a67 d43276b0ca054ade821c06fdab05e1e0 dce85ce853a642d8ab454bef188237b9 - - default default] Successfully bumped revision number for resource eee6df65-87a9-4535-be30-037fb5e9a128 (type: security_group_rules) to 0
2026-05-25 01:52:57.835 10 INFO neutron.api.wsgi [None req-669aa3a8-cc40-44a2-aa8e-204a4a3c3a67 d43276b0ca054ade821c06fdab05e1e0 dce85ce853a642d8ab454bef188237b9 - - default default] 10.0.0.86 "GET /v2.0/security-groups?tenant_id=a161ba22a6d843c3aab0cd99fa0942cc&name=default HTTP/1.1" status: 200 len: 3120 time: 0.4258230
2026-05-25 01:52:58.002 9 INFO neutron.api.wsgi [None req-e3086011-37a1-46ed-8f9a-511289421853 946374847a9440e8bcf363c3c14b9ac1 d2658826fe2a4c8a9c15cae147a6850a - - default default] 10.0.0.86 "DELETE /v2.0/floatingips/ca65cf17-00ec-44f8-a5d8-c7ac0ad53a09 HTTP/1.1" status: 204 len: 168 time: 0.2794187
2026-05-25 01:52:58.063 10 INFO neutron.api.wsgi [None req-f052ef9d-e49f-4b20-bced-c759277cbc66 d43276b0ca054ade821c06fdab05e1e0 dce85ce853a642d8ab454bef188237b9 - - default default] 10.0.0.86 "DELETE /v2.0/security-groups/9b323596-869f-4567-a435-1f7de8a0bdde HTTP/1.1" status: 204 len: 168 time: 0.2229166
2026-05-25 01:52:58.195 10 INFO neutron.notifiers.nova [-] Nova event matching ['req-5b25da22-0ef7-44ea-9aa2-0cd150641a79'] response: {'server_uuid': '8bdc7dd4-2c55-48c4-ac10-a5f3437916af', 'name': 'network-vif-plugged', 'status': 'completed', 'tag': '791c166a-d023-4ea4-897b-71607b4344ed', 'code': 200}
2026-05-25 01:52:58.557 9 WARNING neutron_lib.context [None req-21f2498e-b090-4f13-98fc-84289c3db1bf 131fbf2076f84ca9b8cdcc4ed7b47f72 559c122ffc684db29cd01070a051b059 - - default default] Method 'is_advsvc' is deprecated since 2023.2 release (neutron-lib 3.8.0) and will be removed once support for the old RBAC API policies will be removed from Neutron. Please use method 'is_service_role' instead.
2026-05-25 01:52:58.649 9 INFO neutron.db.ovn_revision_numbers_db [None req-21f2498e-b090-4f13-98fc-84289c3db1bf 131fbf2076f84ca9b8cdcc4ed7b47f72 559c122ffc684db29cd01070a051b059 - - default default] Successfully bumped revision number for resource 3eea65e4-6f66-49a0-8090-d2392bc8df6f (type: security_groups) to 1
2026-05-25 01:52:58.662 9 INFO neutron.db.ovn_revision_numbers_db [None req-21f2498e-b090-4f13-98fc-84289c3db1bf 131fbf2076f84ca9b8cdcc4ed7b47f72 559c122ffc684db29cd01070a051b059 - - default default] Successfully bumped revision number for resource 21f4aa24-ab32-475a-82b9-00c2970c78af (type: security_group_rules) to 0
2026-05-25 01:52:58.673 9 INFO neutron.db.ovn_revision_numbers_db [None req-21f2498e-b090-4f13-98fc-84289c3db1bf 131fbf2076f84ca9b8cdcc4ed7b47f72 559c122ffc684db29cd01070a051b059 - - default default] Successfully bumped revision number for resource 99924017-e13e-45fa-9e7e-a86a2ca15bcf (type: security_group_rules) to 0
2026-05-25 01:52:58.685 9 INFO neutron.db.ovn_revision_numbers_db [None req-21f2498e-b090-4f13-98fc-84289c3db1bf 131fbf2076f84ca9b8cdcc4ed7b47f72 559c122ffc684db29cd01070a051b059 - - default default] Successfully bumped revision number for resource a6f665e5-bee5-4cb1-817d-adbab78fab69 (type: security_group_rules) to 0
2026-05-25 01:52:58.697 9 INFO neutron.db.ovn_revision_numbers_db [None req-21f2498e-b090-4f13-98fc-84289c3db1bf 131fbf2076f84ca9b8cdcc4ed7b47f72 559c122ffc684db29cd01070a051b059 - - default default] Successfully bumped revision number for resource d038b8b2-cfcf-4d44-9aa1-2e2cfaf018cf (type: security_group_rules) to 0
2026-05-25 01:52:58.771 9 INFO neutron.db.segments_db [None req-21f2498e-b090-4f13-98fc-84289c3db1bf 131fbf2076f84ca9b8cdcc4ed7b47f72 559c122ffc684db29cd01070a051b059 - - default default] Added segment 1e8afd00-95c5-4ad5-9166-ced89e3b1da9 of type geneve for network ae4a83c2-fca0-4ef6-a658-7b6d40493ac6
2026-05-25 01:52:58.866 9 INFO neutron.api.wsgi [req-5eb19849-0b5a-4a85-a7f4-c26b4e5cf49e req-a8d8a660-7767-4f8c-9e53-614435afd772 8d9dfaca52ee4707913853315dc94fc2 70cb850d30be42d1a034017154b517c9 - - default default] 10.0.0.110 "GET /v2.0/ports?device_id=8bdc7dd4-2c55-48c4-ac10-a5f3437916af HTTP/1.1" status: 200 len: 1170 time: 0.0378385
2026-05-25 01:52:58.900 9 INFO neutron.db.ovn_revision_numbers_db [None req-21f2498e-b090-4f13-98fc-84289c3db1bf 131fbf2076f84ca9b8cdcc4ed7b47f72 559c122ffc684db29cd01070a051b059 - - default default] Successfully bumped revision number for resource ae4a83c2-fca0-4ef6-a658-7b6d40493ac6 (type: networks) to 1
2026-05-25 01:52:58.912 9 INFO neutron.api.wsgi [req-5eb19849-0b5a-4a85-a7f4-c26b4e5cf49e req-ce57c8c3-ed26-421d-ba07-20d16df68224 8d9dfaca52ee4707913853315dc94fc2 70cb850d30be42d1a034017154b517c9 - - default default] 10.0.0.110 "GET /v2.0/security-groups?id=f846d0dc-9d22-486b-97f1-7c5244be116b&fields=id&fields=name HTTP/1.1" status: 200 len: 313 time: 0.0346165
2026-05-25 01:52:58.920 10 INFO neutron.db.ovn_revision_numbers_db [None req-cb1dab29-30e8-4fde-b0f3-6224a98b8d60 d43276b0ca054ade821c06fdab05e1e0 dce85ce853a642d8ab454bef188237b9 - - default default] Successfully bumped revision number for resource 544bfa6f-1669-4269-9ee0-38e1a480596a (type: security_groups) to 1
2026-05-25 01:52:58.942 10 INFO neutron.db.ovn_revision_numbers_db [None req-cb1dab29-30e8-4fde-b0f3-6224a98b8d60 d43276b0ca054ade821c06fdab05e1e0 dce85ce853a642d8ab454bef188237b9 - - default default] Successfully bumped revision number for resource 3a8f6598-cdf4-4092-9cb5-7ec14b0a9787 (type: security_group_rules) to 0
2026-05-25 01:52:58.969 10 INFO neutron.db.ovn_revision_numbers_db [None req-cb1dab29-30e8-4fde-b0f3-6224a98b8d60 d43276b0ca054ade821c06fdab05e1e0 dce85ce853a642d8ab454bef188237b9 - - default default] Successfully bumped revision number for resource 9696fa6d-725f-41b8-8220-b8a035565524 (type: security_group_rules) to 0
2026-05-25 01:52:58.985 10 INFO neutron.db.ovn_revision_numbers_db [None req-cb1dab29-30e8-4fde-b0f3-6224a98b8d60 d43276b0ca054ade821c06fdab05e1e0 dce85ce853a642d8ab454bef188237b9 - - default default] Successfully bumped revision number for resource bea4cdf0-a963-4e94-9314-2be4e589ba51 (type: security_group_rules) to 0
2026-05-25 01:52:58.996 10 INFO neutron.db.ovn_revision_numbers_db [None req-cb1dab29-30e8-4fde-b0f3-6224a98b8d60 d43276b0ca054ade821c06fdab05e1e0 dce85ce853a642d8ab454bef188237b9 - - default default] Successfully bumped revision number for resource d6bf5f96-3654-4fb2-893f-04c98dd519c2 (type: security_group_rules) to 0
2026-05-25 01:52:59.006 9 INFO neutron.api.wsgi [req-e07350c6-f268-4b4c-b3d2-952678610027 req-21f78e32-40ba-44ad-a263-8cd27c6b1579 8d9dfaca52ee4707913853315dc94fc2 70cb850d30be42d1a034017154b517c9 - - default default] 10.0.0.110 "GET /v2.0/ports?device_id=8bdc7dd4-2c55-48c4-ac10-a5f3437916af HTTP/1.1" status: 200 len: 1170 time: 0.0351410
2026-05-25 01:52:59.025 10 INFO neutron.api.wsgi [None req-cb1dab29-30e8-4fde-b0f3-6224a98b8d60 d43276b0ca054ade821c06fdab05e1e0 dce85ce853a642d8ab454bef188237b9 - - default default] 10.0.0.86 "GET /v2.0/security-groups?tenant_id=f72b1a444c0a4044b1dc226b51bd9b5c&name=default HTTP/1.1" status: 200 len: 3120 time: 0.2999139
2026-05-25 01:52:59.074 9 WARNING neutron.scheduler.dhcp_agent_scheduler [None req-21f2498e-b090-4f13-98fc-84289c3db1bf 131fbf2076f84ca9b8cdcc4ed7b47f72 559c122ffc684db29cd01070a051b059 - - default default] No more DHCP agents
2026-05-25 01:52:59.076 9 WARNING neutron.api.rpc.agentnotifiers.dhcp_rpc_agent_api [None req-21f2498e-b090-4f13-98fc-84289c3db1bf 131fbf2076f84ca9b8cdcc4ed7b47f72 559c122ffc684db29cd01070a051b059 - - default default] Unable to schedule network ae4a83c2-fca0-4ef6-a658-7b6d40493ac6: no agents available; will retry on subsequent port and subnet creation events.
2026-05-25 01:52:59.166 9 INFO neutron.db.ovn_revision_numbers_db [None req-21f2498e-b090-4f13-98fc-84289c3db1bf 131fbf2076f84ca9b8cdcc4ed7b47f72 559c122ffc684db29cd01070a051b059 - - default default] Successfully bumped revision number for resource 2e915411-4e2f-45b7-aa29-bde191555713 (type: ports) to 1
2026-05-25 01:52:59.194 9 INFO neutron.api.wsgi [None req-21f2498e-b090-4f13-98fc-84289c3db1bf 131fbf2076f84ca9b8cdcc4ed7b47f72 559c122ffc684db29cd01070a051b059 - - default default] 10.0.0.86 "POST /v2.0/networks HTTP/1.1" status: 201 len: 832 time: 0.8306527
2026-05-25 01:52:59.205 10 WARNING neutron_lib.context [None req-95afed56-075a-45de-b29e-d274a7cb64c9 131fbf2076f84ca9b8cdcc4ed7b47f72 559c122ffc684db29cd01070a051b059 - - default default] Method 'is_advsvc' is deprecated since 2023.2 release (neutron-lib 3.8.0) and will be removed once support for the old RBAC API policies will be removed from Neutron. Please use method 'is_service_role' instead.
2026-05-25 01:52:59.292 10 INFO neutron.api.wsgi [None req-d88052f6-ae85-46ff-9b7c-5f26cb706898 d43276b0ca054ade821c06fdab05e1e0 dce85ce853a642d8ab454bef188237b9 - - default default] 10.0.0.86 "DELETE /v2.0/security-groups/544bfa6f-1669-4269-9ee0-38e1a480596a HTTP/1.1" status: 204 len: 168 time: 0.2560158
2026-05-25 01:52:59.488 9 INFO neutron.db.ovn_revision_numbers_db [None req-e30ae331-974f-452f-9a5b-58726e45962b 8d9dfaca52ee4707913853315dc94fc2 70cb850d30be42d1a034017154b517c9 - - default default] Successfully bumped revision number for resource 1a4b2487-9610-4805-bf23-a0b351c376ea (type: floatingips) to 1 /var/lib/openstack/lib/python3.12/site-packages/pycadf/identifier.py:71: UserWarning: Invalid uuid: neutron. To ensure interoperability, identifiers should be a valid uuid. warnings.warn(('Invalid uuid: %s. To ensure interoperability, '
2026-05-25 01:52:59.589 9 INFO neutron.db.ovn_revision_numbers_db [None req-e30ae331-974f-452f-9a5b-58726e45962b 8d9dfaca52ee4707913853315dc94fc2 70cb850d30be42d1a034017154b517c9 - - default default] Successfully bumped revision number for resource 1a4b2487-9610-4805-bf23-a0b351c376ea (type: floatingips) to 2
2026-05-25 01:52:59.589 9 INFO neutron.db.l3_db [None req-e30ae331-974f-452f-9a5b-58726e45962b 8d9dfaca52ee4707913853315dc94fc2 70cb850d30be42d1a034017154b517c9 - - default default] Floating IP 1a4b2487-9610-4805-bf23-a0b351c376ea associated. External IP: 10.96.250.204, port: 791c166a-d023-4ea4-897b-71607b4344ed.
2026-05-25 01:52:59.615 9 INFO neutron.api.wsgi [None req-e30ae331-974f-452f-9a5b-58726e45962b 8d9dfaca52ee4707913853315dc94fc2 70cb850d30be42d1a034017154b517c9 - - default default] 10.0.0.86 "PUT /v2.0/floatingips/1a4b2487-9610-4805-bf23-a0b351c376ea HTTP/1.1" status: 200 len: 1049 time: 0.5899210
2026-05-25 01:52:59.636 10 INFO neutron.db.ovn_revision_numbers_db [None req-65c85820-8736-4012-bb86-1322f52ae9ce d43276b0ca054ade821c06fdab05e1e0 dce85ce853a642d8ab454bef188237b9 - - default default] Successfully bumped revision number for resource c8163cdc-160f-42d0-ba85-5a6f8f3dfce9 (type: security_groups) to 1
2026-05-25 01:52:59.653 9 INFO neutron.notifiers.nova [-] Nova event matching ['req-4abdbe82-ce92-44e0-9b49-d6942c54a075'] response: {'name': 'network-changed', 'server_uuid': '8bdc7dd4-2c55-48c4-ac10-a5f3437916af', 'tag': '791c166a-d023-4ea4-897b-71607b4344ed', 'status': 'completed', 'code': 200}
2026-05-25 01:52:59.656 10 INFO neutron.db.ovn_revision_numbers_db [None req-65c85820-8736-4012-bb86-1322f52ae9ce d43276b0ca054ade821c06fdab05e1e0 dce85ce853a642d8ab454bef188237b9 - - default default] Successfully bumped revision number for resource 505947d2-f64c-4550-846b-f10af48b4c3b (type: security_group_rules) to 0
2026-05-25 01:52:59.667 10 WARNING neutron.scheduler.dhcp_agent_scheduler [None req-95afed56-075a-45de-b29e-d274a7cb64c9 131fbf2076f84ca9b8cdcc4ed7b47f72 559c122ffc684db29cd01070a051b059 - - default default] No more DHCP agents
2026-05-25 01:52:59.669 10 WARNING neutron.api.rpc.agentnotifiers.dhcp_rpc_agent_api [None req-95afed56-075a-45de-b29e-d274a7cb64c9 131fbf2076f84ca9b8cdcc4ed7b47f72 559c122ffc684db29cd01070a051b059 - - default default] Unable to schedule network d9c03ca6-eb63-448c-8ba1-9ca0f410c15a: no agents available; will retry on subsequent port and subnet creation events.
2026-05-25 01:52:59.670 10 INFO neutron.db.ovn_revision_numbers_db [None req-65c85820-8736-4012-bb86-1322f52ae9ce d43276b0ca054ade821c06fdab05e1e0 dce85ce853a642d8ab454bef188237b9 - - default default] Successfully bumped revision number for resource 9e076067-7cb3-495b-bceb-aaf8bac56c18 (type: security_group_rules) to 0
2026-05-25 01:52:59.685 10 INFO neutron.db.ovn_revision_numbers_db [None req-65c85820-8736-4012-bb86-1322f52ae9ce d43276b0ca054ade821c06fdab05e1e0 dce85ce853a642d8ab454bef188237b9 - - default default] Successfully bumped revision number for resource a039a9aa-2bc1-4f49-88d4-eb0d6f3354e2 (type: security_group_rules) to 0
2026-05-25 01:52:59.693 9 INFO neutron.api.wsgi [req-a2e5e62d-9f47-4913-b86e-0cddc65c1169 req-130e6228-74f9-460d-a0a1-9f2ffd9728c6 8d9dfaca52ee4707913853315dc94fc2 70cb850d30be42d1a034017154b517c9 - - default default] 10.0.0.110 "GET /v2.0/ports?device_id=8bdc7dd4-2c55-48c4-ac10-a5f3437916af HTTP/1.1" status: 200 len: 1170 time: 0.0287373
2026-05-25 01:52:59.702 10 INFO neutron.db.ovn_revision_numbers_db [None req-65c85820-8736-4012-bb86-1322f52ae9ce d43276b0ca054ade821c06fdab05e1e0 dce85ce853a642d8ab454bef188237b9 - - default default] Successfully bumped revision number for resource a9fd361c-d1b4-4e7a-ae6a-35a1abb8376e (type: security_group_rules) to 0
2026-05-25 01:52:59.725 9 INFO neutron.api.wsgi [req-a2e5e62d-9f47-4913-b86e-0cddc65c1169 req-768be34c-566f-4afb-bf2f-5df407651f85 8d9dfaca52ee4707913853315dc94fc2 70cb850d30be42d1a034017154b517c9 - - default default] 10.0.0.110 "GET /v2.0/security-groups?id=f846d0dc-9d22-486b-97f1-7c5244be116b&fields=id&fields=name HTTP/1.1" status: 200 len: 313 time: 0.0259719
2026-05-25 01:52:59.741 10 INFO neutron.api.wsgi [None req-65c85820-8736-4012-bb86-1322f52ae9ce d43276b0ca054ade821c06fdab05e1e0 dce85ce853a642d8ab454bef188237b9 - - default default] 10.0.0.86 "GET /v2.0/security-groups?tenant_id=d2658826fe2a4c8a9c15cae147a6850a&name=default HTTP/1.1" status: 200 len: 3120 time: 0.2453213
2026-05-25 01:52:59.822 10 INFO neutron.db.ovn_revision_numbers_db [None req-95afed56-075a-45de-b29e-d274a7cb64c9 131fbf2076f84ca9b8cdcc4ed7b47f72 559c122ffc684db29cd01070a051b059 - - default default] Successfully bumped revision number for resource 73262c99-1896-4896-8672-90dc4fe2a122 (type: ports) to 1
2026-05-25 01:52:59.958 9 INFO neutron.api.wsgi [req-d952b40a-e7bf-42c7-9655-143397ccad75 req-6ae4e009-c3f7-4250-be15-e6d3e5d0f0bd 8d9dfaca52ee4707913853315dc94fc2 70cb850d30be42d1a034017154b517c9 - - default default] 10.0.0.110 "GET /v2.0/ports?device_id=8bdc7dd4-2c55-48c4-ac10-a5f3437916af HTTP/1.1" status: 200 len: 1170 time: 0.0318840
2026-05-25 01:52:59.994 9 INFO neutron.api.wsgi [req-d952b40a-e7bf-42c7-9655-143397ccad75 req-cbf3082f-b8c0-4771-bb5b-f97b3fd0bafa 8d9dfaca52ee4707913853315dc94fc2 70cb850d30be42d1a034017154b517c9 - - default default] 10.0.0.110 "GET /v2.0/security-groups?id=f846d0dc-9d22-486b-97f1-7c5244be116b&fields=id&fields=name HTTP/1.1" status: 200 len: 313 time: 0.0308502
2026-05-25 01:53:00.012 10 INFO neutron.api.wsgi [None req-6fc120e8-282e-4e59-bc9d-60d9d358bfde d43276b0ca054ade821c06fdab05e1e0 dce85ce853a642d8ab454bef188237b9 - - default default] 10.0.0.86 "DELETE /v2.0/security-groups/c8163cdc-160f-42d0-ba85-5a6f8f3dfce9 HTTP/1.1" status: 204 len: 168 time: 0.2674994
2026-05-25 01:53:00.206 9 INFO neutron.api.wsgi [req-a5f6185d-43df-4083-a347-bec9f3b1c789 req-d995e07a-69c2-49e9-8898-52b39118cda1 5218039aafda45f3be642c6014d3ae9b b2a546254df3488fbddd714b7f50efe9 - - b4886bf9aa194294ab01b036fd7452ba b4886bf9aa194294ab01b036fd7452ba] 199.204.45.72 "GET /v2.0/ports?tenant_id=70cb850d30be42d1a034017154b517c9&device_id=8bdc7dd4-2c55-48c4-ac10-a5f3437916af HTTP/1.1" status: 200 len: 1409 time: 0.0443316
2026-05-25 01:53:00.213 9 INFO neutron.db.ovn_revision_numbers_db [None req-eef771d1-da3e-46c5-b4b9-384fdd7909ba d43276b0ca054ade821c06fdab05e1e0 dce85ce853a642d8ab454bef188237b9 - - default default] Successfully bumped revision number for resource 29f72fd5-46ba-46c9-8540-1e836f8afd25 (type: security_groups) to 1
2026-05-25 01:53:00.232 9 INFO neutron.db.ovn_revision_numbers_db [None req-eef771d1-da3e-46c5-b4b9-384fdd7909ba d43276b0ca054ade821c06fdab05e1e0 dce85ce853a642d8ab454bef188237b9 - - default default] Successfully bumped revision number for resource 79c3dee0-9ae1-4214-a269-8b3f826b0190 (type: security_group_rules) to 0
2026-05-25 01:53:00.245 9 INFO neutron.db.ovn_revision_numbers_db [None req-eef771d1-da3e-46c5-b4b9-384fdd7909ba d43276b0ca054ade821c06fdab05e1e0 dce85ce853a642d8ab454bef188237b9 - - default default] Successfully bumped revision number for resource 89b397f2-3501-4507-85e3-96ac2ce2b31d (type: security_group_rules) to 0
2026-05-25 01:53:00.263 9 INFO neutron.api.wsgi [req-a5f6185d-43df-4083-a347-bec9f3b1c789 req-ec04fe9d-a15e-48f5-8c80-a6d14a9d5470 5218039aafda45f3be642c6014d3ae9b b2a546254df3488fbddd714b7f50efe9 - - b4886bf9aa194294ab01b036fd7452ba b4886bf9aa194294ab01b036fd7452ba] 199.204.45.72 "GET /v2.0/networks?id=07159736-ebbb-4630-8a86-e9d6607ad7ba HTTP/1.1" status: 200 len: 974 time: 0.0514801
2026-05-25 01:53:00.264 9 INFO neutron.db.ovn_revision_numbers_db [None req-eef771d1-da3e-46c5-b4b9-384fdd7909ba d43276b0ca054ade821c06fdab05e1e0 dce85ce853a642d8ab454bef188237b9 - - default default] Successfully bumped revision number for resource 99812e35-e9d2-46a2-ac5d-ead0f1b61f44 (type: security_group_rules) to 0
2026-05-25 01:53:00.288 9 INFO neutron.db.ovn_revision_numbers_db [None req-eef771d1-da3e-46c5-b4b9-384fdd7909ba d43276b0ca054ade821c06fdab05e1e0 dce85ce853a642d8ab454bef188237b9 - - default default] Successfully bumped revision number for resource b6ee6e21-ff44-4121-add3-73ff9a911e69 (type: security_group_rules) to 0
2026-05-25 01:53:00.309 9 INFO neutron.api.wsgi [req-a5f6185d-43df-4083-a347-bec9f3b1c789 req-d1895428-31c1-4cca-a0a8-32796b7c06b3 5218039aafda45f3be642c6014d3ae9b b2a546254df3488fbddd714b7f50efe9 - - b4886bf9aa194294ab01b036fd7452ba b4886bf9aa194294ab01b036fd7452ba] 199.204.45.72 "GET /v2.0/floatingips?fixed_ip_address=10.100.0.3&port_id=791c166a-d023-4ea4-897b-71607b4344ed HTTP/1.1" status: 200 len: 1059 time: 0.0412297
2026-05-25 01:53:00.331 9 INFO neutron.api.wsgi [None req-eef771d1-da3e-46c5-b4b9-384fdd7909ba d43276b0ca054ade821c06fdab05e1e0 dce85ce853a642d8ab454bef188237b9 - - default default] 10.0.0.86 "GET /v2.0/security-groups?tenant_id=1115b7cd687f47acb64b9cd5e67a2d08&name=default HTTP/1.1" status: 200 len: 3120 time: 0.2463670
2026-05-25 01:53:00.342 9 INFO neutron.api.wsgi [req-a5f6185d-43df-4083-a347-bec9f3b1c789 req-19a094da-5a8c-485d-99e5-19fd41953051 5218039aafda45f3be642c6014d3ae9b b2a546254df3488fbddd714b7f50efe9 - - b4886bf9aa194294ab01b036fd7452ba b4886bf9aa194294ab01b036fd7452ba] 199.204.45.72 "GET /v2.0/subnets?id=7e1ba6f4-c4bb-4674-a7ae-fdf061222a4a HTTP/1.1" status: 200 len: 893 time: 0.0294225
2026-05-25 01:53:00.368 9 INFO neutron.api.wsgi [req-a5f6185d-43df-4083-a347-bec9f3b1c789 req-30e469b1-7b4d-44cc-9285-59ea10835c65 5218039aafda45f3be642c6014d3ae9b b2a546254df3488fbddd714b7f50efe9 - - b4886bf9aa194294ab01b036fd7452ba b4886bf9aa194294ab01b036fd7452ba] 199.204.45.72 "GET /v2.0/ports?network_id=07159736-ebbb-4630-8a86-e9d6607ad7ba&device_owner=network%3Adhcp HTTP/1.1" status: 200 len: 210 time: 0.0212383
2026-05-25 01:53:00.405 10 INFO neutron.plugins.ml2.drivers.ovn.mech_driver.ovsdb.commands [None req-a4164ba3-76e3-4e6c-919f-63d7e6052751 - - - - - -] Schedule LRP lrp-73262c99-1896-4896-8672-90dc4fe2a122 on gateway 047dd736-e476-4af6-a215-36eeee22072f with priority 1
2026-05-25 01:53:00.412 10 INFO neutron.plugins.ml2.drivers.ovn.mech_driver.mech_driver [None req-f8811f4c-749c-46bd-a5ae-b7a4c25525bb - - - - - -] OVN reports status up for port: 73262c99-1896-4896-8672-90dc4fe2a122
2026-05-25 01:53:00.434 9 INFO neutron.plugins.ml2.drivers.ovn.mech_driver.ovsdb.ovsdb_monitor [None req-8ba9698b-1a5a-4b07-a3a5-1beb91fc2309 - - - - - -] Router 707a4aac-7740-48fe-9842-1c8b54cbda53 is bound to host instance
2026-05-25 01:53:00.439 10 INFO neutron.plugins.ml2.plugin [None req-f8811f4c-749c-46bd-a5ae-b7a4c25525bb - - - - - -] Attempt 1 to provision port 73262c99-1896-4896-8672-90dc4fe2a122
2026-05-25 01:53:00.449 9 INFO neutron.api.wsgi [req-a5f6185d-43df-4083-a347-bec9f3b1c789 req-cf9005ca-84b7-4a7d-98f9-03bdd93d9116 5218039aafda45f3be642c6014d3ae9b b2a546254df3488fbddd714b7f50efe9 - - b4886bf9aa194294ab01b036fd7452ba b4886bf9aa194294ab01b036fd7452ba] 199.204.45.72 "GET /v2.0/networks/07159736-ebbb-4630-8a86-e9d6607ad7ba?fields=segments HTTP/1.1" status: 200 len: 212 time: 0.0757048
2026-05-25 01:53:00.451 10 INFO neutron.db.ovn_revision_numbers_db [None req-95afed56-075a-45de-b29e-d274a7cb64c9 131fbf2076f84ca9b8cdcc4ed7b47f72 559c122ffc684db29cd01070a051b059 - - default default] Successfully bumped revision number for resource 73262c99-1896-4896-8672-90dc4fe2a122 (type: router_ports) to 1
2026-05-25 01:53:00.513 9 INFO neutron.api.wsgi [req-a5f6185d-43df-4083-a347-bec9f3b1c789 req-b3f76b24-fe18-4df3-ba36-f1a72fc4a1a9 5218039aafda45f3be642c6014d3ae9b b2a546254df3488fbddd714b7f50efe9 - - b4886bf9aa194294ab01b036fd7452ba b4886bf9aa194294ab01b036fd7452ba] 199.204.45.72 "GET /v2.0/networks/07159736-ebbb-4630-8a86-e9d6607ad7ba?fields=provider%3Aphysical_network&fields=provider%3Anetwork_type HTTP/1.1" status: 200 len: 277 time: 0.0593355
2026-05-25 01:53:00.539 10 INFO neutron.db.ovn_revision_numbers_db [None req-95afed56-075a-45de-b29e-d274a7cb64c9 131fbf2076f84ca9b8cdcc4ed7b47f72 559c122ffc684db29cd01070a051b059 - - default default] Successfully bumped revision number for resource 707a4aac-7740-48fe-9842-1c8b54cbda53 (type: routers) to 2
2026-05-25 01:53:00.553 10 INFO neutron.api.wsgi [None req-95afed56-075a-45de-b29e-d274a7cb64c9 131fbf2076f84ca9b8cdcc4ed7b47f72 559c122ffc684db29cd01070a051b059 - - default default] 10.0.0.86 "POST /v2.0/routers HTTP/1.1" status: 201 len: 1154 time: 1.3539150
2026-05-25 01:53:00.648 9 INFO neutron.api.wsgi [None req-6bdba783-db4e-4922-b7f6-b9e8bc5b25b9 d43276b0ca054ade821c06fdab05e1e0 dce85ce853a642d8ab454bef188237b9 - - default default] 10.0.0.86 "DELETE /v2.0/security-groups/29f72fd5-46ba-46c9-8540-1e836f8afd25 HTTP/1.1" status: 204 len: 168 time: 0.3127601
2026-05-25 01:53:00.721 10 INFO neutron.api.wsgi [-] 10.0.0.10 "GET / HTTP/1.1" status: 200 len: 245 time: 0.0022795
2026-05-25 01:53:00.723 10 INFO neutron.api.wsgi [-] 10.0.0.10 "GET / HTTP/1.1" status: 200 len: 245 time: 0.0011914
2026-05-25 01:53:00.778 10 INFO neutron.api.wsgi [None req-3fc29688-7c22-4878-82a2-1b005b4e4994 4db63fcbd9704a4891407afe42c6310f 9ea10377ed5b4874a4b5f0f1557dfb13 - - default default] 10.0.0.86 "GET /v2.0/subnets?project_id=559c122ffc684db29cd01070a051b059&cidr=10.100.0.0%2F28 HTTP/1.1" status: 200 len: 207 time: 0.2195532
2026-05-25 01:53:00.840 10 INFO neutron.api.wsgi [None req-fbe2fbca-50f2-4af5-97f2-145827954d56 4db63fcbd9704a4891407afe42c6310f 9ea10377ed5b4874a4b5f0f1557dfb13 - - default default] 10.0.0.86 "GET /v2.0/networks?router%3Aexternal=True HTTP/1.1" status: 200 len: 947 time: 0.0546775
2026-05-25 01:53:00.864 10 INFO neutron.api.wsgi [None req-a023cd9e-49db-425f-ae87-9dc05fa30958 4db63fcbd9704a4891407afe42c6310f 9ea10377ed5b4874a4b5f0f1557dfb13 - - default default] 10.0.0.86 "GET /v2.0/subnets?network_id=d9c03ca6-eb63-448c-8ba1-9ca0f410c15a&cidr=10.100.0.0%2F28 HTTP/1.1" status: 200 len: 207 time: 0.0170698
2026-05-25 01:53:00.877 9 WARNING neutron_lib.context [None req-6d3c562d-7663-45b1-b189-f60054b1202a 131fbf2076f84ca9b8cdcc4ed7b47f72 559c122ffc684db29cd01070a051b059 - - default default] Method 'is_advsvc' is deprecated since 2023.2 release (neutron-lib 3.8.0) and will be removed once support for the old RBAC API policies will be removed from Neutron. Please use method 'is_service_role' instead.
2026-05-25 01:53:00.907 9 INFO neutron.db.ovn_revision_numbers_db [None req-22e1222f-cdc0-454c-89c4-eacd424f68e1 - - - - - -] Successfully bumped revision number for resource 73262c99-1896-4896-8672-90dc4fe2a122 (type: ports) to 1
2026-05-25 01:53:01.091 9 WARNING neutron.scheduler.dhcp_agent_scheduler [None req-6d3c562d-7663-45b1-b189-f60054b1202a 131fbf2076f84ca9b8cdcc4ed7b47f72 559c122ffc684db29cd01070a051b059 - - default default] No more DHCP agents
2026-05-25 01:53:01.094 9 INFO neutron.api.wsgi [req-2a116f34-449f-46cf-affe-b84893994636 req-dea94af1-21ae-4744-84de-28c4bb6d6f48 8d9dfaca52ee4707913853315dc94fc2 70cb850d30be42d1a034017154b517c9 - - default default] 10.0.0.110 "GET /v2.0/ports?device_id=8bdc7dd4-2c55-48c4-ac10-a5f3437916af HTTP/1.1" status: 200 len: 1170 time: 0.0339506
2026-05-25 01:53:01.096 9 WARNING neutron.api.rpc.agentnotifiers.dhcp_rpc_agent_api [None req-6d3c562d-7663-45b1-b189-f60054b1202a 131fbf2076f84ca9b8cdcc4ed7b47f72 559c122ffc684db29cd01070a051b059 - - default default] Unable to schedule network ae4a83c2-fca0-4ef6-a658-7b6d40493ac6: no agents available; will retry on subsequent port and subnet creation events.
2026-05-25 01:53:01.157 9 INFO neutron.api.wsgi [req-2a116f34-449f-46cf-affe-b84893994636 req-76e86879-fe67-4f61-b136-cba6f95adda0 8d9dfaca52ee4707913853315dc94fc2 70cb850d30be42d1a034017154b517c9 - - default default] 10.0.0.110 "GET /v2.0/security-groups?id=f846d0dc-9d22-486b-97f1-7c5244be116b&fields=id&fields=name HTTP/1.1" status: 200 len: 313 time: 0.0461493
2026-05-25 01:53:01.252 9 INFO neutron.db.ovn_revision_numbers_db [None req-22e1222f-cdc0-454c-89c4-eacd424f68e1 - - - - - -] Successfully bumped revision number for resource 73262c99-1896-4896-8672-90dc4fe2a122 (type: ports) to 4
2026-05-25 01:53:01.537 9 INFO neutron.db.ovn_revision_numbers_db [None req-22e1222f-cdc0-454c-89c4-eacd424f68e1 - - - - - -] Successfully bumped revision number for resource 73262c99-1896-4896-8672-90dc4fe2a122 (type: ports) to 5
2026-05-25 01:53:01.568 9 INFO neutron.db.ovn_revision_numbers_db [None req-13a3a4e2-9d75-4c4f-8101-c84115816ba8 - - - - - -] Successfully bumped revision number for resource 2e915411-4e2f-45b7-aa29-bde191555713 (type: ports) to 2
2026-05-25 01:53:01.607 9 INFO neutron.db.ovn_revision_numbers_db [None req-13a3a4e2-9d75-4c4f-8101-c84115816ba8 - - - - - -] Successfully bumped revision number for resource 08c4eabd-bf15-42e9-b1a3-e2f65cdc9196 (type: subnets) to 0
2026-05-25 01:53:01.623 9 INFO neutron.api.wsgi [None req-6d3c562d-7663-45b1-b189-f60054b1202a 131fbf2076f84ca9b8cdcc4ed7b47f72 559c122ffc684db29cd01070a051b059 - - default default] 10.0.0.86 "POST /v2.0/subnets HTTP/1.1" status: 201 len: 856 time: 0.7509210
2026-05-25 01:53:01.706 9 INFO neutron.api.wsgi [req-b55e49e6-a1e2-4131-aacf-2dbeabdd76fd req-352577ba-27f3-42c7-8819-df8826854424 8d9dfaca52ee4707913853315dc94fc2 70cb850d30be42d1a034017154b517c9 - - default default] 199.204.45.72 "GET /v2.0/ports?device_id=8bdc7dd4-2c55-48c4-ac10-a5f3437916af HTTP/1.1" status: 200 len: 1170 time: 0.0363917
2026-05-25 01:53:02.007 9 INFO neutron.db.l3_db [req-b55e49e6-a1e2-4131-aacf-2dbeabdd76fd req-a5579c8b-e60b-470d-8b63-3a353b2f0e9a 8d9dfaca52ee4707913853315dc94fc2 70cb850d30be42d1a034017154b517c9 - - default default] Floating IP 1a4b2487-9610-4805-bf23-a0b351c376ea disassociated. External IP: 10.96.250.204, port: 791c166a-d023-4ea4-897b-71607b4344ed.
2026-05-25 01:53:02.110 9 INFO neutron.api.wsgi [req-b55e49e6-a1e2-4131-aacf-2dbeabdd76fd req-a5579c8b-e60b-470d-8b63-3a353b2f0e9a 8d9dfaca52ee4707913853315dc94fc2 70cb850d30be42d1a034017154b517c9 - - default default] 199.204.45.72 "DELETE /v2.0/ports/791c166a-d023-4ea4-897b-71607b4344ed HTTP/1.1" status: 204 len: 173 time: 0.3966112
2026-05-25 01:53:02.153 9 INFO neutron.notifiers.nova [-] Nova event matching ['req-6f8c354e-8cab-4e68-acdc-dcaa8dbb7513'] response: {'server_uuid': '8bdc7dd4-2c55-48c4-ac10-a5f3437916af', 'name': 'network-vif-deleted', 'tag': '791c166a-d023-4ea4-897b-71607b4344ed', 'status': 'completed', 'code': 200}
2026-05-25 01:53:02.166 10 WARNING neutron.scheduler.dhcp_agent_scheduler [None req-bbe164c2-aa6f-4d9b-b39d-56c55d8d9568 131fbf2076f84ca9b8cdcc4ed7b47f72 559c122ffc684db29cd01070a051b059 - - default default] No more DHCP agents
2026-05-25 01:53:02.168 10 WARNING neutron.api.rpc.agentnotifiers.dhcp_rpc_agent_api [None req-bbe164c2-aa6f-4d9b-b39d-56c55d8d9568 131fbf2076f84ca9b8cdcc4ed7b47f72 559c122ffc684db29cd01070a051b059 - - default default] Unable to schedule network ae4a83c2-fca0-4ef6-a658-7b6d40493ac6: no agents available; will retry on subsequent port and subnet creation events.
2026-05-25 01:53:02.231 9 INFO neutron.api.wsgi [req-f49ca9fd-b48f-40fd-804a-a7dc5d3fd4d2 req-8ad227ce-255f-4069-b9b4-1027b7a3094d 8d9dfaca52ee4707913853315dc94fc2 70cb850d30be42d1a034017154b517c9 - - default default] 10.0.0.110 "GET /v2.0/ports?device_id=8bdc7dd4-2c55-48c4-ac10-a5f3437916af HTTP/1.1" status: 200 len: 210 time: 0.0187812
2026-05-25 01:53:02.268 10 INFO neutron.db.ovn_revision_numbers_db [None req-bbe164c2-aa6f-4d9b-b39d-56c55d8d9568 131fbf2076f84ca9b8cdcc4ed7b47f72 559c122ffc684db29cd01070a051b059 - - default default] Successfully bumped revision number for resource 742204fc-ea70-43bf-a1e7-3e3a90f63e29 (type: ports) to 1
2026-05-25 01:53:02.810 9 INFO neutron.plugins.ml2.drivers.ovn.mech_driver.mech_driver [None req-77e95bab-6595-46a3-9e0c-2cfd9c51b832 - - - - - -] OVN reports status up for port: 742204fc-ea70-43bf-a1e7-3e3a90f63e29
2026-05-25 01:53:02.819 9 INFO neutron.plugins.ml2.plugin [None req-77e95bab-6595-46a3-9e0c-2cfd9c51b832 - - - - - -] Attempt 1 to provision port 742204fc-ea70-43bf-a1e7-3e3a90f63e29
2026-05-25 01:53:02.828 10 INFO neutron.db.ovn_revision_numbers_db [None req-bbe164c2-aa6f-4d9b-b39d-56c55d8d9568 131fbf2076f84ca9b8cdcc4ed7b47f72 559c122ffc684db29cd01070a051b059 - - default default] Successfully bumped revision number for resource 742204fc-ea70-43bf-a1e7-3e3a90f63e29 (type: ports) to 1
2026-05-25 01:53:02.882 10 WARNING neutron.scheduler.dhcp_agent_scheduler [None req-bbe164c2-aa6f-4d9b-b39d-56c55d8d9568 131fbf2076f84ca9b8cdcc4ed7b47f72 559c122ffc684db29cd01070a051b059 - - default default] No more DHCP agents
2026-05-25 01:53:02.885 10 WARNING neutron.api.rpc.agentnotifiers.dhcp_rpc_agent_api [None req-bbe164c2-aa6f-4d9b-b39d-56c55d8d9568 131fbf2076f84ca9b8cdcc4ed7b47f72 559c122ffc684db29cd01070a051b059 - - default default] Unable to schedule network ae4a83c2-fca0-4ef6-a658-7b6d40493ac6: no agents available; will retry on subsequent port and subnet creation events.
2026-05-25 01:53:02.900 10 INFO neutron.plugins.ml2.drivers.ovn.mech_driver.mech_driver [None req-f8811f4c-749c-46bd-a5ae-b7a4c25525bb - - - - - -] OVN reports status down for port: 791c166a-d023-4ea4-897b-71607b4344ed
2026-05-25 01:53:03.115 9 INFO neutron.db.ovn_revision_numbers_db [None req-50e7bc89-42a2-4470-af0e-fc3cedc06318 d43276b0ca054ade821c06fdab05e1e0 dce85ce853a642d8ab454bef188237b9 - - default default] Successfully bumped revision number for resource 81ff5d9d-3fee-4870-a7e2-0e738cd3d670 (type: security_groups) to 1
2026-05-25 01:53:03.130 9 INFO neutron.db.ovn_revision_numbers_db [None req-77e95bab-6595-46a3-9e0c-2cfd9c51b832 - - - - - -] Successfully bumped revision number for resource 742204fc-ea70-43bf-a1e7-3e3a90f63e29 (type: ports) to 2
2026-05-25 01:53:03.134 9 INFO neutron.db.ovn_revision_numbers_db [None req-50e7bc89-42a2-4470-af0e-fc3cedc06318 d43276b0ca054ade821c06fdab05e1e0 dce85ce853a642d8ab454bef188237b9 - - default default] Successfully bumped revision number for resource 3bc09db9-bd58-4773-8e75-949a657ffaee (type: security_group_rules) to 0
2026-05-25 01:53:03.151 9 INFO neutron.db.ovn_revision_numbers_db [None req-50e7bc89-42a2-4470-af0e-fc3cedc06318 d43276b0ca054ade821c06fdab05e1e0 dce85ce853a642d8ab454bef188237b9 - - default default] Successfully bumped revision number for resource 614ce4c2-302c-4581-a62d-7cea614c90a3 (type: security_group_rules) to 0
2026-05-25 01:53:03.164 9 INFO neutron.db.ovn_revision_numbers_db [None req-50e7bc89-42a2-4470-af0e-fc3cedc06318 d43276b0ca054ade821c06fdab05e1e0 dce85ce853a642d8ab454bef188237b9 - - default default] Successfully bumped revision number for resource 8626c330-7803-44b7-a503-4d1c3864063b (type: security_group_rules) to 0
2026-05-25 01:53:03.179 9 INFO neutron.db.ovn_revision_numbers_db [None req-50e7bc89-42a2-4470-af0e-fc3cedc06318 d43276b0ca054ade821c06fdab05e1e0 dce85ce853a642d8ab454bef188237b9 - - default default] Successfully bumped revision number for resource 8a149a26-04ad-4de3-8c31-594e058a8892 (type: security_group_rules) to 0
2026-05-25 01:53:03.213 10 INFO neutron.db.ovn_revision_numbers_db [None req-bbe164c2-aa6f-4d9b-b39d-56c55d8d9568 131fbf2076f84ca9b8cdcc4ed7b47f72 559c122ffc684db29cd01070a051b059 - - default default] Successfully bumped revision number for resource 742204fc-ea70-43bf-a1e7-3e3a90f63e29 (type: router_ports) to 1
2026-05-25 01:53:03.220 10 INFO neutron.api.wsgi [None req-bbe164c2-aa6f-4d9b-b39d-56c55d8d9568 131fbf2076f84ca9b8cdcc4ed7b47f72 559c122ffc684db29cd01070a051b059 - - default default] 10.0.0.86 "PUT /v2.0/routers/707a4aac-7740-48fe-9842-1c8b54cbda53/add_router_interface HTTP/1.1" status: 200 len: 503 time: 1.5899761
2026-05-25 01:53:03.225 9 INFO neutron.api.wsgi [None req-50e7bc89-42a2-4470-af0e-fc3cedc06318 d43276b0ca054ade821c06fdab05e1e0 dce85ce853a642d8ab454bef188237b9 - - default default] 10.0.0.86 "GET /v2.0/security-groups?tenant_id=606516aba7434eda9b230692df849cbd&name=default HTTP/1.1" status: 200 len: 3120 time: 0.4101834 /var/lib/openstack/lib/python3.12/site-packages/pycadf/identifier.py:71: UserWarning: Invalid uuid: neutron. To ensure interoperability, identifiers should be a valid uuid. warnings.warn(('Invalid uuid: %s. To ensure interoperability, '
2026-05-25 01:53:03.276 9 INFO neutron.api.wsgi [None req-e69e3c06-c966-4cf7-9849-05ced81e4c87 4db63fcbd9704a4891407afe42c6310f 9ea10377ed5b4874a4b5f0f1557dfb13 - - default default] 10.0.0.86 "GET /v2.0/networks HTTP/1.1" status: 200 len: 3876 time: 0.0496266
2026-05-25 01:53:03.306 9 INFO neutron.api.wsgi [None req-8fab2f7e-bd40-4954-a110-ea3a9ab47f00 4db63fcbd9704a4891407afe42c6310f 9ea10377ed5b4874a4b5f0f1557dfb13 - - default default] 10.0.0.86 "GET /v2.0/subnets HTTP/1.1" status: 200 len: 2849 time: 0.0254660
2026-05-25 01:53:03.341 9 INFO neutron.api.wsgi [req-1c01e94e-50bf-4fd0-913e-1437f3378040 req-343debfd-aced-49d5-9d1b-8a2219c174f5 8d9dfaca52ee4707913853315dc94fc2 70cb850d30be42d1a034017154b517c9 - - default default] 10.0.0.110 "GET /v2.0/ports?device_id=8bdc7dd4-2c55-48c4-ac10-a5f3437916af HTTP/1.1" status: 200 len: 210 time: 0.0267878
2026-05-25 01:53:03.381 9 INFO neutron.api.wsgi [None req-4e7bcc83-f850-4827-95b3-7342191f8ea2 4db63fcbd9704a4891407afe42c6310f 9ea10377ed5b4874a4b5f0f1557dfb13 - - default default] 10.0.0.86 "GET /v2.0/routers HTTP/1.1" status: 200 len: 2136 time: 0.0701752
2026-05-25 01:53:03.424 10 INFO neutron.api.wsgi [None req-9b35227d-06d4-4171-a1a2-fcdb56686c05 d43276b0ca054ade821c06fdab05e1e0 dce85ce853a642d8ab454bef188237b9 - - default default] 10.0.0.86 "DELETE /v2.0/security-groups/81ff5d9d-3fee-4870-a7e2-0e738cd3d670 HTTP/1.1" status: 204 len: 168 time: 0.1945028
2026-05-25 01:53:03.434 10 WARNING neutron_lib.context [None req-ebdeef83-2892-470f-ae91-ee34d5c8c8d1 131fbf2076f84ca9b8cdcc4ed7b47f72 559c122ffc684db29cd01070a051b059 - - default default] Method 'is_advsvc' is deprecated since 2023.2 release (neutron-lib 3.8.0) and will be removed once support for the old RBAC API policies will be removed from Neutron. Please use method 'is_service_role' instead.
2026-05-25 01:53:03.533 10 INFO neutron.db.ovn_revision_numbers_db [None req-ebdeef83-2892-470f-ae91-ee34d5c8c8d1 131fbf2076f84ca9b8cdcc4ed7b47f72 559c122ffc684db29cd01070a051b059 - - default default] Successfully bumped revision number for resource 0d245d22-50ac-40df-8bae-8fad382513a8 (type: security_groups) to 1
2026-05-25 01:53:03.551 10 INFO neutron.db.ovn_revision_numbers_db [None req-ebdeef83-2892-470f-ae91-ee34d5c8c8d1 131fbf2076f84ca9b8cdcc4ed7b47f72 559c122ffc684db29cd01070a051b059 - - default default] Successfully bumped revision number for resource 27f0a210-988d-4e4b-abb8-74e85f3e9fbe (type: security_group_rules) to 0
2026-05-25 01:53:03.566 10 INFO neutron.db.ovn_revision_numbers_db [None req-ebdeef83-2892-470f-ae91-ee34d5c8c8d1 131fbf2076f84ca9b8cdcc4ed7b47f72 559c122ffc684db29cd01070a051b059 - - default default] Successfully bumped revision number for resource e762f135-d581-42c9-b34b-35735f275a13 (type: security_group_rules) to 0
2026-05-25 01:53:03.597 10 INFO neutron.api.wsgi [None req-ebdeef83-2892-470f-ae91-ee34d5c8c8d1 131fbf2076f84ca9b8cdcc4ed7b47f72 559c122ffc684db29cd01070a051b059 - - default default] 10.0.0.86 "POST /v2.0/security-groups HTTP/1.1" status: 201 len: 1875 time: 0.1661758
2026-05-25 01:53:03.606 9 WARNING neutron_lib.context [None req-be7a3825-1130-458e-bb7b-44d29cb1ede9 131fbf2076f84ca9b8cdcc4ed7b47f72 559c122ffc684db29cd01070a051b059 - - default default] Method 'is_advsvc' is deprecated since 2023.2 release (neutron-lib 3.8.0) and will be removed once support for the old RBAC API policies will be removed from Neutron. Please use method 'is_service_role' instead.
2026-05-25 01:53:03.614 10 INFO neutron.db.ovn_revision_numbers_db [None req-b1a9920f-b75e-4f76-b85c-ab5d875e0704 d43276b0ca054ade821c06fdab05e1e0 dce85ce853a642d8ab454bef188237b9 - - default default] Successfully bumped revision number for resource bb25cbe7-c57b-4b3d-bac2-862201a189fb (type: security_groups) to 1
2026-05-25 01:53:03.627 10 INFO neutron.db.ovn_revision_numbers_db [None req-b1a9920f-b75e-4f76-b85c-ab5d875e0704 d43276b0ca054ade821c06fdab05e1e0 dce85ce853a642d8ab454bef188237b9 - - default default] Successfully bumped revision number for resource 11cad239-f626-408d-88b8-8cc804827be6 (type: security_group_rules) to 0
2026-05-25 01:53:03.642 10 INFO neutron.db.ovn_revision_numbers_db [None req-b1a9920f-b75e-4f76-b85c-ab5d875e0704 d43276b0ca054ade821c06fdab05e1e0 dce85ce853a642d8ab454bef188237b9 - - default default] Successfully bumped revision number for resource 238d802a-d91e-4672-9c36-d5f182c77bd2 (type: security_group_rules) to 0
2026-05-25 01:53:03.653 10 INFO neutron.db.ovn_revision_numbers_db [None req-b1a9920f-b75e-4f76-b85c-ab5d875e0704 d43276b0ca054ade821c06fdab05e1e0 dce85ce853a642d8ab454bef188237b9 - - default default] Successfully bumped revision number for resource 4103ff68-9a9a-468c-9b01-7c0fca6eb552 (type: security_group_rules) to 0
2026-05-25 01:53:03.664 10 INFO neutron.db.ovn_revision_numbers_db [None req-b1a9920f-b75e-4f76-b85c-ab5d875e0704 d43276b0ca054ade821c06fdab05e1e0 dce85ce853a642d8ab454bef188237b9 - - default default] Successfully bumped revision number for resource a87e07c5-a882-4627-aac4-17aff5ba9482 (type: security_group_rules) to 0
2026-05-25 01:53:03.696 10 INFO neutron.api.wsgi [None req-b1a9920f-b75e-4f76-b85c-ab5d875e0704 d43276b0ca054ade821c06fdab05e1e0 dce85ce853a642d8ab454bef188237b9 - - default default] 10.0.0.86 "GET /v2.0/security-groups?tenant_id=b7849be6c65d4e769add5a1ddc10d891&name=default HTTP/1.1" status: 200 len: 3120 time: 0.1892753
2026-05-25 01:53:03.726 9 INFO neutron.db.ovn_revision_numbers_db [None req-be7a3825-1130-458e-bb7b-44d29cb1ede9 131fbf2076f84ca9b8cdcc4ed7b47f72 559c122ffc684db29cd01070a051b059 - - default default] Successfully bumped revision number for resource ad894265-3a8b-401e-baa6-3adaedcc016d (type: security_group_rules) to 0
2026-05-25 01:53:03.760 9 INFO neutron.api.wsgi [None req-be7a3825-1130-458e-bb7b-44d29cb1ede9 131fbf2076f84ca9b8cdcc4ed7b47f72 559c122ffc684db29cd01070a051b059 - - default default] 10.0.0.86 "POST /v2.0/security-group-rules HTTP/1.1" status: 201 len: 796 time: 0.1579192
2026-05-25 01:53:03.768 9 WARNING neutron_lib.context [None req-b97b4048-3adf-4e1f-93c0-ea8208c3dacf 131fbf2076f84ca9b8cdcc4ed7b47f72 559c122ffc684db29cd01070a051b059 - - default default] Method 'is_advsvc' is deprecated since 2023.2 release (neutron-lib 3.8.0) and will be removed once support for the old RBAC API policies will be removed from Neutron. Please use method 'is_service_role' instead.
2026-05-25 01:53:03.895 9 INFO neutron.db.ovn_revision_numbers_db [None req-b97b4048-3adf-4e1f-93c0-ea8208c3dacf 131fbf2076f84ca9b8cdcc4ed7b47f72 559c122ffc684db29cd01070a051b059 - - default default] Successfully bumped revision number for resource 6d21aa9f-040d-4995-b504-fed499882a7f (type: security_group_rules) to 0
2026-05-25 01:53:03.907 10 INFO neutron.api.wsgi [None req-1d5af49f-c338-4934-8488-9e2f5fc07359 d43276b0ca054ade821c06fdab05e1e0 dce85ce853a642d8ab454bef188237b9 - - default default] 10.0.0.86 "DELETE /v2.0/security-groups/bb25cbe7-c57b-4b3d-bac2-862201a189fb HTTP/1.1" status: 204 len: 168 time: 0.2072501
2026-05-25 01:53:03.927 9 INFO neutron.api.wsgi [None req-b97b4048-3adf-4e1f-93c0-ea8208c3dacf 131fbf2076f84ca9b8cdcc4ed7b47f72 559c122ffc684db29cd01070a051b059 - - default default] 10.0.0.86 "POST /v2.0/security-group-rules HTTP/1.1" status: 201 len: 795 time: 0.1633859
2026-05-25 01:53:03.935 9 WARNING neutron_lib.context [None req-cb007dd1-e738-45d7-9fa0-876e01451dbe 131fbf2076f84ca9b8cdcc4ed7b47f72 559c122ffc684db29cd01070a051b059 - - default default] Method 'is_advsvc' is deprecated since 2023.2 release (neutron-lib 3.8.0) and will be removed once support for the old RBAC API policies will be removed from Neutron. Please use method 'is_service_role' instead.
2026-05-25 01:53:04.056 9 INFO neutron.db.ovn_revision_numbers_db [None req-cb007dd1-e738-45d7-9fa0-876e01451dbe 131fbf2076f84ca9b8cdcc4ed7b47f72 559c122ffc684db29cd01070a051b059 - - default default] Successfully bumped revision number for resource 550d91b2-69e3-4dcc-80ae-fbc2b8d068b9 (type: security_group_rules) to 0
