2026-05-25 01:54:39.940 10 INFO neutron.api.wsgi [None req-a244ae26-3313-48bb-9435-76c33063c209 5ba8dc65e21a4acd8fe905bea7b1ad01 a06d8e7cf4df456fb2e284a0df76c672 - - default default] 10.0.0.86 "GET /v2.0/trunks/d891a5e4-27a0-4587-aecb-60daf19cfefe/tags/red HTTP/1.1" status: 204 len: 168 time: 0.0167749
2026-05-25 01:54:39.962 10 INFO neutron.api.v2.resource [None req-105fd0fb-00ae-4337-b2ae-298bbf991a95 5ba8dc65e21a4acd8fe905bea7b1ad01 a06d8e7cf4df456fb2e284a0df76c672 - - default default] show failed (client error): The resource could not be found.
2026-05-25 01:54:39.963 10 INFO neutron.api.wsgi [None req-105fd0fb-00ae-4337-b2ae-298bbf991a95 5ba8dc65e21a4acd8fe905bea7b1ad01 a06d8e7cf4df456fb2e284a0df76c672 - - default default] 10.0.0.86 "GET /v2.0/trunks/d891a5e4-27a0-4587-aecb-60daf19cfefe/tags/green HTTP/1.1" status: 404 len: 299 time: 0.0181077
2026-05-25 01:54:39.966 10 WARNING neutron.scheduler.dhcp_agent_scheduler [None req-09608389-6dbd-42d6-a5b2-d5ac13899cae 42e13dc2f4344bf793563fa52e292447 8d0555e84862425facc5122b340e3f43 - - default default] No more DHCP agents
2026-05-25 01:54:39.967 10 WARNING neutron.api.rpc.agentnotifiers.dhcp_rpc_agent_api [None req-09608389-6dbd-42d6-a5b2-d5ac13899cae 42e13dc2f4344bf793563fa52e292447 8d0555e84862425facc5122b340e3f43 - - default default] Unable to schedule network a435dfe1-fc33-4140-ba7e-958fa81d3402: no agents available; will retry on subsequent port and subnet creation events.
2026-05-25 01:54:40.000 10 INFO neutron.api.wsgi [None req-15779969-a03c-40cb-8180-876900b1365b 5ba8dc65e21a4acd8fe905bea7b1ad01 a06d8e7cf4df456fb2e284a0df76c672 - - default default] 10.0.0.86 "DELETE /v2.0/trunks/d891a5e4-27a0-4587-aecb-60daf19cfefe/tags/red HTTP/1.1" status: 204 len: 168 time: 0.0338252
2026-05-25 01:54:40.025 9 INFO neutron.api.wsgi [None req-a6e0f0f9-c2a7-4d50-b43a-7673b1856122 5ba8dc65e21a4acd8fe905bea7b1ad01 a06d8e7cf4df456fb2e284a0df76c672 - - default default] 10.0.0.86 "GET /v2.0/trunks/d891a5e4-27a0-4587-aecb-60daf19cfefe/tags HTTP/1.1" status: 200 len: 223 time: 0.0163369
2026-05-25 01:54:40.030 10 INFO neutron.db.ovn_revision_numbers_db [None req-09608389-6dbd-42d6-a5b2-d5ac13899cae 42e13dc2f4344bf793563fa52e292447 8d0555e84862425facc5122b340e3f43 - - default default] Successfully bumped revision number for resource b6680668-0ffd-4f07-9296-83962be1f862 (type: ports) to 1
2026-05-25 01:54:40.049 10 INFO neutron.api.wsgi [None req-09608389-6dbd-42d6-a5b2-d5ac13899cae 42e13dc2f4344bf793563fa52e292447 8d0555e84862425facc5122b340e3f43 - - default default] 10.0.0.86 "POST /v2.0/networks HTTP/1.1" status: 201 len: 831 time: 0.4216518
2026-05-25 01:54:40.060 9 WARNING neutron_lib.context [None req-ff0c2c26-e78e-44a0-964f-81f6b60ec042 42e13dc2f4344bf793563fa52e292447 8d0555e84862425facc5122b340e3f43 - - default default] Method 'is_advsvc' is deprecated since 2023.2 release (neutron-lib 3.8.0) and will be removed once support for the old RBAC API policies will be removed from Neutron. Please use method 'is_service_role' instead.
2026-05-25 01:54:40.064 9 INFO neutron.api.v2.resource [None req-34ad15f7-ebce-4312-95e3-fecfc1b88d05 5ba8dc65e21a4acd8fe905bea7b1ad01 a06d8e7cf4df456fb2e284a0df76c672 - - default default] delete failed (client error): The resource could not be found.
2026-05-25 01:54:40.065 9 INFO neutron.api.wsgi [None req-34ad15f7-ebce-4312-95e3-fecfc1b88d05 5ba8dc65e21a4acd8fe905bea7b1ad01 a06d8e7cf4df456fb2e284a0df76c672 - - default default] 10.0.0.86 "DELETE /v2.0/trunks/d891a5e4-27a0-4587-aecb-60daf19cfefe/tags/green HTTP/1.1" status: 404 len: 299 time: 0.0349958
2026-05-25 01:54:40.111 9 INFO neutron.api.wsgi [None req-8754d66e-d5ec-4941-9ceb-3408019e932e 5ba8dc65e21a4acd8fe905bea7b1ad01 a06d8e7cf4df456fb2e284a0df76c672 - - default default] 10.0.0.86 "DELETE /v2.0/trunks/d891a5e4-27a0-4587-aecb-60daf19cfefe/tags HTTP/1.1" status: 204 len: 168 time: 0.0405655
2026-05-25 01:54:40.133 10 INFO neutron.api.wsgi [None req-0a4081ba-aa04-414e-b5bb-12353f451f89 5ba8dc65e21a4acd8fe905bea7b1ad01 a06d8e7cf4df456fb2e284a0df76c672 - - default default] 10.0.0.86 "GET /v2.0/trunks/d891a5e4-27a0-4587-aecb-60daf19cfefe/tags HTTP/1.1" status: 200 len: 205 time: 0.0150807
2026-05-25 01:54:40.166 10 INFO neutron.api.wsgi [None req-a51b111d-a922-4ff4-8524-9c234b3346fc 5ba8dc65e21a4acd8fe905bea7b1ad01 a06d8e7cf4df456fb2e284a0df76c672 - - default default] 10.0.0.86 "GET /v2.0/trunks/d891a5e4-27a0-4587-aecb-60daf19cfefe HTTP/1.1" status: 200 len: 603 time: 0.0153255
2026-05-25 01:54:40.248 10 INFO neutron.api.wsgi [None req-96c4ee7f-ff3c-4e80-aa58-10fc2c42dbe5 5ba8dc65e21a4acd8fe905bea7b1ad01 a06d8e7cf4df456fb2e284a0df76c672 - - default default] 10.0.0.86 "GET /v2.0/ports/ee0d549f-7fd6-4b03-aa9a-5ac124e31f4c HTTP/1.1" status: 200 len: 1020 time: 0.0767312
2026-05-25 01:54:40.296 9 WARNING neutron.scheduler.dhcp_agent_scheduler [None req-ff0c2c26-e78e-44a0-964f-81f6b60ec042 42e13dc2f4344bf793563fa52e292447 8d0555e84862425facc5122b340e3f43 - - default default] No more DHCP agents
2026-05-25 01:54:40.297 9 WARNING neutron.api.rpc.agentnotifiers.dhcp_rpc_agent_api [None req-ff0c2c26-e78e-44a0-964f-81f6b60ec042 42e13dc2f4344bf793563fa52e292447 8d0555e84862425facc5122b340e3f43 - - default default] Unable to schedule network a435dfe1-fc33-4140-ba7e-958fa81d3402: no agents available; will retry on subsequent port and subnet creation events.
2026-05-25 01:54:40.305 10 INFO neutron.api.wsgi [None req-146e9a89-2929-48a0-beef-ecd09521fcb1 5ba8dc65e21a4acd8fe905bea7b1ad01 a06d8e7cf4df456fb2e284a0df76c672 - - default default] 10.0.0.86 "DELETE /v2.0/trunks/d891a5e4-27a0-4587-aecb-60daf19cfefe HTTP/1.1" status: 204 len: 168 time: 0.0521557
2026-05-25 01:54:40.356 9 INFO neutron.db.ovn_revision_numbers_db [None req-ff0c2c26-e78e-44a0-964f-81f6b60ec042 42e13dc2f4344bf793563fa52e292447 8d0555e84862425facc5122b340e3f43 - - default default] Successfully bumped revision number for resource d3d4bff1-98c5-4325-8853-27a62e033bb0 (type: ports) to 1
2026-05-25 01:54:40.375 9 INFO neutron.api.wsgi [None req-ff0c2c26-e78e-44a0-964f-81f6b60ec042 42e13dc2f4344bf793563fa52e292447 8d0555e84862425facc5122b340e3f43 - - default default] 10.0.0.86 "POST /v2.0/ports HTTP/1.1" status: 201 len: 942 time: 0.3204498 /var/lib/openstack/lib/python3.12/site-packages/pycadf/identifier.py:71: UserWarning: Invalid uuid: neutron. To ensure interoperability, identifiers should be a valid uuid. warnings.warn(('Invalid uuid: %s. To ensure interoperability, '
2026-05-25 01:54:40.383 9 WARNING neutron_lib.context [None req-a8f0bb5d-db34-4235-bb67-987568d65343 42e13dc2f4344bf793563fa52e292447 8d0555e84862425facc5122b340e3f43 - - default default] Method 'is_advsvc' is deprecated since 2023.2 release (neutron-lib 3.8.0) and will be removed once support for the old RBAC API policies will be removed from Neutron. Please use method 'is_service_role' instead.
2026-05-25 01:54:40.508 10 INFO neutron.api.wsgi [None req-8949eab2-a0dc-4d25-a4a7-e5243aa9bfc1 5ba8dc65e21a4acd8fe905bea7b1ad01 a06d8e7cf4df456fb2e284a0df76c672 - - default default] 10.0.0.86 "DELETE /v2.0/ports/ee0d549f-7fd6-4b03-aa9a-5ac124e31f4c HTTP/1.1" status: 204 len: 168 time: 0.1967964
2026-05-25 01:54:40.527 9 INFO neutron.api.wsgi [req-486ce26a-5e6c-4bba-a4eb-853965b86cc5 req-9b286caa-0417-4a84-a6c4-c1108d81a894 c9adf61357f048faba336f694379c487 2333c43c5b37475aab9e97e8ba702f86 - - default default] 199.204.45.72 "GET /v2.0/networks?id=cc30bc85-a2a6-44fe-b04c-68c13b005ef1 HTTP/1.1" status: 200 len: 872 time: 0.0422833
2026-05-25 01:54:40.545 9 INFO neutron.api.wsgi [None req-a8f0bb5d-db34-4235-bb67-987568d65343 42e13dc2f4344bf793563fa52e292447 8d0555e84862425facc5122b340e3f43 - - default default] 10.0.0.86 "POST /v2.0/trunks HTTP/1.1" status: 201 len: 608 time: 0.1657393
2026-05-25 01:54:40.558 9 WARNING neutron_lib.context [None req-aa4bb10b-d118-4f26-b3db-4ee816ebc7a3 42e13dc2f4344bf793563fa52e292447 8d0555e84862425facc5122b340e3f43 - - default default] Method 'is_advsvc' is deprecated since 2023.2 release (neutron-lib 3.8.0) and will be removed once support for the old RBAC API policies will be removed from Neutron. Please use method 'is_service_role' instead.
2026-05-25 01:54:40.582 9 INFO neutron.api.wsgi [req-cc30e5ea-dfa7-475e-b3e5-20460172aa93 req-4e0a397a-6ecb-4378-ae2d-436dd2ccb60d c9adf61357f048faba336f694379c487 2333c43c5b37475aab9e97e8ba702f86 - - default default] 10.0.0.110 "GET /v2.0/ports?device_id=8fe834ea-00ef-4292-a4c0-670cc308470a HTTP/1.1" status: 200 len: 210 time: 0.0208836
2026-05-25 01:54:40.601 9 INFO neutron.api.wsgi [req-486ce26a-5e6c-4bba-a4eb-853965b86cc5 req-44af6385-b068-4c5e-aeb2-19a527b90722 c9adf61357f048faba336f694379c487 2333c43c5b37475aab9e97e8ba702f86 - - default default] 199.204.45.72 "GET /v2.0/security-groups?fields=id&fields=name&tenant_id=2333c43c5b37475aab9e97e8ba702f86 HTTP/1.1" status: 200 len: 472 time: 0.0687597
2026-05-25 01:54:40.612 9 WARNING neutron_lib.context [req-486ce26a-5e6c-4bba-a4eb-853965b86cc5 req-1b0bde96-245b-4b4a-9d1f-b95aef4ecd02 c9adf61357f048faba336f694379c487 2333c43c5b37475aab9e97e8ba702f86 - - default default] Method 'is_advsvc' is deprecated since 2023.2 release (neutron-lib 3.8.0) and will be removed once support for the old RBAC API policies will be removed from Neutron. Please use method 'is_service_role' instead.
2026-05-25 01:54:40.672 9 INFO neutron.db.segments_db [None req-aa4bb10b-d118-4f26-b3db-4ee816ebc7a3 42e13dc2f4344bf793563fa52e292447 8d0555e84862425facc5122b340e3f43 - - default default] Added segment 40c7a79f-a50d-42bb-9019-d9ea04ba227b of type geneve for network b697b1b0-2565-46ff-a2ef-9f8463cb7a2a
2026-05-25 01:54:40.800 9 INFO neutron.db.ovn_revision_numbers_db [None req-aa4bb10b-d118-4f26-b3db-4ee816ebc7a3 42e13dc2f4344bf793563fa52e292447 8d0555e84862425facc5122b340e3f43 - - default default] Successfully bumped revision number for resource b697b1b0-2565-46ff-a2ef-9f8463cb7a2a (type: networks) to 1
2026-05-25 01:54:40.800 10 INFO neutron.services.segments.plugin [-] Segment 3383b95d-68a4-431b-9dab-9a3fc8cbe3af resource provider aggregate not found
2026-05-25 01:54:40.807 10 INFO neutron.services.segments.plugin [-] Segment 3383b95d-68a4-431b-9dab-9a3fc8cbe3af resource provider aggregate not found
2026-05-25 01:54:40.814 10 INFO neutron.services.segments.plugin [-] Segment 3383b95d-68a4-431b-9dab-9a3fc8cbe3af resource provider not found; error: Placement Client Error (4xx): {"errors": [{"status": 404, "title": "Not Found", "detail": "The resource could not be found.\n\n No resource provider with uuid 3383b95d-68a4-431b-9dab-9a3fc8cbe3af found for delete ", "request_id": "req-4742a4a9-de2a-4e7d-b987-fd474d089563"}]}
2026-05-25 01:54:40.826 10 INFO neutron.services.segments.plugin [-] Segment 3383b95d-68a4-431b-9dab-9a3fc8cbe3af resource provider not found; error: Placement Client Error (4xx): {"errors": [{"status": 404, "title": "Not Found", "detail": "The resource could not be found.\n\n No resource provider with uuid 3383b95d-68a4-431b-9dab-9a3fc8cbe3af found for delete ", "request_id": "req-7b8c15b4-f00c-43ad-a1bc-cfeb159a36fa"}]}
2026-05-25 01:54:40.834 10 INFO neutron.api.wsgi [None req-853d8b20-110b-49d8-8a7e-aacfcf218322 5ba8dc65e21a4acd8fe905bea7b1ad01 a06d8e7cf4df456fb2e284a0df76c672 - - default default] 10.0.0.86 "DELETE /v2.0/networks/de74a946-ee45-469f-bc97-a45c5227e2ea HTTP/1.1" status: 204 len: 168 time: 0.3207984
2026-05-25 01:54:40.904 9 WARNING neutron.scheduler.dhcp_agent_scheduler [req-486ce26a-5e6c-4bba-a4eb-853965b86cc5 req-1b0bde96-245b-4b4a-9d1f-b95aef4ecd02 c9adf61357f048faba336f694379c487 2333c43c5b37475aab9e97e8ba702f86 - - default default] No more DHCP agents
2026-05-25 01:54:40.906 9 WARNING neutron.api.rpc.agentnotifiers.dhcp_rpc_agent_api [req-486ce26a-5e6c-4bba-a4eb-853965b86cc5 req-1b0bde96-245b-4b4a-9d1f-b95aef4ecd02 c9adf61357f048faba336f694379c487 2333c43c5b37475aab9e97e8ba702f86 - - default default] Unable to schedule network cc30bc85-a2a6-44fe-b04c-68c13b005ef1: no agents available; will retry on subsequent port and subnet creation events.
2026-05-25 01:54:40.959 9 WARNING neutron.scheduler.dhcp_agent_scheduler [None req-aa4bb10b-d118-4f26-b3db-4ee816ebc7a3 42e13dc2f4344bf793563fa52e292447 8d0555e84862425facc5122b340e3f43 - - default default] No more DHCP agents
2026-05-25 01:54:40.961 9 WARNING neutron.api.rpc.agentnotifiers.dhcp_rpc_agent_api [None req-aa4bb10b-d118-4f26-b3db-4ee816ebc7a3 42e13dc2f4344bf793563fa52e292447 8d0555e84862425facc5122b340e3f43 - - default default] Unable to schedule network b697b1b0-2565-46ff-a2ef-9f8463cb7a2a: no agents available; will retry on subsequent port and subnet creation events.
2026-05-25 01:54:41.021 9 INFO neutron.db.ovn_revision_numbers_db [None req-aa4bb10b-d118-4f26-b3db-4ee816ebc7a3 42e13dc2f4344bf793563fa52e292447 8d0555e84862425facc5122b340e3f43 - - default default] Successfully bumped revision number for resource ef75ad6e-82d9-412a-8b59-18eeb00762be (type: ports) to 1
2026-05-25 01:54:41.024 9 INFO neutron.db.ovn_revision_numbers_db [req-486ce26a-5e6c-4bba-a4eb-853965b86cc5 req-1b0bde96-245b-4b4a-9d1f-b95aef4ecd02 c9adf61357f048faba336f694379c487 2333c43c5b37475aab9e97e8ba702f86 - - default default] Successfully bumped revision number for resource bab04cd1-6458-402e-88db-3e1316a06718 (type: ports) to 1
2026-05-25 01:54:41.046 9 INFO neutron.api.wsgi [None req-aa4bb10b-d118-4f26-b3db-4ee816ebc7a3 42e13dc2f4344bf793563fa52e292447 8d0555e84862425facc5122b340e3f43 - - default default] 10.0.0.86 "POST /v2.0/networks HTTP/1.1" status: 201 len: 831 time: 0.4917212
2026-05-25 01:54:41.048 9 INFO neutron.api.wsgi [req-486ce26a-5e6c-4bba-a4eb-853965b86cc5 req-1b0bde96-245b-4b4a-9d1f-b95aef4ecd02 c9adf61357f048faba336f694379c487 2333c43c5b37475aab9e97e8ba702f86 - - default default] 199.204.45.72 "POST /v2.0/ports HTTP/1.1" status: 201 len: 1197 time: 0.4409516 /var/lib/openstack/lib/python3.12/site-packages/pycadf/identifier.py:71: UserWarning: Invalid uuid: neutron. To ensure interoperability, identifiers should be a valid uuid. warnings.warn(('Invalid uuid: %s. To ensure interoperability, '
2026-05-25 01:54:41.054 9 WARNING neutron_lib.context [None req-44fb640f-26fb-4dac-a5bd-d5d7ce602043 42e13dc2f4344bf793563fa52e292447 8d0555e84862425facc5122b340e3f43 - - default default] Method 'is_advsvc' is deprecated since 2023.2 release (neutron-lib 3.8.0) and will be removed once support for the old RBAC API policies will be removed from Neutron. Please use method 'is_service_role' instead.
2026-05-25 01:54:41.307 9 WARNING neutron.scheduler.dhcp_agent_scheduler [None req-44fb640f-26fb-4dac-a5bd-d5d7ce602043 42e13dc2f4344bf793563fa52e292447 8d0555e84862425facc5122b340e3f43 - - default default] No more DHCP agents
2026-05-25 01:54:41.309 9 WARNING neutron.api.rpc.agentnotifiers.dhcp_rpc_agent_api [None req-44fb640f-26fb-4dac-a5bd-d5d7ce602043 42e13dc2f4344bf793563fa52e292447 8d0555e84862425facc5122b340e3f43 - - default default] Unable to schedule network b697b1b0-2565-46ff-a2ef-9f8463cb7a2a: no agents available; will retry on subsequent port and subnet creation events.
2026-05-25 01:54:41.376 9 INFO neutron.db.ovn_revision_numbers_db [None req-44fb640f-26fb-4dac-a5bd-d5d7ce602043 42e13dc2f4344bf793563fa52e292447 8d0555e84862425facc5122b340e3f43 - - default default] Successfully bumped revision number for resource 2a272a6d-2d75-4696-bf74-4862d603103e (type: ports) to 1
2026-05-25 01:54:41.399 9 INFO neutron.api.wsgi [None req-44fb640f-26fb-4dac-a5bd-d5d7ce602043 42e13dc2f4344bf793563fa52e292447 8d0555e84862425facc5122b340e3f43 - - default default] 10.0.0.86 "POST /v2.0/ports HTTP/1.1" status: 201 len: 942 time: 0.3489244 /var/lib/openstack/lib/python3.12/site-packages/pycadf/identifier.py:71: UserWarning: Invalid uuid: neutron. To ensure interoperability, identifiers should be a valid uuid. warnings.warn(('Invalid uuid: %s. To ensure interoperability, '
2026-05-25 01:54:41.409 9 WARNING neutron_lib.context [None req-0df9d37c-89d6-41e2-bef5-7c085550b835 42e13dc2f4344bf793563fa52e292447 8d0555e84862425facc5122b340e3f43 - - default default] Method 'is_advsvc' is deprecated since 2023.2 release (neutron-lib 3.8.0) and will be removed once support for the old RBAC API policies will be removed from Neutron. Please use method 'is_service_role' instead.
2026-05-25 01:54:41.438 9 INFO neutron.db.ovn_revision_numbers_db [req-486ce26a-5e6c-4bba-a4eb-853965b86cc5 req-65bfb380-a29e-45d1-aec4-70032da30260 5218039aafda45f3be642c6014d3ae9b b2a546254df3488fbddd714b7f50efe9 - - b4886bf9aa194294ab01b036fd7452ba b4886bf9aa194294ab01b036fd7452ba] Successfully bumped revision number for resource bab04cd1-6458-402e-88db-3e1316a06718 (type: ports) to 2
2026-05-25 01:54:41.586 9 INFO neutron.api.wsgi [None req-0df9d37c-89d6-41e2-bef5-7c085550b835 42e13dc2f4344bf793563fa52e292447 8d0555e84862425facc5122b340e3f43 - - default default] 10.0.0.86 "POST /v2.0/trunks HTTP/1.1" status: 201 len: 608 time: 0.1797090
2026-05-25 01:54:41.595 10 WARNING neutron_lib.context [None req-c8e9311c-aaff-46c9-a7f5-dd8cfd111eb6 42e13dc2f4344bf793563fa52e292447 8d0555e84862425facc5122b340e3f43 - - default default] Method 'is_advsvc' is deprecated since 2023.2 release (neutron-lib 3.8.0) and will be removed once support for the old RBAC API policies will be removed from Neutron. Please use method 'is_service_role' instead.
2026-05-25 01:54:41.605 10 INFO neutron.api.wsgi [None req-16b3c123-b169-4299-aa8f-1b0a3695a6ce d43276b0ca054ade821c06fdab05e1e0 dce85ce853a642d8ab454bef188237b9 - - default default] 10.0.0.86 "GET /v2.0/security-groups?tenant_id=a06d8e7cf4df456fb2e284a0df76c672&name=default HTTP/1.1" status: 200 len: 3124 time: 0.1318083 /var/lib/openstack/lib/python3.12/site-packages/pycadf/identifier.py:71: UserWarning: Invalid uuid: neutron. To ensure interoperability, identifiers should be a valid uuid. warnings.warn(('Invalid uuid: %s. To ensure interoperability, '
2026-05-25 01:54:41.663 9 INFO neutron.db.ovn_revision_numbers_db [req-486ce26a-5e6c-4bba-a4eb-853965b86cc5 req-65bfb380-a29e-45d1-aec4-70032da30260 5218039aafda45f3be642c6014d3ae9b b2a546254df3488fbddd714b7f50efe9 - - b4886bf9aa194294ab01b036fd7452ba b4886bf9aa194294ab01b036fd7452ba] Successfully bumped revision number for resource bab04cd1-6458-402e-88db-3e1316a06718 (type: ports) to 4
2026-05-25 01:54:41.680 9 INFO neutron.api.wsgi [req-486ce26a-5e6c-4bba-a4eb-853965b86cc5 req-65bfb380-a29e-45d1-aec4-70032da30260 5218039aafda45f3be642c6014d3ae9b b2a546254df3488fbddd714b7f50efe9 - - b4886bf9aa194294ab01b036fd7452ba b4886bf9aa194294ab01b036fd7452ba] 199.204.45.72 "PUT /v2.0/ports/bab04cd1-6458-402e-88db-3e1316a06718 HTTP/1.1" status: 200 len: 1443 time: 0.6241176
2026-05-25 01:54:41.695 10 INFO neutron.db.segments_db [None req-c8e9311c-aaff-46c9-a7f5-dd8cfd111eb6 42e13dc2f4344bf793563fa52e292447 8d0555e84862425facc5122b340e3f43 - - default default] Added segment 49af8269-4fa4-4cc4-9dd1-49b0095b67a0 of type geneve for network dd5f642c-7f64-4124-bae0-8ef0b414593f
2026-05-25 01:54:41.717 9 INFO neutron.api.wsgi [req-bf7ec6c8-0f84-4704-8121-64f7733a0712 req-89113f08-5720-46a4-94a5-9f1e42f340fa c9adf61357f048faba336f694379c487 2333c43c5b37475aab9e97e8ba702f86 - - default default] 10.0.0.110 "GET /v2.0/ports?device_id=8fe834ea-00ef-4292-a4c0-670cc308470a HTTP/1.1" status: 200 len: 1208 time: 0.0709186
2026-05-25 01:54:41.718 9 INFO neutron.notifiers.nova [-] Nova event matching ['req-f944bd1a-da49-4e7f-a902-c48ab615996f'] response: {'name': 'network-changed', 'server_uuid': '8fe834ea-00ef-4292-a4c0-670cc308470a', 'tag': 'bab04cd1-6458-402e-88db-3e1316a06718', 'status': 'completed', 'code': 200}
2026-05-25 01:54:41.757 9 INFO neutron.api.wsgi [req-bf7ec6c8-0f84-4704-8121-64f7733a0712 req-189d6c20-5789-4d80-99bd-942bda8ad460 c9adf61357f048faba336f694379c487 2333c43c5b37475aab9e97e8ba702f86 - - default default] 10.0.0.110 "GET /v2.0/security-groups?id=53486790-e716-4ba0-a852-4d8ccdc6ea86&id=db23cd4e-b018-4cb3-b8b8-5d84c588f39a&fields=id&fields=name HTTP/1.1" status: 200 len: 405 time: 0.0344472
2026-05-25 01:54:41.809 10 INFO neutron.db.ovn_revision_numbers_db [None req-c8e9311c-aaff-46c9-a7f5-dd8cfd111eb6 42e13dc2f4344bf793563fa52e292447 8d0555e84862425facc5122b340e3f43 - - default default] Successfully bumped revision number for resource dd5f642c-7f64-4124-bae0-8ef0b414593f (type: networks) to 1
2026-05-25 01:54:41.828 10 INFO neutron.api.wsgi [None req-5c58f31f-d14c-4da9-a227-aeb0b7c87a30 d43276b0ca054ade821c06fdab05e1e0 dce85ce853a642d8ab454bef188237b9 - - default default] 10.0.0.86 "DELETE /v2.0/security-groups/adfc1dbc-4937-4f95-a975-16e5d2b6e614 HTTP/1.1" status: 204 len: 168 time: 0.2147982
2026-05-25 01:54:41.959 10 WARNING neutron.scheduler.dhcp_agent_scheduler [None req-c8e9311c-aaff-46c9-a7f5-dd8cfd111eb6 42e13dc2f4344bf793563fa52e292447 8d0555e84862425facc5122b340e3f43 - - default default] No more DHCP agents
2026-05-25 01:54:41.960 10 WARNING neutron.api.rpc.agentnotifiers.dhcp_rpc_agent_api [None req-c8e9311c-aaff-46c9-a7f5-dd8cfd111eb6 42e13dc2f4344bf793563fa52e292447 8d0555e84862425facc5122b340e3f43 - - default default] Unable to schedule network dd5f642c-7f64-4124-bae0-8ef0b414593f: no agents available; will retry on subsequent port and subnet creation events.
2026-05-25 01:54:42.015 10 INFO neutron.db.ovn_revision_numbers_db [None req-c8e9311c-aaff-46c9-a7f5-dd8cfd111eb6 42e13dc2f4344bf793563fa52e292447 8d0555e84862425facc5122b340e3f43 - - default default] Successfully bumped revision number for resource 5d24f79f-23b4-4ed3-ab15-efe55ed0107c (type: ports) to 1
2026-05-25 01:54:42.043 9 INFO neutron.db.ovn_revision_numbers_db [None req-0c127241-c7b5-493d-9952-15be16afebe0 d43276b0ca054ade821c06fdab05e1e0 dce85ce853a642d8ab454bef188237b9 - - default default] Successfully bumped revision number for resource 4aa40f56-1a35-4a56-b909-7baad3c9b98a (type: security_groups) to 1
2026-05-25 01:54:42.046 10 INFO neutron.api.wsgi [None req-c8e9311c-aaff-46c9-a7f5-dd8cfd111eb6 42e13dc2f4344bf793563fa52e292447 8d0555e84862425facc5122b340e3f43 - - default default] 10.0.0.86 "POST /v2.0/networks HTTP/1.1" status: 201 len: 830 time: 0.4563138
2026-05-25 01:54:42.055 9 INFO neutron.db.ovn_revision_numbers_db [None req-0c127241-c7b5-493d-9952-15be16afebe0 d43276b0ca054ade821c06fdab05e1e0 dce85ce853a642d8ab454bef188237b9 - - default default] Successfully bumped revision number for resource 2fd8d3c2-26a7-49a1-b034-fbeecb86af86 (type: security_group_rules) to 0
2026-05-25 01:54:42.056 10 WARNING neutron_lib.context [None req-bed0a1e9-f62f-494d-9a39-492d1e6c9ae6 42e13dc2f4344bf793563fa52e292447 8d0555e84862425facc5122b340e3f43 - - default default] Method 'is_advsvc' is deprecated since 2023.2 release (neutron-lib 3.8.0) and will be removed once support for the old RBAC API policies will be removed from Neutron. Please use method 'is_service_role' instead.
2026-05-25 01:54:42.070 9 INFO neutron.db.ovn_revision_numbers_db [None req-0c127241-c7b5-493d-9952-15be16afebe0 d43276b0ca054ade821c06fdab05e1e0 dce85ce853a642d8ab454bef188237b9 - - default default] Successfully bumped revision number for resource 449c9ac4-d954-4ec6-b296-0ee0eaed2f56 (type: security_group_rules) to 0
2026-05-25 01:54:42.082 9 INFO neutron.db.ovn_revision_numbers_db [None req-0c127241-c7b5-493d-9952-15be16afebe0 d43276b0ca054ade821c06fdab05e1e0 dce85ce853a642d8ab454bef188237b9 - - default default] Successfully bumped revision number for resource 6944b761-4a87-465b-a725-7ba47760972f (type: security_group_rules) to 0
2026-05-25 01:54:42.095 9 INFO neutron.db.ovn_revision_numbers_db [None req-0c127241-c7b5-493d-9952-15be16afebe0 d43276b0ca054ade821c06fdab05e1e0 dce85ce853a642d8ab454bef188237b9 - - default default] Successfully bumped revision number for resource 76a5c8b0-8557-4d0d-afcc-03ae9bb9ca3b (type: security_group_rules) to 0
2026-05-25 01:54:42.129 9 INFO neutron.api.wsgi [None req-0c127241-c7b5-493d-9952-15be16afebe0 d43276b0ca054ade821c06fdab05e1e0 dce85ce853a642d8ab454bef188237b9 - - default default] 10.0.0.86 "GET /v2.0/security-groups?tenant_id=b2cf8a0618cb4df58cd46ff31c101450&name=default HTTP/1.1" status: 200 len: 3124 time: 0.1948879
2026-05-25 01:54:42.259 10 WARNING neutron.scheduler.dhcp_agent_scheduler [None req-bed0a1e9-f62f-494d-9a39-492d1e6c9ae6 42e13dc2f4344bf793563fa52e292447 8d0555e84862425facc5122b340e3f43 - - default default] No more DHCP agents
2026-05-25 01:54:42.261 10 WARNING neutron.api.rpc.agentnotifiers.dhcp_rpc_agent_api [None req-bed0a1e9-f62f-494d-9a39-492d1e6c9ae6 42e13dc2f4344bf793563fa52e292447 8d0555e84862425facc5122b340e3f43 - - default default] Unable to schedule network dd5f642c-7f64-4124-bae0-8ef0b414593f: no agents available; will retry on subsequent port and subnet creation events.
2026-05-25 01:54:42.273 9 INFO neutron.api.wsgi [req-02dabe33-2bac-41ee-9dfc-c7f97c331dbc req-0a1342f4-1abe-4471-a274-138289615234 5218039aafda45f3be642c6014d3ae9b b2a546254df3488fbddd714b7f50efe9 - - b4886bf9aa194294ab01b036fd7452ba b4886bf9aa194294ab01b036fd7452ba] 199.204.45.72 "GET /v2.0/ports?tenant_id=2333c43c5b37475aab9e97e8ba702f86&device_id=8fe834ea-00ef-4292-a4c0-670cc308470a HTTP/1.1" status: 200 len: 1446 time: 0.0421884
2026-05-25 01:54:42.319 10 INFO neutron.db.ovn_revision_numbers_db [None req-bed0a1e9-f62f-494d-9a39-492d1e6c9ae6 42e13dc2f4344bf793563fa52e292447 8d0555e84862425facc5122b340e3f43 - - default default] Successfully bumped revision number for resource 33ee7039-6f87-4b93-926c-71d7258b39a4 (type: ports) to 1
2026-05-25 01:54:42.329 9 INFO neutron.api.wsgi [req-02dabe33-2bac-41ee-9dfc-c7f97c331dbc req-8fdef10c-8d66-4205-81fe-4d036786dbb3 5218039aafda45f3be642c6014d3ae9b b2a546254df3488fbddd714b7f50efe9 - - b4886bf9aa194294ab01b036fd7452ba b4886bf9aa194294ab01b036fd7452ba] 199.204.45.72 "GET /v2.0/networks?tenant_id=2333c43c5b37475aab9e97e8ba702f86&shared=False HTTP/1.1" status: 200 len: 971 time: 0.0522873
2026-05-25 01:54:42.338 10 INFO neutron.api.wsgi [None req-bed0a1e9-f62f-494d-9a39-492d1e6c9ae6 42e13dc2f4344bf793563fa52e292447 8d0555e84862425facc5122b340e3f43 - - default default] 10.0.0.86 "POST /v2.0/ports HTTP/1.1" status: 201 len: 942 time: 0.2880366
2026-05-25 01:54:42.356 9 WARNING neutron_lib.context [None req-08052c7b-0dae-4dc6-a5fc-426b4ab40f55 42e13dc2f4344bf793563fa52e292447 8d0555e84862425facc5122b340e3f43 - - default default] Method 'is_advsvc' is deprecated since 2023.2 release (neutron-lib 3.8.0) and will be removed once support for the old RBAC API policies will be removed from Neutron. Please use method 'is_service_role' instead.
2026-05-25 01:54:42.390 9 INFO neutron.api.wsgi [None req-a52d1f0c-8e42-427b-9250-8c8fdb6db7d8 d43276b0ca054ade821c06fdab05e1e0 dce85ce853a642d8ab454bef188237b9 - - default default] 10.0.0.86 "DELETE /v2.0/security-groups/4aa40f56-1a35-4a56-b909-7baad3c9b98a HTTP/1.1" status: 204 len: 168 time: 0.2555306
2026-05-25 01:54:42.400 9 INFO neutron.api.wsgi [req-02dabe33-2bac-41ee-9dfc-c7f97c331dbc req-a57b981f-a54b-4c4e-8db1-45a5feff15c2 5218039aafda45f3be642c6014d3ae9b b2a546254df3488fbddd714b7f50efe9 - - b4886bf9aa194294ab01b036fd7452ba b4886bf9aa194294ab01b036fd7452ba] 199.204.45.72 "GET /v2.0/networks?shared=True HTTP/1.1" status: 200 len: 952 time: 0.0624626
2026-05-25 01:54:42.530 9 INFO neutron.api.wsgi [None req-08052c7b-0dae-4dc6-a5fc-426b4ab40f55 42e13dc2f4344bf793563fa52e292447 8d0555e84862425facc5122b340e3f43 - - default default] 10.0.0.86 "POST /v2.0/trunks HTTP/1.1" status: 201 len: 608 time: 0.1872118 /var/lib/openstack/lib/python3.12/site-packages/pycadf/identifier.py:71: UserWarning: Invalid uuid: neutron. To ensure interoperability, identifiers should be a valid uuid. warnings.warn(('Invalid uuid: %s. To ensure interoperability, '
2026-05-25 01:54:42.544 10 WARNING neutron_lib.context [None req-ace6deee-cf5c-477a-96f3-7f9a49c8d854 42e13dc2f4344bf793563fa52e292447 8d0555e84862425facc5122b340e3f43 - - default default] Method 'is_advsvc' is deprecated since 2023.2 release (neutron-lib 3.8.0) and will be removed once support for the old RBAC API policies will be removed from Neutron. Please use method 'is_service_role' instead.
2026-05-25 01:54:42.645 10 INFO neutron.db.segments_db [None req-ace6deee-cf5c-477a-96f3-7f9a49c8d854 42e13dc2f4344bf793563fa52e292447 8d0555e84862425facc5122b340e3f43 - - default default] Added segment 496c834f-78b9-4016-9b1f-9e6de2a2cba0 of type geneve for network 5c02691c-0416-41d7-b2e9-9a77e2bdcf7f
2026-05-25 01:54:42.757 10 INFO neutron.db.ovn_revision_numbers_db [None req-ace6deee-cf5c-477a-96f3-7f9a49c8d854 42e13dc2f4344bf793563fa52e292447 8d0555e84862425facc5122b340e3f43 - - default default] Successfully bumped revision number for resource 5c02691c-0416-41d7-b2e9-9a77e2bdcf7f (type: networks) to 1
2026-05-25 01:54:42.841 9 INFO neutron.api.wsgi [req-baa66625-d774-4e56-8645-2f2df26cc0e9 req-c88c8948-9bd2-4d68-a198-d0bf5fda7379 c9adf61357f048faba336f694379c487 2333c43c5b37475aab9e97e8ba702f86 - - default default] 10.0.0.110 "GET /v2.0/ports?device_id=8fe834ea-00ef-4292-a4c0-670cc308470a HTTP/1.1" status: 200 len: 1208 time: 0.0346065
2026-05-25 01:54:42.876 9 INFO neutron.api.wsgi [req-baa66625-d774-4e56-8645-2f2df26cc0e9 req-991bbf6e-4013-4a24-9870-55da940d7ab9 c9adf61357f048faba336f694379c487 2333c43c5b37475aab9e97e8ba702f86 - - default default] 10.0.0.110 "GET /v2.0/security-groups?id=53486790-e716-4ba0-a852-4d8ccdc6ea86&id=db23cd4e-b018-4cb3-b8b8-5d84c588f39a&fields=id&fields=name HTTP/1.1" status: 200 len: 405 time: 0.0324202
2026-05-25 01:54:42.904 10 WARNING neutron.scheduler.dhcp_agent_scheduler [None req-ace6deee-cf5c-477a-96f3-7f9a49c8d854 42e13dc2f4344bf793563fa52e292447 8d0555e84862425facc5122b340e3f43 - - default default] No more DHCP agents
2026-05-25 01:54:42.905 10 WARNING neutron.api.rpc.agentnotifiers.dhcp_rpc_agent_api [None req-ace6deee-cf5c-477a-96f3-7f9a49c8d854 42e13dc2f4344bf793563fa52e292447 8d0555e84862425facc5122b340e3f43 - - default default] Unable to schedule network 5c02691c-0416-41d7-b2e9-9a77e2bdcf7f: no agents available; will retry on subsequent port and subnet creation events.
2026-05-25 01:54:42.976 10 INFO neutron.db.ovn_revision_numbers_db [None req-ace6deee-cf5c-477a-96f3-7f9a49c8d854 42e13dc2f4344bf793563fa52e292447 8d0555e84862425facc5122b340e3f43 - - default default] Successfully bumped revision number for resource 12376f97-6b34-4b70-ac8b-970f7fe69a6c (type: ports) to 1
2026-05-25 01:54:42.995 10 INFO neutron.api.wsgi [None req-ace6deee-cf5c-477a-96f3-7f9a49c8d854 42e13dc2f4344bf793563fa52e292447 8d0555e84862425facc5122b340e3f43 - - default default] 10.0.0.86 "POST /v2.0/networks HTTP/1.1" status: 201 len: 829 time: 0.4589226
2026-05-25 01:54:43.005 10 WARNING neutron_lib.context [None req-e5c68142-ec11-40bf-ae1b-16967b110aec 42e13dc2f4344bf793563fa52e292447 8d0555e84862425facc5122b340e3f43 - - default default] Method 'is_advsvc' is deprecated since 2023.2 release (neutron-lib 3.8.0) and will be removed once support for the old RBAC API policies will be removed from Neutron. Please use method 'is_service_role' instead.
2026-05-25 01:54:43.227 10 WARNING neutron.scheduler.dhcp_agent_scheduler [None req-e5c68142-ec11-40bf-ae1b-16967b110aec 42e13dc2f4344bf793563fa52e292447 8d0555e84862425facc5122b340e3f43 - - default default] No more DHCP agents
2026-05-25 01:54:43.228 10 WARNING neutron.api.rpc.agentnotifiers.dhcp_rpc_agent_api [None req-e5c68142-ec11-40bf-ae1b-16967b110aec 42e13dc2f4344bf793563fa52e292447 8d0555e84862425facc5122b340e3f43 - - default default] Unable to schedule network 5c02691c-0416-41d7-b2e9-9a77e2bdcf7f: no agents available; will retry on subsequent port and subnet creation events.
2026-05-25 01:54:43.302 10 INFO neutron.db.ovn_revision_numbers_db [None req-e5c68142-ec11-40bf-ae1b-16967b110aec 42e13dc2f4344bf793563fa52e292447 8d0555e84862425facc5122b340e3f43 - - default default] Successfully bumped revision number for resource 5e58a63c-ca02-4a82-b34c-b14ffb949899 (type: ports) to 1
2026-05-25 01:54:43.328 10 INFO neutron.api.wsgi [None req-e5c68142-ec11-40bf-ae1b-16967b110aec 42e13dc2f4344bf793563fa52e292447 8d0555e84862425facc5122b340e3f43 - - default default] 10.0.0.86 "POST /v2.0/ports HTTP/1.1" status: 201 len: 942 time: 0.3263183 /var/lib/openstack/lib/python3.12/site-packages/pycadf/identifier.py:71: UserWarning: Invalid uuid: neutron. To ensure interoperability, identifiers should be a valid uuid. warnings.warn(('Invalid uuid: %s. To ensure interoperability, '
2026-05-25 01:54:43.339 10 WARNING neutron_lib.context [None req-cd08f4ff-4531-42fb-b8d8-d50a5de62c48 42e13dc2f4344bf793563fa52e292447 8d0555e84862425facc5122b340e3f43 - - default default] Method 'is_advsvc' is deprecated since 2023.2 release (neutron-lib 3.8.0) and will be removed once support for the old RBAC API policies will be removed from Neutron. Please use method 'is_service_role' instead.
2026-05-25 01:54:43.447 9 INFO neutron.api.wsgi [req-486ce26a-5e6c-4bba-a4eb-853965b86cc5 req-949b9b90-1ca2-4921-b2c2-624a6fe10f8a 5218039aafda45f3be642c6014d3ae9b b2a546254df3488fbddd714b7f50efe9 - - b4886bf9aa194294ab01b036fd7452ba b4886bf9aa194294ab01b036fd7452ba] 199.204.45.72 "GET /v2.0/ports?tenant_id=2333c43c5b37475aab9e97e8ba702f86&device_id=8fe834ea-00ef-4292-a4c0-670cc308470a HTTP/1.1" status: 200 len: 1446 time: 0.0339663
2026-05-25 01:54:43.467 9 INFO neutron.api.wsgi [req-486ce26a-5e6c-4bba-a4eb-853965b86cc5 req-b9abc114-22fb-4963-82c8-c66bfaf99878 5218039aafda45f3be642c6014d3ae9b b2a546254df3488fbddd714b7f50efe9 - - b4886bf9aa194294ab01b036fd7452ba b4886bf9aa194294ab01b036fd7452ba] 199.204.45.72 "GET /v2.0/floatingips?fixed_ip_address=10.100.0.6&port_id=bab04cd1-6458-402e-88db-3e1316a06718 HTTP/1.1" status: 200 len: 217 time: 0.0147722
2026-05-25 01:54:43.496 9 INFO neutron.api.wsgi [req-486ce26a-5e6c-4bba-a4eb-853965b86cc5 req-30a4d66f-37ea-4d1c-b6e7-de5776a813b6 5218039aafda45f3be642c6014d3ae9b b2a546254df3488fbddd714b7f50efe9 - - b4886bf9aa194294ab01b036fd7452ba b4886bf9aa194294ab01b036fd7452ba] 199.204.45.72 "GET /v2.0/subnets?id=085c7568-3c73-400f-b5fd-add3e1751775 HTTP/1.1" status: 200 len: 890 time: 0.0234072
2026-05-25 01:54:43.506 10 INFO neutron.api.wsgi [None req-cd08f4ff-4531-42fb-b8d8-d50a5de62c48 42e13dc2f4344bf793563fa52e292447 8d0555e84862425facc5122b340e3f43 - - default default] 10.0.0.86 "POST /v2.0/trunks HTTP/1.1" status: 201 len: 608 time: 0.1721389
2026-05-25 01:54:43.519 9 INFO neutron.api.wsgi [req-486ce26a-5e6c-4bba-a4eb-853965b86cc5 req-4771a7b9-2b11-421e-b528-f6f191d14d70 5218039aafda45f3be642c6014d3ae9b b2a546254df3488fbddd714b7f50efe9 - - b4886bf9aa194294ab01b036fd7452ba b4886bf9aa194294ab01b036fd7452ba] 199.204.45.72 "GET /v2.0/ports?network_id=cc30bc85-a2a6-44fe-b04c-68c13b005ef1&device_owner=network%3Adhcp HTTP/1.1" status: 200 len: 210 time: 0.0180116
2026-05-25 01:54:43.536 10 INFO neutron.api.wsgi [None req-d86e62c2-de8a-447a-b8a3-731ad717ed61 42e13dc2f4344bf793563fa52e292447 8d0555e84862425facc5122b340e3f43 - - default default] 10.0.0.86 "PUT /v2.0/trunks/919472f8-9b36-4f97-b0bd-270479976d5e/tags HTTP/1.1" status: 200 len: 210 time: 0.0226452
2026-05-25 01:54:43.565 9 INFO neutron.api.wsgi [req-486ce26a-5e6c-4bba-a4eb-853965b86cc5 req-0e4fd9c4-f090-4fda-881b-361e1512ff16 5218039aafda45f3be642c6014d3ae9b b2a546254df3488fbddd714b7f50efe9 - - b4886bf9aa194294ab01b036fd7452ba b4886bf9aa194294ab01b036fd7452ba] 199.204.45.72 "GET /v2.0/networks/cc30bc85-a2a6-44fe-b04c-68c13b005ef1?fields=segments HTTP/1.1" status: 200 len: 212 time: 0.0402565
2026-05-25 01:54:43.567 10 INFO neutron.api.wsgi [None req-3b7fef90-5413-4699-a5a0-79dfa5b1b906 42e13dc2f4344bf793563fa52e292447 8d0555e84862425facc5122b340e3f43 - - default default] 10.0.0.86 "PUT /v2.0/trunks/8e40ff3c-3e9b-4780-b06a-e8a0c3269e0e/tags HTTP/1.1" status: 200 len: 218 time: 0.0273278
2026-05-25 01:54:43.602 10 INFO neutron.api.wsgi [None req-1e4eaee7-0e62-47bb-8309-0e949cb00890 42e13dc2f4344bf793563fa52e292447 8d0555e84862425facc5122b340e3f43 - - default default] 10.0.0.86 "PUT /v2.0/trunks/565e162c-004a-40ae-9a00-cf3ee7cf3b87/tags HTTP/1.1" status: 200 len: 227 time: 0.0298185
2026-05-25 01:54:43.615 9 INFO neutron.api.wsgi [req-486ce26a-5e6c-4bba-a4eb-853965b86cc5 req-ce266f4d-f89e-4f1d-a15f-ab34596dc245 5218039aafda45f3be642c6014d3ae9b b2a546254df3488fbddd714b7f50efe9 - - b4886bf9aa194294ab01b036fd7452ba b4886bf9aa194294ab01b036fd7452ba] 199.204.45.72 "GET /v2.0/networks/cc30bc85-a2a6-44fe-b04c-68c13b005ef1?fields=provider%3Aphysical_network&fields=provider%3Anetwork_type HTTP/1.1" status: 200 len: 277 time: 0.0438635
2026-05-25 01:54:43.633 10 INFO neutron.api.wsgi [None req-558bd9e4-219c-48dd-893e-fec73b167499 42e13dc2f4344bf793563fa52e292447 8d0555e84862425facc5122b340e3f43 - - default default] 10.0.0.86 "PUT /v2.0/trunks/be11c034-00c8-4322-9a66-783d421e0eae/tags HTTP/1.1" status: 200 len: 212 time: 0.0280828
2026-05-25 01:54:43.656 10 INFO neutron.api.wsgi [None req-71586585-4e03-440a-b58a-cd54096cdd36 42e13dc2f4344bf793563fa52e292447 8d0555e84862425facc5122b340e3f43 - - default default] 10.0.0.86 "GET /v2.0/trunks?tags=red HTTP/1.1" status: 200 len: 1447 time: 0.0170505
2026-05-25 01:54:43.674 10 INFO neutron.api.wsgi [None req-8ba9b25b-4c19-430e-8f7d-48ed1e23ceef 42e13dc2f4344bf793563fa52e292447 8d0555e84862425facc5122b340e3f43 - - default default] 10.0.0.86 "GET /v2.0/trunks?tags=red%2Cblue HTTP/1.1" status: 200 len: 1041 time: 0.0141320
2026-05-25 01:54:43.692 10 INFO neutron.api.wsgi [None req-d33a9cfd-8368-41e6-94e0-454270908023 42e13dc2f4344bf793563fa52e292447 8d0555e84862425facc5122b340e3f43 - - default default] 10.0.0.86 "GET /v2.0/trunks?tags-any=blue HTTP/1.1" status: 200 len: 1041 time: 0.0133505
2026-05-25 01:54:43.711 10 INFO neutron.api.wsgi [None req-9ece4cac-5ac7-43e3-b354-3372c959930c 42e13dc2f4344bf793563fa52e292447 8d0555e84862425facc5122b340e3f43 - - default default] 10.0.0.86 "GET /v2.0/trunks?tags-any=red%2Cblue HTTP/1.1" status: 200 len: 1447 time: 0.0142765
2026-05-25 01:54:43.729 10 INFO neutron.api.wsgi [None req-baef3b88-cabb-46c6-98a4-7b62841a3030 42e13dc2f4344bf793563fa52e292447 8d0555e84862425facc5122b340e3f43 - - default default] 10.0.0.86 "GET /v2.0/trunks?not-tags=red HTTP/1.1" status: 200 len: 1013 time: 0.0133796
2026-05-25 01:54:43.751 10 INFO neutron.api.wsgi [None req-96ea6799-b59c-4c4d-9ee7-38a4b5b8d439 42e13dc2f4344bf793563fa52e292447 8d0555e84862425facc5122b340e3f43 - - default default] 10.0.0.86 "GET /v2.0/trunks?not-tags=red%2Cblue HTTP/1.1" status: 200 len: 1419 time: 0.0182180
2026-05-25 01:54:43.775 10 INFO neutron.api.wsgi [None req-d4c3a25a-1753-4b16-8c9f-48d922c3e4ef 42e13dc2f4344bf793563fa52e292447 8d0555e84862425facc5122b340e3f43 - - default default] 10.0.0.86 "GET /v2.0/trunks?not-tags-any=blue HTTP/1.1" status: 200 len: 1419 time: 0.0198202
2026-05-25 01:54:43.795 10 INFO neutron.api.wsgi [None req-6bdba570-cede-4f96-bdd3-4018cfe39336 42e13dc2f4344bf793563fa52e292447 8d0555e84862425facc5122b340e3f43 - - default default] 10.0.0.86 "GET /v2.0/trunks?not-tags-any=red%2Cblue HTTP/1.1" status: 200 len: 1013 time: 0.0153477
2026-05-25 01:54:43.814 10 INFO neutron.api.wsgi [None req-179abdb3-b363-4b0d-8876-dad51cbc83d4 42e13dc2f4344bf793563fa52e292447 8d0555e84862425facc5122b340e3f43 - - default default] 10.0.0.86 "GET /v2.0/trunks/919472f8-9b36-4f97-b0bd-270479976d5e HTTP/1.1" status: 200 len: 608 time: 0.0122800
2026-05-25 01:54:43.876 10 INFO neutron.api.wsgi [None req-fb8b4dcb-3453-4591-89a3-bac53888a499 42e13dc2f4344bf793563fa52e292447 8d0555e84862425facc5122b340e3f43 - - default default] 10.0.0.86 "GET /v2.0/ports/c51e4753-c6e7-4db7-946d-3fdded5b8f62 HTTP/1.1" status: 200 len: 1020 time: 0.0580802
2026-05-25 01:54:43.959 10 INFO neutron.api.wsgi [None req-3df9156f-2d86-4671-af0a-d7e5227f154e 42e13dc2f4344bf793563fa52e292447 8d0555e84862425facc5122b340e3f43 - - default default] 10.0.0.86 "DELETE /v2.0/trunks/919472f8-9b36-4f97-b0bd-270479976d5e HTTP/1.1" status: 204 len: 168 time: 0.0789716
2026-05-25 01:54:43.971 9 INFO neutron.api.wsgi [req-20bcfda6-9bc4-4b68-93d9-eb5d41cc55e5 req-e9f22a80-358f-4cbe-9cd7-cf8a209409fd c9adf61357f048faba336f694379c487 2333c43c5b37475aab9e97e8ba702f86 - - default default] 10.0.0.110 "GET /v2.0/ports?device_id=8fe834ea-00ef-4292-a4c0-670cc308470a HTTP/1.1" status: 200 len: 1208 time: 0.0368686
2026-05-25 01:54:43.977 10 INFO neutron.api.wsgi [None req-ffc2eb80-946b-431d-a980-b89c8cdab11c 42e13dc2f4344bf793563fa52e292447 8d0555e84862425facc5122b340e3f43 - - default default] 10.0.0.86 "GET /v2.0/trunks/8e40ff3c-3e9b-4780-b06a-e8a0c3269e0e HTTP/1.1" status: 200 len: 616 time: 0.0125411
2026-05-25 01:54:44.011 9 INFO neutron.api.wsgi [req-20bcfda6-9bc4-4b68-93d9-eb5d41cc55e5 req-d8561e82-78a9-4ab6-a1e9-1f0bda0a7650 c9adf61357f048faba336f694379c487 2333c43c5b37475aab9e97e8ba702f86 - - default default] 10.0.0.110 "GET /v2.0/security-groups?id=53486790-e716-4ba0-a852-4d8ccdc6ea86&id=db23cd4e-b018-4cb3-b8b8-5d84c588f39a&fields=id&fields=name HTTP/1.1" status: 200 len: 405 time: 0.0338786
2026-05-25 01:54:44.045 10 INFO neutron.api.wsgi [None req-8f4ce871-5e6d-41ab-be4b-2e404c2a16e0 42e13dc2f4344bf793563fa52e292447 8d0555e84862425facc5122b340e3f43 - - default default] 10.0.0.86 "GET /v2.0/ports/d3d4bff1-98c5-4325-8853-27a62e033bb0 HTTP/1.1" status: 200 len: 1020 time: 0.0639398
2026-05-25 01:54:44.099 10 INFO neutron.api.wsgi [None req-54ede753-b3e8-48ca-b798-639a3bd835f0 42e13dc2f4344bf793563fa52e292447 8d0555e84862425facc5122b340e3f43 - - default default] 10.0.0.86 "DELETE /v2.0/trunks/8e40ff3c-3e9b-4780-b06a-e8a0c3269e0e HTTP/1.1" status: 204 len: 168 time: 0.0495739
2026-05-25 01:54:44.115 10 INFO neutron.api.wsgi [None req-44a87935-30d6-450a-88a2-3ee5deb9d7f1 42e13dc2f4344bf793563fa52e292447 8d0555e84862425facc5122b340e3f43 - - default default] 10.0.0.86 "GET /v2.0/trunks/565e162c-004a-40ae-9a00-cf3ee7cf3b87 HTTP/1.1" status: 200 len: 625 time: 0.0115681
2026-05-25 01:54:44.179 10 INFO neutron.api.wsgi [None req-cf597dc4-5c65-4067-bcdc-f5ec1da55d65 42e13dc2f4344bf793563fa52e292447 8d0555e84862425facc5122b340e3f43 - - default default] 10.0.0.86 "GET /v2.0/ports/2a272a6d-2d75-4696-bf74-4862d603103e HTTP/1.1" status: 200 len: 1020 time: 0.0568247
2026-05-25 01:54:44.235 10 INFO neutron.api.wsgi [None req-f9667916-f527-435d-93fd-bb09ebb391bf 42e13dc2f4344bf793563fa52e292447 8d0555e84862425facc5122b340e3f43 - - default default] 10.0.0.86 "DELETE /v2.0/trunks/565e162c-004a-40ae-9a00-cf3ee7cf3b87 HTTP/1.1" status: 204 len: 168 time: 0.0522101
2026-05-25 01:54:44.251 10 INFO neutron.api.wsgi [None req-6bbfb2c6-1c77-48fc-9863-eeb7a520dba7 42e13dc2f4344bf793563fa52e292447 8d0555e84862425facc5122b340e3f43 - - default default] 10.0.0.86 "GET /v2.0/trunks/be11c034-00c8-4322-9a66-783d421e0eae HTTP/1.1" status: 200 len: 610 time: 0.0128598
2026-05-25 01:54:44.311 10 INFO neutron.api.wsgi [None req-e5c11917-cc38-4621-9997-a3c22f6c388f 42e13dc2f4344bf793563fa52e292447 8d0555e84862425facc5122b340e3f43 - - default default] 10.0.0.86 "GET /v2.0/ports/33ee7039-6f87-4b93-926c-71d7258b39a4 HTTP/1.1" status: 200 len: 1020 time: 0.0569608
2026-05-25 01:54:44.374 10 INFO neutron.api.wsgi [None req-02c6aede-f3a6-4620-92be-025d29d538a6 42e13dc2f4344bf793563fa52e292447 8d0555e84862425facc5122b340e3f43 - - default default] 10.0.0.86 "DELETE /v2.0/trunks/be11c034-00c8-4322-9a66-783d421e0eae HTTP/1.1" status: 204 len: 168 time: 0.0591791
2026-05-25 01:54:44.404 10 INFO neutron.api.wsgi [None req-bad650e0-01ee-44d2-8d5f-bafac94dd585 42e13dc2f4344bf793563fa52e292447 8d0555e84862425facc5122b340e3f43 - - default default] 10.0.0.86 "GET /v2.0/trunks/1fea1365-4359-4ac4-9659-b7ae4229c99f HTTP/1.1" status: 200 len: 603 time: 0.0254846
2026-05-25 01:54:44.477 10 INFO neutron.api.wsgi [None req-7db34326-77b0-43dc-b505-fd72545c8a2b 42e13dc2f4344bf793563fa52e292447 8d0555e84862425facc5122b340e3f43 - - default default] 10.0.0.86 "GET /v2.0/ports/5e58a63c-ca02-4a82-b34c-b14ffb949899 HTTP/1.1" status: 200 len: 1020 time: 0.0687978
2026-05-25 01:54:44.540 10 INFO neutron.api.wsgi [None req-dac9d650-a29a-4f0a-a5e0-80cc636f15dd 42e13dc2f4344bf793563fa52e292447 8d0555e84862425facc5122b340e3f43 - - default default] 10.0.0.86 "DELETE /v2.0/trunks/1fea1365-4359-4ac4-9659-b7ae4229c99f HTTP/1.1" status: 204 len: 168 time: 0.0580978
2026-05-25 01:54:44.745 10 INFO neutron.api.wsgi [None req-366fdc50-b347-4b62-bf99-0d61e83133b2 42e13dc2f4344bf793563fa52e292447 8d0555e84862425facc5122b340e3f43 - - default default] 10.0.0.86 "DELETE /v2.0/ports/c51e4753-c6e7-4db7-946d-3fdded5b8f62 HTTP/1.1" status: 204 len: 168 time: 0.1999755
2026-05-25 01:54:44.932 10 INFO neutron.api.wsgi [None req-8d1f5ffd-302c-4ec3-b409-77b4dd7bd68e 42e13dc2f4344bf793563fa52e292447 8d0555e84862425facc5122b340e3f43 - - default default] 10.0.0.86 "DELETE /v2.0/ports/d3d4bff1-98c5-4325-8853-27a62e033bb0 HTTP/1.1" status: 204 len: 168 time: 0.1818640
2026-05-25 01:54:45.107 9 INFO neutron.api.wsgi [req-87ca4a15-2dde-406b-aded-935d9db78d9e req-8d4f01ac-5db4-45cb-b6df-a2c44e37471e c9adf61357f048faba336f694379c487 2333c43c5b37475aab9e97e8ba702f86 - - default default] 10.0.0.110 "GET /v2.0/ports?device_id=8fe834ea-00ef-4292-a4c0-670cc308470a HTTP/1.1" status: 200 len: 1208 time: 0.0352452
2026-05-25 01:54:45.143 10 INFO neutron.api.wsgi [None req-97e002f0-a685-415d-8f7b-8881af45c78b 42e13dc2f4344bf793563fa52e292447 8d0555e84862425facc5122b340e3f43 - - default default] 10.0.0.86 "DELETE /v2.0/ports/2a272a6d-2d75-4696-bf74-4862d603103e HTTP/1.1" status: 204 len: 168 time: 0.2069111
2026-05-25 01:54:45.149 9 INFO neutron.api.wsgi [req-87ca4a15-2dde-406b-aded-935d9db78d9e req-0f235a6b-0e09-478b-8f18-910c5f14d6e5 c9adf61357f048faba336f694379c487 2333c43c5b37475aab9e97e8ba702f86 - - default default] 10.0.0.110 "GET /v2.0/security-groups?id=53486790-e716-4ba0-a852-4d8ccdc6ea86&id=db23cd4e-b018-4cb3-b8b8-5d84c588f39a&fields=id&fields=name HTTP/1.1" status: 200 len: 405 time: 0.0365584
2026-05-25 01:54:45.343 10 INFO neutron.api.wsgi [None req-ff6c5f27-e4dc-44a1-bc22-9d6ff0edb473 42e13dc2f4344bf793563fa52e292447 8d0555e84862425facc5122b340e3f43 - - default default] 10.0.0.86 "DELETE /v2.0/ports/33ee7039-6f87-4b93-926c-71d7258b39a4 HTTP/1.1" status: 204 len: 168 time: 0.1960897
2026-05-25 01:54:45.546 10 INFO neutron.api.wsgi [None req-f993956a-6856-4b78-ba2c-ebb79a000937 42e13dc2f4344bf793563fa52e292447 8d0555e84862425facc5122b340e3f43 - - default default] 10.0.0.86 "DELETE /v2.0/ports/5e58a63c-ca02-4a82-b34c-b14ffb949899 HTTP/1.1" status: 204 len: 168 time: 0.1967678
2026-05-25 01:54:45.721 9 INFO neutron.api.wsgi [-] 10.0.0.10 "GET / HTTP/1.1" status: 200 len: 245 time: 0.0013452
2026-05-25 01:54:45.722 9 INFO neutron.api.wsgi [-] 10.0.0.10 "GET / HTTP/1.1" status: 200 len: 245 time: 0.0009060
2026-05-25 01:54:45.815 10 INFO neutron.services.segments.plugin [-] Segment 6e6e96bf-9f81-46c9-bf46-07c0c9d5ac73 resource provider aggregate not found
2026-05-25 01:54:45.822 10 INFO neutron.services.segments.plugin [-] Segment 6e6e96bf-9f81-46c9-bf46-07c0c9d5ac73 resource provider aggregate not found
2026-05-25 01:54:45.828 10 INFO neutron.services.segments.plugin [-] Segment 6e6e96bf-9f81-46c9-bf46-07c0c9d5ac73 resource provider not found; error: Placement Client Error (4xx): {"errors": [{"status": 404, "title": "Not Found", "detail": "The resource could not be found.\n\n No resource provider with uuid 6e6e96bf-9f81-46c9-bf46-07c0c9d5ac73 found for delete ", "request_id": "req-589e5835-54c0-4d72-9da7-625324b6fd7f"}]}
2026-05-25 01:54:45.833 10 INFO neutron.services.segments.plugin [-] Segment 6e6e96bf-9f81-46c9-bf46-07c0c9d5ac73 resource provider not found; error: Placement Client Error (4xx): {"errors": [{"status": 404, "title": "Not Found", "detail": "The resource could not be found.\n\n No resource provider with uuid 6e6e96bf-9f81-46c9-bf46-07c0c9d5ac73 found for delete ", "request_id": "req-9d2b19d7-d681-418f-aa40-cfba1b0ec94c"}]}
2026-05-25 01:54:45.860 10 INFO neutron.api.wsgi [None req-2edce502-a6e5-46c7-bd09-a3b031acdb17 42e13dc2f4344bf793563fa52e292447 8d0555e84862425facc5122b340e3f43 - - default default] 10.0.0.86 "DELETE /v2.0/networks/5e28b149-112e-48e7-82c0-4f7f3fd2bc47 HTTP/1.1" status: 204 len: 168 time: 0.3105614
2026-05-25 01:54:46.190 10 INFO neutron.api.wsgi [None req-929a6a7d-acdc-4ff1-b026-001babc2557a 42e13dc2f4344bf793563fa52e292447 8d0555e84862425facc5122b340e3f43 - - default default] 10.0.0.86 "DELETE /v2.0/networks/a435dfe1-fc33-4140-ba7e-958fa81d3402 HTTP/1.1" status: 204 len: 168 time: 0.3249569
2026-05-25 01:54:46.243 9 INFO neutron.api.wsgi [req-829b0d6e-fe10-41e0-bbbd-03819b92495f req-3b40fd05-1d7b-4cc3-beee-b56cabf8328b 5218039aafda45f3be642c6014d3ae9b b2a546254df3488fbddd714b7f50efe9 - - b4886bf9aa194294ab01b036fd7452ba b4886bf9aa194294ab01b036fd7452ba] 199.204.45.72 "GET /v2.0/ports?device_id=8fe834ea-00ef-4292-a4c0-670cc308470a HTTP/1.1" status: 200 len: 1446 time: 0.0445776
2026-05-25 01:54:46.249 9 INFO neutron.api.wsgi [req-0f276d1f-dda8-4258-86f0-5585c9373322 req-715528b8-c579-4520-a724-04bc7ef1844c c9adf61357f048faba336f694379c487 2333c43c5b37475aab9e97e8ba702f86 - - default default] 10.0.0.110 "GET /v2.0/ports?device_id=8fe834ea-00ef-4292-a4c0-670cc308470a HTTP/1.1" status: 200 len: 1208 time: 0.0391109
2026-05-25 01:54:46.297 9 INFO neutron.api.wsgi [req-829b0d6e-fe10-41e0-bbbd-03819b92495f req-4f85fe46-a8b1-4f63-8d35-999ef1236b5c 5218039aafda45f3be642c6014d3ae9b b2a546254df3488fbddd714b7f50efe9 - - b4886bf9aa194294ab01b036fd7452ba b4886bf9aa194294ab01b036fd7452ba] 199.204.45.72 "GET /v2.0/security-groups?id=53486790-e716-4ba0-a852-4d8ccdc6ea86&id=db23cd4e-b018-4cb3-b8b8-5d84c588f39a&fields=id&fields=name HTTP/1.1" status: 200 len: 405 time: 0.0477548
2026-05-25 01:54:46.303 9 INFO neutron.api.wsgi [req-0f276d1f-dda8-4258-86f0-5585c9373322 req-f6e5c186-7f35-46fc-88f8-8dac55a18e24 c9adf61357f048faba336f694379c487 2333c43c5b37475aab9e97e8ba702f86 - - default default] 10.0.0.110 "GET /v2.0/security-groups?id=53486790-e716-4ba0-a852-4d8ccdc6ea86&id=db23cd4e-b018-4cb3-b8b8-5d84c588f39a&fields=id&fields=name HTTP/1.1" status: 200 len: 405 time: 0.0425336
