2026-05-25 01:54:56.285 9 INFO neutron.plugins.ml2.drivers.ovn.mech_driver.ovsdb.commands [None req-df05cee8-1ed9-4129-ba3d-dfef9dc0d586 - - - - - -] Schedule LRP lrp-f2bd27c0-4f9d-4d28-b9a4-5f2121c5908d on gateway 047dd736-e476-4af6-a215-36eeee22072f with priority 1
2026-05-25 01:54:56.293 9 INFO neutron.plugins.ml2.drivers.ovn.mech_driver.mech_driver [None req-1910c710-82b8-4bca-82aa-f54d28674ec0 - - - - - -] OVN reports status up for port: f2bd27c0-4f9d-4d28-b9a4-5f2121c5908d
2026-05-25 01:54:56.311 9 INFO neutron.plugins.ml2.drivers.ovn.mech_driver.ovsdb.ovsdb_monitor [None req-58c92330-4225-43d1-a48d-b4d6b7135772 - - - - - -] Router ffffb8b1-86e0-48b3-8b2b-ebfadd9cbb8f is bound to host instance
2026-05-25 01:54:56.315 9 INFO neutron.plugins.ml2.plugin [None req-1910c710-82b8-4bca-82aa-f54d28674ec0 - - - - - -] Attempt 1 to provision port f2bd27c0-4f9d-4d28-b9a4-5f2121c5908d
2026-05-25 01:54:56.343 9 INFO neutron.db.ovn_revision_numbers_db [None req-5bceb550-b725-4872-bfc6-56bb36cb2a7e 28c9de720e9a4fc5a1ffc4ca6e3e1b05 4eee18d2747446b3bc0449a98ebdff86 - - default default] Successfully bumped revision number for resource f2bd27c0-4f9d-4d28-b9a4-5f2121c5908d (type: router_ports) to 1
2026-05-25 01:54:56.439 9 INFO neutron.db.ovn_revision_numbers_db [None req-5bceb550-b725-4872-bfc6-56bb36cb2a7e 28c9de720e9a4fc5a1ffc4ca6e3e1b05 4eee18d2747446b3bc0449a98ebdff86 - - default default] Successfully bumped revision number for resource ffffb8b1-86e0-48b3-8b2b-ebfadd9cbb8f (type: routers) to 2
2026-05-25 01:54:56.461 9 INFO neutron.api.wsgi [None req-5bceb550-b725-4872-bfc6-56bb36cb2a7e 28c9de720e9a4fc5a1ffc4ca6e3e1b05 4eee18d2747446b3bc0449a98ebdff86 - - default default] 10.0.0.86 "POST /v2.0/routers HTTP/1.1" status: 201 len: 1144 time: 1.1163363
2026-05-25 01:54:56.699 9 INFO neutron.db.ovn_revision_numbers_db [None req-bdff4d01-773b-41a6-a370-85091f4e0609 - - - - - -] Successfully bumped revision number for resource f2bd27c0-4f9d-4d28-b9a4-5f2121c5908d (type: ports) to 1
2026-05-25 01:54:56.902 10 WARNING neutron.scheduler.dhcp_agent_scheduler [None req-f5457954-a0b3-425a-b8c7-84386841005c 28c9de720e9a4fc5a1ffc4ca6e3e1b05 4eee18d2747446b3bc0449a98ebdff86 - - default default] No more DHCP agents
2026-05-25 01:54:56.903 10 WARNING neutron.api.rpc.agentnotifiers.dhcp_rpc_agent_api [None req-f5457954-a0b3-425a-b8c7-84386841005c 28c9de720e9a4fc5a1ffc4ca6e3e1b05 4eee18d2747446b3bc0449a98ebdff86 - - default default] Unable to schedule network d388a647-7972-4404-8172-295171e5f015: no agents available; will retry on subsequent port and subnet creation events.
2026-05-25 01:54:56.974 9 INFO neutron.db.ovn_revision_numbers_db [None req-bdff4d01-773b-41a6-a370-85091f4e0609 - - - - - -] Successfully bumped revision number for resource f2bd27c0-4f9d-4d28-b9a4-5f2121c5908d (type: ports) to 4
2026-05-25 01:54:57.013 10 INFO neutron.db.ovn_revision_numbers_db [None req-f5457954-a0b3-425a-b8c7-84386841005c 28c9de720e9a4fc5a1ffc4ca6e3e1b05 4eee18d2747446b3bc0449a98ebdff86 - - default default] Successfully bumped revision number for resource 947b9198-0b4e-433d-85cc-42b7058f81f7 (type: ports) to 1
2026-05-25 01:54:57.242 9 INFO neutron.db.ovn_revision_numbers_db [None req-bdff4d01-773b-41a6-a370-85091f4e0609 - - - - - -] Successfully bumped revision number for resource f2bd27c0-4f9d-4d28-b9a4-5f2121c5908d (type: ports) to 5
2026-05-25 01:54:57.629 10 INFO neutron.db.ovn_revision_numbers_db [None req-f5457954-a0b3-425a-b8c7-84386841005c 28c9de720e9a4fc5a1ffc4ca6e3e1b05 4eee18d2747446b3bc0449a98ebdff86 - - default default] Successfully bumped revision number for resource 947b9198-0b4e-433d-85cc-42b7058f81f7 (type: ports) to 1
2026-05-25 01:54:57.687 10 WARNING neutron.scheduler.dhcp_agent_scheduler [None req-f5457954-a0b3-425a-b8c7-84386841005c 28c9de720e9a4fc5a1ffc4ca6e3e1b05 4eee18d2747446b3bc0449a98ebdff86 - - default default] No more DHCP agents
2026-05-25 01:54:57.688 10 WARNING neutron.api.rpc.agentnotifiers.dhcp_rpc_agent_api [None req-f5457954-a0b3-425a-b8c7-84386841005c 28c9de720e9a4fc5a1ffc4ca6e3e1b05 4eee18d2747446b3bc0449a98ebdff86 - - default default] Unable to schedule network d388a647-7972-4404-8172-295171e5f015: no agents available; will retry on subsequent port and subnet creation events.
2026-05-25 01:54:57.976 10 INFO neutron.db.ovn_revision_numbers_db [None req-f5457954-a0b3-425a-b8c7-84386841005c 28c9de720e9a4fc5a1ffc4ca6e3e1b05 4eee18d2747446b3bc0449a98ebdff86 - - default default] Successfully bumped revision number for resource 947b9198-0b4e-433d-85cc-42b7058f81f7 (type: router_ports) to 1
2026-05-25 01:54:57.982 10 INFO neutron.api.wsgi [None req-f5457954-a0b3-425a-b8c7-84386841005c 28c9de720e9a4fc5a1ffc4ca6e3e1b05 4eee18d2747446b3bc0449a98ebdff86 - - default default] 10.0.0.86 "PUT /v2.0/routers/ffffb8b1-86e0-48b3-8b2b-ebfadd9cbb8f/add_router_interface HTTP/1.1" status: 200 len: 503 time: 1.5161312
2026-05-25 01:54:58.448 10 WARNING neutron.scheduler.dhcp_agent_scheduler [None req-a96bd6de-607b-475d-9981-e45fe46b6c36 28c9de720e9a4fc5a1ffc4ca6e3e1b05 4eee18d2747446b3bc0449a98ebdff86 - - default default] No more DHCP agents
2026-05-25 01:54:58.449 10 WARNING neutron.api.rpc.agentnotifiers.dhcp_rpc_agent_api [None req-a96bd6de-607b-475d-9981-e45fe46b6c36 28c9de720e9a4fc5a1ffc4ca6e3e1b05 4eee18d2747446b3bc0449a98ebdff86 - - default default] Unable to schedule network 7d4f2a14-d22f-453f-a96c-50e09834dfa0: no agents available; will retry on subsequent port and subnet creation events.
2026-05-25 01:54:58.607 10 INFO neutron.db.ovn_revision_numbers_db [None req-a96bd6de-607b-475d-9981-e45fe46b6c36 28c9de720e9a4fc5a1ffc4ca6e3e1b05 4eee18d2747446b3bc0449a98ebdff86 - - default default] Successfully bumped revision number for resource d1d435db-cc00-4dd1-80c8-0615caa7f1d8 (type: ports) to 1
2026-05-25 01:54:58.652 9 INFO neutron.plugins.ml2.drivers.ovn.mech_driver.mech_driver [None req-1910c710-82b8-4bca-82aa-f54d28674ec0 - - - - - -] OVN reports status up for port: 947b9198-0b4e-433d-85cc-42b7058f81f7
2026-05-25 01:54:58.658 9 INFO neutron.plugins.ml2.plugin [None req-1910c710-82b8-4bca-82aa-f54d28674ec0 - - - - - -] Attempt 1 to provision port 947b9198-0b4e-433d-85cc-42b7058f81f7
2026-05-25 01:54:58.900 10 INFO neutron.api.wsgi [None req-577d8b0a-5e5a-42bb-897c-cbdbc9fe45ac b8f927d7a5d149db966571fe88dc3cb1 6eb48259b3694ed08318f959e63c59af - - default default] 10.0.0.86 "POST /v2.0/qos/policies HTTP/1.1" status: 201 len: 558 time: 0.1630790
2026-05-25 01:54:58.947 9 INFO neutron.api.wsgi [None req-c35a795c-33bd-4701-9a8c-0013ce0fdf08 b8f927d7a5d149db966571fe88dc3cb1 6eb48259b3694ed08318f959e63c59af - - default default] 10.0.0.86 "PUT /v2.0/policies/7c74fdac-3e93-4867-8a2e-8c1171e55e2c/tags HTTP/1.1" status: 200 len: 218 time: 0.0408196
2026-05-25 01:54:58.970 10 INFO neutron.api.wsgi [None req-1f18a485-9bdf-428e-8980-b7138cec331e b8f927d7a5d149db966571fe88dc3cb1 6eb48259b3694ed08318f959e63c59af - - default default] 10.0.0.86 "GET /v2.0/policies/7c74fdac-3e93-4867-8a2e-8c1171e55e2c/tags HTTP/1.1" status: 200 len: 218 time: 0.0195475
2026-05-25 01:54:58.990 9 INFO neutron.db.ovn_revision_numbers_db [None req-1910c710-82b8-4bca-82aa-f54d28674ec0 - - - - - -] Successfully bumped revision number for resource 947b9198-0b4e-433d-85cc-42b7058f81f7 (type: ports) to 2
2026-05-25 01:54:59.002 10 INFO neutron.api.wsgi [None req-18387206-d420-4b53-a20a-5c006f158900 b8f927d7a5d149db966571fe88dc3cb1 6eb48259b3694ed08318f959e63c59af - - default default] 10.0.0.86 "PUT /v2.0/policies/7c74fdac-3e93-4867-8a2e-8c1171e55e2c/tags/green HTTP/1.1" status: 201 len: 201 time: 0.0281470
2026-05-25 01:54:59.024 10 INFO neutron.api.wsgi [None req-2b7dcbc4-dd3b-4272-a20c-fa5577736345 b8f927d7a5d149db966571fe88dc3cb1 6eb48259b3694ed08318f959e63c59af - - default default] 10.0.0.86 "GET /v2.0/policies/7c74fdac-3e93-4867-8a2e-8c1171e55e2c/tags HTTP/1.1" status: 200 len: 227 time: 0.0170741
2026-05-25 01:54:59.054 9 INFO neutron.api.wsgi [None req-01dbc5f5-18f4-40ec-b21b-9bfd6b3637b5 b8f927d7a5d149db966571fe88dc3cb1 6eb48259b3694ed08318f959e63c59af - - default default] 10.0.0.86 "PUT /v2.0/policies/7c74fdac-3e93-4867-8a2e-8c1171e55e2c/tags/red HTTP/1.1" status: 201 len: 201 time: 0.0236616
2026-05-25 01:54:59.076 10 INFO neutron.api.wsgi [None req-1e72578e-c200-49a6-883f-e950cfc58fed b8f927d7a5d149db966571fe88dc3cb1 6eb48259b3694ed08318f959e63c59af - - default default] 10.0.0.86 "GET /v2.0/policies/7c74fdac-3e93-4867-8a2e-8c1171e55e2c/tags HTTP/1.1" status: 200 len: 227 time: 0.0168180
2026-05-25 01:54:59.104 9 INFO neutron.api.wsgi [None req-94bff8c1-c30c-48d3-ac51-b3108f6cc8b0 b8f927d7a5d149db966571fe88dc3cb1 6eb48259b3694ed08318f959e63c59af - - default default] 10.0.0.86 "PUT /v2.0/policies/7c74fdac-3e93-4867-8a2e-8c1171e55e2c/tags/black.or.white HTTP/1.1" status: 201 len: 201 time: 0.0247009
2026-05-25 01:54:59.139 9 INFO neutron.api.wsgi [None req-56ee59c0-0663-429b-9db2-307fc384331e b8f927d7a5d149db966571fe88dc3cb1 6eb48259b3694ed08318f959e63c59af - - default default] 10.0.0.86 "GET /v2.0/policies/7c74fdac-3e93-4867-8a2e-8c1171e55e2c/tags HTTP/1.1" status: 200 len: 245 time: 0.0299881
2026-05-25 01:54:59.168 9 INFO neutron.api.wsgi [None req-163ac1c0-1e46-478d-a48a-a54ecdbf493f b8f927d7a5d149db966571fe88dc3cb1 6eb48259b3694ed08318f959e63c59af - - default default] 10.0.0.86 "PUT /v2.0/policies/7c74fdac-3e93-4867-8a2e-8c1171e55e2c/tags HTTP/1.1" status: 200 len: 230 time: 0.0257654
2026-05-25 01:54:59.189 10 INFO neutron.api.wsgi [None req-7d8649ef-70e8-4bf5-bdb7-4235773ea878 b8f927d7a5d149db966571fe88dc3cb1 6eb48259b3694ed08318f959e63c59af - - default default] 10.0.0.86 "GET /v2.0/policies/7c74fdac-3e93-4867-8a2e-8c1171e55e2c/tags HTTP/1.1" status: 200 len: 230 time: 0.0156434
2026-05-25 01:54:59.218 10 INFO neutron.api.wsgi [None req-0cbdfc14-2c76-4e8b-91bf-e68b2298a1cc b8f927d7a5d149db966571fe88dc3cb1 6eb48259b3694ed08318f959e63c59af - - default default] 10.0.0.86 "GET /v2.0/policies/7c74fdac-3e93-4867-8a2e-8c1171e55e2c/tags/red HTTP/1.1" status: 204 len: 168 time: 0.0233743
2026-05-25 01:54:59.221 10 INFO neutron.db.ovn_revision_numbers_db [None req-a96bd6de-607b-475d-9981-e45fe46b6c36 28c9de720e9a4fc5a1ffc4ca6e3e1b05 4eee18d2747446b3bc0449a98ebdff86 - - default default] Successfully bumped revision number for resource d1d435db-cc00-4dd1-80c8-0615caa7f1d8 (type: ports) to 1
2026-05-25 01:54:59.243 10 INFO neutron.api.v2.resource [None req-c0581c06-b5bb-4397-9935-0384921ddf5a b8f927d7a5d149db966571fe88dc3cb1 6eb48259b3694ed08318f959e63c59af - - default default] show failed (client error): The resource could not be found.
2026-05-25 01:54:59.244 10 INFO neutron.api.wsgi [None req-c0581c06-b5bb-4397-9935-0384921ddf5a b8f927d7a5d149db966571fe88dc3cb1 6eb48259b3694ed08318f959e63c59af - - default default] 10.0.0.86 "GET /v2.0/policies/7c74fdac-3e93-4867-8a2e-8c1171e55e2c/tags/green HTTP/1.1" status: 404 len: 299 time: 0.0172894
2026-05-25 01:54:59.272 10 WARNING neutron.scheduler.dhcp_agent_scheduler [None req-a96bd6de-607b-475d-9981-e45fe46b6c36 28c9de720e9a4fc5a1ffc4ca6e3e1b05 4eee18d2747446b3bc0449a98ebdff86 - - default default] No more DHCP agents
2026-05-25 01:54:59.273 9 INFO neutron.api.wsgi [None req-ad0bbecb-03e6-45d7-b052-f6b483fb50d3 b8f927d7a5d149db966571fe88dc3cb1 6eb48259b3694ed08318f959e63c59af - - default default] 10.0.0.86 "DELETE /v2.0/policies/7c74fdac-3e93-4867-8a2e-8c1171e55e2c/tags/red HTTP/1.1" status: 204 len: 168 time: 0.0236866
2026-05-25 01:54:59.274 10 WARNING neutron.api.rpc.agentnotifiers.dhcp_rpc_agent_api [None req-a96bd6de-607b-475d-9981-e45fe46b6c36 28c9de720e9a4fc5a1ffc4ca6e3e1b05 4eee18d2747446b3bc0449a98ebdff86 - - default default] Unable to schedule network 7d4f2a14-d22f-453f-a96c-50e09834dfa0: no agents available; will retry on subsequent port and subnet creation events.
2026-05-25 01:54:59.290 9 INFO neutron.api.wsgi [None req-0ae991df-c145-4977-8700-d4cd633380a5 b8f927d7a5d149db966571fe88dc3cb1 6eb48259b3694ed08318f959e63c59af - - default default] 10.0.0.86 "GET /v2.0/policies/7c74fdac-3e93-4867-8a2e-8c1171e55e2c/tags HTTP/1.1" status: 200 len: 223 time: 0.0125921
2026-05-25 01:54:59.310 9 INFO neutron.api.v2.resource [None req-d06ed8a9-9e96-4506-942e-68e10e145db6 b8f927d7a5d149db966571fe88dc3cb1 6eb48259b3694ed08318f959e63c59af - - default default] delete failed (client error): The resource could not be found.
2026-05-25 01:54:59.312 9 INFO neutron.api.wsgi [None req-d06ed8a9-9e96-4506-942e-68e10e145db6 b8f927d7a5d149db966571fe88dc3cb1 6eb48259b3694ed08318f959e63c59af - - default default] 10.0.0.86 "DELETE /v2.0/policies/7c74fdac-3e93-4867-8a2e-8c1171e55e2c/tags/green HTTP/1.1" status: 404 len: 299 time: 0.0173688
2026-05-25 01:54:59.340 9 INFO neutron.api.wsgi [None req-c926d175-7a94-495d-8f3b-cf2a0f475da1 b8f927d7a5d149db966571fe88dc3cb1 6eb48259b3694ed08318f959e63c59af - - default default] 10.0.0.86 "DELETE /v2.0/policies/7c74fdac-3e93-4867-8a2e-8c1171e55e2c/tags HTTP/1.1" status: 204 len: 168 time: 0.0233562
2026-05-25 01:54:59.363 9 INFO neutron.api.wsgi [None req-f45856b6-a15f-46ed-a2e3-b419f3d21fe9 b8f927d7a5d149db966571fe88dc3cb1 6eb48259b3694ed08318f959e63c59af - - default default] 10.0.0.86 "GET /v2.0/policies/7c74fdac-3e93-4867-8a2e-8c1171e55e2c/tags HTTP/1.1" status: 200 len: 205 time: 0.0164554
2026-05-25 01:54:59.426 9 INFO neutron.api.wsgi [None req-b300bbff-3417-4334-a9b5-2bfdebbcb549 b8f927d7a5d149db966571fe88dc3cb1 6eb48259b3694ed08318f959e63c59af - - default default] 10.0.0.86 "DELETE /v2.0/qos/policies/7c74fdac-3e93-4867-8a2e-8c1171e55e2c HTTP/1.1" status: 204 len: 168 time: 0.0463607
2026-05-25 01:54:59.580 10 INFO neutron.db.ovn_revision_numbers_db [None req-a96bd6de-607b-475d-9981-e45fe46b6c36 28c9de720e9a4fc5a1ffc4ca6e3e1b05 4eee18d2747446b3bc0449a98ebdff86 - - default default] Successfully bumped revision number for resource d1d435db-cc00-4dd1-80c8-0615caa7f1d8 (type: router_ports) to 1
2026-05-25 01:54:59.586 10 INFO neutron.api.wsgi [None req-a96bd6de-607b-475d-9981-e45fe46b6c36 28c9de720e9a4fc5a1ffc4ca6e3e1b05 4eee18d2747446b3bc0449a98ebdff86 - - default default] 10.0.0.86 "PUT /v2.0/routers/ffffb8b1-86e0-48b3-8b2b-ebfadd9cbb8f/add_router_interface HTTP/1.1" status: 200 len: 503 time: 1.5990872
2026-05-25 01:55:00.065 10 WARNING neutron.scheduler.dhcp_agent_scheduler [None req-28c208c7-2360-4339-b703-5dd84ee07500 28c9de720e9a4fc5a1ffc4ca6e3e1b05 4eee18d2747446b3bc0449a98ebdff86 - - default default] No more DHCP agents
2026-05-25 01:55:00.066 10 WARNING neutron.api.rpc.agentnotifiers.dhcp_rpc_agent_api [None req-28c208c7-2360-4339-b703-5dd84ee07500 28c9de720e9a4fc5a1ffc4ca6e3e1b05 4eee18d2747446b3bc0449a98ebdff86 - - default default] Unable to schedule network d5663841-f58e-4581-89bb-b311c564c1a9: no agents available; will retry on subsequent port and subnet creation events.
2026-05-25 01:55:00.202 10 INFO neutron.db.ovn_revision_numbers_db [None req-28c208c7-2360-4339-b703-5dd84ee07500 28c9de720e9a4fc5a1ffc4ca6e3e1b05 4eee18d2747446b3bc0449a98ebdff86 - - default default] Successfully bumped revision number for resource 261aaaed-ff63-451d-bcee-03637f41e4a7 (type: ports) to 1
2026-05-25 01:55:00.232 9 INFO neutron.db.ovn_revision_numbers_db [None req-5322db38-24e8-49c2-a5a8-2b9059244201 d43276b0ca054ade821c06fdab05e1e0 dce85ce853a642d8ab454bef188237b9 - - default default] Successfully bumped revision number for resource 7295f0ae-d87f-4f88-aa22-602b9184fb69 (type: security_groups) to 1
2026-05-25 01:55:00.247 9 INFO neutron.db.ovn_revision_numbers_db [None req-5322db38-24e8-49c2-a5a8-2b9059244201 d43276b0ca054ade821c06fdab05e1e0 dce85ce853a642d8ab454bef188237b9 - - default default] Successfully bumped revision number for resource 4fab562d-5757-4605-b558-5f60e6b1c851 (type: security_group_rules) to 0
2026-05-25 01:55:00.262 9 INFO neutron.db.ovn_revision_numbers_db [None req-5322db38-24e8-49c2-a5a8-2b9059244201 d43276b0ca054ade821c06fdab05e1e0 dce85ce853a642d8ab454bef188237b9 - - default default] Successfully bumped revision number for resource 8e871dab-01ef-4cc5-a86c-7d9be0b8b3d3 (type: security_group_rules) to 0
2026-05-25 01:55:00.274 9 INFO neutron.db.ovn_revision_numbers_db [None req-5322db38-24e8-49c2-a5a8-2b9059244201 d43276b0ca054ade821c06fdab05e1e0 dce85ce853a642d8ab454bef188237b9 - - default default] Successfully bumped revision number for resource 94ab66b6-9d8a-4a78-95c4-7182de3cbf36 (type: security_group_rules) to 0
2026-05-25 01:55:00.292 9 INFO neutron.db.ovn_revision_numbers_db [None req-5322db38-24e8-49c2-a5a8-2b9059244201 d43276b0ca054ade821c06fdab05e1e0 dce85ce853a642d8ab454bef188237b9 - - default default] Successfully bumped revision number for resource a9387746-9c00-4823-a5f5-e170cc0d5d05 (type: security_group_rules) to 0
2026-05-25 01:55:00.323 9 INFO neutron.api.wsgi [None req-5322db38-24e8-49c2-a5a8-2b9059244201 d43276b0ca054ade821c06fdab05e1e0 dce85ce853a642d8ab454bef188237b9 - - default default] 10.0.0.86 "GET /v2.0/security-groups?tenant_id=6eb48259b3694ed08318f959e63c59af&name=default HTTP/1.1" status: 200 len: 3124 time: 0.3025594
2026-05-25 01:55:00.523 9 INFO neutron.api.wsgi [None req-6ef93982-710f-420d-8540-9338177fdd9e d43276b0ca054ade821c06fdab05e1e0 dce85ce853a642d8ab454bef188237b9 - - default default] 10.0.0.86 "DELETE /v2.0/security-groups/7295f0ae-d87f-4f88-aa22-602b9184fb69 HTTP/1.1" status: 204 len: 168 time: 0.1956582
2026-05-25 01:55:00.722 9 INFO neutron.api.wsgi [-] 10.0.0.10 "GET / HTTP/1.1" status: 200 len: 245 time: 0.0015893
2026-05-25 01:55:00.724 9 INFO neutron.api.wsgi [-] 10.0.0.10 "GET / HTTP/1.1" status: 200 len: 245 time: 0.0012634
2026-05-25 01:55:00.741 9 INFO neutron.db.ovn_revision_numbers_db [None req-2c6ed9bb-1fd5-4bf9-9208-59f4a4c9989b d43276b0ca054ade821c06fdab05e1e0 dce85ce853a642d8ab454bef188237b9 - - default default] Successfully bumped revision number for resource 6c01a891-bf57-4908-9785-0d845d86b2db (type: security_groups) to 1
2026-05-25 01:55:00.753 9 INFO neutron.db.ovn_revision_numbers_db [None req-2c6ed9bb-1fd5-4bf9-9208-59f4a4c9989b d43276b0ca054ade821c06fdab05e1e0 dce85ce853a642d8ab454bef188237b9 - - default default] Successfully bumped revision number for resource 47f085c5-e200-455d-aaec-873a030081a6 (type: security_group_rules) to 0
2026-05-25 01:55:00.765 9 INFO neutron.db.ovn_revision_numbers_db [None req-2c6ed9bb-1fd5-4bf9-9208-59f4a4c9989b d43276b0ca054ade821c06fdab05e1e0 dce85ce853a642d8ab454bef188237b9 - - default default] Successfully bumped revision number for resource 8ac32f7d-bd4b-49e9-bd58-0a5a94ff9fa7 (type: security_group_rules) to 0
2026-05-25 01:55:00.791 9 INFO neutron.db.ovn_revision_numbers_db [None req-2c6ed9bb-1fd5-4bf9-9208-59f4a4c9989b d43276b0ca054ade821c06fdab05e1e0 dce85ce853a642d8ab454bef188237b9 - - default default] Successfully bumped revision number for resource de3de55b-1039-4fea-b3cd-91858fb7d1aa (type: security_group_rules) to 0
2026-05-25 01:55:00.804 9 INFO neutron.db.ovn_revision_numbers_db [None req-2c6ed9bb-1fd5-4bf9-9208-59f4a4c9989b d43276b0ca054ade821c06fdab05e1e0 dce85ce853a642d8ab454bef188237b9 - - default default] Successfully bumped revision number for resource e8acfaa2-8e89-4f87-b9a0-581287a0c141 (type: security_group_rules) to 0
2026-05-25 01:55:00.823 10 INFO neutron.plugins.ml2.drivers.ovn.mech_driver.mech_driver [None req-d47993e8-57b1-4d27-a44a-571829306c23 - - - - - -] OVN reports status up for port: 261aaaed-ff63-451d-bcee-03637f41e4a7
2026-05-25 01:55:00.834 10 INFO neutron.plugins.ml2.plugin [None req-d47993e8-57b1-4d27-a44a-571829306c23 - - - - - -] Attempt 1 to provision port 261aaaed-ff63-451d-bcee-03637f41e4a7
2026-05-25 01:55:00.836 9 INFO neutron.api.wsgi [None req-2c6ed9bb-1fd5-4bf9-9208-59f4a4c9989b d43276b0ca054ade821c06fdab05e1e0 dce85ce853a642d8ab454bef188237b9 - - default default] 10.0.0.86 "GET /v2.0/security-groups?tenant_id=d51dbde263e846e9a6d4475cb11d8d83&name=default HTTP/1.1" status: 200 len: 3124 time: 0.2103996
2026-05-25 01:55:00.846 10 INFO neutron.db.ovn_revision_numbers_db [None req-28c208c7-2360-4339-b703-5dd84ee07500 28c9de720e9a4fc5a1ffc4ca6e3e1b05 4eee18d2747446b3bc0449a98ebdff86 - - default default] Successfully bumped revision number for resource 261aaaed-ff63-451d-bcee-03637f41e4a7 (type: ports) to 1
2026-05-25 01:55:00.913 10 WARNING neutron.scheduler.dhcp_agent_scheduler [None req-28c208c7-2360-4339-b703-5dd84ee07500 28c9de720e9a4fc5a1ffc4ca6e3e1b05 4eee18d2747446b3bc0449a98ebdff86 - - default default] No more DHCP agents
2026-05-25 01:55:00.914 10 WARNING neutron.api.rpc.agentnotifiers.dhcp_rpc_agent_api [None req-28c208c7-2360-4339-b703-5dd84ee07500 28c9de720e9a4fc5a1ffc4ca6e3e1b05 4eee18d2747446b3bc0449a98ebdff86 - - default default] Unable to schedule network d5663841-f58e-4581-89bb-b311c564c1a9: no agents available; will retry on subsequent port and subnet creation events.
2026-05-25 01:55:01.060 9 INFO neutron.api.wsgi [None req-42b2c29d-5b75-4738-9780-af10e8e86650 d43276b0ca054ade821c06fdab05e1e0 dce85ce853a642d8ab454bef188237b9 - - default default] 10.0.0.86 "DELETE /v2.0/security-groups/6c01a891-bf57-4908-9785-0d845d86b2db HTTP/1.1" status: 204 len: 168 time: 0.2187254
2026-05-25 01:55:01.261 10 INFO neutron.db.ovn_revision_numbers_db [None req-d47993e8-57b1-4d27-a44a-571829306c23 - - - - - -] Successfully bumped revision number for resource 261aaaed-ff63-451d-bcee-03637f41e4a7 (type: ports) to 2
2026-05-25 01:55:01.312 10 INFO neutron.db.ovn_revision_numbers_db [None req-28c208c7-2360-4339-b703-5dd84ee07500 28c9de720e9a4fc5a1ffc4ca6e3e1b05 4eee18d2747446b3bc0449a98ebdff86 - - default default] Successfully bumped revision number for resource 261aaaed-ff63-451d-bcee-03637f41e4a7 (type: router_ports) to 1
2026-05-25 01:55:01.317 10 INFO neutron.api.wsgi [None req-28c208c7-2360-4339-b703-5dd84ee07500 28c9de720e9a4fc5a1ffc4ca6e3e1b05 4eee18d2747446b3bc0449a98ebdff86 - - default default] 10.0.0.86 "PUT /v2.0/routers/ffffb8b1-86e0-48b3-8b2b-ebfadd9cbb8f/add_router_interface HTTP/1.1" status: 200 len: 503 time: 1.7274091
2026-05-25 01:55:01.391 10 WARNING neutron_lib.context [None req-495f828a-98cb-40ba-a213-9238ef7fdfb5 28c9de720e9a4fc5a1ffc4ca6e3e1b05 4eee18d2747446b3bc0449a98ebdff86 - - default default] Method 'is_advsvc' is deprecated since 2023.2 release (neutron-lib 3.8.0) and will be removed once support for the old RBAC API policies will be removed from Neutron. Please use method 'is_service_role' instead.
2026-05-25 01:55:01.499 10 INFO neutron.db.ovn_revision_numbers_db [None req-495f828a-98cb-40ba-a213-9238ef7fdfb5 28c9de720e9a4fc5a1ffc4ca6e3e1b05 4eee18d2747446b3bc0449a98ebdff86 - - default default] Successfully bumped revision number for resource 97a6a975-2179-41d3-9a5e-982cc4e8d960 (type: security_groups) to 1
2026-05-25 01:55:01.511 10 INFO neutron.db.ovn_revision_numbers_db [None req-495f828a-98cb-40ba-a213-9238ef7fdfb5 28c9de720e9a4fc5a1ffc4ca6e3e1b05 4eee18d2747446b3bc0449a98ebdff86 - - default default] Successfully bumped revision number for resource 5b6d349b-8c28-44f0-954c-2b40075225bb (type: security_group_rules) to 0
2026-05-25 01:55:01.521 10 INFO neutron.db.ovn_revision_numbers_db [None req-495f828a-98cb-40ba-a213-9238ef7fdfb5 28c9de720e9a4fc5a1ffc4ca6e3e1b05 4eee18d2747446b3bc0449a98ebdff86 - - default default] Successfully bumped revision number for resource dc94d7b6-973d-4338-9d12-1a0dc6897e7c (type: security_group_rules) to 0
2026-05-25 01:55:01.552 10 INFO neutron.api.wsgi [None req-495f828a-98cb-40ba-a213-9238ef7fdfb5 28c9de720e9a4fc5a1ffc4ca6e3e1b05 4eee18d2747446b3bc0449a98ebdff86 - - default default] 10.0.0.86 "POST /v2.0/security-groups HTTP/1.1" status: 201 len: 1829 time: 0.1665454
2026-05-25 01:55:01.560 10 WARNING neutron_lib.context [None req-e54ae98d-9f17-4eb0-9477-99465a9313c4 28c9de720e9a4fc5a1ffc4ca6e3e1b05 4eee18d2747446b3bc0449a98ebdff86 - - default default] Method 'is_advsvc' is deprecated since 2023.2 release (neutron-lib 3.8.0) and will be removed once support for the old RBAC API policies will be removed from Neutron. Please use method 'is_service_role' instead.
2026-05-25 01:55:01.677 10 INFO neutron.db.ovn_revision_numbers_db [None req-e54ae98d-9f17-4eb0-9477-99465a9313c4 28c9de720e9a4fc5a1ffc4ca6e3e1b05 4eee18d2747446b3bc0449a98ebdff86 - - default default] Successfully bumped revision number for resource 4baa49f7-b9a6-4341-bf4f-44b1058dc90c (type: security_group_rules) to 0
2026-05-25 01:55:01.704 10 INFO neutron.api.wsgi [None req-e54ae98d-9f17-4eb0-9477-99465a9313c4 28c9de720e9a4fc5a1ffc4ca6e3e1b05 4eee18d2747446b3bc0449a98ebdff86 - - default default] 10.0.0.86 "POST /v2.0/security-group-rules HTTP/1.1" status: 201 len: 796 time: 0.1483345
2026-05-25 01:55:01.712 10 WARNING neutron_lib.context [None req-cb3a0740-86a0-4c62-b5aa-7560d0b9ca65 28c9de720e9a4fc5a1ffc4ca6e3e1b05 4eee18d2747446b3bc0449a98ebdff86 - - default default] Method 'is_advsvc' is deprecated since 2023.2 release (neutron-lib 3.8.0) and will be removed once support for the old RBAC API policies will be removed from Neutron. Please use method 'is_service_role' instead.
2026-05-25 01:55:01.819 10 INFO neutron.db.ovn_revision_numbers_db [None req-cb3a0740-86a0-4c62-b5aa-7560d0b9ca65 28c9de720e9a4fc5a1ffc4ca6e3e1b05 4eee18d2747446b3bc0449a98ebdff86 - - default default] Successfully bumped revision number for resource 1275ddc1-9f32-4e8b-ba7b-22f863418208 (type: security_group_rules) to 0
2026-05-25 01:55:01.847 10 INFO neutron.api.wsgi [None req-cb3a0740-86a0-4c62-b5aa-7560d0b9ca65 28c9de720e9a4fc5a1ffc4ca6e3e1b05 4eee18d2747446b3bc0449a98ebdff86 - - default default] 10.0.0.86 "POST /v2.0/security-group-rules HTTP/1.1" status: 201 len: 796 time: 0.1385512
2026-05-25 01:55:01.855 10 WARNING neutron_lib.context [None req-8f86e111-9818-4313-a57b-9b629f412d54 28c9de720e9a4fc5a1ffc4ca6e3e1b05 4eee18d2747446b3bc0449a98ebdff86 - - default default] Method 'is_advsvc' is deprecated since 2023.2 release (neutron-lib 3.8.0) and will be removed once support for the old RBAC API policies will be removed from Neutron. Please use method 'is_service_role' instead.
2026-05-25 01:55:01.960 10 INFO neutron.db.ovn_revision_numbers_db [None req-8f86e111-9818-4313-a57b-9b629f412d54 28c9de720e9a4fc5a1ffc4ca6e3e1b05 4eee18d2747446b3bc0449a98ebdff86 - - default default] Successfully bumped revision number for resource 65e38f3c-9dff-4e40-91b3-b51475992869 (type: security_group_rules) to 0
2026-05-25 01:55:01.991 10 INFO neutron.api.wsgi [None req-8f86e111-9818-4313-a57b-9b629f412d54 28c9de720e9a4fc5a1ffc4ca6e3e1b05 4eee18d2747446b3bc0449a98ebdff86 - - default default] 10.0.0.86 "POST /v2.0/security-group-rules HTTP/1.1" status: 201 len: 798 time: 0.1400900
2026-05-25 01:55:02.002 10 WARNING neutron_lib.context [None req-46847250-0b35-48f7-8a55-4a329fd0935e 28c9de720e9a4fc5a1ffc4ca6e3e1b05 4eee18d2747446b3bc0449a98ebdff86 - - default default] Method 'is_advsvc' is deprecated since 2023.2 release (neutron-lib 3.8.0) and will be removed once support for the old RBAC API policies will be removed from Neutron. Please use method 'is_service_role' instead.
2026-05-25 01:55:02.114 10 INFO neutron.db.ovn_revision_numbers_db [None req-46847250-0b35-48f7-8a55-4a329fd0935e 28c9de720e9a4fc5a1ffc4ca6e3e1b05 4eee18d2747446b3bc0449a98ebdff86 - - default default] Successfully bumped revision number for resource e53a3c79-997e-49bb-83cd-6cc993b55b77 (type: security_group_rules) to 0
2026-05-25 01:55:02.140 10 INFO neutron.api.wsgi [None req-46847250-0b35-48f7-8a55-4a329fd0935e 28c9de720e9a4fc5a1ffc4ca6e3e1b05 4eee18d2747446b3bc0449a98ebdff86 - - default default] 10.0.0.86 "POST /v2.0/security-group-rules HTTP/1.1" status: 201 len: 800 time: 0.1418424
2026-05-25 01:55:02.148 10 WARNING neutron_lib.context [None req-d1ae1096-851b-470e-b08a-489798d8a29b 28c9de720e9a4fc5a1ffc4ca6e3e1b05 4eee18d2747446b3bc0449a98ebdff86 - - default default] Method 'is_advsvc' is deprecated since 2023.2 release (neutron-lib 3.8.0) and will be removed once support for the old RBAC API policies will be removed from Neutron. Please use method 'is_service_role' instead.
2026-05-25 01:55:02.264 10 INFO neutron.db.ovn_revision_numbers_db [None req-d1ae1096-851b-470e-b08a-489798d8a29b 28c9de720e9a4fc5a1ffc4ca6e3e1b05 4eee18d2747446b3bc0449a98ebdff86 - - default default] Successfully bumped revision number for resource 55671360-d093-41c7-8a9e-49c5b7a58ed2 (type: security_group_rules) to 0
2026-05-25 01:55:02.295 10 INFO neutron.api.wsgi [None req-d1ae1096-851b-470e-b08a-489798d8a29b 28c9de720e9a4fc5a1ffc4ca6e3e1b05 4eee18d2747446b3bc0449a98ebdff86 - - default default] 10.0.0.86 "POST /v2.0/security-group-rules HTTP/1.1" status: 201 len: 800 time: 0.1500273
2026-05-25 01:55:02.303 10 WARNING neutron_lib.context [None req-76c7bca7-a386-42fa-b3f5-a0f34037c115 28c9de720e9a4fc5a1ffc4ca6e3e1b05 4eee18d2747446b3bc0449a98ebdff86 - - default default] Method 'is_advsvc' is deprecated since 2023.2 release (neutron-lib 3.8.0) and will be removed once support for the old RBAC API policies will be removed from Neutron. Please use method 'is_service_role' instead.
2026-05-25 01:55:02.419 10 INFO neutron.db.ovn_revision_numbers_db [None req-76c7bca7-a386-42fa-b3f5-a0f34037c115 28c9de720e9a4fc5a1ffc4ca6e3e1b05 4eee18d2747446b3bc0449a98ebdff86 - - default default] Successfully bumped revision number for resource 9e66b621-2120-438e-bf16-bd6bdfae7134 (type: security_group_rules) to 0
2026-05-25 01:55:02.454 10 INFO neutron.api.wsgi [None req-76c7bca7-a386-42fa-b3f5-a0f34037c115 28c9de720e9a4fc5a1ffc4ca6e3e1b05 4eee18d2747446b3bc0449a98ebdff86 - - default default] 10.0.0.86 "POST /v2.0/security-group-rules HTTP/1.1" status: 201 len: 796 time: 0.1544771
2026-05-25 01:55:02.462 10 WARNING neutron_lib.context [None req-d9a76491-7202-4402-b1cd-7a522d89f39f 28c9de720e9a4fc5a1ffc4ca6e3e1b05 4eee18d2747446b3bc0449a98ebdff86 - - default default] Method 'is_advsvc' is deprecated since 2023.2 release (neutron-lib 3.8.0) and will be removed once support for the old RBAC API policies will be removed from Neutron. Please use method 'is_service_role' instead.
2026-05-25 01:55:02.592 10 INFO neutron.db.ovn_revision_numbers_db [None req-d9a76491-7202-4402-b1cd-7a522d89f39f 28c9de720e9a4fc5a1ffc4ca6e3e1b05 4eee18d2747446b3bc0449a98ebdff86 - - default default] Successfully bumped revision number for resource 06963790-20d0-44a8-92a9-db3b82c75ff1 (type: security_group_rules) to 0
2026-05-25 01:55:02.622 10 INFO neutron.api.wsgi [None req-d9a76491-7202-4402-b1cd-7a522d89f39f 28c9de720e9a4fc5a1ffc4ca6e3e1b05 4eee18d2747446b3bc0449a98ebdff86 - - default default] 10.0.0.86 "POST /v2.0/security-group-rules HTTP/1.1" status: 201 len: 796 time: 0.1631584
2026-05-25 01:55:02.629 10 WARNING neutron_lib.context [None req-07e36758-eda1-4f4f-b356-263e2bd6c9ca 28c9de720e9a4fc5a1ffc4ca6e3e1b05 4eee18d2747446b3bc0449a98ebdff86 - - default default] Method 'is_advsvc' is deprecated since 2023.2 release (neutron-lib 3.8.0) and will be removed once support for the old RBAC API policies will be removed from Neutron. Please use method 'is_service_role' instead.
2026-05-25 01:55:02.774 10 INFO neutron.db.ovn_revision_numbers_db [None req-07e36758-eda1-4f4f-b356-263e2bd6c9ca 28c9de720e9a4fc5a1ffc4ca6e3e1b05 4eee18d2747446b3bc0449a98ebdff86 - - default default] Successfully bumped revision number for resource dda5a844-e5f3-4b50-aa5e-8272e7fbba80 (type: security_group_rules) to 0
2026-05-25 01:55:02.803 10 INFO neutron.api.wsgi [None req-07e36758-eda1-4f4f-b356-263e2bd6c9ca 28c9de720e9a4fc5a1ffc4ca6e3e1b05 4eee18d2747446b3bc0449a98ebdff86 - - default default] 10.0.0.86 "POST /v2.0/security-group-rules HTTP/1.1" status: 201 len: 796 time: 0.1773088
2026-05-25 01:55:02.816 10 WARNING neutron_lib.context [None req-aac8429c-e982-4a21-be99-7dedcfec08c8 28c9de720e9a4fc5a1ffc4ca6e3e1b05 4eee18d2747446b3bc0449a98ebdff86 - - default default] Method 'is_advsvc' is deprecated since 2023.2 release (neutron-lib 3.8.0) and will be removed once support for the old RBAC API policies will be removed from Neutron. Please use method 'is_service_role' instead.
2026-05-25 01:55:02.951 10 INFO neutron.db.ovn_revision_numbers_db [None req-aac8429c-e982-4a21-be99-7dedcfec08c8 28c9de720e9a4fc5a1ffc4ca6e3e1b05 4eee18d2747446b3bc0449a98ebdff86 - - default default] Successfully bumped revision number for resource c182cf8f-51d6-453d-aad5-2a4232e273ca (type: security_group_rules) to 0
2026-05-25 01:55:02.979 10 INFO neutron.api.wsgi [None req-aac8429c-e982-4a21-be99-7dedcfec08c8 28c9de720e9a4fc5a1ffc4ca6e3e1b05 4eee18d2747446b3bc0449a98ebdff86 - - default default] 10.0.0.86 "POST /v2.0/security-group-rules HTTP/1.1" status: 201 len: 798 time: 0.1663234
2026-05-25 01:55:02.988 10 WARNING neutron_lib.context [None req-c4e94624-a8b6-45ce-9154-19120391461f 28c9de720e9a4fc5a1ffc4ca6e3e1b05 4eee18d2747446b3bc0449a98ebdff86 - - default default] Method 'is_advsvc' is deprecated since 2023.2 release (neutron-lib 3.8.0) and will be removed once support for the old RBAC API policies will be removed from Neutron. Please use method 'is_service_role' instead.
2026-05-25 01:55:03.141 10 INFO neutron.db.ovn_revision_numbers_db [None req-c4e94624-a8b6-45ce-9154-19120391461f 28c9de720e9a4fc5a1ffc4ca6e3e1b05 4eee18d2747446b3bc0449a98ebdff86 - - default default] Successfully bumped revision number for resource c890b4b7-d52c-412a-9963-f73785ee4a48 (type: security_group_rules) to 0
2026-05-25 01:55:03.167 10 INFO neutron.api.wsgi [None req-c4e94624-a8b6-45ce-9154-19120391461f 28c9de720e9a4fc5a1ffc4ca6e3e1b05 4eee18d2747446b3bc0449a98ebdff86 - - default default] 10.0.0.86 "POST /v2.0/security-group-rules HTTP/1.1" status: 201 len: 800 time: 0.1828630
2026-05-25 01:55:03.176 10 WARNING neutron_lib.context [None req-079a5904-5271-4077-9749-17df523def4d 28c9de720e9a4fc5a1ffc4ca6e3e1b05 4eee18d2747446b3bc0449a98ebdff86 - - default default] Method 'is_advsvc' is deprecated since 2023.2 release (neutron-lib 3.8.0) and will be removed once support for the old RBAC API policies will be removed from Neutron. Please use method 'is_service_role' instead.
2026-05-25 01:55:03.319 10 INFO neutron.db.ovn_revision_numbers_db [None req-079a5904-5271-4077-9749-17df523def4d 28c9de720e9a4fc5a1ffc4ca6e3e1b05 4eee18d2747446b3bc0449a98ebdff86 - - default default] Successfully bumped revision number for resource 1f111ee2-6c7b-4539-8929-c573b6e2936c (type: security_group_rules) to 0
2026-05-25 01:55:03.348 10 INFO neutron.api.wsgi [None req-079a5904-5271-4077-9749-17df523def4d 28c9de720e9a4fc5a1ffc4ca6e3e1b05 4eee18d2747446b3bc0449a98ebdff86 - - default default] 10.0.0.86 "POST /v2.0/security-group-rules HTTP/1.1" status: 201 len: 796 time: 0.1756175
2026-05-25 01:55:03.642 9 WARNING neutron.plugins.ml2.drivers.ovn.mech_driver.ovsdb.ovn_client [None req-da077b6d-656c-4409-9101-46c31ad39d1e - - - - - -] No hosting information found for port 947b9198-0b4e-433d-85cc-42b7058f81f7: RuntimeError: No hosting information found for port 947b9198-0b4e-433d-85cc-42b7058f81f7
2026-05-25 01:55:03.717 9 INFO neutron.api.wsgi [req-570f0f97-cc8c-455f-befb-44cfa632411e req-fee72298-a00e-4b45-ba7f-8c11cb169193 28c9de720e9a4fc5a1ffc4ca6e3e1b05 4eee18d2747446b3bc0449a98ebdff86 - - default default] 10.0.0.110 "GET /v2.0/security-groups?name=tempest-lb_member_SG-588886929&fields=id&tenant_id=4eee18d2747446b3bc0449a98ebdff86 HTTP/1.1" status: 200 len: 267 time: 0.0401428
2026-05-25 01:55:03.717 9 INFO neutron.db.ovn_revision_numbers_db [None req-da077b6d-656c-4409-9101-46c31ad39d1e - - - - - -] Successfully bumped revision number for resource 947b9198-0b4e-433d-85cc-42b7058f81f7 (type: router_ports) to 2
2026-05-25 01:55:03.759 9 INFO neutron.plugins.ml2.drivers.ovn.mech_driver.mech_driver [None req-da077b6d-656c-4409-9101-46c31ad39d1e - - - - - -] OVN reports status up for port: d1d435db-cc00-4dd1-80c8-0615caa7f1d8
2026-05-25 01:55:03.772 9 INFO neutron.plugins.ml2.plugin [None req-da077b6d-656c-4409-9101-46c31ad39d1e - - - - - -] Attempt 1 to provision port d1d435db-cc00-4dd1-80c8-0615caa7f1d8
2026-05-25 01:55:03.777 9 INFO neutron.api.wsgi [req-570f0f97-cc8c-455f-befb-44cfa632411e req-3c7cbc66-2b34-41f4-8880-31b1e1c265b8 28c9de720e9a4fc5a1ffc4ca6e3e1b05 4eee18d2747446b3bc0449a98ebdff86 - - default default] 10.0.0.110 "GET /v2.0/networks?id=7d4f2a14-d22f-453f-a96c-50e09834dfa0 HTTP/1.1" status: 200 len: 904 time: 0.0532265
2026-05-25 01:55:03.793 9 INFO neutron.api.wsgi [req-570f0f97-cc8c-455f-befb-44cfa632411e req-72bc9e9d-440a-4f62-a0f1-919e0d7b9b72 28c9de720e9a4fc5a1ffc4ca6e3e1b05 4eee18d2747446b3bc0449a98ebdff86 - - default default] 10.0.0.110 "GET /v2.0/quotas/4eee18d2747446b3bc0449a98ebdff86 HTTP/1.1" status: 200 len: 491 time: 0.0098114
2026-05-25 01:55:03.955 9 INFO neutron.api.wsgi [req-570f0f97-cc8c-455f-befb-44cfa632411e req-1c2eed49-ba40-4e73-afac-c864f2d9d39e 28c9de720e9a4fc5a1ffc4ca6e3e1b05 4eee18d2747446b3bc0449a98ebdff86 - - default default] 10.0.0.110 "GET /v2.0/ports?tenant_id=4eee18d2747446b3bc0449a98ebdff86&fields=id HTTP/1.1" status: 200 len: 486 time: 0.1572964
2026-05-25 01:55:04.009 9 INFO neutron.api.wsgi [req-570f0f97-cc8c-455f-befb-44cfa632411e req-0eef63df-7b4a-4178-8867-3a889b8ea32f 5218039aafda45f3be642c6014d3ae9b b2a546254df3488fbddd714b7f50efe9 - - b4886bf9aa194294ab01b036fd7452ba b4886bf9aa194294ab01b036fd7452ba] 10.0.0.110 "GET /v2.0/networks/7d4f2a14-d22f-453f-a96c-50e09834dfa0?fields=segments HTTP/1.1" status: 200 len: 212 time: 0.0430295
2026-05-25 01:55:04.081 9 INFO neutron.api.wsgi [req-570f0f97-cc8c-455f-befb-44cfa632411e req-9b6f2b0d-0070-4ecc-a7c5-8d396f57c6c1 5218039aafda45f3be642c6014d3ae9b b2a546254df3488fbddd714b7f50efe9 - - b4886bf9aa194294ab01b036fd7452ba b4886bf9aa194294ab01b036fd7452ba] 10.0.0.110 "GET /v2.0/networks/7d4f2a14-d22f-453f-a96c-50e09834dfa0?fields=provider%3Aphysical_network&fields=provider%3Anetwork_type HTTP/1.1" status: 200 len: 277 time: 0.0655842
2026-05-25 01:55:04.191 9 INFO neutron.db.ovn_revision_numbers_db [None req-da077b6d-656c-4409-9101-46c31ad39d1e - - - - - -] Successfully bumped revision number for resource d1d435db-cc00-4dd1-80c8-0615caa7f1d8 (type: ports) to 2
2026-05-25 01:55:04.218 9 INFO neutron.api.wsgi [req-988912c6-b51d-46e7-a5bd-a6338c891cf1 req-a339c243-462a-4a01-9138-9c1e014b1c89 28c9de720e9a4fc5a1ffc4ca6e3e1b05 4eee18d2747446b3bc0449a98ebdff86 - - default default] 10.0.0.110 "GET /v2.0/ports?device_id=c555ac47-4b97-48fb-acd6-959189d37305 HTTP/1.1" status: 200 len: 210 time: 0.0197802
2026-05-25 01:55:05.290 9 INFO neutron.api.wsgi [req-837eb70a-450f-42ee-857b-96f245008680 req-bc2fbb88-7d84-4200-a79c-0c92515e690a c9adf61357f048faba336f694379c487 2333c43c5b37475aab9e97e8ba702f86 - - default default] 10.0.0.110 "GET /v2.0/ports?device_id=8fe834ea-00ef-4292-a4c0-670cc308470a HTTP/1.1" status: 200 len: 1210 time: 0.0672486
2026-05-25 01:55:05.333 9 INFO neutron.api.wsgi [req-837eb70a-450f-42ee-857b-96f245008680 req-ee1397be-dae1-4c23-8ed3-4b99bb3e3282 c9adf61357f048faba336f694379c487 2333c43c5b37475aab9e97e8ba702f86 - - default default] 10.0.0.110 "GET /v2.0/security-groups?id=53486790-e716-4ba0-a852-4d8ccdc6ea86&id=db23cd4e-b018-4cb3-b8b8-5d84c588f39a&fields=id&fields=name HTTP/1.1" status: 200 len: 405 time: 0.0360417
2026-05-25 01:55:05.519 9 INFO neutron.api.wsgi [None req-42182798-110f-4f2d-ae20-ade89144bfbc ce250690ae52412b8b32101e122631c2 5931f4f6e4fc41ad84cdc380d3cf8068 - - default default] 10.0.0.86 "GET /v2.0/ports?device_id=8fe834ea-00ef-4292-a4c0-670cc308470a HTTP/1.1" status: 200 len: 1443 time: 0.1577086
2026-05-25 01:55:05.864 10 INFO neutron.api.wsgi [None req-9f6c5fae-f410-416b-8411-481b3ff77b6a c9adf61357f048faba336f694379c487 2333c43c5b37475aab9e97e8ba702f86 - - default default] 10.0.0.86 "GET /v2.0/floatingips?floating_network_id=d9c03ca6-eb63-448c-8ba1-9ca0f410c15a&port_id=bab04cd1-6458-402e-88db-3e1316a06718 HTTP/1.1" status: 200 len: 1054 time: 0.3402405
2026-05-25 01:55:06.186 9 INFO neutron.api.wsgi [req-400bfc9d-9f49-4d40-9f4a-957af9634b9f req-013acfa7-b5a3-4ed7-b260-a39c1719d9f7 5218039aafda45f3be642c6014d3ae9b b2a546254df3488fbddd714b7f50efe9 - - b4886bf9aa194294ab01b036fd7452ba b4886bf9aa194294ab01b036fd7452ba] 10.0.0.211 "GET /v2.0/ports?device_id=8fe834ea-00ef-4292-a4c0-670cc308470a HTTP/1.1" status: 200 len: 1448 time: 0.0289094
2026-05-25 01:55:06.219 9 INFO neutron.api.wsgi [req-400bfc9d-9f49-4d40-9f4a-957af9634b9f req-ed0f6c46-b7e0-446d-b9c4-7e0a1f27a64e 5218039aafda45f3be642c6014d3ae9b b2a546254df3488fbddd714b7f50efe9 - - b4886bf9aa194294ab01b036fd7452ba b4886bf9aa194294ab01b036fd7452ba] 10.0.0.211 "GET /v2.0/security-groups?id=db23cd4e-b018-4cb3-b8b8-5d84c588f39a&id=53486790-e716-4ba0-a852-4d8ccdc6ea86&fields=id&fields=name HTTP/1.1" status: 200 len: 405 time: 0.0275090
2026-05-25 01:55:06.470 10 WARNING neutron.plugins.ml2.drivers.ovn.mech_driver.ovsdb.ovn_client [None req-03eb16d3-0a4a-45b7-b825-b7cbbfeaf8fb - - - - - -] No hosting information found for port 261aaaed-ff63-451d-bcee-03637f41e4a7: RuntimeError: No hosting information found for port 261aaaed-ff63-451d-bcee-03637f41e4a7
2026-05-25 01:55:06.541 10 INFO neutron.db.ovn_revision_numbers_db [None req-03eb16d3-0a4a-45b7-b825-b7cbbfeaf8fb - - - - - -] Successfully bumped revision number for resource 261aaaed-ff63-451d-bcee-03637f41e4a7 (type: router_ports) to 2
2026-05-25 01:55:08.218 9 INFO neutron.api.wsgi [req-af2bd3bf-e3ea-4cdb-9253-ad5d6758c916 req-6770d086-6110-4ab4-8875-2b7ad8742bfd c9adf61357f048faba336f694379c487 2333c43c5b37475aab9e97e8ba702f86 - - default default] 10.0.0.110 "GET /v2.0/ports?device_id=8fe834ea-00ef-4292-a4c0-670cc308470a HTTP/1.1" status: 200 len: 1210 time: 0.0274177
2026-05-25 01:55:08.257 9 INFO neutron.api.wsgi [req-af2bd3bf-e3ea-4cdb-9253-ad5d6758c916 req-74294041-61ee-4b79-a5bd-b709f19ea24e c9adf61357f048faba336f694379c487 2333c43c5b37475aab9e97e8ba702f86 - - default default] 10.0.0.110 "GET /v2.0/security-groups?id=53486790-e716-4ba0-a852-4d8ccdc6ea86&id=db23cd4e-b018-4cb3-b8b8-5d84c588f39a&fields=id&fields=name HTTP/1.1" status: 200 len: 405 time: 0.0326817
2026-05-25 01:55:08.499 9 INFO neutron.api.wsgi [req-570f0f97-cc8c-455f-befb-44cfa632411e req-08a4de70-ffc6-4d3d-9f8d-0c193888d10c 28c9de720e9a4fc5a1ffc4ca6e3e1b05 4eee18d2747446b3bc0449a98ebdff86 - - default default] 199.204.45.72 "GET /v2.0/networks?id=7d4f2a14-d22f-453f-a96c-50e09834dfa0 HTTP/1.1" status: 200 len: 904 time: 0.0530767
2026-05-25 01:55:08.536 9 INFO neutron.api.wsgi [req-570f0f97-cc8c-455f-befb-44cfa632411e req-a0c299b7-d9fc-4e35-a55e-562d7d53a9b6 28c9de720e9a4fc5a1ffc4ca6e3e1b05 4eee18d2747446b3bc0449a98ebdff86 - - default default] 199.204.45.72 "GET /v2.0/security-groups?fields=id&fields=name&tenant_id=4eee18d2747446b3bc0449a98ebdff86 HTTP/1.1" status: 200 len: 377 time: 0.0312014
2026-05-25 01:55:08.542 9 WARNING neutron_lib.context [req-570f0f97-cc8c-455f-befb-44cfa632411e req-eeae9e18-cadc-463e-8ee8-e3c668404e24 28c9de720e9a4fc5a1ffc4ca6e3e1b05 4eee18d2747446b3bc0449a98ebdff86 - - default default] Method 'is_advsvc' is deprecated since 2023.2 release (neutron-lib 3.8.0) and will be removed once support for the old RBAC API policies will be removed from Neutron. Please use method 'is_service_role' instead.
2026-05-25 01:55:08.741 10 INFO neutron.plugins.ml2.drivers.ovn.mech_driver.mech_driver [None req-03eb16d3-0a4a-45b7-b825-b7cbbfeaf8fb - - - - - -] OVN reports status down for port: bab04cd1-6458-402e-88db-3e1316a06718
2026-05-25 01:55:08.844 9 WARNING neutron.scheduler.dhcp_agent_scheduler [req-570f0f97-cc8c-455f-befb-44cfa632411e req-eeae9e18-cadc-463e-8ee8-e3c668404e24 28c9de720e9a4fc5a1ffc4ca6e3e1b05 4eee18d2747446b3bc0449a98ebdff86 - - default default] No more DHCP agents
2026-05-25 01:55:08.845 9 WARNING neutron.api.rpc.agentnotifiers.dhcp_rpc_agent_api [req-570f0f97-cc8c-455f-befb-44cfa632411e req-eeae9e18-cadc-463e-8ee8-e3c668404e24 28c9de720e9a4fc5a1ffc4ca6e3e1b05 4eee18d2747446b3bc0449a98ebdff86 - - default default] Unable to schedule network 7d4f2a14-d22f-453f-a96c-50e09834dfa0: no agents available; will retry on subsequent port and subnet creation events.
2026-05-25 01:55:08.871 10 INFO neutron.notifiers.nova [-] Nova event matching ['req-ed21cabe-415f-4b2c-84e8-96a8990cd711'] response: {'server_uuid': '8fe834ea-00ef-4292-a4c0-670cc308470a', 'name': 'network-vif-unplugged', 'status': 'completed', 'tag': 'bab04cd1-6458-402e-88db-3e1316a06718', 'code': 200}
2026-05-25 01:55:08.962 10 INFO neutron.db.ovn_revision_numbers_db [None req-03eb16d3-0a4a-45b7-b825-b7cbbfeaf8fb - - - - - -] Successfully bumped revision number for resource bab04cd1-6458-402e-88db-3e1316a06718 (type: ports) to 6
2026-05-25 01:55:08.967 9 INFO neutron.db.ovn_revision_numbers_db [req-570f0f97-cc8c-455f-befb-44cfa632411e req-eeae9e18-cadc-463e-8ee8-e3c668404e24 28c9de720e9a4fc5a1ffc4ca6e3e1b05 4eee18d2747446b3bc0449a98ebdff86 - - default default] Successfully bumped revision number for resource e1f8c70d-b4c9-4ce5-9d34-91beb4cabb71 (type: ports) to 1
2026-05-25 01:55:09.004 9 INFO neutron.api.wsgi [req-570f0f97-cc8c-455f-befb-44cfa632411e req-eeae9e18-cadc-463e-8ee8-e3c668404e24 28c9de720e9a4fc5a1ffc4ca6e3e1b05 4eee18d2747446b3bc0449a98ebdff86 - - default default] 199.204.45.72 "POST /v2.0/ports HTTP/1.1" status: 201 len: 1384 time: 0.4642932
2026-05-25 01:55:09.007 9 WARNING neutron.plugins.ml2.drivers.ovn.mech_driver.ovsdb.ovn_client [None req-60a41489-eb91-42ca-bc2a-dda271b1a6e4 - - - - - -] No hosting information found for port d1d435db-cc00-4dd1-80c8-0615caa7f1d8: RuntimeError: No hosting information found for port d1d435db-cc00-4dd1-80c8-0615caa7f1d8 /var/lib/openstack/lib/python3.12/site-packages/pycadf/identifier.py:71: UserWarning: Invalid uuid: neutron. To ensure interoperability, identifiers should be a valid uuid. warnings.warn(('Invalid uuid: %s. To ensure interoperability, '
2026-05-25 01:55:09.108 9 INFO neutron.db.ovn_revision_numbers_db [None req-60a41489-eb91-42ca-bc2a-dda271b1a6e4 - - - - - -] Successfully bumped revision number for resource d1d435db-cc00-4dd1-80c8-0615caa7f1d8 (type: router_ports) to 2 /var/lib/openstack/lib/python3.12/site-packages/pycadf/identifier.py:71: UserWarning: Invalid uuid: neutron. To ensure interoperability, identifiers should be a valid uuid. warnings.warn(('Invalid uuid: %s. To ensure interoperability, '
2026-05-25 01:55:09.354 9 INFO neutron.api.wsgi [req-aa54b46a-9b68-4ca3-82ba-d1fecef62ac0 req-9ef3224f-c507-4c2b-aad2-0d5e48007f88 c9adf61357f048faba336f694379c487 2333c43c5b37475aab9e97e8ba702f86 - - default default] 10.0.0.110 "GET /v2.0/ports?device_id=8fe834ea-00ef-4292-a4c0-670cc308470a HTTP/1.1" status: 200 len: 1208 time: 0.0432653
2026-05-25 01:55:09.405 9 INFO neutron.api.wsgi [req-0adfd6ac-4a20-4028-bda0-113d512c7bea req-c5271ce3-1f13-4cd0-b2b9-2415a635cc4f 28c9de720e9a4fc5a1ffc4ca6e3e1b05 4eee18d2747446b3bc0449a98ebdff86 - - default default] 10.0.0.110 "GET /v2.0/ports?device_id=c555ac47-4b97-48fb-acd6-959189d37305 HTTP/1.1" status: 200 len: 1394 time: 0.1199992
2026-05-25 01:55:09.421 9 INFO neutron.api.wsgi [req-aa54b46a-9b68-4ca3-82ba-d1fecef62ac0 req-acc905bc-277a-46e9-b0ba-37f991219d27 c9adf61357f048faba336f694379c487 2333c43c5b37475aab9e97e8ba702f86 - - default default] 10.0.0.110 "GET /v2.0/security-groups?id=53486790-e716-4ba0-a852-4d8ccdc6ea86&id=db23cd4e-b018-4cb3-b8b8-5d84c588f39a&fields=id&fields=name HTTP/1.1" status: 200 len: 405 time: 0.0554760
2026-05-25 01:55:09.445 9 INFO neutron.db.ovn_revision_numbers_db [req-570f0f97-cc8c-455f-befb-44cfa632411e req-6e0ae977-7c0a-43c9-a7db-a14c0dfb2536 5218039aafda45f3be642c6014d3ae9b b2a546254df3488fbddd714b7f50efe9 - - b4886bf9aa194294ab01b036fd7452ba b4886bf9aa194294ab01b036fd7452ba] Successfully bumped revision number for resource e1f8c70d-b4c9-4ce5-9d34-91beb4cabb71 (type: ports) to 2
2026-05-25 01:55:09.478 9 INFO neutron.api.wsgi [req-0adfd6ac-4a20-4028-bda0-113d512c7bea req-708ea29d-be00-4c49-a2c0-e890bdc97ec5 28c9de720e9a4fc5a1ffc4ca6e3e1b05 4eee18d2747446b3bc0449a98ebdff86 - - default default] 10.0.0.110 "GET /v2.0/security-groups?id=97a6a975-2179-41d3-9a5e-982cc4e8d960&fields=id&fields=name HTTP/1.1" status: 200 len: 310 time: 0.0674050
2026-05-25 01:55:09.665 9 INFO neutron.db.ovn_revision_numbers_db [req-570f0f97-cc8c-455f-befb-44cfa632411e req-6e0ae977-7c0a-43c9-a7db-a14c0dfb2536 5218039aafda45f3be642c6014d3ae9b b2a546254df3488fbddd714b7f50efe9 - - b4886bf9aa194294ab01b036fd7452ba b4886bf9aa194294ab01b036fd7452ba] Successfully bumped revision number for resource e1f8c70d-b4c9-4ce5-9d34-91beb4cabb71 (type: ports) to 4
2026-05-25 01:55:09.681 9 INFO neutron.api.wsgi [req-570f0f97-cc8c-455f-befb-44cfa632411e req-6e0ae977-7c0a-43c9-a7db-a14c0dfb2536 5218039aafda45f3be642c6014d3ae9b b2a546254df3488fbddd714b7f50efe9 - - b4886bf9aa194294ab01b036fd7452ba b4886bf9aa194294ab01b036fd7452ba] 199.204.45.72 "PUT /v2.0/ports/e1f8c70d-b4c9-4ce5-9d34-91beb4cabb71 HTTP/1.1" status: 200 len: 1629 time: 0.6713710
2026-05-25 01:55:09.722 9 INFO neutron.notifiers.nova [-] Nova event matching ['req-dc4ec734-c058-4838-ace5-b516b07bd86e'] response: {'name': 'network-changed', 'server_uuid': 'c555ac47-4b97-48fb-acd6-959189d37305', 'tag': 'e1f8c70d-b4c9-4ce5-9d34-91beb4cabb71', 'status': 'completed', 'code': 200} /var/lib/openstack/lib/python3.12/site-packages/pycadf/identifier.py:71: UserWarning: Invalid uuid: neutron. To ensure interoperability, identifiers should be a valid uuid. warnings.warn(('Invalid uuid: %s. To ensure interoperability, '
2026-05-25 01:55:09.960 9 INFO neutron.api.wsgi [req-db45783a-ddb0-4bc6-8967-8226495ea39e req-1a604fb3-ad87-4d79-bc21-f622c1f18100 c9adf61357f048faba336f694379c487 2333c43c5b37475aab9e97e8ba702f86 - - default default] 199.204.45.72 "GET /v2.0/ports?device_id=8fe834ea-00ef-4292-a4c0-670cc308470a HTTP/1.1" status: 200 len: 1208 time: 0.0309422 /var/lib/openstack/lib/python3.12/site-packages/pycadf/identifier.py:71: UserWarning: Invalid uuid: neutron. To ensure interoperability, identifiers should be a valid uuid. warnings.warn(('Invalid uuid: %s. To ensure interoperability, '
