2026-05-25 01:53:53.340 10 INFO neutron.api.wsgi [None req-7bd9d708-fb72-47aa-95cc-3392679e8eae ec01721975fd47dcb6bb6fa7dffa9b4c 910e670ffbd84a76bef0d9b22628bb7a - - default default] 10.0.0.86 "DELETE /v2.0/vpn/endpoint-groups/2ba29cf9-42bf-43c0-9cda-74b1c16c14fa HTTP/1.1" status: 204 len: 168 time: 0.0227494 /var/lib/openstack/lib/python3.12/site-packages/pycadf/identifier.py:71: UserWarning: Invalid uuid: neutron. To ensure interoperability, identifiers should be a valid uuid. warnings.warn(('Invalid uuid: %s. To ensure interoperability, '
2026-05-25 01:53:53.350 10 WARNING neutron.scheduler.dhcp_agent_scheduler [None req-b523dff1-3f01-4cc9-b394-5f4e0c37793e 4f00754b3930457fa1b9e061240458d8 02238fe61c804dfc88f7abbdc985f4cf - - default default] No more DHCP agents
2026-05-25 01:53:53.353 10 INFO neutron.api.wsgi [None req-d824b708-3a0d-4c83-89f5-7fb6ff0d61d7 ec01721975fd47dcb6bb6fa7dffa9b4c 910e670ffbd84a76bef0d9b22628bb7a - - default default] 10.0.0.86 "GET /v2.0/vpn/endpoint-groups HTTP/1.1" status: 200 len: 1110 time: 0.0090990
2026-05-25 01:53:53.354 10 WARNING neutron.api.rpc.agentnotifiers.dhcp_rpc_agent_api [None req-b523dff1-3f01-4cc9-b394-5f4e0c37793e 4f00754b3930457fa1b9e061240458d8 02238fe61c804dfc88f7abbdc985f4cf - - default default] Unable to schedule network 919b451c-5df4-49a3-ba88-953125c42cd5: no agents available; will retry on subsequent port and subnet creation events.
2026-05-25 01:53:53.371 10 INFO neutron.api.wsgi [None req-c6667999-68f2-4ec0-a76d-8177aeaf8c61 ec01721975fd47dcb6bb6fa7dffa9b4c 910e670ffbd84a76bef0d9b22628bb7a - - default default] 10.0.0.86 "GET /v2.0/vpn/endpoint-groups HTTP/1.1" status: 200 len: 1110 time: 0.0122206
2026-05-25 01:53:53.402 10 INFO neutron.api.wsgi [None req-3bef3e18-7efe-44a9-b2a2-1debaa00142e ec01721975fd47dcb6bb6fa7dffa9b4c 910e670ffbd84a76bef0d9b22628bb7a - - default default] 10.0.0.86 "DELETE /v2.0/vpn/endpoint-groups/04b4d2c2-e8ff-4ceb-b5e2-c6b829cd6ff6 HTTP/1.1" status: 204 len: 168 time: 0.0264277
2026-05-25 01:53:53.411 10 INFO neutron.db.ovn_revision_numbers_db [None req-b523dff1-3f01-4cc9-b394-5f4e0c37793e 4f00754b3930457fa1b9e061240458d8 02238fe61c804dfc88f7abbdc985f4cf - - default default] Successfully bumped revision number for resource 4258ba19-dcbc-49c2-beff-eb2b17858c02 (type: ports) to 1
2026-05-25 01:53:53.430 9 INFO neutron.api.wsgi [None req-89756cbb-173b-4882-8ba9-e92e2314de6d ec01721975fd47dcb6bb6fa7dffa9b4c 910e670ffbd84a76bef0d9b22628bb7a - - default default] 10.0.0.86 "GET /v2.0/vpn/endpoint-groups HTTP/1.1" status: 200 len: 826 time: 0.0215085
2026-05-25 01:53:53.431 10 INFO neutron.api.wsgi [None req-b523dff1-3f01-4cc9-b394-5f4e0c37793e 4f00754b3930457fa1b9e061240458d8 02238fe61c804dfc88f7abbdc985f4cf - - default default] 10.0.0.86 "POST /v2.0/ports HTTP/1.1" status: 201 len: 942 time: 0.3229899
2026-05-25 01:53:53.440 10 WARNING neutron_lib.context [None req-96f29ec3-e7ec-4a44-8aa5-c51dadbfa367 ec01721975fd47dcb6bb6fa7dffa9b4c 910e670ffbd84a76bef0d9b22628bb7a - - default default] Method 'is_advsvc' is deprecated since 2023.2 release (neutron-lib 3.8.0) and will be removed once support for the old RBAC API policies will be removed from Neutron. Please use method 'is_service_role' instead.
2026-05-25 01:53:53.486 10 INFO neutron.api.wsgi [None req-96f29ec3-e7ec-4a44-8aa5-c51dadbfa367 ec01721975fd47dcb6bb6fa7dffa9b4c 910e670ffbd84a76bef0d9b22628bb7a - - default default] 10.0.0.86 "POST /v2.0/vpn/endpoint-groups HTTP/1.1" status: 201 len: 501 time: 0.0497727
2026-05-25 01:53:53.490 9 INFO neutron.api.wsgi [None req-cef3f99f-ec9e-46f9-aa3c-4eb7c831b4b4 4f00754b3930457fa1b9e061240458d8 02238fe61c804dfc88f7abbdc985f4cf - - default default] 10.0.0.86 "PUT /v2.0/ports/c862005b-e4b6-4a32-9909-d76e162b512c/tags HTTP/1.1" status: 200 len: 210 time: 0.0535545
2026-05-25 01:53:53.495 9 WARNING neutron.api.v2.base [None req-311103cf-f65c-4151-bd8c-d0f919ffb23e ec01721975fd47dcb6bb6fa7dffa9b4c 910e670ffbd84a76bef0d9b22628bb7a - - default default] An exception happened while processing the request body. The exception message is [Failed to parse request. Required attribute 'peer_id' not specified].: webob.exc.HTTPBadRequest: Failed to parse request. Required attribute 'peer_id' not specified
2026-05-25 01:53:53.496 9 INFO neutron.api.v2.resource [None req-311103cf-f65c-4151-bd8c-d0f919ffb23e ec01721975fd47dcb6bb6fa7dffa9b4c 910e670ffbd84a76bef0d9b22628bb7a - - default default] create failed (client error): Failed to parse request. Required attribute 'peer_id' not specified
2026-05-25 01:53:53.497 9 INFO neutron.api.wsgi [None req-311103cf-f65c-4151-bd8c-d0f919ffb23e ec01721975fd47dcb6bb6fa7dffa9b4c 910e670ffbd84a76bef0d9b22628bb7a - - default default] 10.0.0.86 "POST /v2.0/vpn/ipsec-site-connections HTTP/1.1" status: 400 len: 343 time: 0.0050542
2026-05-25 01:53:53.508 9 INFO neutron.api.wsgi [None req-83db9cdd-84bf-4c78-8c2d-58ac90a19e65 ec01721975fd47dcb6bb6fa7dffa9b4c 910e670ffbd84a76bef0d9b22628bb7a - - default default] 10.0.0.86 "GET /v2.0/vpn/endpoint-groups HTTP/1.1" status: 200 len: 1110 time: 0.0083945
2026-05-25 01:53:53.535 10 INFO neutron.api.wsgi [None req-3d047e8a-77dc-4f55-911e-045795ddcc9b ec01721975fd47dcb6bb6fa7dffa9b4c 910e670ffbd84a76bef0d9b22628bb7a - - default default] 10.0.0.86 "DELETE /v2.0/vpn/endpoint-groups/cf31409a-1735-4b93-b81e-7b1ed8b6388e HTTP/1.1" status: 204 len: 168 time: 0.0241535
2026-05-25 01:53:53.546 10 INFO neutron.api.wsgi [None req-1d353383-11d6-4c58-84fd-ab82df9f06e2 ec01721975fd47dcb6bb6fa7dffa9b4c 910e670ffbd84a76bef0d9b22628bb7a - - default default] 10.0.0.86 "GET /v2.0/vpn/endpoint-groups HTTP/1.1" status: 200 len: 826 time: 0.0070064
2026-05-25 01:53:53.548 10 INFO neutron.api.wsgi [None req-ea10baf0-17ac-4d36-94a7-2917eaa9a10f 4f00754b3930457fa1b9e061240458d8 02238fe61c804dfc88f7abbdc985f4cf - - default default] 10.0.0.86 "PUT /v2.0/ports/52d6bc9c-88ab-4529-a94e-b32786f25c17/tags HTTP/1.1" status: 200 len: 218 time: 0.0510573
2026-05-25 01:53:53.552 10 WARNING neutron_lib.context [None req-c2b19ea6-f8bc-4b4a-8f50-73deb9bad96e ec01721975fd47dcb6bb6fa7dffa9b4c 910e670ffbd84a76bef0d9b22628bb7a - - default default] Method 'is_advsvc' is deprecated since 2023.2 release (neutron-lib 3.8.0) and will be removed once support for the old RBAC API policies will be removed from Neutron. Please use method 'is_service_role' instead.
2026-05-25 01:53:53.599 9 INFO neutron.api.wsgi [None req-0246877a-3ea2-4bc0-94ee-45f64f2a63f0 4f00754b3930457fa1b9e061240458d8 02238fe61c804dfc88f7abbdc985f4cf - - default default] 10.0.0.86 "PUT /v2.0/ports/b9827afc-06cf-4acc-ab0b-dc3bece66871/tags HTTP/1.1" status: 200 len: 227 time: 0.0402083
2026-05-25 01:53:53.620 10 INFO neutron.api.wsgi [None req-c2b19ea6-f8bc-4b4a-8f50-73deb9bad96e ec01721975fd47dcb6bb6fa7dffa9b4c 910e670ffbd84a76bef0d9b22628bb7a - - default default] 10.0.0.86 "POST /v2.0/vpn/endpoint-groups HTTP/1.1" status: 201 len: 493 time: 0.0704200
2026-05-25 01:53:53.629 9 WARNING neutron.api.v2.base [None req-775949c8-ab9e-4621-b6fe-cb83a354f0bb ec01721975fd47dcb6bb6fa7dffa9b4c 910e670ffbd84a76bef0d9b22628bb7a - - default default] An exception happened while processing the request body. The exception message is [Failed to parse request. Required attribute 'peer_id' not specified].: webob.exc.HTTPBadRequest: Failed to parse request. Required attribute 'peer_id' not specified
2026-05-25 01:53:53.629 9 INFO neutron.api.v2.resource [None req-775949c8-ab9e-4621-b6fe-cb83a354f0bb ec01721975fd47dcb6bb6fa7dffa9b4c 910e670ffbd84a76bef0d9b22628bb7a - - default default] create failed (client error): Failed to parse request. Required attribute 'peer_id' not specified
2026-05-25 01:53:53.630 9 INFO neutron.api.wsgi [None req-775949c8-ab9e-4621-b6fe-cb83a354f0bb ec01721975fd47dcb6bb6fa7dffa9b4c 910e670ffbd84a76bef0d9b22628bb7a - - default default] 10.0.0.86 "POST /v2.0/vpn/ipsec-site-connections HTTP/1.1" status: 400 len: 343 time: 0.0063133
2026-05-25 01:53:53.639 10 INFO neutron.api.wsgi [None req-5187de22-040f-4f52-a87c-d1413b0399a8 4f00754b3930457fa1b9e061240458d8 02238fe61c804dfc88f7abbdc985f4cf - - default default] 10.0.0.86 "PUT /v2.0/ports/bb85ce75-39d1-4751-8ad6-a41931a3cfb0/tags HTTP/1.1" status: 200 len: 212 time: 0.0340517
2026-05-25 01:53:53.644 9 INFO neutron.api.wsgi [None req-f0ec5820-b549-498d-9982-6f85c5b694df ec01721975fd47dcb6bb6fa7dffa9b4c 910e670ffbd84a76bef0d9b22628bb7a - - default default] 10.0.0.86 "GET /v2.0/vpn/endpoint-groups HTTP/1.1" status: 200 len: 1102 time: 0.0109704
2026-05-25 01:53:53.668 9 INFO neutron.api.wsgi [None req-8a2037ba-3c1f-47c7-befa-71107d938a5b ec01721975fd47dcb6bb6fa7dffa9b4c 910e670ffbd84a76bef0d9b22628bb7a - - default default] 10.0.0.86 "DELETE /v2.0/vpn/endpoint-groups/d0693e65-cbab-4564-b2e1-858755658fb0 HTTP/1.1" status: 204 len: 168 time: 0.0195732
2026-05-25 01:53:53.681 9 INFO neutron.api.wsgi [None req-bda2d3ec-4af6-4a27-b378-ca5fd50ca474 ec01721975fd47dcb6bb6fa7dffa9b4c 910e670ffbd84a76bef0d9b22628bb7a - - default default] 10.0.0.86 "GET /v2.0/vpn/endpoint-groups HTTP/1.1" status: 200 len: 826 time: 0.0078518
2026-05-25 01:53:53.690 9 WARNING neutron_lib.context [None req-8d1d657f-1f71-41bd-9b61-60674b96ae77 ec01721975fd47dcb6bb6fa7dffa9b4c 910e670ffbd84a76bef0d9b22628bb7a - - default default] Method 'is_advsvc' is deprecated since 2023.2 release (neutron-lib 3.8.0) and will be removed once support for the old RBAC API policies will be removed from Neutron. Please use method 'is_service_role' instead.
2026-05-25 01:53:53.719 9 INFO neutron.api.wsgi [None req-8d1d657f-1f71-41bd-9b61-60674b96ae77 ec01721975fd47dcb6bb6fa7dffa9b4c 910e670ffbd84a76bef0d9b22628bb7a - - default default] 10.0.0.86 "POST /v2.0/vpn/endpoint-groups HTTP/1.1" status: 201 len: 489 time: 0.0325372
2026-05-25 01:53:53.728 9 WARNING neutron_lib.context [None req-6a8f7c6a-7044-4f1e-b45a-9e28b210b15b ec01721975fd47dcb6bb6fa7dffa9b4c 910e670ffbd84a76bef0d9b22628bb7a - - default default] Method 'is_advsvc' is deprecated since 2023.2 release (neutron-lib 3.8.0) and will be removed once support for the old RBAC API policies will be removed from Neutron. Please use method 'is_service_role' instead.
2026-05-25 01:53:53.751 9 WARNING neutron.plugins.ml2.drivers.ovn.mech_driver.ovsdb.ovn_client [None req-95243351-5b1c-4f8a-87ef-913bb13bb57f - - - - - -] No hosting information found for port c455ae0c-282b-4b0c-afe0-01e962c63a5d: RuntimeError: No hosting information found for port c455ae0c-282b-4b0c-afe0-01e962c63a5d
2026-05-25 01:53:53.794 9 INFO neutron.api.wsgi [None req-6a8f7c6a-7044-4f1e-b45a-9e28b210b15b ec01721975fd47dcb6bb6fa7dffa9b4c 910e670ffbd84a76bef0d9b22628bb7a - - default default] 10.0.0.86 "POST /v2.0/vpn/endpoint-groups HTTP/1.1" status: 201 len: 500 time: 0.0694742
2026-05-25 01:53:53.809 9 WARNING neutron_lib.context [None req-3e9f7d62-80fa-45c0-a9b4-8704ee424eb1 ec01721975fd47dcb6bb6fa7dffa9b4c 910e670ffbd84a76bef0d9b22628bb7a - - default default] Method 'is_advsvc' is deprecated since 2023.2 release (neutron-lib 3.8.0) and will be removed once support for the old RBAC API policies will be removed from Neutron. Please use method 'is_service_role' instead.
2026-05-25 01:53:53.826 9 INFO neutron.db.ovn_revision_numbers_db [None req-95243351-5b1c-4f8a-87ef-913bb13bb57f - - - - - -] Successfully bumped revision number for resource c455ae0c-282b-4b0c-afe0-01e962c63a5d (type: router_ports) to 2
2026-05-25 01:53:53.826 9 INFO neutron.plugins.ml2.drivers.ovn.mech_driver.mech_driver [None req-95243351-5b1c-4f8a-87ef-913bb13bb57f - - - - - -] OVN reports status up for port: 0496c89a-acf8-4854-940a-2464c26ab00d
2026-05-25 01:53:54.036 10 INFO neutron.api.wsgi [None req-133f7131-84fb-40c4-aa17-3cc4ea17362d 4f00754b3930457fa1b9e061240458d8 02238fe61c804dfc88f7abbdc985f4cf - - default default] 10.0.0.86 "GET /v2.0/ports?tags=red HTTP/1.1" status: 200 len: 2448 time: 0.3925166
2026-05-25 01:53:54.094 10 INFO neutron.api.wsgi [None req-87d13780-d7a3-406d-808e-e66c31936447 4f00754b3930457fa1b9e061240458d8 02238fe61c804dfc88f7abbdc985f4cf - - default default] 10.0.0.86 "GET /v2.0/ports?tags=red%2Cblue HTTP/1.1" status: 200 len: 1708 time: 0.0528390
2026-05-25 01:53:54.158 10 INFO neutron.api.wsgi [None req-b1e5fc09-7fcc-4676-8676-da5cf8132329 4f00754b3930457fa1b9e061240458d8 02238fe61c804dfc88f7abbdc985f4cf - - default default] 10.0.0.86 "GET /v2.0/ports?tags-any=blue HTTP/1.1" status: 200 len: 1708 time: 0.0565681
2026-05-25 01:53:54.336 9 INFO neutron.api.wsgi [None req-b6092347-0599-4797-b1c2-30e83e8aa97d 4f00754b3930457fa1b9e061240458d8 02238fe61c804dfc88f7abbdc985f4cf - - default default] 10.0.0.86 "GET /v2.0/ports?tags-any=red%2Cblue HTTP/1.1" status: 200 len: 2448 time: 0.1720452
2026-05-25 01:53:54.479 9 INFO neutron.api.wsgi [None req-f9886b2c-7134-4b14-8ff2-542f41da6aa0 4f00754b3930457fa1b9e061240458d8 02238fe61c804dfc88f7abbdc985f4cf - - default default] 10.0.0.86 "GET /v2.0/ports?not-tags=red HTTP/1.1" status: 200 len: 5463 time: 0.1378748
2026-05-25 01:53:54.573 9 INFO neutron.api.wsgi [None req-03fc119e-f0d3-4aaa-8e58-10e2040ef533 4f00754b3930457fa1b9e061240458d8 02238fe61c804dfc88f7abbdc985f4cf - - default default] 10.0.0.86 "GET /v2.0/ports?not-tags=red%2Cblue HTTP/1.1" status: 200 len: 6203 time: 0.0848172
2026-05-25 01:53:54.597 9 INFO neutron.db.ovn_revision_numbers_db [None req-3e9f7d62-80fa-45c0-a9b4-8704ee424eb1 ec01721975fd47dcb6bb6fa7dffa9b4c 910e670ffbd84a76bef0d9b22628bb7a - - default default] Successfully bumped revision number for resource 6abba5e2-0745-420f-a072-8d43bb57e4ff (type: routers) to 6
2026-05-25 01:53:54.626 9 INFO neutron.api.wsgi [None req-3e9f7d62-80fa-45c0-a9b4-8704ee424eb1 ec01721975fd47dcb6bb6fa7dffa9b4c 910e670ffbd84a76bef0d9b22628bb7a - - default default] 10.0.0.86 "POST /v2.0/vpn/ipsec-site-connections HTTP/1.1" status: 201 len: 1043 time: 0.8214891
2026-05-25 01:53:54.670 10 INFO neutron.db.ovn_revision_numbers_db [None req-dbb0b93b-8b8a-4c74-81db-a1b541f177ca d43276b0ca054ade821c06fdab05e1e0 dce85ce853a642d8ab454bef188237b9 - - default default] Successfully bumped revision number for resource f51dd876-978f-439f-bd4a-0eac4245c9ed (type: security_groups) to 1
2026-05-25 01:53:54.686 10 INFO neutron.db.ovn_revision_numbers_db [None req-dbb0b93b-8b8a-4c74-81db-a1b541f177ca d43276b0ca054ade821c06fdab05e1e0 dce85ce853a642d8ab454bef188237b9 - - default default] Successfully bumped revision number for resource 383b604e-df70-4f2c-849b-87efce137066 (type: security_group_rules) to 0
2026-05-25 01:53:54.703 10 INFO neutron.api.wsgi [None req-cafdfb08-237c-4d97-94ef-d9050f8075da 4f00754b3930457fa1b9e061240458d8 02238fe61c804dfc88f7abbdc985f4cf - - default default] 10.0.0.86 "GET /v2.0/ports?not-tags-any=blue HTTP/1.1" status: 200 len: 6203 time: 0.1236937
2026-05-25 01:53:54.715 10 INFO neutron.db.ovn_revision_numbers_db [None req-dbb0b93b-8b8a-4c74-81db-a1b541f177ca d43276b0ca054ade821c06fdab05e1e0 dce85ce853a642d8ab454bef188237b9 - - default default] Successfully bumped revision number for resource 87aeb0c9-f308-4b05-b6e8-8c8bdf781feb (type: security_group_rules) to 0
2026-05-25 01:53:54.730 10 INFO neutron.db.ovn_revision_numbers_db [None req-dbb0b93b-8b8a-4c74-81db-a1b541f177ca d43276b0ca054ade821c06fdab05e1e0 dce85ce853a642d8ab454bef188237b9 - - default default] Successfully bumped revision number for resource 9338433b-90a9-48cf-bc41-ac9636be9e56 (type: security_group_rules) to 0
2026-05-25 01:53:54.750 10 INFO neutron.api.wsgi [None req-e4ab2119-e25c-4cdc-a50b-7ede55528cc3 4f00754b3930457fa1b9e061240458d8 02238fe61c804dfc88f7abbdc985f4cf - - default default] 10.0.0.86 "GET /v2.0/ports?not-tags-any=red%2Cblue HTTP/1.1" status: 200 len: 5463 time: 0.0408771
2026-05-25 01:53:54.770 10 INFO neutron.db.ovn_revision_numbers_db [None req-dbb0b93b-8b8a-4c74-81db-a1b541f177ca d43276b0ca054ade821c06fdab05e1e0 dce85ce853a642d8ab454bef188237b9 - - default default] Successfully bumped revision number for resource c82bb6e8-7975-4c39-bf89-8884a01cd653 (type: security_group_rules) to 0
2026-05-25 01:53:54.819 10 INFO neutron.api.wsgi [None req-dbb0b93b-8b8a-4c74-81db-a1b541f177ca d43276b0ca054ade821c06fdab05e1e0 dce85ce853a642d8ab454bef188237b9 - - default default] 10.0.0.86 "GET /v2.0/security-groups?tenant_id=8208128021bd4b2288551f4b5ce42d10&name=default HTTP/1.1" status: 200 len: 3120 time: 0.4510090
2026-05-25 01:53:54.987 10 INFO neutron.api.wsgi [None req-7e957ea4-1537-408c-b273-0b26059973f3 4f00754b3930457fa1b9e061240458d8 02238fe61c804dfc88f7abbdc985f4cf - - default default] 10.0.0.86 "DELETE /v2.0/ports/c862005b-e4b6-4a32-9909-d76e162b512c HTTP/1.1" status: 204 len: 168 time: 0.2308316
2026-05-25 01:53:55.040 10 INFO neutron.api.wsgi [None req-522aad07-afcc-4ce8-893d-276046e7b6c9 d43276b0ca054ade821c06fdab05e1e0 dce85ce853a642d8ab454bef188237b9 - - default default] 10.0.0.86 "DELETE /v2.0/security-groups/f51dd876-978f-439f-bd4a-0eac4245c9ed HTTP/1.1" status: 204 len: 168 time: 0.2155383
2026-05-25 01:53:55.132 9 INFO neutron.db.ovn_revision_numbers_db [None req-fd39928d-be6e-4bef-be92-19dfa2c07c11 ec01721975fd47dcb6bb6fa7dffa9b4c 910e670ffbd84a76bef0d9b22628bb7a - - default default] Successfully bumped revision number for resource 6abba5e2-0745-420f-a072-8d43bb57e4ff (type: routers) to 7
2026-05-25 01:53:55.153 9 INFO neutron.api.wsgi [None req-fd39928d-be6e-4bef-be92-19dfa2c07c11 ec01721975fd47dcb6bb6fa7dffa9b4c 910e670ffbd84a76bef0d9b22628bb7a - - default default] 10.0.0.86 "DELETE /v2.0/vpn/ipsec-site-connections/bdfc3a05-f06b-4e87-856a-7253b6de52e2 HTTP/1.1" status: 204 len: 168 time: 0.5210032
2026-05-25 01:53:55.167 10 INFO neutron.api.wsgi [None req-71971bee-e361-4f84-971b-cc7f0dfaa92a ec01721975fd47dcb6bb6fa7dffa9b4c 910e670ffbd84a76bef0d9b22628bb7a - - default default] 10.0.0.86 "GET /v2.0/vpn/ipsec-site-connections HTTP/1.1" status: 200 len: 1000 time: 0.0101194
2026-05-25 01:53:55.186 9 INFO neutron.api.v2.resource [None req-a22d8074-3ba7-4128-8985-a4b8a0baca4f ec01721975fd47dcb6bb6fa7dffa9b4c 910e670ffbd84a76bef0d9b22628bb7a - - default default] delete failed (client error): The resource could not be found.
2026-05-25 01:53:55.187 9 INFO neutron.api.wsgi [None req-a22d8074-3ba7-4128-8985-a4b8a0baca4f ec01721975fd47dcb6bb6fa7dffa9b4c 910e670ffbd84a76bef0d9b22628bb7a - - default default] 10.0.0.86 "DELETE /v2.0/vpn/ipsec-site-connections/bdfc3a05-f06b-4e87-856a-7253b6de52e2 HTTP/1.1" status: 404 len: 355 time: 0.0149138
2026-05-25 01:53:55.209 10 INFO neutron.api.wsgi [None req-97314ab9-386e-423a-bd05-4e49c1d7d452 4f00754b3930457fa1b9e061240458d8 02238fe61c804dfc88f7abbdc985f4cf - - default default] 10.0.0.86 "DELETE /v2.0/ports/52d6bc9c-88ab-4529-a94e-b32786f25c17 HTTP/1.1" status: 204 len: 168 time: 0.2176130
2026-05-25 01:53:55.213 10 INFO neutron.api.wsgi [None req-2b2e7100-f866-4ce9-8beb-e332469d9d3e ec01721975fd47dcb6bb6fa7dffa9b4c 910e670ffbd84a76bef0d9b22628bb7a - - default default] 10.0.0.86 "GET /v2.0/vpn/endpoint-groups HTTP/1.1" status: 200 len: 1382 time: 0.0174556
2026-05-25 01:53:55.254 10 INFO neutron.api.wsgi [None req-f9580c00-82aa-4dde-a923-54d928708569 ec01721975fd47dcb6bb6fa7dffa9b4c 910e670ffbd84a76bef0d9b22628bb7a - - default default] 10.0.0.86 "DELETE /v2.0/vpn/endpoint-groups/78826590-54b1-4104-8ec8-170a42c161e3 HTTP/1.1" status: 204 len: 168 time: 0.0325012
2026-05-25 01:53:55.278 9 INFO neutron.api.wsgi [None req-9db7b10e-4ea4-47da-afbc-df2cfbe7538a ec01721975fd47dcb6bb6fa7dffa9b4c 910e670ffbd84a76bef0d9b22628bb7a - - default default] 10.0.0.86 "GET /v2.0/vpn/endpoint-groups HTTP/1.1" status: 200 len: 1098 time: 0.0155976
2026-05-25 01:53:55.293 9 INFO neutron.api.wsgi [None req-d57cedcf-a412-4b36-8242-4485c42e21cd ec01721975fd47dcb6bb6fa7dffa9b4c 910e670ffbd84a76bef0d9b22628bb7a - - default default] 10.0.0.86 "GET /v2.0/vpn/endpoint-groups HTTP/1.1" status: 200 len: 1098 time: 0.0109904
2026-05-25 01:53:55.302 9 INFO neutron.db.ovn_revision_numbers_db [None req-be1a57f1-2d38-4694-834d-6d8d97f4be90 d43276b0ca054ade821c06fdab05e1e0 dce85ce853a642d8ab454bef188237b9 - - default default] Successfully bumped revision number for resource 0a3520d8-fb20-4935-9aaf-e56770dbb4af (type: security_groups) to 1
2026-05-25 01:53:55.318 9 INFO neutron.db.ovn_revision_numbers_db [None req-be1a57f1-2d38-4694-834d-6d8d97f4be90 d43276b0ca054ade821c06fdab05e1e0 dce85ce853a642d8ab454bef188237b9 - - default default] Successfully bumped revision number for resource 65998130-62f3-439e-85d5-9df3097ccf10 (type: security_group_rules) to 0
2026-05-25 01:53:55.324 10 INFO neutron.api.wsgi [None req-ecee3543-4411-48d1-8098-356d01f3227a ec01721975fd47dcb6bb6fa7dffa9b4c 910e670ffbd84a76bef0d9b22628bb7a - - default default] 10.0.0.86 "DELETE /v2.0/vpn/endpoint-groups/6dd10ea3-ac98-4c08-ae69-bb8e76102e61 HTTP/1.1" status: 204 len: 168 time: 0.0243402
2026-05-25 01:53:55.335 9 INFO neutron.db.ovn_revision_numbers_db [None req-be1a57f1-2d38-4694-834d-6d8d97f4be90 d43276b0ca054ade821c06fdab05e1e0 dce85ce853a642d8ab454bef188237b9 - - default default] Successfully bumped revision number for resource ca02d6bf-e7c8-4fc7-b122-dadc22ad19ec (type: security_group_rules) to 0
2026-05-25 01:53:55.343 9 INFO neutron.api.wsgi [None req-6f5f2ef6-9265-4fb5-a3e5-751d7f4961ad ec01721975fd47dcb6bb6fa7dffa9b4c 910e670ffbd84a76bef0d9b22628bb7a - - default default] 10.0.0.86 "GET /v2.0/vpn/endpoint-groups HTTP/1.1" status: 200 len: 826 time: 0.0126605
2026-05-25 01:53:55.352 9 WARNING neutron_lib.context [None req-28beb0b2-9955-478a-9359-aa892aa50c82 ec01721975fd47dcb6bb6fa7dffa9b4c 910e670ffbd84a76bef0d9b22628bb7a - - default default] Method 'is_advsvc' is deprecated since 2023.2 release (neutron-lib 3.8.0) and will be removed once support for the old RBAC API policies will be removed from Neutron. Please use method 'is_service_role' instead.
2026-05-25 01:53:55.356 9 INFO neutron.db.ovn_revision_numbers_db [None req-be1a57f1-2d38-4694-834d-6d8d97f4be90 d43276b0ca054ade821c06fdab05e1e0 dce85ce853a642d8ab454bef188237b9 - - default default] Successfully bumped revision number for resource d995df68-2eeb-42ef-a008-0ec06ff71195 (type: security_group_rules) to 0
2026-05-25 01:53:55.379 9 INFO neutron.db.ovn_revision_numbers_db [None req-be1a57f1-2d38-4694-834d-6d8d97f4be90 d43276b0ca054ade821c06fdab05e1e0 dce85ce853a642d8ab454bef188237b9 - - default default] Successfully bumped revision number for resource e38db805-3944-4fc6-9fa1-8fa866e831c3 (type: security_group_rules) to 0
2026-05-25 01:53:55.437 10 INFO neutron.api.wsgi [None req-c7a30be1-2177-4f92-bca2-4ce064df0b99 4f00754b3930457fa1b9e061240458d8 02238fe61c804dfc88f7abbdc985f4cf - - default default] 10.0.0.86 "DELETE /v2.0/ports/b9827afc-06cf-4acc-ab0b-dc3bece66871 HTTP/1.1" status: 204 len: 168 time: 0.2216134
2026-05-25 01:53:55.475 9 INFO neutron.api.wsgi [None req-be1a57f1-2d38-4694-834d-6d8d97f4be90 d43276b0ca054ade821c06fdab05e1e0 dce85ce853a642d8ab454bef188237b9 - - default default] 10.0.0.86 "GET /v2.0/security-groups?tenant_id=fce46bb56b364f059b5aeb3a7e25e46b&name=default HTTP/1.1" status: 200 len: 3120 time: 0.3161600
2026-05-25 01:53:55.663 10 INFO neutron.api.wsgi [None req-a986ed91-968a-43d2-94c7-d43447397c79 4f00754b3930457fa1b9e061240458d8 02238fe61c804dfc88f7abbdc985f4cf - - default default] 10.0.0.86 "DELETE /v2.0/ports/bb85ce75-39d1-4751-8ad6-a41931a3cfb0 HTTP/1.1" status: 204 len: 168 time: 0.2215662
2026-05-25 01:53:55.714 10 INFO neutron.api.wsgi [None req-ef3c5363-113c-494d-a802-5f81a19fd2db d43276b0ca054ade821c06fdab05e1e0 dce85ce853a642d8ab454bef188237b9 - - default default] 10.0.0.86 "DELETE /v2.0/security-groups/0a3520d8-fb20-4935-9aaf-e56770dbb4af HTTP/1.1" status: 204 len: 168 time: 0.2330575
2026-05-25 01:53:55.835 10 INFO neutron.api.wsgi [None req-8a7a2adf-1ea9-4263-8459-32919677caa0 4f00754b3930457fa1b9e061240458d8 02238fe61c804dfc88f7abbdc985f4cf - - default default] 10.0.0.86 "DELETE /v2.0/ports/4258ba19-dcbc-49c2-beff-eb2b17858c02 HTTP/1.1" status: 204 len: 168 time: 0.1627450
2026-05-25 01:53:55.946 9 INFO neutron.db.ovn_revision_numbers_db [None req-28beb0b2-9955-478a-9359-aa892aa50c82 ec01721975fd47dcb6bb6fa7dffa9b4c 910e670ffbd84a76bef0d9b22628bb7a - - default default] Successfully bumped revision number for resource 6abba5e2-0745-420f-a072-8d43bb57e4ff (type: routers) to 8
2026-05-25 01:53:55.983 9 INFO neutron.api.wsgi [None req-28beb0b2-9955-478a-9359-aa892aa50c82 ec01721975fd47dcb6bb6fa7dffa9b4c 910e670ffbd84a76bef0d9b22628bb7a - - default default] 10.0.0.86 "POST /v2.0/vpn/ipsec-site-connections HTTP/1.1" status: 201 len: 1003 time: 0.6351397
2026-05-25 01:53:56.097 10 INFO neutron.services.segments.plugin [-] Segment ce7bf6d1-6b45-43ce-9d99-4072ff3f42b2 resource provider aggregate not found
2026-05-25 01:53:56.102 10 INFO neutron.services.segments.plugin [-] Segment ce7bf6d1-6b45-43ce-9d99-4072ff3f42b2 resource provider aggregate not found
2026-05-25 01:53:56.117 10 INFO neutron.services.segments.plugin [-] Segment ce7bf6d1-6b45-43ce-9d99-4072ff3f42b2 resource provider not found; error: Placement Client Error (4xx): {"errors": [{"status": 404, "title": "Not Found", "detail": "The resource could not be found.\n\n No resource provider with uuid ce7bf6d1-6b45-43ce-9d99-4072ff3f42b2 found for delete ", "request_id": "req-3c5abc54-7cd9-4751-9939-9757f73db4d9"}]}
2026-05-25 01:53:56.118 10 INFO neutron.services.segments.plugin [-] Segment ce7bf6d1-6b45-43ce-9d99-4072ff3f42b2 resource provider not found; error: Placement Client Error (4xx): {"errors": [{"status": 404, "title": "Not Found", "detail": "The resource could not be found.\n\n No resource provider with uuid ce7bf6d1-6b45-43ce-9d99-4072ff3f42b2 found for delete ", "request_id": "req-78e31572-7265-4cee-87c5-44fcd9003da3"}]}
2026-05-25 01:53:56.132 10 INFO neutron.api.wsgi [None req-905357d3-88b2-4eba-a5c4-6d26f175c54b 4f00754b3930457fa1b9e061240458d8 02238fe61c804dfc88f7abbdc985f4cf - - default default] 10.0.0.86 "DELETE /v2.0/networks/0c861ad5-244b-4209-bc1d-faca929b98d6 HTTP/1.1" status: 204 len: 168 time: 0.2926650
2026-05-25 01:53:56.423 9 INFO neutron.db.ovn_revision_numbers_db [None req-d2d12917-4adf-4a0c-be97-fa8c3b84f65a ec01721975fd47dcb6bb6fa7dffa9b4c 910e670ffbd84a76bef0d9b22628bb7a - - default default] Successfully bumped revision number for resource 6abba5e2-0745-420f-a072-8d43bb57e4ff (type: routers) to 9
2026-05-25 01:53:56.454 10 INFO neutron.api.wsgi [None req-67dc1a44-63b4-4285-aac5-11523bf02164 4f00754b3930457fa1b9e061240458d8 02238fe61c804dfc88f7abbdc985f4cf - - default default] 10.0.0.86 "DELETE /v2.0/networks/858016c0-4cd6-4af3-b593-f9696c51a6a1 HTTP/1.1" status: 204 len: 168 time: 0.3160248
2026-05-25 01:53:56.454 9 INFO neutron.api.wsgi [None req-d2d12917-4adf-4a0c-be97-fa8c3b84f65a ec01721975fd47dcb6bb6fa7dffa9b4c 910e670ffbd84a76bef0d9b22628bb7a - - default default] 10.0.0.86 "DELETE /v2.0/vpn/ipsec-site-connections/12b86b95-0d41-40ef-9554-e47b94cbc8af HTTP/1.1" status: 204 len: 168 time: 0.4660304
2026-05-25 01:53:56.476 10 INFO neutron.api.wsgi [None req-b362baf8-4d7b-498b-9966-00f1ec27743d ec01721975fd47dcb6bb6fa7dffa9b4c 910e670ffbd84a76bef0d9b22628bb7a - - default default] 10.0.0.86 "GET /v2.0/vpn/ipsec-site-connections HTTP/1.1" status: 200 len: 1000 time: 0.0099287
2026-05-25 01:53:56.488 10 INFO neutron.api.v2.resource [None req-8ed88a3b-35ee-4ca6-9f5d-42afab021a62 ec01721975fd47dcb6bb6fa7dffa9b4c 910e670ffbd84a76bef0d9b22628bb7a - - default default] delete failed (client error): The resource could not be found.
2026-05-25 01:53:56.489 10 INFO neutron.api.wsgi [None req-8ed88a3b-35ee-4ca6-9f5d-42afab021a62 ec01721975fd47dcb6bb6fa7dffa9b4c 910e670ffbd84a76bef0d9b22628bb7a - - default default] 10.0.0.86 "DELETE /v2.0/vpn/ipsec-site-connections/12b86b95-0d41-40ef-9554-e47b94cbc8af HTTP/1.1" status: 404 len: 355 time: 0.0105109
2026-05-25 01:53:56.497 10 WARNING neutron_lib.context [None req-c08d1355-a1a7-4b18-9aa1-1c7d82e3bf2e ec01721975fd47dcb6bb6fa7dffa9b4c 910e670ffbd84a76bef0d9b22628bb7a - - default default] Method 'is_advsvc' is deprecated since 2023.2 release (neutron-lib 3.8.0) and will be removed once support for the old RBAC API policies will be removed from Neutron. Please use method 'is_service_role' instead.
2026-05-25 01:53:56.531 10 INFO neutron.api.wsgi [None req-c08d1355-a1a7-4b18-9aa1-1c7d82e3bf2e ec01721975fd47dcb6bb6fa7dffa9b4c 910e670ffbd84a76bef0d9b22628bb7a - - default default] 10.0.0.86 "POST /v2.0/vpn/endpoint-groups HTTP/1.1" status: 201 len: 489 time: 0.0384490
2026-05-25 01:53:56.547 10 INFO neutron.api.wsgi [None req-620e62eb-bea3-4e48-aa5b-a3a3dad2cae0 ec01721975fd47dcb6bb6fa7dffa9b4c 910e670ffbd84a76bef0d9b22628bb7a - - default default] 10.0.0.86 "PUT /v2.0/vpn/endpoint-groups/7b869714-66e2-4eb7-9877-c21bcdc8edba HTTP/1.1" status: 200 len: 484 time: 0.0121686
2026-05-25 01:53:56.557 10 INFO neutron.api.wsgi [None req-a7d564d5-87db-4c75-8b62-dd593eb2ce92 ec01721975fd47dcb6bb6fa7dffa9b4c 910e670ffbd84a76bef0d9b22628bb7a - - default default] 10.0.0.86 "GET /v2.0/vpn/endpoint-groups/7b869714-66e2-4eb7-9877-c21bcdc8edba HTTP/1.1" status: 200 len: 484 time: 0.0069671
2026-05-25 01:53:56.576 10 INFO neutron.api.wsgi [None req-f196e86b-e90d-4ae0-ad43-b3946fe8426b ec01721975fd47dcb6bb6fa7dffa9b4c 910e670ffbd84a76bef0d9b22628bb7a - - default default] 10.0.0.86 "DELETE /v2.0/vpn/endpoint-groups/7b869714-66e2-4eb7-9877-c21bcdc8edba HTTP/1.1" status: 204 len: 168 time: 0.0169804
2026-05-25 01:53:56.591 10 INFO neutron.api.wsgi [None req-27f82455-0a46-4265-9e5d-6660e8b27bb4 ec01721975fd47dcb6bb6fa7dffa9b4c 910e670ffbd84a76bef0d9b22628bb7a - - default default] 10.0.0.86 "GET /v2.0/vpn/endpoint-groups HTTP/1.1" status: 200 len: 826 time: 0.0095048
2026-05-25 01:53:56.602 10 INFO neutron.api.wsgi [None req-983dbbde-381d-4bc0-aab0-017625ffb2fa ec01721975fd47dcb6bb6fa7dffa9b4c 910e670ffbd84a76bef0d9b22628bb7a - - default default] 10.0.0.86 "GET /v2.0/vpn/endpoint-groups HTTP/1.1" status: 200 len: 826 time: 0.0076225
2026-05-25 01:53:56.610 10 WARNING neutron_lib.context [None req-891762bb-418c-4c03-97e2-fb256375171c ec01721975fd47dcb6bb6fa7dffa9b4c 910e670ffbd84a76bef0d9b22628bb7a - - default default] Method 'is_advsvc' is deprecated since 2023.2 release (neutron-lib 3.8.0) and will be removed once support for the old RBAC API policies will be removed from Neutron. Please use method 'is_service_role' instead.
2026-05-25 01:53:56.652 10 INFO neutron.api.wsgi [None req-891762bb-418c-4c03-97e2-fb256375171c ec01721975fd47dcb6bb6fa7dffa9b4c 910e670ffbd84a76bef0d9b22628bb7a - - default default] 10.0.0.86 "POST /v2.0/vpn/ikepolicies HTTP/1.1" status: 201 len: 601 time: 0.0455363
2026-05-25 01:53:56.688 10 INFO neutron.api.wsgi [None req-65184d41-caac-4979-bfe8-023fec056197 ec01721975fd47dcb6bb6fa7dffa9b4c 910e670ffbd84a76bef0d9b22628bb7a - - default default] 10.0.0.86 "PUT /v2.0/vpn/ikepolicies/2ff0882b-4b3b-4c41-8562-a00a06d45598 HTTP/1.1" status: 200 len: 613 time: 0.0291393
2026-05-25 01:53:56.698 9 INFO neutron.api.wsgi [req-9c8889df-6f69-42ae-a413-bd706efbb60a req-c536441b-84c4-4ba0-a0cf-d79670cb8772 5218039aafda45f3be642c6014d3ae9b b2a546254df3488fbddd714b7f50efe9 - - b4886bf9aa194294ab01b036fd7452ba b4886bf9aa194294ab01b036fd7452ba] 10.0.0.211 "GET /v2.0/ports?device_id=ece968a8-e241-43e1-9073-a688e22a04e8 HTTP/1.1" status: 200 len: 1409 time: 0.0470672
2026-05-25 01:53:56.702 10 INFO neutron.api.wsgi [None req-8bebf590-fc37-428a-a6ba-e5f4b41020ab ec01721975fd47dcb6bb6fa7dffa9b4c 910e670ffbd84a76bef0d9b22628bb7a - - default default] 10.0.0.86 "GET /v2.0/vpn/ikepolicies/2ff0882b-4b3b-4c41-8562-a00a06d45598 HTTP/1.1" status: 200 len: 613 time: 0.0092297
2026-05-25 01:53:56.739 10 INFO neutron.api.wsgi [None req-41a85a13-2fbf-4547-837f-b2d5785a6153 ec01721975fd47dcb6bb6fa7dffa9b4c 910e670ffbd84a76bef0d9b22628bb7a - - default default] 10.0.0.86 "DELETE /v2.0/vpn/ikepolicies/2ff0882b-4b3b-4c41-8562-a00a06d45598 HTTP/1.1" status: 204 len: 168 time: 0.0320163
2026-05-25 01:53:56.756 10 INFO neutron.api.wsgi [None req-95e76f63-9227-4f3c-983f-1009390c7aff ec01721975fd47dcb6bb6fa7dffa9b4c 910e670ffbd84a76bef0d9b22628bb7a - - default default] 10.0.0.86 "GET /v2.0/vpn/ikepolicies HTTP/1.1" status: 200 len: 602 time: 0.0112708
2026-05-25 01:53:56.769 10 INFO neutron.api.wsgi [None req-1dde2efe-c1f8-4e7c-95fe-18c5fc7da142 ec01721975fd47dcb6bb6fa7dffa9b4c 910e670ffbd84a76bef0d9b22628bb7a - - default default] 10.0.0.86 "GET /v2.0/vpn/ikepolicies HTTP/1.1" status: 200 len: 602 time: 0.0090477
2026-05-25 01:53:56.777 10 WARNING neutron_lib.context [None req-c21c4d00-c268-4a77-bb5b-783c1a3a1ad7 ec01721975fd47dcb6bb6fa7dffa9b4c 910e670ffbd84a76bef0d9b22628bb7a - - default default] Method 'is_advsvc' is deprecated since 2023.2 release (neutron-lib 3.8.0) and will be removed once support for the old RBAC API policies will be removed from Neutron. Please use method 'is_service_role' instead.
2026-05-25 01:53:56.777 9 INFO neutron.api.wsgi [req-9c8889df-6f69-42ae-a413-bd706efbb60a req-9610ef5b-19bc-46ef-ae04-7cf3e138d331 5218039aafda45f3be642c6014d3ae9b b2a546254df3488fbddd714b7f50efe9 - - b4886bf9aa194294ab01b036fd7452ba b4886bf9aa194294ab01b036fd7452ba] 10.0.0.211 "GET /v2.0/security-groups?id=ddaffe0c-7f9b-4a4a-ad3c-6c7bfdab0868&fields=id&fields=name HTTP/1.1" status: 200 len: 311 time: 0.0724897
2026-05-25 01:53:56.791 9 INFO neutron.services.segments.plugin [-] Segment 53eeb73e-1cb2-4883-9237-2cadfc66859c resource provider aggregate not found
2026-05-25 01:53:56.795 9 INFO neutron.services.segments.plugin [-] Segment 53eeb73e-1cb2-4883-9237-2cadfc66859c resource provider aggregate not found
2026-05-25 01:53:56.807 9 INFO neutron.services.segments.plugin [-] Segment 53eeb73e-1cb2-4883-9237-2cadfc66859c resource provider not found; error: Placement Client Error (4xx): {"errors": [{"status": 404, "title": "Not Found", "detail": "The resource could not be found.\n\n No resource provider with uuid 53eeb73e-1cb2-4883-9237-2cadfc66859c found for delete ", "request_id": "req-2854820d-5ca0-4bb8-ad22-f2e67399ef31"}]}
2026-05-25 01:53:56.818 9 INFO neutron.services.segments.plugin [-] Segment 53eeb73e-1cb2-4883-9237-2cadfc66859c resource provider not found; error: Placement Client Error (4xx): {"errors": [{"status": 404, "title": "Not Found", "detail": "The resource could not be found.\n\n No resource provider with uuid 53eeb73e-1cb2-4883-9237-2cadfc66859c found for delete ", "request_id": "req-31bb79cb-977d-4fe7-9641-bd3d49ad5094"}]}
2026-05-25 01:53:56.825 10 INFO neutron.api.wsgi [None req-c21c4d00-c268-4a77-bb5b-783c1a3a1ad7 ec01721975fd47dcb6bb6fa7dffa9b4c 910e670ffbd84a76bef0d9b22628bb7a - - default default] 10.0.0.86 "POST /v2.0/vpn/ipsecpolicies HTTP/1.1" status: 201 len: 611 time: 0.0513272
2026-05-25 01:53:56.827 9 INFO neutron.api.wsgi [None req-6a355a05-8de2-4afa-8694-5d56f4bdeefb 4f00754b3930457fa1b9e061240458d8 02238fe61c804dfc88f7abbdc985f4cf - - default default] 10.0.0.86 "DELETE /v2.0/networks/a54af66f-8e36-45fc-a2c0-26c0219888d2 HTTP/1.1" status: 204 len: 168 time: 0.3629019
2026-05-25 01:53:56.853 9 INFO neutron.api.wsgi [None req-a5347e24-09dc-4e2c-9285-725413959541 ec01721975fd47dcb6bb6fa7dffa9b4c 910e670ffbd84a76bef0d9b22628bb7a - - default default] 10.0.0.86 "PUT /v2.0/vpn/ipsecpolicies/db3265f7-4ca6-4dc4-909e-827f8227bc7f HTTP/1.1" status: 200 len: 624 time: 0.0233455
2026-05-25 01:53:56.888 9 INFO neutron.api.wsgi [None req-2da06a05-2736-4233-81ff-787dbd658a45 ec01721975fd47dcb6bb6fa7dffa9b4c 910e670ffbd84a76bef0d9b22628bb7a - - default default] 10.0.0.86 "DELETE /v2.0/vpn/ipsecpolicies/db3265f7-4ca6-4dc4-909e-827f8227bc7f HTTP/1.1" status: 204 len: 168 time: 0.0289459
2026-05-25 01:53:56.902 9 INFO neutron.api.v2.resource [None req-f9791cac-1c67-4b30-bc53-6601a892b1f2 ec01721975fd47dcb6bb6fa7dffa9b4c 910e670ffbd84a76bef0d9b22628bb7a - - default default] delete failed (client error): The resource could not be found.
2026-05-25 01:53:56.903 9 INFO neutron.api.wsgi [None req-f9791cac-1c67-4b30-bc53-6601a892b1f2 ec01721975fd47dcb6bb6fa7dffa9b4c 910e670ffbd84a76bef0d9b22628bb7a - - default default] 10.0.0.86 "DELETE /v2.0/vpn/ipsecpolicies/db3265f7-4ca6-4dc4-909e-827f8227bc7f HTTP/1.1" status: 404 len: 346 time: 0.0082865
2026-05-25 01:53:56.917 9 INFO neutron.api.v2.resource [None req-0a5060b2-9e28-40a9-9a13-6832d886a000 ec01721975fd47dcb6bb6fa7dffa9b4c 910e670ffbd84a76bef0d9b22628bb7a - - default default] delete failed (client error): The resource could not be found.
2026-05-25 01:53:56.918 9 INFO neutron.api.wsgi [None req-0a5060b2-9e28-40a9-9a13-6832d886a000 ec01721975fd47dcb6bb6fa7dffa9b4c 910e670ffbd84a76bef0d9b22628bb7a - - default default] 10.0.0.86 "DELETE /v2.0/vpn/ipsecpolicies/db3265f7-4ca6-4dc4-909e-827f8227bc7f HTTP/1.1" status: 404 len: 346 time: 0.0095816
2026-05-25 01:53:56.931 9 WARNING neutron_lib.context [None req-8d6ac3da-0dcf-474f-8a8c-30f98a1f58bb ec01721975fd47dcb6bb6fa7dffa9b4c 910e670ffbd84a76bef0d9b22628bb7a - - default default] Method 'is_advsvc' is deprecated since 2023.2 release (neutron-lib 3.8.0) and will be removed once support for the old RBAC API policies will be removed from Neutron. Please use method 'is_service_role' instead.
2026-05-25 01:53:57.043 9 INFO neutron.db.segments_db [None req-8d6ac3da-0dcf-474f-8a8c-30f98a1f58bb ec01721975fd47dcb6bb6fa7dffa9b4c 910e670ffbd84a76bef0d9b22628bb7a - - default default] Added segment 8aa6f147-f221-4d47-9cd9-fcb0f7b977d6 of type geneve for network 280f5f87-3ced-4620-937b-0a43814ff139
2026-05-25 01:53:57.139 10 INFO neutron.api.wsgi [None req-9cbe13b1-550d-471c-a0e4-7d1e86d490a8 4f00754b3930457fa1b9e061240458d8 02238fe61c804dfc88f7abbdc985f4cf - - default default] 10.0.0.86 "DELETE /v2.0/networks/157ea1cc-f59d-4f68-805d-db5e1dc09e94 HTTP/1.1" status: 204 len: 168 time: 0.3087549
2026-05-25 01:53:57.154 9 INFO neutron.db.ovn_revision_numbers_db [None req-8d6ac3da-0dcf-474f-8a8c-30f98a1f58bb ec01721975fd47dcb6bb6fa7dffa9b4c 910e670ffbd84a76bef0d9b22628bb7a - - default default] Successfully bumped revision number for resource 280f5f87-3ced-4620-937b-0a43814ff139 (type: networks) to 1
2026-05-25 01:53:57.344 9 WARNING neutron.scheduler.dhcp_agent_scheduler [None req-8d6ac3da-0dcf-474f-8a8c-30f98a1f58bb ec01721975fd47dcb6bb6fa7dffa9b4c 910e670ffbd84a76bef0d9b22628bb7a - - default default] No more DHCP agents
2026-05-25 01:53:57.349 9 WARNING neutron.api.rpc.agentnotifiers.dhcp_rpc_agent_api [None req-8d6ac3da-0dcf-474f-8a8c-30f98a1f58bb ec01721975fd47dcb6bb6fa7dffa9b4c 910e670ffbd84a76bef0d9b22628bb7a - - default default] Unable to schedule network 280f5f87-3ced-4620-937b-0a43814ff139: no agents available; will retry on subsequent port and subnet creation events.
2026-05-25 01:53:57.427 9 INFO neutron.db.ovn_revision_numbers_db [None req-8d6ac3da-0dcf-474f-8a8c-30f98a1f58bb ec01721975fd47dcb6bb6fa7dffa9b4c 910e670ffbd84a76bef0d9b22628bb7a - - default default] Successfully bumped revision number for resource 46cf9a64-6271-4cfa-bd27-34c1fcaa87b5 (type: ports) to 1
2026-05-25 01:53:57.448 9 INFO neutron.api.wsgi [None req-8d6ac3da-0dcf-474f-8a8c-30f98a1f58bb ec01721975fd47dcb6bb6fa7dffa9b4c 910e670ffbd84a76bef0d9b22628bb7a - - default default] 10.0.0.86 "POST /v2.0/networks HTTP/1.1" status: 201 len: 831 time: 0.5228150
2026-05-25 01:53:57.456 9 WARNING neutron_lib.context [None req-7389bb25-0d8e-4604-9dc5-d5696af35850 ec01721975fd47dcb6bb6fa7dffa9b4c 910e670ffbd84a76bef0d9b22628bb7a - - default default] Method 'is_advsvc' is deprecated since 2023.2 release (neutron-lib 3.8.0) and will be removed once support for the old RBAC API policies will be removed from Neutron. Please use method 'is_service_role' instead.
2026-05-25 01:53:57.509 9 INFO neutron.api.wsgi [None req-13beb6a7-803c-4d18-a92a-bb9cc0dda734 4f00754b3930457fa1b9e061240458d8 02238fe61c804dfc88f7abbdc985f4cf - - default default] 10.0.0.86 "DELETE /v2.0/networks/919b451c-5df4-49a3-ba88-953125c42cd5 HTTP/1.1" status: 204 len: 168 time: 0.3655300
2026-05-25 01:53:57.642 9 WARNING neutron.scheduler.dhcp_agent_scheduler [None req-7389bb25-0d8e-4604-9dc5-d5696af35850 ec01721975fd47dcb6bb6fa7dffa9b4c 910e670ffbd84a76bef0d9b22628bb7a - - default default] No more DHCP agents
2026-05-25 01:53:57.643 9 WARNING neutron.api.rpc.agentnotifiers.dhcp_rpc_agent_api [None req-7389bb25-0d8e-4604-9dc5-d5696af35850 ec01721975fd47dcb6bb6fa7dffa9b4c 910e670ffbd84a76bef0d9b22628bb7a - - default default] Unable to schedule network 280f5f87-3ced-4620-937b-0a43814ff139: no agents available; will retry on subsequent port and subnet creation events.
2026-05-25 01:53:58.065 9 INFO neutron.db.ovn_revision_numbers_db [None req-dda80cb3-5c3b-40f6-a1cd-f67b60c72e09 - - - - - -] Successfully bumped revision number for resource 46cf9a64-6271-4cfa-bd27-34c1fcaa87b5 (type: ports) to 2
2026-05-25 01:53:58.091 9 INFO neutron.db.ovn_revision_numbers_db [None req-dda80cb3-5c3b-40f6-a1cd-f67b60c72e09 - - - - - -] Successfully bumped revision number for resource caf4d6e1-7d77-41e9-8275-4591b2b7cbb0 (type: subnets) to 0
2026-05-25 01:53:58.105 9 INFO neutron.api.wsgi [None req-7389bb25-0d8e-4604-9dc5-d5696af35850 ec01721975fd47dcb6bb6fa7dffa9b4c 910e670ffbd84a76bef0d9b22628bb7a - - default default] 10.0.0.86 "POST /v2.0/subnets HTTP/1.1" status: 201 len: 828 time: 0.6526725
2026-05-25 01:53:58.114 9 WARNING neutron_lib.context [None req-a536a26f-b72c-448c-8a5b-e4d9648c913e ec01721975fd47dcb6bb6fa7dffa9b4c 910e670ffbd84a76bef0d9b22628bb7a - - default default] Method 'is_advsvc' is deprecated since 2023.2 release (neutron-lib 3.8.0) and will be removed once support for the old RBAC API policies will be removed from Neutron. Please use method 'is_service_role' instead.
2026-05-25 01:53:58.136 10 INFO neutron.services.segments.plugin [-] Segment 7cc7de6d-b898-4637-b817-7e4836677cd4 resource provider aggregate not found
2026-05-25 01:53:58.139 10 INFO neutron.services.segments.plugin [-] Segment 7cc7de6d-b898-4637-b817-7e4836677cd4 resource provider aggregate not found
2026-05-25 01:53:58.149 10 INFO neutron.services.segments.plugin [-] Segment 7cc7de6d-b898-4637-b817-7e4836677cd4 resource provider not found; error: Placement Client Error (4xx): {"errors": [{"status": 404, "title": "Not Found", "detail": "The resource could not be found.\n\n No resource provider with uuid 7cc7de6d-b898-4637-b817-7e4836677cd4 found for delete ", "request_id": "req-56c2aec3-ed1c-488b-bf19-60526cded703"}]}
2026-05-25 01:53:58.156 10 INFO neutron.services.segments.plugin [-] Segment 7cc7de6d-b898-4637-b817-7e4836677cd4 resource provider not found; error: Placement Client Error (4xx): {"errors": [{"status": 404, "title": "Not Found", "detail": "The resource could not be found.\n\n No resource provider with uuid 7cc7de6d-b898-4637-b817-7e4836677cd4 found for delete ", "request_id": "req-ebe17aea-e563-4ce0-82e5-dfcc5c8f0711"}]}
2026-05-25 01:53:58.161 10 INFO neutron.services.segments.plugin [-] Segment 040844fa-48f3-4d8b-b257-6c7e8fc924b2 resource provider aggregate not found
2026-05-25 01:53:58.173 10 INFO neutron.services.segments.plugin [-] Segment 040844fa-48f3-4d8b-b257-6c7e8fc924b2 resource provider not found; error: Placement Client Error (4xx): {"errors": [{"status": 404, "title": "Not Found", "detail": "The resource could not be found.\n\n No resource provider with uuid 040844fa-48f3-4d8b-b257-6c7e8fc924b2 found for delete ", "request_id": "req-8c98f58a-e6b9-4007-99a3-2acb03ce3796"}]}
2026-05-25 01:53:58.174 10 INFO neutron.services.segments.plugin [-] Segment 040844fa-48f3-4d8b-b257-6c7e8fc924b2 resource provider aggregate not found
2026-05-25 01:53:58.186 10 INFO neutron.services.segments.plugin [-] Segment 040844fa-48f3-4d8b-b257-6c7e8fc924b2 resource provider not found; error: Placement Client Error (4xx): {"errors": [{"status": 404, "title": "Not Found", "detail": "The resource could not be found.\n\n No resource provider with uuid 040844fa-48f3-4d8b-b257-6c7e8fc924b2 found for delete ", "request_id": "req-8e31a538-7cd3-4a99-85cf-ecafa5213a28"}]}
2026-05-25 01:53:58.522 10 INFO neutron.db.ovn_revision_numbers_db [None req-7ebb5491-9585-44c4-a885-c84a340c879d d43276b0ca054ade821c06fdab05e1e0 dce85ce853a642d8ab454bef188237b9 - - default default] Successfully bumped revision number for resource f1f252d6-2c1d-4efc-8f20-84088b15550d (type: security_groups) to 1
2026-05-25 01:53:58.537 10 INFO neutron.db.ovn_revision_numbers_db [None req-7ebb5491-9585-44c4-a885-c84a340c879d d43276b0ca054ade821c06fdab05e1e0 dce85ce853a642d8ab454bef188237b9 - - default default] Successfully bumped revision number for resource 13ddea0c-72ef-4821-bce1-86c15a11df55 (type: security_group_rules) to 0
2026-05-25 01:53:58.547 10 INFO neutron.db.ovn_revision_numbers_db [None req-ac985c82-315f-40f9-8b2f-4ad389092a55 d43276b0ca054ade821c06fdab05e1e0 dce85ce853a642d8ab454bef188237b9 - - default default] Successfully bumped revision number for resource aabd66cc-f1ef-4c74-8d12-ffb7320ee4a9 (type: security_groups) to 1
2026-05-25 01:53:58.552 10 INFO neutron.db.ovn_revision_numbers_db [None req-7ebb5491-9585-44c4-a885-c84a340c879d d43276b0ca054ade821c06fdab05e1e0 dce85ce853a642d8ab454bef188237b9 - - default default] Successfully bumped revision number for resource a09dd823-48c6-428b-944c-cbc650449147 (type: security_group_rules) to 0
2026-05-25 01:53:58.559 10 INFO neutron.db.ovn_revision_numbers_db [None req-ac985c82-315f-40f9-8b2f-4ad389092a55 d43276b0ca054ade821c06fdab05e1e0 dce85ce853a642d8ab454bef188237b9 - - default default] Successfully bumped revision number for resource aa06e1ab-b8d3-4bd8-a657-01b52cf31ff2 (type: security_group_rules) to 0
2026-05-25 01:53:58.570 10 INFO neutron.db.ovn_revision_numbers_db [None req-7ebb5491-9585-44c4-a885-c84a340c879d d43276b0ca054ade821c06fdab05e1e0 dce85ce853a642d8ab454bef188237b9 - - default default] Successfully bumped revision number for resource e77b7717-5c5d-4667-ba9e-044685fc7576 (type: security_group_rules) to 0
2026-05-25 01:53:58.575 10 INFO neutron.db.ovn_revision_numbers_db [None req-ac985c82-315f-40f9-8b2f-4ad389092a55 d43276b0ca054ade821c06fdab05e1e0 dce85ce853a642d8ab454bef188237b9 - - default default] Successfully bumped revision number for resource b38c64d1-e917-4779-a250-9a3998bb35dd (type: security_group_rules) to 0
2026-05-25 01:53:58.584 10 INFO neutron.db.ovn_revision_numbers_db [None req-7ebb5491-9585-44c4-a885-c84a340c879d d43276b0ca054ade821c06fdab05e1e0 dce85ce853a642d8ab454bef188237b9 - - default default] Successfully bumped revision number for resource f21eba30-ccb1-4517-bf03-76d584415c25 (type: security_group_rules) to 0
2026-05-25 01:53:58.592 10 INFO neutron.db.ovn_revision_numbers_db [None req-ac985c82-315f-40f9-8b2f-4ad389092a55 d43276b0ca054ade821c06fdab05e1e0 dce85ce853a642d8ab454bef188237b9 - - default default] Successfully bumped revision number for resource c0e69c25-dcfb-4a71-b9e6-d25f4330704b (type: security_group_rules) to 0
2026-05-25 01:53:58.610 10 INFO neutron.db.ovn_revision_numbers_db [None req-ac985c82-315f-40f9-8b2f-4ad389092a55 d43276b0ca054ade821c06fdab05e1e0 dce85ce853a642d8ab454bef188237b9 - - default default] Successfully bumped revision number for resource c79302dc-e739-4f10-94f6-87c8c4c8e803 (type: security_group_rules) to 0
2026-05-25 01:53:58.623 10 INFO neutron.api.wsgi [None req-7ebb5491-9585-44c4-a885-c84a340c879d d43276b0ca054ade821c06fdab05e1e0 dce85ce853a642d8ab454bef188237b9 - - default default] 10.0.0.86 "GET /v2.0/security-groups?tenant_id=bc8c2034d5bc4ca9acac439dd261fcde&name=default HTTP/1.1" status: 200 len: 3120 time: 0.3138297
2026-05-25 01:53:58.644 10 INFO neutron.api.wsgi [None req-ac985c82-315f-40f9-8b2f-4ad389092a55 d43276b0ca054ade821c06fdab05e1e0 dce85ce853a642d8ab454bef188237b9 - - default default] 10.0.0.86 "GET /v2.0/security-groups?tenant_id=710df09fbdb647ebbf941ad45d474c30&name=default HTTP/1.1" status: 200 len: 3120 time: 0.3506958
2026-05-25 01:53:58.826 9 INFO neutron.services.segments.plugin [-] Segment e8eba2c0-e170-4fcb-b937-a596158dc89c resource provider aggregate not found
2026-05-25 01:53:58.833 9 INFO neutron.services.segments.plugin [-] Segment e8eba2c0-e170-4fcb-b937-a596158dc89c resource provider aggregate not found
2026-05-25 01:53:58.840 9 INFO neutron.services.segments.plugin [-] Segment e8eba2c0-e170-4fcb-b937-a596158dc89c resource provider not found; error: Placement Client Error (4xx): {"errors": [{"status": 404, "title": "Not Found", "detail": "The resource could not be found.\n\n No resource provider with uuid e8eba2c0-e170-4fcb-b937-a596158dc89c found for delete ", "request_id": "req-2f25e355-287d-43a2-b740-8d60e2fe1135"}]}
2026-05-25 01:53:58.845 9 INFO neutron.services.segments.plugin [-] Segment e8eba2c0-e170-4fcb-b937-a596158dc89c resource provider not found; error: Placement Client Error (4xx): {"errors": [{"status": 404, "title": "Not Found", "detail": "The resource could not be found.\n\n No resource provider with uuid e8eba2c0-e170-4fcb-b937-a596158dc89c found for delete ", "request_id": "req-6752cd5a-e14f-4f35-bc34-ee545894baac"}]}
2026-05-25 01:53:58.986 9 INFO neutron.api.wsgi [req-d7e2cf4c-b58c-4a2c-81da-dbacc6efef56 req-dfe3a05c-59a6-4908-8ad3-95cc3af127e4 131fbf2076f84ca9b8cdcc4ed7b47f72 559c122ffc684db29cd01070a051b059 - - default default] 10.0.0.110 "GET /v2.0/ports?device_id=ece968a8-e241-43e1-9073-a688e22a04e8 HTTP/1.1" status: 200 len: 1170 time: 0.1390803
2026-05-25 01:53:58.987 9 WARNING neutron.scheduler.dhcp_agent_scheduler [None req-a536a26f-b72c-448c-8a5b-e4d9648c913e ec01721975fd47dcb6bb6fa7dffa9b4c 910e670ffbd84a76bef0d9b22628bb7a - - default default] No more DHCP agents
2026-05-25 01:53:58.989 9 WARNING neutron.api.rpc.agentnotifiers.dhcp_rpc_agent_api [None req-a536a26f-b72c-448c-8a5b-e4d9648c913e ec01721975fd47dcb6bb6fa7dffa9b4c 910e670ffbd84a76bef0d9b22628bb7a - - default default] Unable to schedule network d9c03ca6-eb63-448c-8ba1-9ca0f410c15a: no agents available; will retry on subsequent port and subnet creation events.
