2026-05-25 01:52:30.904 9 WARNING neutron.api.rpc.agentnotifiers.dhcp_rpc_agent_api [None req-9a8357c8-497a-4de1-8a63-afc9f4a3f738 323c60c3707647aa9e2be27928cd122d 15f01b2255834ff689d2a71545defc50 - - default default] Unable to schedule network e68eb2a2-47ba-40d6-9219-5b2521706240: no agents available; will retry on subsequent port and subnet creation events.
2026-05-25 01:52:30.958 10 INFO neutron.db.ovn_revision_numbers_db [None req-36d9117c-d8dc-4f3f-a0d6-53d5e6078b32 7d9e6ba05f194ef0a2e129f49d50debf c7293bc28fcf4cb090b4e15592c05df6 - - default default] Successfully bumped revision number for resource eeb3e219-c85a-4be1-9f16-85dc767451f0 (type: ports) to 1
2026-05-25 01:52:31.046 9 INFO neutron.db.ovn_revision_numbers_db [None req-9a8357c8-497a-4de1-8a63-afc9f4a3f738 323c60c3707647aa9e2be27928cd122d 15f01b2255834ff689d2a71545defc50 - - default default] Successfully bumped revision number for resource 932092c4-1756-44ca-9191-9d73dfd442b1 (type: router_ports) to 1
2026-05-25 01:52:31.052 9 INFO neutron.api.wsgi [None req-9a8357c8-497a-4de1-8a63-afc9f4a3f738 323c60c3707647aa9e2be27928cd122d 15f01b2255834ff689d2a71545defc50 - - default default] 10.0.0.86 "PUT /v2.0/routers/269771b9-705e-4524-8697-5e9771cda73b/add_router_interface HTTP/1.1" status: 200 len: 503 time: 1.3135443
2026-05-25 01:52:31.086 9 INFO neutron.api.wsgi [None req-a8232dd6-f935-4a9f-807b-f2f90d0bd774 323c60c3707647aa9e2be27928cd122d 15f01b2255834ff689d2a71545defc50 - - default default] 10.0.0.86 "GET /v2.0/ports/932092c4-1756-44ca-9191-9d73dfd442b1 HTTP/1.1" status: 200 len: 1137 time: 0.0296314
2026-05-25 01:52:31.116 9 INFO neutron.api.wsgi [None req-b4110c48-bfbe-440d-a4dc-64cf74c96de3 323c60c3707647aa9e2be27928cd122d 15f01b2255834ff689d2a71545defc50 - - default default] 10.0.0.86 "GET /v2.0/ports/932092c4-1756-44ca-9191-9d73dfd442b1 HTTP/1.1" status: 200 len: 1137 time: 0.0246308
2026-05-25 01:52:31.174 9 INFO neutron.api.wsgi [req-d4ff7c6c-cab1-41c6-8f58-3866b5d40869 req-bcb9bf4d-5cf4-4463-a8eb-0b69eedfc44a 817b1b1b372e42a6807f1356f9776dd5 86a66989e8d14cf892ee7015631dff1b - - default default] 199.204.45.72 "GET /v2.0/ports?device_id=d7fec0f4-ddcf-496f-8566-1b09f22b184b HTTP/1.1" status: 200 len: 1170 time: 0.0526352
2026-05-25 01:52:31.231 10 INFO neutron.db.ovn_revision_numbers_db [None req-c2322c9b-ac50-4eff-8876-d3e42f04b6bf - - - - - -] Successfully bumped revision number for resource 932092c4-1756-44ca-9191-9d73dfd442b1 (type: ports) to 2
2026-05-25 01:52:31.356 9 WARNING neutron.plugins.ml2.drivers.ovn.mech_driver.ovsdb.ovn_client [None req-66784561-62a6-4b71-9044-e8cf82b1eebd - - - - - -] No port found with ID c3f14b06-5e66-4de5-a7c7-9d007adb3c8d: RuntimeError: No port found with ID c3f14b06-5e66-4de5-a7c7-9d007adb3c8d
2026-05-25 01:52:31.369 9 INFO neutron.plugins.ml2.drivers.ovn.mech_driver.mech_driver [None req-66784561-62a6-4b71-9044-e8cf82b1eebd - - - - - -] OVN reports status down for port: 5fce76f1-ebce-41f2-ae37-68f3ef89f07c
2026-05-25 01:52:31.525 9 INFO neutron.db.l3_db [req-d4ff7c6c-cab1-41c6-8f58-3866b5d40869 req-347b0ca1-ff6f-4237-ac91-cba5ee6e1102 817b1b1b372e42a6807f1356f9776dd5 86a66989e8d14cf892ee7015631dff1b - - default default] Floating IP d956c768-27af-4b2c-b02a-256f5b56ef31 disassociated. External IP: 10.96.250.212, port: 5fce76f1-ebce-41f2-ae37-68f3ef89f07c.
2026-05-25 01:52:31.577 10 INFO neutron.db.ovn_revision_numbers_db [None req-36d9117c-d8dc-4f3f-a0d6-53d5e6078b32 7d9e6ba05f194ef0a2e129f49d50debf c7293bc28fcf4cb090b4e15592c05df6 - - default default] Successfully bumped revision number for resource eeb3e219-c85a-4be1-9f16-85dc767451f0 (type: ports) to 1
2026-05-25 01:52:31.622 10 WARNING neutron.scheduler.dhcp_agent_scheduler [None req-36d9117c-d8dc-4f3f-a0d6-53d5e6078b32 7d9e6ba05f194ef0a2e129f49d50debf c7293bc28fcf4cb090b4e15592c05df6 - - default default] No more DHCP agents
2026-05-25 01:52:31.623 10 WARNING neutron.api.rpc.agentnotifiers.dhcp_rpc_agent_api [None req-36d9117c-d8dc-4f3f-a0d6-53d5e6078b32 7d9e6ba05f194ef0a2e129f49d50debf c7293bc28fcf4cb090b4e15592c05df6 - - default default] Unable to schedule network 04a7e6d7-2d6e-4524-bac8-29720c544b6f: no agents available; will retry on subsequent port and subnet creation events.
2026-05-25 01:52:31.644 9 INFO neutron.api.wsgi [req-d4ff7c6c-cab1-41c6-8f58-3866b5d40869 req-347b0ca1-ff6f-4237-ac91-cba5ee6e1102 817b1b1b372e42a6807f1356f9776dd5 86a66989e8d14cf892ee7015631dff1b - - default default] 199.204.45.72 "DELETE /v2.0/ports/5fce76f1-ebce-41f2-ae37-68f3ef89f07c HTTP/1.1" status: 204 len: 173 time: 0.4669123
2026-05-25 01:52:31.670 9 INFO neutron.notifiers.nova [-] Nova event matching ['req-d6f91020-f02f-4b4c-b839-c8a961592d13'] response: {'server_uuid': 'd7fec0f4-ddcf-496f-8566-1b09f22b184b', 'name': 'network-vif-deleted', 'tag': '5fce76f1-ebce-41f2-ae37-68f3ef89f07c', 'status': 'completed', 'code': 200}
2026-05-25 01:52:31.755 9 INFO neutron.api.wsgi [req-97a364ef-6686-4488-aab6-da66a3e40443 req-5c1c1f87-5e07-4890-b7fd-3d689c8b7677 817b1b1b372e42a6807f1356f9776dd5 86a66989e8d14cf892ee7015631dff1b - - default default] 10.0.0.110 "GET /v2.0/ports?device_id=d7fec0f4-ddcf-496f-8566-1b09f22b184b HTTP/1.1" status: 200 len: 210 time: 0.0140970
2026-05-25 01:52:31.802 9 INFO neutron.api.wsgi [None req-8bfd1708-462d-48b8-9b5a-dd0498035bf5 323c60c3707647aa9e2be27928cd122d 15f01b2255834ff689d2a71545defc50 - - default default] 10.0.0.86 "PUT /v2.0/routers/269771b9-705e-4524-8697-5e9771cda73b/remove_router_interface HTTP/1.1" status: 200 len: 503 time: 0.6739318
2026-05-25 01:52:31.830 10 INFO neutron.api.wsgi [None req-dd78dea4-efd9-4973-95d6-aa6d70dcdde1 323c60c3707647aa9e2be27928cd122d 15f01b2255834ff689d2a71545defc50 - - default default] 10.0.0.86 "GET /v2.0/ports?device_id=269771b9-705e-4524-8697-5e9771cda73b HTTP/1.1" status: 200 len: 205 time: 0.0242898
2026-05-25 01:52:32.026 10 INFO neutron.api.wsgi [None req-5706defc-b35c-4af2-b72c-dc60718c68d1 323c60c3707647aa9e2be27928cd122d 15f01b2255834ff689d2a71545defc50 - - default default] 10.0.0.86 "DELETE /v2.0/routers/269771b9-705e-4524-8697-5e9771cda73b HTTP/1.1" status: 204 len: 168 time: 0.1903226
2026-05-25 01:52:32.033 10 INFO neutron.db.ovn_revision_numbers_db [None req-36d9117c-d8dc-4f3f-a0d6-53d5e6078b32 7d9e6ba05f194ef0a2e129f49d50debf c7293bc28fcf4cb090b4e15592c05df6 - - default default] Successfully bumped revision number for resource eeb3e219-c85a-4be1-9f16-85dc767451f0 (type: router_ports) to 1 /var/lib/openstack/lib/python3.12/site-packages/pycadf/identifier.py:71: UserWarning: Invalid uuid: neutron. To ensure interoperability, identifiers should be a valid uuid. warnings.warn(('Invalid uuid: %s. To ensure interoperability, '
2026-05-25 01:52:32.036 10 INFO neutron.api.wsgi [None req-36d9117c-d8dc-4f3f-a0d6-53d5e6078b32 7d9e6ba05f194ef0a2e129f49d50debf c7293bc28fcf4cb090b4e15592c05df6 - - default default] 10.0.0.86 "PUT /v2.0/routers/fb295e78-33cc-4a74-b4b8-c482d6be9676/add_router_interface HTTP/1.1" status: 200 len: 503 time: 1.6862702
2026-05-25 01:52:32.044 10 WARNING neutron_lib.context [None req-fbd8704d-7f29-4ee6-a181-0ea87f7922ea 7d9e6ba05f194ef0a2e129f49d50debf c7293bc28fcf4cb090b4e15592c05df6 - - default default] Method 'is_advsvc' is deprecated since 2023.2 release (neutron-lib 3.8.0) and will be removed once support for the old RBAC API policies will be removed from Neutron. Please use method 'is_service_role' instead.
2026-05-25 01:52:32.121 9 ERROR ovsdbapp.backend.ovs_idl.command [None req-66784561-62a6-4b71-9044-e8cf82b1eebd - - - - - -] Error executing command (LspGetUpCommand): ovsdbapp.backend.ovs_idl.idlutils.RowNotFound: Cannot find Logical_Switch_Port with name=5fce76f1-ebce-41f2-ae37-68f3ef89f07c
2026-05-25 01:52:32.121 9 ERROR ovsdbapp.backend.ovs_idl.command
Traceback (most recent call last):
2026-05-25 01:52:32.121 9 ERROR ovsdbapp.backend.ovs_idl.command
File "/var/lib/openstack/lib/python3.12/site-packages/ovsdbapp/backend/ovs_idl/command.py", line 47, in execute
2026-05-25 01:52:32.121 9 ERROR ovsdbapp.backend.ovs_idl.command self.run_idl(None)
2026-05-25 01:52:32.121 9 ERROR ovsdbapp.backend.ovs_idl.command
File "/var/lib/openstack/lib/python3.12/site-packages/ovsdbapp/schema/ovn_northbound/commands.py", line 679, in run_idl
2026-05-25 01:52:32.121 9 ERROR ovsdbapp.backend.ovs_idl.command lsp = self.api.lookup('Logical_Switch_Port', self.port)
2026-05-25 01:52:32.121 9 ERROR ovsdbapp.backend.ovs_idl.command ^^^^^^^^^^^^^^^^^^^^^^^^^^^^^^^^^^^^^^^^^^^^^^^^^
2026-05-25 01:52:32.121 9 ERROR ovsdbapp.backend.ovs_idl.command
File "/var/lib/openstack/lib/python3.12/site-packages/ovsdbapp/backend/ovs_idl/__init__.py", line 184, in lookup
2026-05-25 01:52:32.121 9 ERROR ovsdbapp.backend.ovs_idl.command return self._lookup(table, record)
2026-05-25 01:52:32.121 9 ERROR ovsdbapp.backend.ovs_idl.command ^^^^^^^^^^^^^^^^^^^^^^^^^^^
2026-05-25 01:52:32.121 9 ERROR ovsdbapp.backend.ovs_idl.command
File "/var/lib/openstack/lib/python3.12/site-packages/ovsdbapp/backend/ovs_idl/__init__.py", line 235, in _lookup
2026-05-25 01:52:32.121 9 ERROR ovsdbapp.backend.ovs_idl.command row = idlutils.row_by_value(self, rl.table, rl.column, record)
2026-05-25 01:52:32.121 9 ERROR ovsdbapp.backend.ovs_idl.command ^^^^^^^^^^^^^^^^^^^^^^^^^^^^^^^^^^^^^^^^^^^^^^^^^^^^^^^^
2026-05-25 01:52:32.121 9 ERROR ovsdbapp.backend.ovs_idl.command
File "/var/lib/openstack/lib/python3.12/site-packages/ovsdbapp/backend/ovs_idl/idlutils.py", line 114, in row_by_value
2026-05-25 01:52:32.121 9 ERROR ovsdbapp.backend.ovs_idl.command raise RowNotFound(table=table, col=column, match=match)
2026-05-25 01:52:32.121 9 ERROR ovsdbapp.backend.ovs_idl.command ovsdbapp.backend.ovs_idl.idlutils.RowNotFound: Cannot find Logical_Switch_Port with name=5fce76f1-ebce-41f2-ae37-68f3ef89f07c
2026-05-25 01:52:32.121 9 ERROR ovsdbapp.backend.ovs_idl.command
2026-05-25 01:52:32.123 9 ERROR ovsdbapp.event [None req-66784561-62a6-4b71-9044-e8cf82b1eebd - - - - - -] Unexpected exception in notify_loop: ovsdbapp.backend.ovs_idl.idlutils.RowNotFound: Cannot find Logical_Switch_Port with name=5fce76f1-ebce-41f2-ae37-68f3ef89f07c
2026-05-25 01:52:32.123 9 ERROR ovsdbapp.event
Traceback (most recent call last):
2026-05-25 01:52:32.123 9 ERROR ovsdbapp.event
File "/var/lib/openstack/lib/python3.12/site-packages/ovsdbapp/event.py", line 177, in notify_loop
2026-05-25 01:52:32.123 9 ERROR ovsdbapp.event match.run(event, row, updates)
2026-05-25 01:52:32.123 9 ERROR ovsdbapp.event
File "/var/lib/openstack/lib/python3.12/site-packages/neutron/plugins/ml2/drivers/ovn/mech_driver/ovsdb/ovsdb_monitor.py", line 542, in run
2026-05-25 01:52:32.123 9 ERROR ovsdbapp.event self.driver.set_port_status_down(row.name)
2026-05-25 01:52:32.123 9 ERROR ovsdbapp.event
File "/var/lib/openstack/lib/python3.12/site-packages/neutron/plugins/ml2/drivers/ovn/mech_driver/mech_driver.py", line 1332, in set_port_status_down
2026-05-25 01:52:32.123 9 ERROR ovsdbapp.event self._ovn_client.update_lsp_host_info(
2026-05-25 01:52:32.123 9 ERROR ovsdbapp.event
File "/var/lib/openstack/lib/python3.12/site-packages/neutron/plugins/ml2/drivers/ovn/mech_driver/ovsdb/ovn_client.py", line 314, in update_lsp_host_info
2026-05-25 01:52:32.123 9 ERROR ovsdbapp.event port_up = self._nb_idl.lsp_get_up(db_port.id).execute(
2026-05-25 01:52:32.123 9 ERROR ovsdbapp.event ^^^^^^^^^^^^^^^^^^^^^^^^^^^^^^^^^^^^^^^^^^^^
2026-05-25 01:52:32.123 9 ERROR ovsdbapp.event
File "/var/lib/openstack/lib/python3.12/site-packages/ovsdbapp/backend/ovs_idl/command.py", line 47, in execute
2026-05-25 01:52:32.123 9 ERROR ovsdbapp.event self.run_idl(None)
2026-05-25 01:52:32.123 9 ERROR ovsdbapp.event
File "/var/lib/openstack/lib/python3.12/site-packages/ovsdbapp/schema/ovn_northbound/commands.py", line 679, in run_idl
2026-05-25 01:52:32.123 9 ERROR ovsdbapp.event lsp = self.api.lookup('Logical_Switch_Port', self.port)
2026-05-25 01:52:32.123 9 ERROR ovsdbapp.event ^^^^^^^^^^^^^^^^^^^^^^^^^^^^^^^^^^^^^^^^^^^^^^^^^
2026-05-25 01:52:32.123 9 ERROR ovsdbapp.event
File "/var/lib/openstack/lib/python3.12/site-packages/ovsdbapp/backend/ovs_idl/__init__.py", line 184, in lookup
2026-05-25 01:52:32.123 9 ERROR ovsdbapp.event return self._lookup(table, record)
2026-05-25 01:52:32.123 9 ERROR ovsdbapp.event ^^^^^^^^^^^^^^^^^^^^^^^^^^^
2026-05-25 01:52:32.123 9 ERROR ovsdbapp.event
File "/var/lib/openstack/lib/python3.12/site-packages/ovsdbapp/backend/ovs_idl/__init__.py", line 235, in _lookup
2026-05-25 01:52:32.123 9 ERROR ovsdbapp.event row = idlutils.row_by_value(self, rl.table, rl.column, record)
2026-05-25 01:52:32.123 9 ERROR ovsdbapp.event ^^^^^^^^^^^^^^^^^^^^^^^^^^^^^^^^^^^^^^^^^^^^^^^^^^^^^^^^
2026-05-25 01:52:32.123 9 ERROR ovsdbapp.event
File "/var/lib/openstack/lib/python3.12/site-packages/ovsdbapp/backend/ovs_idl/idlutils.py", line 114, in row_by_value
2026-05-25 01:52:32.123 9 ERROR ovsdbapp.event raise RowNotFound(table=table, col=column, match=match)
2026-05-25 01:52:32.123 9 ERROR ovsdbapp.event ovsdbapp.backend.ovs_idl.idlutils.RowNotFound: Cannot find Logical_Switch_Port with name=5fce76f1-ebce-41f2-ae37-68f3ef89f07c
2026-05-25 01:52:32.123 9 ERROR ovsdbapp.event
2026-05-25 01:52:32.124 9 INFO neutron.plugins.ml2.drivers.ovn.mech_driver.mech_driver [None req-66784561-62a6-4b71-9044-e8cf82b1eebd - - - - - -] OVN reports status up for port: 6399e6f0-610a-4b36-8f18-e6fc1f3b71be
2026-05-25 01:52:32.133 9 INFO neutron.plugins.ml2.plugin [None req-66784561-62a6-4b71-9044-e8cf82b1eebd - - - - - -] Attempt 1 to provision port 6399e6f0-610a-4b36-8f18-e6fc1f3b71be
2026-05-25 01:52:32.223 9 INFO neutron.api.wsgi [None req-df12b211-c65c-4acd-9b89-0bf921ae9269 323c60c3707647aa9e2be27928cd122d 15f01b2255834ff689d2a71545defc50 - - default default] 10.0.0.86 "DELETE /v2.0/subnets/fd09a862-d545-42b3-b5c4-4998e12555d8 HTTP/1.1" status: 204 len: 168 time: 0.1909413
2026-05-25 01:52:32.339 10 WARNING neutron.scheduler.dhcp_agent_scheduler [None req-fbd8704d-7f29-4ee6-a181-0ea87f7922ea 7d9e6ba05f194ef0a2e129f49d50debf c7293bc28fcf4cb090b4e15592c05df6 - - default default] No more DHCP agents
2026-05-25 01:52:32.340 10 WARNING neutron.api.rpc.agentnotifiers.dhcp_rpc_agent_api [None req-fbd8704d-7f29-4ee6-a181-0ea87f7922ea 7d9e6ba05f194ef0a2e129f49d50debf c7293bc28fcf4cb090b4e15592c05df6 - - default default] Unable to schedule network 04a7e6d7-2d6e-4524-bac8-29720c544b6f: no agents available; will retry on subsequent port and subnet creation events.
2026-05-25 01:52:32.489 10 INFO neutron.db.ovn_revision_numbers_db [None req-fbd8704d-7f29-4ee6-a181-0ea87f7922ea 7d9e6ba05f194ef0a2e129f49d50debf c7293bc28fcf4cb090b4e15592c05df6 - - default default] Successfully bumped revision number for resource 0e2854bb-b82e-4d9c-ad51-2e19a32b677c (type: ports) to 1
2026-05-25 01:52:32.514 10 INFO neutron.api.wsgi [None req-fbd8704d-7f29-4ee6-a181-0ea87f7922ea 7d9e6ba05f194ef0a2e129f49d50debf c7293bc28fcf4cb090b4e15592c05df6 - - default default] 10.0.0.86 "POST /v2.0/ports HTTP/1.1" status: 201 len: 1153 time: 0.4722531
2026-05-25 01:52:32.527 9 WARNING neutron_lib.context [None req-7bf8ff31-b1f7-4ba5-9ed7-0b14f457e8b8 7d9e6ba05f194ef0a2e129f49d50debf c7293bc28fcf4cb090b4e15592c05df6 - - default default] Method 'is_advsvc' is deprecated since 2023.2 release (neutron-lib 3.8.0) and will be removed once support for the old RBAC API policies will be removed from Neutron. Please use method 'is_service_role' instead.
2026-05-25 01:52:32.574 10 INFO neutron.services.segments.plugin [-] Segment db7330b9-9ca0-4164-b580-c1fc30c4e2ee resource provider aggregate not found
2026-05-25 01:52:32.577 10 INFO neutron.services.segments.plugin [-] Segment db7330b9-9ca0-4164-b580-c1fc30c4e2ee resource provider aggregate not found
2026-05-25 01:52:32.591 10 INFO neutron.services.segments.plugin [-] Segment db7330b9-9ca0-4164-b580-c1fc30c4e2ee resource provider not found; error: Placement Client Error (4xx): {"errors": [{"status": 404, "title": "Not Found", "detail": "The resource could not be found.\n\n No resource provider with uuid db7330b9-9ca0-4164-b580-c1fc30c4e2ee found for delete ", "request_id": "req-a971eb86-274c-42e3-a2de-40dca17d3800"}]}
2026-05-25 01:52:32.593 10 INFO neutron.services.segments.plugin [-] Segment db7330b9-9ca0-4164-b580-c1fc30c4e2ee resource provider not found; error: Placement Client Error (4xx): {"errors": [{"status": 404, "title": "Not Found", "detail": "The resource could not be found.\n\n No resource provider with uuid db7330b9-9ca0-4164-b580-c1fc30c4e2ee found for delete ", "request_id": "req-4c2b6fc5-cb78-406a-adbc-cb4015a3cd16"}]}
2026-05-25 01:52:32.620 10 INFO neutron.api.wsgi [None req-720ab69e-2076-4d33-ade5-b72577d47664 323c60c3707647aa9e2be27928cd122d 15f01b2255834ff689d2a71545defc50 - - default default] 10.0.0.86 "DELETE /v2.0/networks/e68eb2a2-47ba-40d6-9219-5b2521706240 HTTP/1.1" status: 204 len: 168 time: 0.3930066 /var/lib/openstack/lib/python3.12/site-packages/pycadf/identifier.py:71: UserWarning: Invalid uuid: neutron. To ensure interoperability, identifiers should be a valid uuid. warnings.warn(('Invalid uuid: %s. To ensure interoperability, '
2026-05-25 01:52:32.628 10 WARNING neutron_lib.context [None req-186f578a-2132-49a7-b1fd-18c3331713c4 323c60c3707647aa9e2be27928cd122d 15f01b2255834ff689d2a71545defc50 - - default default] Method 'is_advsvc' is deprecated since 2023.2 release (neutron-lib 3.8.0) and will be removed once support for the old RBAC API policies will be removed from Neutron. Please use method 'is_service_role' instead.
2026-05-25 01:52:32.802 9 WARNING neutron.scheduler.dhcp_agent_scheduler [None req-7bf8ff31-b1f7-4ba5-9ed7-0b14f457e8b8 7d9e6ba05f194ef0a2e129f49d50debf c7293bc28fcf4cb090b4e15592c05df6 - - default default] No more DHCP agents
2026-05-25 01:52:32.805 9 WARNING neutron.api.rpc.agentnotifiers.dhcp_rpc_agent_api [None req-7bf8ff31-b1f7-4ba5-9ed7-0b14f457e8b8 7d9e6ba05f194ef0a2e129f49d50debf c7293bc28fcf4cb090b4e15592c05df6 - - default default] Unable to schedule network 04a7e6d7-2d6e-4524-bac8-29720c544b6f: no agents available; will retry on subsequent port and subnet creation events. /var/lib/openstack/lib/python3.12/site-packages/pycadf/identifier.py:71: UserWarning: Invalid uuid: neutron. To ensure interoperability, identifiers should be a valid uuid. warnings.warn(('Invalid uuid: %s. To ensure interoperability, '
2026-05-25 01:52:32.832 9 INFO neutron.api.wsgi [req-2778bc67-f79b-4e38-9677-2ac9df1798d8 req-038fb404-3ffe-4d81-8cf2-ea7bb995a636 817b1b1b372e42a6807f1356f9776dd5 86a66989e8d14cf892ee7015631dff1b - - default default] 10.0.0.110 "GET /v2.0/ports?device_id=d7fec0f4-ddcf-496f-8566-1b09f22b184b HTTP/1.1" status: 200 len: 210 time: 0.0165281
2026-05-25 01:52:32.926 9 INFO neutron.db.ovn_revision_numbers_db [None req-7bf8ff31-b1f7-4ba5-9ed7-0b14f457e8b8 7d9e6ba05f194ef0a2e129f49d50debf c7293bc28fcf4cb090b4e15592c05df6 - - default default] Successfully bumped revision number for resource 43620c45-dc58-4e80-be77-c6a3d488b8fc (type: ports) to 1
2026-05-25 01:52:32.947 9 INFO neutron.api.wsgi [None req-7bf8ff31-b1f7-4ba5-9ed7-0b14f457e8b8 7d9e6ba05f194ef0a2e129f49d50debf c7293bc28fcf4cb090b4e15592c05df6 - - default default] 10.0.0.86 "POST /v2.0/ports HTTP/1.1" status: 201 len: 1154 time: 0.4241257
2026-05-25 01:52:32.955 9 WARNING neutron_lib.context [None req-bbeab5d2-f7ec-4243-a354-ccabe779233f 7d9e6ba05f194ef0a2e129f49d50debf c7293bc28fcf4cb090b4e15592c05df6 - - default default] Method 'is_advsvc' is deprecated since 2023.2 release (neutron-lib 3.8.0) and will be removed once support for the old RBAC API policies will be removed from Neutron. Please use method 'is_service_role' instead.
2026-05-25 01:52:32.982 10 WARNING neutron.scheduler.dhcp_agent_scheduler [None req-186f578a-2132-49a7-b1fd-18c3331713c4 323c60c3707647aa9e2be27928cd122d 15f01b2255834ff689d2a71545defc50 - - default default] No more DHCP agents
2026-05-25 01:52:32.983 10 WARNING neutron.api.rpc.agentnotifiers.dhcp_rpc_agent_api [None req-186f578a-2132-49a7-b1fd-18c3331713c4 323c60c3707647aa9e2be27928cd122d 15f01b2255834ff689d2a71545defc50 - - default default] Unable to schedule network d9c03ca6-eb63-448c-8ba1-9ca0f410c15a: no agents available; will retry on subsequent port and subnet creation events.
2026-05-25 01:52:33.055 9 INFO neutron.db.ovn_revision_numbers_db [None req-ec9521b8-9d59-482b-8962-fcfe595f3735 d43276b0ca054ade821c06fdab05e1e0 dce85ce853a642d8ab454bef188237b9 - - default default] Successfully bumped revision number for resource d0c34be4-5c80-4e84-9b07-536508b191b9 (type: security_groups) to 1
2026-05-25 01:52:33.072 9 INFO neutron.db.ovn_revision_numbers_db [None req-ec9521b8-9d59-482b-8962-fcfe595f3735 d43276b0ca054ade821c06fdab05e1e0 dce85ce853a642d8ab454bef188237b9 - - default default] Successfully bumped revision number for resource 0297cadc-e4f9-47d3-aa00-62b6301a7e3c (type: security_group_rules) to 0
2026-05-25 01:52:33.087 9 INFO neutron.db.ovn_revision_numbers_db [None req-ec9521b8-9d59-482b-8962-fcfe595f3735 d43276b0ca054ade821c06fdab05e1e0 dce85ce853a642d8ab454bef188237b9 - - default default] Successfully bumped revision number for resource ee092b1a-9906-43e5-bbbc-cc15aa7dd968 (type: security_group_rules) to 0
2026-05-25 01:52:33.091 10 INFO neutron.db.ovn_revision_numbers_db [None req-186f578a-2132-49a7-b1fd-18c3331713c4 323c60c3707647aa9e2be27928cd122d 15f01b2255834ff689d2a71545defc50 - - default default] Successfully bumped revision number for resource e12feb29-012d-47b6-9eb4-44f5f275fbca (type: ports) to 1
2026-05-25 01:52:33.335 9 INFO neutron.db.ovn_revision_numbers_db [None req-ec9521b8-9d59-482b-8962-fcfe595f3735 d43276b0ca054ade821c06fdab05e1e0 dce85ce853a642d8ab454bef188237b9 - - default default] Successfully bumped revision number for resource eeae3646-134f-4b8e-93a8-1fc930dc139a (type: security_group_rules) to 0
2026-05-25 01:52:33.352 9 INFO neutron.db.ovn_revision_numbers_db [None req-ec9521b8-9d59-482b-8962-fcfe595f3735 d43276b0ca054ade821c06fdab05e1e0 dce85ce853a642d8ab454bef188237b9 - - default default] Successfully bumped revision number for resource f74a2e33-031c-4773-bd92-c848b2dd4e25 (type: security_group_rules) to 0
2026-05-25 01:52:33.390 9 INFO neutron.api.wsgi [None req-ec9521b8-9d59-482b-8962-fcfe595f3735 d43276b0ca054ade821c06fdab05e1e0 dce85ce853a642d8ab454bef188237b9 - - default default] 10.0.0.86 "GET /v2.0/security-groups?tenant_id=a7c3f1050ebd4f17b3f352926e932c85&name=default HTTP/1.1" status: 200 len: 3120 time: 0.5865703
2026-05-25 01:52:33.412 9 WARNING neutron.scheduler.dhcp_agent_scheduler [None req-bbeab5d2-f7ec-4243-a354-ccabe779233f 7d9e6ba05f194ef0a2e129f49d50debf c7293bc28fcf4cb090b4e15592c05df6 - - default default] No more DHCP agents
2026-05-25 01:52:33.428 9 WARNING neutron.api.rpc.agentnotifiers.dhcp_rpc_agent_api [None req-bbeab5d2-f7ec-4243-a354-ccabe779233f 7d9e6ba05f194ef0a2e129f49d50debf c7293bc28fcf4cb090b4e15592c05df6 - - default default] Unable to schedule network d9c03ca6-eb63-448c-8ba1-9ca0f410c15a: no agents available; will retry on subsequent port and subnet creation events.
2026-05-25 01:52:33.660 10 INFO neutron.plugins.ml2.drivers.ovn.mech_driver.ovsdb.commands [None req-a4164ba3-76e3-4e6c-919f-63d7e6052751 - - - - - -] Schedule LRP lrp-e12feb29-012d-47b6-9eb4-44f5f275fbca on gateway 047dd736-e476-4af6-a215-36eeee22072f with priority 1
2026-05-25 01:52:33.706 10 INFO neutron.db.ovn_revision_numbers_db [None req-186f578a-2132-49a7-b1fd-18c3331713c4 323c60c3707647aa9e2be27928cd122d 15f01b2255834ff689d2a71545defc50 - - default default] Successfully bumped revision number for resource e12feb29-012d-47b6-9eb4-44f5f275fbca (type: router_ports) to 1
2026-05-25 01:52:33.707 9 INFO neutron.api.wsgi [None req-70ed9a78-7580-4a7d-816c-24ac6f1794f0 d43276b0ca054ade821c06fdab05e1e0 dce85ce853a642d8ab454bef188237b9 - - default default] 10.0.0.86 "DELETE /v2.0/security-groups/d0c34be4-5c80-4e84-9b07-536508b191b9 HTTP/1.1" status: 204 len: 168 time: 0.3092144
2026-05-25 01:52:33.767 10 INFO neutron.db.ovn_revision_numbers_db [None req-186f578a-2132-49a7-b1fd-18c3331713c4 323c60c3707647aa9e2be27928cd122d 15f01b2255834ff689d2a71545defc50 - - default default] Successfully bumped revision number for resource 775c28a3-3c08-40ef-8d24-ca3cd4b38039 (type: routers) to 2
2026-05-25 01:52:33.782 10 INFO neutron.api.wsgi [None req-186f578a-2132-49a7-b1fd-18c3331713c4 323c60c3707647aa9e2be27928cd122d 15f01b2255834ff689d2a71545defc50 - - default default] 10.0.0.86 "POST /v2.0/routers HTTP/1.1" status: 201 len: 1147 time: 1.1565859
2026-05-25 01:52:33.862 9 INFO neutron.api.wsgi [None req-4417f6dd-9ec9-4bed-8555-34397c8f96d7 323c60c3707647aa9e2be27928cd122d 15f01b2255834ff689d2a71545defc50 - - default default] 10.0.0.86 "GET /v2.0/routers/775c28a3-3c08-40ef-8d24-ca3cd4b38039 HTTP/1.1" status: 200 len: 1148 time: 0.0746996
2026-05-25 01:52:33.916 9 INFO neutron.api.wsgi [req-56fc7bc2-fad2-4afe-92f4-72266fe18c92 req-c8fb1da7-4ada-417d-8c05-6b5b503f8162 817b1b1b372e42a6807f1356f9776dd5 86a66989e8d14cf892ee7015631dff1b - - default default] 10.0.0.110 "GET /v2.0/ports?device_id=d7fec0f4-ddcf-496f-8566-1b09f22b184b HTTP/1.1" status: 200 len: 210 time: 0.0225019
2026-05-25 01:52:33.933 10 INFO neutron.api.wsgi [None req-22f40906-4c43-4abf-90a4-b99ac20f21d1 323c60c3707647aa9e2be27928cd122d 15f01b2255834ff689d2a71545defc50 - - default default] 10.0.0.86 "GET /v2.0/routers HTTP/1.1" status: 200 len: 1151 time: 0.0641630
2026-05-25 01:52:34.017 9 INFO neutron.notifiers.nova [-] Nova event matching ['req-d08d9eea-effe-4285-bd2e-b113d1fccd1e'] response: {'server_uuid': 'd7fec0f4-ddcf-496f-8566-1b09f22b184b', 'name': 'network-vif-unplugged', 'status': 'completed', 'tag': '5fce76f1-ebce-41f2-ae37-68f3ef89f07c', 'code': 200}
2026-05-25 01:52:34.150 9 INFO neutron.db.ovn_revision_numbers_db [None req-bbeab5d2-f7ec-4243-a354-ccabe779233f 7d9e6ba05f194ef0a2e129f49d50debf c7293bc28fcf4cb090b4e15592c05df6 - - default default] Successfully bumped revision number for resource 68b93387-cfae-4db7-bb6c-c6d876136bb5 (type: floatingips) to -1
2026-05-25 01:52:34.271 9 INFO neutron.db.ovn_revision_numbers_db [None req-bbeab5d2-f7ec-4243-a354-ccabe779233f 7d9e6ba05f194ef0a2e129f49d50debf c7293bc28fcf4cb090b4e15592c05df6 - - default default] Successfully bumped revision number for resource 68b93387-cfae-4db7-bb6c-c6d876136bb5 (type: floatingips) to 1
2026-05-25 01:52:34.272 9 INFO neutron.db.l3_db [None req-bbeab5d2-f7ec-4243-a354-ccabe779233f 7d9e6ba05f194ef0a2e129f49d50debf c7293bc28fcf4cb090b4e15592c05df6 - - default default] Floating IP 68b93387-cfae-4db7-bb6c-c6d876136bb5 associated. External IP: 10.96.250.217, port: 43620c45-dc58-4e80-be77-c6a3d488b8fc.
2026-05-25 01:52:34.308 9 INFO neutron.api.wsgi [None req-bbeab5d2-f7ec-4243-a354-ccabe779233f 7d9e6ba05f194ef0a2e129f49d50debf c7293bc28fcf4cb090b4e15592c05df6 - - default default] 10.0.0.86 "POST /v2.0/floatingips HTTP/1.1" status: 201 len: 1041 time: 1.3559973
2026-05-25 01:52:34.458 9 INFO neutron.db.ovn_revision_numbers_db [None req-4584c1e1-907e-40b1-9d7c-3f03a31f19d1 7d9e6ba05f194ef0a2e129f49d50debf c7293bc28fcf4cb090b4e15592c05df6 - - default default] Successfully bumped revision number for resource 68b93387-cfae-4db7-bb6c-c6d876136bb5 (type: floatingips) to 2
2026-05-25 01:52:34.497 9 INFO neutron.db.l3_db [None req-4584c1e1-907e-40b1-9d7c-3f03a31f19d1 7d9e6ba05f194ef0a2e129f49d50debf c7293bc28fcf4cb090b4e15592c05df6 - - default default] Floating IP 68b93387-cfae-4db7-bb6c-c6d876136bb5 disassociated. External IP: 10.96.250.217, port: 43620c45-dc58-4e80-be77-c6a3d488b8fc.
2026-05-25 01:52:34.524 9 INFO neutron.api.wsgi [None req-4584c1e1-907e-40b1-9d7c-3f03a31f19d1 7d9e6ba05f194ef0a2e129f49d50debf c7293bc28fcf4cb090b4e15592c05df6 - - default default] 10.0.0.86 "PUT /v2.0/floatingips/68b93387-cfae-4db7-bb6c-c6d876136bb5 HTTP/1.1" status: 200 len: 748 time: 0.2037919
2026-05-25 01:52:34.578 10 INFO neutron.db.ovn_revision_numbers_db [None req-c2583d31-3cdc-4862-9e02-9c9a1096bb1d 323c60c3707647aa9e2be27928cd122d 15f01b2255834ff689d2a71545defc50 - - default default] Successfully bumped revision number for resource 775c28a3-3c08-40ef-8d24-ca3cd4b38039 (type: routers) to 3
2026-05-25 01:52:34.583 10 INFO neutron.api.wsgi [None req-c2583d31-3cdc-4862-9e02-9c9a1096bb1d 323c60c3707647aa9e2be27928cd122d 15f01b2255834ff689d2a71545defc50 - - default default] 10.0.0.86 "PUT /v2.0/routers/775c28a3-3c08-40ef-8d24-ca3cd4b38039 HTTP/1.1" status: 200 len: 1155 time: 0.6471655
2026-05-25 01:52:34.635 10 INFO neutron.api.wsgi [None req-6aa28b19-cfd1-4e93-aadc-cf07742a5295 323c60c3707647aa9e2be27928cd122d 15f01b2255834ff689d2a71545defc50 - - default default] 10.0.0.86 "GET /v2.0/routers/775c28a3-3c08-40ef-8d24-ca3cd4b38039 HTTP/1.1" status: 200 len: 1155 time: 0.0480340
2026-05-25 01:52:34.657 10 INFO neutron.api.wsgi [None req-63b40a3b-86f3-43ac-ab68-fcdd9d1243c1 323c60c3707647aa9e2be27928cd122d 15f01b2255834ff689d2a71545defc50 - - default default] 10.0.0.86 "GET /v2.0/ports?device_id=775c28a3-3c08-40ef-8d24-ca3cd4b38039 HTTP/1.1" status: 200 len: 205 time: 0.0179098
2026-05-25 01:52:34.770 9 INFO neutron.api.wsgi [None req-127f361c-96c7-40f7-99bb-70f38056918c 7d9e6ba05f194ef0a2e129f49d50debf c7293bc28fcf4cb090b4e15592c05df6 - - default default] 10.0.0.86 "DELETE /v2.0/floatingips/68b93387-cfae-4db7-bb6c-c6d876136bb5 HTTP/1.1" status: 204 len: 168 time: 0.2402360
2026-05-25 01:52:34.784 9 WARNING neutron_lib.context [None req-60cc9d00-f874-46cc-82b4-726e40156b14 7d9e6ba05f194ef0a2e129f49d50debf c7293bc28fcf4cb090b4e15592c05df6 - - default default] Method 'is_advsvc' is deprecated since 2023.2 release (neutron-lib 3.8.0) and will be removed once support for the old RBAC API policies will be removed from Neutron. Please use method 'is_service_role' instead.
2026-05-25 01:52:34.980 9 WARNING neutron.scheduler.dhcp_agent_scheduler [None req-60cc9d00-f874-46cc-82b4-726e40156b14 7d9e6ba05f194ef0a2e129f49d50debf c7293bc28fcf4cb090b4e15592c05df6 - - default default] No more DHCP agents
2026-05-25 01:52:34.981 9 WARNING neutron.api.rpc.agentnotifiers.dhcp_rpc_agent_api [None req-60cc9d00-f874-46cc-82b4-726e40156b14 7d9e6ba05f194ef0a2e129f49d50debf c7293bc28fcf4cb090b4e15592c05df6 - - default default] Unable to schedule network d9c03ca6-eb63-448c-8ba1-9ca0f410c15a: no agents available; will retry on subsequent port and subnet creation events.
2026-05-25 01:52:35.199 10 INFO neutron.api.wsgi [None req-e2037b98-aa92-4c3f-b2d3-8cee312708aa 323c60c3707647aa9e2be27928cd122d 15f01b2255834ff689d2a71545defc50 - - default default] 10.0.0.86 "DELETE /v2.0/routers/775c28a3-3c08-40ef-8d24-ca3cd4b38039 HTTP/1.1" status: 204 len: 168 time: 0.5376616
2026-05-25 01:52:35.222 10 INFO neutron.api.wsgi [None req-310cc1ac-66ce-48df-bf8f-94b4a3c63bc3 323c60c3707647aa9e2be27928cd122d 15f01b2255834ff689d2a71545defc50 - - default default] 10.0.0.86 "GET /v2.0/ports?device_id=775c28a3-3c08-40ef-8d24-ca3cd4b38039 HTTP/1.1" status: 200 len: 205 time: 0.0162306
2026-05-25 01:52:35.250 10 INFO neutron.api.v2.resource [None req-04079112-1d48-4bdf-8674-88132e572194 323c60c3707647aa9e2be27928cd122d 15f01b2255834ff689d2a71545defc50 - - default default] delete failed (client error): The resource could not be found.
2026-05-25 01:52:35.251 10 INFO neutron.api.wsgi [None req-04079112-1d48-4bdf-8674-88132e572194 323c60c3707647aa9e2be27928cd122d 15f01b2255834ff689d2a71545defc50 - - default default] 10.0.0.86 "DELETE /v2.0/routers/775c28a3-3c08-40ef-8d24-ca3cd4b38039 HTTP/1.1" status: 404 len: 336 time: 0.0240839
2026-05-25 01:52:35.273 9 INFO neutron.api.wsgi [None req-d0c11ee4-e135-4252-931f-9653ea59cf3a 323c60c3707647aa9e2be27928cd122d 15f01b2255834ff689d2a71545defc50 - - default default] 10.0.0.86 "GET /v2.0/ports?device_id=269771b9-705e-4524-8697-5e9771cda73b HTTP/1.1" status: 200 len: 205 time: 0.0170553
2026-05-25 01:52:35.291 10 INFO neutron.api.v2.resource [None req-daae6012-92e0-4540-97c6-5ad76d65c461 323c60c3707647aa9e2be27928cd122d 15f01b2255834ff689d2a71545defc50 - - default default] delete failed (client error): The resource could not be found.
2026-05-25 01:52:35.292 10 INFO neutron.api.wsgi [None req-daae6012-92e0-4540-97c6-5ad76d65c461 323c60c3707647aa9e2be27928cd122d 15f01b2255834ff689d2a71545defc50 - - default default] 10.0.0.86 "DELETE /v2.0/routers/269771b9-705e-4524-8697-5e9771cda73b HTTP/1.1" status: 404 len: 336 time: 0.0155876
2026-05-25 01:52:35.307 10 INFO neutron.pecan_wsgi.hooks.translation [None req-b8181898-aa64-482b-9724-aa0c9a08bbd6 323c60c3707647aa9e2be27928cd122d 15f01b2255834ff689d2a71545defc50 - - default default] DELETE failed (client error): The resource could not be found.
2026-05-25 01:52:35.309 10 INFO neutron.api.wsgi [None req-b8181898-aa64-482b-9724-aa0c9a08bbd6 323c60c3707647aa9e2be27928cd122d 15f01b2255834ff689d2a71545defc50 - - default default] 10.0.0.86 "DELETE /v2.0/subnets/fd09a862-d545-42b3-b5c4-4998e12555d8 HTTP/1.1" status: 404 len: 337 time: 0.0121737
2026-05-25 01:52:35.327 10 INFO neutron.api.wsgi [None req-0e7f219e-d245-43f6-b51e-ee05f1fc5725 323c60c3707647aa9e2be27928cd122d 15f01b2255834ff689d2a71545defc50 - - default default] 10.0.0.86 "GET /v2.0/ports?device_id=e3dcd0b3-53cb-4b3a-b691-f231f1d4fbc8 HTTP/1.1" status: 200 len: 205 time: 0.0127056
2026-05-25 01:52:35.345 10 INFO neutron.api.v2.resource [None req-8e65d216-4c7f-429a-909f-d8c7aa495069 323c60c3707647aa9e2be27928cd122d 15f01b2255834ff689d2a71545defc50 - - default default] delete failed (client error): The resource could not be found.
2026-05-25 01:52:35.347 10 INFO neutron.api.wsgi [None req-8e65d216-4c7f-429a-909f-d8c7aa495069 323c60c3707647aa9e2be27928cd122d 15f01b2255834ff689d2a71545defc50 - - default default] 10.0.0.86 "DELETE /v2.0/routers/e3dcd0b3-53cb-4b3a-b691-f231f1d4fbc8 HTTP/1.1" status: 404 len: 336 time: 0.0160980
2026-05-25 01:52:35.364 10 INFO neutron.pecan_wsgi.hooks.translation [None req-d817826a-4964-4109-9e34-b19c98c2b825 323c60c3707647aa9e2be27928cd122d 15f01b2255834ff689d2a71545defc50 - - default default] DELETE failed (client error): The resource could not be found.
2026-05-25 01:52:35.367 10 INFO neutron.api.wsgi [None req-d817826a-4964-4109-9e34-b19c98c2b825 323c60c3707647aa9e2be27928cd122d 15f01b2255834ff689d2a71545defc50 - - default default] 10.0.0.86 "DELETE /v2.0/subnets/dbf5bd55-adab-4654-8258-33696409cf5b HTTP/1.1" status: 404 len: 337 time: 0.0152297
2026-05-25 01:52:35.379 10 INFO neutron.api.wsgi [None req-90dfa441-23c3-4470-b984-3ca44baee1d6 817b1b1b372e42a6807f1356f9776dd5 86a66989e8d14cf892ee7015631dff1b - - default default] 10.0.0.86 "DELETE /v2.0/security-groups/291f5abe-3ef7-4d3f-8b4e-8de7fa86a7d7 HTTP/1.1" status: 204 len: 168 time: 0.1882055
2026-05-25 01:52:35.383 10 INFO neutron.api.wsgi [None req-39dced8d-21f0-44b9-92e0-041e26ca9d03 323c60c3707647aa9e2be27928cd122d 15f01b2255834ff689d2a71545defc50 - - default default] 10.0.0.86 "GET /v2.0/ports?device_id=a906b58f-1cbe-4035-bd5b-e99f90484f42 HTTP/1.1" status: 200 len: 205 time: 0.0119822
2026-05-25 01:52:35.396 9 INFO neutron.api.v2.resource [None req-517a15e3-8eea-4727-a30b-d05a03e49d3d 817b1b1b372e42a6807f1356f9776dd5 86a66989e8d14cf892ee7015631dff1b - - default default] show failed (client error): The resource could not be found.
2026-05-25 01:52:35.396 9 INFO neutron.api.wsgi [None req-517a15e3-8eea-4727-a30b-d05a03e49d3d 817b1b1b372e42a6807f1356f9776dd5 86a66989e8d14cf892ee7015631dff1b - - default default] 10.0.0.86 "GET /v2.0/security-groups/291f5abe-3ef7-4d3f-8b4e-8de7fa86a7d7 HTTP/1.1" status: 404 len: 347 time: 0.0129666
2026-05-25 01:52:35.400 10 INFO neutron.api.v2.resource [None req-96cbab7d-6f80-489c-a2b4-7a189b128741 323c60c3707647aa9e2be27928cd122d 15f01b2255834ff689d2a71545defc50 - - default default] delete failed (client error): The resource could not be found.
2026-05-25 01:52:35.401 10 INFO neutron.api.wsgi [None req-96cbab7d-6f80-489c-a2b4-7a189b128741 323c60c3707647aa9e2be27928cd122d 15f01b2255834ff689d2a71545defc50 - - default default] 10.0.0.86 "DELETE /v2.0/routers/a906b58f-1cbe-4035-bd5b-e99f90484f42 HTTP/1.1" status: 404 len: 336 time: 0.0149019
2026-05-25 01:52:35.416 10 INFO neutron.pecan_wsgi.hooks.translation [None req-90ab3f19-f7eb-470a-84db-198d651384ee 323c60c3707647aa9e2be27928cd122d 15f01b2255834ff689d2a71545defc50 - - default default] DELETE failed (client error): The resource could not be found.
2026-05-25 01:52:35.420 10 INFO neutron.api.wsgi [None req-90ab3f19-f7eb-470a-84db-198d651384ee 323c60c3707647aa9e2be27928cd122d 15f01b2255834ff689d2a71545defc50 - - default default] 10.0.0.86 "DELETE /v2.0/subnets/3bd9fa0e-3c2c-4877-b448-e7e31bbe68b4 HTTP/1.1" status: 404 len: 337 time: 0.0138731
2026-05-25 01:52:35.434 10 INFO neutron.pecan_wsgi.hooks.translation [None req-348a7b87-fb61-4202-b29c-f2a28d4af3b3 323c60c3707647aa9e2be27928cd122d 15f01b2255834ff689d2a71545defc50 - - default default] DELETE failed (client error): The resource could not be found.
2026-05-25 01:52:35.436 10 INFO neutron.api.wsgi [None req-348a7b87-fb61-4202-b29c-f2a28d4af3b3 323c60c3707647aa9e2be27928cd122d 15f01b2255834ff689d2a71545defc50 - - default default] 10.0.0.86 "DELETE /v2.0/subnets/6631b625-7a0f-40da-b9b1-7b27cbe730ac HTTP/1.1" status: 404 len: 337 time: 0.0115981
2026-05-25 01:52:35.631 9 INFO neutron.db.ovn_revision_numbers_db [None req-60cc9d00-f874-46cc-82b4-726e40156b14 7d9e6ba05f194ef0a2e129f49d50debf c7293bc28fcf4cb090b4e15592c05df6 - - default default] Successfully bumped revision number for resource a25191e2-b473-4e6d-a8e5-c9b18f2ef78a (type: floatingips) to -1
2026-05-25 01:52:35.720 9 INFO neutron.api.wsgi [None req-18afe97c-9861-495d-a0c3-f3635b2ecee5 817b1b1b372e42a6807f1356f9776dd5 86a66989e8d14cf892ee7015631dff1b - - default default] 10.0.0.86 "DELETE /v2.0/floatingips/d956c768-27af-4b2c-b02a-256f5b56ef31 HTTP/1.1" status: 204 len: 168 time: 0.3190794
2026-05-25 01:52:35.738 9 INFO neutron.db.ovn_revision_numbers_db [None req-60cc9d00-f874-46cc-82b4-726e40156b14 7d9e6ba05f194ef0a2e129f49d50debf c7293bc28fcf4cb090b4e15592c05df6 - - default default] Successfully bumped revision number for resource a25191e2-b473-4e6d-a8e5-c9b18f2ef78a (type: floatingips) to 1
2026-05-25 01:52:35.738 9 INFO neutron.db.l3_db [None req-60cc9d00-f874-46cc-82b4-726e40156b14 7d9e6ba05f194ef0a2e129f49d50debf c7293bc28fcf4cb090b4e15592c05df6 - - default default] Floating IP a25191e2-b473-4e6d-a8e5-c9b18f2ef78a associated. External IP: 10.96.250.205, port: 0e2854bb-b82e-4d9c-ad51-2e19a32b677c.
2026-05-25 01:52:35.765 9 INFO neutron.api.wsgi [None req-60cc9d00-f874-46cc-82b4-726e40156b14 7d9e6ba05f194ef0a2e129f49d50debf c7293bc28fcf4cb090b4e15592c05df6 - - default default] 10.0.0.86 "POST /v2.0/floatingips HTTP/1.1" status: 201 len: 1040 time: 0.9857030
2026-05-25 01:52:35.801 10 INFO neutron.api.wsgi [None req-4d45277a-00a0-405f-aadf-c258af985408 7d9e6ba05f194ef0a2e129f49d50debf c7293bc28fcf4cb090b4e15592c05df6 - - default default] 10.0.0.86 "GET /v2.0/floatingips/a25191e2-b473-4e6d-a8e5-c9b18f2ef78a HTTP/1.1" status: 200 len: 1037 time: 0.0297003
2026-05-25 01:52:35.871 10 INFO neutron.api.wsgi [None req-0106b584-f0cd-40bf-9deb-b85b2689c8d7 7d9e6ba05f194ef0a2e129f49d50debf c7293bc28fcf4cb090b4e15592c05df6 - - default default] 10.0.0.86 "GET /v2.0/floatingips HTTP/1.1" status: 200 len: 1040 time: 0.0646131
2026-05-25 01:52:36.015 10 WARNING neutron.plugins.ml2.drivers.ovn.mech_driver.ovsdb.ovn_client [None req-8a8736d0-0bbe-484e-ac3a-52806da94fed - - - - - -] No port found with ID 932092c4-1756-44ca-9191-9d73dfd442b1: RuntimeError: No port found with ID 932092c4-1756-44ca-9191-9d73dfd442b1
2026-05-25 01:52:36.095 9 INFO neutron.api.wsgi [None req-f391af02-8f41-49a1-ad8f-b474d5935cf8 d43276b0ca054ade821c06fdab05e1e0 dce85ce853a642d8ab454bef188237b9 - - default default] 10.0.0.86 "GET /v2.0/security-groups?tenant_id=15f01b2255834ff689d2a71545defc50&name=default HTTP/1.1" status: 200 len: 3120 time: 0.1717253 /var/lib/openstack/lib/python3.12/site-packages/pycadf/identifier.py:71: UserWarning: Invalid uuid: neutron. To ensure interoperability, identifiers should be a valid uuid. warnings.warn(('Invalid uuid: %s. To ensure interoperability, '
2026-05-25 01:52:36.313 9 INFO neutron.db.ovn_revision_numbers_db [None req-b9f34eda-bd8d-4bda-bb6d-0d9ed1ec075e 7d9e6ba05f194ef0a2e129f49d50debf c7293bc28fcf4cb090b4e15592c05df6 - - default default] Successfully bumped revision number for resource a25191e2-b473-4e6d-a8e5-c9b18f2ef78a (type: floatingips) to 2
2026-05-25 01:52:36.330 10 INFO neutron.api.wsgi [None req-3c74c83d-47cd-4236-b578-88cee38c1bb8 d43276b0ca054ade821c06fdab05e1e0 dce85ce853a642d8ab454bef188237b9 - - default default] 10.0.0.86 "DELETE /v2.0/security-groups/ab3f50cf-3261-4034-8095-86f242d59c0a HTTP/1.1" status: 204 len: 168 time: 0.2300401
2026-05-25 01:52:36.411 9 INFO neutron.db.ovn_revision_numbers_db [None req-b9f34eda-bd8d-4bda-bb6d-0d9ed1ec075e 7d9e6ba05f194ef0a2e129f49d50debf c7293bc28fcf4cb090b4e15592c05df6 - - default default] Successfully bumped revision number for resource a25191e2-b473-4e6d-a8e5-c9b18f2ef78a (type: floatingips) to 2
2026-05-25 01:52:36.411 9 INFO neutron.db.l3_db [None req-b9f34eda-bd8d-4bda-bb6d-0d9ed1ec075e 7d9e6ba05f194ef0a2e129f49d50debf c7293bc28fcf4cb090b4e15592c05df6 - - default default] Floating IP a25191e2-b473-4e6d-a8e5-c9b18f2ef78a associated. External IP: 10.96.250.205, port: 0e2854bb-b82e-4d9c-ad51-2e19a32b677c.
2026-05-25 01:52:36.454 9 INFO neutron.api.wsgi [None req-b9f34eda-bd8d-4bda-bb6d-0d9ed1ec075e 7d9e6ba05f194ef0a2e129f49d50debf c7293bc28fcf4cb090b4e15592c05df6 - - default default] 10.0.0.86 "PUT /v2.0/floatingips/a25191e2-b473-4e6d-a8e5-c9b18f2ef78a HTTP/1.1" status: 200 len: 1038 time: 0.5774584
2026-05-25 01:52:36.584 9 INFO neutron.db.ovn_revision_numbers_db [None req-e8061a52-b30f-4df6-aeba-d0b835549d94 7d9e6ba05f194ef0a2e129f49d50debf c7293bc28fcf4cb090b4e15592c05df6 - - default default] Successfully bumped revision number for resource a25191e2-b473-4e6d-a8e5-c9b18f2ef78a (type: floatingips) to 3
2026-05-25 01:52:36.625 9 INFO neutron.db.l3_db [None req-e8061a52-b30f-4df6-aeba-d0b835549d94 7d9e6ba05f194ef0a2e129f49d50debf c7293bc28fcf4cb090b4e15592c05df6 - - default default] Floating IP a25191e2-b473-4e6d-a8e5-c9b18f2ef78a disassociated. External IP: 10.96.250.205, port: 43620c45-dc58-4e80-be77-c6a3d488b8fc.
2026-05-25 01:52:36.651 9 INFO neutron.api.wsgi [None req-e8061a52-b30f-4df6-aeba-d0b835549d94 7d9e6ba05f194ef0a2e129f49d50debf c7293bc28fcf4cb090b4e15592c05df6 - - default default] 10.0.0.86 "PUT /v2.0/floatingips/a25191e2-b473-4e6d-a8e5-c9b18f2ef78a HTTP/1.1" status: 200 len: 748 time: 0.1909637
2026-05-25 01:52:36.674 9 WARNING neutron.plugins.ml2.drivers.ovn.mech_driver.ovsdb.ovn_client [None req-66784561-62a6-4b71-9044-e8cf82b1eebd - - - - - -] No hosting information found for port 6399e6f0-610a-4b36-8f18-e6fc1f3b71be: RuntimeError: No hosting information found for port 6399e6f0-610a-4b36-8f18-e6fc1f3b71be
2026-05-25 01:52:36.674 9 INFO neutron.plugins.ml2.drivers.ovn.mech_driver.mech_driver [None req-66784561-62a6-4b71-9044-e8cf82b1eebd - - - - - -] OVN reports status up for port: eeb3e219-c85a-4be1-9f16-85dc767451f0
2026-05-25 01:52:36.684 9 INFO neutron.plugins.ml2.plugin [None req-66784561-62a6-4b71-9044-e8cf82b1eebd - - - - - -] Attempt 1 to provision port eeb3e219-c85a-4be1-9f16-85dc767451f0
2026-05-25 01:52:36.800 10 INFO neutron.api.wsgi [None req-1a4dc156-d8cf-4e29-be9c-67498c175e59 d43276b0ca054ade821c06fdab05e1e0 dce85ce853a642d8ab454bef188237b9 - - default default] 10.0.0.86 "PUT /v2.0/routers/0f0f58b5-15b0-466d-a84c-e217400d0cba/remove_router_interface HTTP/1.1" status: 200 len: 503 time: 1.0748389 /var/lib/openstack/lib/python3.12/site-packages/pycadf/identifier.py:71: UserWarning: Invalid uuid: neutron. To ensure interoperability, identifiers should be a valid uuid. warnings.warn(('Invalid uuid: %s. To ensure interoperability, '
2026-05-25 01:52:36.919 9 INFO neutron.api.wsgi [None req-fc9c3457-7f71-46b8-8ecf-1b2594954332 7d9e6ba05f194ef0a2e129f49d50debf c7293bc28fcf4cb090b4e15592c05df6 - - default default] 10.0.0.86 "DELETE /v2.0/floatingips/a25191e2-b473-4e6d-a8e5-c9b18f2ef78a HTTP/1.1" status: 204 len: 168 time: 0.2630661
2026-05-25 01:52:36.943 10 INFO neutron.api.v2.resource [None req-6a81f4f2-a0ef-4683-b575-8ab1b7438704 7d9e6ba05f194ef0a2e129f49d50debf c7293bc28fcf4cb090b4e15592c05df6 - - default default] delete failed (client error): The resource could not be found.
2026-05-25 01:52:36.944 10 INFO neutron.api.wsgi [None req-6a81f4f2-a0ef-4683-b575-8ab1b7438704 7d9e6ba05f194ef0a2e129f49d50debf c7293bc28fcf4cb090b4e15592c05df6 - - default default] 10.0.0.86 "DELETE /v2.0/floatingips/a25191e2-b473-4e6d-a8e5-c9b18f2ef78a HTTP/1.1" status: 404 len: 345 time: 0.0197387
2026-05-25 01:52:37.062 9 INFO neutron.db.ovn_revision_numbers_db [None req-66784561-62a6-4b71-9044-e8cf82b1eebd - - - - - -] Successfully bumped revision number for resource eeb3e219-c85a-4be1-9f16-85dc767451f0 (type: ports) to 2
2026-05-25 01:52:37.323 10 INFO neutron.api.wsgi [None req-922c3309-42b1-47ea-a2d4-e160ff0d4d7c 7d9e6ba05f194ef0a2e129f49d50debf c7293bc28fcf4cb090b4e15592c05df6 - - default default] 10.0.0.86 "DELETE /v2.0/ports/43620c45-dc58-4e80-be77-c6a3d488b8fc HTTP/1.1" status: 204 len: 168 time: 0.3747911
2026-05-25 01:52:37.505 10 INFO neutron.api.wsgi [None req-63ba120d-d351-480e-ba36-0f62b8141e11 d43276b0ca054ade821c06fdab05e1e0 dce85ce853a642d8ab454bef188237b9 - - default default] 10.0.0.86 "DELETE /v2.0/routers/0f0f58b5-15b0-466d-a84c-e217400d0cba HTTP/1.1" status: 204 len: 168 time: 0.6990306
2026-05-25 01:52:37.640 9 INFO neutron.api.wsgi [None req-3c12d98c-2beb-461f-8ea8-4228516898a0 7d9e6ba05f194ef0a2e129f49d50debf c7293bc28fcf4cb090b4e15592c05df6 - - default default] 10.0.0.86 "DELETE /v2.0/ports/0e2854bb-b82e-4d9c-ad51-2e19a32b677c HTTP/1.1" status: 204 len: 168 time: 0.3134618
2026-05-25 01:52:37.664 9 INFO neutron.api.wsgi [None req-fdb3157a-918f-4f88-b48a-8a55ce8cfb6c d43276b0ca054ade821c06fdab05e1e0 dce85ce853a642d8ab454bef188237b9 - - default default] 10.0.0.86 "DELETE /v2.0/subnets/a068ad21-6102-4ca2-b90c-afab7050f312 HTTP/1.1" status: 204 len: 168 time: 0.1534386
2026-05-25 01:52:37.677 9 INFO neutron.api.wsgi [None req-72afdea7-4c48-44c2-a91e-05c4a1b02510 7d9e6ba05f194ef0a2e129f49d50debf c7293bc28fcf4cb090b4e15592c05df6 - - default default] 10.0.0.86 "GET /v2.0/ports?device_id=fb295e78-33cc-4a74-b4b8-c482d6be9676 HTTP/1.1" status: 200 len: 1140 time: 0.0328698
2026-05-25 01:52:37.942 10 INFO neutron.services.segments.plugin [-] Segment a680db21-bde8-4a2f-bf7a-c8fd5563f26c resource provider aggregate not found
2026-05-25 01:52:37.945 10 INFO neutron.services.segments.plugin [-] Segment a680db21-bde8-4a2f-bf7a-c8fd5563f26c resource provider aggregate not found
2026-05-25 01:52:37.955 10 INFO neutron.services.segments.plugin [-] Segment a680db21-bde8-4a2f-bf7a-c8fd5563f26c resource provider not found; error: Placement Client Error (4xx): {"errors": [{"status": 404, "title": "Not Found", "detail": "The resource could not be found.\n\n No resource provider with uuid a680db21-bde8-4a2f-bf7a-c8fd5563f26c found for delete ", "request_id": "req-97608ff7-59d5-4031-8950-258a6feb0677"}]}
2026-05-25 01:52:37.957 10 INFO neutron.services.segments.plugin [-] Segment a680db21-bde8-4a2f-bf7a-c8fd5563f26c resource provider not found; error: Placement Client Error (4xx): {"errors": [{"status": 404, "title": "Not Found", "detail": "The resource could not be found.\n\n No resource provider with uuid a680db21-bde8-4a2f-bf7a-c8fd5563f26c found for delete ", "request_id": "req-32ae1f80-b881-40c3-a87e-18282a166a43"}]}
2026-05-25 01:52:37.976 10 INFO neutron.api.wsgi [None req-fb290ed8-51fc-449a-9b2e-67efa21b679b d43276b0ca054ade821c06fdab05e1e0 dce85ce853a642d8ab454bef188237b9 - - default default] 10.0.0.86 "DELETE /v2.0/networks/8e9c3382-7a4f-4582-b6a2-ab0aa403c079 HTTP/1.1" status: 204 len: 168 time: 0.2992868
2026-05-25 01:52:38.146 9 INFO neutron.api.wsgi [None req-44ee66e2-62d9-4e27-8348-dc5ec2fecba1 d43276b0ca054ade821c06fdab05e1e0 dce85ce853a642d8ab454bef188237b9 - - default default] 10.0.0.86 "GET /v2.0/security-groups?tenant_id=86a66989e8d14cf892ee7015631dff1b&name=default HTTP/1.1" status: 200 len: 3120 time: 0.0419531
2026-05-25 01:52:38.428 9 INFO neutron.api.wsgi [None req-b7594b7e-161a-4a30-8b8f-b6439aeb4afb 7d9e6ba05f194ef0a2e129f49d50debf c7293bc28fcf4cb090b4e15592c05df6 - - default default] 10.0.0.86 "PUT /v2.0/routers/fb295e78-33cc-4a74-b4b8-c482d6be9676/remove_router_interface HTTP/1.1" status: 200 len: 503 time: 0.7470233
2026-05-25 01:52:38.433 9 INFO neutron.api.wsgi [None req-b668cb3a-1881-43d7-946b-c494bc4cf843 d43276b0ca054ade821c06fdab05e1e0 dce85ce853a642d8ab454bef188237b9 - - default default] 10.0.0.86 "DELETE /v2.0/security-groups/93ded1ef-be03-42e8-8853-8644c4203b3f HTTP/1.1" status: 204 len: 168 time: 0.2838452
2026-05-25 01:52:38.761 10 INFO neutron.db.ovn_revision_numbers_db [None req-5271733f-664a-4b39-80d0-2598cc565ae8 d43276b0ca054ade821c06fdab05e1e0 dce85ce853a642d8ab454bef188237b9 - - default default] Successfully bumped revision number for resource 514eac89-0c7e-42fa-9eae-a5b9f4887168 (type: security_groups) to 1
2026-05-25 01:52:38.780 10 INFO neutron.db.ovn_revision_numbers_db [None req-5271733f-664a-4b39-80d0-2598cc565ae8 d43276b0ca054ade821c06fdab05e1e0 dce85ce853a642d8ab454bef188237b9 - - default default] Successfully bumped revision number for resource 06721271-9da4-4af7-9f77-293922517ef9 (type: security_group_rules) to 0
2026-05-25 01:52:38.793 10 INFO neutron.db.ovn_revision_numbers_db [None req-5271733f-664a-4b39-80d0-2598cc565ae8 d43276b0ca054ade821c06fdab05e1e0 dce85ce853a642d8ab454bef188237b9 - - default default] Successfully bumped revision number for resource 2ed4a180-6bd5-4464-b792-3ad0ae6481b5 (type: security_group_rules) to 0
