2026-05-25 01:54:18.781 10 WARNING neutron.scheduler.dhcp_agent_scheduler [None req-3e9bf884-7d3c-4b19-812c-dafb6addccb8 473e1caa1c2d490182042a147970b59e b7248a13afed4703b366849a5cb99e4a - - default default] No more DHCP agents
2026-05-25 01:54:18.783 10 WARNING neutron.api.rpc.agentnotifiers.dhcp_rpc_agent_api [None req-3e9bf884-7d3c-4b19-812c-dafb6addccb8 473e1caa1c2d490182042a147970b59e b7248a13afed4703b366849a5cb99e4a - - default default] Unable to schedule network bc8063ed-9f14-40ba-b328-279594ad84a6: no agents available; will retry on subsequent port and subnet creation events.
2026-05-25 01:54:18.983 9 WARNING neutron.scheduler.dhcp_agent_scheduler [None req-fc33d4c7-cf21-499a-8b04-7370468bf7ce 062b3ac05b4e46bfa15a96c2e27618eb 4d6a385a688a4f6ba6a9c1d2030111d5 - - default default] No more DHCP agents
2026-05-25 01:54:18.985 9 WARNING neutron.api.rpc.agentnotifiers.dhcp_rpc_agent_api [None req-fc33d4c7-cf21-499a-8b04-7370468bf7ce 062b3ac05b4e46bfa15a96c2e27618eb 4d6a385a688a4f6ba6a9c1d2030111d5 - - default default] Unable to schedule network 11882428-d6eb-4f99-b230-6862c4ecac1a: no agents available; will retry on subsequent port and subnet creation events.
2026-05-25 01:54:19.052 9 INFO neutron.db.ovn_revision_numbers_db [None req-fc33d4c7-cf21-499a-8b04-7370468bf7ce 062b3ac05b4e46bfa15a96c2e27618eb 4d6a385a688a4f6ba6a9c1d2030111d5 - - default default] Successfully bumped revision number for resource 838a9e1a-17d7-4263-b737-ed6e07fad46d (type: ports) to 1
2026-05-25 01:54:19.073 9 INFO neutron.api.wsgi [None req-fc33d4c7-cf21-499a-8b04-7370468bf7ce 062b3ac05b4e46bfa15a96c2e27618eb 4d6a385a688a4f6ba6a9c1d2030111d5 - - default default] 10.0.0.86 "POST /v2.0/ports HTTP/1.1" status: 201 len: 942 time: 0.3307407 /var/lib/openstack/lib/python3.12/site-packages/pycadf/identifier.py:71: UserWarning: Invalid uuid: neutron. To ensure interoperability, identifiers should be a valid uuid. warnings.warn(('Invalid uuid: %s. To ensure interoperability, '
2026-05-25 01:54:19.121 9 INFO neutron.api.wsgi [None req-c5b62f4a-cfc8-4c82-9704-1a464294436d 062b3ac05b4e46bfa15a96c2e27618eb 4d6a385a688a4f6ba6a9c1d2030111d5 - - default default] 10.0.0.86 "PUT /v2.0/ports/838a9e1a-17d7-4263-b737-ed6e07fad46d/tags HTTP/1.1" status: 200 len: 218 time: 0.0404241
2026-05-25 01:54:19.157 9 INFO neutron.api.wsgi [None req-2248531b-de1a-4201-8db5-526aa5ab7910 062b3ac05b4e46bfa15a96c2e27618eb 4d6a385a688a4f6ba6a9c1d2030111d5 - - default default] 10.0.0.86 "GET /v2.0/ports/838a9e1a-17d7-4263-b737-ed6e07fad46d/tags HTTP/1.1" status: 200 len: 218 time: 0.0302653
2026-05-25 01:54:19.191 10 INFO neutron.db.ovn_revision_numbers_db [None req-30052d73-3e1d-4a2b-8802-2856075f35eb ec01721975fd47dcb6bb6fa7dffa9b4c 910e670ffbd84a76bef0d9b22628bb7a - - default default] Successfully bumped revision number for resource bb666755-c5d5-441b-bd0b-9de3bc5f2d50 (type: routers) to 5
2026-05-25 01:54:19.195 10 INFO neutron.api.wsgi [None req-30052d73-3e1d-4a2b-8802-2856075f35eb ec01721975fd47dcb6bb6fa7dffa9b4c 910e670ffbd84a76bef0d9b22628bb7a - - default default] 10.0.0.86 "PUT /v2.0/routers/bb666755-c5d5-441b-bd0b-9de3bc5f2d50 HTTP/1.1" status: 200 len: 1136 time: 0.7526431
2026-05-25 01:54:19.229 9 INFO neutron.api.wsgi [None req-1aaa0611-dff0-49e0-b0cd-860a7f37d606 062b3ac05b4e46bfa15a96c2e27618eb 4d6a385a688a4f6ba6a9c1d2030111d5 - - default default] 10.0.0.86 "PUT /v2.0/ports/838a9e1a-17d7-4263-b737-ed6e07fad46d/tags/green HTTP/1.1" status: 201 len: 201 time: 0.0670323
2026-05-25 01:54:19.283 9 INFO neutron.api.wsgi [None req-df46c9c7-c847-483b-9c04-81d989f72aac 062b3ac05b4e46bfa15a96c2e27618eb 4d6a385a688a4f6ba6a9c1d2030111d5 - - default default] 10.0.0.86 "GET /v2.0/ports/838a9e1a-17d7-4263-b737-ed6e07fad46d/tags HTTP/1.1" status: 200 len: 227 time: 0.0470598
2026-05-25 01:54:19.294 10 INFO neutron.db.ovn_revision_numbers_db [None req-52ec8dd0-e3b6-416c-9638-a0808d57834b - - - - - -] Successfully bumped revision number for resource 4ba73420-26ab-4171-a8a7-aafcc8e4fa51 (type: ports) to 2
2026-05-25 01:54:19.307 9 INFO neutron.api.wsgi [None req-463ead14-49bd-43a8-8605-af05c60f4cca ec01721975fd47dcb6bb6fa7dffa9b4c 910e670ffbd84a76bef0d9b22628bb7a - - default default] 10.0.0.86 "GET /v2.0/ports?device_id=bb666755-c5d5-441b-bd0b-9de3bc5f2d50 HTTP/1.1" status: 200 len: 1144 time: 0.1049962
2026-05-25 01:54:19.332 9 INFO neutron.api.wsgi [None req-8f0a122d-6a69-4159-a253-fdc9b8bc10b1 062b3ac05b4e46bfa15a96c2e27618eb 4d6a385a688a4f6ba6a9c1d2030111d5 - - default default] 10.0.0.86 "PUT /v2.0/ports/838a9e1a-17d7-4263-b737-ed6e07fad46d/tags/red HTTP/1.1" status: 201 len: 201 time: 0.0411439
2026-05-25 01:54:19.363 10 INFO neutron.db.ovn_revision_numbers_db [None req-52ec8dd0-e3b6-416c-9638-a0808d57834b - - - - - -] Successfully bumped revision number for resource 2f39e468-9e0d-4015-a7da-608530eeefdd (type: subnets) to 0
2026-05-25 01:54:19.371 9 INFO neutron.api.wsgi [None req-251373d6-7592-4c76-bc88-3a79eb5b5aa4 062b3ac05b4e46bfa15a96c2e27618eb 4d6a385a688a4f6ba6a9c1d2030111d5 - - default default] 10.0.0.86 "GET /v2.0/ports/838a9e1a-17d7-4263-b737-ed6e07fad46d/tags HTTP/1.1" status: 200 len: 227 time: 0.0339737
2026-05-25 01:54:19.377 10 INFO neutron.api.wsgi [None req-3e9bf884-7d3c-4b19-812c-dafb6addccb8 473e1caa1c2d490182042a147970b59e b7248a13afed4703b366849a5cb99e4a - - default default] 10.0.0.86 "POST /v2.0/subnets HTTP/1.1" status: 201 len: 828 time: 0.8380389
2026-05-25 01:54:19.426 10 INFO neutron.api.wsgi [None req-f5287b38-d9b5-487b-8306-fbe48573661e 062b3ac05b4e46bfa15a96c2e27618eb 4d6a385a688a4f6ba6a9c1d2030111d5 - - default default] 10.0.0.86 "PUT /v2.0/ports/838a9e1a-17d7-4263-b737-ed6e07fad46d/tags/black.or.white HTTP/1.1" status: 201 len: 201 time: 0.0473666
2026-05-25 01:54:19.432 9 INFO neutron.api.wsgi [None req-e5c29eb6-40ce-4faa-98a2-105e86ab7020 473e1caa1c2d490182042a147970b59e b7248a13afed4703b366849a5cb99e4a - - default default] 10.0.0.86 "PUT /v2.0/subnets/9c61dcd4-77c0-48c5-918f-1777848d9378/tags HTTP/1.1" status: 200 len: 210 time: 0.0503833
2026-05-25 01:54:19.474 10 INFO neutron.api.wsgi [None req-4b773b92-80e0-4a08-9267-9a76dd67736d 062b3ac05b4e46bfa15a96c2e27618eb 4d6a385a688a4f6ba6a9c1d2030111d5 - - default default] 10.0.0.86 "GET /v2.0/ports/838a9e1a-17d7-4263-b737-ed6e07fad46d/tags HTTP/1.1" status: 200 len: 245 time: 0.0417297
2026-05-25 01:54:19.476 9 INFO neutron.api.wsgi [None req-0f89f4a9-e1f3-4070-acc4-62e4df2527ca 473e1caa1c2d490182042a147970b59e b7248a13afed4703b366849a5cb99e4a - - default default] 10.0.0.86 "PUT /v2.0/subnets/bed3db6c-2bc8-4061-bad1-d50c44c6acea/tags HTTP/1.1" status: 200 len: 218 time: 0.0388989
2026-05-25 01:54:19.513 9 INFO neutron.api.wsgi [None req-9a6eb6e3-eefd-45a3-8e15-93e2c68fbcb6 473e1caa1c2d490182042a147970b59e b7248a13afed4703b366849a5cb99e4a - - default default] 10.0.0.86 "PUT /v2.0/subnets/538e231b-c2bb-48a1-a960-534d002857e1/tags HTTP/1.1" status: 200 len: 227 time: 0.0341315
2026-05-25 01:54:19.527 10 INFO neutron.api.wsgi [None req-3905533e-a581-4623-9077-859940cbcd78 062b3ac05b4e46bfa15a96c2e27618eb 4d6a385a688a4f6ba6a9c1d2030111d5 - - default default] 10.0.0.86 "PUT /v2.0/ports/838a9e1a-17d7-4263-b737-ed6e07fad46d/tags HTTP/1.1" status: 200 len: 230 time: 0.0489991
2026-05-25 01:54:19.559 9 INFO neutron.api.wsgi [None req-c736c3f3-d618-40aa-bb18-588b2dae55bf 473e1caa1c2d490182042a147970b59e b7248a13afed4703b366849a5cb99e4a - - default default] 10.0.0.86 "PUT /v2.0/subnets/ca5b8286-4617-495a-a1bf-f34bd38cd308/tags HTTP/1.1" status: 200 len: 212 time: 0.0410390
2026-05-25 01:54:19.564 9 INFO neutron.api.wsgi [None req-4c9c9a35-4a47-4224-b78a-ddfd10aca3d5 062b3ac05b4e46bfa15a96c2e27618eb 4d6a385a688a4f6ba6a9c1d2030111d5 - - default default] 10.0.0.86 "GET /v2.0/ports/838a9e1a-17d7-4263-b737-ed6e07fad46d/tags HTTP/1.1" status: 200 len: 230 time: 0.0326424
2026-05-25 01:54:19.600 9 INFO neutron.api.wsgi [None req-f9e3e1cc-54b9-467e-baab-268b523ebc27 062b3ac05b4e46bfa15a96c2e27618eb 4d6a385a688a4f6ba6a9c1d2030111d5 - - default default] 10.0.0.86 "GET /v2.0/ports/838a9e1a-17d7-4263-b737-ed6e07fad46d/tags/red HTTP/1.1" status: 204 len: 168 time: 0.0322025
2026-05-25 01:54:19.605 10 INFO neutron.api.wsgi [None req-2f91daef-2970-4338-8fdb-82339a86532e 473e1caa1c2d490182042a147970b59e b7248a13afed4703b366849a5cb99e4a - - default default] 10.0.0.86 "GET /v2.0/subnets?tags=red HTTP/1.1" status: 200 len: 2099 time: 0.0403128
2026-05-25 01:54:19.637 9 INFO neutron.api.v2.resource [None req-72b98008-e3e3-4767-b178-4c2b1c9709ca 062b3ac05b4e46bfa15a96c2e27618eb 4d6a385a688a4f6ba6a9c1d2030111d5 - - default default] show failed (client error): The resource could not be found.
2026-05-25 01:54:19.639 9 INFO neutron.api.wsgi [None req-72b98008-e3e3-4767-b178-4c2b1c9709ca 062b3ac05b4e46bfa15a96c2e27618eb 4d6a385a688a4f6ba6a9c1d2030111d5 - - default default] 10.0.0.86 "GET /v2.0/ports/838a9e1a-17d7-4263-b737-ed6e07fad46d/tags/green HTTP/1.1" status: 404 len: 299 time: 0.0355754
2026-05-25 01:54:19.651 10 INFO neutron.api.wsgi [None req-f766e99f-c880-460a-ac6d-6e8c6989a863 473e1caa1c2d490182042a147970b59e b7248a13afed4703b366849a5cb99e4a - - default default] 10.0.0.86 "GET /v2.0/subnets?tags=red%2Cblue HTTP/1.1" status: 200 len: 1478 time: 0.0402455
2026-05-25 01:54:19.690 9 INFO neutron.api.wsgi [None req-6de46485-b2e1-4a8e-8cee-3811520413d7 473e1caa1c2d490182042a147970b59e b7248a13afed4703b366849a5cb99e4a - - default default] 10.0.0.86 "GET /v2.0/subnets?tags-any=blue HTTP/1.1" status: 200 len: 1478 time: 0.0335720
2026-05-25 01:54:19.707 9 INFO neutron.api.wsgi [None req-51e96bc2-def8-46c1-8405-05b66a81fdfb 062b3ac05b4e46bfa15a96c2e27618eb 4d6a385a688a4f6ba6a9c1d2030111d5 - - default default] 10.0.0.86 "DELETE /v2.0/ports/838a9e1a-17d7-4263-b737-ed6e07fad46d/tags/red HTTP/1.1" status: 204 len: 168 time: 0.0619586
2026-05-25 01:54:19.722 9 INFO neutron.api.wsgi [None req-d5dcf80a-9069-4a5d-ba48-a3cab142960f 473e1caa1c2d490182042a147970b59e b7248a13afed4703b366849a5cb99e4a - - default default] 10.0.0.86 "GET /v2.0/subnets?tags-any=red%2Cblue HTTP/1.1" status: 200 len: 2099 time: 0.0280738
2026-05-25 01:54:19.747 10 INFO neutron.api.wsgi [None req-d6748f54-8e96-4218-8420-b67b0c126824 062b3ac05b4e46bfa15a96c2e27618eb 4d6a385a688a4f6ba6a9c1d2030111d5 - - default default] 10.0.0.86 "GET /v2.0/ports/838a9e1a-17d7-4263-b737-ed6e07fad46d/tags HTTP/1.1" status: 200 len: 223 time: 0.0347712
2026-05-25 01:54:19.766 9 INFO neutron.api.wsgi [None req-46e9e754-7614-429b-a141-271b2268dd0a 473e1caa1c2d490182042a147970b59e b7248a13afed4703b366849a5cb99e4a - - default default] 10.0.0.86 "GET /v2.0/subnets?not-tags=red HTTP/1.1" status: 200 len: 2089 time: 0.0393341
2026-05-25 01:54:19.792 10 INFO neutron.api.v2.resource [None req-80263341-6440-429b-81bc-ce5cd4006831 062b3ac05b4e46bfa15a96c2e27618eb 4d6a385a688a4f6ba6a9c1d2030111d5 - - default default] delete failed (client error): The resource could not be found.
2026-05-25 01:54:19.793 10 INFO neutron.api.wsgi [None req-80263341-6440-429b-81bc-ce5cd4006831 062b3ac05b4e46bfa15a96c2e27618eb 4d6a385a688a4f6ba6a9c1d2030111d5 - - default default] 10.0.0.86 "DELETE /v2.0/ports/838a9e1a-17d7-4263-b737-ed6e07fad46d/tags/green HTTP/1.1" status: 404 len: 299 time: 0.0419638
2026-05-25 01:54:19.811 9 INFO neutron.api.wsgi [None req-28676eff-05d4-4867-a024-54349db96950 473e1caa1c2d490182042a147970b59e b7248a13afed4703b366849a5cb99e4a - - default default] 10.0.0.86 "GET /v2.0/subnets?not-tags=red%2Cblue HTTP/1.1" status: 200 len: 2710 time: 0.0396092
2026-05-25 01:54:19.842 10 INFO neutron.api.wsgi [None req-37c662e4-d7ba-4026-a363-298a448d034f 062b3ac05b4e46bfa15a96c2e27618eb 4d6a385a688a4f6ba6a9c1d2030111d5 - - default default] 10.0.0.86 "DELETE /v2.0/ports/838a9e1a-17d7-4263-b737-ed6e07fad46d/tags HTTP/1.1" status: 204 len: 168 time: 0.0445161
2026-05-25 01:54:19.854 9 INFO neutron.api.wsgi [None req-68a1b2e8-eb18-42e1-9c65-4152b29cee4b 473e1caa1c2d490182042a147970b59e b7248a13afed4703b366849a5cb99e4a - - default default] 10.0.0.86 "GET /v2.0/subnets?not-tags-any=blue HTTP/1.1" status: 200 len: 2710 time: 0.0379903
2026-05-25 01:54:19.882 9 INFO neutron.api.wsgi [None req-ccb192a6-7bf3-41f9-bdfd-e623a80f2e54 473e1caa1c2d490182042a147970b59e b7248a13afed4703b366849a5cb99e4a - - default default] 10.0.0.86 "GET /v2.0/subnets?not-tags-any=red%2Cblue HTTP/1.1" status: 200 len: 2089 time: 0.0240533
2026-05-25 01:54:19.893 10 INFO neutron.api.wsgi [None req-acce2179-c14e-4cf8-b935-ddfc7474dcb4 062b3ac05b4e46bfa15a96c2e27618eb 4d6a385a688a4f6ba6a9c1d2030111d5 - - default default] 10.0.0.86 "GET /v2.0/ports/838a9e1a-17d7-4263-b737-ed6e07fad46d/tags HTTP/1.1" status: 200 len: 205 time: 0.0439901
2026-05-25 01:54:20.056 9 INFO neutron.api.wsgi [None req-21852298-e1bc-4b39-be91-c266a8736f7f 473e1caa1c2d490182042a147970b59e b7248a13afed4703b366849a5cb99e4a - - default default] 10.0.0.86 "DELETE /v2.0/subnets/9c61dcd4-77c0-48c5-918f-1777848d9378 HTTP/1.1" status: 204 len: 168 time: 0.1656935
2026-05-25 01:54:20.212 10 INFO neutron.api.wsgi [None req-54ee7896-6d88-433e-aed0-5078007e2bc5 ec01721975fd47dcb6bb6fa7dffa9b4c 910e670ffbd84a76bef0d9b22628bb7a - - default default] 10.0.0.86 "PUT /v2.0/routers/bb666755-c5d5-441b-bd0b-9de3bc5f2d50/remove_router_interface HTTP/1.1" status: 200 len: 503 time: 0.8994951
2026-05-25 01:54:20.212 9 INFO neutron.api.wsgi [None req-6584071a-1016-4a7f-9312-117f5f36cc70 473e1caa1c2d490182042a147970b59e b7248a13afed4703b366849a5cb99e4a - - default default] 10.0.0.86 "DELETE /v2.0/subnets/bed3db6c-2bc8-4061-bad1-d50c44c6acea HTTP/1.1" status: 204 len: 168 time: 0.1511338 /var/lib/openstack/lib/python3.12/site-packages/pycadf/identifier.py:71: UserWarning: Invalid uuid: neutron. To ensure interoperability, identifiers should be a valid uuid. warnings.warn(('Invalid uuid: %s. To ensure interoperability, '
2026-05-25 01:54:20.234 10 INFO neutron.api.wsgi [None req-976143f0-d737-4e82-bc05-e0d4704f9975 062b3ac05b4e46bfa15a96c2e27618eb 4d6a385a688a4f6ba6a9c1d2030111d5 - - default default] 10.0.0.86 "DELETE /v2.0/ports/838a9e1a-17d7-4263-b737-ed6e07fad46d HTTP/1.1" status: 204 len: 168 time: 0.3336670
2026-05-25 01:54:20.286 10 INFO neutron.db.ovn_revision_numbers_db [None req-020c5372-77fd-4057-bd6c-72a65d17bc96 d43276b0ca054ade821c06fdab05e1e0 dce85ce853a642d8ab454bef188237b9 - - default default] Successfully bumped revision number for resource d374faf5-3001-4677-bdbe-cf7c68cdbede (type: security_groups) to 1
2026-05-25 01:54:20.305 10 INFO neutron.db.ovn_revision_numbers_db [None req-020c5372-77fd-4057-bd6c-72a65d17bc96 d43276b0ca054ade821c06fdab05e1e0 dce85ce853a642d8ab454bef188237b9 - - default default] Successfully bumped revision number for resource 4a9ba7f5-77f6-407d-b5c7-0aed22f0130a (type: security_group_rules) to 0
2026-05-25 01:54:20.320 10 INFO neutron.db.ovn_revision_numbers_db [None req-020c5372-77fd-4057-bd6c-72a65d17bc96 d43276b0ca054ade821c06fdab05e1e0 dce85ce853a642d8ab454bef188237b9 - - default default] Successfully bumped revision number for resource 6d196eff-5ce6-42f3-a734-295dda9aa63c (type: security_group_rules) to 0
2026-05-25 01:54:20.350 10 INFO neutron.db.ovn_revision_numbers_db [None req-020c5372-77fd-4057-bd6c-72a65d17bc96 d43276b0ca054ade821c06fdab05e1e0 dce85ce853a642d8ab454bef188237b9 - - default default] Successfully bumped revision number for resource 7aaad66a-8440-41a6-8ccb-68b9b27417b4 (type: security_group_rules) to 0
2026-05-25 01:54:20.368 10 INFO neutron.db.ovn_revision_numbers_db [None req-020c5372-77fd-4057-bd6c-72a65d17bc96 d43276b0ca054ade821c06fdab05e1e0 dce85ce853a642d8ab454bef188237b9 - - default default] Successfully bumped revision number for resource 9e7432d2-7fdd-4825-9c15-66ff5f69854d (type: security_group_rules) to 0
2026-05-25 01:54:20.411 10 INFO neutron.api.wsgi [None req-020c5372-77fd-4057-bd6c-72a65d17bc96 d43276b0ca054ade821c06fdab05e1e0 dce85ce853a642d8ab454bef188237b9 - - default default] 10.0.0.86 "GET /v2.0/security-groups?tenant_id=2c81b0af85364772ab9e06e9c5b7aa69&name=default HTTP/1.1" status: 200 len: 3120 time: 0.4239388
2026-05-25 01:54:20.457 10 INFO neutron.api.wsgi [None req-91fab6f0-3356-4744-86ac-934cdf3605ab 473e1caa1c2d490182042a147970b59e b7248a13afed4703b366849a5cb99e4a - - default default] 10.0.0.86 "DELETE /v2.0/subnets/538e231b-c2bb-48a1-a960-534d002857e1 HTTP/1.1" status: 204 len: 168 time: 0.2329109
2026-05-25 01:54:20.619 10 INFO neutron.services.segments.plugin [-] Segment 6b16ef08-5e5f-4957-abb5-f05d97c01835 resource provider aggregate not found
2026-05-25 01:54:20.624 10 INFO neutron.services.segments.plugin [-] Segment 6b16ef08-5e5f-4957-abb5-f05d97c01835 resource provider aggregate not found
2026-05-25 01:54:20.630 10 INFO neutron.services.segments.plugin [-] Segment 6b16ef08-5e5f-4957-abb5-f05d97c01835 resource provider not found; error: Placement Client Error (4xx): {"errors": [{"status": 404, "title": "Not Found", "detail": "The resource could not be found.\n\n No resource provider with uuid 6b16ef08-5e5f-4957-abb5-f05d97c01835 found for delete ", "request_id": "req-871ffb12-7f24-4ea0-9047-0243e2623fe8"}]}
2026-05-25 01:54:20.637 10 INFO neutron.services.segments.plugin [-] Segment 6b16ef08-5e5f-4957-abb5-f05d97c01835 resource provider not found; error: Placement Client Error (4xx): {"errors": [{"status": 404, "title": "Not Found", "detail": "The resource could not be found.\n\n No resource provider with uuid 6b16ef08-5e5f-4957-abb5-f05d97c01835 found for delete ", "request_id": "req-d04310f7-0cfc-4421-b94b-07aeebb646f5"}]}
2026-05-25 01:54:20.647 10 INFO neutron.api.wsgi [None req-e6633eea-04ef-4dbd-9086-229162dd0b4d d43276b0ca054ade821c06fdab05e1e0 dce85ce853a642d8ab454bef188237b9 - - default default] 10.0.0.86 "DELETE /v2.0/security-groups/d374faf5-3001-4677-bdbe-cf7c68cdbede HTTP/1.1" status: 204 len: 168 time: 0.2301531
2026-05-25 01:54:20.665 9 INFO neutron.api.wsgi [None req-3e6e66cb-14ee-4987-82a0-e50d29415b28 473e1caa1c2d490182042a147970b59e b7248a13afed4703b366849a5cb99e4a - - default default] 10.0.0.86 "DELETE /v2.0/subnets/ca5b8286-4617-495a-a1bf-f34bd38cd308 HTTP/1.1" status: 204 len: 168 time: 0.2029369
2026-05-25 01:54:20.666 10 INFO neutron.api.wsgi [None req-deba692f-a4fa-42c8-958e-84d884731998 062b3ac05b4e46bfa15a96c2e27618eb 4d6a385a688a4f6ba6a9c1d2030111d5 - - default default] 10.0.0.86 "DELETE /v2.0/networks/11882428-d6eb-4f99-b230-6862c4ecac1a HTTP/1.1" status: 204 len: 168 time: 0.4255626
2026-05-25 01:54:21.370 10 INFO neutron.db.ovn_revision_numbers_db [None req-c060531a-0676-44a7-8a06-9b0a833c0f16 d43276b0ca054ade821c06fdab05e1e0 dce85ce853a642d8ab454bef188237b9 - - default default] Successfully bumped revision number for resource b0b3cdff-60c7-4c29-a094-1077c764cb86 (type: security_groups) to 1
2026-05-25 01:54:21.388 10 INFO neutron.db.ovn_revision_numbers_db [None req-c060531a-0676-44a7-8a06-9b0a833c0f16 d43276b0ca054ade821c06fdab05e1e0 dce85ce853a642d8ab454bef188237b9 - - default default] Successfully bumped revision number for resource 64713a20-44e0-46b5-8a39-5385e3057caa (type: security_group_rules) to 0
2026-05-25 01:54:21.405 10 INFO neutron.db.ovn_revision_numbers_db [None req-c060531a-0676-44a7-8a06-9b0a833c0f16 d43276b0ca054ade821c06fdab05e1e0 dce85ce853a642d8ab454bef188237b9 - - default default] Successfully bumped revision number for resource 7c233dba-2694-4bd6-8f1b-a67955bf29cc (type: security_group_rules) to 0
2026-05-25 01:54:21.416 10 INFO neutron.db.ovn_revision_numbers_db [None req-c060531a-0676-44a7-8a06-9b0a833c0f16 d43276b0ca054ade821c06fdab05e1e0 dce85ce853a642d8ab454bef188237b9 - - default default] Successfully bumped revision number for resource cd8d1562-de97-416b-9c2e-e564164c87bc (type: security_group_rules) to 0
2026-05-25 01:54:21.429 10 INFO neutron.db.ovn_revision_numbers_db [None req-c060531a-0676-44a7-8a06-9b0a833c0f16 d43276b0ca054ade821c06fdab05e1e0 dce85ce853a642d8ab454bef188237b9 - - default default] Successfully bumped revision number for resource d4aeacda-c1df-4f43-b51e-d4d1d7b37299 (type: security_group_rules) to 0
2026-05-25 01:54:21.465 10 INFO neutron.api.wsgi [None req-c060531a-0676-44a7-8a06-9b0a833c0f16 d43276b0ca054ade821c06fdab05e1e0 dce85ce853a642d8ab454bef188237b9 - - default default] 10.0.0.86 "GET /v2.0/security-groups?tenant_id=8f1dbe1c607a4b7980df822b1e21ac0d&name=default HTTP/1.1" status: 200 len: 3120 time: 0.2832115
2026-05-25 01:54:21.490 9 INFO neutron.api.wsgi [None req-3f5b4dcf-3a0e-4ff7-9245-550cf732569f 473e1caa1c2d490182042a147970b59e b7248a13afed4703b366849a5cb99e4a - - default default] 10.0.0.86 "DELETE /v2.0/subnets/2f39e468-9e0d-4015-a7da-608530eeefdd HTTP/1.1" status: 204 len: 168 time: 0.8202760
2026-05-25 01:54:21.529 9 INFO neutron.api.wsgi [None req-0067494a-8717-44a8-981b-37eeff395eb8 ec01721975fd47dcb6bb6fa7dffa9b4c 910e670ffbd84a76bef0d9b22628bb7a - - default default] 10.0.0.86 "DELETE /v2.0/routers/bb666755-c5d5-441b-bd0b-9de3bc5f2d50 HTTP/1.1" status: 204 len: 168 time: 1.3065233
2026-05-25 01:54:21.594 9 INFO neutron.api.wsgi [None req-c353bb5b-beda-4b00-bbf9-67a22b27981f ec01721975fd47dcb6bb6fa7dffa9b4c 910e670ffbd84a76bef0d9b22628bb7a - - default default] 10.0.0.86 "GET /v2.0/routers/6502ab14-e84c-413d-8596-fc5c2c49aeb9 HTTP/1.1" status: 200 len: 1137 time: 0.0615554
2026-05-25 01:54:21.676 10 INFO neutron.api.wsgi [None req-3a75687d-6e6e-4507-bf28-f254d2ff1d96 d43276b0ca054ade821c06fdab05e1e0 dce85ce853a642d8ab454bef188237b9 - - default default] 10.0.0.86 "DELETE /v2.0/security-groups/b0b3cdff-60c7-4c29-a094-1077c764cb86 HTTP/1.1" status: 204 len: 168 time: 0.2060776
2026-05-25 01:54:21.792 10 INFO neutron.api.wsgi [None req-63fc4e64-7f02-43d2-8f59-d411561c78b2 473e1caa1c2d490182042a147970b59e b7248a13afed4703b366849a5cb99e4a - - default default] 10.0.0.86 "DELETE /v2.0/networks/c4c8c717-3276-4913-ae09-c5a71f31294b HTTP/1.1" status: 204 len: 168 time: 0.2972558
2026-05-25 01:54:21.811 9 INFO neutron.api.wsgi [None req-4d3b79cd-7bc8-445a-9942-f28253029448 d43276b0ca054ade821c06fdab05e1e0 dce85ce853a642d8ab454bef188237b9 - - default default] 10.0.0.86 "GET /v2.0/security-groups?tenant_id=4d6a385a688a4f6ba6a9c1d2030111d5&name=default HTTP/1.1" status: 200 len: 3120 time: 0.0403178
2026-05-25 01:54:22.086 9 INFO neutron.api.wsgi [None req-dc497bfc-8a07-466a-8c2d-473d20748f35 d43276b0ca054ade821c06fdab05e1e0 dce85ce853a642d8ab454bef188237b9 - - default default] 10.0.0.86 "DELETE /v2.0/security-groups/cd02b58c-14d7-4c63-8586-4b9732034ab1 HTTP/1.1" status: 204 len: 168 time: 0.2705169
2026-05-25 01:54:22.125 10 INFO neutron.api.wsgi [None req-4f26dcf6-4102-4ee1-b8d0-b1f6964fbd6a 473e1caa1c2d490182042a147970b59e b7248a13afed4703b366849a5cb99e4a - - default default] 10.0.0.86 "DELETE /v2.0/networks/5754798d-eff4-45d7-9a2a-191a6581c675 HTTP/1.1" status: 204 len: 168 time: 0.3265865
2026-05-25 01:54:22.302 9 INFO neutron.db.ovn_revision_numbers_db [None req-663ff2d3-63b3-44ec-b9c1-be70cebfd649 ec01721975fd47dcb6bb6fa7dffa9b4c 910e670ffbd84a76bef0d9b22628bb7a - - default default] Successfully bumped revision number for resource 6502ab14-e84c-413d-8596-fc5c2c49aeb9 (type: routers) to 5
2026-05-25 01:54:22.307 9 INFO neutron.api.wsgi [None req-663ff2d3-63b3-44ec-b9c1-be70cebfd649 ec01721975fd47dcb6bb6fa7dffa9b4c 910e670ffbd84a76bef0d9b22628bb7a - - default default] 10.0.0.86 "PUT /v2.0/routers/6502ab14-e84c-413d-8596-fc5c2c49aeb9 HTTP/1.1" status: 200 len: 1137 time: 0.7076955
2026-05-25 01:54:22.403 10 INFO neutron.api.wsgi [None req-8fc28efb-a87a-4126-8460-252adb4119a8 ec01721975fd47dcb6bb6fa7dffa9b4c 910e670ffbd84a76bef0d9b22628bb7a - - default default] 10.0.0.86 "GET /v2.0/ports?device_id=6502ab14-e84c-413d-8596-fc5c2c49aeb9 HTTP/1.1" status: 200 len: 1144 time: 0.0916514
2026-05-25 01:54:22.420 10 INFO neutron.api.wsgi [None req-5485b485-fd92-49f4-9044-d55dc2bf5dad d43276b0ca054ade821c06fdab05e1e0 dce85ce853a642d8ab454bef188237b9 - - default default] 10.0.0.44 "GET /v2.0/networks HTTP/1.1" status: 200 len: 6694 time: 0.2286296
2026-05-25 01:54:22.441 9 INFO neutron.services.segments.plugin [-] Segment 6898bfff-3d3c-4e0f-b7ad-2ee24202e4b4 resource provider aggregate not found
2026-05-25 01:54:22.444 9 INFO neutron.services.segments.plugin [-] Segment 6898bfff-3d3c-4e0f-b7ad-2ee24202e4b4 resource provider aggregate not found
2026-05-25 01:54:22.453 10 INFO neutron.api.wsgi [None req-0f6f357f-0fcb-48e3-95bf-1d87b65e8817 d43276b0ca054ade821c06fdab05e1e0 dce85ce853a642d8ab454bef188237b9 - - default default] 10.0.0.44 "GET /v2.0/network-ip-availabilities HTTP/1.1" status: 200 len: 3322 time: 0.0132656
2026-05-25 01:54:22.457 9 INFO neutron.services.segments.plugin [-] Segment 6898bfff-3d3c-4e0f-b7ad-2ee24202e4b4 resource provider not found; error: Placement Client Error (4xx): {"errors": [{"status": 404, "title": "Not Found", "detail": "The resource could not be found.\n\n No resource provider with uuid 6898bfff-3d3c-4e0f-b7ad-2ee24202e4b4 found for delete ", "request_id": "req-8046d5b1-4fe8-45ac-acab-bbb7568d4398"}]}
2026-05-25 01:54:22.458 9 INFO neutron.services.segments.plugin [-] Segment 6898bfff-3d3c-4e0f-b7ad-2ee24202e4b4 resource provider not found; error: Placement Client Error (4xx): {"errors": [{"status": 404, "title": "Not Found", "detail": "The resource could not be found.\n\n No resource provider with uuid 6898bfff-3d3c-4e0f-b7ad-2ee24202e4b4 found for delete ", "request_id": "req-2389c3fe-cfb6-42e0-8ddd-0c798a1c0016"}]}
2026-05-25 01:54:22.483 9 INFO neutron.api.wsgi [None req-f494e43d-1d7b-478c-9102-23b306eb5df7 473e1caa1c2d490182042a147970b59e b7248a13afed4703b366849a5cb99e4a - - default default] 10.0.0.86 "DELETE /v2.0/networks/0048a53c-76fa-4287-93bc-555f54c677bf HTTP/1.1" status: 204 len: 168 time: 0.3524415
2026-05-25 01:54:22.525 9 INFO neutron.db.ovn_revision_numbers_db [None req-f3e2f396-c90d-4b52-961a-489752f03352 d43276b0ca054ade821c06fdab05e1e0 dce85ce853a642d8ab454bef188237b9 - - default default] Successfully bumped revision number for resource 1577923b-9f43-4229-a69b-22dac321ced4 (type: security_groups) to 1
2026-05-25 01:54:22.555 9 INFO neutron.db.ovn_revision_numbers_db [None req-f3e2f396-c90d-4b52-961a-489752f03352 d43276b0ca054ade821c06fdab05e1e0 dce85ce853a642d8ab454bef188237b9 - - default default] Successfully bumped revision number for resource 000f9343-fff8-4d37-9605-35ce141980bf (type: security_group_rules) to 0
2026-05-25 01:54:22.566 9 INFO neutron.db.ovn_revision_numbers_db [None req-f3e2f396-c90d-4b52-961a-489752f03352 d43276b0ca054ade821c06fdab05e1e0 dce85ce853a642d8ab454bef188237b9 - - default default] Successfully bumped revision number for resource 221263b5-bb4d-40f3-aa6c-add2ef260819 (type: security_group_rules) to 0
2026-05-25 01:54:22.566 10 INFO neutron.api.wsgi [None req-7e055f9e-91fb-4be4-97d3-5a9fdd3fbefe d43276b0ca054ade821c06fdab05e1e0 dce85ce853a642d8ab454bef188237b9 - - default default] 10.0.0.44 "GET /v2.0/routers HTTP/1.1" status: 200 len: 1133 time: 0.1119850
2026-05-25 01:54:22.588 9 INFO neutron.db.ovn_revision_numbers_db [None req-f3e2f396-c90d-4b52-961a-489752f03352 d43276b0ca054ade821c06fdab05e1e0 dce85ce853a642d8ab454bef188237b9 - - default default] Successfully bumped revision number for resource 2e6ad594-b335-4ef3-a378-2dcf0bf5dcf6 (type: security_group_rules) to 0
2026-05-25 01:54:22.602 10 INFO neutron.api.wsgi [None req-3587d237-8174-48f4-9a83-4e6731bd02eb d43276b0ca054ade821c06fdab05e1e0 dce85ce853a642d8ab454bef188237b9 - - default default] 10.0.0.44 "GET /v2.0/agents?binary=ovn-controller HTTP/1.1" status: 200 len: 591 time: 0.0340302
2026-05-25 01:54:22.611 9 INFO neutron.db.ovn_revision_numbers_db [None req-f3e2f396-c90d-4b52-961a-489752f03352 d43276b0ca054ade821c06fdab05e1e0 dce85ce853a642d8ab454bef188237b9 - - default default] Successfully bumped revision number for resource acc2560c-9964-4c98-ab27-d6c2357bfb22 (type: security_group_rules) to 0
2026-05-25 01:54:22.618 10 INFO neutron.api.wsgi [None req-de4e65a0-f4d9-4600-8f0c-17d99fbcedba d43276b0ca054ade821c06fdab05e1e0 dce85ce853a642d8ab454bef188237b9 - - default default] 10.0.0.44 "GET /v2.0/agents HTTP/1.1" status: 200 len: 1390 time: 0.0138547
2026-05-25 01:54:22.654 10 INFO neutron.api.wsgi [None req-793500a3-ce88-4f7d-a1e3-3c99ab5399db d43276b0ca054ade821c06fdab05e1e0 dce85ce853a642d8ab454bef188237b9 - - default default] 10.0.0.44 "GET /v2.0/floatingips HTTP/1.1" status: 200 len: 193 time: 0.0341654
2026-05-25 01:54:22.678 9 INFO neutron.db.segments_db [None req-f3e2f396-c90d-4b52-961a-489752f03352 d43276b0ca054ade821c06fdab05e1e0 dce85ce853a642d8ab454bef188237b9 - - default default] Added segment d523d215-eaea-4443-ab79-a5f1e11df15e of type geneve for network cc30bc85-a2a6-44fe-b04c-68c13b005ef1
2026-05-25 01:54:22.781 9 INFO neutron.db.ovn_revision_numbers_db [None req-f3e2f396-c90d-4b52-961a-489752f03352 d43276b0ca054ade821c06fdab05e1e0 dce85ce853a642d8ab454bef188237b9 - - default default] Successfully bumped revision number for resource cc30bc85-a2a6-44fe-b04c-68c13b005ef1 (type: networks) to 1
2026-05-25 01:54:22.927 9 WARNING neutron.scheduler.dhcp_agent_scheduler [None req-f3e2f396-c90d-4b52-961a-489752f03352 d43276b0ca054ade821c06fdab05e1e0 dce85ce853a642d8ab454bef188237b9 - - default default] No more DHCP agents
2026-05-25 01:54:22.929 9 WARNING neutron.api.rpc.agentnotifiers.dhcp_rpc_agent_api [None req-f3e2f396-c90d-4b52-961a-489752f03352 d43276b0ca054ade821c06fdab05e1e0 dce85ce853a642d8ab454bef188237b9 - - default default] Unable to schedule network cc30bc85-a2a6-44fe-b04c-68c13b005ef1: no agents available; will retry on subsequent port and subnet creation events.
2026-05-25 01:54:22.988 9 INFO neutron.db.ovn_revision_numbers_db [None req-f3e2f396-c90d-4b52-961a-489752f03352 d43276b0ca054ade821c06fdab05e1e0 dce85ce853a642d8ab454bef188237b9 - - default default] Successfully bumped revision number for resource c38e7994-5c97-47c5-a37b-f6c75d3822ed (type: ports) to 1
2026-05-25 01:54:23.009 9 INFO neutron.api.wsgi [None req-f3e2f396-c90d-4b52-961a-489752f03352 d43276b0ca054ade821c06fdab05e1e0 dce85ce853a642d8ab454bef188237b9 - - default default] 10.0.0.86 "POST /v2.0/networks HTTP/1.1" status: 201 len: 943 time: 0.6661687
2026-05-25 01:54:23.110 9 WARNING neutron.scheduler.dhcp_agent_scheduler [None req-49e70945-1332-4bff-b830-d6f1d410089b d43276b0ca054ade821c06fdab05e1e0 dce85ce853a642d8ab454bef188237b9 - - default default] No more DHCP agents
2026-05-25 01:54:23.111 9 WARNING neutron.api.rpc.agentnotifiers.dhcp_rpc_agent_api [None req-49e70945-1332-4bff-b830-d6f1d410089b d43276b0ca054ade821c06fdab05e1e0 dce85ce853a642d8ab454bef188237b9 - - default default] Unable to schedule network cc30bc85-a2a6-44fe-b04c-68c13b005ef1: no agents available; will retry on subsequent port and subnet creation events.
2026-05-25 01:54:23.132 10 INFO neutron.services.segments.plugin [-] Segment 89a62f74-0de4-4669-87f1-06126c4f64a1 resource provider aggregate not found
2026-05-25 01:54:23.138 10 INFO neutron.services.segments.plugin [-] Segment 89a62f74-0de4-4669-87f1-06126c4f64a1 resource provider aggregate not found
2026-05-25 01:54:23.168 10 INFO neutron.services.segments.plugin [-] Segment 89a62f74-0de4-4669-87f1-06126c4f64a1 resource provider not found; error: Placement Client Error (4xx): {"errors": [{"status": 404, "title": "Not Found", "detail": "The resource could not be found.\n\n No resource provider with uuid 89a62f74-0de4-4669-87f1-06126c4f64a1 found for delete ", "request_id": "req-2f904848-2a0d-48a6-8cbb-2d5bc7777735"}]}
2026-05-25 01:54:23.172 10 INFO neutron.services.segments.plugin [-] Segment 89a62f74-0de4-4669-87f1-06126c4f64a1 resource provider not found; error: Placement Client Error (4xx): {"errors": [{"status": 404, "title": "Not Found", "detail": "The resource could not be found.\n\n No resource provider with uuid 89a62f74-0de4-4669-87f1-06126c4f64a1 found for delete ", "request_id": "req-f6f8c92b-d7bc-4ff7-bb91-fcb7445ab300"}]}
2026-05-25 01:54:23.187 10 INFO neutron.services.segments.plugin [-] Segment 15c60d59-43d3-4a07-a85c-65668fd158f1 resource provider aggregate not found
2026-05-25 01:54:23.191 10 INFO neutron.services.segments.plugin [-] Segment 15c60d59-43d3-4a07-a85c-65668fd158f1 resource provider aggregate not found
2026-05-25 01:54:23.206 10 INFO neutron.api.wsgi [None req-cf93fa74-0a57-4419-bc5e-314786f0ee69 d43276b0ca054ade821c06fdab05e1e0 dce85ce853a642d8ab454bef188237b9 - - default default] 10.0.0.44 "GET /v2.0/security-groups HTTP/1.1" status: 200 len: 26290 time: 0.5502183
2026-05-25 01:54:23.206 10 INFO neutron.services.segments.plugin [-] Segment 15c60d59-43d3-4a07-a85c-65668fd158f1 resource provider not found; error: Placement Client Error (4xx): {"errors": [{"status": 404, "title": "Not Found", "detail": "The resource could not be found.\n\n No resource provider with uuid 15c60d59-43d3-4a07-a85c-65668fd158f1 found for delete ", "request_id": "req-8f81de3a-94fd-4ecc-9e57-c03c1f6ec292"}]}
2026-05-25 01:54:23.209 10 INFO neutron.services.segments.plugin [-] Segment 15c60d59-43d3-4a07-a85c-65668fd158f1 resource provider not found; error: Placement Client Error (4xx): {"errors": [{"status": 404, "title": "Not Found", "detail": "The resource could not be found.\n\n No resource provider with uuid 15c60d59-43d3-4a07-a85c-65668fd158f1 found for delete ", "request_id": "req-8ecddce4-7668-49c7-a9d0-755c2c09ad8e"}]}
2026-05-25 01:54:23.266 10 INFO neutron.api.wsgi [None req-637e96e7-dd48-44fe-b72e-cfad03217320 d43276b0ca054ade821c06fdab05e1e0 dce85ce853a642d8ab454bef188237b9 - - default default] 10.0.0.44 "GET /v2.0/subnets HTTP/1.1" status: 200 len: 4070 time: 0.0529890
2026-05-25 01:54:23.359 10 INFO neutron.api.wsgi [None req-a474bdc9-4bca-4dec-92ac-de54bbdf5a57 d43276b0ca054ade821c06fdab05e1e0 dce85ce853a642d8ab454bef188237b9 - - default default] 10.0.0.44 "GET /v2.0/ports HTTP/1.1" status: 200 len: 13374 time: 0.0888922
2026-05-25 01:54:23.418 10 INFO neutron.api.wsgi [None req-ab984615-834f-4ba8-9af0-50ee47e8f3b9 d43276b0ca054ade821c06fdab05e1e0 dce85ce853a642d8ab454bef188237b9 - - default default] 10.0.0.44 "GET /v2.0/subnets HTTP/1.1" status: 200 len: 4070 time: 0.0495665
2026-05-25 01:54:23.438 10 INFO neutron.api.wsgi [None req-fac908d7-ad74-4146-abed-8dabfce85971 d43276b0ca054ade821c06fdab05e1e0 dce85ce853a642d8ab454bef188237b9 - - default default] 10.0.0.44 "GET /v2.0/subnetpools HTTP/1.1" status: 200 len: 193 time: 0.0190969
2026-05-25 01:54:23.445 9 INFO neutron.db.ovn_revision_numbers_db [None req-bcbfb650-9689-425a-9453-b23bd8ebf637 - - - - - -] Successfully bumped revision number for resource c38e7994-5c97-47c5-a37b-f6c75d3822ed (type: ports) to 2
2026-05-25 01:54:23.465 9 INFO neutron.db.ovn_revision_numbers_db [None req-bcbfb650-9689-425a-9453-b23bd8ebf637 - - - - - -] Successfully bumped revision number for resource 085c7568-3c73-400f-b5fd-add3e1751775 (type: subnets) to 0
2026-05-25 01:54:23.476 9 INFO neutron.api.wsgi [None req-49e70945-1332-4bff-b830-d6f1d410089b d43276b0ca054ade821c06fdab05e1e0 dce85ce853a642d8ab454bef188237b9 - - default default] 10.0.0.86 "POST /v2.0/subnets HTTP/1.1" status: 201 len: 887 time: 0.4597735
2026-05-25 01:54:23.577 10 INFO neutron.api.wsgi [None req-27c7829e-c411-4e38-af7a-e438d4583069 473e1caa1c2d490182042a147970b59e b7248a13afed4703b366849a5cb99e4a - - default default] 10.0.0.86 "DELETE /v2.0/networks/4de7257c-c3a0-4f98-9316-08a1e56d5be1 HTTP/1.1" status: 204 len: 168 time: 1.0817094
2026-05-25 01:54:23.818 9 WARNING neutron.scheduler.dhcp_agent_scheduler [None req-94fd36d7-54b3-4a85-b9bb-29c4eb6ecbbe d43276b0ca054ade821c06fdab05e1e0 dce85ce853a642d8ab454bef188237b9 - - default default] No more DHCP agents
2026-05-25 01:54:23.819 9 WARNING neutron.api.rpc.agentnotifiers.dhcp_rpc_agent_api [None req-94fd36d7-54b3-4a85-b9bb-29c4eb6ecbbe d43276b0ca054ade821c06fdab05e1e0 dce85ce853a642d8ab454bef188237b9 - - default default] Unable to schedule network d9c03ca6-eb63-448c-8ba1-9ca0f410c15a: no agents available; will retry on subsequent port and subnet creation events.
2026-05-25 01:54:23.929 9 INFO neutron.db.ovn_revision_numbers_db [None req-94fd36d7-54b3-4a85-b9bb-29c4eb6ecbbe d43276b0ca054ade821c06fdab05e1e0 dce85ce853a642d8ab454bef188237b9 - - default default] Successfully bumped revision number for resource 6a212e1f-c096-438a-a8e4-a49933d0a911 (type: ports) to 1
2026-05-25 01:54:23.957 10 INFO neutron.api.wsgi [None req-dd0126ac-c431-43ea-a994-d39030a50f0b 473e1caa1c2d490182042a147970b59e b7248a13afed4703b366849a5cb99e4a - - default default] 10.0.0.86 "DELETE /v2.0/networks/bc8063ed-9f14-40ba-b328-279594ad84a6 HTTP/1.1" status: 204 len: 168 time: 0.3749921
2026-05-25 01:54:24.024 10 INFO neutron.api.wsgi [None req-9beecbad-4452-421c-957b-25a185484f17 ec01721975fd47dcb6bb6fa7dffa9b4c 910e670ffbd84a76bef0d9b22628bb7a - - default default] 10.0.0.86 "PUT /v2.0/routers/6502ab14-e84c-413d-8596-fc5c2c49aeb9/remove_router_interface HTTP/1.1" status: 200 len: 503 time: 1.6156895 /var/lib/openstack/lib/python3.12/site-packages/pycadf/identifier.py:71: UserWarning: Invalid uuid: neutron. To ensure interoperability, identifiers should be a valid uuid. warnings.warn(('Invalid uuid: %s. To ensure interoperability, '
2026-05-25 01:54:24.442 9 INFO neutron.plugins.ml2.drivers.ovn.mech_driver.ovsdb.commands [None req-df05cee8-1ed9-4129-ba3d-dfef9dc0d586 - - - - - -] Schedule LRP lrp-6a212e1f-c096-438a-a8e4-a49933d0a911 on gateway 047dd736-e476-4af6-a215-36eeee22072f with priority 1
2026-05-25 01:54:24.451 10 INFO neutron.plugins.ml2.drivers.ovn.mech_driver.mech_driver [None req-cf2b7022-8da1-45ed-9817-4a85be806982 - - - - - -] OVN reports status up for port: 6a212e1f-c096-438a-a8e4-a49933d0a911
2026-05-25 01:54:24.466 10 INFO neutron.plugins.ml2.plugin [None req-cf2b7022-8da1-45ed-9817-4a85be806982 - - - - - -] Attempt 1 to provision port 6a212e1f-c096-438a-a8e4-a49933d0a911
2026-05-25 01:54:24.473 10 INFO neutron.plugins.ml2.drivers.ovn.mech_driver.ovsdb.ovsdb_monitor [None req-91cd46d9-59d9-4750-be06-0027da46e5ac - - - - - -] Router 3795f016-a3c2-4eb6-a764-a736a70ee88f is bound to host instance
2026-05-25 01:54:24.497 9 INFO neutron.db.ovn_revision_numbers_db [None req-94fd36d7-54b3-4a85-b9bb-29c4eb6ecbbe d43276b0ca054ade821c06fdab05e1e0 dce85ce853a642d8ab454bef188237b9 - - default default] Successfully bumped revision number for resource 6a212e1f-c096-438a-a8e4-a49933d0a911 (type: router_ports) to 1
2026-05-25 01:54:24.562 9 INFO neutron.db.ovn_revision_numbers_db [None req-94fd36d7-54b3-4a85-b9bb-29c4eb6ecbbe d43276b0ca054ade821c06fdab05e1e0 dce85ce853a642d8ab454bef188237b9 - - default default] Successfully bumped revision number for resource 3795f016-a3c2-4eb6-a764-a736a70ee88f (type: routers) to 2
2026-05-25 01:54:24.579 9 INFO neutron.api.wsgi [None req-94fd36d7-54b3-4a85-b9bb-29c4eb6ecbbe d43276b0ca054ade821c06fdab05e1e0 dce85ce853a642d8ab454bef188237b9 - - default default] 10.0.0.86 "POST /v2.0/routers HTTP/1.1" status: 201 len: 1165 time: 1.0991180
2026-05-25 01:54:24.776 10 INFO neutron.api.wsgi [None req-0f387927-63fb-494e-81b6-1f5fa38f6632 ec01721975fd47dcb6bb6fa7dffa9b4c 910e670ffbd84a76bef0d9b22628bb7a - - default default] 10.0.0.86 "DELETE /v2.0/routers/6502ab14-e84c-413d-8596-fc5c2c49aeb9 HTTP/1.1" status: 204 len: 168 time: 0.7479460
2026-05-25 01:54:24.799 10 INFO neutron.api.v2.resource [None req-b2a835e3-bb87-44ce-b438-e756ea7d4bac ec01721975fd47dcb6bb6fa7dffa9b4c 910e670ffbd84a76bef0d9b22628bb7a - - default default] show failed (client error): The resource could not be found.
2026-05-25 01:54:24.800 10 INFO neutron.api.wsgi [None req-b2a835e3-bb87-44ce-b438-e756ea7d4bac ec01721975fd47dcb6bb6fa7dffa9b4c 910e670ffbd84a76bef0d9b22628bb7a - - default default] 10.0.0.86 "GET /v2.0/routers/97fe4265-5078-43a6-b897-f5b1ba38d740 HTTP/1.1" status: 404 len: 336 time: 0.0177546
2026-05-25 01:54:24.963 10 INFO neutron.db.ovn_revision_numbers_db [None req-f99577ba-4e65-4709-8f96-8d6e5754a42c - - - - - -] Successfully bumped revision number for resource 6a212e1f-c096-438a-a8e4-a49933d0a911 (type: ports) to 1
2026-05-25 01:54:24.995 9 INFO neutron.db.ovn_revision_numbers_db [None req-f3e07568-bf34-40bc-9dca-1e0466013322 d43276b0ca054ade821c06fdab05e1e0 dce85ce853a642d8ab454bef188237b9 - - default default] Successfully bumped revision number for resource 96514ffe-7d91-4bf1-b24b-8a658f3e2bb1 (type: security_groups) to 1
2026-05-25 01:54:25.013 9 INFO neutron.db.ovn_revision_numbers_db [None req-f3e07568-bf34-40bc-9dca-1e0466013322 d43276b0ca054ade821c06fdab05e1e0 dce85ce853a642d8ab454bef188237b9 - - default default] Successfully bumped revision number for resource 59f8004c-8404-476a-87f0-55fd5a90116b (type: security_group_rules) to 0
2026-05-25 01:54:25.028 9 INFO neutron.db.ovn_revision_numbers_db [None req-f3e07568-bf34-40bc-9dca-1e0466013322 d43276b0ca054ade821c06fdab05e1e0 dce85ce853a642d8ab454bef188237b9 - - default default] Successfully bumped revision number for resource 84e89632-aff4-4590-b5cf-5c2ca3ccaf5f (type: security_group_rules) to 0
2026-05-25 01:54:25.035 9 INFO neutron.api.wsgi [None req-b1f09d40-3469-4466-a51a-422f475d64d5 ec01721975fd47dcb6bb6fa7dffa9b4c 910e670ffbd84a76bef0d9b22628bb7a - - default default] 10.0.0.86 "DELETE /v2.0/subnets/b5ad4e8c-a4d6-4e64-a2e9-c27a779dab98 HTTP/1.1" status: 204 len: 168 time: 0.2279849
2026-05-25 01:54:25.042 9 INFO neutron.db.ovn_revision_numbers_db [None req-f3e07568-bf34-40bc-9dca-1e0466013322 d43276b0ca054ade821c06fdab05e1e0 dce85ce853a642d8ab454bef188237b9 - - default default] Successfully bumped revision number for resource a529695b-42bc-4f1f-8af2-bb4a5401043d (type: security_group_rules) to 0
2026-05-25 01:54:25.043 9 WARNING neutron.scheduler.dhcp_agent_scheduler [None req-dd16fb21-e06b-4ca1-8425-96051a9564e0 d43276b0ca054ade821c06fdab05e1e0 dce85ce853a642d8ab454bef188237b9 - - default default] No more DHCP agents
2026-05-25 01:54:25.044 9 WARNING neutron.api.rpc.agentnotifiers.dhcp_rpc_agent_api [None req-dd16fb21-e06b-4ca1-8425-96051a9564e0 d43276b0ca054ade821c06fdab05e1e0 dce85ce853a642d8ab454bef188237b9 - - default default] Unable to schedule network cc30bc85-a2a6-44fe-b04c-68c13b005ef1: no agents available; will retry on subsequent port and subnet creation events.
2026-05-25 01:54:25.056 9 INFO neutron.db.ovn_revision_numbers_db [None req-f3e07568-bf34-40bc-9dca-1e0466013322 d43276b0ca054ade821c06fdab05e1e0 dce85ce853a642d8ab454bef188237b9 - - default default] Successfully bumped revision number for resource e1f525ed-7842-4be5-af20-5bbf200f38c6 (type: security_group_rules) to 0
2026-05-25 01:54:25.091 9 INFO neutron.api.wsgi [None req-f3e07568-bf34-40bc-9dca-1e0466013322 d43276b0ca054ade821c06fdab05e1e0 dce85ce853a642d8ab454bef188237b9 - - default default] 10.0.0.86 "GET /v2.0/security-groups?tenant_id=5f61abb8541540bd90d2b871a3fd117e&name=default HTTP/1.1" status: 200 len: 3120 time: 0.4081509
2026-05-25 01:54:25.185 9 INFO neutron.db.ovn_revision_numbers_db [None req-dd16fb21-e06b-4ca1-8425-96051a9564e0 d43276b0ca054ade821c06fdab05e1e0 dce85ce853a642d8ab454bef188237b9 - - default default] Successfully bumped revision number for resource de57c57c-d2b8-4042-a488-2f07e376dac0 (type: ports) to 1
2026-05-25 01:54:25.197 10 INFO neutron.api.wsgi [None req-82b35db8-56d9-4f2c-8561-eff7246dbbd1 ec01721975fd47dcb6bb6fa7dffa9b4c 910e670ffbd84a76bef0d9b22628bb7a - - default default] 10.0.0.86 "DELETE /v2.0/subnets/0f8197da-a347-4c3b-9de4-7cac59142222 HTTP/1.1" status: 204 len: 168 time: 0.1567171
2026-05-25 01:54:25.219 10 INFO neutron.services.segments.plugin [-] Segment c8650db6-4dc5-4c4e-8502-37a59a52ce9d resource provider aggregate not found
2026-05-25 01:54:25.228 10 INFO neutron.services.segments.plugin [-] Segment c8650db6-4dc5-4c4e-8502-37a59a52ce9d resource provider not found; error: Placement Client Error (4xx): {"errors": [{"status": 404, "title": "Not Found", "detail": "The resource could not be found.\n\n No resource provider with uuid c8650db6-4dc5-4c4e-8502-37a59a52ce9d found for delete ", "request_id": "req-34338e34-4674-488a-9382-538c167c3154"}]}
2026-05-25 01:54:25.230 10 INFO neutron.services.segments.plugin [-] Segment c8650db6-4dc5-4c4e-8502-37a59a52ce9d resource provider aggregate not found
2026-05-25 01:54:25.241 10 INFO neutron.services.segments.plugin [-] Segment c4f100f8-714c-4e7c-b0f2-dd8a83ce2bc1 resource provider aggregate not found
2026-05-25 01:54:25.243 10 INFO neutron.services.segments.plugin [-] Segment c8650db6-4dc5-4c4e-8502-37a59a52ce9d resource provider not found; error: Placement Client Error (4xx): {"errors": [{"status": 404, "title": "Not Found", "detail": "The resource could not be found.\n\n No resource provider with uuid c8650db6-4dc5-4c4e-8502-37a59a52ce9d found for delete ", "request_id": "req-997963e6-c1ca-4e6f-bd27-037535e8b94a"}]}
2026-05-25 01:54:25.253 10 INFO neutron.services.segments.plugin [-] Segment c4f100f8-714c-4e7c-b0f2-dd8a83ce2bc1 resource provider not found; error: Placement Client Error (4xx): {"errors": [{"status": 404, "title": "Not Found", "detail": "The resource could not be found.\n\n No resource provider with uuid c4f100f8-714c-4e7c-b0f2-dd8a83ce2bc1 found for delete ", "request_id": "req-056f5ec5-64f2-43fe-af0a-518dc3c05698"}]}
2026-05-25 01:54:25.256 10 INFO neutron.services.segments.plugin [-] Segment c4f100f8-714c-4e7c-b0f2-dd8a83ce2bc1 resource provider aggregate not found
2026-05-25 01:54:25.266 10 INFO neutron.services.segments.plugin [-] Segment c4f100f8-714c-4e7c-b0f2-dd8a83ce2bc1 resource provider not found; error: Placement Client Error (4xx): {"errors": [{"status": 404, "title": "Not Found", "detail": "The resource could not be found.\n\n No resource provider with uuid c4f100f8-714c-4e7c-b0f2-dd8a83ce2bc1 found for delete ", "request_id": "req-bdeeb9a6-ebb4-4255-9cc0-b087e7d55d00"}]}
2026-05-25 01:54:25.275 10 WARNING neutron_lib.context [None req-be9a2c2b-60b6-483f-9897-0a672417a1c0 3e2fedae676544859511a373ad04fe0e 01b6132a17b342a6ab058f821158e7a8 - - default default] Method 'is_advsvc' is deprecated since 2023.2 release (neutron-lib 3.8.0) and will be removed once support for the old RBAC API policies will be removed from Neutron. Please use method 'is_service_role' instead.
2026-05-25 01:54:25.299 10 INFO neutron.db.ovn_revision_numbers_db [None req-f99577ba-4e65-4709-8f96-8d6e5754a42c - - - - - -] Successfully bumped revision number for resource 6a212e1f-c096-438a-a8e4-a49933d0a911 (type: ports) to 4
2026-05-25 01:54:25.359 9 INFO neutron.api.wsgi [None req-d846fcc1-24fc-429b-aa28-b01d4e809345 d43276b0ca054ade821c06fdab05e1e0 dce85ce853a642d8ab454bef188237b9 - - default default] 10.0.0.86 "DELETE /v2.0/security-groups/96514ffe-7d91-4bf1-b24b-8a658f3e2bb1 HTTP/1.1" status: 204 len: 168 time: 0.2627454
2026-05-25 01:54:25.393 10 INFO neutron.db.ovn_revision_numbers_db [None req-be9a2c2b-60b6-483f-9897-0a672417a1c0 3e2fedae676544859511a373ad04fe0e 01b6132a17b342a6ab058f821158e7a8 - - default default] Successfully bumped revision number for resource f6d84802-e528-4941-be8d-85f4783eef57 (type: routers) to 1
2026-05-25 01:54:25.400 9 INFO neutron.api.wsgi [None req-97373c5a-0864-4d6d-8758-fcc5bb8f030e ec01721975fd47dcb6bb6fa7dffa9b4c 910e670ffbd84a76bef0d9b22628bb7a - - default default] 10.0.0.86 "DELETE /v2.0/subnets/caf4d6e1-7d77-41e9-8275-4591b2b7cbb0 HTTP/1.1" status: 204 len: 168 time: 0.1972287
2026-05-25 01:54:25.405 10 INFO neutron.api.wsgi [None req-be9a2c2b-60b6-483f-9897-0a672417a1c0 3e2fedae676544859511a373ad04fe0e 01b6132a17b342a6ab058f821158e7a8 - - default default] 10.0.0.86 "POST /v2.0/routers HTTP/1.1" status: 201 len: 769 time: 0.1720295
2026-05-25 01:54:25.418 9 INFO neutron.pecan_wsgi.hooks.translation [None req-d0dc9aad-5443-494c-b73a-2014b85f76f9 ec01721975fd47dcb6bb6fa7dffa9b4c 910e670ffbd84a76bef0d9b22628bb7a - - default default] DELETE failed (client error): The resource could not be found.
2026-05-25 01:54:25.420 9 INFO neutron.api.wsgi [None req-d0dc9aad-5443-494c-b73a-2014b85f76f9 ec01721975fd47dcb6bb6fa7dffa9b4c 910e670ffbd84a76bef0d9b22628bb7a - - default default] 10.0.0.86 "DELETE /v2.0/subnets/1b2b0843-ec23-4624-a8ea-fa10722ef1fe HTTP/1.1" status: 404 len: 337 time: 0.0137615
2026-05-25 01:54:25.466 10 INFO neutron.api.wsgi [None req-3e4d5d8f-5c37-40ac-bff0-00319fe2f682 3e2fedae676544859511a373ad04fe0e 01b6132a17b342a6ab058f821158e7a8 - - default default] 10.0.0.86 "PUT /v2.0/routers/f6d84802-e528-4941-be8d-85f4783eef57/tags HTTP/1.1" status: 200 len: 218 time: 0.0541022
2026-05-25 01:54:25.506 10 INFO neutron.api.wsgi [None req-bb498de5-fb01-4e1b-9d18-268fce0464c9 3e2fedae676544859511a373ad04fe0e 01b6132a17b342a6ab058f821158e7a8 - - default default] 10.0.0.86 "GET /v2.0/routers/f6d84802-e528-4941-be8d-85f4783eef57/tags HTTP/1.1" status: 200 len: 218 time: 0.0318327
2026-05-25 01:54:25.568 10 INFO neutron.api.wsgi [None req-32a0894c-41e8-42c0-b565-d8d392809442 3e2fedae676544859511a373ad04fe0e 01b6132a17b342a6ab058f821158e7a8 - - default default] 10.0.0.86 "PUT /v2.0/routers/f6d84802-e528-4941-be8d-85f4783eef57/tags/green HTTP/1.1" status: 201 len: 201 time: 0.0562105
2026-05-25 01:54:25.615 10 INFO neutron.api.wsgi [None req-5b86ec69-7e79-4cac-a9da-90c90e56c254 3e2fedae676544859511a373ad04fe0e 01b6132a17b342a6ab058f821158e7a8 - - default default] 10.0.0.86 "GET /v2.0/routers/f6d84802-e528-4941-be8d-85f4783eef57/tags HTTP/1.1" status: 200 len: 227 time: 0.0396383
2026-05-25 01:54:25.617 9 INFO neutron.db.ovn_revision_numbers_db [None req-b11a35e3-8b35-45fc-bd5a-830f010382c4 d43276b0ca054ade821c06fdab05e1e0 dce85ce853a642d8ab454bef188237b9 - - default default] Successfully bumped revision number for resource 99ef810a-940c-4221-b45d-8caf3e05b34d (type: security_groups) to 1
2026-05-25 01:54:25.633 9 INFO neutron.db.ovn_revision_numbers_db [None req-b11a35e3-8b35-45fc-bd5a-830f010382c4 d43276b0ca054ade821c06fdab05e1e0 dce85ce853a642d8ab454bef188237b9 - - default default] Successfully bumped revision number for resource 07bc6a07-9473-4139-8a19-71a94c82861e (type: security_group_rules) to 0
