2026-05-25 01:55:39.921 9 INFO neutron.api.wsgi [None req-41ffcbac-6e38-484e-b900-f7a94501d4c2 929184d4b97b4f269b5c8d81bb20f196 2f37890ae38a4355ab27f2b4b77e9ca7 - - default default] 10.0.0.86 "DELETE /v2.0/networks/977ce5f4-32a4-43be-bfe3-254842340035 HTTP/1.1" status: 204 len: 168 time: 0.2830322
2026-05-25 01:55:40.223 9 INFO neutron.api.wsgi [None req-a51cb088-c56a-4835-b925-bc5a75fc31b5 929184d4b97b4f269b5c8d81bb20f196 2f37890ae38a4355ab27f2b4b77e9ca7 - - default default] 10.0.0.86 "DELETE /v2.0/networks/80c38e4b-752d-42d9-b113-58596503d17c HTTP/1.1" status: 204 len: 168 time: 0.2968702
2026-05-25 01:55:41.044 9 INFO neutron.services.segments.plugin [-] Segment 92eebf90-f126-44bd-be99-73b199c2c3aa resource provider aggregate not found
2026-05-25 01:55:41.048 9 INFO neutron.services.segments.plugin [-] Segment 92eebf90-f126-44bd-be99-73b199c2c3aa resource provider aggregate not found
2026-05-25 01:55:41.061 9 INFO neutron.services.segments.plugin [-] Segment 92eebf90-f126-44bd-be99-73b199c2c3aa resource provider not found; error: Placement Client Error (4xx): {"errors": [{"status": 404, "title": "Not Found", "detail": "The resource could not be found.\n\n No resource provider with uuid 92eebf90-f126-44bd-be99-73b199c2c3aa found for delete ", "request_id": "req-f44bbdaf-ac56-4c70-969f-9773315afa75"}]}
2026-05-25 01:55:41.066 9 INFO neutron.services.segments.plugin [-] Segment 92eebf90-f126-44bd-be99-73b199c2c3aa resource provider not found; error: Placement Client Error (4xx): {"errors": [{"status": 404, "title": "Not Found", "detail": "The resource could not be found.\n\n No resource provider with uuid 92eebf90-f126-44bd-be99-73b199c2c3aa found for delete ", "request_id": "req-e4cde177-d7fd-4910-b33a-fd95733c3cde"}]}
2026-05-25 01:55:41.079 9 INFO neutron.services.segments.plugin [-] Segment 42bed744-a1ac-4b0d-8f4e-e676ab938347 resource provider aggregate not found
2026-05-25 01:55:41.085 9 INFO neutron.services.segments.plugin [-] Segment 42bed744-a1ac-4b0d-8f4e-e676ab938347 resource provider aggregate not found
2026-05-25 01:55:41.099 9 INFO neutron.services.segments.plugin [-] Segment 42bed744-a1ac-4b0d-8f4e-e676ab938347 resource provider not found; error: Placement Client Error (4xx): {"errors": [{"status": 404, "title": "Not Found", "detail": "The resource could not be found.\n\n No resource provider with uuid 42bed744-a1ac-4b0d-8f4e-e676ab938347 found for delete ", "request_id": "req-03373995-5ef6-4a1c-aef0-ea084853a2af"}]}
2026-05-25 01:55:41.103 9 INFO neutron.services.segments.plugin [-] Segment 42bed744-a1ac-4b0d-8f4e-e676ab938347 resource provider not found; error: Placement Client Error (4xx): {"errors": [{"status": 404, "title": "Not Found", "detail": "The resource could not be found.\n\n No resource provider with uuid 42bed744-a1ac-4b0d-8f4e-e676ab938347 found for delete ", "request_id": "req-615e4cb7-16b1-43d0-8119-af24ffe5aacb"}]}
2026-05-25 01:55:41.109 9 INFO neutron.services.segments.plugin [-] Segment 73a788ac-3ecb-490c-b5d7-deeae01505eb resource provider aggregate not found
2026-05-25 01:55:41.112 9 INFO neutron.services.segments.plugin [-] Segment 73a788ac-3ecb-490c-b5d7-deeae01505eb resource provider aggregate not found
2026-05-25 01:55:41.122 9 INFO neutron.services.segments.plugin [-] Segment 73a788ac-3ecb-490c-b5d7-deeae01505eb resource provider not found; error: Placement Client Error (4xx): {"errors": [{"status": 404, "title": "Not Found", "detail": "The resource could not be found.\n\n No resource provider with uuid 73a788ac-3ecb-490c-b5d7-deeae01505eb found for delete ", "request_id": "req-3a8e6c5d-e45b-4c35-b3ad-b96e2ff50f89"}]}
2026-05-25 01:55:41.124 9 INFO neutron.services.segments.plugin [-] Segment 73a788ac-3ecb-490c-b5d7-deeae01505eb resource provider not found; error: Placement Client Error (4xx): {"errors": [{"status": 404, "title": "Not Found", "detail": "The resource could not be found.\n\n No resource provider with uuid 73a788ac-3ecb-490c-b5d7-deeae01505eb found for delete ", "request_id": "req-0b0ed0df-6868-40bd-a450-bb59c05c51e5"}]}
2026-05-25 01:55:41.133 9 INFO neutron.api.wsgi [None req-add1f2b9-23a5-4b28-847f-b5a482126c6d d43276b0ca054ade821c06fdab05e1e0 dce85ce853a642d8ab454bef188237b9 - - default default] 10.0.0.86 "GET /v2.0/security-groups?tenant_id=2f37890ae38a4355ab27f2b4b77e9ca7&name=default HTTP/1.1" status: 200 len: 3124 time: 0.1787393
2026-05-25 01:55:41.134 9 INFO neutron.services.segments.plugin [-] Segment 73ca8b41-6816-4650-9af8-c8144fcf1b1d resource provider aggregate not found
2026-05-25 01:55:41.137 9 INFO neutron.services.segments.plugin [-] Segment 73ca8b41-6816-4650-9af8-c8144fcf1b1d resource provider aggregate not found
2026-05-25 01:55:41.143 9 INFO neutron.services.segments.plugin [-] Segment 73ca8b41-6816-4650-9af8-c8144fcf1b1d resource provider not found; error: Placement Client Error (4xx): {"errors": [{"status": 404, "title": "Not Found", "detail": "The resource could not be found.\n\n No resource provider with uuid 73ca8b41-6816-4650-9af8-c8144fcf1b1d found for delete ", "request_id": "req-4a316581-d9ae-456a-bf61-fc0767bdf9c1"}]}
2026-05-25 01:55:41.146 9 INFO neutron.services.segments.plugin [-] Segment 73ca8b41-6816-4650-9af8-c8144fcf1b1d resource provider not found; error: Placement Client Error (4xx): {"errors": [{"status": 404, "title": "Not Found", "detail": "The resource could not be found.\n\n No resource provider with uuid 73ca8b41-6816-4650-9af8-c8144fcf1b1d found for delete ", "request_id": "req-0b8fced5-c9e1-4869-b7e9-520010c802da"}]}
2026-05-25 01:55:41.315 10 INFO neutron.api.wsgi [None req-68cdf521-8e70-43a0-9739-46e5d96ba33c d43276b0ca054ade821c06fdab05e1e0 dce85ce853a642d8ab454bef188237b9 - - default default] 10.0.0.86 "DELETE /v2.0/security-groups/7ea66cc5-b5ba-4022-bd2c-7a0c655a2831 HTTP/1.1" status: 204 len: 168 time: 0.1773510
2026-05-25 01:55:41.486 10 INFO neutron.db.ovn_revision_numbers_db [None req-6db1b740-c5e0-49ca-b5b8-32ace7f59afb d43276b0ca054ade821c06fdab05e1e0 dce85ce853a642d8ab454bef188237b9 - - default default] Successfully bumped revision number for resource af0dbaa3-cb98-4e54-8f65-e622a6abbae2 (type: security_groups) to 1
2026-05-25 01:55:41.498 10 INFO neutron.db.ovn_revision_numbers_db [None req-6db1b740-c5e0-49ca-b5b8-32ace7f59afb d43276b0ca054ade821c06fdab05e1e0 dce85ce853a642d8ab454bef188237b9 - - default default] Successfully bumped revision number for resource 2a50b689-3e98-43f2-8da4-f071a6faf736 (type: security_group_rules) to 0
2026-05-25 01:55:41.508 10 INFO neutron.db.ovn_revision_numbers_db [None req-6db1b740-c5e0-49ca-b5b8-32ace7f59afb d43276b0ca054ade821c06fdab05e1e0 dce85ce853a642d8ab454bef188237b9 - - default default] Successfully bumped revision number for resource 422a9885-b016-43ab-b717-74a9a2ef1b8a (type: security_group_rules) to 0
2026-05-25 01:55:41.521 10 INFO neutron.db.ovn_revision_numbers_db [None req-6db1b740-c5e0-49ca-b5b8-32ace7f59afb d43276b0ca054ade821c06fdab05e1e0 dce85ce853a642d8ab454bef188237b9 - - default default] Successfully bumped revision number for resource 4cfd6beb-1955-478f-bb71-f86b296612b5 (type: security_group_rules) to 0
2026-05-25 01:55:41.533 10 INFO neutron.db.ovn_revision_numbers_db [None req-6db1b740-c5e0-49ca-b5b8-32ace7f59afb d43276b0ca054ade821c06fdab05e1e0 dce85ce853a642d8ab454bef188237b9 - - default default] Successfully bumped revision number for resource c1a7bbcf-0cf6-4966-bb35-6dcc9b540309 (type: security_group_rules) to 0
2026-05-25 01:55:41.570 10 INFO neutron.api.wsgi [None req-6db1b740-c5e0-49ca-b5b8-32ace7f59afb d43276b0ca054ade821c06fdab05e1e0 dce85ce853a642d8ab454bef188237b9 - - default default] 10.0.0.86 "GET /v2.0/security-groups?tenant_id=a90571604c6948908bc2777641731ff9&name=default HTTP/1.1" status: 200 len: 3124 time: 0.1794844
2026-05-25 01:55:41.756 10 INFO neutron.api.wsgi [None req-bdc41e48-4441-4ea1-9771-46b818546ff0 d43276b0ca054ade821c06fdab05e1e0 dce85ce853a642d8ab454bef188237b9 - - default default] 10.0.0.86 "DELETE /v2.0/security-groups/af0dbaa3-cb98-4e54-8f65-e622a6abbae2 HTTP/1.1" status: 204 len: 168 time: 0.1826229
2026-05-25 01:55:42.009 10 INFO neutron.db.ovn_revision_numbers_db [None req-94ee704c-c6c0-4f8d-8e48-cea7960f1d20 d43276b0ca054ade821c06fdab05e1e0 dce85ce853a642d8ab454bef188237b9 - - default default] Successfully bumped revision number for resource 1ff7fc4c-06e6-4678-88f2-ab9ed10555c7 (type: security_groups) to 1
2026-05-25 01:55:42.021 10 INFO neutron.db.ovn_revision_numbers_db [None req-94ee704c-c6c0-4f8d-8e48-cea7960f1d20 d43276b0ca054ade821c06fdab05e1e0 dce85ce853a642d8ab454bef188237b9 - - default default] Successfully bumped revision number for resource 3e37a717-631e-4a90-87ff-6894aa8f400c (type: security_group_rules) to 0
2026-05-25 01:55:42.033 10 INFO neutron.db.ovn_revision_numbers_db [None req-94ee704c-c6c0-4f8d-8e48-cea7960f1d20 d43276b0ca054ade821c06fdab05e1e0 dce85ce853a642d8ab454bef188237b9 - - default default] Successfully bumped revision number for resource 749edc74-e6d6-4623-9ecc-cbb5b52b8a19 (type: security_group_rules) to 0
2026-05-25 01:55:42.047 10 INFO neutron.db.ovn_revision_numbers_db [None req-94ee704c-c6c0-4f8d-8e48-cea7960f1d20 d43276b0ca054ade821c06fdab05e1e0 dce85ce853a642d8ab454bef188237b9 - - default default] Successfully bumped revision number for resource ce1af32e-8009-4b36-a627-11de2bbbe3d1 (type: security_group_rules) to 0
2026-05-25 01:55:42.063 10 INFO neutron.db.ovn_revision_numbers_db [None req-94ee704c-c6c0-4f8d-8e48-cea7960f1d20 d43276b0ca054ade821c06fdab05e1e0 dce85ce853a642d8ab454bef188237b9 - - default default] Successfully bumped revision number for resource d71917e6-037d-41f1-8eb2-6492ee3a8b47 (type: security_group_rules) to 0
2026-05-25 01:55:42.096 10 INFO neutron.api.wsgi [None req-94ee704c-c6c0-4f8d-8e48-cea7960f1d20 d43276b0ca054ade821c06fdab05e1e0 dce85ce853a642d8ab454bef188237b9 - - default default] 10.0.0.86 "GET /v2.0/security-groups?tenant_id=81672ed5862c4af085ee88b73fa70a8d&name=default HTTP/1.1" status: 200 len: 3124 time: 0.1948221
2026-05-25 01:55:42.302 10 INFO neutron.api.wsgi [None req-83e039ed-73b2-4265-8141-399ceaa73b34 d43276b0ca054ade821c06fdab05e1e0 dce85ce853a642d8ab454bef188237b9 - - default default] 10.0.0.86 "DELETE /v2.0/security-groups/1ff7fc4c-06e6-4678-88f2-ab9ed10555c7 HTTP/1.1" status: 204 len: 168 time: 0.2013817
2026-05-25 01:55:43.614 9 INFO neutron.api.wsgi [req-1db5f555-2e39-4b5e-af97-1e23496fdac4 req-59cfae43-c77a-41fd-a8c3-28d825331a21 5218039aafda45f3be642c6014d3ae9b b2a546254df3488fbddd714b7f50efe9 - - b4886bf9aa194294ab01b036fd7452ba b4886bf9aa194294ab01b036fd7452ba] 10.0.0.211 "GET /v2.0/ports?device_id=7da7754d-c5bc-413c-a569-b2341ee4b4b3 HTTP/1.1" status: 200 len: 1638 time: 0.0344274
2026-05-25 01:55:43.652 9 INFO neutron.api.wsgi [req-1db5f555-2e39-4b5e-af97-1e23496fdac4 req-a34e9240-1f9d-4720-96ca-24209cbbf41e 5218039aafda45f3be642c6014d3ae9b b2a546254df3488fbddd714b7f50efe9 - - b4886bf9aa194294ab01b036fd7452ba b4886bf9aa194294ab01b036fd7452ba] 10.0.0.211 "GET /v2.0/security-groups?id=97a6a975-2179-41d3-9a5e-982cc4e8d960&fields=id&fields=name HTTP/1.1" status: 200 len: 310 time: 0.0320024
2026-05-25 01:55:45.722 9 INFO neutron.api.wsgi [-] 10.0.0.10 "GET / HTTP/1.1" status: 200 len: 245 time: 0.0030093
2026-05-25 01:55:45.723 10 INFO neutron.api.wsgi [-] 10.0.0.10 "GET / HTTP/1.1" status: 200 len: 245 time: 0.0034578
2026-05-25 01:55:46.231 9 WARNING neutron_lib.context [None req-234cec10-f8e6-4d45-8469-997926a8c71e c3b3f983dc1e422eb33e10e341c4da0e 0bf20c0dafb4443f9e4d721276018d21 - - default default] Method 'is_advsvc' is deprecated since 2023.2 release (neutron-lib 3.8.0) and will be removed once support for the old RBAC API policies will be removed from Neutron. Please use method 'is_service_role' instead.
2026-05-25 01:55:46.331 9 INFO neutron.db.ovn_revision_numbers_db [None req-234cec10-f8e6-4d45-8469-997926a8c71e c3b3f983dc1e422eb33e10e341c4da0e 0bf20c0dafb4443f9e4d721276018d21 - - default default] Successfully bumped revision number for resource 3ebff079-6f17-41c9-8ea3-6847b13e88e2 (type: routers) to 1
2026-05-25 01:55:46.343 9 INFO neutron.api.wsgi [None req-234cec10-f8e6-4d45-8469-997926a8c71e c3b3f983dc1e422eb33e10e341c4da0e 0bf20c0dafb4443f9e4d721276018d21 - - default default] 10.0.0.86 "POST /v2.0/routers HTTP/1.1" status: 201 len: 769 time: 0.2289903
2026-05-25 01:55:46.352 9 WARNING neutron_lib.context [None req-c0a50ec7-3113-414c-aa4a-74ea2ba8d3ad c3b3f983dc1e422eb33e10e341c4da0e 0bf20c0dafb4443f9e4d721276018d21 - - default default] Method 'is_advsvc' is deprecated since 2023.2 release (neutron-lib 3.8.0) and will be removed once support for the old RBAC API policies will be removed from Neutron. Please use method 'is_service_role' instead.
2026-05-25 01:55:46.450 9 INFO neutron.db.ovn_revision_numbers_db [None req-c0a50ec7-3113-414c-aa4a-74ea2ba8d3ad c3b3f983dc1e422eb33e10e341c4da0e 0bf20c0dafb4443f9e4d721276018d21 - - default default] Successfully bumped revision number for resource 8aa8aee4-6ceb-40d2-9867-f01f66315625 (type: routers) to 1
2026-05-25 01:55:46.465 9 INFO neutron.api.wsgi [None req-c0a50ec7-3113-414c-aa4a-74ea2ba8d3ad c3b3f983dc1e422eb33e10e341c4da0e 0bf20c0dafb4443f9e4d721276018d21 - - default default] 10.0.0.86 "POST /v2.0/routers HTTP/1.1" status: 201 len: 769 time: 0.1167867
2026-05-25 01:55:46.473 9 WARNING neutron_lib.context [None req-a87b98d0-6539-4299-9ea7-f5e6f0907c3b c3b3f983dc1e422eb33e10e341c4da0e 0bf20c0dafb4443f9e4d721276018d21 - - default default] Method 'is_advsvc' is deprecated since 2023.2 release (neutron-lib 3.8.0) and will be removed once support for the old RBAC API policies will be removed from Neutron. Please use method 'is_service_role' instead.
2026-05-25 01:55:46.570 9 INFO neutron.db.ovn_revision_numbers_db [None req-a87b98d0-6539-4299-9ea7-f5e6f0907c3b c3b3f983dc1e422eb33e10e341c4da0e 0bf20c0dafb4443f9e4d721276018d21 - - default default] Successfully bumped revision number for resource bf3b6a8d-6975-41a8-ba71-4f0ac72b7238 (type: routers) to 1
2026-05-25 01:55:46.589 9 INFO neutron.api.wsgi [None req-a87b98d0-6539-4299-9ea7-f5e6f0907c3b c3b3f983dc1e422eb33e10e341c4da0e 0bf20c0dafb4443f9e4d721276018d21 - - default default] 10.0.0.86 "POST /v2.0/routers HTTP/1.1" status: 201 len: 769 time: 0.1198282
2026-05-25 01:55:46.599 9 WARNING neutron_lib.context [None req-25d5012f-553f-48f1-b4b8-423cabbcf78f c3b3f983dc1e422eb33e10e341c4da0e 0bf20c0dafb4443f9e4d721276018d21 - - default default] Method 'is_advsvc' is deprecated since 2023.2 release (neutron-lib 3.8.0) and will be removed once support for the old RBAC API policies will be removed from Neutron. Please use method 'is_service_role' instead.
2026-05-25 01:55:46.701 9 INFO neutron.db.ovn_revision_numbers_db [None req-25d5012f-553f-48f1-b4b8-423cabbcf78f c3b3f983dc1e422eb33e10e341c4da0e 0bf20c0dafb4443f9e4d721276018d21 - - default default] Successfully bumped revision number for resource 1e2dffba-3b16-4fdb-9937-bf039f3395f2 (type: routers) to 1
2026-05-25 01:55:46.716 9 INFO neutron.api.wsgi [None req-25d5012f-553f-48f1-b4b8-423cabbcf78f c3b3f983dc1e422eb33e10e341c4da0e 0bf20c0dafb4443f9e4d721276018d21 - - default default] 10.0.0.86 "POST /v2.0/routers HTTP/1.1" status: 201 len: 769 time: 0.1217339
2026-05-25 01:55:46.727 10 WARNING neutron_lib.context [None req-3185ba4a-c89f-4902-ac3c-fa0f66256822 c3b3f983dc1e422eb33e10e341c4da0e 0bf20c0dafb4443f9e4d721276018d21 - - default default] Method 'is_advsvc' is deprecated since 2023.2 release (neutron-lib 3.8.0) and will be removed once support for the old RBAC API policies will be removed from Neutron. Please use method 'is_service_role' instead.
2026-05-25 01:55:46.834 10 INFO neutron.db.ovn_revision_numbers_db [None req-3185ba4a-c89f-4902-ac3c-fa0f66256822 c3b3f983dc1e422eb33e10e341c4da0e 0bf20c0dafb4443f9e4d721276018d21 - - default default] Successfully bumped revision number for resource 41bfd219-19a3-4b90-af0a-a55ce2055ff1 (type: routers) to 1
2026-05-25 01:55:46.850 10 INFO neutron.api.wsgi [None req-3185ba4a-c89f-4902-ac3c-fa0f66256822 c3b3f983dc1e422eb33e10e341c4da0e 0bf20c0dafb4443f9e4d721276018d21 - - default default] 10.0.0.86 "POST /v2.0/routers HTTP/1.1" status: 201 len: 769 time: 0.1279702
2026-05-25 01:55:46.907 9 INFO neutron.api.wsgi [None req-98931820-bbbe-4589-9a36-ba0943e5414a c3b3f983dc1e422eb33e10e341c4da0e 0bf20c0dafb4443f9e4d721276018d21 - - default default] 10.0.0.86 "PUT /v2.0/routers/3ebff079-6f17-41c9-8ea3-6847b13e88e2/tags HTTP/1.1" status: 200 len: 210 time: 0.0535433
2026-05-25 01:55:46.958 9 INFO neutron.api.wsgi [None req-0cd315f9-ab00-4482-bbb3-168db678287a c3b3f983dc1e422eb33e10e341c4da0e 0bf20c0dafb4443f9e4d721276018d21 - - default default] 10.0.0.86 "PUT /v2.0/routers/8aa8aee4-6ceb-40d2-9867-f01f66315625/tags HTTP/1.1" status: 200 len: 218 time: 0.0456285
2026-05-25 01:55:46.980 10 INFO neutron.api.wsgi [None req-80f2626d-4998-4c2c-8dee-15902cc53a3a b72a9c00c3a64e58a7a3fd963eec5d4f 846063de2ce1439fb7d24c2f519d0116 - - default default] 10.0.0.86 "GET /v2.0/subnets/1fb5fced-69c0-4b37-917b-d3a9722dea8f HTTP/1.1" status: 200 len: 870 time: 0.0235221
2026-05-25 01:55:47.007 9 INFO neutron.api.wsgi [None req-5ad59208-3367-4660-96d4-236b5bc1c5e5 c3b3f983dc1e422eb33e10e341c4da0e 0bf20c0dafb4443f9e4d721276018d21 - - default default] 10.0.0.86 "PUT /v2.0/routers/bf3b6a8d-6975-41a8-ba71-4f0ac72b7238/tags HTTP/1.1" status: 200 len: 227 time: 0.0467806
2026-05-25 01:55:47.060 9 INFO neutron.api.wsgi [None req-042d65f1-f417-4974-a60e-4c5d35e18e68 c3b3f983dc1e422eb33e10e341c4da0e 0bf20c0dafb4443f9e4d721276018d21 - - default default] 10.0.0.86 "PUT /v2.0/routers/1e2dffba-3b16-4fdb-9937-bf039f3395f2/tags HTTP/1.1" status: 200 len: 212 time: 0.0472031
2026-05-25 01:55:47.118 9 INFO neutron.api.wsgi [None req-629ac6f5-9ee9-41cc-972a-0f641b3d2339 c3b3f983dc1e422eb33e10e341c4da0e 0bf20c0dafb4443f9e4d721276018d21 - - default default] 10.0.0.86 "GET /v2.0/routers?tags=red HTTP/1.1" status: 200 len: 1946 time: 0.0530307
2026-05-25 01:55:47.172 9 INFO neutron.api.wsgi [None req-4bd7c371-000c-41d2-968a-963b3767870a c3b3f983dc1e422eb33e10e341c4da0e 0bf20c0dafb4443f9e4d721276018d21 - - default default] 10.0.0.86 "GET /v2.0/routers?tags=red%2Cblue HTTP/1.1" status: 200 len: 1375 time: 0.0492887
2026-05-25 01:55:47.237 9 INFO neutron.api.wsgi [None req-b50295fc-034f-4412-b333-27749331216e c3b3f983dc1e422eb33e10e341c4da0e 0bf20c0dafb4443f9e4d721276018d21 - - default default] 10.0.0.86 "GET /v2.0/routers?tags-any=blue HTTP/1.1" status: 200 len: 1375 time: 0.0543842
2026-05-25 01:55:47.280 9 INFO neutron.api.wsgi [None req-a709a494-5876-48ed-973a-81b23fd70d3e c3b3f983dc1e422eb33e10e341c4da0e 0bf20c0dafb4443f9e4d721276018d21 - - default default] 10.0.0.86 "GET /v2.0/routers?tags-any=red%2Cblue HTTP/1.1" status: 200 len: 1946 time: 0.0384481
2026-05-25 01:55:47.645 10 INFO neutron.api.wsgi [None req-82f2d772-3167-4a87-ac70-887b37b95914 c3b3f983dc1e422eb33e10e341c4da0e 0bf20c0dafb4443f9e4d721276018d21 - - default default] 10.0.0.86 "GET /v2.0/routers?not-tags=red HTTP/1.1" status: 200 len: 1347 time: 0.3612874
2026-05-25 01:55:47.694 10 INFO neutron.api.wsgi [None req-8ec6ee81-bba7-4704-b1c0-7c69fc520824 c3b3f983dc1e422eb33e10e341c4da0e 0bf20c0dafb4443f9e4d721276018d21 - - default default] 10.0.0.86 "GET /v2.0/routers?not-tags=red%2Cblue HTTP/1.1" status: 200 len: 1918 time: 0.0450680
2026-05-25 01:55:47.751 10 INFO neutron.api.wsgi [None req-4200ac75-5233-4369-ace9-b3a87ef7585c c3b3f983dc1e422eb33e10e341c4da0e 0bf20c0dafb4443f9e4d721276018d21 - - default default] 10.0.0.86 "GET /v2.0/routers?not-tags-any=blue HTTP/1.1" status: 200 len: 1918 time: 0.0520823
2026-05-25 01:55:47.790 10 INFO neutron.api.wsgi [None req-c5a5bfef-4a86-4c53-97fe-7a6471b2f19f c3b3f983dc1e422eb33e10e341c4da0e 0bf20c0dafb4443f9e4d721276018d21 - - default default] 10.0.0.86 "GET /v2.0/routers?not-tags-any=red%2Cblue HTTP/1.1" status: 200 len: 1347 time: 0.0332429
2026-05-25 01:55:47.833 10 INFO neutron.api.wsgi [None req-fd5475e4-33d7-45e5-ac2a-bfd79cf29dfa c3b3f983dc1e422eb33e10e341c4da0e 0bf20c0dafb4443f9e4d721276018d21 - - default default] 10.0.0.86 "GET /v2.0/routers/3ebff079-6f17-41c9-8ea3-6847b13e88e2 HTTP/1.1" status: 200 len: 775 time: 0.0368083
2026-05-25 01:55:48.095 10 INFO neutron.db.ovn_revision_numbers_db [None req-75dec9bb-b74f-42dd-b8d9-7776bb81433f c3b3f983dc1e422eb33e10e341c4da0e 0bf20c0dafb4443f9e4d721276018d21 - - default default] Successfully bumped revision number for resource 3ebff079-6f17-41c9-8ea3-6847b13e88e2 (type: routers) to 2
2026-05-25 01:55:48.100 10 INFO neutron.api.wsgi [None req-75dec9bb-b74f-42dd-b8d9-7776bb81433f c3b3f983dc1e422eb33e10e341c4da0e 0bf20c0dafb4443f9e4d721276018d21 - - default default] 10.0.0.86 "PUT /v2.0/routers/3ebff079-6f17-41c9-8ea3-6847b13e88e2 HTTP/1.1" status: 200 len: 775 time: 0.2595165
2026-05-25 01:55:48.124 9 INFO neutron.api.wsgi [None req-814fcb72-1c72-463d-b241-7f133a3f6fc2 c3b3f983dc1e422eb33e10e341c4da0e 0bf20c0dafb4443f9e4d721276018d21 - - default default] 10.0.0.86 "GET /v2.0/ports?device_id=3ebff079-6f17-41c9-8ea3-6847b13e88e2 HTTP/1.1" status: 200 len: 205 time: 0.0191574
2026-05-25 01:55:48.141 10 INFO neutron.api.wsgi [None req-727ac695-654a-4540-a904-be1b7ebf50b3 d43276b0ca054ade821c06fdab05e1e0 dce85ce853a642d8ab454bef188237b9 - - default default] 10.0.0.139 "GET /v2.0/extensions/security-group HTTP/1.1" status: 200 len: 369 time: 0.0395744
2026-05-25 01:55:48.151 10 INFO neutron.api.wsgi [None req-f95fe32f-fce7-4dbc-8922-a20ca9c671d4 d43276b0ca054ade821c06fdab05e1e0 dce85ce853a642d8ab454bef188237b9 - - default default] 10.0.0.139 "GET /v2.0/extensions/dns-integration HTTP/1.1" status: 200 len: 371 time: 0.0037625
2026-05-25 01:55:48.159 10 INFO neutron.api.wsgi [None req-dd51a058-908b-4dd0-806a-d370b47bad61 d43276b0ca054ade821c06fdab05e1e0 dce85ce853a642d8ab454bef188237b9 - - default default] 10.0.0.139 "GET /v2.0/extensions/qos HTTP/1.1" status: 200 len: 365 time: 0.0035551
2026-05-25 01:55:48.167 10 INFO neutron.api.wsgi [None req-f65fb861-26d7-4efc-897c-8d3b4f9c22dd d43276b0ca054ade821c06fdab05e1e0 dce85ce853a642d8ab454bef188237b9 - - default default] 10.0.0.139 "GET /v2.0/extensions/allowed-address-pairs HTTP/1.1" status: 200 len: 383 time: 0.0045869
2026-05-25 01:55:48.280 9 INFO neutron.api.wsgi [None req-9185dfd4-62af-42c1-b16b-6beaa838200b c3b3f983dc1e422eb33e10e341c4da0e 0bf20c0dafb4443f9e4d721276018d21 - - default default] 10.0.0.86 "DELETE /v2.0/routers/3ebff079-6f17-41c9-8ea3-6847b13e88e2 HTTP/1.1" status: 204 len: 168 time: 0.1515903
2026-05-25 01:55:48.316 9 INFO neutron.api.wsgi [None req-4f99e2ea-0c05-443c-b30e-ad180116a680 c3b3f983dc1e422eb33e10e341c4da0e 0bf20c0dafb4443f9e4d721276018d21 - - default default] 10.0.0.86 "GET /v2.0/routers/8aa8aee4-6ceb-40d2-9867-f01f66315625 HTTP/1.1" status: 200 len: 783 time: 0.0315721
2026-05-25 01:55:48.583 9 INFO neutron.db.ovn_revision_numbers_db [None req-521b865b-6c07-4d48-a142-f3835446ab96 c3b3f983dc1e422eb33e10e341c4da0e 0bf20c0dafb4443f9e4d721276018d21 - - default default] Successfully bumped revision number for resource 8aa8aee4-6ceb-40d2-9867-f01f66315625 (type: routers) to 2
2026-05-25 01:55:48.587 9 INFO neutron.api.wsgi [None req-521b865b-6c07-4d48-a142-f3835446ab96 c3b3f983dc1e422eb33e10e341c4da0e 0bf20c0dafb4443f9e4d721276018d21 - - default default] 10.0.0.86 "PUT /v2.0/routers/8aa8aee4-6ceb-40d2-9867-f01f66315625 HTTP/1.1" status: 200 len: 783 time: 0.2663386
2026-05-25 01:55:48.609 9 INFO neutron.api.wsgi [None req-b290b146-d6f4-41a2-8e88-1a4ae2fb3079 c3b3f983dc1e422eb33e10e341c4da0e 0bf20c0dafb4443f9e4d721276018d21 - - default default] 10.0.0.86 "GET /v2.0/ports?device_id=8aa8aee4-6ceb-40d2-9867-f01f66315625 HTTP/1.1" status: 200 len: 205 time: 0.0183272
2026-05-25 01:55:48.657 10 INFO neutron.api.wsgi [-] 10.0.0.139 "GET / HTTP/1.1" status: 200 len: 284 time: 0.0024841
2026-05-25 01:55:48.701 10 INFO neutron.api.wsgi [None req-f55fdb67-294b-419c-92d1-35ded45d82c3 28c9de720e9a4fc5a1ffc4ca6e3e1b05 4eee18d2747446b3bc0449a98ebdff86 - - default default] 10.0.0.139 "GET /v2.0/subnets/1fb5fced-69c0-4b37-917b-d3a9722dea8f HTTP/1.1" status: 200 len: 857 time: 0.0252244
2026-05-25 01:55:48.713 10 INFO neutron.api.wsgi [None req-91997e38-cc08-4eb5-ad4a-5d8abcda6c93 d43276b0ca054ade821c06fdab05e1e0 dce85ce853a642d8ab454bef188237b9 - - default default] 10.0.0.139 "GET /v2.0/extensions/security-group HTTP/1.1" status: 200 len: 369 time: 0.0042870
2026-05-25 01:55:48.720 10 INFO neutron.api.wsgi [None req-41feb454-3cad-4929-bf9d-0d10d6c333b0 d43276b0ca054ade821c06fdab05e1e0 dce85ce853a642d8ab454bef188237b9 - - default default] 10.0.0.139 "GET /v2.0/extensions/dns-integration HTTP/1.1" status: 200 len: 371 time: 0.0034480
2026-05-25 01:55:48.728 10 INFO neutron.api.wsgi [None req-18ad6020-f392-4f9a-b27a-0481fda16dc4 d43276b0ca054ade821c06fdab05e1e0 dce85ce853a642d8ab454bef188237b9 - - default default] 10.0.0.139 "GET /v2.0/extensions/qos HTTP/1.1" status: 200 len: 365 time: 0.0037940
2026-05-25 01:55:48.739 10 INFO neutron.api.wsgi [None req-512d141a-7625-4e6f-b518-6c54c85f411c d43276b0ca054ade821c06fdab05e1e0 dce85ce853a642d8ab454bef188237b9 - - default default] 10.0.0.139 "GET /v2.0/extensions/allowed-address-pairs HTTP/1.1" status: 200 len: 383 time: 0.0064495
2026-05-25 01:55:48.750 9 INFO neutron.api.wsgi [None req-337f7e8e-e1b0-43a7-a313-ea9e4e4d199b c3b3f983dc1e422eb33e10e341c4da0e 0bf20c0dafb4443f9e4d721276018d21 - - default default] 10.0.0.86 "DELETE /v2.0/routers/8aa8aee4-6ceb-40d2-9867-f01f66315625 HTTP/1.1" status: 204 len: 168 time: 0.1359470
2026-05-25 01:55:48.777 10 INFO neutron.api.wsgi [None req-300a9634-4d5e-4a8c-b983-1cf9ce120896 d43276b0ca054ade821c06fdab05e1e0 dce85ce853a642d8ab454bef188237b9 - - default default] 10.0.0.139 "GET /v2.0/subnets/1fb5fced-69c0-4b37-917b-d3a9722dea8f HTTP/1.1" status: 200 len: 875 time: 0.0300353
2026-05-25 01:55:48.794 9 INFO neutron.api.wsgi [None req-a6fcca93-054a-4996-94d8-9c0574d7ce91 c3b3f983dc1e422eb33e10e341c4da0e 0bf20c0dafb4443f9e4d721276018d21 - - default default] 10.0.0.86 "GET /v2.0/routers/bf3b6a8d-6975-41a8-ba71-4f0ac72b7238 HTTP/1.1" status: 200 len: 792 time: 0.0382664
2026-05-25 01:55:48.856 10 INFO neutron.api.wsgi [None req-022408f3-6c9e-4357-b729-cf149d433c7e d43276b0ca054ade821c06fdab05e1e0 dce85ce853a642d8ab454bef188237b9 - - default default] 10.0.0.139 "GET /v2.0/extensions/security-group HTTP/1.1" status: 200 len: 369 time: 0.0081644
2026-05-25 01:55:48.865 10 INFO neutron.api.wsgi [None req-c620bd7a-ef9f-4e4a-81bf-e3b7ccff4b06 d43276b0ca054ade821c06fdab05e1e0 dce85ce853a642d8ab454bef188237b9 - - default default] 10.0.0.139 "GET /v2.0/extensions/dns-integration HTTP/1.1" status: 200 len: 371 time: 0.0026538
2026-05-25 01:55:48.873 10 INFO neutron.api.wsgi [None req-0273ded8-ca16-406e-b479-17cd63a956f7 d43276b0ca054ade821c06fdab05e1e0 dce85ce853a642d8ab454bef188237b9 - - default default] 10.0.0.139 "GET /v2.0/extensions/qos HTTP/1.1" status: 200 len: 365 time: 0.0036156
2026-05-25 01:55:48.880 10 INFO neutron.api.wsgi [None req-a469c529-367d-444f-ac72-4905edaf1a24 d43276b0ca054ade821c06fdab05e1e0 dce85ce853a642d8ab454bef188237b9 - - default default] 10.0.0.139 "GET /v2.0/extensions/allowed-address-pairs HTTP/1.1" status: 200 len: 383 time: 0.0034783
2026-05-25 01:55:48.929 10 INFO neutron.api.wsgi [None req-68c223a4-484c-4daf-b98c-a0490cdf0e16 d43276b0ca054ade821c06fdab05e1e0 dce85ce853a642d8ab454bef188237b9 - - default default] 10.0.0.139 "GET /v2.0/networks/d388a647-7972-4404-8172-295171e5f015 HTTP/1.1" status: 200 len: 1001 time: 0.0431581
2026-05-25 01:55:48.940 10 INFO neutron.api.wsgi [None req-2340625c-9615-4f5b-a353-891d2f6be6fa d43276b0ca054ade821c06fdab05e1e0 dce85ce853a642d8ab454bef188237b9 - - default default] 10.0.0.139 "GET /v2.0/extensions/project-id HTTP/1.1" status: 200 len: 403 time: 0.0044911
2026-05-25 01:55:49.238 10 WARNING neutron.scheduler.dhcp_agent_scheduler [None req-83ee770b-ab5e-4dca-8e85-ada546c64823 d43276b0ca054ade821c06fdab05e1e0 dce85ce853a642d8ab454bef188237b9 - - default default] No more DHCP agents
2026-05-25 01:55:49.239 10 WARNING neutron.api.rpc.agentnotifiers.dhcp_rpc_agent_api [None req-83ee770b-ab5e-4dca-8e85-ada546c64823 d43276b0ca054ade821c06fdab05e1e0 dce85ce853a642d8ab454bef188237b9 - - default default] Unable to schedule network d388a647-7972-4404-8172-295171e5f015: no agents available; will retry on subsequent port and subnet creation events.
2026-05-25 01:55:49.368 10 INFO neutron.db.ovn_revision_numbers_db [None req-83ee770b-ab5e-4dca-8e85-ada546c64823 d43276b0ca054ade821c06fdab05e1e0 dce85ce853a642d8ab454bef188237b9 - - default default] Successfully bumped revision number for resource b5a02e7f-b116-4183-a8de-3124b2a2063e (type: ports) to 1
2026-05-25 01:55:49.392 10 INFO neutron.api.wsgi [None req-83ee770b-ab5e-4dca-8e85-ada546c64823 d43276b0ca054ade821c06fdab05e1e0 dce85ce853a642d8ab454bef188237b9 - - default default] 10.0.0.139 "POST /v2.0/ports HTTP/1.1" status: 201 len: 1337 time: 0.4472466
2026-05-25 01:55:49.578 9 INFO neutron.db.ovn_revision_numbers_db [None req-2a7676ee-c79c-4b1b-a1bc-d7e6b8f4346b c3b3f983dc1e422eb33e10e341c4da0e 0bf20c0dafb4443f9e4d721276018d21 - - default default] Successfully bumped revision number for resource bf3b6a8d-6975-41a8-ba71-4f0ac72b7238 (type: routers) to 2
2026-05-25 01:55:49.583 9 INFO neutron.api.wsgi [None req-2a7676ee-c79c-4b1b-a1bc-d7e6b8f4346b c3b3f983dc1e422eb33e10e341c4da0e 0bf20c0dafb4443f9e4d721276018d21 - - default default] 10.0.0.86 "PUT /v2.0/routers/bf3b6a8d-6975-41a8-ba71-4f0ac72b7238 HTTP/1.1" status: 200 len: 792 time: 0.7839930
2026-05-25 01:55:49.605 9 INFO neutron.api.wsgi [None req-607805cb-b420-408f-ba58-bbb675973639 c3b3f983dc1e422eb33e10e341c4da0e 0bf20c0dafb4443f9e4d721276018d21 - - default default] 10.0.0.86 "GET /v2.0/ports?device_id=bf3b6a8d-6975-41a8-ba71-4f0ac72b7238 HTTP/1.1" status: 200 len: 205 time: 0.0185587
2026-05-25 01:55:49.760 9 INFO neutron.api.wsgi [None req-9b84707d-4700-44cc-8961-11c43c2cc983 c3b3f983dc1e422eb33e10e341c4da0e 0bf20c0dafb4443f9e4d721276018d21 - - default default] 10.0.0.86 "DELETE /v2.0/routers/bf3b6a8d-6975-41a8-ba71-4f0ac72b7238 HTTP/1.1" status: 204 len: 168 time: 0.1505065
2026-05-25 01:55:49.799 9 INFO neutron.api.wsgi [None req-9d4df606-6b0b-4463-b743-26ee73ebfb78 c3b3f983dc1e422eb33e10e341c4da0e 0bf20c0dafb4443f9e4d721276018d21 - - default default] 10.0.0.86 "GET /v2.0/routers/1e2dffba-3b16-4fdb-9937-bf039f3395f2 HTTP/1.1" status: 200 len: 777 time: 0.0337961
2026-05-25 01:55:50.054 9 INFO neutron.db.ovn_revision_numbers_db [None req-d91245f0-4688-467f-aa9a-d1850b25ac92 c3b3f983dc1e422eb33e10e341c4da0e 0bf20c0dafb4443f9e4d721276018d21 - - default default] Successfully bumped revision number for resource 1e2dffba-3b16-4fdb-9937-bf039f3395f2 (type: routers) to 2
2026-05-25 01:55:50.059 9 INFO neutron.api.wsgi [None req-d91245f0-4688-467f-aa9a-d1850b25ac92 c3b3f983dc1e422eb33e10e341c4da0e 0bf20c0dafb4443f9e4d721276018d21 - - default default] 10.0.0.86 "PUT /v2.0/routers/1e2dffba-3b16-4fdb-9937-bf039f3395f2 HTTP/1.1" status: 200 len: 777 time: 0.2566576
2026-05-25 01:55:50.078 9 INFO neutron.api.wsgi [None req-9fbc072b-a7b8-41bb-a4ff-fd9c11e97de0 c3b3f983dc1e422eb33e10e341c4da0e 0bf20c0dafb4443f9e4d721276018d21 - - default default] 10.0.0.86 "GET /v2.0/ports?device_id=1e2dffba-3b16-4fdb-9937-bf039f3395f2 HTTP/1.1" status: 200 len: 205 time: 0.0149856
2026-05-25 01:55:50.240 9 INFO neutron.api.wsgi [None req-e5f4007c-9470-40ab-a4c8-043e9463ecec c3b3f983dc1e422eb33e10e341c4da0e 0bf20c0dafb4443f9e4d721276018d21 - - default default] 10.0.0.86 "DELETE /v2.0/routers/1e2dffba-3b16-4fdb-9937-bf039f3395f2 HTTP/1.1" status: 204 len: 168 time: 0.1587074
2026-05-25 01:55:50.275 9 INFO neutron.api.wsgi [None req-8e3a44a0-e3b7-44f2-b0ca-c7cb9d4d275d c3b3f983dc1e422eb33e10e341c4da0e 0bf20c0dafb4443f9e4d721276018d21 - - default default] 10.0.0.86 "GET /v2.0/routers/41bfd219-19a3-4b90-af0a-a55ce2055ff1 HTTP/1.1" status: 200 len: 770 time: 0.0286772
2026-05-25 01:55:50.507 9 INFO neutron.api.wsgi [None req-905b2991-64c9-414a-bfed-9b2cfeccbf4d c3b3f983dc1e422eb33e10e341c4da0e 0bf20c0dafb4443f9e4d721276018d21 - - default default] 10.0.0.86 "PUT /v2.0/routers/41bfd219-19a3-4b90-af0a-a55ce2055ff1 HTTP/1.1" status: 200 len: 770 time: 0.2280278
2026-05-25 01:55:50.529 9 INFO neutron.api.wsgi [None req-bc6de117-b31b-4bd5-b156-85bb1fba27b5 c3b3f983dc1e422eb33e10e341c4da0e 0bf20c0dafb4443f9e4d721276018d21 - - default default] 10.0.0.86 "GET /v2.0/ports?device_id=41bfd219-19a3-4b90-af0a-a55ce2055ff1 HTTP/1.1" status: 200 len: 205 time: 0.0161369
2026-05-25 01:55:50.683 9 INFO neutron.api.wsgi [None req-2c6e19b3-1fd7-4691-a173-2b92e2f34a77 c3b3f983dc1e422eb33e10e341c4da0e 0bf20c0dafb4443f9e4d721276018d21 - - default default] 10.0.0.86 "DELETE /v2.0/routers/41bfd219-19a3-4b90-af0a-a55ce2055ff1 HTTP/1.1" status: 204 len: 168 time: 0.1498134 /var/lib/openstack/lib/python3.12/site-packages/pycadf/identifier.py:71: UserWarning: Invalid uuid: neutron. To ensure interoperability, identifiers should be a valid uuid. warnings.warn(('Invalid uuid: %s. To ensure interoperability, '
2026-05-25 01:55:51.669 10 INFO neutron.db.ovn_revision_numbers_db [None req-d252d29b-29d4-4362-8d6e-07f5c44defd2 d43276b0ca054ade821c06fdab05e1e0 dce85ce853a642d8ab454bef188237b9 - - default default] Successfully bumped revision number for resource 5aec81d4-49d3-4693-a523-fc4159d66c8d (type: security_groups) to 1
2026-05-25 01:55:51.680 10 INFO neutron.db.ovn_revision_numbers_db [None req-d252d29b-29d4-4362-8d6e-07f5c44defd2 d43276b0ca054ade821c06fdab05e1e0 dce85ce853a642d8ab454bef188237b9 - - default default] Successfully bumped revision number for resource 3861162c-b450-46cf-b95a-db1f646ae7bc (type: security_group_rules) to 0
2026-05-25 01:55:51.692 10 INFO neutron.db.ovn_revision_numbers_db [None req-d252d29b-29d4-4362-8d6e-07f5c44defd2 d43276b0ca054ade821c06fdab05e1e0 dce85ce853a642d8ab454bef188237b9 - - default default] Successfully bumped revision number for resource 90ff5fc5-0b4c-46cd-b42e-b222296a8962 (type: security_group_rules) to 0
2026-05-25 01:55:51.704 10 INFO neutron.db.ovn_revision_numbers_db [None req-d252d29b-29d4-4362-8d6e-07f5c44defd2 d43276b0ca054ade821c06fdab05e1e0 dce85ce853a642d8ab454bef188237b9 - - default default] Successfully bumped revision number for resource d284596c-c7db-481f-8ac4-80e8a297e4bb (type: security_group_rules) to 0
2026-05-25 01:55:51.720 10 INFO neutron.db.ovn_revision_numbers_db [None req-d252d29b-29d4-4362-8d6e-07f5c44defd2 d43276b0ca054ade821c06fdab05e1e0 dce85ce853a642d8ab454bef188237b9 - - default default] Successfully bumped revision number for resource e89bf76a-3fc6-4386-9658-5dd2772140a9 (type: security_group_rules) to 0
2026-05-25 01:55:51.754 10 INFO neutron.api.wsgi [None req-d252d29b-29d4-4362-8d6e-07f5c44defd2 d43276b0ca054ade821c06fdab05e1e0 dce85ce853a642d8ab454bef188237b9 - - default default] 10.0.0.86 "GET /v2.0/security-groups?tenant_id=0bf20c0dafb4443f9e4d721276018d21&name=default HTTP/1.1" status: 200 len: 3124 time: 0.3223405
2026-05-25 01:55:51.830 10 INFO neutron.api.wsgi [None req-d424910d-7f0d-4d03-8d71-dc2fe070b127 d43276b0ca054ade821c06fdab05e1e0 dce85ce853a642d8ab454bef188237b9 - - default default] 199.204.45.72 "GET /v2.0/extensions/security-group HTTP/1.1" status: 200 len: 369 time: 0.0373099
2026-05-25 01:55:51.837 10 INFO neutron.api.wsgi [None req-3816edb2-e82b-4366-93d3-9aba0e6810ff d43276b0ca054ade821c06fdab05e1e0 dce85ce853a642d8ab454bef188237b9 - - default default] 199.204.45.72 "GET /v2.0/extensions/dns-integration HTTP/1.1" status: 200 len: 371 time: 0.0026414
2026-05-25 01:55:51.843 10 INFO neutron.api.wsgi [None req-2b5ce9c8-bb98-4620-8a77-afbdefe905ef d43276b0ca054ade821c06fdab05e1e0 dce85ce853a642d8ab454bef188237b9 - - default default] 199.204.45.72 "GET /v2.0/extensions/qos HTTP/1.1" status: 200 len: 365 time: 0.0027819
2026-05-25 01:55:51.850 10 INFO neutron.api.wsgi [None req-90f276cf-8c36-4214-b5f3-11a062e367ca d43276b0ca054ade821c06fdab05e1e0 dce85ce853a642d8ab454bef188237b9 - - default default] 199.204.45.72 "GET /v2.0/extensions/allowed-address-pairs HTTP/1.1" status: 200 len: 383 time: 0.0033267
2026-05-25 01:55:51.881 10 INFO neutron.api.wsgi [None req-c1736ca9-4544-4564-9be0-0d3027bfde24 d43276b0ca054ade821c06fdab05e1e0 dce85ce853a642d8ab454bef188237b9 - - default default] 199.204.45.72 "GET /v2.0/ports/b5a02e7f-b116-4183-a8de-3124b2a2063e HTTP/1.1" status: 200 len: 1332 time: 0.0268514
2026-05-25 01:55:51.960 10 INFO neutron.api.wsgi [None req-aff834b1-bf28-45e4-adca-c372acaa9d4a d43276b0ca054ade821c06fdab05e1e0 dce85ce853a642d8ab454bef188237b9 - - default default] 10.0.0.86 "DELETE /v2.0/security-groups/5aec81d4-49d3-4693-a523-fc4159d66c8d HTTP/1.1" status: 204 len: 168 time: 0.2006769
2026-05-25 01:55:52.096 10 INFO neutron.api.wsgi [None req-b2b639f0-aaf0-4810-aecf-19c2418696ed d43276b0ca054ade821c06fdab05e1e0 dce85ce853a642d8ab454bef188237b9 - - default default] 199.204.45.72 "GET /v2.0/extensions/security-group HTTP/1.1" status: 200 len: 369 time: 0.0063939
2026-05-25 01:55:52.103 10 INFO neutron.api.wsgi [None req-010b58f2-9b27-4b63-82e7-b1da22cc487d d43276b0ca054ade821c06fdab05e1e0 dce85ce853a642d8ab454bef188237b9 - - default default] 199.204.45.72 "GET /v2.0/extensions/dns-integration HTTP/1.1" status: 200 len: 371 time: 0.0034776
2026-05-25 01:55:52.110 10 INFO neutron.api.wsgi [None req-a510fa51-ffdb-43a7-b822-e2c77f8a34c1 d43276b0ca054ade821c06fdab05e1e0 dce85ce853a642d8ab454bef188237b9 - - default default] 199.204.45.72 "GET /v2.0/extensions/qos HTTP/1.1" status: 200 len: 365 time: 0.0035391
2026-05-25 01:55:52.116 10 INFO neutron.api.wsgi [None req-34d8ace6-f845-4264-90af-d4e14aa558af d43276b0ca054ade821c06fdab05e1e0 dce85ce853a642d8ab454bef188237b9 - - default default] 199.204.45.72 "GET /v2.0/extensions/allowed-address-pairs HTTP/1.1" status: 200 len: 383 time: 0.0032892
2026-05-25 01:55:52.131 10 INFO neutron.api.v2.resource [None req-e756b67f-0fdb-4d71-b998-9e3718532a83 d43276b0ca054ade821c06fdab05e1e0 dce85ce853a642d8ab454bef188237b9 - - default default] show failed (client error): The resource could not be found.
2026-05-25 01:55:52.132 10 INFO neutron.api.wsgi [None req-e756b67f-0fdb-4d71-b998-9e3718532a83 d43276b0ca054ade821c06fdab05e1e0 dce85ce853a642d8ab454bef188237b9 - - default default] 199.204.45.72 "GET /v2.0/security-groups/lb-61e1d3f4-7ee1-4abd-b26c-0810fd30c098 HTTP/1.1" status: 404 len: 355 time: 0.0115964
2026-05-25 01:55:52.145 9 INFO neutron.db.ovn_revision_numbers_db [None req-2356618b-2e0d-424e-94f7-6a9c9470f9f3 d43276b0ca054ade821c06fdab05e1e0 dce85ce853a642d8ab454bef188237b9 - - default default] Successfully bumped revision number for resource f9536536-784d-4f11-a077-6ca4bd8dd99d (type: security_groups) to 1
2026-05-25 01:55:52.155 9 INFO neutron.db.ovn_revision_numbers_db [None req-2356618b-2e0d-424e-94f7-6a9c9470f9f3 d43276b0ca054ade821c06fdab05e1e0 dce85ce853a642d8ab454bef188237b9 - - default default] Successfully bumped revision number for resource 71e36968-2f7f-4d59-a4fd-4b9985f67385 (type: security_group_rules) to 0
2026-05-25 01:55:52.160 10 INFO neutron.api.wsgi [None req-d8bdc935-31a2-4f18-bbcc-dd62e77cf4d4 d43276b0ca054ade821c06fdab05e1e0 dce85ce853a642d8ab454bef188237b9 - - default default] 199.204.45.72 "GET /v2.0/security-groups?name=lb-61e1d3f4-7ee1-4abd-b26c-0810fd30c098 HTTP/1.1" status: 200 len: 221 time: 0.0253885
2026-05-25 01:55:52.165 9 INFO neutron.db.ovn_revision_numbers_db [None req-2356618b-2e0d-424e-94f7-6a9c9470f9f3 d43276b0ca054ade821c06fdab05e1e0 dce85ce853a642d8ab454bef188237b9 - - default default] Successfully bumped revision number for resource b1d34421-59b5-4b6d-906f-b8a57545be92 (type: security_group_rules) to 0
2026-05-25 01:55:52.175 9 INFO neutron.db.ovn_revision_numbers_db [None req-2356618b-2e0d-424e-94f7-6a9c9470f9f3 d43276b0ca054ade821c06fdab05e1e0 dce85ce853a642d8ab454bef188237b9 - - default default] Successfully bumped revision number for resource bd85f6bf-9109-4069-a001-aee1453ad17b (type: security_group_rules) to 0
2026-05-25 01:55:52.192 9 INFO neutron.db.ovn_revision_numbers_db [None req-2356618b-2e0d-424e-94f7-6a9c9470f9f3 d43276b0ca054ade821c06fdab05e1e0 dce85ce853a642d8ab454bef188237b9 - - default default] Successfully bumped revision number for resource d2343af9-e4e2-44a0-8f66-8e2bcf6bc78a (type: security_group_rules) to 0
2026-05-25 01:55:52.222 9 INFO neutron.api.wsgi [None req-2356618b-2e0d-424e-94f7-6a9c9470f9f3 d43276b0ca054ade821c06fdab05e1e0 dce85ce853a642d8ab454bef188237b9 - - default default] 10.0.0.86 "GET /v2.0/security-groups?tenant_id=92e177678fbf4fa6a4456c3e35a37ce0&name=default HTTP/1.1" status: 200 len: 3124 time: 0.1794040
2026-05-25 01:55:52.266 10 INFO neutron.db.ovn_revision_numbers_db [None req-849f4871-4de3-4fbf-adce-ec1b80831117 d43276b0ca054ade821c06fdab05e1e0 dce85ce853a642d8ab454bef188237b9 - - default default] Successfully bumped revision number for resource fcfd371a-f2a2-4b38-9c25-6c9031d52ab1 (type: security_groups) to 1
2026-05-25 01:55:52.315 10 INFO neutron.db.ovn_revision_numbers_db [None req-849f4871-4de3-4fbf-adce-ec1b80831117 d43276b0ca054ade821c06fdab05e1e0 dce85ce853a642d8ab454bef188237b9 - - default default] Successfully bumped revision number for resource b05c4f83-e770-455f-97c6-f4e5aed07749 (type: security_group_rules) to 0
2026-05-25 01:55:52.326 10 INFO neutron.db.ovn_revision_numbers_db [None req-849f4871-4de3-4fbf-adce-ec1b80831117 d43276b0ca054ade821c06fdab05e1e0 dce85ce853a642d8ab454bef188237b9 - - default default] Successfully bumped revision number for resource fca3f394-2ec2-459a-8420-f008e564ae8e (type: security_group_rules) to 0
2026-05-25 01:55:52.355 10 INFO neutron.api.wsgi [None req-849f4871-4de3-4fbf-adce-ec1b80831117 d43276b0ca054ade821c06fdab05e1e0 dce85ce853a642d8ab454bef188237b9 - - default default] 199.204.45.72 "POST /v2.0/security-groups HTTP/1.1" status: 201 len: 1843 time: 0.1896632
2026-05-25 01:55:52.389 10 INFO neutron.api.wsgi [None req-bc73cf36-e8c6-4ff9-92bc-6791ab3e8739 d43276b0ca054ade821c06fdab05e1e0 dce85ce853a642d8ab454bef188237b9 - - default default] 199.204.45.72 "GET /v2.0/security-group-rules?security_group_id=fcfd371a-f2a2-4b38-9c25-6c9031d52ab1 HTTP/1.1" status: 200 len: 1382 time: 0.0291121
2026-05-25 01:55:52.428 9 INFO neutron.api.wsgi [None req-a5c3f5ca-4c6e-407d-9b8b-fa9b3e275fb5 d43276b0ca054ade821c06fdab05e1e0 dce85ce853a642d8ab454bef188237b9 - - default default] 10.0.0.86 "DELETE /v2.0/security-groups/f9536536-784d-4f11-a077-6ca4bd8dd99d HTTP/1.1" status: 204 len: 168 time: 0.2015374
2026-05-25 01:55:52.641 9 INFO neutron.db.ovn_revision_numbers_db [None req-6b661b2f-9532-4c27-bceb-bacdca52a253 d43276b0ca054ade821c06fdab05e1e0 dce85ce853a642d8ab454bef188237b9 - - default default] Successfully bumped revision number for resource a3a601c5-b79a-4256-9d66-1604aa368c4e (type: security_groups) to 1
2026-05-25 01:55:52.652 9 INFO neutron.db.ovn_revision_numbers_db [None req-6b661b2f-9532-4c27-bceb-bacdca52a253 d43276b0ca054ade821c06fdab05e1e0 dce85ce853a642d8ab454bef188237b9 - - default default] Successfully bumped revision number for resource 3fec03be-844d-423e-be36-9f8b1f910ac0 (type: security_group_rules) to 0
2026-05-25 01:55:52.664 9 INFO neutron.db.ovn_revision_numbers_db [None req-6b661b2f-9532-4c27-bceb-bacdca52a253 d43276b0ca054ade821c06fdab05e1e0 dce85ce853a642d8ab454bef188237b9 - - default default] Successfully bumped revision number for resource 59acdcc5-f5ef-4ffe-a373-768f7f7f25a9 (type: security_group_rules) to 0
2026-05-25 01:55:52.678 9 INFO neutron.db.ovn_revision_numbers_db [None req-6b661b2f-9532-4c27-bceb-bacdca52a253 d43276b0ca054ade821c06fdab05e1e0 dce85ce853a642d8ab454bef188237b9 - - default default] Successfully bumped revision number for resource 9e826d1d-362b-4892-8e4f-2f3b812f9a09 (type: security_group_rules) to 0
2026-05-25 01:55:52.688 10 INFO neutron.db.ovn_revision_numbers_db [None req-cbc3eda5-8dab-4e5d-a7d6-1d1c8376f955 d43276b0ca054ade821c06fdab05e1e0 dce85ce853a642d8ab454bef188237b9 - - default default] Successfully bumped revision number for resource b5a02e7f-b116-4183-a8de-3124b2a2063e (type: ports) to 2
2026-05-25 01:55:52.691 9 INFO neutron.db.ovn_revision_numbers_db [None req-6b661b2f-9532-4c27-bceb-bacdca52a253 d43276b0ca054ade821c06fdab05e1e0 dce85ce853a642d8ab454bef188237b9 - - default default] Successfully bumped revision number for resource e41f0fe2-6516-496c-a06d-129c724621cc (type: security_group_rules) to 0
2026-05-25 01:55:52.697 10 INFO neutron.api.wsgi [None req-cbc3eda5-8dab-4e5d-a7d6-1d1c8376f955 d43276b0ca054ade821c06fdab05e1e0 dce85ce853a642d8ab454bef188237b9 - - default default] 199.204.45.72 "PUT /v2.0/ports/b5a02e7f-b116-4183-a8de-3124b2a2063e HTTP/1.1" status: 200 len: 1332 time: 0.2977636
2026-05-25 01:55:52.725 9 INFO neutron.api.wsgi [None req-6b661b2f-9532-4c27-bceb-bacdca52a253 d43276b0ca054ade821c06fdab05e1e0 dce85ce853a642d8ab454bef188237b9 - - default default] 10.0.0.86 "GET /v2.0/security-groups?tenant_id=0eefeab6f4444c6585c6624a455dc85a&name=default HTTP/1.1" status: 200 len: 3124 time: 0.1813438 /var/lib/openstack/lib/python3.12/site-packages/pycadf/identifier.py:71: UserWarning: Invalid uuid: neutron. To ensure interoperability, identifiers should be a valid uuid. warnings.warn(('Invalid uuid: %s. To ensure interoperability, '
2026-05-25 01:55:52.755 10 INFO neutron.api.wsgi [None req-84b27ebf-6591-45b8-8579-07c0c84f1ee7 d43276b0ca054ade821c06fdab05e1e0 dce85ce853a642d8ab454bef188237b9 - - default default] 199.204.45.72 "GET /v2.0/extensions/security-group HTTP/1.1" status: 200 len: 369 time: 0.0044417
2026-05-25 01:55:52.762 10 INFO neutron.api.wsgi [None req-3c09d2e0-2e4f-4a46-af84-cc2d04129dac d43276b0ca054ade821c06fdab05e1e0 dce85ce853a642d8ab454bef188237b9 - - default default] 199.204.45.72 "GET /v2.0/extensions/dns-integration HTTP/1.1" status: 200 len: 371 time: 0.0034146
2026-05-25 01:55:52.768 10 INFO neutron.api.wsgi [None req-cb94fb25-4faf-4836-810e-fce3f64975cb d43276b0ca054ade821c06fdab05e1e0 dce85ce853a642d8ab454bef188237b9 - - default default] 199.204.45.72 "GET /v2.0/extensions/qos HTTP/1.1" status: 200 len: 365 time: 0.0033445
2026-05-25 01:55:52.774 10 INFO neutron.api.wsgi [None req-bf60e44b-9394-4bb2-be0f-618c050a80f6 d43276b0ca054ade821c06fdab05e1e0 dce85ce853a642d8ab454bef188237b9 - - default default] 199.204.45.72 "GET /v2.0/extensions/allowed-address-pairs HTTP/1.1" status: 200 len: 383 time: 0.0033245
2026-05-25 01:55:52.801 10 INFO neutron.api.wsgi [None req-367127ce-2590-467d-99aa-0b6a7e327c49 d43276b0ca054ade821c06fdab05e1e0 dce85ce853a642d8ab454bef188237b9 - - default default] 199.204.45.72 "GET /v2.0/subnets/1fb5fced-69c0-4b37-917b-d3a9722dea8f HTTP/1.1" status: 200 len: 875 time: 0.0234625
2026-05-25 01:55:52.891 9 INFO neutron.api.wsgi [None req-38df967f-99cb-4faf-ab59-c99f72d60b18 d43276b0ca054ade821c06fdab05e1e0 dce85ce853a642d8ab454bef188237b9 - - default default] 10.0.0.86 "DELETE /v2.0/security-groups/a3a601c5-b79a-4256-9d66-1604aa368c4e HTTP/1.1" status: 204 len: 168 time: 0.1612086
2026-05-25 01:55:55.935 9 WARNING neutron_lib.context [None req-3e23a02a-1037-44fe-bae8-b9a8ffa695c6 3a8bea9490da4e54b0214c646f6113d9 316e3f0a4d72445780e4cfc2b781e557 - - default default] Method 'is_advsvc' is deprecated since 2023.2 release (neutron-lib 3.8.0) and will be removed once support for the old RBAC API policies will be removed from Neutron. Please use method 'is_service_role' instead.
2026-05-25 01:55:56.059 9 INFO neutron.db.ovn_revision_numbers_db [None req-3e23a02a-1037-44fe-bae8-b9a8ffa695c6 3a8bea9490da4e54b0214c646f6113d9 316e3f0a4d72445780e4cfc2b781e557 - - default default] Successfully bumped revision number for resource f0a5b609-ccc8-41a8-b43a-9e56130c15f9 (type: security_groups) to 1
2026-05-25 01:55:56.073 9 INFO neutron.db.ovn_revision_numbers_db [None req-3e23a02a-1037-44fe-bae8-b9a8ffa695c6 3a8bea9490da4e54b0214c646f6113d9 316e3f0a4d72445780e4cfc2b781e557 - - default default] Successfully bumped revision number for resource 11ab1cc6-e2bf-4141-94dd-8f6e2b9d7d29 (type: security_group_rules) to 0
2026-05-25 01:55:56.089 9 INFO neutron.db.ovn_revision_numbers_db [None req-3e23a02a-1037-44fe-bae8-b9a8ffa695c6 3a8bea9490da4e54b0214c646f6113d9 316e3f0a4d72445780e4cfc2b781e557 - - default default] Successfully bumped revision number for resource 660e55a0-4954-4120-94cd-67b8fec997a2 (type: security_group_rules) to 0
2026-05-25 01:55:56.102 9 INFO neutron.db.ovn_revision_numbers_db [None req-3e23a02a-1037-44fe-bae8-b9a8ffa695c6 3a8bea9490da4e54b0214c646f6113d9 316e3f0a4d72445780e4cfc2b781e557 - - default default] Successfully bumped revision number for resource 8bf1ca04-16fb-4f33-a6ed-8f41230be271 (type: security_group_rules) to 0
2026-05-25 01:55:56.115 9 INFO neutron.db.ovn_revision_numbers_db [None req-3e23a02a-1037-44fe-bae8-b9a8ffa695c6 3a8bea9490da4e54b0214c646f6113d9 316e3f0a4d72445780e4cfc2b781e557 - - default default] Successfully bumped revision number for resource e3643795-3274-45fe-b906-90fbd0373c97 (type: security_group_rules) to 0
2026-05-25 01:55:56.219 9 INFO neutron.db.ovn_revision_numbers_db [None req-3e23a02a-1037-44fe-bae8-b9a8ffa695c6 3a8bea9490da4e54b0214c646f6113d9 316e3f0a4d72445780e4cfc2b781e557 - - default default] Successfully bumped revision number for resource deae4ced-9c6f-4d2c-9f29-a8a9bdd6cbe0 (type: security_groups) to 1
2026-05-25 01:55:56.239 9 INFO neutron.db.ovn_revision_numbers_db [None req-3e23a02a-1037-44fe-bae8-b9a8ffa695c6 3a8bea9490da4e54b0214c646f6113d9 316e3f0a4d72445780e4cfc2b781e557 - - default default] Successfully bumped revision number for resource bdf1e921-8bda-420d-a5c7-f95e19abe00e (type: security_group_rules) to 0
2026-05-25 01:55:56.253 9 INFO neutron.db.ovn_revision_numbers_db [None req-3e23a02a-1037-44fe-bae8-b9a8ffa695c6 3a8bea9490da4e54b0214c646f6113d9 316e3f0a4d72445780e4cfc2b781e557 - - default default] Successfully bumped revision number for resource c1e5d30a-d1b4-45e9-b018-7c1fff30eb68 (type: security_group_rules) to 0
