2026-05-25 01:51:33.112 9 INFO neutron.api.wsgi [req-5d11c383-d82a-4e66-b496-d422294b0126 req-bca21f7b-b015-41e4-9f69-cfcb91c8f1a6 25afd5f832c74c17a91a0a10de9fa839 f1ac258ec2b54b13937232e443385b48 - - default default] 10.0.0.110 "GET /v2.0/security-groups?id=a2aae9e0-fee4-465c-9012-4d182ad47169&fields=id&fields=name HTTP/1.1" status: 200 len: 312 time: 0.0251613
2026-05-25 01:51:33.248 10 INFO neutron.services.segments.plugin [-] Segment 5ddc8e53-e78e-455c-bc4c-3e735dabe37f resource provider aggregate not found
2026-05-25 01:51:33.253 10 INFO neutron.services.segments.plugin [-] Segment 5ddc8e53-e78e-455c-bc4c-3e735dabe37f resource provider aggregate not found
2026-05-25 01:51:33.264 10 INFO neutron.services.segments.plugin [-] Segment 5ddc8e53-e78e-455c-bc4c-3e735dabe37f resource provider not found; error: Placement Client Error (4xx): {"errors": [{"status": 404, "title": "Not Found", "detail": "The resource could not be found.\n\n No resource provider with uuid 5ddc8e53-e78e-455c-bc4c-3e735dabe37f found for delete ", "request_id": "req-75e3c513-f508-47c4-8435-8e9c2ac26d2b"}]}
2026-05-25 01:51:33.266 10 INFO neutron.services.segments.plugin [-] Segment 5ddc8e53-e78e-455c-bc4c-3e735dabe37f resource provider not found; error: Placement Client Error (4xx): {"errors": [{"status": 404, "title": "Not Found", "detail": "The resource could not be found.\n\n No resource provider with uuid 5ddc8e53-e78e-455c-bc4c-3e735dabe37f found for delete ", "request_id": "req-17dfd5c5-cdfd-4512-942a-025b926fceff"}]}
2026-05-25 01:51:33.293 10 INFO neutron.api.wsgi [None req-7d79d707-7d37-4707-9177-246a69477400 9f51d010de7a4748b98309d17bbf6699 c9f5a5ab4bb642aabf21ca224a997107 - - default default] 10.0.0.86 "DELETE /v2.0/networks/fa951d56-3946-46e5-87ec-156449497538 HTTP/1.1" status: 204 len: 168 time: 0.3251472
2026-05-25 01:51:33.434 9 INFO neutron.notifiers.nova [-] Nova event matching ['req-371a8940-a8b7-4c0d-9163-c4e361516a26'] response: {'name': 'network-changed', 'server_uuid': '2d79aabf-923a-4a63-bf81-b9377447490f', 'tag': '1267d33d-bf9c-4164-8f1b-c48976f735e8', 'status': 'completed', 'code': 200}
2026-05-25 01:51:33.595 10 INFO neutron.api.wsgi [None req-63ba8182-b436-45fa-89cd-38abb319c0d4 9f51d010de7a4748b98309d17bbf6699 c9f5a5ab4bb642aabf21ca224a997107 - - default default] 10.0.0.86 "DELETE /v2.0/networks/2024260f-da21-4dfa-ace0-1d6c989571d4 HTTP/1.1" status: 204 len: 168 time: 0.2971947
2026-05-25 01:51:33.638 9 INFO neutron.api.wsgi [req-a3701314-27a6-4a21-bb04-fa6bef7964ff req-4e7a05c7-e06e-49b0-a50b-b0ca5d6055e6 979fc26c28804e2c9d7eae395fadae34 c0ff0340a1de4bda8413eb17ef6a4e1d - - default default] 10.0.0.110 "GET /v2.0/ports?device_id=57c6c289-56a5-41b3-98fe-a5617c3a6d01 HTTP/1.1" status: 200 len: 1168 time: 0.0304654
2026-05-25 01:51:33.674 9 INFO neutron.api.wsgi [req-a3701314-27a6-4a21-bb04-fa6bef7964ff req-83db5c16-e6c9-4b49-8a6a-2b0d3825fcc0 979fc26c28804e2c9d7eae395fadae34 c0ff0340a1de4bda8413eb17ef6a4e1d - - default default] 10.0.0.110 "GET /v2.0/security-groups?id=7969eacf-cd42-439e-bb34-096b61243e34&fields=id&fields=name HTTP/1.1" status: 200 len: 313 time: 0.0317304
2026-05-25 01:51:33.891 10 INFO neutron.api.wsgi [None req-b37a9b58-2c80-4822-8734-c80f78453042 9f51d010de7a4748b98309d17bbf6699 c9f5a5ab4bb642aabf21ca224a997107 - - default default] 10.0.0.86 "DELETE /v2.0/networks/860f53f8-8aa5-4ed5-b07a-b07ed14f4b25 HTTP/1.1" status: 204 len: 168 time: 0.2921772
2026-05-25 01:51:33.971 9 INFO neutron.api.wsgi [req-7452a2bf-2c6e-4497-bdb6-c1f13a919618 req-fb20599e-8f43-4fff-8d5f-8ea3224fd30a 5218039aafda45f3be642c6014d3ae9b b2a546254df3488fbddd714b7f50efe9 - - b4886bf9aa194294ab01b036fd7452ba b4886bf9aa194294ab01b036fd7452ba] 199.204.45.72 "GET /v2.0/ports?tenant_id=f1ac258ec2b54b13937232e443385b48&device_id=2d79aabf-923a-4a63-bf81-b9377447490f HTTP/1.1" status: 200 len: 1413 time: 0.0271244
2026-05-25 01:51:34.019 9 INFO neutron.api.wsgi [req-7452a2bf-2c6e-4497-bdb6-c1f13a919618 req-7346b096-dbfd-42b2-8ec8-0d0b959f5dcf 5218039aafda45f3be642c6014d3ae9b b2a546254df3488fbddd714b7f50efe9 - - b4886bf9aa194294ab01b036fd7452ba b4886bf9aa194294ab01b036fd7452ba] 199.204.45.72 "GET /v2.0/networks?id=a25b8a64-ec75-423b-8983-89bd611f72ea HTTP/1.1" status: 200 len: 981 time: 0.0433733
2026-05-25 01:51:34.064 9 INFO neutron.api.wsgi [req-7452a2bf-2c6e-4497-bdb6-c1f13a919618 req-790ac90f-9844-4728-9bca-bd0518e0a279 5218039aafda45f3be642c6014d3ae9b b2a546254df3488fbddd714b7f50efe9 - - b4886bf9aa194294ab01b036fd7452ba b4886bf9aa194294ab01b036fd7452ba] 199.204.45.72 "GET /v2.0/floatingips?fixed_ip_address=10.100.0.14&port_id=1267d33d-bf9c-4164-8f1b-c48976f735e8 HTTP/1.1" status: 200 len: 1060 time: 0.0375347
2026-05-25 01:51:34.093 9 INFO neutron.api.wsgi [req-7452a2bf-2c6e-4497-bdb6-c1f13a919618 req-fb66c24d-7975-4623-91d5-be748268db3a 5218039aafda45f3be642c6014d3ae9b b2a546254df3488fbddd714b7f50efe9 - - b4886bf9aa194294ab01b036fd7452ba b4886bf9aa194294ab01b036fd7452ba] 199.204.45.72 "GET /v2.0/subnets?id=e50ec70a-55c5-4e62-8046-3e40d17a2aa5 HTTP/1.1" status: 200 len: 900 time: 0.0261519
2026-05-25 01:51:34.114 9 INFO neutron.api.wsgi [req-7452a2bf-2c6e-4497-bdb6-c1f13a919618 req-b9e32347-85c9-48f5-94a3-3a8b5cd5b0c9 5218039aafda45f3be642c6014d3ae9b b2a546254df3488fbddd714b7f50efe9 - - b4886bf9aa194294ab01b036fd7452ba b4886bf9aa194294ab01b036fd7452ba] 199.204.45.72 "GET /v2.0/ports?network_id=a25b8a64-ec75-423b-8983-89bd611f72ea&device_owner=network%3Adhcp HTTP/1.1" status: 200 len: 210 time: 0.0138466
2026-05-25 01:51:34.155 9 INFO neutron.api.wsgi [req-7452a2bf-2c6e-4497-bdb6-c1f13a919618 req-2553bc56-0f79-4ab5-8132-150c5aefcb13 5218039aafda45f3be642c6014d3ae9b b2a546254df3488fbddd714b7f50efe9 - - b4886bf9aa194294ab01b036fd7452ba b4886bf9aa194294ab01b036fd7452ba] 199.204.45.72 "GET /v2.0/networks/a25b8a64-ec75-423b-8983-89bd611f72ea?fields=segments HTTP/1.1" status: 200 len: 212 time: 0.0362623
2026-05-25 01:51:34.164 10 INFO neutron.api.wsgi [None req-22e5b71c-2855-4456-84d4-c44dab63da52 9f51d010de7a4748b98309d17bbf6699 c9f5a5ab4bb642aabf21ca224a997107 - - default default] 10.0.0.86 "DELETE /v2.0/networks/d53e43d7-8762-4d4e-b5df-0b409eefdb1b HTTP/1.1" status: 204 len: 168 time: 0.2686934
2026-05-25 01:51:34.198 9 INFO neutron.api.wsgi [req-7452a2bf-2c6e-4497-bdb6-c1f13a919618 req-80116831-d083-4092-bc04-ca861b5e3730 5218039aafda45f3be642c6014d3ae9b b2a546254df3488fbddd714b7f50efe9 - - b4886bf9aa194294ab01b036fd7452ba b4886bf9aa194294ab01b036fd7452ba] 199.204.45.72 "GET /v2.0/networks/a25b8a64-ec75-423b-8983-89bd611f72ea?fields=provider%3Aphysical_network&fields=provider%3Anetwork_type HTTP/1.1" status: 200 len: 277 time: 0.0375800
2026-05-25 01:51:34.758 10 INFO neutron.api.wsgi [None req-6ca551fe-8d59-4988-af88-b7fe55cd758e d43276b0ca054ade821c06fdab05e1e0 dce85ce853a642d8ab454bef188237b9 - - default default] 10.0.0.86 "GET /v2.0/security-groups?tenant_id=c9f5a5ab4bb642aabf21ca224a997107&name=default HTTP/1.1" status: 200 len: 3120 time: 0.1169505
2026-05-25 01:51:34.783 9 INFO neutron.api.wsgi [req-a1efc14e-b8cf-43f3-b9be-fe1f0cdb963c req-4fff2285-6575-4f1c-bf0e-003af031fc6e 979fc26c28804e2c9d7eae395fadae34 c0ff0340a1de4bda8413eb17ef6a4e1d - - default default] 10.0.0.110 "GET /v2.0/ports?device_id=57c6c289-56a5-41b3-98fe-a5617c3a6d01 HTTP/1.1" status: 200 len: 1168 time: 0.0597076
2026-05-25 01:51:34.817 9 INFO neutron.api.wsgi [req-a1efc14e-b8cf-43f3-b9be-fe1f0cdb963c req-557807c8-9850-4364-997f-4754fa8fb00b 979fc26c28804e2c9d7eae395fadae34 c0ff0340a1de4bda8413eb17ef6a4e1d - - default default] 10.0.0.110 "GET /v2.0/security-groups?id=7969eacf-cd42-439e-bb34-096b61243e34&fields=id&fields=name HTTP/1.1" status: 200 len: 313 time: 0.0274112
2026-05-25 01:51:34.946 10 INFO neutron.api.wsgi [None req-d98b4902-64df-403c-a05d-064daedaa37f d43276b0ca054ade821c06fdab05e1e0 dce85ce853a642d8ab454bef188237b9 - - default default] 10.0.0.86 "DELETE /v2.0/security-groups/6dc8a1c1-ecdf-47d8-92bf-86d41a08cedd HTTP/1.1" status: 204 len: 168 time: 0.1836371
2026-05-25 01:51:35.288 10 INFO neutron.services.segments.plugin [-] Segment 81439046-f676-4b67-bf66-5a426baa8e02 resource provider aggregate not found
2026-05-25 01:51:35.292 10 INFO neutron.services.segments.plugin [-] Segment 81439046-f676-4b67-bf66-5a426baa8e02 resource provider aggregate not found
2026-05-25 01:51:35.303 10 INFO neutron.services.segments.plugin [-] Segment 81439046-f676-4b67-bf66-5a426baa8e02 resource provider not found; error: Placement Client Error (4xx): {"errors": [{"status": 404, "title": "Not Found", "detail": "The resource could not be found.\n\n No resource provider with uuid 81439046-f676-4b67-bf66-5a426baa8e02 found for delete ", "request_id": "req-8fd534d4-585b-401f-b64e-b18b4eed16f6"}]}
2026-05-25 01:51:35.307 10 INFO neutron.services.segments.plugin [-] Segment 81439046-f676-4b67-bf66-5a426baa8e02 resource provider not found; error: Placement Client Error (4xx): {"errors": [{"status": 404, "title": "Not Found", "detail": "The resource could not be found.\n\n No resource provider with uuid 81439046-f676-4b67-bf66-5a426baa8e02 found for delete ", "request_id": "req-875ac544-be17-4147-9eb1-afa6d1469996"}]}
2026-05-25 01:51:35.317 10 INFO neutron.services.segments.plugin [-] Segment 947669ac-911e-454e-9bfc-fdbe8c7c8713 resource provider aggregate not found
2026-05-25 01:51:35.321 10 INFO neutron.services.segments.plugin [-] Segment 947669ac-911e-454e-9bfc-fdbe8c7c8713 resource provider aggregate not found
2026-05-25 01:51:35.329 10 INFO neutron.services.segments.plugin [-] Segment 947669ac-911e-454e-9bfc-fdbe8c7c8713 resource provider not found; error: Placement Client Error (4xx): {"errors": [{"status": 404, "title": "Not Found", "detail": "The resource could not be found.\n\n No resource provider with uuid 947669ac-911e-454e-9bfc-fdbe8c7c8713 found for delete ", "request_id": "req-6a80b360-dd93-4a4f-9a3d-5c24c8439933"}]}
2026-05-25 01:51:35.338 10 INFO neutron.services.segments.plugin [-] Segment 947669ac-911e-454e-9bfc-fdbe8c7c8713 resource provider not found; error: Placement Client Error (4xx): {"errors": [{"status": 404, "title": "Not Found", "detail": "The resource could not be found.\n\n No resource provider with uuid 947669ac-911e-454e-9bfc-fdbe8c7c8713 found for delete ", "request_id": "req-8ccf11a8-3997-422f-86bb-c6edaa42d124"}]}
2026-05-25 01:51:35.341 10 INFO neutron.services.segments.plugin [-] Segment b0c8d277-4e4f-4a15-8dfb-619b281ecb9d resource provider aggregate not found
2026-05-25 01:51:35.349 10 INFO neutron.services.segments.plugin [-] Segment b0c8d277-4e4f-4a15-8dfb-619b281ecb9d resource provider aggregate not found
2026-05-25 01:51:35.352 10 INFO neutron.services.segments.plugin [-] Segment b0c8d277-4e4f-4a15-8dfb-619b281ecb9d resource provider not found; error: Placement Client Error (4xx): {"errors": [{"status": 404, "title": "Not Found", "detail": "The resource could not be found.\n\n No resource provider with uuid b0c8d277-4e4f-4a15-8dfb-619b281ecb9d found for delete ", "request_id": "req-a47f564e-d26f-45eb-aab4-d12ca0dfa7d2"}]}
2026-05-25 01:51:35.360 10 INFO neutron.services.segments.plugin [-] Segment b0c8d277-4e4f-4a15-8dfb-619b281ecb9d resource provider not found; error: Placement Client Error (4xx): {"errors": [{"status": 404, "title": "Not Found", "detail": "The resource could not be found.\n\n No resource provider with uuid b0c8d277-4e4f-4a15-8dfb-619b281ecb9d found for delete ", "request_id": "req-b606b250-18fd-4300-a2ec-8d3c1349972e"}]}
2026-05-25 01:51:35.900 9 INFO neutron.api.wsgi [req-e1dea13c-8ac3-448a-965d-87e5ffea3220 req-2beccce5-c224-4fb2-ae58-8ecaca809252 979fc26c28804e2c9d7eae395fadae34 c0ff0340a1de4bda8413eb17ef6a4e1d - - default default] 10.0.0.110 "GET /v2.0/ports?device_id=57c6c289-56a5-41b3-98fe-a5617c3a6d01 HTTP/1.1" status: 200 len: 1168 time: 0.0279748
2026-05-25 01:51:35.931 9 INFO neutron.api.wsgi [req-e1dea13c-8ac3-448a-965d-87e5ffea3220 req-1ba6ca06-f22b-4993-9208-3f15c1fbef45 979fc26c28804e2c9d7eae395fadae34 c0ff0340a1de4bda8413eb17ef6a4e1d - - default default] 10.0.0.110 "GET /v2.0/security-groups?id=7969eacf-cd42-439e-bb34-096b61243e34&fields=id&fields=name HTTP/1.1" status: 200 len: 313 time: 0.0248547
2026-05-25 01:51:36.230 9 INFO neutron.plugins.ml2.drivers.ovn.mech_driver.mech_driver [None req-381b2804-6378-4a60-86e7-00377aa2f29b - - - - - -] OVN reports status up for port: 0f4d3049-f062-4b12-98de-1f46a33c9bac
2026-05-25 01:51:36.266 9 INFO neutron.plugins.ml2.plugin [None req-381b2804-6378-4a60-86e7-00377aa2f29b - - - - - -] Attempt 1 to provision port 0f4d3049-f062-4b12-98de-1f46a33c9bac
2026-05-25 01:51:36.390 9 INFO neutron.notifiers.nova [-] Nova event matching ['req-a55b8175-6046-478c-bd7a-12038a4100fb'] response: {'server_uuid': '57c6c289-56a5-41b3-98fe-a5617c3a6d01', 'name': 'network-vif-plugged', 'status': 'completed', 'tag': '0f4d3049-f062-4b12-98de-1f46a33c9bac', 'code': 200}
2026-05-25 01:51:36.477 9 INFO neutron.db.ovn_revision_numbers_db [None req-381b2804-6378-4a60-86e7-00377aa2f29b - - - - - -] Successfully bumped revision number for resource 0f4d3049-f062-4b12-98de-1f46a33c9bac (type: ports) to 5
2026-05-25 01:51:36.619 10 WARNING neutron_lib.context [None req-17ea829a-7b27-44de-b618-e5ffe0523121 32ea04b156df4bceaa643ba1991a7e21 3f0de7e39d294e8e958e797b6b287b14 - - default default] Method 'is_advsvc' is deprecated since 2023.2 release (neutron-lib 3.8.0) and will be removed once support for the old RBAC API policies will be removed from Neutron. Please use method 'is_service_role' instead.
2026-05-25 01:51:36.620 10 WARNING neutron_lib.context [None req-17ea829a-7b27-44de-b618-e5ffe0523121 32ea04b156df4bceaa643ba1991a7e21 3f0de7e39d294e8e958e797b6b287b14 - - default default] Method 'is_advsvc' is deprecated since 2023.2 release (neutron-lib 3.8.0) and will be removed once support for the old RBAC API policies will be removed from Neutron. Please use method 'is_service_role' instead.
2026-05-25 01:51:36.748 10 INFO neutron.db.ovn_revision_numbers_db [None req-17ea829a-7b27-44de-b618-e5ffe0523121 32ea04b156df4bceaa643ba1991a7e21 3f0de7e39d294e8e958e797b6b287b14 - - default default] Successfully bumped revision number for resource 70c912d0-ace1-4793-a373-460bfbac4f01 (type: security_groups) to 1
2026-05-25 01:51:36.763 10 INFO neutron.db.ovn_revision_numbers_db [None req-17ea829a-7b27-44de-b618-e5ffe0523121 32ea04b156df4bceaa643ba1991a7e21 3f0de7e39d294e8e958e797b6b287b14 - - default default] Successfully bumped revision number for resource 1d395987-5231-412d-9d7f-5219dedd9cc0 (type: security_group_rules) to 0
2026-05-25 01:51:36.785 10 INFO neutron.db.ovn_revision_numbers_db [None req-17ea829a-7b27-44de-b618-e5ffe0523121 32ea04b156df4bceaa643ba1991a7e21 3f0de7e39d294e8e958e797b6b287b14 - - default default] Successfully bumped revision number for resource 1f0b821a-0eab-40e7-80bb-e50cb24368a2 (type: security_group_rules) to 0
2026-05-25 01:51:36.794 10 INFO neutron.db.ovn_revision_numbers_db [None req-17ea829a-7b27-44de-b618-e5ffe0523121 32ea04b156df4bceaa643ba1991a7e21 3f0de7e39d294e8e958e797b6b287b14 - - default default] Successfully bumped revision number for resource 42818acb-f250-4b86-9102-ffcf86bef17d (type: security_group_rules) to 0
2026-05-25 01:51:36.808 10 INFO neutron.db.ovn_revision_numbers_db [None req-17ea829a-7b27-44de-b618-e5ffe0523121 32ea04b156df4bceaa643ba1991a7e21 3f0de7e39d294e8e958e797b6b287b14 - - default default] Successfully bumped revision number for resource 82b7fd28-cb34-4acf-a604-8795fbb96c8b (type: security_group_rules) to 0
2026-05-25 01:51:36.887 10 INFO neutron.db.segments_db [None req-17ea829a-7b27-44de-b618-e5ffe0523121 32ea04b156df4bceaa643ba1991a7e21 3f0de7e39d294e8e958e797b6b287b14 - - default default] Added segment 36933012-0332-4e83-9f13-6a0ebc67e32a of type geneve for network aa37dec7-2baf-413e-8b9b-994a79db6104 /var/lib/openstack/lib/python3.12/site-packages/pycadf/identifier.py:71: UserWarning: Invalid uuid: neutron. To ensure interoperability, identifiers should be a valid uuid. warnings.warn(('Invalid uuid: %s. To ensure interoperability, '
2026-05-25 01:51:36.989 10 INFO neutron.db.segments_db [None req-17ea829a-7b27-44de-b618-e5ffe0523121 32ea04b156df4bceaa643ba1991a7e21 3f0de7e39d294e8e958e797b6b287b14 - - default default] Added segment 84f62582-4117-41a4-bf40-2d590f6d6be0 of type geneve for network 4b2bf735-a408-4dc8-9046-d29b9547df01
2026-05-25 01:51:37.019 9 INFO neutron.api.wsgi [req-1924bcc0-fc2e-4a00-85b2-7dc0c5d97019 req-46f5114e-f56e-4f9d-b925-237822b81036 979fc26c28804e2c9d7eae395fadae34 c0ff0340a1de4bda8413eb17ef6a4e1d - - default default] 10.0.0.110 "GET /v2.0/ports?device_id=57c6c289-56a5-41b3-98fe-a5617c3a6d01 HTTP/1.1" status: 200 len: 1170 time: 0.0337279
2026-05-25 01:51:37.053 9 INFO neutron.api.wsgi [req-1924bcc0-fc2e-4a00-85b2-7dc0c5d97019 req-3bf8fb31-fa9f-4f9e-9627-03a4106a7a31 979fc26c28804e2c9d7eae395fadae34 c0ff0340a1de4bda8413eb17ef6a4e1d - - default default] 10.0.0.110 "GET /v2.0/security-groups?id=7969eacf-cd42-439e-bb34-096b61243e34&fields=id&fields=name HTTP/1.1" status: 200 len: 313 time: 0.0272782
2026-05-25 01:51:37.107 10 INFO neutron.db.ovn_revision_numbers_db [None req-17ea829a-7b27-44de-b618-e5ffe0523121 32ea04b156df4bceaa643ba1991a7e21 3f0de7e39d294e8e958e797b6b287b14 - - default default] Successfully bumped revision number for resource aa37dec7-2baf-413e-8b9b-994a79db6104 (type: networks) to 1
2026-05-25 01:51:37.301 10 WARNING neutron.scheduler.dhcp_agent_scheduler [None req-17ea829a-7b27-44de-b618-e5ffe0523121 32ea04b156df4bceaa643ba1991a7e21 3f0de7e39d294e8e958e797b6b287b14 - - default default] No more DHCP agents
2026-05-25 01:51:37.302 10 WARNING neutron.api.rpc.agentnotifiers.dhcp_rpc_agent_api [None req-17ea829a-7b27-44de-b618-e5ffe0523121 32ea04b156df4bceaa643ba1991a7e21 3f0de7e39d294e8e958e797b6b287b14 - - default default] Unable to schedule network aa37dec7-2baf-413e-8b9b-994a79db6104: no agents available; will retry on subsequent port and subnet creation events.
2026-05-25 01:51:37.362 10 INFO neutron.db.ovn_revision_numbers_db [None req-17ea829a-7b27-44de-b618-e5ffe0523121 32ea04b156df4bceaa643ba1991a7e21 3f0de7e39d294e8e958e797b6b287b14 - - default default] Successfully bumped revision number for resource 3024cd9f-02c5-418f-b8e0-8291bfe84109 (type: ports) to 1
2026-05-25 01:51:37.432 10 INFO neutron.db.ovn_revision_numbers_db [None req-17ea829a-7b27-44de-b618-e5ffe0523121 32ea04b156df4bceaa643ba1991a7e21 3f0de7e39d294e8e958e797b6b287b14 - - default default] Successfully bumped revision number for resource 4b2bf735-a408-4dc8-9046-d29b9547df01 (type: networks) to 1
2026-05-25 01:51:37.582 10 WARNING neutron.scheduler.dhcp_agent_scheduler [None req-17ea829a-7b27-44de-b618-e5ffe0523121 32ea04b156df4bceaa643ba1991a7e21 3f0de7e39d294e8e958e797b6b287b14 - - default default] No more DHCP agents
2026-05-25 01:51:37.583 10 WARNING neutron.api.rpc.agentnotifiers.dhcp_rpc_agent_api [None req-17ea829a-7b27-44de-b618-e5ffe0523121 32ea04b156df4bceaa643ba1991a7e21 3f0de7e39d294e8e958e797b6b287b14 - - default default] Unable to schedule network 4b2bf735-a408-4dc8-9046-d29b9547df01: no agents available; will retry on subsequent port and subnet creation events.
2026-05-25 01:51:37.643 10 INFO neutron.db.ovn_revision_numbers_db [None req-17ea829a-7b27-44de-b618-e5ffe0523121 32ea04b156df4bceaa643ba1991a7e21 3f0de7e39d294e8e958e797b6b287b14 - - default default] Successfully bumped revision number for resource d3e21f08-0b8c-4fda-b4d0-30b7817e0145 (type: ports) to 1
2026-05-25 01:51:37.667 10 INFO neutron.api.wsgi [None req-17ea829a-7b27-44de-b618-e5ffe0523121 32ea04b156df4bceaa643ba1991a7e21 3f0de7e39d294e8e958e797b6b287b14 - - default default] 10.0.0.86 "POST /v2.0/networks HTTP/1.1" status: 201 len: 1445 time: 1.1772482
2026-05-25 01:51:37.716 10 INFO neutron.api.wsgi [None req-be5acbd2-ec5a-4f54-95cb-cce5c7e26ee5 32ea04b156df4bceaa643ba1991a7e21 3f0de7e39d294e8e958e797b6b287b14 - - default default] 10.0.0.86 "GET /v2.0/networks HTTP/1.1" status: 200 len: 2051 time: 0.0461283
2026-05-25 01:51:38.009 10 INFO neutron.services.segments.plugin [-] Segment 36933012-0332-4e83-9f13-6a0ebc67e32a resource provider aggregate not found
2026-05-25 01:51:38.014 10 INFO neutron.services.segments.plugin [-] Segment 36933012-0332-4e83-9f13-6a0ebc67e32a resource provider aggregate not found
2026-05-25 01:51:38.025 10 INFO neutron.services.segments.plugin [-] Segment 36933012-0332-4e83-9f13-6a0ebc67e32a resource provider not found; error: Placement Client Error (4xx): {"errors": [{"status": 404, "title": "Not Found", "detail": "The resource could not be found.\n\n No resource provider with uuid 36933012-0332-4e83-9f13-6a0ebc67e32a found for delete ", "request_id": "req-d4092dc6-dbdd-464f-acbc-61c4fff9a31a"}]}
2026-05-25 01:51:38.030 10 INFO neutron.services.segments.plugin [-] Segment 36933012-0332-4e83-9f13-6a0ebc67e32a resource provider not found; error: Placement Client Error (4xx): {"errors": [{"status": 404, "title": "Not Found", "detail": "The resource could not be found.\n\n No resource provider with uuid 36933012-0332-4e83-9f13-6a0ebc67e32a found for delete ", "request_id": "req-b3210ffd-a3f9-4c55-bd7c-77f9a80a19b5"}]}
2026-05-25 01:51:38.048 10 INFO neutron.api.wsgi [None req-f53f5d0a-8826-4809-8e45-d6780a1f020a 32ea04b156df4bceaa643ba1991a7e21 3f0de7e39d294e8e958e797b6b287b14 - - default default] 10.0.0.86 "DELETE /v2.0/networks/aa37dec7-2baf-413e-8b9b-994a79db6104 HTTP/1.1" status: 204 len: 168 time: 0.3282306
2026-05-25 01:51:38.153 9 INFO neutron.api.wsgi [req-5e644cc2-a0e3-4ae3-b5ac-4aa5946c413a req-501ec05c-8631-43df-a893-43594899ac4e 979fc26c28804e2c9d7eae395fadae34 c0ff0340a1de4bda8413eb17ef6a4e1d - - default default] 10.0.0.110 "GET /v2.0/ports?device_id=57c6c289-56a5-41b3-98fe-a5617c3a6d01 HTTP/1.1" status: 200 len: 1170 time: 0.0289638
2026-05-25 01:51:38.203 9 INFO neutron.api.wsgi [req-5e644cc2-a0e3-4ae3-b5ac-4aa5946c413a req-f05cc8ee-6317-41d7-89d8-a3a52e19bc27 979fc26c28804e2c9d7eae395fadae34 c0ff0340a1de4bda8413eb17ef6a4e1d - - default default] 10.0.0.110 "GET /v2.0/security-groups?id=7969eacf-cd42-439e-bb34-096b61243e34&fields=id&fields=name HTTP/1.1" status: 200 len: 313 time: 0.0429311
2026-05-25 01:51:38.279 9 INFO neutron.api.wsgi [req-40f7c1c4-decf-4c59-adb3-3bd94b7c0438 req-edd141b6-307e-4b6d-959c-341f2fd891f7 979fc26c28804e2c9d7eae395fadae34 c0ff0340a1de4bda8413eb17ef6a4e1d - - default default] 10.0.0.110 "GET /v2.0/ports?device_id=57c6c289-56a5-41b3-98fe-a5617c3a6d01 HTTP/1.1" status: 200 len: 1170 time: 0.0278964
2026-05-25 01:51:38.417 9 INFO neutron.notifiers.nova [-] Nova event matching ['req-dfc74108-4456-4517-a0f0-a31eca88a3c3'] response: {'server_uuid': '57c6c289-56a5-41b3-98fe-a5617c3a6d01', 'name': 'network-vif-plugged', 'status': 'completed', 'tag': '0f4d3049-f062-4b12-98de-1f46a33c9bac', 'code': 200}
2026-05-25 01:51:38.470 10 INFO neutron.api.wsgi [None req-b040eaed-886c-4399-aeeb-5bb455b9b095 32ea04b156df4bceaa643ba1991a7e21 3f0de7e39d294e8e958e797b6b287b14 - - default default] 10.0.0.86 "DELETE /v2.0/networks/4b2bf735-a408-4dc8-9046-d29b9547df01 HTTP/1.1" status: 204 len: 168 time: 0.4117043
2026-05-25 01:51:38.514 9 INFO neutron.api.wsgi [None req-9494dde3-8d23-4bba-b3a5-b74bf12b094f 32ea04b156df4bceaa643ba1991a7e21 3f0de7e39d294e8e958e797b6b287b14 - - default default] 10.0.0.86 "GET /v2.0/networks HTTP/1.1" status: 200 len: 845 time: 0.0394900
2026-05-25 01:51:38.520 9 WARNING neutron_lib.context [None req-eff3a5cd-f3f0-44a9-b842-cce8f500ab6e 32ea04b156df4bceaa643ba1991a7e21 3f0de7e39d294e8e958e797b6b287b14 - - default default] Method 'is_advsvc' is deprecated since 2023.2 release (neutron-lib 3.8.0) and will be removed once support for the old RBAC API policies will be removed from Neutron. Please use method 'is_service_role' instead.
2026-05-25 01:51:38.590 9 INFO neutron.db.segments_db [None req-eff3a5cd-f3f0-44a9-b842-cce8f500ab6e 32ea04b156df4bceaa643ba1991a7e21 3f0de7e39d294e8e958e797b6b287b14 - - default default] Added segment 843a678c-7e6c-4018-ac2c-9472c33c00c7 of type geneve for network 1b6231ea-5e3b-4176-998e-02a73ea6c517
2026-05-25 01:51:38.705 10 INFO neutron.db.ovn_revision_numbers_db [None req-b885accb-b41d-45a5-b8f6-9edb5b8f10c6 979fc26c28804e2c9d7eae395fadae34 c0ff0340a1de4bda8413eb17ef6a4e1d - - default default] Successfully bumped revision number for resource fe779c3c-cb75-48af-ae2b-dc9e15fcbc11 (type: floatingips) to 1
2026-05-25 01:51:38.706 9 INFO neutron.db.ovn_revision_numbers_db [None req-eff3a5cd-f3f0-44a9-b842-cce8f500ab6e 32ea04b156df4bceaa643ba1991a7e21 3f0de7e39d294e8e958e797b6b287b14 - - default default] Successfully bumped revision number for resource 1b6231ea-5e3b-4176-998e-02a73ea6c517 (type: networks) to 1
2026-05-25 01:51:38.825 10 INFO neutron.db.ovn_revision_numbers_db [None req-b885accb-b41d-45a5-b8f6-9edb5b8f10c6 979fc26c28804e2c9d7eae395fadae34 c0ff0340a1de4bda8413eb17ef6a4e1d - - default default] Successfully bumped revision number for resource fe779c3c-cb75-48af-ae2b-dc9e15fcbc11 (type: floatingips) to 2
2026-05-25 01:51:38.825 10 INFO neutron.db.l3_db [None req-b885accb-b41d-45a5-b8f6-9edb5b8f10c6 979fc26c28804e2c9d7eae395fadae34 c0ff0340a1de4bda8413eb17ef6a4e1d - - default default] Floating IP fe779c3c-cb75-48af-ae2b-dc9e15fcbc11 associated. External IP: 10.96.250.215, port: 0f4d3049-f062-4b12-98de-1f46a33c9bac.
2026-05-25 01:51:38.850 10 INFO neutron.api.wsgi [None req-b885accb-b41d-45a5-b8f6-9edb5b8f10c6 979fc26c28804e2c9d7eae395fadae34 c0ff0340a1de4bda8413eb17ef6a4e1d - - default default] 10.0.0.86 "PUT /v2.0/floatingips/fe779c3c-cb75-48af-ae2b-dc9e15fcbc11 HTTP/1.1" status: 200 len: 1049 time: 0.5609295
2026-05-25 01:51:38.879 10 INFO neutron.notifiers.nova [-] Nova event matching ['req-44d216d0-02f2-4ff5-b74a-cb6128febb4a'] response: {'name': 'network-changed', 'server_uuid': '57c6c289-56a5-41b3-98fe-a5617c3a6d01', 'tag': '0f4d3049-f062-4b12-98de-1f46a33c9bac', 'status': 'completed', 'code': 200}
2026-05-25 01:51:38.887 9 WARNING neutron.scheduler.dhcp_agent_scheduler [None req-eff3a5cd-f3f0-44a9-b842-cce8f500ab6e 32ea04b156df4bceaa643ba1991a7e21 3f0de7e39d294e8e958e797b6b287b14 - - default default] No more DHCP agents
2026-05-25 01:51:38.888 9 WARNING neutron.api.rpc.agentnotifiers.dhcp_rpc_agent_api [None req-eff3a5cd-f3f0-44a9-b842-cce8f500ab6e 32ea04b156df4bceaa643ba1991a7e21 3f0de7e39d294e8e958e797b6b287b14 - - default default] Unable to schedule network 1b6231ea-5e3b-4176-998e-02a73ea6c517: no agents available; will retry on subsequent port and subnet creation events. /var/lib/openstack/lib/python3.12/site-packages/pycadf/identifier.py:71: UserWarning: Invalid uuid: neutron. To ensure interoperability, identifiers should be a valid uuid. warnings.warn(('Invalid uuid: %s. To ensure interoperability, '
2026-05-25 01:51:38.940 9 INFO neutron.api.wsgi [req-edea5267-301b-4fea-a520-1d41ab255dca req-4653ecfd-84fc-41ce-9d1c-817cff3d0cd7 979fc26c28804e2c9d7eae395fadae34 c0ff0340a1de4bda8413eb17ef6a4e1d - - default default] 10.0.0.110 "GET /v2.0/ports?device_id=57c6c289-56a5-41b3-98fe-a5617c3a6d01 HTTP/1.1" status: 200 len: 1170 time: 0.0408061
2026-05-25 01:51:38.972 9 INFO neutron.db.ovn_revision_numbers_db [None req-eff3a5cd-f3f0-44a9-b842-cce8f500ab6e 32ea04b156df4bceaa643ba1991a7e21 3f0de7e39d294e8e958e797b6b287b14 - - default default] Successfully bumped revision number for resource 1d76ea62-797e-4108-ab39-5de49b35ca8d (type: ports) to 1
2026-05-25 01:51:38.978 9 INFO neutron.api.wsgi [req-edea5267-301b-4fea-a520-1d41ab255dca req-59be7235-79de-49c0-abee-604f46e13853 979fc26c28804e2c9d7eae395fadae34 c0ff0340a1de4bda8413eb17ef6a4e1d - - default default] 10.0.0.110 "GET /v2.0/security-groups?id=7969eacf-cd42-439e-bb34-096b61243e34&fields=id&fields=name HTTP/1.1" status: 200 len: 313 time: 0.0312920
2026-05-25 01:51:38.991 9 INFO neutron.api.wsgi [None req-eff3a5cd-f3f0-44a9-b842-cce8f500ab6e 32ea04b156df4bceaa643ba1991a7e21 3f0de7e39d294e8e958e797b6b287b14 - - default default] 10.0.0.86 "POST /v2.0/networks HTTP/1.1" status: 201 len: 848 time: 0.4734831
2026-05-25 01:51:39.001 9 WARNING neutron_lib.context [None req-1b9d2c31-c8f1-4a19-bf1b-67b8c6d49a4a 32ea04b156df4bceaa643ba1991a7e21 3f0de7e39d294e8e958e797b6b287b14 - - default default] Method 'is_advsvc' is deprecated since 2023.2 release (neutron-lib 3.8.0) and will be removed once support for the old RBAC API policies will be removed from Neutron. Please use method 'is_service_role' instead.
2026-05-25 01:51:39.090 9 INFO neutron.db.segments_db [None req-1b9d2c31-c8f1-4a19-bf1b-67b8c6d49a4a 32ea04b156df4bceaa643ba1991a7e21 3f0de7e39d294e8e958e797b6b287b14 - - default default] Added segment 4035726f-868e-4733-8ffe-a323cc14d5a8 of type geneve for network ed971fa2-cdff-473f-8ea1-d5546bd25477
2026-05-25 01:51:39.210 9 INFO neutron.db.ovn_revision_numbers_db [None req-1b9d2c31-c8f1-4a19-bf1b-67b8c6d49a4a 32ea04b156df4bceaa643ba1991a7e21 3f0de7e39d294e8e958e797b6b287b14 - - default default] Successfully bumped revision number for resource ed971fa2-cdff-473f-8ea1-d5546bd25477 (type: networks) to 1
2026-05-25 01:51:39.270 9 INFO neutron.api.wsgi [req-84354ec0-cd62-46d4-9965-eb8c56417738 req-59111a89-9f4f-4a2c-8293-a0e56606f3aa 5218039aafda45f3be642c6014d3ae9b b2a546254df3488fbddd714b7f50efe9 - - b4886bf9aa194294ab01b036fd7452ba b4886bf9aa194294ab01b036fd7452ba] 10.0.0.211 "GET /v2.0/ports?device_id=71d8b8ae-b001-4cf1-a301-5c6fc543dee8 HTTP/1.1" status: 200 len: 1413 time: 0.1493034
2026-05-25 01:51:39.336 9 INFO neutron.api.wsgi [req-c571e979-f41a-43d5-8ca8-1d03a1aa99ef req-e97907a3-471a-49bf-b1b0-4b07985800fc 979fc26c28804e2c9d7eae395fadae34 c0ff0340a1de4bda8413eb17ef6a4e1d - - default default] 10.0.0.110 "GET /v2.0/ports?device_id=57c6c289-56a5-41b3-98fe-a5617c3a6d01 HTTP/1.1" status: 200 len: 1170 time: 0.0505538
2026-05-25 01:51:39.339 9 INFO neutron.api.wsgi [req-84354ec0-cd62-46d4-9965-eb8c56417738 req-bd6d8d70-568c-4eca-97d7-ccd557daa9d7 5218039aafda45f3be642c6014d3ae9b b2a546254df3488fbddd714b7f50efe9 - - b4886bf9aa194294ab01b036fd7452ba b4886bf9aa194294ab01b036fd7452ba] 10.0.0.211 "GET /v2.0/security-groups?id=58f0f040-4314-4d6b-aeee-9bb89b936f6d&fields=id&fields=name HTTP/1.1" status: 200 len: 312 time: 0.0613716
2026-05-25 01:51:39.577 9 INFO neutron.api.wsgi [req-e6db544f-ac12-47c3-8834-d75f4cbbc506 req-e0599abe-5993-4eb9-858a-c111722d0546 5218039aafda45f3be642c6014d3ae9b b2a546254df3488fbddd714b7f50efe9 - - b4886bf9aa194294ab01b036fd7452ba b4886bf9aa194294ab01b036fd7452ba] 199.204.45.72 "GET /v2.0/ports?tenant_id=c0ff0340a1de4bda8413eb17ef6a4e1d&device_id=57c6c289-56a5-41b3-98fe-a5617c3a6d01 HTTP/1.1" status: 200 len: 1409 time: 0.0371783
2026-05-25 01:51:39.584 9 INFO neutron.api.wsgi [req-c571e979-f41a-43d5-8ca8-1d03a1aa99ef req-78f708a8-06e5-4c9c-8c22-d3fd9ffbf399 979fc26c28804e2c9d7eae395fadae34 c0ff0340a1de4bda8413eb17ef6a4e1d - - default default] 10.0.0.110 "GET /v2.0/security-groups?id=7969eacf-cd42-439e-bb34-096b61243e34&fields=id&fields=name HTTP/1.1" status: 200 len: 313 time: 0.2352874
2026-05-25 01:51:39.615 9 INFO neutron.api.wsgi [req-e6db544f-ac12-47c3-8834-d75f4cbbc506 req-7c848806-a9ce-4f06-a488-d630d1077d97 5218039aafda45f3be642c6014d3ae9b b2a546254df3488fbddd714b7f50efe9 - - b4886bf9aa194294ab01b036fd7452ba b4886bf9aa194294ab01b036fd7452ba] 199.204.45.72 "GET /v2.0/networks?id=3209dc48-cde8-4282-9293-52df9458763c HTTP/1.1" status: 200 len: 977 time: 0.0304463
2026-05-25 01:51:39.649 9 INFO neutron.api.wsgi [req-e6db544f-ac12-47c3-8834-d75f4cbbc506 req-f7d07d02-042c-46a1-8e83-be3a3278b50d 5218039aafda45f3be642c6014d3ae9b b2a546254df3488fbddd714b7f50efe9 - - b4886bf9aa194294ab01b036fd7452ba b4886bf9aa194294ab01b036fd7452ba] 199.204.45.72 "GET /v2.0/floatingips?fixed_ip_address=10.100.0.7&port_id=0f4d3049-f062-4b12-98de-1f46a33c9bac HTTP/1.1" status: 200 len: 1059 time: 0.0273113
2026-05-25 01:51:39.684 9 INFO neutron.api.wsgi [req-e6db544f-ac12-47c3-8834-d75f4cbbc506 req-aeb1c125-8614-4d67-844e-7f99b71be20a 5218039aafda45f3be642c6014d3ae9b b2a546254df3488fbddd714b7f50efe9 - - b4886bf9aa194294ab01b036fd7452ba b4886bf9aa194294ab01b036fd7452ba] 199.204.45.72 "GET /v2.0/subnets?id=b30556e8-91b3-44aa-b3de-ac90f2d6ed1a HTTP/1.1" status: 200 len: 896 time: 0.0296357
2026-05-25 01:51:39.692 9 WARNING neutron.scheduler.dhcp_agent_scheduler [None req-1b9d2c31-c8f1-4a19-bf1b-67b8c6d49a4a 32ea04b156df4bceaa643ba1991a7e21 3f0de7e39d294e8e958e797b6b287b14 - - default default] No more DHCP agents
2026-05-25 01:51:39.699 9 WARNING neutron.api.rpc.agentnotifiers.dhcp_rpc_agent_api [None req-1b9d2c31-c8f1-4a19-bf1b-67b8c6d49a4a 32ea04b156df4bceaa643ba1991a7e21 3f0de7e39d294e8e958e797b6b287b14 - - default default] Unable to schedule network ed971fa2-cdff-473f-8ea1-d5546bd25477: no agents available; will retry on subsequent port and subnet creation events.
2026-05-25 01:51:39.706 9 INFO neutron.api.wsgi [req-e6db544f-ac12-47c3-8834-d75f4cbbc506 req-bb6e0621-a0da-43bc-a55a-b958ecac0302 5218039aafda45f3be642c6014d3ae9b b2a546254df3488fbddd714b7f50efe9 - - b4886bf9aa194294ab01b036fd7452ba b4886bf9aa194294ab01b036fd7452ba] 199.204.45.72 "GET /v2.0/ports?network_id=3209dc48-cde8-4282-9293-52df9458763c&device_owner=network%3Adhcp HTTP/1.1" status: 200 len: 210 time: 0.0157588
2026-05-25 01:51:39.762 9 INFO neutron.api.wsgi [req-e6db544f-ac12-47c3-8834-d75f4cbbc506 req-7b23ead7-6dc7-427a-97a7-b301f8f215c0 5218039aafda45f3be642c6014d3ae9b b2a546254df3488fbddd714b7f50efe9 - - b4886bf9aa194294ab01b036fd7452ba b4886bf9aa194294ab01b036fd7452ba] 199.204.45.72 "GET /v2.0/networks/3209dc48-cde8-4282-9293-52df9458763c?fields=segments HTTP/1.1" status: 200 len: 212 time: 0.0506384
2026-05-25 01:51:39.769 9 INFO neutron.db.ovn_revision_numbers_db [None req-1b9d2c31-c8f1-4a19-bf1b-67b8c6d49a4a 32ea04b156df4bceaa643ba1991a7e21 3f0de7e39d294e8e958e797b6b287b14 - - default default] Successfully bumped revision number for resource f067a503-7502-46f8-9b32-4c3d483d8ab8 (type: ports) to 1
2026-05-25 01:51:39.791 9 INFO neutron.api.wsgi [None req-1b9d2c31-c8f1-4a19-bf1b-67b8c6d49a4a 32ea04b156df4bceaa643ba1991a7e21 3f0de7e39d294e8e958e797b6b287b14 - - default default] 10.0.0.86 "POST /v2.0/networks HTTP/1.1" status: 201 len: 849 time: 0.7941694
2026-05-25 01:51:39.799 9 WARNING neutron_lib.context [None req-201f62a6-e159-4796-b245-e0f7b9936415 32ea04b156df4bceaa643ba1991a7e21 3f0de7e39d294e8e958e797b6b287b14 - - default default] Method 'is_advsvc' is deprecated since 2023.2 release (neutron-lib 3.8.0) and will be removed once support for the old RBAC API policies will be removed from Neutron. Please use method 'is_service_role' instead.
2026-05-25 01:51:39.805 9 INFO neutron.api.wsgi [req-e6db544f-ac12-47c3-8834-d75f4cbbc506 req-d78a7fe3-999d-4191-adb1-fde028d2f7ab 5218039aafda45f3be642c6014d3ae9b b2a546254df3488fbddd714b7f50efe9 - - b4886bf9aa194294ab01b036fd7452ba b4886bf9aa194294ab01b036fd7452ba] 199.204.45.72 "GET /v2.0/networks/3209dc48-cde8-4282-9293-52df9458763c?fields=provider%3Aphysical_network&fields=provider%3Anetwork_type HTTP/1.1" status: 200 len: 277 time: 0.0410423
2026-05-25 01:51:39.821 9 WARNING neutron_lib.context [None req-201f62a6-e159-4796-b245-e0f7b9936415 32ea04b156df4bceaa643ba1991a7e21 3f0de7e39d294e8e958e797b6b287b14 - - default default] Method 'is_advsvc' is deprecated since 2023.2 release (neutron-lib 3.8.0) and will be removed once support for the old RBAC API policies will be removed from Neutron. Please use method 'is_service_role' instead.
2026-05-25 01:51:39.871 9 INFO neutron.plugins.ml2.drivers.ovn.mech_driver.mech_driver [None req-b14eb5bb-843d-4780-a151-afc364f03fef - - - - - -] OVN reports status down for port: 0f4d3049-f062-4b12-98de-1f46a33c9bac
2026-05-25 01:51:40.044 10 INFO neutron.services.segments.plugin [-] Segment 84f62582-4117-41a4-bf40-2d590f6d6be0 resource provider aggregate not found
2026-05-25 01:51:40.049 10 INFO neutron.services.segments.plugin [-] Segment 84f62582-4117-41a4-bf40-2d590f6d6be0 resource provider aggregate not found
2026-05-25 01:51:40.056 10 INFO neutron.services.segments.plugin [-] Segment 84f62582-4117-41a4-bf40-2d590f6d6be0 resource provider not found; error: Placement Client Error (4xx): {"errors": [{"status": 404, "title": "Not Found", "detail": "The resource could not be found.\n\n No resource provider with uuid 84f62582-4117-41a4-bf40-2d590f6d6be0 found for delete ", "request_id": "req-b0a292cf-ee29-4567-a575-ac2d358fc946"}]}
2026-05-25 01:51:40.063 10 INFO neutron.services.segments.plugin [-] Segment 84f62582-4117-41a4-bf40-2d590f6d6be0 resource provider not found; error: Placement Client Error (4xx): {"errors": [{"status": 404, "title": "Not Found", "detail": "The resource could not be found.\n\n No resource provider with uuid 84f62582-4117-41a4-bf40-2d590f6d6be0 found for delete ", "request_id": "req-bcd2456e-3ffe-44af-98ea-437c9dd77fb9"}]}
2026-05-25 01:51:40.148 9 INFO neutron.db.ovn_revision_numbers_db [None req-b14eb5bb-843d-4780-a151-afc364f03fef - - - - - -] Successfully bumped revision number for resource 0f4d3049-f062-4b12-98de-1f46a33c9bac (type: ports) to 6
2026-05-25 01:51:40.243 9 WARNING neutron.scheduler.dhcp_agent_scheduler [None req-201f62a6-e159-4796-b245-e0f7b9936415 32ea04b156df4bceaa643ba1991a7e21 3f0de7e39d294e8e958e797b6b287b14 - - default default] No more DHCP agents
2026-05-25 01:51:40.244 9 WARNING neutron.api.rpc.agentnotifiers.dhcp_rpc_agent_api [None req-201f62a6-e159-4796-b245-e0f7b9936415 32ea04b156df4bceaa643ba1991a7e21 3f0de7e39d294e8e958e797b6b287b14 - - default default] Unable to schedule network 1b6231ea-5e3b-4176-998e-02a73ea6c517: no agents available; will retry on subsequent port and subnet creation events.
2026-05-25 01:51:40.321 9 INFO neutron.db.ovn_revision_numbers_db [None req-201f62a6-e159-4796-b245-e0f7b9936415 32ea04b156df4bceaa643ba1991a7e21 3f0de7e39d294e8e958e797b6b287b14 - - default default] Successfully bumped revision number for resource 7e067eb6-3fd5-4c94-a33c-80d7631f1637 (type: ports) to 1
2026-05-25 01:51:40.360 9 WARNING neutron.scheduler.dhcp_agent_scheduler [None req-201f62a6-e159-4796-b245-e0f7b9936415 32ea04b156df4bceaa643ba1991a7e21 3f0de7e39d294e8e958e797b6b287b14 - - default default] No more DHCP agents
2026-05-25 01:51:40.361 9 WARNING neutron.api.rpc.agentnotifiers.dhcp_rpc_agent_api [None req-201f62a6-e159-4796-b245-e0f7b9936415 32ea04b156df4bceaa643ba1991a7e21 3f0de7e39d294e8e958e797b6b287b14 - - default default] Unable to schedule network ed971fa2-cdff-473f-8ea1-d5546bd25477: no agents available; will retry on subsequent port and subnet creation events.
2026-05-25 01:51:40.426 9 INFO neutron.db.ovn_revision_numbers_db [None req-201f62a6-e159-4796-b245-e0f7b9936415 32ea04b156df4bceaa643ba1991a7e21 3f0de7e39d294e8e958e797b6b287b14 - - default default] Successfully bumped revision number for resource 0fcc21f7-6bf6-40c6-b307-3e5a83ae1fbf (type: ports) to 1
2026-05-25 01:51:40.444 9 INFO neutron.notifiers.nova [-] Nova event matching ['req-8b0bf371-80c3-4ae9-a393-1870acf8c970'] response: {'server_uuid': '57c6c289-56a5-41b3-98fe-a5617c3a6d01', 'name': 'network-vif-unplugged', 'status': 'completed', 'tag': '0f4d3049-f062-4b12-98de-1f46a33c9bac', 'code': 200}
2026-05-25 01:51:40.445 9 INFO neutron.notifiers.nova [-] Nova event matching ['req-8b0bf371-80c3-4ae9-a393-1870acf8c970'] response: {'server_uuid': '57c6c289-56a5-41b3-98fe-a5617c3a6d01', 'name': 'network-vif-unplugged', 'status': 'completed', 'tag': '0f4d3049-f062-4b12-98de-1f46a33c9bac', 'code': 200}
2026-05-25 01:51:40.448 9 INFO neutron.api.wsgi [None req-201f62a6-e159-4796-b245-e0f7b9936415 32ea04b156df4bceaa643ba1991a7e21 3f0de7e39d294e8e958e797b6b287b14 - - default default] 10.0.0.86 "POST /v2.0/ports HTTP/1.1" status: 201 len: 1705 time: 0.6520810 /var/lib/openstack/lib/python3.12/site-packages/pycadf/identifier.py:71: UserWarning: Invalid uuid: neutron. To ensure interoperability, identifiers should be a valid uuid. warnings.warn(('Invalid uuid: %s. To ensure interoperability, '
2026-05-25 01:51:40.561 9 INFO neutron.api.wsgi [None req-a77e64e4-e5ad-4aaf-9af7-785610d09a8d 32ea04b156df4bceaa643ba1991a7e21 3f0de7e39d294e8e958e797b6b287b14 - - default default] 10.0.0.86 "GET /v2.0/ports HTTP/1.1" status: 200 len: 3212 time: 0.1090102
2026-05-25 01:51:40.722 9 INFO neutron.api.wsgi [req-07f963e5-7bdd-4085-8875-4a4733cae2a3 req-0ee27eb3-7a2c-45cd-8be9-9a97b18d2927 979fc26c28804e2c9d7eae395fadae34 c0ff0340a1de4bda8413eb17ef6a4e1d - - default default] 10.0.0.110 "GET /v2.0/ports?device_id=57c6c289-56a5-41b3-98fe-a5617c3a6d01 HTTP/1.1" status: 200 len: 1168 time: 0.0765195
2026-05-25 01:51:40.772 9 INFO neutron.api.wsgi [req-07f963e5-7bdd-4085-8875-4a4733cae2a3 req-73c5b0ae-f772-4397-8a86-efeccc8e5594 979fc26c28804e2c9d7eae395fadae34 c0ff0340a1de4bda8413eb17ef6a4e1d - - default default] 10.0.0.110 "GET /v2.0/security-groups?id=7969eacf-cd42-439e-bb34-096b61243e34&fields=id&fields=name HTTP/1.1" status: 200 len: 313 time: 0.0443313
2026-05-25 01:51:40.790 9 INFO neutron.api.wsgi [None req-bc80ee0c-a09d-44d7-924f-9fa67a034625 32ea04b156df4bceaa643ba1991a7e21 3f0de7e39d294e8e958e797b6b287b14 - - default default] 10.0.0.86 "DELETE /v2.0/ports/7e067eb6-3fd5-4c94-a33c-80d7631f1637 HTTP/1.1" status: 204 len: 168 time: 0.2239525
2026-05-25 01:51:40.978 9 INFO neutron.api.wsgi [None req-53ff58bf-b069-477f-96ba-a247cc29f46d 32ea04b156df4bceaa643ba1991a7e21 3f0de7e39d294e8e958e797b6b287b14 - - default default] 10.0.0.86 "DELETE /v2.0/ports/0fcc21f7-6bf6-40c6-b307-3e5a83ae1fbf HTTP/1.1" status: 204 len: 168 time: 0.1833205
2026-05-25 01:51:41.013 9 INFO neutron.api.wsgi [None req-28754173-fdf4-4c73-8643-080a6eaae84e 32ea04b156df4bceaa643ba1991a7e21 3f0de7e39d294e8e958e797b6b287b14 - - default default] 10.0.0.86 "GET /v2.0/ports HTTP/1.1" status: 200 len: 1718 time: 0.0312328
2026-05-25 01:51:41.021 9 WARNING neutron_lib.context [None req-c78c3871-cbf1-4bbc-9cb7-7ae064a26666 32ea04b156df4bceaa643ba1991a7e21 3f0de7e39d294e8e958e797b6b287b14 - - default default] Method 'is_advsvc' is deprecated since 2023.2 release (neutron-lib 3.8.0) and will be removed once support for the old RBAC API policies will be removed from Neutron. Please use method 'is_service_role' instead.
2026-05-25 01:51:41.089 9 INFO neutron.api.wsgi [req-943feb97-00b4-4033-987f-bd0eb0a4c1b5 req-bb5ec839-b709-4465-971d-ca925bbd95e8 979fc26c28804e2c9d7eae395fadae34 c0ff0340a1de4bda8413eb17ef6a4e1d - - default default] 199.204.45.72 "GET /v2.0/ports?device_id=57c6c289-56a5-41b3-98fe-a5617c3a6d01 HTTP/1.1" status: 200 len: 1168 time: 0.0322874
2026-05-25 01:51:41.112 9 INFO neutron.db.segments_db [None req-c78c3871-cbf1-4bbc-9cb7-7ae064a26666 32ea04b156df4bceaa643ba1991a7e21 3f0de7e39d294e8e958e797b6b287b14 - - default default] Added segment f7535833-9bef-4c41-9797-36efaa90713f of type geneve for network 00224756-0a7c-46e9-83bc-2a79d33abcc2
2026-05-25 01:51:41.225 9 INFO neutron.db.ovn_revision_numbers_db [None req-c78c3871-cbf1-4bbc-9cb7-7ae064a26666 32ea04b156df4bceaa643ba1991a7e21 3f0de7e39d294e8e958e797b6b287b14 - - default default] Successfully bumped revision number for resource 00224756-0a7c-46e9-83bc-2a79d33abcc2 (type: networks) to 1
2026-05-25 01:51:41.468 9 INFO neutron.db.l3_db [req-943feb97-00b4-4033-987f-bd0eb0a4c1b5 req-811d314a-32bf-4fea-bb2f-be1f2f56037b 979fc26c28804e2c9d7eae395fadae34 c0ff0340a1de4bda8413eb17ef6a4e1d - - default default] Floating IP fe779c3c-cb75-48af-ae2b-dc9e15fcbc11 disassociated. External IP: 10.96.250.215, port: 0f4d3049-f062-4b12-98de-1f46a33c9bac.
2026-05-25 01:51:41.490 9 WARNING neutron.scheduler.dhcp_agent_scheduler [None req-c78c3871-cbf1-4bbc-9cb7-7ae064a26666 32ea04b156df4bceaa643ba1991a7e21 3f0de7e39d294e8e958e797b6b287b14 - - default default] No more DHCP agents
2026-05-25 01:51:41.491 9 WARNING neutron.api.rpc.agentnotifiers.dhcp_rpc_agent_api [None req-c78c3871-cbf1-4bbc-9cb7-7ae064a26666 32ea04b156df4bceaa643ba1991a7e21 3f0de7e39d294e8e958e797b6b287b14 - - default default] Unable to schedule network 00224756-0a7c-46e9-83bc-2a79d33abcc2: no agents available; will retry on subsequent port and subnet creation events.
2026-05-25 01:51:41.563 9 INFO neutron.db.ovn_revision_numbers_db [None req-c78c3871-cbf1-4bbc-9cb7-7ae064a26666 32ea04b156df4bceaa643ba1991a7e21 3f0de7e39d294e8e958e797b6b287b14 - - default default] Successfully bumped revision number for resource ee0733cf-ad8c-43a7-949b-44b959343343 (type: ports) to 1
2026-05-25 01:51:41.585 9 INFO neutron.api.wsgi [req-943feb97-00b4-4033-987f-bd0eb0a4c1b5 req-811d314a-32bf-4fea-bb2f-be1f2f56037b 979fc26c28804e2c9d7eae395fadae34 c0ff0340a1de4bda8413eb17ef6a4e1d - - default default] 199.204.45.72 "DELETE /v2.0/ports/0f4d3049-f062-4b12-98de-1f46a33c9bac HTTP/1.1" status: 204 len: 173 time: 0.4916809
2026-05-25 01:51:41.603 9 INFO neutron.api.wsgi [None req-c78c3871-cbf1-4bbc-9cb7-7ae064a26666 32ea04b156df4bceaa643ba1991a7e21 3f0de7e39d294e8e958e797b6b287b14 - - default default] 10.0.0.86 "POST /v2.0/networks HTTP/1.1" status: 201 len: 849 time: 0.5863600 /var/lib/openstack/lib/python3.12/site-packages/pycadf/identifier.py:71: UserWarning: Invalid uuid: neutron. To ensure interoperability, identifiers should be a valid uuid. warnings.warn(('Invalid uuid: %s. To ensure interoperability, '
2026-05-25 01:51:41.613 9 WARNING neutron_lib.context [None req-f82dd782-5b3a-4d88-b6c8-664e3e050c7b 32ea04b156df4bceaa643ba1991a7e21 3f0de7e39d294e8e958e797b6b287b14 - - default default] Method 'is_advsvc' is deprecated since 2023.2 release (neutron-lib 3.8.0) and will be removed once support for the old RBAC API policies will be removed from Neutron. Please use method 'is_service_role' instead.
2026-05-25 01:51:41.692 9 INFO neutron.db.segments_db [None req-f82dd782-5b3a-4d88-b6c8-664e3e050c7b 32ea04b156df4bceaa643ba1991a7e21 3f0de7e39d294e8e958e797b6b287b14 - - default default] Added segment 80c9681f-668a-40c8-886d-197cf08e27b2 of type geneve for network b6542780-f8a2-4476-bfca-0e45fafe1655
2026-05-25 01:51:41.807 9 INFO neutron.db.ovn_revision_numbers_db [None req-f82dd782-5b3a-4d88-b6c8-664e3e050c7b 32ea04b156df4bceaa643ba1991a7e21 3f0de7e39d294e8e958e797b6b287b14 - - default default] Successfully bumped revision number for resource b6542780-f8a2-4476-bfca-0e45fafe1655 (type: networks) to 1
2026-05-25 01:51:41.849 9 INFO neutron.api.wsgi [req-25f65696-7db6-4d19-9d1a-5303f9419dd5 req-555aa788-561a-4392-b0b6-7ff726aa8148 979fc26c28804e2c9d7eae395fadae34 c0ff0340a1de4bda8413eb17ef6a4e1d - - default default] 10.0.0.110 "GET /v2.0/ports?device_id=57c6c289-56a5-41b3-98fe-a5617c3a6d01 HTTP/1.1" status: 200 len: 210 time: 0.0170662
2026-05-25 01:51:41.963 9 WARNING neutron.scheduler.dhcp_agent_scheduler [None req-f82dd782-5b3a-4d88-b6c8-664e3e050c7b 32ea04b156df4bceaa643ba1991a7e21 3f0de7e39d294e8e958e797b6b287b14 - - default default] No more DHCP agents
2026-05-25 01:51:41.964 9 WARNING neutron.api.rpc.agentnotifiers.dhcp_rpc_agent_api [None req-f82dd782-5b3a-4d88-b6c8-664e3e050c7b 32ea04b156df4bceaa643ba1991a7e21 3f0de7e39d294e8e958e797b6b287b14 - - default default] Unable to schedule network b6542780-f8a2-4476-bfca-0e45fafe1655: no agents available; will retry on subsequent port and subnet creation events.
2026-05-25 01:51:42.020 9 INFO neutron.db.ovn_revision_numbers_db [None req-f82dd782-5b3a-4d88-b6c8-664e3e050c7b 32ea04b156df4bceaa643ba1991a7e21 3f0de7e39d294e8e958e797b6b287b14 - - default default] Successfully bumped revision number for resource df09bde8-9035-44f1-b9db-8e872b895e03 (type: ports) to 1
2026-05-25 01:51:42.046 9 INFO neutron.api.wsgi [None req-f82dd782-5b3a-4d88-b6c8-664e3e050c7b 32ea04b156df4bceaa643ba1991a7e21 3f0de7e39d294e8e958e797b6b287b14 - - default default] 10.0.0.86 "POST /v2.0/networks HTTP/1.1" status: 201 len: 849 time: 0.4378717
2026-05-25 01:51:42.063 9 INFO neutron.api.wsgi [req-a95709d1-6f37-4d6d-b1ef-3d41abd9f3af req-6c8227af-6fcd-4335-a6be-0be0290625cf 5218039aafda45f3be642c6014d3ae9b b2a546254df3488fbddd714b7f50efe9 - - b4886bf9aa194294ab01b036fd7452ba b4886bf9aa194294ab01b036fd7452ba] 10.0.0.211 "GET /v2.0/ports?device_id=2d79aabf-923a-4a63-bf81-b9377447490f HTTP/1.1" status: 200 len: 1413 time: 0.0297880
2026-05-25 01:51:42.085 10 WARNING neutron_lib.context [None req-31237ce0-20bd-4adf-bbd5-9d31d8bfb252 32ea04b156df4bceaa643ba1991a7e21 3f0de7e39d294e8e958e797b6b287b14 - - default default] Method 'is_advsvc' is deprecated since 2023.2 release (neutron-lib 3.8.0) and will be removed once support for the old RBAC API policies will be removed from Neutron. Please use method 'is_service_role' instead.
2026-05-25 01:51:42.100 9 INFO neutron.api.wsgi [req-a95709d1-6f37-4d6d-b1ef-3d41abd9f3af req-7e7beed5-1e33-4e67-b020-112749647cb5 5218039aafda45f3be642c6014d3ae9b b2a546254df3488fbddd714b7f50efe9 - - b4886bf9aa194294ab01b036fd7452ba b4886bf9aa194294ab01b036fd7452ba] 10.0.0.211 "GET /v2.0/security-groups?id=a2aae9e0-fee4-465c-9012-4d182ad47169&fields=id&fields=name HTTP/1.1" status: 200 len: 312 time: 0.0312171
2026-05-25 01:51:42.107 10 WARNING neutron_lib.context [None req-31237ce0-20bd-4adf-bbd5-9d31d8bfb252 32ea04b156df4bceaa643ba1991a7e21 3f0de7e39d294e8e958e797b6b287b14 - - default default] Method 'is_advsvc' is deprecated since 2023.2 release (neutron-lib 3.8.0) and will be removed once support for the old RBAC API policies will be removed from Neutron. Please use method 'is_service_role' instead.
2026-05-25 01:51:42.437 10 WARNING neutron.scheduler.dhcp_agent_scheduler [None req-31237ce0-20bd-4adf-bbd5-9d31d8bfb252 32ea04b156df4bceaa643ba1991a7e21 3f0de7e39d294e8e958e797b6b287b14 - - default default] No more DHCP agents
2026-05-25 01:51:42.439 10 WARNING neutron.api.rpc.agentnotifiers.dhcp_rpc_agent_api [None req-31237ce0-20bd-4adf-bbd5-9d31d8bfb252 32ea04b156df4bceaa643ba1991a7e21 3f0de7e39d294e8e958e797b6b287b14 - - default default] Unable to schedule network 00224756-0a7c-46e9-83bc-2a79d33abcc2: no agents available; will retry on subsequent port and subnet creation events.
