2026-05-25 01:54:12.063 9 INFO neutron.api.wsgi [None req-34766dc8-8303-43d7-bbc2-7c4a748faeb2 131fbf2076f84ca9b8cdcc4ed7b47f72 559c122ffc684db29cd01070a051b059 - - default default] 10.0.0.86 "PUT /v2.0/routers/707a4aac-7740-48fe-9842-1c8b54cbda53/remove_router_interface HTTP/1.1" status: 200 len: 503 time: 0.7150569 /var/lib/openstack/lib/python3.12/site-packages/pycadf/identifier.py:71: UserWarning: Invalid uuid: neutron. To ensure interoperability, identifiers should be a valid uuid. warnings.warn(('Invalid uuid: %s. To ensure interoperability, '
2026-05-25 01:54:12.242 9 INFO neutron.api.wsgi [None req-45c030e3-1128-4b48-8e9c-3958c0a55475 131fbf2076f84ca9b8cdcc4ed7b47f72 559c122ffc684db29cd01070a051b059 - - default default] 10.0.0.86 "DELETE /v2.0/subnets/08c4eabd-bf15-42e9-b1a3-e2f65cdc9196 HTTP/1.1" status: 204 len: 168 time: 0.1744936
2026-05-25 01:54:12.418 10 INFO neutron.api.wsgi [None req-aac3cd26-3f24-4ca0-9bff-5d2cb8fb9a11 da251da55cdb4d4496c4d2ff8d20eb65 0168abde266a427fbd0d4cb92cfb6b13 - - default default] 10.0.0.86 "DELETE /v2.0/routers/97fe4265-5078-43a6-b897-f5b1ba38d740 HTTP/1.1" status: 204 len: 168 time: 0.5920370
2026-05-25 01:54:12.427 10 WARNING neutron.api.v2.base [None req-5678b786-e65f-4eb8-aae1-a04d53fd610c ec01721975fd47dcb6bb6fa7dffa9b4c 910e670ffbd84a76bef0d9b22628bb7a - - default default] An exception happened while processing the request body. The exception message is [Invalid input for description. Reason: 'yyyyyyyyyyyyyyyyyyyyyyyyyyyyyyyyyyyyyyyyyyyyyyyyyyyyyyyyyyyyyyyyyyyyyyyyyyyyyyyyyyyyyyyyyyyyyyyyyyyyyyyyyyyyyyyyyyyyyyyyyyyyyyyyyyyyyyyyyyyyyyyyyyyyyyyyyyyyyyyyyyyyyyyyyyyyyyyyyyyyyyyyyyyyyyyyyyyyyyyyyyyyyyyyyyyyyyyyyyyyyyyyyyyyyyyyyyyyyyyyyyyyyyyyyyyyyyyy' exceeds maximum length of 255.].: webob.exc.HTTPBadRequest: Invalid input for description. Reason: 'yyyyyyyyyyyyyyyyyyyyyyyyyyyyyyyyyyyyyyyyyyyyyyyyyyyyyyyyyyyyyyyyyyyyyyyyyyyyyyyyyyyyyyyyyyyyyyyyyyyyyyyyyyyyyyyyyyyyyyyyyyyyyyyyyyyyyyyyyyyyyyyyyyyyyyyyyyyyyyyyyyyyyyyyyyyyyyyyyyyyyyyyyyyyyyyyyyyyyyyyyyyyyyyyyyyyyyyyyyyyyyyyyyyyyyyyyyyyyyyyyyyyyyyyyyyyyyyy' exceeds maximum length of 255.
2026-05-25 01:54:12.427 10 INFO neutron.api.v2.resource [None req-5678b786-e65f-4eb8-aae1-a04d53fd610c ec01721975fd47dcb6bb6fa7dffa9b4c 910e670ffbd84a76bef0d9b22628bb7a - - default default] create failed (client error): Invalid input for description. Reason: 'yyyyyyyyyyyyyyyyyyyyyyyyyyyyyyyyyyyyyyyyyyyyyyyyyyyyyyyyyyyyyyyyyyyyyyyyyyyyyyyyyyyyyyyyyyyyyyyyyyyyyyyyyyyyyyyyyyyyyyyyyyyyyyyyyyyyyyyyyyyyyyyyyyyyyyyyyyyyyyyyyyyyyyyyyyyyyyyyyyyyyyyyyyyyyyyyyyyyyyyyyyyyyyyyyyyyyyyyyyyyyyyyyyyyyyyyyyyyyyyyyyyyyyyyyyyyyyyy' exceeds maximum length of 255.
2026-05-25 01:54:12.428 10 INFO neutron.api.wsgi [None req-5678b786-e65f-4eb8-aae1-a04d53fd610c ec01721975fd47dcb6bb6fa7dffa9b4c 910e670ffbd84a76bef0d9b22628bb7a - - default default] 10.0.0.86 "POST /v2.0/vpn/vpnservices HTTP/1.1" status: 400 len: 604 time: 0.0054536
2026-05-25 01:54:12.437 9 WARNING neutron.api.v2.base [None req-bf8d1b08-1480-4eea-bd01-e415f92a7dbd ec01721975fd47dcb6bb6fa7dffa9b4c 910e670ffbd84a76bef0d9b22628bb7a - - default default] An exception happened while processing the request body. The exception message is [Invalid input for name. Reason: 'xxxxxxxxxxxxxxxxxxxxxxxxxxxxxxxxxxxxxxxxxxxxxxxxxxxxxxxxxxxxxxxxxxxxxxxxxxxxxxxxxxxxxxxxxxxxxxxxxxxxxxxxxxxxxxxxxxxxxxxxxxxxxxxxxxxxxxxxxxxxxxxxxxxxxxxxxxxxxxxxxxxxxxxxxxxxxxxxxxxxxxxxxxxxxxxxxxxxxxxxxxxxxxxxxxxxxxxxxxxxxxxxxxxxxxxxxxxxxxxxxxxxxxxxxxxxxxxx' exceeds maximum length of 255.].: webob.exc.HTTPBadRequest: Invalid input for name. Reason: 'xxxxxxxxxxxxxxxxxxxxxxxxxxxxxxxxxxxxxxxxxxxxxxxxxxxxxxxxxxxxxxxxxxxxxxxxxxxxxxxxxxxxxxxxxxxxxxxxxxxxxxxxxxxxxxxxxxxxxxxxxxxxxxxxxxxxxxxxxxxxxxxxxxxxxxxxxxxxxxxxxxxxxxxxxxxxxxxxxxxxxxxxxxxxxxxxxxxxxxxxxxxxxxxxxxxxxxxxxxxxxxxxxxxxxxxxxxxxxxxxxxxxxxxxxxxxxxxx' exceeds maximum length of 255.
2026-05-25 01:54:12.437 9 INFO neutron.api.v2.resource [None req-bf8d1b08-1480-4eea-bd01-e415f92a7dbd ec01721975fd47dcb6bb6fa7dffa9b4c 910e670ffbd84a76bef0d9b22628bb7a - - default default] create failed (client error): Invalid input for name. Reason: 'xxxxxxxxxxxxxxxxxxxxxxxxxxxxxxxxxxxxxxxxxxxxxxxxxxxxxxxxxxxxxxxxxxxxxxxxxxxxxxxxxxxxxxxxxxxxxxxxxxxxxxxxxxxxxxxxxxxxxxxxxxxxxxxxxxxxxxxxxxxxxxxxxxxxxxxxxxxxxxxxxxxxxxxxxxxxxxxxxxxxxxxxxxxxxxxxxxxxxxxxxxxxxxxxxxxxxxxxxxxxxxxxxxxxxxxxxxxxxxxxxxxxxxxxxxxxxxxx' exceeds maximum length of 255.
2026-05-25 01:54:12.438 9 INFO neutron.api.wsgi [None req-bf8d1b08-1480-4eea-bd01-e415f92a7dbd ec01721975fd47dcb6bb6fa7dffa9b4c 910e670ffbd84a76bef0d9b22628bb7a - - default default] 10.0.0.86 "POST /v2.0/vpn/vpnservices HTTP/1.1" status: 400 len: 597 time: 0.0057471
2026-05-25 01:54:12.447 9 WARNING neutron_lib.context [None req-2adf0ed7-51cb-405f-a26b-910977c865fe ec01721975fd47dcb6bb6fa7dffa9b4c 910e670ffbd84a76bef0d9b22628bb7a - - default default] Method 'is_advsvc' is deprecated since 2023.2 release (neutron-lib 3.8.0) and will be removed once support for the old RBAC API policies will be removed from Neutron. Please use method 'is_service_role' instead.
2026-05-25 01:54:12.492 9 INFO neutron.api.v2.resource [None req-2adf0ed7-51cb-405f-a26b-910977c865fe ec01721975fd47dcb6bb6fa7dffa9b4c 910e670ffbd84a76bef0d9b22628bb7a - - default default] create failed (client error): The server could not comply with the request since it is either malformed or otherwise incorrect.
2026-05-25 01:54:12.493 9 INFO neutron.api.wsgi [None req-2adf0ed7-51cb-405f-a26b-910977c865fe ec01721975fd47dcb6bb6fa7dffa9b4c 910e670ffbd84a76bef0d9b22628bb7a - - default default] 10.0.0.86 "POST /v2.0/vpn/endpoint-groups HTTP/1.1" status: 400 len: 386 time: 0.0501380
2026-05-25 01:54:12.509 10 WARNING neutron_lib.context [None req-f1e8ef1e-a608-4966-93ea-cea58ed9f163 ec01721975fd47dcb6bb6fa7dffa9b4c 910e670ffbd84a76bef0d9b22628bb7a - - default default] Method 'is_advsvc' is deprecated since 2023.2 release (neutron-lib 3.8.0) and will be removed once support for the old RBAC API policies will be removed from Neutron. Please use method 'is_service_role' instead.
2026-05-25 01:54:12.538 10 INFO neutron.api.v2.resource [None req-f1e8ef1e-a608-4966-93ea-cea58ed9f163 ec01721975fd47dcb6bb6fa7dffa9b4c 910e670ffbd84a76bef0d9b22628bb7a - - default default] create failed (client error): The server could not comply with the request since it is either malformed or otherwise incorrect.
2026-05-25 01:54:12.541 10 INFO neutron.api.wsgi [None req-f1e8ef1e-a608-4966-93ea-cea58ed9f163 ec01721975fd47dcb6bb6fa7dffa9b4c 910e670ffbd84a76bef0d9b22628bb7a - - default default] 10.0.0.86 "POST /v2.0/vpn/endpoint-groups HTTP/1.1" status: 400 len: 363 time: 0.0380619
2026-05-25 01:54:12.554 9 WARNING neutron_lib.context [None req-28b34c76-3498-4600-917c-9201decbe1da ec01721975fd47dcb6bb6fa7dffa9b4c 910e670ffbd84a76bef0d9b22628bb7a - - default default] Method 'is_advsvc' is deprecated since 2023.2 release (neutron-lib 3.8.0) and will be removed once support for the old RBAC API policies will be removed from Neutron. Please use method 'is_service_role' instead.
2026-05-25 01:54:12.589 9 INFO neutron.api.v2.resource [None req-28b34c76-3498-4600-917c-9201decbe1da ec01721975fd47dcb6bb6fa7dffa9b4c 910e670ffbd84a76bef0d9b22628bb7a - - default default] create failed (client error): The server could not comply with the request since it is either malformed or otherwise incorrect.
2026-05-25 01:54:12.590 9 INFO neutron.api.wsgi [None req-28b34c76-3498-4600-917c-9201decbe1da ec01721975fd47dcb6bb6fa7dffa9b4c 910e670ffbd84a76bef0d9b22628bb7a - - default default] 10.0.0.86 "POST /v2.0/vpn/endpoint-groups HTTP/1.1" status: 400 len: 357 time: 0.0433714
2026-05-25 01:54:12.605 10 INFO neutron.api.wsgi [None req-5577ac81-c9a1-4818-a76f-67496f5fa2a6 ec01721975fd47dcb6bb6fa7dffa9b4c 910e670ffbd84a76bef0d9b22628bb7a - - default default] 10.0.0.86 "GET /v2.0/vpn/ikepolicies HTTP/1.1" status: 200 len: 602 time: 0.0085495
2026-05-25 01:54:12.617 10 INFO neutron.api.wsgi [None req-5bd56cfa-80cc-4c5e-a4d1-46ff03577cb8 ec01721975fd47dcb6bb6fa7dffa9b4c 910e670ffbd84a76bef0d9b22628bb7a - - default default] 10.0.0.86 "GET /v2.0/vpn/ipsecpolicies HTTP/1.1" status: 200 len: 610 time: 0.0083170
2026-05-25 01:54:12.630 10 INFO neutron.api.wsgi [None req-ef90c6fd-8c2b-4a19-a45c-e34de1e30289 ec01721975fd47dcb6bb6fa7dffa9b4c 910e670ffbd84a76bef0d9b22628bb7a - - default default] 10.0.0.86 "GET /v2.0/vpn/ipsec-site-connections HTTP/1.1" status: 200 len: 1000 time: 0.0090151
2026-05-25 01:54:12.642 10 INFO neutron.api.wsgi [None req-9e4549d5-23fd-4365-bef4-f98f639c32d7 ec01721975fd47dcb6bb6fa7dffa9b4c 910e670ffbd84a76bef0d9b22628bb7a - - default default] 10.0.0.86 "GET /v2.0/vpn/vpnservices HTTP/1.1" status: 200 len: 1055 time: 0.0080645
2026-05-25 01:54:12.654 10 INFO neutron.api.wsgi [None req-95c54428-5f9c-4143-baf4-537b845a7a9a ec01721975fd47dcb6bb6fa7dffa9b4c 910e670ffbd84a76bef0d9b22628bb7a - - default default] 10.0.0.86 "GET /v2.0/vpn/endpoint-groups/13c69703-f3ed-440c-b0a6-8a14b0ec50b4 HTTP/1.1" status: 200 len: 522 time: 0.0075686
2026-05-25 01:54:12.668 10 INFO neutron.api.wsgi [None req-1dc2c2a0-74bb-4dfa-ac62-d123007d37a1 ec01721975fd47dcb6bb6fa7dffa9b4c 910e670ffbd84a76bef0d9b22628bb7a - - default default] 10.0.0.86 "GET /v2.0/vpn/endpoint-groups/7599ee11-5a8d-49a3-9bf0-d98b3449b2d9 HTTP/1.1" status: 200 len: 513 time: 0.0111442
2026-05-25 01:54:12.682 9 INFO neutron.api.wsgi [None req-a45ddc35-4b29-4b84-99dc-fbbaac992186 ec01721975fd47dcb6bb6fa7dffa9b4c 910e670ffbd84a76bef0d9b22628bb7a - - default default] 10.0.0.86 "GET /v2.0/vpn/ikepolicies/27c6ea09-b174-4f41-9869-0886fcc0f38a HTTP/1.1" status: 200 len: 598 time: 0.0093668
2026-05-25 01:54:12.698 9 INFO neutron.api.wsgi [None req-c965df7b-42ce-4518-bf01-cae196d9489c ec01721975fd47dcb6bb6fa7dffa9b4c 910e670ffbd84a76bef0d9b22628bb7a - - default default] 10.0.0.86 "GET /v2.0/vpn/ipsecpolicies/b849b8cd-e7ea-4234-a9af-6ae54049a387 HTTP/1.1" status: 200 len: 606 time: 0.0122426
2026-05-25 01:54:12.712 9 INFO neutron.api.wsgi [None req-63a779d5-e1a3-4e3e-850b-eb3462329607 ec01721975fd47dcb6bb6fa7dffa9b4c 910e670ffbd84a76bef0d9b22628bb7a - - default default] 10.0.0.86 "GET /v2.0/vpn/vpnservices/f56a30d5-dd9d-4ae4-a292-0789a2377850 HTTP/1.1" status: 200 len: 643 time: 0.0098791
2026-05-25 01:54:12.738 10 WARNING neutron_lib.context [None req-65ba5506-19e3-42fd-ada4-1a6cad2ecdac 473e1caa1c2d490182042a147970b59e b7248a13afed4703b366849a5cb99e4a - - default default] Method 'is_advsvc' is deprecated since 2023.2 release (neutron-lib 3.8.0) and will be removed once support for the old RBAC API policies will be removed from Neutron. Please use method 'is_service_role' instead.
2026-05-25 01:54:12.886 10 INFO neutron.db.ovn_revision_numbers_db [None req-65ba5506-19e3-42fd-ada4-1a6cad2ecdac 473e1caa1c2d490182042a147970b59e b7248a13afed4703b366849a5cb99e4a - - default default] Successfully bumped revision number for resource 62e3c28f-cc3f-46f2-b9bf-12053803a216 (type: security_groups) to 1
2026-05-25 01:54:12.903 10 INFO neutron.db.ovn_revision_numbers_db [None req-65ba5506-19e3-42fd-ada4-1a6cad2ecdac 473e1caa1c2d490182042a147970b59e b7248a13afed4703b366849a5cb99e4a - - default default] Successfully bumped revision number for resource 3b112d8a-f410-446d-af90-41002d01915c (type: security_group_rules) to 0
2026-05-25 01:54:12.916 10 INFO neutron.db.ovn_revision_numbers_db [None req-65ba5506-19e3-42fd-ada4-1a6cad2ecdac 473e1caa1c2d490182042a147970b59e b7248a13afed4703b366849a5cb99e4a - - default default] Successfully bumped revision number for resource 79c7a616-7bf7-4005-925a-bd45d9823670 (type: security_group_rules) to 0
2026-05-25 01:54:12.933 10 INFO neutron.db.ovn_revision_numbers_db [None req-65ba5506-19e3-42fd-ada4-1a6cad2ecdac 473e1caa1c2d490182042a147970b59e b7248a13afed4703b366849a5cb99e4a - - default default] Successfully bumped revision number for resource a96d13b0-caf2-4164-8fa9-bdb5cbc91fe3 (type: security_group_rules) to 0
2026-05-25 01:54:12.940 9 INFO neutron.api.wsgi [None req-b7292d80-4294-49a3-aa74-6f404aa466a9 131fbf2076f84ca9b8cdcc4ed7b47f72 559c122ffc684db29cd01070a051b059 - - default default] 10.0.0.86 "DELETE /v2.0/routers/707a4aac-7740-48fe-9842-1c8b54cbda53 HTTP/1.1" status: 204 len: 168 time: 0.6937604
2026-05-25 01:54:12.946 10 INFO neutron.db.ovn_revision_numbers_db [None req-65ba5506-19e3-42fd-ada4-1a6cad2ecdac 473e1caa1c2d490182042a147970b59e b7248a13afed4703b366849a5cb99e4a - - default default] Successfully bumped revision number for resource ab6dc242-8850-4bed-a4ef-a1d5b5560e02 (type: security_group_rules) to 0
2026-05-25 01:54:13.020 10 INFO neutron.db.segments_db [None req-65ba5506-19e3-42fd-ada4-1a6cad2ecdac 473e1caa1c2d490182042a147970b59e b7248a13afed4703b366849a5cb99e4a - - default default] Added segment 89a62f74-0de4-4669-87f1-06126c4f64a1 of type geneve for network c4c8c717-3276-4913-ae09-c5a71f31294b
2026-05-25 01:54:13.152 10 INFO neutron.db.ovn_revision_numbers_db [None req-65ba5506-19e3-42fd-ada4-1a6cad2ecdac 473e1caa1c2d490182042a147970b59e b7248a13afed4703b366849a5cb99e4a - - default default] Successfully bumped revision number for resource c4c8c717-3276-4913-ae09-c5a71f31294b (type: networks) to 1
2026-05-25 01:54:13.233 9 INFO neutron.services.segments.plugin [-] Segment 1e8afd00-95c5-4ad5-9166-ced89e3b1da9 resource provider aggregate not found
2026-05-25 01:54:13.237 9 INFO neutron.services.segments.plugin [-] Segment 1e8afd00-95c5-4ad5-9166-ced89e3b1da9 resource provider aggregate not found
2026-05-25 01:54:13.243 10 INFO neutron.db.ovn_revision_numbers_db [None req-179ece5f-e3e8-4d31-a3df-1a32592a1c5d ec01721975fd47dcb6bb6fa7dffa9b4c 910e670ffbd84a76bef0d9b22628bb7a - - default default] Successfully bumped revision number for resource 6abba5e2-0745-420f-a072-8d43bb57e4ff (type: routers) to 10
2026-05-25 01:54:13.253 9 INFO neutron.services.segments.plugin [-] Segment 1e8afd00-95c5-4ad5-9166-ced89e3b1da9 resource provider not found; error: Placement Client Error (4xx): {"errors": [{"status": 404, "title": "Not Found", "detail": "The resource could not be found.\n\n No resource provider with uuid 1e8afd00-95c5-4ad5-9166-ced89e3b1da9 found for delete ", "request_id": "req-5df62944-f618-4df1-b120-a49541161a82"}]}
2026-05-25 01:54:13.255 9 INFO neutron.services.segments.plugin [-] Segment 1e8afd00-95c5-4ad5-9166-ced89e3b1da9 resource provider not found; error: Placement Client Error (4xx): {"errors": [{"status": 404, "title": "Not Found", "detail": "The resource could not be found.\n\n No resource provider with uuid 1e8afd00-95c5-4ad5-9166-ced89e3b1da9 found for delete ", "request_id": "req-fd8ea704-827d-462c-a445-f85f776ff64d"}]}
2026-05-25 01:54:13.264 9 INFO neutron.api.wsgi [None req-d2e8e464-0254-4a09-8a4e-f879b08cddd1 131fbf2076f84ca9b8cdcc4ed7b47f72 559c122ffc684db29cd01070a051b059 - - default default] 10.0.0.86 "DELETE /v2.0/networks/ae4a83c2-fca0-4ef6-a658-7b6d40493ac6 HTTP/1.1" status: 204 len: 168 time: 0.3193901
2026-05-25 01:54:13.266 10 INFO neutron.api.wsgi [None req-179ece5f-e3e8-4d31-a3df-1a32592a1c5d ec01721975fd47dcb6bb6fa7dffa9b4c 910e670ffbd84a76bef0d9b22628bb7a - - default default] 10.0.0.86 "DELETE /v2.0/vpn/ipsec-site-connections/c1ef1322-57c5-4dc5-8a02-46424ccb3826 HTTP/1.1" status: 204 len: 168 time: 0.5386219
2026-05-25 01:54:13.294 9 INFO neutron.api.wsgi [None req-343f5628-1160-4c17-bd3b-05ccf32a486b ec01721975fd47dcb6bb6fa7dffa9b4c 910e670ffbd84a76bef0d9b22628bb7a - - default default] 10.0.0.86 "DELETE /v2.0/vpn/endpoint-groups/13c69703-f3ed-440c-b0a6-8a14b0ec50b4 HTTP/1.1" status: 204 len: 168 time: 0.0225956
2026-05-25 01:54:13.322 10 INFO neutron.api.wsgi [None req-9ebc045a-19b4-4333-9bf4-7e63f4924f28 ec01721975fd47dcb6bb6fa7dffa9b4c 910e670ffbd84a76bef0d9b22628bb7a - - default default] 10.0.0.86 "DELETE /v2.0/vpn/endpoint-groups/7599ee11-5a8d-49a3-9bf0-d98b3449b2d9 HTTP/1.1" status: 204 len: 168 time: 0.0248797
2026-05-25 01:54:13.328 10 WARNING neutron.scheduler.dhcp_agent_scheduler [None req-65ba5506-19e3-42fd-ada4-1a6cad2ecdac 473e1caa1c2d490182042a147970b59e b7248a13afed4703b366849a5cb99e4a - - default default] No more DHCP agents
2026-05-25 01:54:13.329 10 WARNING neutron.api.rpc.agentnotifiers.dhcp_rpc_agent_api [None req-65ba5506-19e3-42fd-ada4-1a6cad2ecdac 473e1caa1c2d490182042a147970b59e b7248a13afed4703b366849a5cb99e4a - - default default] Unable to schedule network c4c8c717-3276-4913-ae09-c5a71f31294b: no agents available; will retry on subsequent port and subnet creation events.
2026-05-25 01:54:13.349 9 INFO neutron.api.wsgi [None req-ba5a8fd6-7df4-4612-839c-50054dd553ef ec01721975fd47dcb6bb6fa7dffa9b4c 910e670ffbd84a76bef0d9b22628bb7a - - default default] 10.0.0.86 "DELETE /v2.0/vpn/ipsecpolicies/b849b8cd-e7ea-4234-a9af-6ae54049a387 HTTP/1.1" status: 204 len: 168 time: 0.0219305
2026-05-25 01:54:13.387 9 INFO neutron.api.wsgi [None req-920b0477-c7d9-436f-b4df-77e338dc81ba ec01721975fd47dcb6bb6fa7dffa9b4c 910e670ffbd84a76bef0d9b22628bb7a - - default default] 10.0.0.86 "DELETE /v2.0/vpn/ikepolicies/27c6ea09-b174-4f41-9869-0886fcc0f38a HTTP/1.1" status: 204 len: 168 time: 0.0343540
2026-05-25 01:54:13.389 10 INFO neutron.db.ovn_revision_numbers_db [None req-65ba5506-19e3-42fd-ada4-1a6cad2ecdac 473e1caa1c2d490182042a147970b59e b7248a13afed4703b366849a5cb99e4a - - default default] Successfully bumped revision number for resource c1efcfca-2a82-4b66-baf9-887d31d8640a (type: ports) to 1
2026-05-25 01:54:13.408 10 INFO neutron.api.wsgi [None req-65ba5506-19e3-42fd-ada4-1a6cad2ecdac 473e1caa1c2d490182042a147970b59e b7248a13afed4703b366849a5cb99e4a - - default default] 10.0.0.86 "POST /v2.0/networks HTTP/1.1" status: 201 len: 831 time: 0.8639500
2026-05-25 01:54:13.416 10 WARNING neutron_lib.context [None req-cb124f70-a165-43e4-84a1-0f2e225319c4 473e1caa1c2d490182042a147970b59e b7248a13afed4703b366849a5cb99e4a - - default default] Method 'is_advsvc' is deprecated since 2023.2 release (neutron-lib 3.8.0) and will be removed once support for the old RBAC API policies will be removed from Neutron. Please use method 'is_service_role' instead.
2026-05-25 01:54:13.434 9 INFO neutron.api.wsgi [None req-662ab296-82f1-4de9-87de-d6640b34a938 ec01721975fd47dcb6bb6fa7dffa9b4c 910e670ffbd84a76bef0d9b22628bb7a - - default default] 10.0.0.86 "DELETE /v2.0/vpn/vpnservices/f56a30d5-dd9d-4ae4-a292-0789a2377850 HTTP/1.1" status: 204 len: 168 time: 0.0430408
2026-05-25 01:54:13.570 10 WARNING neutron.scheduler.dhcp_agent_scheduler [None req-cb124f70-a165-43e4-84a1-0f2e225319c4 473e1caa1c2d490182042a147970b59e b7248a13afed4703b366849a5cb99e4a - - default default] No more DHCP agents
2026-05-25 01:54:13.571 10 WARNING neutron.api.rpc.agentnotifiers.dhcp_rpc_agent_api [None req-cb124f70-a165-43e4-84a1-0f2e225319c4 473e1caa1c2d490182042a147970b59e b7248a13afed4703b366849a5cb99e4a - - default default] Unable to schedule network c4c8c717-3276-4913-ae09-c5a71f31294b: no agents available; will retry on subsequent port and subnet creation events.
2026-05-25 01:54:13.971 10 INFO neutron.db.ovn_revision_numbers_db [None req-5295ca6b-c4fd-4f76-ba36-e22223e2db6c - - - - - -] Successfully bumped revision number for resource c1efcfca-2a82-4b66-baf9-887d31d8640a (type: ports) to 2
2026-05-25 01:54:14.001 10 INFO neutron.db.ovn_revision_numbers_db [None req-5295ca6b-c4fd-4f76-ba36-e22223e2db6c - - - - - -] Successfully bumped revision number for resource 9c61dcd4-77c0-48c5-918f-1777848d9378 (type: subnets) to 0
2026-05-25 01:54:14.016 10 INFO neutron.api.wsgi [None req-cb124f70-a165-43e4-84a1-0f2e225319c4 473e1caa1c2d490182042a147970b59e b7248a13afed4703b366849a5cb99e4a - - default default] 10.0.0.86 "POST /v2.0/subnets HTTP/1.1" status: 201 len: 825 time: 0.6036868
2026-05-25 01:54:14.022 9 WARNING neutron_lib.context [None req-4b7bc88f-b7b6-42f0-be02-04530a8ae726 473e1caa1c2d490182042a147970b59e b7248a13afed4703b366849a5cb99e4a - - default default] Method 'is_advsvc' is deprecated since 2023.2 release (neutron-lib 3.8.0) and will be removed once support for the old RBAC API policies will be removed from Neutron. Please use method 'is_service_role' instead.
2026-05-25 01:54:14.132 9 INFO neutron.db.segments_db [None req-4b7bc88f-b7b6-42f0-be02-04530a8ae726 473e1caa1c2d490182042a147970b59e b7248a13afed4703b366849a5cb99e4a - - default default] Added segment 15c60d59-43d3-4a07-a85c-65668fd158f1 of type geneve for network 5754798d-eff4-45d7-9a2a-191a6581c675
2026-05-25 01:54:14.157 10 INFO neutron.db.ovn_revision_numbers_db [None req-2aba6c59-5b37-4947-983e-6cc534f3d7a0 d43276b0ca054ade821c06fdab05e1e0 dce85ce853a642d8ab454bef188237b9 - - default default] Successfully bumped revision number for resource 371d3d72-24f1-4aeb-8a06-e373e3f2b796 (type: security_groups) to 1
2026-05-25 01:54:14.171 10 INFO neutron.db.ovn_revision_numbers_db [None req-2aba6c59-5b37-4947-983e-6cc534f3d7a0 d43276b0ca054ade821c06fdab05e1e0 dce85ce853a642d8ab454bef188237b9 - - default default] Successfully bumped revision number for resource 01a929ae-7f59-47aa-97ef-24526ef8a865 (type: security_group_rules) to 0
2026-05-25 01:54:14.183 10 INFO neutron.db.ovn_revision_numbers_db [None req-2aba6c59-5b37-4947-983e-6cc534f3d7a0 d43276b0ca054ade821c06fdab05e1e0 dce85ce853a642d8ab454bef188237b9 - - default default] Successfully bumped revision number for resource 12f40ee0-c1f6-4abf-9075-4f56dab3bf10 (type: security_group_rules) to 0
2026-05-25 01:54:14.194 10 INFO neutron.db.ovn_revision_numbers_db [None req-2aba6c59-5b37-4947-983e-6cc534f3d7a0 d43276b0ca054ade821c06fdab05e1e0 dce85ce853a642d8ab454bef188237b9 - - default default] Successfully bumped revision number for resource 32d3376f-6b43-426a-a283-3fa79e728aef (type: security_group_rules) to 0
2026-05-25 01:54:14.208 10 INFO neutron.db.ovn_revision_numbers_db [None req-2aba6c59-5b37-4947-983e-6cc534f3d7a0 d43276b0ca054ade821c06fdab05e1e0 dce85ce853a642d8ab454bef188237b9 - - default default] Successfully bumped revision number for resource 687ed7bd-d24f-4342-a3c0-dc8e6f74d972 (type: security_group_rules) to 0
2026-05-25 01:54:14.254 10 INFO neutron.api.wsgi [None req-2aba6c59-5b37-4947-983e-6cc534f3d7a0 d43276b0ca054ade821c06fdab05e1e0 dce85ce853a642d8ab454bef188237b9 - - default default] 10.0.0.86 "GET /v2.0/security-groups?tenant_id=9ea10377ed5b4874a4b5f0f1557dfb13&name=default HTTP/1.1" status: 200 len: 3120 time: 0.3725309
2026-05-25 01:54:14.274 9 INFO neutron.db.ovn_revision_numbers_db [None req-4b7bc88f-b7b6-42f0-be02-04530a8ae726 473e1caa1c2d490182042a147970b59e b7248a13afed4703b366849a5cb99e4a - - default default] Successfully bumped revision number for resource 5754798d-eff4-45d7-9a2a-191a6581c675 (type: networks) to 1
2026-05-25 01:54:14.445 10 INFO neutron.api.wsgi [None req-0399f611-5d0f-4f04-9e6c-fb9759221278 d43276b0ca054ade821c06fdab05e1e0 dce85ce853a642d8ab454bef188237b9 - - default default] 10.0.0.86 "DELETE /v2.0/security-groups/371d3d72-24f1-4aeb-8a06-e373e3f2b796 HTTP/1.1" status: 204 len: 168 time: 0.1873333
2026-05-25 01:54:14.468 9 WARNING neutron.scheduler.dhcp_agent_scheduler [None req-4b7bc88f-b7b6-42f0-be02-04530a8ae726 473e1caa1c2d490182042a147970b59e b7248a13afed4703b366849a5cb99e4a - - default default] No more DHCP agents
2026-05-25 01:54:14.469 9 WARNING neutron.api.rpc.agentnotifiers.dhcp_rpc_agent_api [None req-4b7bc88f-b7b6-42f0-be02-04530a8ae726 473e1caa1c2d490182042a147970b59e b7248a13afed4703b366849a5cb99e4a - - default default] Unable to schedule network 5754798d-eff4-45d7-9a2a-191a6581c675: no agents available; will retry on subsequent port and subnet creation events.
2026-05-25 01:54:14.549 9 INFO neutron.db.ovn_revision_numbers_db [None req-4b7bc88f-b7b6-42f0-be02-04530a8ae726 473e1caa1c2d490182042a147970b59e b7248a13afed4703b366849a5cb99e4a - - default default] Successfully bumped revision number for resource 6984347c-7a34-4df0-a6b0-7180e3ff791a (type: ports) to 1
2026-05-25 01:54:14.578 9 INFO neutron.api.wsgi [None req-4b7bc88f-b7b6-42f0-be02-04530a8ae726 473e1caa1c2d490182042a147970b59e b7248a13afed4703b366849a5cb99e4a - - default default] 10.0.0.86 "POST /v2.0/networks HTTP/1.1" status: 201 len: 831 time: 0.5596275
2026-05-25 01:54:14.588 10 WARNING neutron_lib.context [None req-472acac7-625c-4ce7-80e5-659dd8ba3fa4 473e1caa1c2d490182042a147970b59e b7248a13afed4703b366849a5cb99e4a - - default default] Method 'is_advsvc' is deprecated since 2023.2 release (neutron-lib 3.8.0) and will be removed once support for the old RBAC API policies will be removed from Neutron. Please use method 'is_service_role' instead.
2026-05-25 01:54:14.599 10 INFO neutron.api.wsgi [None req-fe4ba0eb-86dc-4b12-93bc-e9f357a497f6 d43276b0ca054ade821c06fdab05e1e0 dce85ce853a642d8ab454bef188237b9 - - default default] 10.0.0.86 "GET /v2.0/security-groups?tenant_id=559c122ffc684db29cd01070a051b059&name=default HTTP/1.1" status: 200 len: 3120 time: 0.0465941
2026-05-25 01:54:14.800 10 WARNING neutron.scheduler.dhcp_agent_scheduler [None req-472acac7-625c-4ce7-80e5-659dd8ba3fa4 473e1caa1c2d490182042a147970b59e b7248a13afed4703b366849a5cb99e4a - - default default] No more DHCP agents
2026-05-25 01:54:14.802 10 WARNING neutron.api.rpc.agentnotifiers.dhcp_rpc_agent_api [None req-472acac7-625c-4ce7-80e5-659dd8ba3fa4 473e1caa1c2d490182042a147970b59e b7248a13afed4703b366849a5cb99e4a - - default default] Unable to schedule network 5754798d-eff4-45d7-9a2a-191a6581c675: no agents available; will retry on subsequent port and subnet creation events.
2026-05-25 01:54:14.849 10 INFO neutron.api.wsgi [None req-14e95ca2-c6a5-4dfa-977f-4dc35572a267 d43276b0ca054ade821c06fdab05e1e0 dce85ce853a642d8ab454bef188237b9 - - default default] 10.0.0.86 "DELETE /v2.0/security-groups/3eea65e4-6f66-49a0-8090-d2392bc8df6f HTTP/1.1" status: 204 len: 168 time: 0.2455988
2026-05-25 01:54:15.168 10 INFO neutron.db.ovn_revision_numbers_db [None req-7da52eac-96bc-47ae-9362-82f68324efe7 - - - - - -] Successfully bumped revision number for resource 6984347c-7a34-4df0-a6b0-7180e3ff791a (type: ports) to 2
2026-05-25 01:54:15.194 10 INFO neutron.db.ovn_revision_numbers_db [None req-7da52eac-96bc-47ae-9362-82f68324efe7 - - - - - -] Successfully bumped revision number for resource bed3db6c-2bc8-4061-bad1-d50c44c6acea (type: subnets) to 0
2026-05-25 01:54:15.206 10 INFO neutron.api.wsgi [None req-472acac7-625c-4ce7-80e5-659dd8ba3fa4 473e1caa1c2d490182042a147970b59e b7248a13afed4703b366849a5cb99e4a - - default default] 10.0.0.86 "POST /v2.0/subnets HTTP/1.1" status: 201 len: 828 time: 0.6227179
2026-05-25 01:54:15.216 10 WARNING neutron_lib.context [None req-a05889a3-ee66-4116-868c-94e10b8b7762 473e1caa1c2d490182042a147970b59e b7248a13afed4703b366849a5cb99e4a - - default default] Method 'is_advsvc' is deprecated since 2023.2 release (neutron-lib 3.8.0) and will be removed once support for the old RBAC API policies will be removed from Neutron. Please use method 'is_service_role' instead.
2026-05-25 01:54:15.288 10 INFO neutron.db.segments_db [None req-a05889a3-ee66-4116-868c-94e10b8b7762 473e1caa1c2d490182042a147970b59e b7248a13afed4703b366849a5cb99e4a - - default default] Added segment 6898bfff-3d3c-4e0f-b7ad-2ee24202e4b4 of type geneve for network 0048a53c-76fa-4287-93bc-555f54c677bf
2026-05-25 01:54:15.392 10 INFO neutron.db.ovn_revision_numbers_db [None req-a05889a3-ee66-4116-868c-94e10b8b7762 473e1caa1c2d490182042a147970b59e b7248a13afed4703b366849a5cb99e4a - - default default] Successfully bumped revision number for resource 0048a53c-76fa-4287-93bc-555f54c677bf (type: networks) to 1
2026-05-25 01:54:15.532 9 INFO neutron.services.segments.plugin [-] Segment 5a27c4da-4b95-474c-b17c-2f4fa2f6fcbd resource provider aggregate not found
2026-05-25 01:54:15.538 9 INFO neutron.services.segments.plugin [-] Segment 5a27c4da-4b95-474c-b17c-2f4fa2f6fcbd resource provider aggregate not found
2026-05-25 01:54:15.548 9 INFO neutron.services.segments.plugin [-] Segment 5a27c4da-4b95-474c-b17c-2f4fa2f6fcbd resource provider not found; error: Placement Client Error (4xx): {"errors": [{"status": 404, "title": "Not Found", "detail": "The resource could not be found.\n\n No resource provider with uuid 5a27c4da-4b95-474c-b17c-2f4fa2f6fcbd found for delete ", "request_id": "req-e8e0f299-dc62-4956-9321-709880c40051"}]}
2026-05-25 01:54:15.559 9 INFO neutron.services.segments.plugin [-] Segment 5a27c4da-4b95-474c-b17c-2f4fa2f6fcbd resource provider not found; error: Placement Client Error (4xx): {"errors": [{"status": 404, "title": "Not Found", "detail": "The resource could not be found.\n\n No resource provider with uuid 5a27c4da-4b95-474c-b17c-2f4fa2f6fcbd found for delete ", "request_id": "req-10e21c84-87af-4f86-bae1-983db9405ba2"}]}
2026-05-25 01:54:15.559 10 WARNING neutron.scheduler.dhcp_agent_scheduler [None req-a05889a3-ee66-4116-868c-94e10b8b7762 473e1caa1c2d490182042a147970b59e b7248a13afed4703b366849a5cb99e4a - - default default] No more DHCP agents
2026-05-25 01:54:15.562 10 WARNING neutron.api.rpc.agentnotifiers.dhcp_rpc_agent_api [None req-a05889a3-ee66-4116-868c-94e10b8b7762 473e1caa1c2d490182042a147970b59e b7248a13afed4703b366849a5cb99e4a - - default default] Unable to schedule network 0048a53c-76fa-4287-93bc-555f54c677bf: no agents available; will retry on subsequent port and subnet creation events.
2026-05-25 01:54:15.621 9 INFO neutron.api.wsgi [None req-881bd183-9276-4455-8ded-ea3d3ff9b061 ec01721975fd47dcb6bb6fa7dffa9b4c 910e670ffbd84a76bef0d9b22628bb7a - - default default] 10.0.0.86 "DELETE /v2.0/vpn/vpnservices/56589dc5-90c3-4964-81e7-67709c3ddd46 HTTP/1.1" status: 204 len: 168 time: 2.1826954 /var/lib/openstack/lib/python3.12/site-packages/pycadf/identifier.py:71: UserWarning: Invalid uuid: neutron. To ensure interoperability, identifiers should be a valid uuid. warnings.warn(('Invalid uuid: %s. To ensure interoperability, '
2026-05-25 01:54:15.632 10 INFO neutron.db.ovn_revision_numbers_db [None req-a05889a3-ee66-4116-868c-94e10b8b7762 473e1caa1c2d490182042a147970b59e b7248a13afed4703b366849a5cb99e4a - - default default] Successfully bumped revision number for resource 5c8f82b7-93a1-4538-9505-18f3dff39914 (type: ports) to 1
2026-05-25 01:54:15.645 10 INFO neutron.db.ovn_revision_numbers_db [None req-8666514f-89f0-4606-a856-98fdf177f93f d43276b0ca054ade821c06fdab05e1e0 dce85ce853a642d8ab454bef188237b9 - - default default] Successfully bumped revision number for resource 5e9a4ebe-3195-4412-92cf-f603bd7cffa3 (type: security_groups) to 1
2026-05-25 01:54:15.656 10 INFO neutron.db.ovn_revision_numbers_db [None req-8666514f-89f0-4606-a856-98fdf177f93f d43276b0ca054ade821c06fdab05e1e0 dce85ce853a642d8ab454bef188237b9 - - default default] Successfully bumped revision number for resource 0e5d8bad-1c5c-48fd-8b9d-d07375577a79 (type: security_group_rules) to 0
2026-05-25 01:54:15.666 10 INFO neutron.api.wsgi [None req-a05889a3-ee66-4116-868c-94e10b8b7762 473e1caa1c2d490182042a147970b59e b7248a13afed4703b366849a5cb99e4a - - default default] 10.0.0.86 "POST /v2.0/networks HTTP/1.1" status: 201 len: 829 time: 0.4543512
2026-05-25 01:54:15.673 10 WARNING neutron_lib.context [None req-16f3bc3a-a8e1-4d8f-9003-235993d04643 473e1caa1c2d490182042a147970b59e b7248a13afed4703b366849a5cb99e4a - - default default] Method 'is_advsvc' is deprecated since 2023.2 release (neutron-lib 3.8.0) and will be removed once support for the old RBAC API policies will be removed from Neutron. Please use method 'is_service_role' instead.
2026-05-25 01:54:15.675 10 INFO neutron.db.ovn_revision_numbers_db [None req-8666514f-89f0-4606-a856-98fdf177f93f d43276b0ca054ade821c06fdab05e1e0 dce85ce853a642d8ab454bef188237b9 - - default default] Successfully bumped revision number for resource 6099f3a8-0480-4b77-ba5e-ed03cf339523 (type: security_group_rules) to 0
2026-05-25 01:54:15.693 10 INFO neutron.db.ovn_revision_numbers_db [None req-8666514f-89f0-4606-a856-98fdf177f93f d43276b0ca054ade821c06fdab05e1e0 dce85ce853a642d8ab454bef188237b9 - - default default] Successfully bumped revision number for resource 68f882fc-f3e2-43c7-a004-711b3b530b06 (type: security_group_rules) to 0
2026-05-25 01:54:15.695 9 INFO neutron.api.wsgi [None req-ab67fb7a-aab6-4ac9-b997-1dc01a2af201 ec01721975fd47dcb6bb6fa7dffa9b4c 910e670ffbd84a76bef0d9b22628bb7a - - default default] 10.0.0.86 "GET /v2.0/routers/6abba5e2-0745-420f-a072-8d43bb57e4ff HTTP/1.1" status: 200 len: 1136 time: 0.0688729
2026-05-25 01:54:15.706 10 INFO neutron.db.ovn_revision_numbers_db [None req-8666514f-89f0-4606-a856-98fdf177f93f d43276b0ca054ade821c06fdab05e1e0 dce85ce853a642d8ab454bef188237b9 - - default default] Successfully bumped revision number for resource 74fdc6de-6543-4d0f-8fc2-6b0650ab151e (type: security_group_rules) to 0
2026-05-25 01:54:15.721 10 INFO neutron.api.wsgi [-] 10.0.0.10 "GET / HTTP/1.1" status: 200 len: 245 time: 0.0011892
2026-05-25 01:54:15.723 10 INFO neutron.api.wsgi [-] 10.0.0.10 "GET / HTTP/1.1" status: 200 len: 245 time: 0.0008652
2026-05-25 01:54:15.748 10 INFO neutron.api.wsgi [None req-8666514f-89f0-4606-a856-98fdf177f93f d43276b0ca054ade821c06fdab05e1e0 dce85ce853a642d8ab454bef188237b9 - - default default] 10.0.0.86 "GET /v2.0/security-groups?tenant_id=bc342596e70d47fb8d72585047f5c064&name=default HTTP/1.1" status: 200 len: 3120 time: 0.3698614
2026-05-25 01:54:15.866 10 WARNING neutron.scheduler.dhcp_agent_scheduler [None req-16f3bc3a-a8e1-4d8f-9003-235993d04643 473e1caa1c2d490182042a147970b59e b7248a13afed4703b366849a5cb99e4a - - default default] No more DHCP agents
2026-05-25 01:54:15.867 10 WARNING neutron.api.rpc.agentnotifiers.dhcp_rpc_agent_api [None req-16f3bc3a-a8e1-4d8f-9003-235993d04643 473e1caa1c2d490182042a147970b59e b7248a13afed4703b366849a5cb99e4a - - default default] Unable to schedule network 0048a53c-76fa-4287-93bc-555f54c677bf: no agents available; will retry on subsequent port and subnet creation events.
2026-05-25 01:54:15.962 10 INFO neutron.api.wsgi [None req-e4267bb2-53a9-4d69-8eba-b6db23b3581a d43276b0ca054ade821c06fdab05e1e0 dce85ce853a642d8ab454bef188237b9 - - default default] 10.0.0.86 "DELETE /v2.0/security-groups/5e9a4ebe-3195-4412-92cf-f603bd7cffa3 HTTP/1.1" status: 204 len: 168 time: 0.2088685
2026-05-25 01:54:16.033 9 WARNING neutron.plugins.ml2.drivers.ovn.mech_driver.ovsdb.ovn_client [None req-02a2c0a3-4963-4ef8-acdc-f3c4d8e0030e - - - - - -] No port found with ID 9b680aa8-b69d-4651-8587-f416b72c8d12: RuntimeError: No port found with ID 9b680aa8-b69d-4651-8587-f416b72c8d12
2026-05-25 01:54:16.174 10 INFO neutron.db.ovn_revision_numbers_db [None req-3a3f3aaf-0643-4b6a-94f0-70e542112a92 d43276b0ca054ade821c06fdab05e1e0 dce85ce853a642d8ab454bef188237b9 - - default default] Successfully bumped revision number for resource eec88725-43e0-49e1-93b3-68be980d1b53 (type: security_groups) to 1
2026-05-25 01:54:16.185 10 INFO neutron.db.ovn_revision_numbers_db [None req-3a3f3aaf-0643-4b6a-94f0-70e542112a92 d43276b0ca054ade821c06fdab05e1e0 dce85ce853a642d8ab454bef188237b9 - - default default] Successfully bumped revision number for resource 6c0bd09e-2b04-4899-aef6-33a7fc7a72a0 (type: security_group_rules) to 0
2026-05-25 01:54:16.200 10 INFO neutron.db.ovn_revision_numbers_db [None req-3a3f3aaf-0643-4b6a-94f0-70e542112a92 d43276b0ca054ade821c06fdab05e1e0 dce85ce853a642d8ab454bef188237b9 - - default default] Successfully bumped revision number for resource b529f826-44f7-480b-8428-1ef832494fb9 (type: security_group_rules) to 0
2026-05-25 01:54:16.215 10 INFO neutron.db.ovn_revision_numbers_db [None req-3a3f3aaf-0643-4b6a-94f0-70e542112a92 d43276b0ca054ade821c06fdab05e1e0 dce85ce853a642d8ab454bef188237b9 - - default default] Successfully bumped revision number for resource dd0d4598-9768-4c10-96c5-db1b8a3e05f9 (type: security_group_rules) to 0
2026-05-25 01:54:16.231 10 INFO neutron.db.ovn_revision_numbers_db [None req-3a3f3aaf-0643-4b6a-94f0-70e542112a92 d43276b0ca054ade821c06fdab05e1e0 dce85ce853a642d8ab454bef188237b9 - - default default] Successfully bumped revision number for resource e7d5cc18-2a41-4c20-914c-d8eea23acc86 (type: security_group_rules) to 0
2026-05-25 01:54:16.267 10 INFO neutron.api.wsgi [None req-3a3f3aaf-0643-4b6a-94f0-70e542112a92 d43276b0ca054ade821c06fdab05e1e0 dce85ce853a642d8ab454bef188237b9 - - default default] 10.0.0.86 "GET /v2.0/security-groups?tenant_id=21a9be8ae7354b8b94eedf6ecf85dddb&name=default HTTP/1.1" status: 200 len: 3120 time: 0.2250345
2026-05-25 01:54:16.267 10 INFO neutron.db.ovn_revision_numbers_db [None req-336f3779-a940-4bce-ba97-50ba5a07e546 - - - - - -] Successfully bumped revision number for resource 5c8f82b7-93a1-4538-9505-18f3dff39914 (type: ports) to 2
2026-05-25 01:54:16.290 10 INFO neutron.db.ovn_revision_numbers_db [None req-336f3779-a940-4bce-ba97-50ba5a07e546 - - - - - -] Successfully bumped revision number for resource 538e231b-c2bb-48a1-a960-534d002857e1 (type: subnets) to 0
2026-05-25 01:54:16.302 10 INFO neutron.api.wsgi [None req-16f3bc3a-a8e1-4d8f-9003-235993d04643 473e1caa1c2d490182042a147970b59e b7248a13afed4703b366849a5cb99e4a - - default default] 10.0.0.86 "POST /v2.0/subnets HTTP/1.1" status: 201 len: 828 time: 0.6326723
2026-05-25 01:54:16.310 10 WARNING neutron_lib.context [None req-fc2a3bfb-2f82-4190-855c-9fdde1c210a5 473e1caa1c2d490182042a147970b59e b7248a13afed4703b366849a5cb99e4a - - default default] Method 'is_advsvc' is deprecated since 2023.2 release (neutron-lib 3.8.0) and will be removed once support for the old RBAC API policies will be removed from Neutron. Please use method 'is_service_role' instead.
2026-05-25 01:54:16.368 9 INFO neutron.db.ovn_revision_numbers_db [None req-65e527d5-6d8e-4cc4-a688-8bcf3d0380b0 ec01721975fd47dcb6bb6fa7dffa9b4c 910e670ffbd84a76bef0d9b22628bb7a - - default default] Successfully bumped revision number for resource 6abba5e2-0745-420f-a072-8d43bb57e4ff (type: routers) to 11
2026-05-25 01:54:16.373 9 INFO neutron.api.wsgi [None req-65e527d5-6d8e-4cc4-a688-8bcf3d0380b0 ec01721975fd47dcb6bb6fa7dffa9b4c 910e670ffbd84a76bef0d9b22628bb7a - - default default] 10.0.0.86 "PUT /v2.0/routers/6abba5e2-0745-420f-a072-8d43bb57e4ff HTTP/1.1" status: 200 len: 1136 time: 0.6720264
2026-05-25 01:54:16.402 10 INFO neutron.db.segments_db [None req-fc2a3bfb-2f82-4190-855c-9fdde1c210a5 473e1caa1c2d490182042a147970b59e b7248a13afed4703b366849a5cb99e4a - - default default] Added segment c8650db6-4dc5-4c4e-8502-37a59a52ce9d of type geneve for network 4de7257c-c3a0-4f98-9316-08a1e56d5be1
2026-05-25 01:54:16.465 10 INFO neutron.api.wsgi [None req-a0d089cc-2b9a-4914-9e6d-537307ec0e95 ec01721975fd47dcb6bb6fa7dffa9b4c 910e670ffbd84a76bef0d9b22628bb7a - - default default] 10.0.0.86 "GET /v2.0/ports?device_id=6abba5e2-0745-420f-a072-8d43bb57e4ff HTTP/1.1" status: 200 len: 1140 time: 0.0867183
2026-05-25 01:54:16.468 9 INFO neutron.api.wsgi [None req-80fa9d56-77fc-41dd-bf83-f2648e1f468c d43276b0ca054ade821c06fdab05e1e0 dce85ce853a642d8ab454bef188237b9 - - default default] 10.0.0.86 "DELETE /v2.0/security-groups/eec88725-43e0-49e1-93b3-68be980d1b53 HTTP/1.1" status: 204 len: 168 time: 0.1940103
2026-05-25 01:54:16.538 10 INFO neutron.db.ovn_revision_numbers_db [None req-fc2a3bfb-2f82-4190-855c-9fdde1c210a5 473e1caa1c2d490182042a147970b59e b7248a13afed4703b366849a5cb99e4a - - default default] Successfully bumped revision number for resource 4de7257c-c3a0-4f98-9316-08a1e56d5be1 (type: networks) to 1
2026-05-25 01:54:16.725 10 WARNING neutron.scheduler.dhcp_agent_scheduler [None req-fc2a3bfb-2f82-4190-855c-9fdde1c210a5 473e1caa1c2d490182042a147970b59e b7248a13afed4703b366849a5cb99e4a - - default default] No more DHCP agents
2026-05-25 01:54:16.727 10 WARNING neutron.api.rpc.agentnotifiers.dhcp_rpc_agent_api [None req-fc2a3bfb-2f82-4190-855c-9fdde1c210a5 473e1caa1c2d490182042a147970b59e b7248a13afed4703b366849a5cb99e4a - - default default] Unable to schedule network 4de7257c-c3a0-4f98-9316-08a1e56d5be1: no agents available; will retry on subsequent port and subnet creation events.
2026-05-25 01:54:16.816 10 INFO neutron.db.ovn_revision_numbers_db [None req-fc2a3bfb-2f82-4190-855c-9fdde1c210a5 473e1caa1c2d490182042a147970b59e b7248a13afed4703b366849a5cb99e4a - - default default] Successfully bumped revision number for resource fbf76375-50d1-47b9-855f-cafb494909ac (type: ports) to 1
2026-05-25 01:54:16.841 10 INFO neutron.api.wsgi [None req-fc2a3bfb-2f82-4190-855c-9fdde1c210a5 473e1caa1c2d490182042a147970b59e b7248a13afed4703b366849a5cb99e4a - - default default] 10.0.0.86 "POST /v2.0/networks HTTP/1.1" status: 201 len: 830 time: 0.5343254
2026-05-25 01:54:16.855 10 WARNING neutron_lib.context [None req-a32870fd-fe33-49b5-a812-6cec57653dac 473e1caa1c2d490182042a147970b59e b7248a13afed4703b366849a5cb99e4a - - default default] Method 'is_advsvc' is deprecated since 2023.2 release (neutron-lib 3.8.0) and will be removed once support for the old RBAC API policies will be removed from Neutron. Please use method 'is_service_role' instead.
2026-05-25 01:54:17.088 10 WARNING neutron.scheduler.dhcp_agent_scheduler [None req-a32870fd-fe33-49b5-a812-6cec57653dac 473e1caa1c2d490182042a147970b59e b7248a13afed4703b366849a5cb99e4a - - default default] No more DHCP agents
2026-05-25 01:54:17.090 10 WARNING neutron.api.rpc.agentnotifiers.dhcp_rpc_agent_api [None req-a32870fd-fe33-49b5-a812-6cec57653dac 473e1caa1c2d490182042a147970b59e b7248a13afed4703b366849a5cb99e4a - - default default] Unable to schedule network 4de7257c-c3a0-4f98-9316-08a1e56d5be1: no agents available; will retry on subsequent port and subnet creation events.
2026-05-25 01:54:17.639 10 INFO neutron.api.wsgi [None req-2f5bdcd8-3c59-41af-9c64-c43a58e163c5 ec01721975fd47dcb6bb6fa7dffa9b4c 910e670ffbd84a76bef0d9b22628bb7a - - default default] 10.0.0.86 "PUT /v2.0/routers/6abba5e2-0745-420f-a072-8d43bb57e4ff/remove_router_interface HTTP/1.1" status: 200 len: 503 time: 1.1683068 /var/lib/openstack/lib/python3.12/site-packages/pycadf/identifier.py:71: UserWarning: Invalid uuid: neutron. To ensure interoperability, identifiers should be a valid uuid. warnings.warn(('Invalid uuid: %s. To ensure interoperability, '
2026-05-25 01:54:17.898 10 INFO neutron.db.ovn_revision_numbers_db [None req-5de3435b-4063-4ede-b838-076c51eb199d - - - - - -] Successfully bumped revision number for resource fbf76375-50d1-47b9-855f-cafb494909ac (type: ports) to 2
2026-05-25 01:54:17.931 10 INFO neutron.db.ovn_revision_numbers_db [None req-5de3435b-4063-4ede-b838-076c51eb199d - - - - - -] Successfully bumped revision number for resource ca5b8286-4617-495a-a1bf-f34bd38cd308 (type: subnets) to 0
2026-05-25 01:54:17.946 10 INFO neutron.api.wsgi [None req-a32870fd-fe33-49b5-a812-6cec57653dac 473e1caa1c2d490182042a147970b59e b7248a13afed4703b366849a5cb99e4a - - default default] 10.0.0.86 "POST /v2.0/subnets HTTP/1.1" status: 201 len: 828 time: 1.0968621
2026-05-25 01:54:17.954 10 WARNING neutron_lib.context [None req-cf3cadc1-a50c-4596-adcd-83695d18e7c6 473e1caa1c2d490182042a147970b59e b7248a13afed4703b366849a5cb99e4a - - default default] Method 'is_advsvc' is deprecated since 2023.2 release (neutron-lib 3.8.0) and will be removed once support for the old RBAC API policies will be removed from Neutron. Please use method 'is_service_role' instead.
2026-05-25 01:54:18.046 10 INFO neutron.db.segments_db [None req-cf3cadc1-a50c-4596-adcd-83695d18e7c6 473e1caa1c2d490182042a147970b59e b7248a13afed4703b366849a5cb99e4a - - default default] Added segment c4f100f8-714c-4e7c-b0f2-dd8a83ce2bc1 of type geneve for network bc8063ed-9f14-40ba-b328-279594ad84a6
2026-05-25 01:54:18.186 10 INFO neutron.db.ovn_revision_numbers_db [None req-cf3cadc1-a50c-4596-adcd-83695d18e7c6 473e1caa1c2d490182042a147970b59e b7248a13afed4703b366849a5cb99e4a - - default default] Successfully bumped revision number for resource bc8063ed-9f14-40ba-b328-279594ad84a6 (type: networks) to 1
2026-05-25 01:54:18.204 9 WARNING neutron_lib.context [None req-4504ab21-0158-4e13-8b19-ae815f2dd620 062b3ac05b4e46bfa15a96c2e27618eb 4d6a385a688a4f6ba6a9c1d2030111d5 - - default default] Method 'is_advsvc' is deprecated since 2023.2 release (neutron-lib 3.8.0) and will be removed once support for the old RBAC API policies will be removed from Neutron. Please use method 'is_service_role' instead.
2026-05-25 01:54:18.302 9 INFO neutron.db.ovn_revision_numbers_db [None req-4504ab21-0158-4e13-8b19-ae815f2dd620 062b3ac05b4e46bfa15a96c2e27618eb 4d6a385a688a4f6ba6a9c1d2030111d5 - - default default] Successfully bumped revision number for resource cd02b58c-14d7-4c63-8586-4b9732034ab1 (type: security_groups) to 1
2026-05-25 01:54:18.311 9 INFO neutron.db.ovn_revision_numbers_db [None req-4504ab21-0158-4e13-8b19-ae815f2dd620 062b3ac05b4e46bfa15a96c2e27618eb 4d6a385a688a4f6ba6a9c1d2030111d5 - - default default] Successfully bumped revision number for resource 2a0dddda-3aaa-4476-ab4b-032f1cda8cdb (type: security_group_rules) to 0
2026-05-25 01:54:18.321 9 INFO neutron.db.ovn_revision_numbers_db [None req-4504ab21-0158-4e13-8b19-ae815f2dd620 062b3ac05b4e46bfa15a96c2e27618eb 4d6a385a688a4f6ba6a9c1d2030111d5 - - default default] Successfully bumped revision number for resource 8d732e66-4014-4c2e-977a-83d02b8632df (type: security_group_rules) to 0
2026-05-25 01:54:18.331 9 INFO neutron.db.ovn_revision_numbers_db [None req-4504ab21-0158-4e13-8b19-ae815f2dd620 062b3ac05b4e46bfa15a96c2e27618eb 4d6a385a688a4f6ba6a9c1d2030111d5 - - default default] Successfully bumped revision number for resource b6e0329d-d98f-42ce-94aa-c9569d4b2e2c (type: security_group_rules) to 0
2026-05-25 01:54:18.340 9 INFO neutron.db.ovn_revision_numbers_db [None req-4504ab21-0158-4e13-8b19-ae815f2dd620 062b3ac05b4e46bfa15a96c2e27618eb 4d6a385a688a4f6ba6a9c1d2030111d5 - - default default] Successfully bumped revision number for resource fbce67af-f56a-4272-a8b9-f9a4c757b22b (type: security_group_rules) to 0
2026-05-25 01:54:18.364 10 INFO neutron.api.wsgi [None req-c60e5909-606f-451c-9bf4-c2b309d01a39 ec01721975fd47dcb6bb6fa7dffa9b4c 910e670ffbd84a76bef0d9b22628bb7a - - default default] 10.0.0.86 "DELETE /v2.0/routers/6abba5e2-0745-420f-a072-8d43bb57e4ff HTTP/1.1" status: 204 len: 168 time: 0.7193234
2026-05-25 01:54:18.410 9 INFO neutron.db.segments_db [None req-4504ab21-0158-4e13-8b19-ae815f2dd620 062b3ac05b4e46bfa15a96c2e27618eb 4d6a385a688a4f6ba6a9c1d2030111d5 - - default default] Added segment 6b16ef08-5e5f-4957-abb5-f05d97c01835 of type geneve for network 11882428-d6eb-4f99-b230-6862c4ecac1a
2026-05-25 01:54:18.415 10 WARNING neutron.scheduler.dhcp_agent_scheduler [None req-cf3cadc1-a50c-4596-adcd-83695d18e7c6 473e1caa1c2d490182042a147970b59e b7248a13afed4703b366849a5cb99e4a - - default default] No more DHCP agents
2026-05-25 01:54:18.417 10 WARNING neutron.api.rpc.agentnotifiers.dhcp_rpc_agent_api [None req-cf3cadc1-a50c-4596-adcd-83695d18e7c6 473e1caa1c2d490182042a147970b59e b7248a13afed4703b366849a5cb99e4a - - default default] Unable to schedule network bc8063ed-9f14-40ba-b328-279594ad84a6: no agents available; will retry on subsequent port and subnet creation events.
2026-05-25 01:54:18.437 9 INFO neutron.api.wsgi [None req-ae8d9c8a-b644-43ba-832a-0b5a8d48f1d9 ec01721975fd47dcb6bb6fa7dffa9b4c 910e670ffbd84a76bef0d9b22628bb7a - - default default] 10.0.0.86 "GET /v2.0/routers/bb666755-c5d5-441b-bd0b-9de3bc5f2d50 HTTP/1.1" status: 200 len: 1136 time: 0.0677061
2026-05-25 01:54:18.506 10 INFO neutron.db.ovn_revision_numbers_db [None req-cf3cadc1-a50c-4596-adcd-83695d18e7c6 473e1caa1c2d490182042a147970b59e b7248a13afed4703b366849a5cb99e4a - - default default] Successfully bumped revision number for resource 4ba73420-26ab-4171-a8a7-aafcc8e4fa51 (type: ports) to 1
2026-05-25 01:54:18.507 9 INFO neutron.db.ovn_revision_numbers_db [None req-4504ab21-0158-4e13-8b19-ae815f2dd620 062b3ac05b4e46bfa15a96c2e27618eb 4d6a385a688a4f6ba6a9c1d2030111d5 - - default default] Successfully bumped revision number for resource 11882428-d6eb-4f99-b230-6862c4ecac1a (type: networks) to 1
2026-05-25 01:54:18.534 10 INFO neutron.api.wsgi [None req-cf3cadc1-a50c-4596-adcd-83695d18e7c6 473e1caa1c2d490182042a147970b59e b7248a13afed4703b366849a5cb99e4a - - default default] 10.0.0.86 "POST /v2.0/networks HTTP/1.1" status: 201 len: 830 time: 0.5835447
2026-05-25 01:54:18.544 10 WARNING neutron_lib.context [None req-3e9bf884-7d3c-4b19-812c-dafb6addccb8 473e1caa1c2d490182042a147970b59e b7248a13afed4703b366849a5cb99e4a - - default default] Method 'is_advsvc' is deprecated since 2023.2 release (neutron-lib 3.8.0) and will be removed once support for the old RBAC API policies will be removed from Neutron. Please use method 'is_service_role' instead.
2026-05-25 01:54:18.654 9 WARNING neutron.scheduler.dhcp_agent_scheduler [None req-4504ab21-0158-4e13-8b19-ae815f2dd620 062b3ac05b4e46bfa15a96c2e27618eb 4d6a385a688a4f6ba6a9c1d2030111d5 - - default default] No more DHCP agents
2026-05-25 01:54:18.655 9 WARNING neutron.api.rpc.agentnotifiers.dhcp_rpc_agent_api [None req-4504ab21-0158-4e13-8b19-ae815f2dd620 062b3ac05b4e46bfa15a96c2e27618eb 4d6a385a688a4f6ba6a9c1d2030111d5 - - default default] Unable to schedule network 11882428-d6eb-4f99-b230-6862c4ecac1a: no agents available; will retry on subsequent port and subnet creation events.
2026-05-25 01:54:18.715 9 INFO neutron.db.ovn_revision_numbers_db [None req-4504ab21-0158-4e13-8b19-ae815f2dd620 062b3ac05b4e46bfa15a96c2e27618eb 4d6a385a688a4f6ba6a9c1d2030111d5 - - default default] Successfully bumped revision number for resource 737ee80d-9c82-477b-a1c3-7f189c0d4dac (type: ports) to 1
2026-05-25 01:54:18.737 9 INFO neutron.api.wsgi [None req-4504ab21-0158-4e13-8b19-ae815f2dd620 062b3ac05b4e46bfa15a96c2e27618eb 4d6a385a688a4f6ba6a9c1d2030111d5 - - default default] 10.0.0.86 "POST /v2.0/networks HTTP/1.1" status: 201 len: 831 time: 0.6846418
2026-05-25 01:54:18.747 9 WARNING neutron_lib.context [None req-fc33d4c7-cf21-499a-8b04-7370468bf7ce 062b3ac05b4e46bfa15a96c2e27618eb 4d6a385a688a4f6ba6a9c1d2030111d5 - - default default] Method 'is_advsvc' is deprecated since 2023.2 release (neutron-lib 3.8.0) and will be removed once support for the old RBAC API policies will be removed from Neutron. Please use method 'is_service_role' instead.
