2026-05-25 01:53:27.358 9 INFO neutron.api.wsgi [req-d24cf5f3-6687-473c-8178-2df60b97714d req-cd8ad2f8-fc44-4fbf-9edd-e58bc84f6dac 51144847537b46a89da2f9a13fe4f0cc a40a993dcfc84e3cb285fb33b4f12d03 - - default default] 10.0.0.110 "GET /v2.0/ports?device_id=d0965e37-8a78-4d11-af58-17666f06f5bc HTTP/1.1" status: 200 len: 1168 time: 0.0349069
2026-05-25 01:53:27.413 9 INFO neutron.api.wsgi [req-d24cf5f3-6687-473c-8178-2df60b97714d req-518abf99-8205-4a68-9492-3300dbc26c9a 51144847537b46a89da2f9a13fe4f0cc a40a993dcfc84e3cb285fb33b4f12d03 - - default default] 10.0.0.110 "GET /v2.0/security-groups?id=0489e31b-ff13-4827-8abf-99b8ad948e93&fields=id&fields=name HTTP/1.1" status: 200 len: 286 time: 0.0473971
2026-05-25 01:53:27.447 9 INFO neutron.db.ovn_revision_numbers_db [None req-9e3fe675-e334-4d73-88ba-286f37628752 d43276b0ca054ade821c06fdab05e1e0 dce85ce853a642d8ab454bef188237b9 - - default default] Successfully bumped revision number for resource dcbbd709-c394-48ff-b02d-1c9f8d144349 (type: security_groups) to 1
2026-05-25 01:53:27.460 9 INFO neutron.db.ovn_revision_numbers_db [None req-9e3fe675-e334-4d73-88ba-286f37628752 d43276b0ca054ade821c06fdab05e1e0 dce85ce853a642d8ab454bef188237b9 - - default default] Successfully bumped revision number for resource 6a642b0c-ae9b-4a29-96c1-79af04b7fa60 (type: security_group_rules) to 0
2026-05-25 01:53:27.471 9 INFO neutron.db.ovn_revision_numbers_db [None req-9e3fe675-e334-4d73-88ba-286f37628752 d43276b0ca054ade821c06fdab05e1e0 dce85ce853a642d8ab454bef188237b9 - - default default] Successfully bumped revision number for resource b7dce3e3-8b1f-4a72-b9d9-fc5eade2c283 (type: security_group_rules) to 0
2026-05-25 01:53:27.484 9 INFO neutron.db.ovn_revision_numbers_db [None req-9e3fe675-e334-4d73-88ba-286f37628752 d43276b0ca054ade821c06fdab05e1e0 dce85ce853a642d8ab454bef188237b9 - - default default] Successfully bumped revision number for resource b9df53dc-cac6-449d-831f-b12d9d7dbc46 (type: security_group_rules) to 0
2026-05-25 01:53:27.495 9 INFO neutron.db.ovn_revision_numbers_db [None req-9e3fe675-e334-4d73-88ba-286f37628752 d43276b0ca054ade821c06fdab05e1e0 dce85ce853a642d8ab454bef188237b9 - - default default] Successfully bumped revision number for resource c6651203-1023-482f-a338-d9aa1e228d45 (type: security_group_rules) to 0
2026-05-25 01:53:27.529 9 INFO neutron.api.wsgi [None req-9e3fe675-e334-4d73-88ba-286f37628752 d43276b0ca054ade821c06fdab05e1e0 dce85ce853a642d8ab454bef188237b9 - - default default] 10.0.0.86 "GET /v2.0/security-groups?tenant_id=1b018539bb4f4dc48ba54326205b0441&name=default HTTP/1.1" status: 200 len: 3120 time: 0.2586272
2026-05-25 01:53:27.719 9 INFO neutron.api.wsgi [None req-d1fd35a1-c6f0-40e8-9d86-f15e45a2d629 d43276b0ca054ade821c06fdab05e1e0 dce85ce853a642d8ab454bef188237b9 - - default default] 10.0.0.86 "DELETE /v2.0/security-groups/dcbbd709-c394-48ff-b02d-1c9f8d144349 HTTP/1.1" status: 204 len: 168 time: 0.1838613
2026-05-25 01:53:27.850 10 INFO neutron.services.segments.plugin [-] Segment 4bfff899-3fb3-440f-a30c-7e793c848534 resource provider aggregate not found
2026-05-25 01:53:27.862 10 INFO neutron.services.segments.plugin [-] Segment 4bfff899-3fb3-440f-a30c-7e793c848534 resource provider not found; error: Placement Client Error (4xx): {"errors": [{"status": 404, "title": "Not Found", "detail": "The resource could not be found.\n\n No resource provider with uuid 4bfff899-3fb3-440f-a30c-7e793c848534 found for delete ", "request_id": "req-a11bc4a7-8cc1-43ff-b635-57e4d8547afe"}]}
2026-05-25 01:53:27.862 10 INFO neutron.services.segments.plugin [-] Segment 4bfff899-3fb3-440f-a30c-7e793c848534 resource provider aggregate not found
2026-05-25 01:53:27.871 10 INFO neutron.services.segments.plugin [-] Segment 4bfff899-3fb3-440f-a30c-7e793c848534 resource provider not found; error: Placement Client Error (4xx): {"errors": [{"status": 404, "title": "Not Found", "detail": "The resource could not be found.\n\n No resource provider with uuid 4bfff899-3fb3-440f-a30c-7e793c848534 found for delete ", "request_id": "req-be20b0cf-0cf8-4ac0-a24d-5c7deb2c7c16"}]}
2026-05-25 01:53:27.950 10 INFO neutron.api.wsgi [None req-47888059-3548-45e7-89a2-1b6ffcfc6648 4db63fcbd9704a4891407afe42c6310f 9ea10377ed5b4874a4b5f0f1557dfb13 - - default default] 10.0.0.86 "GET /v2.0/ports?project_id=559c122ffc684db29cd01070a051b059&network_id=ae4a83c2-fca0-4ef6-a658-7b6d40493ac6 HTTP/1.1" status: 200 len: 3514 time: 0.0469105
2026-05-25 01:53:28.200 9 INFO neutron.api.wsgi [req-740e1f30-46ba-4dc6-b15f-9cb48fcbe860 req-56de65ea-31a2-47d6-a2a2-49ae5a8f69bc 5218039aafda45f3be642c6014d3ae9b b2a546254df3488fbddd714b7f50efe9 - - b4886bf9aa194294ab01b036fd7452ba b4886bf9aa194294ab01b036fd7452ba] 199.204.45.72 "GET /v2.0/ports?device_id=aad7f451-9fda-4bec-9bc4-9a49719a795c&fields=binding%3Ahost_id&fields=binding%3Avif_type HTTP/1.1" status: 200 len: 265 time: 0.2846692
2026-05-25 01:53:28.226 10 INFO neutron.api.wsgi [None req-73827b8c-dad9-40d2-bcec-76e36271414e 4db63fcbd9704a4891407afe42c6310f 9ea10377ed5b4874a4b5f0f1557dfb13 - - default default] 10.0.0.86 "GET /v2.0/subnets?network_id=d9c03ca6-eb63-448c-8ba1-9ca0f410c15a HTTP/1.1" status: 200 len: 861 time: 0.0330412
2026-05-25 01:53:28.253 9 INFO neutron.api.wsgi [req-4ae23ac7-1050-4a3a-a52b-def74a624715 req-fff8d4bc-7e3e-4b52-bc0e-1198a58125fc 7792b392456144e39c12a60de897f764 d1b5dbfc226e449cba29627382e8ac46 - - default default] 10.0.0.110 "GET /v2.0/ports?device_id=f052b3dd-6cf1-4abf-a501-03d17398659b HTTP/1.1" status: 200 len: 1170 time: 0.0716403
2026-05-25 01:53:28.294 9 INFO neutron.api.wsgi [req-4ae23ac7-1050-4a3a-a52b-def74a624715 req-da29d8b7-a227-4945-95f6-04f783d95a4e 7792b392456144e39c12a60de897f764 d1b5dbfc226e449cba29627382e8ac46 - - default default] 10.0.0.110 "GET /v2.0/security-groups?id=97cd8c32-b704-4d08-b1f6-69c4eb01070e&fields=id&fields=name HTTP/1.1" status: 200 len: 286 time: 0.0364058
2026-05-25 01:53:28.511 9 INFO neutron.api.wsgi [req-4c443842-54c1-40ee-83db-360e8ca987ae req-91d52408-6e0f-4b23-acba-f6861d536404 51144847537b46a89da2f9a13fe4f0cc a40a993dcfc84e3cb285fb33b4f12d03 - - default default] 10.0.0.110 "GET /v2.0/ports?device_id=d0965e37-8a78-4d11-af58-17666f06f5bc HTTP/1.1" status: 200 len: 1168 time: 0.0446644
2026-05-25 01:53:28.535 10 INFO neutron.plugins.ml2.drivers.ovn.mech_driver.mech_driver [None req-77ee9d82-d7ee-4c56-a520-0f41e574cc9b - - - - - -] OVN reports status up for port: c17f4f42-b8ef-450a-b408-6da0edef0d88
2026-05-25 01:53:28.551 10 INFO neutron.plugins.ml2.plugin [None req-77ee9d82-d7ee-4c56-a520-0f41e574cc9b - - - - - -] Attempt 1 to provision port c17f4f42-b8ef-450a-b408-6da0edef0d88
2026-05-25 01:53:28.583 9 INFO neutron.notifiers.nova [-] Nova event matching ['req-0ee42892-a6f2-4f21-8e75-ef9eed05b7a0'] response: {'server_uuid': 'f052b3dd-6cf1-4abf-a501-03d17398659b', 'name': 'network-vif-plugged', 'status': 'completed', 'tag': '0bbe2ba4-5480-471d-8573-2877bae35da0', 'code': 200}
2026-05-25 01:53:28.601 9 INFO neutron.api.wsgi [req-4c443842-54c1-40ee-83db-360e8ca987ae req-2c20f3c5-e1e2-48e6-887b-4aaa67943ab5 51144847537b46a89da2f9a13fe4f0cc a40a993dcfc84e3cb285fb33b4f12d03 - - default default] 10.0.0.110 "GET /v2.0/security-groups?id=0489e31b-ff13-4827-8abf-99b8ad948e93&fields=id&fields=name HTTP/1.1" status: 200 len: 286 time: 0.0739441 /var/lib/openstack/lib/python3.12/site-packages/pycadf/identifier.py:71: UserWarning: Invalid uuid: neutron. To ensure interoperability, identifiers should be a valid uuid. warnings.warn(('Invalid uuid: %s. To ensure interoperability, '
2026-05-25 01:53:28.625 9 INFO neutron.db.ovn_revision_numbers_db [None req-1585ff6d-ce36-47d7-bb62-0de9632e1f39 131fbf2076f84ca9b8cdcc4ed7b47f72 559c122ffc684db29cd01070a051b059 - - default default] Successfully bumped revision number for resource 82125b94-621a-4540-aa4d-74b4803e3ce9 (type: floatingips) to 2
2026-05-25 01:53:28.647 9 INFO neutron.api.wsgi [req-f09470ce-97e8-41bd-9c3e-51ca9681c16d req-09020861-1d28-4aa6-ae96-7ee733c4436f 7792b392456144e39c12a60de897f764 d1b5dbfc226e449cba29627382e8ac46 - - default default] 10.0.0.110 "GET /v2.0/ports?device_id=f052b3dd-6cf1-4abf-a501-03d17398659b HTTP/1.1" status: 200 len: 1170 time: 0.0443830
2026-05-25 01:53:28.691 9 INFO neutron.api.wsgi [req-f09470ce-97e8-41bd-9c3e-51ca9681c16d req-9c8fb07b-6742-42f2-8016-406aa6aff6b6 7792b392456144e39c12a60de897f764 d1b5dbfc226e449cba29627382e8ac46 - - default default] 10.0.0.110 "GET /v2.0/security-groups?id=97cd8c32-b704-4d08-b1f6-69c4eb01070e&fields=id&fields=name HTTP/1.1" status: 200 len: 286 time: 0.0376911
2026-05-25 01:53:28.691 9 INFO neutron.db.l3_db [None req-1585ff6d-ce36-47d7-bb62-0de9632e1f39 131fbf2076f84ca9b8cdcc4ed7b47f72 559c122ffc684db29cd01070a051b059 - - default default] Floating IP 82125b94-621a-4540-aa4d-74b4803e3ce9 disassociated. External IP: 10.96.250.208, port: 5dfc042d-5fe1-433e-9ab3-845e06b47da1.
2026-05-25 01:53:28.713 9 INFO neutron.api.wsgi [None req-1585ff6d-ce36-47d7-bb62-0de9632e1f39 131fbf2076f84ca9b8cdcc4ed7b47f72 559c122ffc684db29cd01070a051b059 - - default default] 10.0.0.86 "PUT /v2.0/floatingips/82125b94-621a-4540-aa4d-74b4803e3ce9 HTTP/1.1" status: 200 len: 748 time: 0.2995191
2026-05-25 01:53:28.732 10 INFO neutron.notifiers.nova [-] Nova event matching ['req-cde2c2a0-085f-4bc1-b2ff-bac04963e0fe'] response: {'server_uuid': 'd0965e37-8a78-4d11-af58-17666f06f5bc', 'name': 'network-vif-plugged', 'status': 'completed', 'tag': 'c17f4f42-b8ef-450a-b408-6da0edef0d88', 'code': 200}
2026-05-25 01:53:28.745 9 INFO neutron.api.wsgi [None req-744f5c07-bea8-4d3d-90fc-93fcd924b652 131fbf2076f84ca9b8cdcc4ed7b47f72 559c122ffc684db29cd01070a051b059 - - default default] 10.0.0.86 "GET /v2.0/floatingips/82125b94-621a-4540-aa4d-74b4803e3ce9 HTTP/1.1" status: 200 len: 746 time: 0.0276332
2026-05-25 01:53:28.868 10 INFO neutron.db.ovn_revision_numbers_db [None req-77ee9d82-d7ee-4c56-a520-0f41e574cc9b - - - - - -] Successfully bumped revision number for resource c17f4f42-b8ef-450a-b408-6da0edef0d88 (type: ports) to 5
2026-05-25 01:53:29.165 9 INFO neutron.plugins.ml2.drivers.ovn.mech_driver.mech_driver [None req-21172b06-fd8d-4ca1-8ea4-3565b02c54d1 - - - - - -] OVN reports status down for port: 0bbe2ba4-5480-471d-8573-2877bae35da0
2026-05-25 01:53:29.256 9 INFO neutron.api.wsgi [req-740e1f30-46ba-4dc6-b15f-9cb48fcbe860 req-6edb8fd4-dc72-41ce-bd22-02406df1427b 5218039aafda45f3be642c6014d3ae9b b2a546254df3488fbddd714b7f50efe9 - - b4886bf9aa194294ab01b036fd7452ba b4886bf9aa194294ab01b036fd7452ba] 199.204.45.72 "GET /v2.0/ports?tenant_id=559c122ffc684db29cd01070a051b059&device_id=aad7f451-9fda-4bec-9bc4-9a49719a795c HTTP/1.1" status: 200 len: 1413 time: 0.0375371
2026-05-25 01:53:29.451 9 INFO neutron.db.ovn_revision_numbers_db [None req-21172b06-fd8d-4ca1-8ea4-3565b02c54d1 - - - - - -] Successfully bumped revision number for resource 0bbe2ba4-5480-471d-8573-2877bae35da0 (type: ports) to 6 /var/lib/openstack/lib/python3.12/site-packages/pycadf/identifier.py:71: UserWarning: Invalid uuid: neutron. To ensure interoperability, identifiers should be a valid uuid. warnings.warn(('Invalid uuid: %s. To ensure interoperability, '
2026-05-25 01:53:29.726 9 INFO neutron.api.wsgi [req-42f723a1-22e5-4f28-ba97-43dfe016b495 req-34095335-7c40-40ff-b819-9908b1fcc210 51144847537b46a89da2f9a13fe4f0cc a40a993dcfc84e3cb285fb33b4f12d03 - - default default] 10.0.0.110 "GET /v2.0/ports?device_id=d0965e37-8a78-4d11-af58-17666f06f5bc HTTP/1.1" status: 200 len: 1170 time: 0.0630579
2026-05-25 01:53:29.802 9 INFO neutron.api.wsgi [req-42f723a1-22e5-4f28-ba97-43dfe016b495 req-fc5cff4d-f8ad-4c27-b7e8-17933ff2afd8 51144847537b46a89da2f9a13fe4f0cc a40a993dcfc84e3cb285fb33b4f12d03 - - default default] 10.0.0.110 "GET /v2.0/security-groups?id=0489e31b-ff13-4827-8abf-99b8ad948e93&fields=id&fields=name HTTP/1.1" status: 200 len: 286 time: 0.0680027
2026-05-25 01:53:29.808 9 INFO neutron.api.wsgi [req-a24d8fed-1aa5-4d8a-aa25-c41d050dd170 req-b2a0b81a-58b6-4907-830f-00b8ab7b9b1e 7792b392456144e39c12a60de897f764 d1b5dbfc226e449cba29627382e8ac46 - - default default] 10.0.0.110 "GET /v2.0/ports?device_id=f052b3dd-6cf1-4abf-a501-03d17398659b HTTP/1.1" status: 200 len: 1168 time: 0.0563648
2026-05-25 01:53:29.840 9 INFO neutron.api.wsgi [req-740e1f30-46ba-4dc6-b15f-9cb48fcbe860 req-9c741831-0b64-48ce-a142-aa15f868c40e 5218039aafda45f3be642c6014d3ae9b b2a546254df3488fbddd714b7f50efe9 - - b4886bf9aa194294ab01b036fd7452ba b4886bf9aa194294ab01b036fd7452ba] 199.204.45.72 "GET /v2.0/networks?id=ae4a83c2-fca0-4ef6-a658-7b6d40493ac6 HTTP/1.1" status: 200 len: 959 time: 0.0776644
2026-05-25 01:53:29.862 9 WARNING neutron_lib.context [None req-10421ab4-3788-4e9a-8f2c-af9d341e527b 131fbf2076f84ca9b8cdcc4ed7b47f72 559c122ffc684db29cd01070a051b059 - - default default] Method 'is_advsvc' is deprecated since 2023.2 release (neutron-lib 3.8.0) and will be removed once support for the old RBAC API policies will be removed from Neutron. Please use method 'is_service_role' instead.
2026-05-25 01:53:29.864 9 INFO neutron.api.wsgi [req-740e1f30-46ba-4dc6-b15f-9cb48fcbe860 req-3bab2b96-c6d5-4397-ad43-666cf43aac0f 5218039aafda45f3be642c6014d3ae9b b2a546254df3488fbddd714b7f50efe9 - - b4886bf9aa194294ab01b036fd7452ba b4886bf9aa194294ab01b036fd7452ba] 199.204.45.72 "GET /v2.0/floatingips?fixed_ip_address=10.100.0.12&port_id=5dfc042d-5fe1-433e-9ab3-845e06b47da1 HTTP/1.1" status: 200 len: 217 time: 0.0194132
2026-05-25 01:53:29.867 9 INFO neutron.api.wsgi [req-a24d8fed-1aa5-4d8a-aa25-c41d050dd170 req-28414e97-838a-4590-86f7-7818ec88dff1 7792b392456144e39c12a60de897f764 d1b5dbfc226e449cba29627382e8ac46 - - default default] 10.0.0.110 "GET /v2.0/security-groups?id=97cd8c32-b704-4d08-b1f6-69c4eb01070e&fields=id&fields=name HTTP/1.1" status: 200 len: 286 time: 0.0524464
2026-05-25 01:53:29.894 9 INFO neutron.api.wsgi [req-740e1f30-46ba-4dc6-b15f-9cb48fcbe860 req-fee42863-0040-462d-a8ce-44bd4709ba41 5218039aafda45f3be642c6014d3ae9b b2a546254df3488fbddd714b7f50efe9 - - b4886bf9aa194294ab01b036fd7452ba b4886bf9aa194294ab01b036fd7452ba] 199.204.45.72 "GET /v2.0/subnets?id=08c4eabd-bf15-42e9-b1a3-e2f65cdc9196 HTTP/1.1" status: 200 len: 877 time: 0.0241642
2026-05-25 01:53:29.912 9 INFO neutron.api.wsgi [req-740e1f30-46ba-4dc6-b15f-9cb48fcbe860 req-b1f02913-c7a4-4545-931d-eadbc32aaeb5 5218039aafda45f3be642c6014d3ae9b b2a546254df3488fbddd714b7f50efe9 - - b4886bf9aa194294ab01b036fd7452ba b4886bf9aa194294ab01b036fd7452ba] 199.204.45.72 "GET /v2.0/ports?network_id=ae4a83c2-fca0-4ef6-a658-7b6d40493ac6&device_owner=network%3Adhcp HTTP/1.1" status: 200 len: 210 time: 0.0126381
2026-05-25 01:53:29.978 9 INFO neutron.api.wsgi [req-740e1f30-46ba-4dc6-b15f-9cb48fcbe860 req-95ef8694-75fb-44fe-b6a7-9d615dee73e8 5218039aafda45f3be642c6014d3ae9b b2a546254df3488fbddd714b7f50efe9 - - b4886bf9aa194294ab01b036fd7452ba b4886bf9aa194294ab01b036fd7452ba] 199.204.45.72 "GET /v2.0/networks/ae4a83c2-fca0-4ef6-a658-7b6d40493ac6?fields=segments HTTP/1.1" status: 200 len: 212 time: 0.0613859
2026-05-25 01:53:29.989 9 INFO neutron.db.ovn_revision_numbers_db [None req-10421ab4-3788-4e9a-8f2c-af9d341e527b 131fbf2076f84ca9b8cdcc4ed7b47f72 559c122ffc684db29cd01070a051b059 - - default default] Successfully bumped revision number for resource ddaffe0c-7f9b-4a4a-ad3c-6c7bfdab0868 (type: security_groups) to 1
2026-05-25 01:53:30.006 9 INFO neutron.db.ovn_revision_numbers_db [None req-10421ab4-3788-4e9a-8f2c-af9d341e527b 131fbf2076f84ca9b8cdcc4ed7b47f72 559c122ffc684db29cd01070a051b059 - - default default] Successfully bumped revision number for resource 8d5805f2-905e-4079-85b2-72df3dd6773b (type: security_group_rules) to 0
2026-05-25 01:53:30.016 9 INFO neutron.api.wsgi [req-740e1f30-46ba-4dc6-b15f-9cb48fcbe860 req-9a07bdc7-e424-477f-8c18-9db4e94d20f5 5218039aafda45f3be642c6014d3ae9b b2a546254df3488fbddd714b7f50efe9 - - b4886bf9aa194294ab01b036fd7452ba b4886bf9aa194294ab01b036fd7452ba] 199.204.45.72 "GET /v2.0/networks/ae4a83c2-fca0-4ef6-a658-7b6d40493ac6?fields=provider%3Aphysical_network&fields=provider%3Anetwork_type HTTP/1.1" status: 200 len: 277 time: 0.0332501
2026-05-25 01:53:30.017 9 INFO neutron.db.ovn_revision_numbers_db [None req-10421ab4-3788-4e9a-8f2c-af9d341e527b 131fbf2076f84ca9b8cdcc4ed7b47f72 559c122ffc684db29cd01070a051b059 - - default default] Successfully bumped revision number for resource d33c584f-e342-488f-935e-b3400864e462 (type: security_group_rules) to 0
2026-05-25 01:53:30.050 9 INFO neutron.api.wsgi [None req-10421ab4-3788-4e9a-8f2c-af9d341e527b 131fbf2076f84ca9b8cdcc4ed7b47f72 559c122ffc684db29cd01070a051b059 - - default default] 10.0.0.86 "POST /v2.0/security-groups HTTP/1.1" status: 201 len: 1871 time: 0.1911192
2026-05-25 01:53:30.067 9 WARNING neutron_lib.context [None req-e50a4c75-e815-41b9-acc4-7445daaaa1ea 131fbf2076f84ca9b8cdcc4ed7b47f72 559c122ffc684db29cd01070a051b059 - - default default] Method 'is_advsvc' is deprecated since 2023.2 release (neutron-lib 3.8.0) and will be removed once support for the old RBAC API policies will be removed from Neutron. Please use method 'is_service_role' instead.
2026-05-25 01:53:30.190 9 INFO neutron.db.ovn_revision_numbers_db [None req-e50a4c75-e815-41b9-acc4-7445daaaa1ea 131fbf2076f84ca9b8cdcc4ed7b47f72 559c122ffc684db29cd01070a051b059 - - default default] Successfully bumped revision number for resource c5738696-80a1-4809-a922-0194bc655022 (type: security_group_rules) to 0
2026-05-25 01:53:30.223 9 INFO neutron.api.wsgi [None req-e50a4c75-e815-41b9-acc4-7445daaaa1ea 131fbf2076f84ca9b8cdcc4ed7b47f72 559c122ffc684db29cd01070a051b059 - - default default] 10.0.0.86 "POST /v2.0/security-group-rules HTTP/1.1" status: 201 len: 796 time: 0.1615856
2026-05-25 01:53:30.232 9 WARNING neutron_lib.context [None req-eedc80c7-e357-4844-a84f-f32bc8b4cccb 131fbf2076f84ca9b8cdcc4ed7b47f72 559c122ffc684db29cd01070a051b059 - - default default] Method 'is_advsvc' is deprecated since 2023.2 release (neutron-lib 3.8.0) and will be removed once support for the old RBAC API policies will be removed from Neutron. Please use method 'is_service_role' instead.
2026-05-25 01:53:30.331 9 INFO neutron.db.ovn_revision_numbers_db [None req-eedc80c7-e357-4844-a84f-f32bc8b4cccb 131fbf2076f84ca9b8cdcc4ed7b47f72 559c122ffc684db29cd01070a051b059 - - default default] Successfully bumped revision number for resource 1bc781d0-0c2e-40dc-a6f5-32abe84cd1ab (type: security_group_rules) to 0
2026-05-25 01:53:30.377 9 INFO neutron.api.wsgi [req-ff384116-8223-49e6-8835-da5bf1a1d57f req-7fecd352-c3b7-4490-956a-7585c4d39d6a 7792b392456144e39c12a60de897f764 d1b5dbfc226e449cba29627382e8ac46 - - default default] 199.204.45.72 "GET /v2.0/ports?device_id=f052b3dd-6cf1-4abf-a501-03d17398659b HTTP/1.1" status: 200 len: 1168 time: 0.0397577
2026-05-25 01:53:30.397 9 INFO neutron.api.wsgi [None req-eedc80c7-e357-4844-a84f-f32bc8b4cccb 131fbf2076f84ca9b8cdcc4ed7b47f72 559c122ffc684db29cd01070a051b059 - - default default] 10.0.0.86 "POST /v2.0/security-group-rules HTTP/1.1" status: 201 len: 795 time: 0.1689703 /var/lib/openstack/lib/python3.12/site-packages/pycadf/identifier.py:71: UserWarning: Invalid uuid: neutron. To ensure interoperability, identifiers should be a valid uuid. warnings.warn(('Invalid uuid: %s. To ensure interoperability, '
2026-05-25 01:53:30.410 10 WARNING neutron_lib.context [None req-8462b2b3-917b-4c8e-94cc-fa14b928556a 131fbf2076f84ca9b8cdcc4ed7b47f72 559c122ffc684db29cd01070a051b059 - - default default] Method 'is_advsvc' is deprecated since 2023.2 release (neutron-lib 3.8.0) and will be removed once support for the old RBAC API policies will be removed from Neutron. Please use method 'is_service_role' instead.
2026-05-25 01:53:30.523 10 INFO neutron.db.ovn_revision_numbers_db [None req-8462b2b3-917b-4c8e-94cc-fa14b928556a 131fbf2076f84ca9b8cdcc4ed7b47f72 559c122ffc684db29cd01070a051b059 - - default default] Successfully bumped revision number for resource 4358c70e-5011-41c3-8aaa-706a32dc393a (type: security_group_rules) to 0
2026-05-25 01:53:30.550 10 INFO neutron.api.wsgi [None req-8462b2b3-917b-4c8e-94cc-fa14b928556a 131fbf2076f84ca9b8cdcc4ed7b47f72 559c122ffc684db29cd01070a051b059 - - default default] 10.0.0.86 "POST /v2.0/security-group-rules HTTP/1.1" status: 201 len: 801 time: 0.1466539
2026-05-25 01:53:30.562 10 WARNING neutron_lib.context [None req-ae9d5e75-0c5c-418b-94af-0a8bad5fddbb 131fbf2076f84ca9b8cdcc4ed7b47f72 559c122ffc684db29cd01070a051b059 - - default default] Method 'is_advsvc' is deprecated since 2023.2 release (neutron-lib 3.8.0) and will be removed once support for the old RBAC API policies will be removed from Neutron. Please use method 'is_service_role' instead.
2026-05-25 01:53:30.614 9 INFO neutron.notifiers.nova [-] Nova event matching ['req-9d48b88d-4528-4186-b827-a8d8f68a0e28'] response: {'name': 'network-changed', 'server_uuid': 'aad7f451-9fda-4bec-9bc4-9a49719a795c', 'tag': '5dfc042d-5fe1-433e-9ab3-845e06b47da1', 'status': 'completed', 'code': 200}
2026-05-25 01:53:30.614 9 INFO neutron.notifiers.nova [-] Nova event matching ['req-9d48b88d-4528-4186-b827-a8d8f68a0e28'] response: {'server_uuid': 'f052b3dd-6cf1-4abf-a501-03d17398659b', 'name': 'network-vif-unplugged', 'status': 'completed', 'tag': '0bbe2ba4-5480-471d-8573-2877bae35da0', 'code': 200}
2026-05-25 01:53:30.614 9 INFO neutron.notifiers.nova [-] Nova event matching ['req-9d48b88d-4528-4186-b827-a8d8f68a0e28'] response: {'server_uuid': 'f052b3dd-6cf1-4abf-a501-03d17398659b', 'name': 'network-vif-unplugged', 'status': 'completed', 'tag': '0bbe2ba4-5480-471d-8573-2877bae35da0', 'code': 200}
2026-05-25 01:53:30.685 9 INFO neutron.api.wsgi [req-ff384116-8223-49e6-8835-da5bf1a1d57f req-2aedcf04-8483-48d2-beb5-9764b811cbc2 7792b392456144e39c12a60de897f764 d1b5dbfc226e449cba29627382e8ac46 - - default default] 199.204.45.72 "DELETE /v2.0/ports/0bbe2ba4-5480-471d-8573-2877bae35da0 HTTP/1.1" status: 204 len: 173 time: 0.3019502
2026-05-25 01:53:30.690 10 INFO neutron.db.ovn_revision_numbers_db [None req-ae9d5e75-0c5c-418b-94af-0a8bad5fddbb 131fbf2076f84ca9b8cdcc4ed7b47f72 559c122ffc684db29cd01070a051b059 - - default default] Successfully bumped revision number for resource 9757b79c-f607-494b-ac31-51498fd25473 (type: security_group_rules) to 0
2026-05-25 01:53:30.717 10 INFO neutron.api.wsgi [None req-ae9d5e75-0c5c-418b-94af-0a8bad5fddbb 131fbf2076f84ca9b8cdcc4ed7b47f72 559c122ffc684db29cd01070a051b059 - - default default] 10.0.0.86 "POST /v2.0/security-group-rules HTTP/1.1" status: 201 len: 800 time: 0.1588981
2026-05-25 01:53:30.720 10 INFO neutron.api.wsgi [-] 10.0.0.10 "GET / HTTP/1.1" status: 200 len: 245 time: 0.0014274
2026-05-25 01:53:30.722 10 INFO neutron.api.wsgi [-] 10.0.0.10 "GET / HTTP/1.1" status: 200 len: 245 time: 0.0012319
2026-05-25 01:53:30.727 10 WARNING neutron_lib.context [None req-757670d9-441a-4b74-ae2e-7e22f9e62029 131fbf2076f84ca9b8cdcc4ed7b47f72 559c122ffc684db29cd01070a051b059 - - default default] Method 'is_advsvc' is deprecated since 2023.2 release (neutron-lib 3.8.0) and will be removed once support for the old RBAC API policies will be removed from Neutron. Please use method 'is_service_role' instead.
2026-05-25 01:53:30.756 10 INFO neutron.db.securitygroups_db [None req-757670d9-441a-4b74-ae2e-7e22f9e62029 131fbf2076f84ca9b8cdcc4ed7b47f72 559c122ffc684db29cd01070a051b059 - - default default] Project 559c122ffc684db29cd01070a051b059 added a security group rule with legacy IPv6 ICMP protocol name icmp, ipv6-icmp should be used instead. It was automatically converted.
2026-05-25 01:53:30.768 10 INFO neutron.notifiers.nova [-] Nova event matching ['req-b2239306-5956-4fbd-9b70-6892b5c6856d'] response: {'server_uuid': 'd0965e37-8a78-4d11-af58-17666f06f5bc', 'name': 'network-vif-plugged', 'status': 'completed', 'tag': 'c17f4f42-b8ef-450a-b408-6da0edef0d88', 'code': 200}
2026-05-25 01:53:30.844 10 INFO neutron.db.ovn_revision_numbers_db [None req-757670d9-441a-4b74-ae2e-7e22f9e62029 131fbf2076f84ca9b8cdcc4ed7b47f72 559c122ffc684db29cd01070a051b059 - - default default] Successfully bumped revision number for resource 8beebd4d-1c55-4c9f-ab59-1cbd890fb8a8 (type: security_group_rules) to 0
2026-05-25 01:53:30.869 10 INFO neutron.api.wsgi [None req-757670d9-441a-4b74-ae2e-7e22f9e62029 131fbf2076f84ca9b8cdcc4ed7b47f72 559c122ffc684db29cd01070a051b059 - - default default] 10.0.0.86 "POST /v2.0/security-group-rules HTTP/1.1" status: 201 len: 806 time: 0.1444142
2026-05-25 01:53:30.877 10 WARNING neutron_lib.context [None req-350bca9d-1bcb-43c7-b5ef-1bb5ea470d95 131fbf2076f84ca9b8cdcc4ed7b47f72 559c122ffc684db29cd01070a051b059 - - default default] Method 'is_advsvc' is deprecated since 2023.2 release (neutron-lib 3.8.0) and will be removed once support for the old RBAC API policies will be removed from Neutron. Please use method 'is_service_role' instead.
2026-05-25 01:53:30.893 9 INFO neutron.api.wsgi [req-95149224-63fd-4afa-8ab1-59082dd2f4b9 req-21a75684-ff99-4761-be9f-9c8338baf4a6 51144847537b46a89da2f9a13fe4f0cc a40a993dcfc84e3cb285fb33b4f12d03 - - default default] 10.0.0.110 "GET /v2.0/ports?device_id=d0965e37-8a78-4d11-af58-17666f06f5bc HTTP/1.1" status: 200 len: 1170 time: 0.0377893
2026-05-25 01:53:30.916 10 INFO neutron.db.securitygroups_db [None req-350bca9d-1bcb-43c7-b5ef-1bb5ea470d95 131fbf2076f84ca9b8cdcc4ed7b47f72 559c122ffc684db29cd01070a051b059 - - default default] Project 559c122ffc684db29cd01070a051b059 added a security group rule with legacy IPv6 ICMP protocol name icmp, ipv6-icmp should be used instead. It was automatically converted.
2026-05-25 01:53:30.954 9 INFO neutron.api.wsgi [req-95149224-63fd-4afa-8ab1-59082dd2f4b9 req-b8127d2b-9eb5-4c08-908d-eb949803b33c 51144847537b46a89da2f9a13fe4f0cc a40a993dcfc84e3cb285fb33b4f12d03 - - default default] 10.0.0.110 "GET /v2.0/security-groups?id=0489e31b-ff13-4827-8abf-99b8ad948e93&fields=id&fields=name HTTP/1.1" status: 200 len: 286 time: 0.0546043
2026-05-25 01:53:30.962 9 INFO neutron.api.wsgi [req-713097e7-01b3-499d-953f-8367ffbbed9c req-30a2db07-7ec5-4292-9597-b54fb120ff18 7792b392456144e39c12a60de897f764 d1b5dbfc226e449cba29627382e8ac46 - - default default] 10.0.0.110 "GET /v2.0/ports?device_id=f052b3dd-6cf1-4abf-a501-03d17398659b HTTP/1.1" status: 200 len: 210 time: 0.0273650
2026-05-25 01:53:31.047 10 INFO neutron.db.ovn_revision_numbers_db [None req-350bca9d-1bcb-43c7-b5ef-1bb5ea470d95 131fbf2076f84ca9b8cdcc4ed7b47f72 559c122ffc684db29cd01070a051b059 - - default default] Successfully bumped revision number for resource 9180989b-f344-449e-a77d-ec302526abdc (type: security_group_rules) to 0
2026-05-25 01:53:31.081 10 INFO neutron.api.wsgi [None req-350bca9d-1bcb-43c7-b5ef-1bb5ea470d95 131fbf2076f84ca9b8cdcc4ed7b47f72 559c122ffc684db29cd01070a051b059 - - default default] 10.0.0.86 "POST /v2.0/security-group-rules HTTP/1.1" status: 201 len: 805 time: 0.2077785
2026-05-25 01:53:31.147 9 INFO neutron.api.wsgi [req-a86804f0-1366-499c-942f-07fff2084239 req-9d833623-23d7-4545-a7f7-5239fab9781f 5218039aafda45f3be642c6014d3ae9b b2a546254df3488fbddd714b7f50efe9 - - b4886bf9aa194294ab01b036fd7452ba b4886bf9aa194294ab01b036fd7452ba] 199.204.45.72 "GET /v2.0/ports?tenant_id=559c122ffc684db29cd01070a051b059&device_id=aad7f451-9fda-4bec-9bc4-9a49719a795c HTTP/1.1" status: 200 len: 1413 time: 0.0234361
2026-05-25 01:53:31.160 10 WARNING neutron_lib.context [None req-a29341f0-315b-4347-9e55-56d4a5f5888a ec01721975fd47dcb6bb6fa7dffa9b4c 910e670ffbd84a76bef0d9b22628bb7a - - default default] Method 'is_advsvc' is deprecated since 2023.2 release (neutron-lib 3.8.0) and will be removed once support for the old RBAC API policies will be removed from Neutron. Please use method 'is_service_role' instead.
2026-05-25 01:53:31.188 9 INFO neutron.api.wsgi [req-a86804f0-1366-499c-942f-07fff2084239 req-896e4b55-746e-44ca-83cf-80157cd59d73 5218039aafda45f3be642c6014d3ae9b b2a546254df3488fbddd714b7f50efe9 - - b4886bf9aa194294ab01b036fd7452ba b4886bf9aa194294ab01b036fd7452ba] 199.204.45.72 "GET /v2.0/networks?id=ae4a83c2-fca0-4ef6-a658-7b6d40493ac6 HTTP/1.1" status: 200 len: 959 time: 0.0360389
2026-05-25 01:53:31.207 9 INFO neutron.api.wsgi [req-a86804f0-1366-499c-942f-07fff2084239 req-5986f32a-bb0c-4d17-89a2-8b7b75a54dff 5218039aafda45f3be642c6014d3ae9b b2a546254df3488fbddd714b7f50efe9 - - b4886bf9aa194294ab01b036fd7452ba b4886bf9aa194294ab01b036fd7452ba] 199.204.45.72 "GET /v2.0/floatingips?fixed_ip_address=10.100.0.12&port_id=5dfc042d-5fe1-433e-9ab3-845e06b47da1 HTTP/1.1" status: 200 len: 217 time: 0.0121553
2026-05-25 01:53:31.231 9 INFO neutron.api.wsgi [req-a86804f0-1366-499c-942f-07fff2084239 req-0bb8a0d3-e4ee-47f8-a0ea-fe2795307366 5218039aafda45f3be642c6014d3ae9b b2a546254df3488fbddd714b7f50efe9 - - b4886bf9aa194294ab01b036fd7452ba b4886bf9aa194294ab01b036fd7452ba] 199.204.45.72 "GET /v2.0/subnets?id=08c4eabd-bf15-42e9-b1a3-e2f65cdc9196 HTTP/1.1" status: 200 len: 877 time: 0.0182648
2026-05-25 01:53:31.250 9 INFO neutron.api.wsgi [req-a86804f0-1366-499c-942f-07fff2084239 req-f7d019de-f2a3-4538-ad51-ade68ce7fc56 5218039aafda45f3be642c6014d3ae9b b2a546254df3488fbddd714b7f50efe9 - - b4886bf9aa194294ab01b036fd7452ba b4886bf9aa194294ab01b036fd7452ba] 199.204.45.72 "GET /v2.0/ports?network_id=ae4a83c2-fca0-4ef6-a658-7b6d40493ac6&device_owner=network%3Adhcp HTTP/1.1" status: 200 len: 210 time: 0.0138178
2026-05-25 01:53:31.276 10 INFO neutron.db.ovn_revision_numbers_db [None req-a29341f0-315b-4347-9e55-56d4a5f5888a ec01721975fd47dcb6bb6fa7dffa9b4c 910e670ffbd84a76bef0d9b22628bb7a - - default default] Successfully bumped revision number for resource 45a57a0b-f912-41c3-ba37-29540d98fe99 (type: security_groups) to 1
2026-05-25 01:53:31.288 9 INFO neutron.api.wsgi [req-a86804f0-1366-499c-942f-07fff2084239 req-6bf963ae-c058-4ec5-8fe9-5a2aae691f1e 5218039aafda45f3be642c6014d3ae9b b2a546254df3488fbddd714b7f50efe9 - - b4886bf9aa194294ab01b036fd7452ba b4886bf9aa194294ab01b036fd7452ba] 199.204.45.72 "GET /v2.0/networks/ae4a83c2-fca0-4ef6-a658-7b6d40493ac6?fields=segments HTTP/1.1" status: 200 len: 212 time: 0.0350320
2026-05-25 01:53:31.288 10 INFO neutron.db.ovn_revision_numbers_db [None req-a29341f0-315b-4347-9e55-56d4a5f5888a ec01721975fd47dcb6bb6fa7dffa9b4c 910e670ffbd84a76bef0d9b22628bb7a - - default default] Successfully bumped revision number for resource 0fa030b7-5467-49b3-91a6-9db4a95fa43e (type: security_group_rules) to 0
2026-05-25 01:53:31.299 10 INFO neutron.db.ovn_revision_numbers_db [None req-a29341f0-315b-4347-9e55-56d4a5f5888a ec01721975fd47dcb6bb6fa7dffa9b4c 910e670ffbd84a76bef0d9b22628bb7a - - default default] Successfully bumped revision number for resource 13e92bee-3ead-4abd-bf4d-1e97060e2500 (type: security_group_rules) to 0
2026-05-25 01:53:31.309 10 INFO neutron.db.ovn_revision_numbers_db [None req-a29341f0-315b-4347-9e55-56d4a5f5888a ec01721975fd47dcb6bb6fa7dffa9b4c 910e670ffbd84a76bef0d9b22628bb7a - - default default] Successfully bumped revision number for resource 61b9a378-5250-4c38-a8b8-b79075da26e2 (type: security_group_rules) to 0
2026-05-25 01:53:31.321 10 INFO neutron.db.ovn_revision_numbers_db [None req-a29341f0-315b-4347-9e55-56d4a5f5888a ec01721975fd47dcb6bb6fa7dffa9b4c 910e670ffbd84a76bef0d9b22628bb7a - - default default] Successfully bumped revision number for resource 860acf3a-36ac-49e5-9e54-04964d2ce5c3 (type: security_group_rules) to 0
2026-05-25 01:53:31.327 9 INFO neutron.api.wsgi [req-a86804f0-1366-499c-942f-07fff2084239 req-a3765583-cc55-49f5-9f60-b7ad587e2af4 5218039aafda45f3be642c6014d3ae9b b2a546254df3488fbddd714b7f50efe9 - - b4886bf9aa194294ab01b036fd7452ba b4886bf9aa194294ab01b036fd7452ba] 199.204.45.72 "GET /v2.0/networks/ae4a83c2-fca0-4ef6-a658-7b6d40493ac6?fields=provider%3Aphysical_network&fields=provider%3Anetwork_type HTTP/1.1" status: 200 len: 277 time: 0.0360587
2026-05-25 01:53:31.390 10 INFO neutron.db.segments_db [None req-a29341f0-315b-4347-9e55-56d4a5f5888a ec01721975fd47dcb6bb6fa7dffa9b4c 910e670ffbd84a76bef0d9b22628bb7a - - default default] Added segment 298efb61-8009-497b-970e-1d9e211cda95 of type geneve for network 4390b263-5ba8-4da4-9eb1-e2cae34f23f5
2026-05-25 01:53:31.500 10 INFO neutron.db.ovn_revision_numbers_db [None req-a29341f0-315b-4347-9e55-56d4a5f5888a ec01721975fd47dcb6bb6fa7dffa9b4c 910e670ffbd84a76bef0d9b22628bb7a - - default default] Successfully bumped revision number for resource 4390b263-5ba8-4da4-9eb1-e2cae34f23f5 (type: networks) to 1
2026-05-25 01:53:31.518 9 INFO neutron.api.wsgi [None req-cd51d4b0-029c-499c-9e90-ceb1160c6ee9 131fbf2076f84ca9b8cdcc4ed7b47f72 559c122ffc684db29cd01070a051b059 - - default default] 10.0.0.86 "GET /v2.0/networks HTTP/1.1" status: 200 len: 1493 time: 0.0852673
2026-05-25 01:53:31.629 9 INFO neutron.api.wsgi [req-87d91ac6-242d-4043-b5c3-88078139290e req-0767a6e6-0566-4982-92bb-ca0037a78921 131fbf2076f84ca9b8cdcc4ed7b47f72 559c122ffc684db29cd01070a051b059 - - default default] 10.0.0.110 "GET /v2.0/security-groups?name=tempest-secgroup-smoke-87201961&fields=id&tenant_id=559c122ffc684db29cd01070a051b059 HTTP/1.1" status: 200 len: 267 time: 0.0431044
2026-05-25 01:53:31.636 10 WARNING neutron.scheduler.dhcp_agent_scheduler [None req-a29341f0-315b-4347-9e55-56d4a5f5888a ec01721975fd47dcb6bb6fa7dffa9b4c 910e670ffbd84a76bef0d9b22628bb7a - - default default] No more DHCP agents
2026-05-25 01:53:31.637 10 WARNING neutron.api.rpc.agentnotifiers.dhcp_rpc_agent_api [None req-a29341f0-315b-4347-9e55-56d4a5f5888a ec01721975fd47dcb6bb6fa7dffa9b4c 910e670ffbd84a76bef0d9b22628bb7a - - default default] Unable to schedule network 4390b263-5ba8-4da4-9eb1-e2cae34f23f5: no agents available; will retry on subsequent port and subnet creation events.
2026-05-25 01:53:31.668 9 INFO neutron.api.wsgi [req-87d91ac6-242d-4043-b5c3-88078139290e req-01fbe1cc-07d2-4ba9-93d1-61d2ea6a6cfb 131fbf2076f84ca9b8cdcc4ed7b47f72 559c122ffc684db29cd01070a051b059 - - default default] 10.0.0.110 "GET /v2.0/networks?id=ae4a83c2-fca0-4ef6-a658-7b6d40493ac6 HTTP/1.1" status: 200 len: 860 time: 0.0328410
2026-05-25 01:53:31.683 9 INFO neutron.api.wsgi [req-87d91ac6-242d-4043-b5c3-88078139290e req-2dae376a-f3eb-45c7-823a-aaf4bae88963 131fbf2076f84ca9b8cdcc4ed7b47f72 559c122ffc684db29cd01070a051b059 - - default default] 10.0.0.110 "GET /v2.0/quotas/559c122ffc684db29cd01070a051b059 HTTP/1.1" status: 200 len: 491 time: 0.0069404
2026-05-25 01:53:31.697 10 INFO neutron.db.ovn_revision_numbers_db [None req-a29341f0-315b-4347-9e55-56d4a5f5888a ec01721975fd47dcb6bb6fa7dffa9b4c 910e670ffbd84a76bef0d9b22628bb7a - - default default] Successfully bumped revision number for resource 7784adb8-0c25-4392-bfdc-cfc9d8532d66 (type: ports) to 1
2026-05-25 01:53:31.729 10 INFO neutron.api.wsgi [None req-a29341f0-315b-4347-9e55-56d4a5f5888a ec01721975fd47dcb6bb6fa7dffa9b4c 910e670ffbd84a76bef0d9b22628bb7a - - default default] 10.0.0.86 "POST /v2.0/networks HTTP/1.1" status: 201 len: 826 time: 0.7108314
2026-05-25 01:53:31.738 10 WARNING neutron_lib.context [None req-b11fd8ed-0158-437f-99e5-bdd0187992fd ec01721975fd47dcb6bb6fa7dffa9b4c 910e670ffbd84a76bef0d9b22628bb7a - - default default] Method 'is_advsvc' is deprecated since 2023.2 release (neutron-lib 3.8.0) and will be removed once support for the old RBAC API policies will be removed from Neutron. Please use method 'is_service_role' instead.
2026-05-25 01:53:31.741 9 INFO neutron.api.wsgi [req-87d91ac6-242d-4043-b5c3-88078139290e req-01d60c53-09dd-47fe-9f33-4a75ac65bf24 131fbf2076f84ca9b8cdcc4ed7b47f72 559c122ffc684db29cd01070a051b059 - - default default] 10.0.0.110 "GET /v2.0/ports?tenant_id=559c122ffc684db29cd01070a051b059&fields=id HTTP/1.1" status: 200 len: 348 time: 0.0529056
2026-05-25 01:53:31.783 9 INFO neutron.api.wsgi [req-87d91ac6-242d-4043-b5c3-88078139290e req-1f604f6f-c891-4c07-a1ad-69aa47c7763c 5218039aafda45f3be642c6014d3ae9b b2a546254df3488fbddd714b7f50efe9 - - b4886bf9aa194294ab01b036fd7452ba b4886bf9aa194294ab01b036fd7452ba] 10.0.0.110 "GET /v2.0/networks/ae4a83c2-fca0-4ef6-a658-7b6d40493ac6?fields=segments HTTP/1.1" status: 200 len: 212 time: 0.0312674
2026-05-25 01:53:31.819 9 INFO neutron.api.wsgi [req-87d91ac6-242d-4043-b5c3-88078139290e req-6a5c02e3-b0ab-4545-86c4-738a8d945738 5218039aafda45f3be642c6014d3ae9b b2a546254df3488fbddd714b7f50efe9 - - b4886bf9aa194294ab01b036fd7452ba b4886bf9aa194294ab01b036fd7452ba] 10.0.0.110 "GET /v2.0/networks/ae4a83c2-fca0-4ef6-a658-7b6d40493ac6?fields=provider%3Aphysical_network&fields=provider%3Anetwork_type HTTP/1.1" status: 200 len: 277 time: 0.0293314
2026-05-25 01:53:31.873 10 WARNING neutron.scheduler.dhcp_agent_scheduler [None req-b11fd8ed-0158-437f-99e5-bdd0187992fd ec01721975fd47dcb6bb6fa7dffa9b4c 910e670ffbd84a76bef0d9b22628bb7a - - default default] No more DHCP agents
2026-05-25 01:53:31.874 10 WARNING neutron.api.rpc.agentnotifiers.dhcp_rpc_agent_api [None req-b11fd8ed-0158-437f-99e5-bdd0187992fd ec01721975fd47dcb6bb6fa7dffa9b4c 910e670ffbd84a76bef0d9b22628bb7a - - default default] Unable to schedule network 4390b263-5ba8-4da4-9eb1-e2cae34f23f5: no agents available; will retry on subsequent port and subnet creation events.
2026-05-25 01:53:31.939 9 INFO neutron.api.wsgi [req-f9af7284-7614-429c-a86b-baa3aa915639 req-37f0333f-0c8e-4e9a-b61b-df75e21d210e 131fbf2076f84ca9b8cdcc4ed7b47f72 559c122ffc684db29cd01070a051b059 - - default default] 10.0.0.110 "GET /v2.0/ports?device_id=ece968a8-e241-43e1-9073-a688e22a04e8 HTTP/1.1" status: 200 len: 210 time: 0.0184526
2026-05-25 01:53:32.082 9 INFO neutron.api.wsgi [req-73c82087-ecfe-4cc8-b769-d8d704ab7107 req-9e3c80d4-a7ac-4d1f-870e-7873eb965601 7792b392456144e39c12a60de897f764 d1b5dbfc226e449cba29627382e8ac46 - - default default] 10.0.0.110 "GET /v2.0/ports?device_id=f052b3dd-6cf1-4abf-a501-03d17398659b HTTP/1.1" status: 200 len: 210 time: 0.0175645
2026-05-25 01:53:32.295 10 INFO neutron.db.ovn_revision_numbers_db [None req-216d7669-7a94-4087-8d9a-ec585abef0dd - - - - - -] Successfully bumped revision number for resource 7784adb8-0c25-4392-bfdc-cfc9d8532d66 (type: ports) to 2
2026-05-25 01:53:32.305 9 INFO neutron.api.wsgi [req-a2a1ecba-fc45-4a64-9fae-4e5c4d7ba86e req-cb7583c2-b775-4702-a03b-5f1eaef7a72d 51144847537b46a89da2f9a13fe4f0cc a40a993dcfc84e3cb285fb33b4f12d03 - - default default] 10.0.0.110 "GET /v2.0/ports?device_id=d0965e37-8a78-4d11-af58-17666f06f5bc HTTP/1.1" status: 200 len: 1170 time: 0.0312474
2026-05-25 01:53:32.330 10 INFO neutron.db.ovn_revision_numbers_db [None req-216d7669-7a94-4087-8d9a-ec585abef0dd - - - - - -] Successfully bumped revision number for resource b5ad4e8c-a4d6-4e64-a2e9-c27a779dab98 (type: subnets) to 0
2026-05-25 01:53:32.346 10 INFO neutron.api.wsgi [None req-b11fd8ed-0158-437f-99e5-bdd0187992fd ec01721975fd47dcb6bb6fa7dffa9b4c 910e670ffbd84a76bef0d9b22628bb7a - - default default] 10.0.0.86 "POST /v2.0/subnets HTTP/1.1" status: 201 len: 825 time: 0.6119437
2026-05-25 01:53:32.356 9 INFO neutron.api.wsgi [req-a2a1ecba-fc45-4a64-9fae-4e5c4d7ba86e req-9dbc0c7c-c3e7-4f9d-bb40-66d25c722040 51144847537b46a89da2f9a13fe4f0cc a40a993dcfc84e3cb285fb33b4f12d03 - - default default] 10.0.0.110 "GET /v2.0/security-groups?id=0489e31b-ff13-4827-8abf-99b8ad948e93&fields=id&fields=name HTTP/1.1" status: 200 len: 286 time: 0.0431788
2026-05-25 01:53:32.356 10 WARNING neutron_lib.context [None req-0adcb6e0-b284-4ac9-9f39-7ac27d49360b ec01721975fd47dcb6bb6fa7dffa9b4c 910e670ffbd84a76bef0d9b22628bb7a - - default default] Method 'is_advsvc' is deprecated since 2023.2 release (neutron-lib 3.8.0) and will be removed once support for the old RBAC API policies will be removed from Neutron. Please use method 'is_service_role' instead.
2026-05-25 01:53:32.654 9 INFO neutron.notifiers.nova [-] Nova event matching ['req-ecc0f873-c8a5-4087-9c95-9ac80fae4235'] response: {'server_uuid': 'f052b3dd-6cf1-4abf-a501-03d17398659b', 'name': 'network-vif-deleted', 'tag': '0bbe2ba4-5480-471d-8573-2877bae35da0', 'status': 'completed', 'code': 200}
2026-05-25 01:53:32.712 10 WARNING neutron.scheduler.dhcp_agent_scheduler [None req-0adcb6e0-b284-4ac9-9f39-7ac27d49360b ec01721975fd47dcb6bb6fa7dffa9b4c 910e670ffbd84a76bef0d9b22628bb7a - - default default] No more DHCP agents
2026-05-25 01:53:32.714 10 WARNING neutron.api.rpc.agentnotifiers.dhcp_rpc_agent_api [None req-0adcb6e0-b284-4ac9-9f39-7ac27d49360b ec01721975fd47dcb6bb6fa7dffa9b4c 910e670ffbd84a76bef0d9b22628bb7a - - default default] Unable to schedule network d9c03ca6-eb63-448c-8ba1-9ca0f410c15a: no agents available; will retry on subsequent port and subnet creation events.
2026-05-25 01:53:32.816 10 INFO neutron.db.ovn_revision_numbers_db [None req-0adcb6e0-b284-4ac9-9f39-7ac27d49360b ec01721975fd47dcb6bb6fa7dffa9b4c 910e670ffbd84a76bef0d9b22628bb7a - - default default] Successfully bumped revision number for resource 767b8c83-e7d9-40d8-bc59-5dbcec6787ea (type: ports) to 1
2026-05-25 01:53:32.851 10 INFO neutron.plugins.ml2.drivers.ovn.mech_driver.mech_driver [None req-9a44baf6-9cce-48ab-8e8f-c2d4ae435f24 - - - - - -] OVN reports status down for port: c17f4f42-b8ef-450a-b408-6da0edef0d88
2026-05-25 01:53:32.994 10 INFO neutron.notifiers.nova [-] Nova event matching ['req-631686a3-9019-43a4-87c4-2386281796fa'] response: {'server_uuid': 'd0965e37-8a78-4d11-af58-17666f06f5bc', 'name': 'network-vif-unplugged', 'status': 'completed', 'tag': 'c17f4f42-b8ef-450a-b408-6da0edef0d88', 'code': 200}
2026-05-25 01:53:33.045 9 INFO neutron.api.wsgi [req-b1d502c4-8f13-49d6-a0f6-84096b136ee3 req-8857d9d7-2ee4-4d9c-9302-d83ba04508f6 131fbf2076f84ca9b8cdcc4ed7b47f72 559c122ffc684db29cd01070a051b059 - - default default] 10.0.0.110 "GET /v2.0/ports?device_id=ece968a8-e241-43e1-9073-a688e22a04e8 HTTP/1.1" status: 200 len: 210 time: 0.0170045
2026-05-25 01:53:33.130 10 INFO neutron.db.ovn_revision_numbers_db [None req-9a44baf6-9cce-48ab-8e8f-c2d4ae435f24 - - - - - -] Successfully bumped revision number for resource c17f4f42-b8ef-450a-b408-6da0edef0d88 (type: ports) to 6
2026-05-25 01:53:33.162 9 INFO neutron.api.wsgi [req-a155af8e-441a-4460-8a91-9ce904a70531 req-c4a36f83-270d-4604-a3bd-1f0737ce888f 7792b392456144e39c12a60de897f764 d1b5dbfc226e449cba29627382e8ac46 - - default default] 10.0.0.110 "GET /v2.0/ports?device_id=f052b3dd-6cf1-4abf-a501-03d17398659b HTTP/1.1" status: 200 len: 210 time: 0.0166485
2026-05-25 01:53:33.380 10 INFO neutron.plugins.ml2.drivers.ovn.mech_driver.ovsdb.commands [None req-a4164ba3-76e3-4e6c-919f-63d7e6052751 - - - - - -] Schedule LRP lrp-767b8c83-e7d9-40d8-bc59-5dbcec6787ea on gateway 047dd736-e476-4af6-a215-36eeee22072f with priority 1
2026-05-25 01:53:33.403 10 INFO neutron.plugins.ml2.drivers.ovn.mech_driver.mech_driver [None req-e17d0f11-7c19-48f0-8e05-f76c0ff8d7f4 - - - - - -] OVN reports status up for port: 767b8c83-e7d9-40d8-bc59-5dbcec6787ea
2026-05-25 01:53:33.415 10 INFO neutron.plugins.ml2.plugin [None req-e17d0f11-7c19-48f0-8e05-f76c0ff8d7f4 - - - - - -] Attempt 1 to provision port 767b8c83-e7d9-40d8-bc59-5dbcec6787ea
2026-05-25 01:53:33.456 9 INFO neutron.api.wsgi [req-78fb8dec-8a36-49f2-bde1-f2efd94d52e6 req-3cda7fbb-2ffc-431d-ad68-7feedd1388fe 51144847537b46a89da2f9a13fe4f0cc a40a993dcfc84e3cb285fb33b4f12d03 - - default default] 10.0.0.110 "GET /v2.0/ports?device_id=d0965e37-8a78-4d11-af58-17666f06f5bc HTTP/1.1" status: 200 len: 1168 time: 0.0342023
2026-05-25 01:53:33.487 9 INFO neutron.api.wsgi [req-78fb8dec-8a36-49f2-bde1-f2efd94d52e6 req-fd251b07-63bc-4bca-8361-f57151ff6aee 51144847537b46a89da2f9a13fe4f0cc a40a993dcfc84e3cb285fb33b4f12d03 - - default default] 10.0.0.110 "GET /v2.0/security-groups?id=0489e31b-ff13-4827-8abf-99b8ad948e93&fields=id&fields=name HTTP/1.1" status: 200 len: 286 time: 0.0266788
2026-05-25 01:53:33.637 10 INFO neutron.db.ovn_revision_numbers_db [None req-0adcb6e0-b284-4ac9-9f39-7ac27d49360b ec01721975fd47dcb6bb6fa7dffa9b4c 910e670ffbd84a76bef0d9b22628bb7a - - default default] Successfully bumped revision number for resource 767b8c83-e7d9-40d8-bc59-5dbcec6787ea (type: router_ports) to 1
2026-05-25 01:53:33.699 10 INFO neutron.db.ovn_revision_numbers_db [None req-0adcb6e0-b284-4ac9-9f39-7ac27d49360b ec01721975fd47dcb6bb6fa7dffa9b4c 910e670ffbd84a76bef0d9b22628bb7a - - default default] Successfully bumped revision number for resource 6abba5e2-0745-420f-a072-8d43bb57e4ff (type: routers) to 2
2026-05-25 01:53:33.713 10 INFO neutron.api.wsgi [None req-0adcb6e0-b284-4ac9-9f39-7ac27d49360b ec01721975fd47dcb6bb6fa7dffa9b4c 910e670ffbd84a76bef0d9b22628bb7a - - default default] 10.0.0.86 "POST /v2.0/routers HTTP/1.1" status: 201 len: 1134 time: 1.3611851 /var/lib/openstack/lib/python3.12/site-packages/pycadf/identifier.py:71: UserWarning: Invalid uuid: neutron. To ensure interoperability, identifiers should be a valid uuid. warnings.warn(('Invalid uuid: %s. To ensure interoperability, '
2026-05-25 01:53:34.052 9 INFO neutron.api.wsgi [req-2e20bb69-f35d-4959-85c1-862707c1874d req-340e9894-a4b4-4f9b-9db7-26dbb0db07ae 51144847537b46a89da2f9a13fe4f0cc a40a993dcfc84e3cb285fb33b4f12d03 - - default default] 199.204.45.72 "GET /v2.0/ports?device_id=d0965e37-8a78-4d11-af58-17666f06f5bc HTTP/1.1" status: 200 len: 1168 time: 0.0328717
2026-05-25 01:53:34.118 9 INFO neutron.api.wsgi [req-831a5a44-d6aa-4002-a025-df3378b1e56e req-4aa758f9-450d-4672-9b9e-cba60742ad2f 131fbf2076f84ca9b8cdcc4ed7b47f72 559c122ffc684db29cd01070a051b059 - - default default] 10.0.0.110 "GET /v2.0/ports?device_id=ece968a8-e241-43e1-9073-a688e22a04e8 HTTP/1.1" status: 200 len: 210 time: 0.0163860
2026-05-25 01:53:34.154 10 WARNING neutron.scheduler.dhcp_agent_scheduler [None req-42e1022f-e9b3-43f4-8386-9919584bcb8c ec01721975fd47dcb6bb6fa7dffa9b4c 910e670ffbd84a76bef0d9b22628bb7a - - default default] No more DHCP agents
2026-05-25 01:53:34.156 10 WARNING neutron.api.rpc.agentnotifiers.dhcp_rpc_agent_api [None req-42e1022f-e9b3-43f4-8386-9919584bcb8c ec01721975fd47dcb6bb6fa7dffa9b4c 910e670ffbd84a76bef0d9b22628bb7a - - default default] Unable to schedule network 4390b263-5ba8-4da4-9eb1-e2cae34f23f5: no agents available; will retry on subsequent port and subnet creation events.
2026-05-25 01:53:34.303 10 INFO neutron.db.ovn_revision_numbers_db [None req-42e1022f-e9b3-43f4-8386-9919584bcb8c ec01721975fd47dcb6bb6fa7dffa9b4c 910e670ffbd84a76bef0d9b22628bb7a - - default default] Successfully bumped revision number for resource db2be0dd-31e4-4447-b209-6d50dd10f98c (type: ports) to 1
2026-05-25 01:53:34.329 9 INFO neutron.api.wsgi [req-2e20bb69-f35d-4959-85c1-862707c1874d req-26c10971-df54-48f2-aed6-36d94fbe0fb3 51144847537b46a89da2f9a13fe4f0cc a40a993dcfc84e3cb285fb33b4f12d03 - - default default] 199.204.45.72 "DELETE /v2.0/ports/c17f4f42-b8ef-450a-b408-6da0edef0d88 HTTP/1.1" status: 204 len: 173 time: 0.2735324
2026-05-25 01:53:34.561 9 INFO neutron.api.wsgi [req-7abdd935-00fa-41d2-af19-a48a2fc53883 req-cb60639c-3d46-4b81-a710-2a3f46b21215 51144847537b46a89da2f9a13fe4f0cc a40a993dcfc84e3cb285fb33b4f12d03 - - default default] 10.0.0.110 "GET /v2.0/ports?device_id=d0965e37-8a78-4d11-af58-17666f06f5bc HTTP/1.1" status: 200 len: 210 time: 0.0172246
2026-05-25 01:53:34.691 9 INFO neutron.notifiers.nova [-] Nova event matching ['req-e8a2ec83-8a79-4ba0-9a4b-330d25e3c1f4'] response: {'server_uuid': 'd0965e37-8a78-4d11-af58-17666f06f5bc', 'name': 'network-vif-deleted', 'tag': 'c17f4f42-b8ef-450a-b408-6da0edef0d88', 'status': 'completed', 'code': 200}
2026-05-25 01:53:34.868 9 INFO neutron.plugins.ml2.drivers.ovn.mech_driver.mech_driver [None req-bb333aad-e6e5-4bbf-bc92-c575e4d32731 - - - - - -] OVN reports status up for port: db2be0dd-31e4-4447-b209-6d50dd10f98c
2026-05-25 01:53:34.878 9 INFO neutron.plugins.ml2.plugin [None req-bb333aad-e6e5-4bbf-bc92-c575e4d32731 - - - - - -] Attempt 1 to provision port db2be0dd-31e4-4447-b209-6d50dd10f98c
2026-05-25 01:53:34.883 10 INFO neutron.db.ovn_revision_numbers_db [None req-42e1022f-e9b3-43f4-8386-9919584bcb8c ec01721975fd47dcb6bb6fa7dffa9b4c 910e670ffbd84a76bef0d9b22628bb7a - - default default] Successfully bumped revision number for resource db2be0dd-31e4-4447-b209-6d50dd10f98c (type: ports) to 1
2026-05-25 01:53:34.930 10 WARNING neutron.scheduler.dhcp_agent_scheduler [None req-42e1022f-e9b3-43f4-8386-9919584bcb8c ec01721975fd47dcb6bb6fa7dffa9b4c 910e670ffbd84a76bef0d9b22628bb7a - - default default] No more DHCP agents
2026-05-25 01:53:34.932 10 WARNING neutron.api.rpc.agentnotifiers.dhcp_rpc_agent_api [None req-42e1022f-e9b3-43f4-8386-9919584bcb8c ec01721975fd47dcb6bb6fa7dffa9b4c 910e670ffbd84a76bef0d9b22628bb7a - - default default] Unable to schedule network 4390b263-5ba8-4da4-9eb1-e2cae34f23f5: no agents available; will retry on subsequent port and subnet creation events.
2026-05-25 01:53:35.037 10 INFO neutron.notifiers.nova [-] Nova event matching ['req-c1298a59-ec75-4ec0-b7bd-d0ef544d0354'] response: {'server_uuid': 'd0965e37-8a78-4d11-af58-17666f06f5bc', 'name': 'network-vif-unplugged', 'status': 'completed', 'tag': 'c17f4f42-b8ef-450a-b408-6da0edef0d88', 'code': 200}
2026-05-25 01:53:35.208 9 INFO neutron.api.wsgi [req-7e617d0e-1bd1-4d45-ba3d-04bb318af116 req-a00f5d1a-0416-4442-b0f0-c9faee05495a 131fbf2076f84ca9b8cdcc4ed7b47f72 559c122ffc684db29cd01070a051b059 - - default default] 10.0.0.110 "GET /v2.0/ports?device_id=ece968a8-e241-43e1-9073-a688e22a04e8 HTTP/1.1" status: 200 len: 210 time: 0.0312946
2026-05-25 01:53:35.233 10 INFO neutron.db.ovn_revision_numbers_db [None req-42e1022f-e9b3-43f4-8386-9919584bcb8c ec01721975fd47dcb6bb6fa7dffa9b4c 910e670ffbd84a76bef0d9b22628bb7a - - default default] Successfully bumped revision number for resource db2be0dd-31e4-4447-b209-6d50dd10f98c (type: router_ports) to 1
2026-05-25 01:53:35.237 10 INFO neutron.api.wsgi [None req-42e1022f-e9b3-43f4-8386-9919584bcb8c ec01721975fd47dcb6bb6fa7dffa9b4c 910e670ffbd84a76bef0d9b22628bb7a - - default default] 10.0.0.86 "PUT /v2.0/routers/6abba5e2-0745-420f-a072-8d43bb57e4ff/add_router_interface HTTP/1.1" status: 200 len: 503 time: 1.5190649
