2026-05-25 01:51:13.284 9 WARNING neutron.api.rpc.agentnotifiers.dhcp_rpc_agent_api [None req-a57011c4-e449-46e6-ab1b-9d8d62fcfc71 d43276b0ca054ade821c06fdab05e1e0 dce85ce853a642d8ab454bef188237b9 - - default default] Unable to schedule network 3209dc48-cde8-4282-9293-52df9458763c: no agents available; will retry on subsequent port and subnet creation events.
2026-05-25 01:51:13.632 10 INFO neutron.db.ovn_revision_numbers_db [None req-fb3ee0b2-b4a4-4c2e-bb83-36801f46ed61 - - - - - -] Successfully bumped revision number for resource 102ca5fe-037f-4a4f-bd47-fa2325001601 (type: ports) to 2
2026-05-25 01:51:13.657 10 INFO neutron.db.ovn_revision_numbers_db [None req-fb3ee0b2-b4a4-4c2e-bb83-36801f46ed61 - - - - - -] Successfully bumped revision number for resource e50ec70a-55c5-4e62-8046-3e40d17a2aa5 (type: subnets) to 0
2026-05-25 01:51:13.670 9 INFO neutron.db.ovn_revision_numbers_db [None req-92e033b3-fc29-4760-882c-14ef0277044e - - - - - -] Successfully bumped revision number for resource 17d6c59b-401e-43ec-a510-d191ca67cab3 (type: ports) to 2
2026-05-25 01:51:13.670 10 INFO neutron.api.wsgi [None req-1eabdbd5-1fc2-4695-93f1-a330ac8a1768 d43276b0ca054ade821c06fdab05e1e0 dce85ce853a642d8ab454bef188237b9 - - default default] 10.0.0.86 "POST /v2.0/subnets HTTP/1.1" status: 201 len: 897 time: 0.5485225
2026-05-25 01:51:13.704 9 INFO neutron.db.ovn_revision_numbers_db [None req-92e033b3-fc29-4760-882c-14ef0277044e - - - - - -] Successfully bumped revision number for resource b30556e8-91b3-44aa-b3de-ac90f2d6ed1a (type: subnets) to 0
2026-05-25 01:51:13.717 9 INFO neutron.api.wsgi [None req-a57011c4-e449-46e6-ab1b-9d8d62fcfc71 d43276b0ca054ade821c06fdab05e1e0 dce85ce853a642d8ab454bef188237b9 - - default default] 10.0.0.86 "POST /v2.0/subnets HTTP/1.1" status: 201 len: 893 time: 0.5591123
2026-05-25 01:51:14.006 9 WARNING neutron.scheduler.dhcp_agent_scheduler [None req-270e62b1-a380-4156-9a04-cd38e5c37b02 d43276b0ca054ade821c06fdab05e1e0 dce85ce853a642d8ab454bef188237b9 - - default default] No more DHCP agents
2026-05-25 01:51:14.007 9 WARNING neutron.api.rpc.agentnotifiers.dhcp_rpc_agent_api [None req-270e62b1-a380-4156-9a04-cd38e5c37b02 d43276b0ca054ade821c06fdab05e1e0 dce85ce853a642d8ab454bef188237b9 - - default default] Unable to schedule network d9c03ca6-eb63-448c-8ba1-9ca0f410c15a: no agents available; will retry on subsequent port and subnet creation events.
2026-05-25 01:51:14.059 9 INFO neutron.api.wsgi [req-a1c55ecf-6c2e-4c50-a032-9f938a979bb1 req-99995d8a-fd5a-49fc-83c3-7a0943414c98 c7d8d13cf0724856a74832244ac1b319 669301f93b4f43c8b98e615e24a164b5 - - default default] 10.0.0.110 "GET /v2.0/ports?device_id=71d8b8ae-b001-4cf1-a301-5c6fc543dee8 HTTP/1.1" status: 200 len: 210 time: 0.0167797
2026-05-25 01:51:14.087 10 WARNING neutron.scheduler.dhcp_agent_scheduler [None req-1961a039-a3a8-4847-8273-2a9bc355a762 d43276b0ca054ade821c06fdab05e1e0 dce85ce853a642d8ab454bef188237b9 - - default default] No more DHCP agents
2026-05-25 01:51:14.091 10 WARNING neutron.api.rpc.agentnotifiers.dhcp_rpc_agent_api [None req-1961a039-a3a8-4847-8273-2a9bc355a762 d43276b0ca054ade821c06fdab05e1e0 dce85ce853a642d8ab454bef188237b9 - - default default] Unable to schedule network d9c03ca6-eb63-448c-8ba1-9ca0f410c15a: no agents available; will retry on subsequent port and subnet creation events.
2026-05-25 01:51:14.113 9 INFO neutron.db.ovn_revision_numbers_db [None req-270e62b1-a380-4156-9a04-cd38e5c37b02 d43276b0ca054ade821c06fdab05e1e0 dce85ce853a642d8ab454bef188237b9 - - default default] Successfully bumped revision number for resource c08d9608-1735-46e9-af7a-cdcc0c838f8d (type: ports) to 1
2026-05-25 01:51:14.202 10 INFO neutron.db.ovn_revision_numbers_db [None req-1961a039-a3a8-4847-8273-2a9bc355a762 d43276b0ca054ade821c06fdab05e1e0 dce85ce853a642d8ab454bef188237b9 - - default default] Successfully bumped revision number for resource 98502d03-8d93-4b23-a665-244fa4e2334e (type: ports) to 1
2026-05-25 01:51:14.626 9 INFO neutron.plugins.ml2.drivers.ovn.mech_driver.ovsdb.commands [None req-df05cee8-1ed9-4129-ba3d-dfef9dc0d586 - - - - - -] Schedule LRP lrp-c08d9608-1735-46e9-af7a-cdcc0c838f8d on gateway 047dd736-e476-4af6-a215-36eeee22072f with priority 1
2026-05-25 01:51:14.650 9 INFO neutron.plugins.ml2.drivers.ovn.mech_driver.ovsdb.ovsdb_monitor [None req-7f53882d-c617-4a8e-9cfa-9bf2ca3f4d02 - - - - - -] Router 676148d5-417f-405f-add1-7b8f5c0e07b2 is bound to host instance
2026-05-25 01:51:14.669 9 INFO neutron.db.ovn_revision_numbers_db [None req-270e62b1-a380-4156-9a04-cd38e5c37b02 d43276b0ca054ade821c06fdab05e1e0 dce85ce853a642d8ab454bef188237b9 - - default default] Successfully bumped revision number for resource c08d9608-1735-46e9-af7a-cdcc0c838f8d (type: router_ports) to 1
2026-05-25 01:51:14.713 10 INFO neutron.plugins.ml2.drivers.ovn.mech_driver.ovsdb.commands [None req-a4164ba3-76e3-4e6c-919f-63d7e6052751 - - - - - -] Schedule LRP lrp-98502d03-8d93-4b23-a665-244fa4e2334e on gateway 047dd736-e476-4af6-a215-36eeee22072f with priority 1
2026-05-25 01:51:14.737 9 INFO neutron.db.ovn_revision_numbers_db [None req-270e62b1-a380-4156-9a04-cd38e5c37b02 d43276b0ca054ade821c06fdab05e1e0 dce85ce853a642d8ab454bef188237b9 - - default default] Successfully bumped revision number for resource 676148d5-417f-405f-add1-7b8f5c0e07b2 (type: routers) to 2
2026-05-25 01:51:14.738 10 INFO neutron.plugins.ml2.drivers.ovn.mech_driver.ovsdb.ovsdb_monitor [None req-4cc9c232-5916-4246-9311-3b5ebd99b596 - - - - - -] Router a77029ae-24ec-4a86-a617-06f6678b5a7e is bound to host instance
2026-05-25 01:51:14.753 9 INFO neutron.api.wsgi [None req-270e62b1-a380-4156-9a04-cd38e5c37b02 d43276b0ca054ade821c06fdab05e1e0 dce85ce853a642d8ab454bef188237b9 - - default default] 10.0.0.86 "POST /v2.0/routers HTTP/1.1" status: 201 len: 1175 time: 1.0775776
2026-05-25 01:51:14.756 10 INFO neutron.db.ovn_revision_numbers_db [None req-1961a039-a3a8-4847-8273-2a9bc355a762 d43276b0ca054ade821c06fdab05e1e0 dce85ce853a642d8ab454bef188237b9 - - default default] Successfully bumped revision number for resource 98502d03-8d93-4b23-a665-244fa4e2334e (type: router_ports) to 1
2026-05-25 01:51:14.822 10 INFO neutron.db.ovn_revision_numbers_db [None req-1961a039-a3a8-4847-8273-2a9bc355a762 d43276b0ca054ade821c06fdab05e1e0 dce85ce853a642d8ab454bef188237b9 - - default default] Successfully bumped revision number for resource a77029ae-24ec-4a86-a617-06f6678b5a7e (type: routers) to 2
2026-05-25 01:51:14.846 10 INFO neutron.api.wsgi [None req-1961a039-a3a8-4847-8273-2a9bc355a762 d43276b0ca054ade821c06fdab05e1e0 dce85ce853a642d8ab454bef188237b9 - - default default] 10.0.0.86 "POST /v2.0/routers HTTP/1.1" status: 201 len: 1171 time: 1.1234646
2026-05-25 01:51:15.111 9 INFO neutron.db.ovn_revision_numbers_db [None req-efbc3326-3b48-4592-b844-34be020bab3b - - - - - -] Successfully bumped revision number for resource c08d9608-1735-46e9-af7a-cdcc0c838f8d (type: ports) to 1
2026-05-25 01:51:15.178 9 INFO neutron.api.wsgi [req-e28ede22-8c0a-42d6-ac24-b5e8c755e324 req-774dc8ef-a356-4221-8b0c-423e66087554 c7d8d13cf0724856a74832244ac1b319 669301f93b4f43c8b98e615e24a164b5 - - default default] 10.0.0.110 "GET /v2.0/ports?device_id=71d8b8ae-b001-4cf1-a301-5c6fc543dee8 HTTP/1.1" status: 200 len: 210 time: 0.0186324
2026-05-25 01:51:15.207 9 WARNING neutron.scheduler.dhcp_agent_scheduler [None req-4d8efdb2-244a-4eb1-9ab0-1656ce2aa52d d43276b0ca054ade821c06fdab05e1e0 dce85ce853a642d8ab454bef188237b9 - - default default] No more DHCP agents
2026-05-25 01:51:15.211 9 WARNING neutron.api.rpc.agentnotifiers.dhcp_rpc_agent_api [None req-4d8efdb2-244a-4eb1-9ab0-1656ce2aa52d d43276b0ca054ade821c06fdab05e1e0 dce85ce853a642d8ab454bef188237b9 - - default default] Unable to schedule network a25b8a64-ec75-423b-8983-89bd611f72ea: no agents available; will retry on subsequent port and subnet creation events.
2026-05-25 01:51:15.278 9 INFO neutron.db.ovn_revision_numbers_db [None req-17c44d03-d626-4994-b310-5897f4ed3eb0 d43276b0ca054ade821c06fdab05e1e0 dce85ce853a642d8ab454bef188237b9 - - default default] Successfully bumped revision number for resource dba5a894-a7dd-4646-9785-03b019fe4434 (type: security_groups) to 1
2026-05-25 01:51:15.296 9 INFO neutron.db.ovn_revision_numbers_db [None req-17c44d03-d626-4994-b310-5897f4ed3eb0 d43276b0ca054ade821c06fdab05e1e0 dce85ce853a642d8ab454bef188237b9 - - default default] Successfully bumped revision number for resource 34c95cb5-b134-488d-9f61-eb9f2acf2700 (type: security_group_rules) to 0
2026-05-25 01:51:15.324 9 INFO neutron.db.ovn_revision_numbers_db [None req-17c44d03-d626-4994-b310-5897f4ed3eb0 d43276b0ca054ade821c06fdab05e1e0 dce85ce853a642d8ab454bef188237b9 - - default default] Successfully bumped revision number for resource 89057c68-4374-4079-9555-1112b07b4cf1 (type: security_group_rules) to 0
2026-05-25 01:51:15.340 10 INFO neutron.db.ovn_revision_numbers_db [None req-af74e641-6b6b-4a25-928d-c8ccebc5be60 - - - - - -] Successfully bumped revision number for resource 98502d03-8d93-4b23-a665-244fa4e2334e (type: ports) to 1
2026-05-25 01:51:15.347 9 INFO neutron.db.ovn_revision_numbers_db [None req-17c44d03-d626-4994-b310-5897f4ed3eb0 d43276b0ca054ade821c06fdab05e1e0 dce85ce853a642d8ab454bef188237b9 - - default default] Successfully bumped revision number for resource 918c6d45-872a-415b-8f26-71ae2f093d10 (type: security_group_rules) to 0
2026-05-25 01:51:15.368 9 INFO neutron.db.ovn_revision_numbers_db [None req-17c44d03-d626-4994-b310-5897f4ed3eb0 d43276b0ca054ade821c06fdab05e1e0 dce85ce853a642d8ab454bef188237b9 - - default default] Successfully bumped revision number for resource afb0135e-8f71-4bca-ae17-dbdf4583f3ac (type: security_group_rules) to 0
2026-05-25 01:51:15.375 9 INFO neutron.db.ovn_revision_numbers_db [None req-4d8efdb2-244a-4eb1-9ab0-1656ce2aa52d d43276b0ca054ade821c06fdab05e1e0 dce85ce853a642d8ab454bef188237b9 - - default default] Successfully bumped revision number for resource 139aeb0d-b66a-4bdf-8be8-39acc1c3ab4e (type: ports) to 1
2026-05-25 01:51:15.416 9 INFO neutron.api.wsgi [None req-17c44d03-d626-4994-b310-5897f4ed3eb0 d43276b0ca054ade821c06fdab05e1e0 dce85ce853a642d8ab454bef188237b9 - - default default] 10.0.0.86 "GET /v2.0/security-groups?tenant_id=d611bbf8092149ba830a9b2404aaff0b&name=default HTTP/1.1" status: 200 len: 3120 time: 0.4294329
2026-05-25 01:51:15.426 10 WARNING neutron.scheduler.dhcp_agent_scheduler [None req-56374dcf-8801-4221-a775-045ca0df9ffc d43276b0ca054ade821c06fdab05e1e0 dce85ce853a642d8ab454bef188237b9 - - default default] No more DHCP agents
2026-05-25 01:51:15.427 10 WARNING neutron.api.rpc.agentnotifiers.dhcp_rpc_agent_api [None req-56374dcf-8801-4221-a775-045ca0df9ffc d43276b0ca054ade821c06fdab05e1e0 dce85ce853a642d8ab454bef188237b9 - - default default] Unable to schedule network 3209dc48-cde8-4282-9293-52df9458763c: no agents available; will retry on subsequent port and subnet creation events.
2026-05-25 01:51:15.545 10 INFO neutron.db.ovn_revision_numbers_db [None req-56374dcf-8801-4221-a775-045ca0df9ffc d43276b0ca054ade821c06fdab05e1e0 dce85ce853a642d8ab454bef188237b9 - - default default] Successfully bumped revision number for resource 80ccefb2-8235-435f-ae7a-db4fc21bcc4f (type: ports) to 1
2026-05-25 01:51:15.554 9 INFO neutron.db.ovn_revision_numbers_db [None req-efbc3326-3b48-4592-b844-34be020bab3b - - - - - -] Successfully bumped revision number for resource c08d9608-1735-46e9-af7a-cdcc0c838f8d (type: ports) to 4
2026-05-25 01:51:15.628 9 WARNING neutron.plugins.ml2.drivers.ovn.mech_driver.ovsdb.ovn_client [None req-bc74af09-fcf8-479c-badb-ac6730490ad0 - - - - - -] No hosting information found for port c5d7cd1e-dbb1-4399-a71a-18564d465862: RuntimeError: No hosting information found for port c5d7cd1e-dbb1-4399-a71a-18564d465862
2026-05-25 01:51:15.668 10 INFO neutron.db.ovn_revision_numbers_db [None req-af74e641-6b6b-4a25-928d-c8ccebc5be60 - - - - - -] Successfully bumped revision number for resource 98502d03-8d93-4b23-a665-244fa4e2334e (type: ports) to 4
2026-05-25 01:51:15.722 10 INFO neutron.api.wsgi [-] 10.0.0.10 "GET / HTTP/1.1" status: 200 len: 245 time: 0.0029063
2026-05-25 01:51:15.724 10 INFO neutron.api.wsgi [-] 10.0.0.10 "GET / HTTP/1.1" status: 200 len: 245 time: 0.0008857
2026-05-25 01:51:15.744 9 INFO neutron.db.ovn_revision_numbers_db [None req-bc74af09-fcf8-479c-badb-ac6730490ad0 - - - - - -] Successfully bumped revision number for resource c5d7cd1e-dbb1-4399-a71a-18564d465862 (type: router_ports) to 2
2026-05-25 01:51:15.760 9 INFO neutron.api.wsgi [None req-3a183c46-a039-4d68-8020-2c7063b16ac1 d43276b0ca054ade821c06fdab05e1e0 dce85ce853a642d8ab454bef188237b9 - - default default] 10.0.0.86 "DELETE /v2.0/security-groups/dba5a894-a7dd-4646-9785-03b019fe4434 HTTP/1.1" status: 204 len: 168 time: 0.3392677
2026-05-25 01:51:15.804 9 INFO neutron.plugins.ml2.drivers.ovn.mech_driver.mech_driver [None req-bc74af09-fcf8-479c-badb-ac6730490ad0 - - - - - -] OVN reports status up for port: c08d9608-1735-46e9-af7a-cdcc0c838f8d
2026-05-25 01:51:15.820 9 INFO neutron.plugins.ml2.plugin [None req-bc74af09-fcf8-479c-badb-ac6730490ad0 - - - - - -] Attempt 1 to provision port c08d9608-1735-46e9-af7a-cdcc0c838f8d
2026-05-25 01:51:15.926 9 INFO neutron.plugins.ml2.drivers.ovn.mech_driver.mech_driver [None req-bc74af09-fcf8-479c-badb-ac6730490ad0 - - - - - -] OVN reports status up for port: 98502d03-8d93-4b23-a665-244fa4e2334e
2026-05-25 01:51:15.939 9 INFO neutron.plugins.ml2.plugin [None req-bc74af09-fcf8-479c-badb-ac6730490ad0 - - - - - -] Attempt 1 to provision port 98502d03-8d93-4b23-a665-244fa4e2334e
2026-05-25 01:51:15.997 10 INFO neutron.db.ovn_revision_numbers_db [None req-af74e641-6b6b-4a25-928d-c8ccebc5be60 - - - - - -] Successfully bumped revision number for resource 98502d03-8d93-4b23-a665-244fa4e2334e (type: ports) to 5
2026-05-25 01:51:16.084 9 INFO neutron.db.ovn_revision_numbers_db [None req-efbc3326-3b48-4592-b844-34be020bab3b - - - - - -] Successfully bumped revision number for resource c08d9608-1735-46e9-af7a-cdcc0c838f8d (type: ports) to 5
2026-05-25 01:51:16.137 10 INFO neutron.db.ovn_revision_numbers_db [None req-56374dcf-8801-4221-a775-045ca0df9ffc d43276b0ca054ade821c06fdab05e1e0 dce85ce853a642d8ab454bef188237b9 - - default default] Successfully bumped revision number for resource 80ccefb2-8235-435f-ae7a-db4fc21bcc4f (type: ports) to 1
2026-05-25 01:51:16.172 9 INFO neutron.plugins.ml2.drivers.ovn.mech_driver.mech_driver [None req-bc74af09-fcf8-479c-badb-ac6730490ad0 - - - - - -] OVN reports status up for port: 80ccefb2-8235-435f-ae7a-db4fc21bcc4f
2026-05-25 01:51:16.181 9 INFO neutron.plugins.ml2.plugin [None req-bc74af09-fcf8-479c-badb-ac6730490ad0 - - - - - -] Attempt 1 to provision port 80ccefb2-8235-435f-ae7a-db4fc21bcc4f
2026-05-25 01:51:16.188 10 WARNING neutron.scheduler.dhcp_agent_scheduler [None req-56374dcf-8801-4221-a775-045ca0df9ffc d43276b0ca054ade821c06fdab05e1e0 dce85ce853a642d8ab454bef188237b9 - - default default] No more DHCP agents
2026-05-25 01:51:16.189 10 WARNING neutron.api.rpc.agentnotifiers.dhcp_rpc_agent_api [None req-56374dcf-8801-4221-a775-045ca0df9ffc d43276b0ca054ade821c06fdab05e1e0 dce85ce853a642d8ab454bef188237b9 - - default default] Unable to schedule network 3209dc48-cde8-4282-9293-52df9458763c: no agents available; will retry on subsequent port and subnet creation events.
2026-05-25 01:51:16.200 10 INFO neutron.plugins.ml2.drivers.ovn.mech_driver.mech_driver [None req-ef25b5c1-4f47-4a1e-b745-55d7db2af9ee - - - - - -] OVN reports status up for port: 139aeb0d-b66a-4bdf-8be8-39acc1c3ab4e
2026-05-25 01:51:16.204 10 INFO neutron.plugins.ml2.plugin [None req-ef25b5c1-4f47-4a1e-b745-55d7db2af9ee - - - - - -] Attempt 1 to provision port 139aeb0d-b66a-4bdf-8be8-39acc1c3ab4e
2026-05-25 01:51:16.216 9 INFO neutron.db.ovn_revision_numbers_db [None req-4d8efdb2-244a-4eb1-9ab0-1656ce2aa52d d43276b0ca054ade821c06fdab05e1e0 dce85ce853a642d8ab454bef188237b9 - - default default] Successfully bumped revision number for resource 139aeb0d-b66a-4bdf-8be8-39acc1c3ab4e (type: ports) to 1
2026-05-25 01:51:16.260 9 INFO neutron.api.wsgi [req-2ed738d3-e824-4ebe-9920-5a7a9d15cd96 req-03d25296-ac41-45a2-bc57-39b87387784e c7d8d13cf0724856a74832244ac1b319 669301f93b4f43c8b98e615e24a164b5 - - default default] 10.0.0.110 "GET /v2.0/ports?device_id=71d8b8ae-b001-4cf1-a301-5c6fc543dee8 HTTP/1.1" status: 200 len: 210 time: 0.0168602
2026-05-25 01:51:16.286 9 WARNING neutron.scheduler.dhcp_agent_scheduler [None req-4d8efdb2-244a-4eb1-9ab0-1656ce2aa52d d43276b0ca054ade821c06fdab05e1e0 dce85ce853a642d8ab454bef188237b9 - - default default] No more DHCP agents
2026-05-25 01:51:16.287 9 WARNING neutron.api.rpc.agentnotifiers.dhcp_rpc_agent_api [None req-4d8efdb2-244a-4eb1-9ab0-1656ce2aa52d d43276b0ca054ade821c06fdab05e1e0 dce85ce853a642d8ab454bef188237b9 - - default default] Unable to schedule network a25b8a64-ec75-423b-8983-89bd611f72ea: no agents available; will retry on subsequent port and subnet creation events.
2026-05-25 01:51:16.521 9 INFO neutron.db.ovn_revision_numbers_db [None req-bc74af09-fcf8-479c-badb-ac6730490ad0 - - - - - -] Successfully bumped revision number for resource 80ccefb2-8235-435f-ae7a-db4fc21bcc4f (type: ports) to 2
2026-05-25 01:51:16.591 10 INFO neutron.db.ovn_revision_numbers_db [None req-ef25b5c1-4f47-4a1e-b745-55d7db2af9ee - - - - - -] Successfully bumped revision number for resource 139aeb0d-b66a-4bdf-8be8-39acc1c3ab4e (type: ports) to 2
2026-05-25 01:51:16.705 9 INFO neutron.api.wsgi [req-2d059068-31bb-4c8c-b2f4-4baa087e0188 req-f4744e20-15e4-4c57-8a8c-496158ddd180 c7d8d13cf0724856a74832244ac1b319 669301f93b4f43c8b98e615e24a164b5 - - default default] 199.204.45.72 "GET /v2.0/networks?id=f984cc52-ad17-4f10-a167-939dd0b26357 HTTP/1.1" status: 200 len: 875 time: 0.2578282
2026-05-25 01:51:16.772 9 INFO neutron.api.wsgi [req-2d059068-31bb-4c8c-b2f4-4baa087e0188 req-d60553b7-3ea0-4be5-a059-c57625dde3d4 c7d8d13cf0724856a74832244ac1b319 669301f93b4f43c8b98e615e24a164b5 - - default default] 199.204.45.72 "GET /v2.0/security-groups?fields=id&fields=name&tenant_id=669301f93b4f43c8b98e615e24a164b5 HTTP/1.1" status: 200 len: 379 time: 0.0471861
2026-05-25 01:51:16.785 9 WARNING neutron_lib.context [req-2d059068-31bb-4c8c-b2f4-4baa087e0188 req-3d5e1168-98aa-45e0-802c-33ac596a381d c7d8d13cf0724856a74832244ac1b319 669301f93b4f43c8b98e615e24a164b5 - - default default] Method 'is_advsvc' is deprecated since 2023.2 release (neutron-lib 3.8.0) and will be removed once support for the old RBAC API policies will be removed from Neutron. Please use method 'is_service_role' instead.
2026-05-25 01:51:16.859 10 INFO neutron.db.ovn_revision_numbers_db [None req-56374dcf-8801-4221-a775-045ca0df9ffc d43276b0ca054ade821c06fdab05e1e0 dce85ce853a642d8ab454bef188237b9 - - default default] Successfully bumped revision number for resource 80ccefb2-8235-435f-ae7a-db4fc21bcc4f (type: router_ports) to 1
2026-05-25 01:51:16.867 10 INFO neutron.api.wsgi [None req-56374dcf-8801-4221-a775-045ca0df9ffc d43276b0ca054ade821c06fdab05e1e0 dce85ce853a642d8ab454bef188237b9 - - default default] 10.0.0.86 "PUT /v2.0/routers/a77029ae-24ec-4a86-a617-06f6678b5a7e/add_router_interface HTTP/1.1" status: 200 len: 503 time: 2.0155973
2026-05-25 01:51:16.933 9 INFO neutron.db.ovn_revision_numbers_db [None req-4d8efdb2-244a-4eb1-9ab0-1656ce2aa52d d43276b0ca054ade821c06fdab05e1e0 dce85ce853a642d8ab454bef188237b9 - - default default] Successfully bumped revision number for resource 139aeb0d-b66a-4bdf-8be8-39acc1c3ab4e (type: router_ports) to 1
2026-05-25 01:51:16.939 9 INFO neutron.api.wsgi [None req-4d8efdb2-244a-4eb1-9ab0-1656ce2aa52d d43276b0ca054ade821c06fdab05e1e0 dce85ce853a642d8ab454bef188237b9 - - default default] 10.0.0.86 "PUT /v2.0/routers/676148d5-417f-405f-add1-7b8f5c0e07b2/add_router_interface HTTP/1.1" status: 200 len: 503 time: 2.1835184
2026-05-25 01:51:17.229 9 WARNING neutron.scheduler.dhcp_agent_scheduler [req-2d059068-31bb-4c8c-b2f4-4baa087e0188 req-3d5e1168-98aa-45e0-802c-33ac596a381d c7d8d13cf0724856a74832244ac1b319 669301f93b4f43c8b98e615e24a164b5 - - default default] No more DHCP agents
2026-05-25 01:51:17.230 9 WARNING neutron.api.rpc.agentnotifiers.dhcp_rpc_agent_api [req-2d059068-31bb-4c8c-b2f4-4baa087e0188 req-3d5e1168-98aa-45e0-802c-33ac596a381d c7d8d13cf0724856a74832244ac1b319 669301f93b4f43c8b98e615e24a164b5 - - default default] Unable to schedule network f984cc52-ad17-4f10-a167-939dd0b26357: no agents available; will retry on subsequent port and subnet creation events. /var/lib/openstack/lib/python3.12/site-packages/pycadf/identifier.py:71: UserWarning: Invalid uuid: neutron. To ensure interoperability, identifiers should be a valid uuid. warnings.warn(('Invalid uuid: %s. To ensure interoperability, '
2026-05-25 01:51:17.374 10 WARNING neutron_lib.context [None req-86b4cf35-7396-4073-8bbb-36440edcfdff 979fc26c28804e2c9d7eae395fadae34 c0ff0340a1de4bda8413eb17ef6a4e1d - - default default] Method 'is_advsvc' is deprecated since 2023.2 release (neutron-lib 3.8.0) and will be removed once support for the old RBAC API policies will be removed from Neutron. Please use method 'is_service_role' instead.
2026-05-25 01:51:17.381 9 INFO neutron.db.ovn_revision_numbers_db [req-2d059068-31bb-4c8c-b2f4-4baa087e0188 req-3d5e1168-98aa-45e0-802c-33ac596a381d c7d8d13cf0724856a74832244ac1b319 669301f93b4f43c8b98e615e24a164b5 - - default default] Successfully bumped revision number for resource 7ed04948-0018-4383-93a6-91fe0f72eca4 (type: ports) to 1
2026-05-25 01:51:17.405 9 INFO neutron.api.wsgi [req-2d059068-31bb-4c8c-b2f4-4baa087e0188 req-3d5e1168-98aa-45e0-802c-33ac596a381d c7d8d13cf0724856a74832244ac1b319 669301f93b4f43c8b98e615e24a164b5 - - default default] 199.204.45.72 "POST /v2.0/ports HTTP/1.1" status: 201 len: 1162 time: 0.6289501
2026-05-25 01:51:17.408 9 INFO neutron.api.wsgi [req-d38b3c22-99f5-4ca6-9c2b-f35280278d44 req-e6feccaa-1da1-4b72-a71d-30a5f06b9a79 c7d8d13cf0724856a74832244ac1b319 669301f93b4f43c8b98e615e24a164b5 - - default default] 10.0.0.110 "GET /v2.0/ports?device_id=71d8b8ae-b001-4cf1-a301-5c6fc543dee8 HTTP/1.1" status: 200 len: 1160 time: 0.0885553
2026-05-25 01:51:17.418 9 INFO neutron.api.wsgi [req-2d059068-31bb-4c8c-b2f4-4baa087e0188 req-fdbfdc62-0115-4678-b4ab-441cf5a1a957 c7d8d13cf0724856a74832244ac1b319 669301f93b4f43c8b98e615e24a164b5 - - default default] 199.204.45.72 "GET /v2.0/extensions HTTP/1.1" status: 200 len: 19298 time: 0.0056865
2026-05-25 01:51:17.437 9 WARNING neutron_lib.context [None req-7f934484-433f-47fe-b899-fc9707961ec8 25afd5f832c74c17a91a0a10de9fa839 f1ac258ec2b54b13937232e443385b48 - - default default] Method 'is_advsvc' is deprecated since 2023.2 release (neutron-lib 3.8.0) and will be removed once support for the old RBAC API policies will be removed from Neutron. Please use method 'is_service_role' instead.
2026-05-25 01:51:17.458 9 INFO neutron.api.wsgi [req-d38b3c22-99f5-4ca6-9c2b-f35280278d44 req-37e0c349-8b48-4aa8-af4e-7036fce7b50b c7d8d13cf0724856a74832244ac1b319 669301f93b4f43c8b98e615e24a164b5 - - default default] 10.0.0.110 "GET /v2.0/security-groups?id=58f0f040-4314-4d6b-aeee-9bb89b936f6d&fields=id&fields=name HTTP/1.1" status: 200 len: 312 time: 0.0453248
2026-05-25 01:51:17.501 10 INFO neutron.db.ovn_revision_numbers_db [None req-86b4cf35-7396-4073-8bbb-36440edcfdff 979fc26c28804e2c9d7eae395fadae34 c0ff0340a1de4bda8413eb17ef6a4e1d - - default default] Successfully bumped revision number for resource 7969eacf-cd42-439e-bb34-096b61243e34 (type: security_groups) to 1
2026-05-25 01:51:17.513 10 INFO neutron.db.ovn_revision_numbers_db [None req-86b4cf35-7396-4073-8bbb-36440edcfdff 979fc26c28804e2c9d7eae395fadae34 c0ff0340a1de4bda8413eb17ef6a4e1d - - default default] Successfully bumped revision number for resource 045a1a60-9377-4e7d-a5c9-b4d582d66e02 (type: security_group_rules) to 0
2026-05-25 01:51:17.522 10 INFO neutron.db.ovn_revision_numbers_db [None req-86b4cf35-7396-4073-8bbb-36440edcfdff 979fc26c28804e2c9d7eae395fadae34 c0ff0340a1de4bda8413eb17ef6a4e1d - - default default] Successfully bumped revision number for resource 1e7ec522-0bce-4bd7-8af1-2a4d6e462984 (type: security_group_rules) to 0
2026-05-25 01:51:17.542 9 INFO neutron.db.ovn_revision_numbers_db [None req-7f934484-433f-47fe-b899-fc9707961ec8 25afd5f832c74c17a91a0a10de9fa839 f1ac258ec2b54b13937232e443385b48 - - default default] Successfully bumped revision number for resource a2aae9e0-fee4-465c-9012-4d182ad47169 (type: security_groups) to 1
2026-05-25 01:51:17.556 9 INFO neutron.db.ovn_revision_numbers_db [None req-7f934484-433f-47fe-b899-fc9707961ec8 25afd5f832c74c17a91a0a10de9fa839 f1ac258ec2b54b13937232e443385b48 - - default default] Successfully bumped revision number for resource 26d10a90-57f1-4952-a05a-50189be717cf (type: security_group_rules) to 0
2026-05-25 01:51:17.564 10 INFO neutron.api.wsgi [None req-86b4cf35-7396-4073-8bbb-36440edcfdff 979fc26c28804e2c9d7eae395fadae34 c0ff0340a1de4bda8413eb17ef6a4e1d - - default default] 10.0.0.86 "POST /v2.0/security-groups HTTP/1.1" status: 201 len: 1860 time: 0.1951222
2026-05-25 01:51:17.572 9 INFO neutron.db.ovn_revision_numbers_db [None req-7f934484-433f-47fe-b899-fc9707961ec8 25afd5f832c74c17a91a0a10de9fa839 f1ac258ec2b54b13937232e443385b48 - - default default] Successfully bumped revision number for resource 6f57a4fe-235c-48e0-8918-64f7773663b7 (type: security_group_rules) to 0
2026-05-25 01:51:17.573 10 WARNING neutron_lib.context [None req-e77b5563-f17c-4bfe-98fa-deeb15af7b8d 979fc26c28804e2c9d7eae395fadae34 c0ff0340a1de4bda8413eb17ef6a4e1d - - default default] Method 'is_advsvc' is deprecated since 2023.2 release (neutron-lib 3.8.0) and will be removed once support for the old RBAC API policies will be removed from Neutron. Please use method 'is_service_role' instead.
2026-05-25 01:51:17.622 9 INFO neutron.api.wsgi [None req-7f934484-433f-47fe-b899-fc9707961ec8 25afd5f832c74c17a91a0a10de9fa839 f1ac258ec2b54b13937232e443385b48 - - default default] 10.0.0.86 "POST /v2.0/security-groups HTTP/1.1" status: 201 len: 1860 time: 0.1898711
2026-05-25 01:51:17.633 9 WARNING neutron_lib.context [None req-d12584a2-a74d-4593-8f6d-0b6eafc7446e 25afd5f832c74c17a91a0a10de9fa839 f1ac258ec2b54b13937232e443385b48 - - default default] Method 'is_advsvc' is deprecated since 2023.2 release (neutron-lib 3.8.0) and will be removed once support for the old RBAC API policies will be removed from Neutron. Please use method 'is_service_role' instead.
2026-05-25 01:51:17.728 10 INFO neutron.db.ovn_revision_numbers_db [None req-e77b5563-f17c-4bfe-98fa-deeb15af7b8d 979fc26c28804e2c9d7eae395fadae34 c0ff0340a1de4bda8413eb17ef6a4e1d - - default default] Successfully bumped revision number for resource 5b32fa69-22b8-4d93-8f89-a45b6280e0ee (type: security_group_rules) to 0
2026-05-25 01:51:17.754 9 INFO neutron.db.ovn_revision_numbers_db [None req-d12584a2-a74d-4593-8f6d-0b6eafc7446e 25afd5f832c74c17a91a0a10de9fa839 f1ac258ec2b54b13937232e443385b48 - - default default] Successfully bumped revision number for resource fbcc9865-117f-4024-8ba4-0fab356a32e7 (type: security_group_rules) to 0
2026-05-25 01:51:17.760 10 INFO neutron.api.wsgi [None req-e77b5563-f17c-4bfe-98fa-deeb15af7b8d 979fc26c28804e2c9d7eae395fadae34 c0ff0340a1de4bda8413eb17ef6a4e1d - - default default] 10.0.0.86 "POST /v2.0/security-group-rules HTTP/1.1" status: 201 len: 796 time: 0.1920564
2026-05-25 01:51:17.770 10 WARNING neutron_lib.context [None req-49834bfd-b5f3-4e26-aa2a-81793fdc96f3 979fc26c28804e2c9d7eae395fadae34 c0ff0340a1de4bda8413eb17ef6a4e1d - - default default] Method 'is_advsvc' is deprecated since 2023.2 release (neutron-lib 3.8.0) and will be removed once support for the old RBAC API policies will be removed from Neutron. Please use method 'is_service_role' instead.
2026-05-25 01:51:17.788 9 INFO neutron.api.wsgi [None req-d12584a2-a74d-4593-8f6d-0b6eafc7446e 25afd5f832c74c17a91a0a10de9fa839 f1ac258ec2b54b13937232e443385b48 - - default default] 10.0.0.86 "POST /v2.0/security-group-rules HTTP/1.1" status: 201 len: 796 time: 0.1605356
2026-05-25 01:51:17.799 10 WARNING neutron_lib.context [None req-881a07f9-7100-4846-aef7-cdcac133435c 25afd5f832c74c17a91a0a10de9fa839 f1ac258ec2b54b13937232e443385b48 - - default default] Method 'is_advsvc' is deprecated since 2023.2 release (neutron-lib 3.8.0) and will be removed once support for the old RBAC API policies will be removed from Neutron. Please use method 'is_service_role' instead.
2026-05-25 01:51:17.892 10 INFO neutron.db.ovn_revision_numbers_db [None req-49834bfd-b5f3-4e26-aa2a-81793fdc96f3 979fc26c28804e2c9d7eae395fadae34 c0ff0340a1de4bda8413eb17ef6a4e1d - - default default] Successfully bumped revision number for resource 5cab8bec-9572-4191-9968-803065e2f39d (type: security_group_rules) to 0
2026-05-25 01:51:17.925 10 INFO neutron.api.wsgi [None req-49834bfd-b5f3-4e26-aa2a-81793fdc96f3 979fc26c28804e2c9d7eae395fadae34 c0ff0340a1de4bda8413eb17ef6a4e1d - - default default] 10.0.0.86 "POST /v2.0/security-group-rules HTTP/1.1" status: 201 len: 801 time: 0.1597540
2026-05-25 01:51:17.930 10 INFO neutron.db.ovn_revision_numbers_db [None req-881a07f9-7100-4846-aef7-cdcac133435c 25afd5f832c74c17a91a0a10de9fa839 f1ac258ec2b54b13937232e443385b48 - - default default] Successfully bumped revision number for resource 78272ae7-b06d-48c6-b96a-a57ac55b53e4 (type: security_group_rules) to 0
2026-05-25 01:51:17.933 10 WARNING neutron_lib.context [None req-f1281f52-dd45-4a1a-9558-ceae1c607b7f 979fc26c28804e2c9d7eae395fadae34 c0ff0340a1de4bda8413eb17ef6a4e1d - - default default] Method 'is_advsvc' is deprecated since 2023.2 release (neutron-lib 3.8.0) and will be removed once support for the old RBAC API policies will be removed from Neutron. Please use method 'is_service_role' instead.
2026-05-25 01:51:17.967 10 INFO neutron.api.wsgi [None req-881a07f9-7100-4846-aef7-cdcac133435c 25afd5f832c74c17a91a0a10de9fa839 f1ac258ec2b54b13937232e443385b48 - - default default] 10.0.0.86 "POST /v2.0/security-group-rules HTTP/1.1" status: 201 len: 801 time: 0.1717942
2026-05-25 01:51:17.975 10 WARNING neutron_lib.context [None req-6875d0e5-abb0-468d-be9f-eb7e99fbef05 25afd5f832c74c17a91a0a10de9fa839 f1ac258ec2b54b13937232e443385b48 - - default default] Method 'is_advsvc' is deprecated since 2023.2 release (neutron-lib 3.8.0) and will be removed once support for the old RBAC API policies will be removed from Neutron. Please use method 'is_service_role' instead.
2026-05-25 01:51:18.097 9 INFO neutron.db.ovn_revision_numbers_db [req-2d059068-31bb-4c8c-b2f4-4baa087e0188 req-85e82dc0-d68b-45e2-8458-a20f255cdc58 5218039aafda45f3be642c6014d3ae9b b2a546254df3488fbddd714b7f50efe9 - - b4886bf9aa194294ab01b036fd7452ba b4886bf9aa194294ab01b036fd7452ba] Successfully bumped revision number for resource 7ed04948-0018-4383-93a6-91fe0f72eca4 (type: ports) to 2
2026-05-25 01:51:18.165 10 WARNING neutron.scheduler.dhcp_agent_scheduler [None req-f1281f52-dd45-4a1a-9558-ceae1c607b7f 979fc26c28804e2c9d7eae395fadae34 c0ff0340a1de4bda8413eb17ef6a4e1d - - default default] No more DHCP agents
2026-05-25 01:51:18.167 10 WARNING neutron.api.rpc.agentnotifiers.dhcp_rpc_agent_api [None req-f1281f52-dd45-4a1a-9558-ceae1c607b7f 979fc26c28804e2c9d7eae395fadae34 c0ff0340a1de4bda8413eb17ef6a4e1d - - default default] Unable to schedule network d9c03ca6-eb63-448c-8ba1-9ca0f410c15a: no agents available; will retry on subsequent port and subnet creation events.
2026-05-25 01:51:18.203 10 WARNING neutron.scheduler.dhcp_agent_scheduler [None req-6875d0e5-abb0-468d-be9f-eb7e99fbef05 25afd5f832c74c17a91a0a10de9fa839 f1ac258ec2b54b13937232e443385b48 - - default default] No more DHCP agents
2026-05-25 01:51:18.204 10 WARNING neutron.api.rpc.agentnotifiers.dhcp_rpc_agent_api [None req-6875d0e5-abb0-468d-be9f-eb7e99fbef05 25afd5f832c74c17a91a0a10de9fa839 f1ac258ec2b54b13937232e443385b48 - - default default] Unable to schedule network d9c03ca6-eb63-448c-8ba1-9ca0f410c15a: no agents available; will retry on subsequent port and subnet creation events.
2026-05-25 01:51:18.324 9 INFO neutron.db.ovn_revision_numbers_db [req-2d059068-31bb-4c8c-b2f4-4baa087e0188 req-85e82dc0-d68b-45e2-8458-a20f255cdc58 5218039aafda45f3be642c6014d3ae9b b2a546254df3488fbddd714b7f50efe9 - - b4886bf9aa194294ab01b036fd7452ba b4886bf9aa194294ab01b036fd7452ba] Successfully bumped revision number for resource 7ed04948-0018-4383-93a6-91fe0f72eca4 (type: ports) to 4
2026-05-25 01:51:18.347 9 INFO neutron.api.wsgi [req-2d059068-31bb-4c8c-b2f4-4baa087e0188 req-85e82dc0-d68b-45e2-8458-a20f255cdc58 5218039aafda45f3be642c6014d3ae9b b2a546254df3488fbddd714b7f50efe9 - - b4886bf9aa194294ab01b036fd7452ba b4886bf9aa194294ab01b036fd7452ba] 199.204.45.72 "PUT /v2.0/ports/7ed04948-0018-4383-93a6-91fe0f72eca4 HTTP/1.1" status: 200 len: 1408 time: 0.5843558
2026-05-25 01:51:18.455 10 INFO neutron.api.wsgi [None req-f1281f52-dd45-4a1a-9558-ceae1c607b7f 979fc26c28804e2c9d7eae395fadae34 c0ff0340a1de4bda8413eb17ef6a4e1d - - default default] 10.0.0.86 "POST /v2.0/floatingips HTTP/1.1" status: 201 len: 751 time: 0.5256350
2026-05-25 01:51:18.476 10 INFO neutron.api.wsgi [None req-6875d0e5-abb0-468d-be9f-eb7e99fbef05 25afd5f832c74c17a91a0a10de9fa839 f1ac258ec2b54b13937232e443385b48 - - default default] 10.0.0.86 "POST /v2.0/floatingips HTTP/1.1" status: 201 len: 751 time: 0.5048106 /var/lib/openstack/lib/python3.12/site-packages/pycadf/identifier.py:71: UserWarning: Invalid uuid: neutron. To ensure interoperability, identifiers should be a valid uuid. warnings.warn(('Invalid uuid: %s. To ensure interoperability, '
2026-05-25 01:51:18.565 9 INFO neutron.api.wsgi [req-be1fbd62-caea-46cb-955b-c579af9ca25c req-3e83b4fc-105b-4689-a517-67adeb2d499c c7d8d13cf0724856a74832244ac1b319 669301f93b4f43c8b98e615e24a164b5 - - default default] 10.0.0.110 "GET /v2.0/ports?device_id=71d8b8ae-b001-4cf1-a301-5c6fc543dee8 HTTP/1.1" status: 200 len: 1172 time: 0.0378478
2026-05-25 01:51:18.606 9 INFO neutron.api.wsgi [req-be1fbd62-caea-46cb-955b-c579af9ca25c req-44ec3b30-0bc3-4b03-ac55-a0d2644f809c c7d8d13cf0724856a74832244ac1b319 669301f93b4f43c8b98e615e24a164b5 - - default default] 10.0.0.110 "GET /v2.0/security-groups?id=58f0f040-4314-4d6b-aeee-9bb89b936f6d&fields=id&fields=name HTTP/1.1" status: 200 len: 312 time: 0.0353768
2026-05-25 01:51:18.830 9 INFO neutron.notifiers.nova [-] Nova event matching ['req-12b44be4-9ef1-4d6f-86e3-b66574873d0b'] response: {'name': 'network-changed', 'server_uuid': '71d8b8ae-b001-4cf1-a301-5c6fc543dee8', 'tag': '7ed04948-0018-4383-93a6-91fe0f72eca4', 'status': 'completed', 'code': 200}
2026-05-25 01:51:18.917 9 INFO neutron.api.wsgi [req-4c92e11c-30f1-4ca9-b7d8-93792401ba33 req-c86f3797-2376-4ab9-bcd2-759b3b87f90d 25afd5f832c74c17a91a0a10de9fa839 f1ac258ec2b54b13937232e443385b48 - - default default] 10.0.0.110 "GET /v2.0/security-groups?name=tempest-securitygroup--606739846&fields=id&tenant_id=f1ac258ec2b54b13937232e443385b48 HTTP/1.1" status: 200 len: 267 time: 0.0490594
2026-05-25 01:51:18.965 9 INFO neutron.api.wsgi [req-4c92e11c-30f1-4ca9-b7d8-93792401ba33 req-2352f1fa-a22c-4174-b71d-c0af001367c9 25afd5f832c74c17a91a0a10de9fa839 f1ac258ec2b54b13937232e443385b48 - - default default] 10.0.0.110 "GET /v2.0/networks?id=a25b8a64-ec75-423b-8983-89bd611f72ea HTTP/1.1" status: 200 len: 882 time: 0.0427387
2026-05-25 01:51:18.979 9 INFO neutron.api.wsgi [req-4c92e11c-30f1-4ca9-b7d8-93792401ba33 req-cfea9ce3-6f0f-4a08-a228-8bf2bc45b3d2 25afd5f832c74c17a91a0a10de9fa839 f1ac258ec2b54b13937232e443385b48 - - default default] 10.0.0.110 "GET /v2.0/quotas/f1ac258ec2b54b13937232e443385b48 HTTP/1.1" status: 200 len: 491 time: 0.0070684
2026-05-25 01:51:19.047 9 INFO neutron.api.wsgi [req-4c92e11c-30f1-4ca9-b7d8-93792401ba33 req-f66da6b7-b5a0-45ea-b6b0-b17d16c1543b 25afd5f832c74c17a91a0a10de9fa839 f1ac258ec2b54b13937232e443385b48 - - default default] 10.0.0.110 "GET /v2.0/ports?tenant_id=f1ac258ec2b54b13937232e443385b48&fields=id HTTP/1.1" status: 200 len: 302 time: 0.0645826
2026-05-25 01:51:19.386 9 INFO neutron.api.wsgi [req-f14f4ebd-564c-4e03-b0e5-8fea104daa2f req-59f54c5b-ec6f-4f79-afb4-70c2e678c5e8 5218039aafda45f3be642c6014d3ae9b b2a546254df3488fbddd714b7f50efe9 - - b4886bf9aa194294ab01b036fd7452ba b4886bf9aa194294ab01b036fd7452ba] 199.204.45.72 "GET /v2.0/ports?tenant_id=669301f93b4f43c8b98e615e24a164b5&device_id=71d8b8ae-b001-4cf1-a301-5c6fc543dee8 HTTP/1.1" status: 200 len: 1411 time: 0.0426528
2026-05-25 01:51:19.410 9 INFO neutron.api.wsgi [req-4c92e11c-30f1-4ca9-b7d8-93792401ba33 req-db595c14-b46a-4ac6-a33e-dd8871060f08 5218039aafda45f3be642c6014d3ae9b b2a546254df3488fbddd714b7f50efe9 - - b4886bf9aa194294ab01b036fd7452ba b4886bf9aa194294ab01b036fd7452ba] 10.0.0.110 "GET /v2.0/extensions HTTP/1.1" status: 200 len: 19298 time: 0.0457721
2026-05-25 01:51:19.451 9 INFO neutron.api.wsgi [req-f14f4ebd-564c-4e03-b0e5-8fea104daa2f req-c11b68b8-436b-4f35-aa76-f7115cbdb1ae 5218039aafda45f3be642c6014d3ae9b b2a546254df3488fbddd714b7f50efe9 - - b4886bf9aa194294ab01b036fd7452ba b4886bf9aa194294ab01b036fd7452ba] 199.204.45.72 "GET /v2.0/networks?tenant_id=669301f93b4f43c8b98e615e24a164b5&shared=False HTTP/1.1" status: 200 len: 974 time: 0.0558500
2026-05-25 01:51:19.457 9 INFO neutron.api.wsgi [req-4c92e11c-30f1-4ca9-b7d8-93792401ba33 req-09d7d051-0da2-4a4e-856b-bbcfd6e05db7 5218039aafda45f3be642c6014d3ae9b b2a546254df3488fbddd714b7f50efe9 - - b4886bf9aa194294ab01b036fd7452ba b4886bf9aa194294ab01b036fd7452ba] 10.0.0.110 "GET /v2.0/networks/a25b8a64-ec75-423b-8983-89bd611f72ea?fields=segments HTTP/1.1" status: 200 len: 212 time: 0.0390253
2026-05-25 01:51:19.503 9 INFO neutron.api.wsgi [req-f14f4ebd-564c-4e03-b0e5-8fea104daa2f req-bc29544f-7256-405a-a864-2334fd42f63e 5218039aafda45f3be642c6014d3ae9b b2a546254df3488fbddd714b7f50efe9 - - b4886bf9aa194294ab01b036fd7452ba b4886bf9aa194294ab01b036fd7452ba] 199.204.45.72 "GET /v2.0/networks?shared=True HTTP/1.1" status: 200 len: 952 time: 0.0461254
2026-05-25 01:51:19.505 9 INFO neutron.api.wsgi [req-4c92e11c-30f1-4ca9-b7d8-93792401ba33 req-4f2598c2-ffb3-44e6-9257-f2b4037c301e 5218039aafda45f3be642c6014d3ae9b b2a546254df3488fbddd714b7f50efe9 - - b4886bf9aa194294ab01b036fd7452ba b4886bf9aa194294ab01b036fd7452ba] 10.0.0.110 "GET /v2.0/networks/a25b8a64-ec75-423b-8983-89bd611f72ea?fields=provider%3Aphysical_network&fields=provider%3Anetwork_type HTTP/1.1" status: 200 len: 277 time: 0.0388880
2026-05-25 01:51:19.690 9 INFO neutron.api.wsgi [req-b89fe859-b230-4727-afbd-c27960fc17ad req-a749c5b0-5dc3-4dd2-be91-4ed49221f5e0 25afd5f832c74c17a91a0a10de9fa839 f1ac258ec2b54b13937232e443385b48 - - default default] 10.0.0.110 "GET /v2.0/ports?device_id=2d79aabf-923a-4a63-bf81-b9377447490f HTTP/1.1" status: 200 len: 210 time: 0.0185971
2026-05-25 01:51:19.702 9 INFO neutron.api.wsgi [req-609af201-fadd-4856-b427-95b715df1d85 req-1134bb9e-f4d5-4b40-983b-9be216611423 c7d8d13cf0724856a74832244ac1b319 669301f93b4f43c8b98e615e24a164b5 - - default default] 10.0.0.110 "GET /v2.0/ports?device_id=71d8b8ae-b001-4cf1-a301-5c6fc543dee8 HTTP/1.1" status: 200 len: 1172 time: 0.0390420
2026-05-25 01:51:19.746 9 INFO neutron.api.wsgi [req-609af201-fadd-4856-b427-95b715df1d85 req-e4f818c1-2d04-441a-a7b5-409a1c3b0676 c7d8d13cf0724856a74832244ac1b319 669301f93b4f43c8b98e615e24a164b5 - - default default] 10.0.0.110 "GET /v2.0/security-groups?id=58f0f040-4314-4d6b-aeee-9bb89b936f6d&fields=id&fields=name HTTP/1.1" status: 200 len: 312 time: 0.0401447
2026-05-25 01:51:20.557 9 INFO neutron.api.wsgi [req-2d059068-31bb-4c8c-b2f4-4baa087e0188 req-e3752827-2d10-4175-aab6-f5d5dbb9b16e 5218039aafda45f3be642c6014d3ae9b b2a546254df3488fbddd714b7f50efe9 - - b4886bf9aa194294ab01b036fd7452ba b4886bf9aa194294ab01b036fd7452ba] 199.204.45.72 "GET /v2.0/ports?tenant_id=669301f93b4f43c8b98e615e24a164b5&device_id=71d8b8ae-b001-4cf1-a301-5c6fc543dee8 HTTP/1.1" status: 200 len: 1411 time: 0.0352805
2026-05-25 01:51:20.587 9 INFO neutron.api.wsgi [req-2d059068-31bb-4c8c-b2f4-4baa087e0188 req-3146e268-c3b7-4dc5-a9a4-abf0c2addb2f 5218039aafda45f3be642c6014d3ae9b b2a546254df3488fbddd714b7f50efe9 - - b4886bf9aa194294ab01b036fd7452ba b4886bf9aa194294ab01b036fd7452ba] 199.204.45.72 "GET /v2.0/floatingips?fixed_ip_address=10.100.0.12&port_id=7ed04948-0018-4383-93a6-91fe0f72eca4 HTTP/1.1" status: 200 len: 217 time: 0.0263093
2026-05-25 01:51:20.637 9 INFO neutron.api.wsgi [req-2d059068-31bb-4c8c-b2f4-4baa087e0188 req-c179f473-f391-4305-8564-b19d6e3c3ed1 5218039aafda45f3be642c6014d3ae9b b2a546254df3488fbddd714b7f50efe9 - - b4886bf9aa194294ab01b036fd7452ba b4886bf9aa194294ab01b036fd7452ba] 199.204.45.72 "GET /v2.0/subnets?id=a86952a1-73ac-43c6-a460-675476775c1c HTTP/1.1" status: 200 len: 893 time: 0.0310020
2026-05-25 01:51:20.728 10 INFO neutron.db.ovn_revision_numbers_db [None req-1a73b275-b239-49f5-b164-396d7c4b71ed d43276b0ca054ade821c06fdab05e1e0 dce85ce853a642d8ab454bef188237b9 - - default default] Successfully bumped revision number for resource 57d88823-d0ac-4a01-a2f6-7c71fc1f6bff (type: security_groups) to 1
2026-05-25 01:51:20.740 10 INFO neutron.db.ovn_revision_numbers_db [None req-1a73b275-b239-49f5-b164-396d7c4b71ed d43276b0ca054ade821c06fdab05e1e0 dce85ce853a642d8ab454bef188237b9 - - default default] Successfully bumped revision number for resource 0c49bf39-d58e-4cf6-8ee6-6a9f0ebd6252 (type: security_group_rules) to 0
2026-05-25 01:51:20.751 10 INFO neutron.db.ovn_revision_numbers_db [None req-1a73b275-b239-49f5-b164-396d7c4b71ed d43276b0ca054ade821c06fdab05e1e0 dce85ce853a642d8ab454bef188237b9 - - default default] Successfully bumped revision number for resource 1efd07bd-befc-4184-8a71-65c44b7bdbdb (type: security_group_rules) to 0
2026-05-25 01:51:20.762 10 INFO neutron.db.ovn_revision_numbers_db [None req-1a73b275-b239-49f5-b164-396d7c4b71ed d43276b0ca054ade821c06fdab05e1e0 dce85ce853a642d8ab454bef188237b9 - - default default] Successfully bumped revision number for resource 2d5ed673-cf71-4c3d-ac01-11a0ef38c2b2 (type: security_group_rules) to 0
2026-05-25 01:51:20.774 10 INFO neutron.db.ovn_revision_numbers_db [None req-1a73b275-b239-49f5-b164-396d7c4b71ed d43276b0ca054ade821c06fdab05e1e0 dce85ce853a642d8ab454bef188237b9 - - default default] Successfully bumped revision number for resource b0cd747c-c5ea-4655-8c17-81c439b7be1a (type: security_group_rules) to 0
2026-05-25 01:51:20.810 10 INFO neutron.api.wsgi [None req-1a73b275-b239-49f5-b164-396d7c4b71ed d43276b0ca054ade821c06fdab05e1e0 dce85ce853a642d8ab454bef188237b9 - - default default] 10.0.0.86 "GET /v2.0/security-groups?tenant_id=5848d600bf2143d594ad4f7a0c4e3138&name=default HTTP/1.1" status: 200 len: 3120 time: 0.2595415
2026-05-25 01:51:20.857 9 INFO neutron.api.wsgi [req-2d059068-31bb-4c8c-b2f4-4baa087e0188 req-4a2e1615-ee95-4f95-a596-36be7e708858 5218039aafda45f3be642c6014d3ae9b b2a546254df3488fbddd714b7f50efe9 - - b4886bf9aa194294ab01b036fd7452ba b4886bf9aa194294ab01b036fd7452ba] 199.204.45.72 "GET /v2.0/ports?network_id=f984cc52-ad17-4f10-a167-939dd0b26357&device_owner=network%3Adhcp HTTP/1.1" status: 200 len: 210 time: 0.1921179
2026-05-25 01:51:20.871 9 INFO neutron.api.wsgi [req-d5fb0f25-a798-45c5-b413-5303e9f6f5b7 req-34a40022-ebba-47c6-83ca-d95a4eb4934f 25afd5f832c74c17a91a0a10de9fa839 f1ac258ec2b54b13937232e443385b48 - - default default] 10.0.0.110 "GET /v2.0/ports?device_id=2d79aabf-923a-4a63-bf81-b9377447490f HTTP/1.1" status: 200 len: 210 time: 0.0291653
2026-05-25 01:51:20.898 9 INFO neutron.api.wsgi [req-749ac52d-1db7-44e0-a0db-ffc7df228689 req-0dbb09c2-b650-4d7d-a1e1-41ad476c02b4 c7d8d13cf0724856a74832244ac1b319 669301f93b4f43c8b98e615e24a164b5 - - default default] 10.0.0.110 "GET /v2.0/ports?device_id=71d8b8ae-b001-4cf1-a301-5c6fc543dee8 HTTP/1.1" status: 200 len: 1172 time: 0.0556550
2026-05-25 01:51:20.921 9 INFO neutron.api.wsgi [req-2d059068-31bb-4c8c-b2f4-4baa087e0188 req-9c2278dd-0641-4a66-a29a-be5f995551f7 5218039aafda45f3be642c6014d3ae9b b2a546254df3488fbddd714b7f50efe9 - - b4886bf9aa194294ab01b036fd7452ba b4886bf9aa194294ab01b036fd7452ba] 199.204.45.72 "GET /v2.0/networks/f984cc52-ad17-4f10-a167-939dd0b26357?fields=segments HTTP/1.1" status: 200 len: 212 time: 0.0568564
2026-05-25 01:51:20.941 9 INFO neutron.api.wsgi [req-749ac52d-1db7-44e0-a0db-ffc7df228689 req-01671f71-3b00-44ef-8f7e-d1b6b96959f9 c7d8d13cf0724856a74832244ac1b319 669301f93b4f43c8b98e615e24a164b5 - - default default] 10.0.0.110 "GET /v2.0/security-groups?id=58f0f040-4314-4d6b-aeee-9bb89b936f6d&fields=id&fields=name HTTP/1.1" status: 200 len: 312 time: 0.0375497
2026-05-25 01:51:20.966 9 INFO neutron.api.wsgi [req-2d059068-31bb-4c8c-b2f4-4baa087e0188 req-cf09d0f4-8899-4ba3-bf17-5eb24b3fea45 5218039aafda45f3be642c6014d3ae9b b2a546254df3488fbddd714b7f50efe9 - - b4886bf9aa194294ab01b036fd7452ba b4886bf9aa194294ab01b036fd7452ba] 199.204.45.72 "GET /v2.0/networks/f984cc52-ad17-4f10-a167-939dd0b26357?fields=provider%3Aphysical_network&fields=provider%3Anetwork_type HTTP/1.1" status: 200 len: 277 time: 0.0409629
2026-05-25 01:51:21.009 10 INFO neutron.api.wsgi [None req-30e4be8c-0a8f-4e10-982b-d838c5b7d105 d43276b0ca054ade821c06fdab05e1e0 dce85ce853a642d8ab454bef188237b9 - - default default] 10.0.0.86 "DELETE /v2.0/security-groups/57d88823-d0ac-4a01-a2f6-7c71fc1f6bff HTTP/1.1" status: 204 len: 168 time: 0.1940742
2026-05-25 01:51:21.430 9 WARNING neutron.plugins.ml2.drivers.ovn.mech_driver.ovsdb.ovn_client [None req-8712e3c8-ea5b-499e-98f2-07152508abd7 - - - - - -] No hosting information found for port 80ccefb2-8235-435f-ae7a-db4fc21bcc4f: RuntimeError: No hosting information found for port 80ccefb2-8235-435f-ae7a-db4fc21bcc4f
2026-05-25 01:51:21.491 9 INFO neutron.db.ovn_revision_numbers_db [None req-8712e3c8-ea5b-499e-98f2-07152508abd7 - - - - - -] Successfully bumped revision number for resource 80ccefb2-8235-435f-ae7a-db4fc21bcc4f (type: router_ports) to 2
2026-05-25 01:51:21.969 9 INFO neutron.api.wsgi [req-7a9aeb5c-4aba-42ac-82f7-92f2355335d0 req-23d49c0c-07e5-4645-b2e0-654f0cb610dc 25afd5f832c74c17a91a0a10de9fa839 f1ac258ec2b54b13937232e443385b48 - - default default] 10.0.0.110 "GET /v2.0/ports?device_id=2d79aabf-923a-4a63-bf81-b9377447490f HTTP/1.1" status: 200 len: 210 time: 0.0253298
2026-05-25 01:51:22.030 9 INFO neutron.api.wsgi [req-737900fc-8eb2-434a-bb9f-6dc58ebd6903 req-4085ed80-fcad-4db0-b190-097b8100ed09 c7d8d13cf0724856a74832244ac1b319 669301f93b4f43c8b98e615e24a164b5 - - default default] 10.0.0.110 "GET /v2.0/ports?device_id=71d8b8ae-b001-4cf1-a301-5c6fc543dee8 HTTP/1.1" status: 200 len: 1172 time: 0.0309594
2026-05-25 01:51:22.064 9 INFO neutron.api.wsgi [req-737900fc-8eb2-434a-bb9f-6dc58ebd6903 req-c016f275-bf13-465e-bc80-20819335941f c7d8d13cf0724856a74832244ac1b319 669301f93b4f43c8b98e615e24a164b5 - - default default] 10.0.0.110 "GET /v2.0/security-groups?id=58f0f040-4314-4d6b-aeee-9bb89b936f6d&fields=id&fields=name HTTP/1.1" status: 200 len: 312 time: 0.0274737
2026-05-25 01:51:22.069 10 WARNING neutron.plugins.ml2.drivers.ovn.mech_driver.ovsdb.ovn_client [None req-7da48df5-0c1b-4190-ab6a-36a294da0fe0 - - - - - -] No hosting information found for port 139aeb0d-b66a-4bdf-8be8-39acc1c3ab4e: RuntimeError: No hosting information found for port 139aeb0d-b66a-4bdf-8be8-39acc1c3ab4e
2026-05-25 01:51:22.183 10 INFO neutron.db.ovn_revision_numbers_db [None req-7da48df5-0c1b-4190-ab6a-36a294da0fe0 - - - - - -] Successfully bumped revision number for resource 139aeb0d-b66a-4bdf-8be8-39acc1c3ab4e (type: router_ports) to 2
2026-05-25 01:51:22.260 10 INFO neutron.api.wsgi [None req-77a10aaf-5b41-4422-875f-896f7b78154b d43276b0ca054ade821c06fdab05e1e0 dce85ce853a642d8ab454bef188237b9 - - default default] 10.0.0.44 "GET /v2.0/ports HTTP/1.1" status: 200 len: 19209 time: 0.1676548
2026-05-25 01:51:22.320 10 INFO neutron.api.wsgi [None req-8df13877-b43a-4daa-900a-d8c8b3f2af3a d43276b0ca054ade821c06fdab05e1e0 dce85ce853a642d8ab454bef188237b9 - - default default] 10.0.0.44 "GET /v2.0/subnets HTTP/1.1" status: 200 len: 3537 time: 0.0472579
2026-05-25 01:51:22.326 10 INFO neutron.api.wsgi [None req-0ae7c369-9986-4419-a39a-8f2f1fb27c2d d43276b0ca054ade821c06fdab05e1e0 dce85ce853a642d8ab454bef188237b9 - - default default] 10.0.0.44 "GET /v2.0/subnetpools HTTP/1.1" status: 200 len: 193 time: 0.0055943
2026-05-25 01:51:22.383 10 INFO neutron.api.wsgi [None req-b6ec36b1-2513-41db-9268-996af6a314a8 d43276b0ca054ade821c06fdab05e1e0 dce85ce853a642d8ab454bef188237b9 - - default default] 10.0.0.44 "GET /v2.0/networks HTTP/1.1" status: 200 len: 4643 time: 0.0558083
2026-05-25 01:51:22.433 10 INFO neutron.api.wsgi [None req-00d36b67-5fa1-41b6-88ae-8634430732d1 d43276b0ca054ade821c06fdab05e1e0 dce85ce853a642d8ab454bef188237b9 - - default default] 10.0.0.44 "GET /v2.0/security-groups HTTP/1.1" status: 200 len: 34881 time: 0.0463250
2026-05-25 01:51:22.515 10 INFO neutron.api.wsgi [None req-65c85967-bf73-4e32-961a-149c0ae3ad05 d43276b0ca054ade821c06fdab05e1e0 dce85ce853a642d8ab454bef188237b9 - - default default] 10.0.0.44 "GET /v2.0/routers HTTP/1.1" status: 200 len: 3094 time: 0.0716228
2026-05-25 01:51:22.523 10 INFO neutron.api.wsgi [None req-8561398a-ba59-4ada-9bff-18a50ef8ff74 d43276b0ca054ade821c06fdab05e1e0 dce85ce853a642d8ab454bef188237b9 - - default default] 10.0.0.44 "GET /v2.0/agents?binary=ovn-controller HTTP/1.1" status: 200 len: 591 time: 0.0072961
2026-05-25 01:51:22.546 10 INFO neutron.api.wsgi [None req-81c18e8f-3a84-4c6d-b944-18015e91cc1d d43276b0ca054ade821c06fdab05e1e0 dce85ce853a642d8ab454bef188237b9 - - default default] 10.0.0.44 "GET /v2.0/subnets HTTP/1.1" status: 200 len: 3537 time: 0.0222816
2026-05-25 01:51:22.556 10 INFO neutron.api.wsgi [None req-560274c1-c57f-4b09-be5e-09e805a1ffe3 d43276b0ca054ade821c06fdab05e1e0 dce85ce853a642d8ab454bef188237b9 - - default default] 10.0.0.44 "GET /v2.0/network-ip-availabilities HTTP/1.1" status: 200 len: 2734 time: 0.0082483
2026-05-25 01:51:22.687 9 INFO neutron.api.wsgi [None req-57e31020-1373-41a0-b297-b0c1ac7b7086 ab1d3ab79e9644d7855e1d23833d6c66 e7d578d50ada46bda65e762fe6d66795 - - default default] 10.0.0.86 "GET /v2.0/extensions HTTP/1.1" status: 200 len: 19293 time: 0.0826595
