2026-06-22 03:05:27.372 9 INFO neutron.wsgi [req-ec416742-59d5-46d5-888c-18e205aa0d86 req-361317ce-7782-4956-8dcc-3e0669c519d8 14ad515bb3e84e3f8d5835d7c3ff3f09 706810faf66d456282dcbd0494c25a6c - - c46d4649a6f346408113f68b45b21958 c46d4649a6f346408113f68b45b21958] 199.204.45.177 "GET /v2.0/ports?tenant_id=a78409b3f59149c6a628e4a3218cc1d0&device_id=ff15efe0-fdaf-4a9b-8edd-3588cd9ec61e HTTP/1.1" status: 200 len: 5347 time: 0.0927289
2026-06-22 03:05:27.406 9 INFO neutron.plugins.ml2.plugin [None req-c0f4d9be-f188-4e01-bd69-e1ae438ec48e - - - - - -] Attempt 1 to provision port 6e950ba7-6db8-46fc-bc02-fb3583f63db1
2026-06-22 03:05:27.491 9 INFO neutron.wsgi [req-ec416742-59d5-46d5-888c-18e205aa0d86 req-a29fb09d-6a95-4eac-b496-3754ad0d090d 14ad515bb3e84e3f8d5835d7c3ff3f09 706810faf66d456282dcbd0494c25a6c - - c46d4649a6f346408113f68b45b21958 c46d4649a6f346408113f68b45b21958] 199.204.45.177 "GET /v2.0/networks?id=b0aec050-2534-4633-9d59-ea16d1dab1b1 HTTP/1.1" status: 200 len: 1003 time: 0.1150730
2026-06-22 03:05:27.532 9 INFO neutron.wsgi [req-ec416742-59d5-46d5-888c-18e205aa0d86 req-9d01e128-d7f9-4d6a-a611-1b68fe8d489f 14ad515bb3e84e3f8d5835d7c3ff3f09 706810faf66d456282dcbd0494c25a6c - - c46d4649a6f346408113f68b45b21958 c46d4649a6f346408113f68b45b21958] 199.204.45.177 "GET /v2.0/floatingips?fixed_ip_address=10.2.2.64&port_id=6e950ba7-6db8-46fc-bc02-fb3583f63db1 HTTP/1.1" status: 200 len: 217 time: 0.0252931
2026-06-22 03:05:27.562 9 INFO neutron.wsgi [req-ec416742-59d5-46d5-888c-18e205aa0d86 req-523eda03-a39a-463d-9d37-bde0fccff6dd 14ad515bb3e84e3f8d5835d7c3ff3f09 706810faf66d456282dcbd0494c25a6c - - c46d4649a6f346408113f68b45b21958 c46d4649a6f346408113f68b45b21958] 199.204.45.177 "GET /v2.0/floatingips?fixed_ip_address=fd77%3A1457%3A4cf0%3A26a8%3A%3A212&port_id=6e950ba7-6db8-46fc-bc02-fb3583f63db1 HTTP/1.1" status: 200 len: 217 time: 0.0235004
2026-06-22 03:05:27.583 10 INFO neutron.wsgi [req-41e749d4-1117-4c97-8788-933a81620435 req-5a0b7b27-a2d6-484d-bff8-750b18da1586 a43fa1a2797e4811a45fc102db90466d a78409b3f59149c6a628e4a3218cc1d0 - - default default] 10.0.0.111 "GET /v2.0/ports/6e950ba7-6db8-46fc-bc02-fb3583f63db1 HTTP/1.1" status: 200 len: 1633 time: 0.0371258
2026-06-22 03:05:27.621 9 INFO neutron.wsgi [req-ec416742-59d5-46d5-888c-18e205aa0d86 req-0e647141-3bae-4b57-a3ae-9b210a856788 14ad515bb3e84e3f8d5835d7c3ff3f09 706810faf66d456282dcbd0494c25a6c - - c46d4649a6f346408113f68b45b21958 c46d4649a6f346408113f68b45b21958] 199.204.45.177 "GET /v2.0/subnets?id=3d78a31a-8753-4785-9a1f-89f536eef10b&id=61191c0f-6d1f-46f2-8779-84c73dee0afa HTTP/1.1" status: 200 len: 1565 time: 0.0521793
2026-06-22 03:05:27.670 10 INFO neutron.wsgi [None req-c314f314-a80c-4ecf-856c-7ec42f61850e a43fa1a2797e4811a45fc102db90466d a78409b3f59149c6a628e4a3218cc1d0 - - default default] 199.204.45.177 "GET /v2.0/ports/6e950ba7-6db8-46fc-bc02-fb3583f63db1 HTTP/1.1" status: 200 len: 1633 time: 0.0764222
2026-06-22 03:05:27.678 9 INFO neutron.wsgi [req-ec416742-59d5-46d5-888c-18e205aa0d86 req-b0c23f42-80f3-467d-9de3-99b0a4c277bc 14ad515bb3e84e3f8d5835d7c3ff3f09 706810faf66d456282dcbd0494c25a6c - - c46d4649a6f346408113f68b45b21958 c46d4649a6f346408113f68b45b21958] 199.204.45.177 "GET /v2.0/ports?network_id=b0aec050-2534-4633-9d59-ea16d1dab1b1&device_owner=network%3Adhcp HTTP/1.1" status: 200 len: 210 time: 0.0517199
2026-06-22 03:05:27.710 9 INFO neutron.wsgi [req-ec416742-59d5-46d5-888c-18e205aa0d86 req-15d6ac0a-b3c2-473e-8df8-a243ab1e7f39 14ad515bb3e84e3f8d5835d7c3ff3f09 706810faf66d456282dcbd0494c25a6c - - c46d4649a6f346408113f68b45b21958 c46d4649a6f346408113f68b45b21958] 199.204.45.177 "GET /v2.0/ports?network_id=b0aec050-2534-4633-9d59-ea16d1dab1b1&device_owner=network%3Adhcp HTTP/1.1" status: 200 len: 210 time: 0.0250192
2026-06-22 03:05:27.732 10 INFO neutron.wsgi [None req-8665a43c-95f5-4e85-baf6-900fcd983f59 a43fa1a2797e4811a45fc102db90466d a78409b3f59149c6a628e4a3218cc1d0 - - default default] 199.204.45.177 "GET /v2.0/ports/6e950ba7-6db8-46fc-bc02-fb3583f63db1 HTTP/1.1" status: 200 len: 1635 time: 0.0540838
2026-06-22 03:05:27.803 9 INFO neutron.wsgi [req-ec416742-59d5-46d5-888c-18e205aa0d86 req-95298252-b785-4d8e-a291-2c78138dd883 14ad515bb3e84e3f8d5835d7c3ff3f09 706810faf66d456282dcbd0494c25a6c - - c46d4649a6f346408113f68b45b21958 c46d4649a6f346408113f68b45b21958] 199.204.45.177 "GET /v2.0/networks/b0aec050-2534-4633-9d59-ea16d1dab1b1?fields=segments HTTP/1.1" status: 200 len: 212 time: 0.0854809
2026-06-22 03:05:27.881 9 INFO neutron.wsgi [req-ec416742-59d5-46d5-888c-18e205aa0d86 req-4f44ba25-2101-4945-9d86-988795c63823 14ad515bb3e84e3f8d5835d7c3ff3f09 706810faf66d456282dcbd0494c25a6c - - c46d4649a6f346408113f68b45b21958 c46d4649a6f346408113f68b45b21958] 199.204.45.177 "GET /v2.0/networks/b0aec050-2534-4633-9d59-ea16d1dab1b1?fields=provider%3Aphysical_network&fields=provider%3Anetwork_type HTTP/1.1" status: 200 len: 277 time: 0.0736461
2026-06-22 03:05:27.895 9 INFO neutron.db.ovn_revision_numbers_db [None req-c0f4d9be-f188-4e01-bd69-e1ae438ec48e - - - - - -] Successfully bumped revision number for resource 6e950ba7-6db8-46fc-bc02-fb3583f63db1 (type: ports) to 4
2026-06-22 03:05:28.193 9 INFO neutron.notifiers.nova [-] Nova event matching ['req-c02a83b8-f31d-4c18-ab00-884b1b04acf0'] response: {'server_uuid': 'ff15efe0-fdaf-4a9b-8edd-3588cd9ec61e', 'name': 'network-vif-plugged', 'status': 'completed', 'tag': '6e950ba7-6db8-46fc-bc02-fb3583f63db1', 'code': 200}
2026-06-22 03:05:28.194 9 INFO neutron.notifiers.nova [-] Nova event matching ['req-c02a83b8-f31d-4c18-ab00-884b1b04acf0'] response: {'server_uuid': 'ff15efe0-fdaf-4a9b-8edd-3588cd9ec61e', 'name': 'network-vif-plugged', 'status': 'completed', 'tag': '6e950ba7-6db8-46fc-bc02-fb3583f63db1', 'code': 200}
2026-06-22 03:05:28.240 10 INFO neutron.db.ovn_revision_numbers_db [None req-c4d034ab-389e-46c1-9241-f50f297d6abb a43fa1a2797e4811a45fc102db90466d a78409b3f59149c6a628e4a3218cc1d0 - - default default] Successfully bumped revision number for resource 6e950ba7-6db8-46fc-bc02-fb3583f63db1 (type: ports) to 5
2026-06-22 03:05:28.254 10 INFO neutron.wsgi [None req-c4d034ab-389e-46c1-9241-f50f297d6abb a43fa1a2797e4811a45fc102db90466d a78409b3f59149c6a628e4a3218cc1d0 - - default default] 199.204.45.177 "PUT /v2.0/ports/6e950ba7-6db8-46fc-bc02-fb3583f63db1 HTTP/1.1" status: 200 len: 1374 time: 0.5144968 /var/lib/openstack/lib/python3.10/site-packages/pycadf/identifier.py:71: UserWarning: Invalid uuid: neutron. To ensure interoperability, identifiers should be a valid uuid. warnings.warn(('Invalid uuid: %s. To ensure interoperability, '
2026-06-22 03:05:28.314 10 INFO neutron.notifiers.nova [-] Nova event matching ['req-bfca3615-dd5d-46e4-b214-41b9f0f8227d'] response: {'name': 'network-changed', 'server_uuid': 'ff15efe0-fdaf-4a9b-8edd-3588cd9ec61e', 'tag': '6e950ba7-6db8-46fc-bc02-fb3583f63db1', 'status': 'completed', 'code': 200} /var/lib/openstack/lib/python3.10/site-packages/pycadf/identifier.py:71: UserWarning: Invalid uuid: neutron. To ensure interoperability, identifiers should be a valid uuid. warnings.warn(('Invalid uuid: %s. To ensure interoperability, '
2026-06-22 03:05:28.345 10 INFO neutron.wsgi [None req-ef72ef17-6e3c-44a4-b208-dfa780fbd945 a43fa1a2797e4811a45fc102db90466d a78409b3f59149c6a628e4a3218cc1d0 - - default default] 199.204.45.177 "GET /v2.0/networks/b0aec050-2534-4633-9d59-ea16d1dab1b1 HTTP/1.1" status: 200 len: 1000 time: 0.0808380
2026-06-22 03:05:28.386 10 INFO neutron.wsgi [None req-c67cfdae-31e4-4a5e-98cf-263ba9165a98 a43fa1a2797e4811a45fc102db90466d a78409b3f59149c6a628e4a3218cc1d0 - - default default] 199.204.45.177 "GET /v2.0/subnets/3d78a31a-8753-4785-9a1f-89f536eef10b HTTP/1.1" status: 200 len: 848 time: 0.0348706
2026-06-22 03:05:28.398 9 INFO neutron.wsgi [req-f292b032-f078-4c75-bce5-e49abfd55f8d req-0a280acc-02bc-4833-944e-f66a02d9ac7b 14ad515bb3e84e3f8d5835d7c3ff3f09 706810faf66d456282dcbd0494c25a6c - - c46d4649a6f346408113f68b45b21958 c46d4649a6f346408113f68b45b21958] 199.204.45.177 "GET /v2.0/ports?tenant_id=a78409b3f59149c6a628e4a3218cc1d0&device_id=ff15efe0-fdaf-4a9b-8edd-3588cd9ec61e HTTP/1.1" status: 200 len: 5116 time: 0.0588295
2026-06-22 03:05:28.479 9 INFO neutron.wsgi [req-f292b032-f078-4c75-bce5-e49abfd55f8d req-fcd19375-165e-4ff3-81f5-e1757e952583 14ad515bb3e84e3f8d5835d7c3ff3f09 706810faf66d456282dcbd0494c25a6c - - c46d4649a6f346408113f68b45b21958 c46d4649a6f346408113f68b45b21958] 199.204.45.177 "GET /v2.0/networks?id=b0aec050-2534-4633-9d59-ea16d1dab1b1 HTTP/1.1" status: 200 len: 1003 time: 0.0739667
2026-06-22 03:05:28.508 10 INFO neutron.wsgi [None req-8adfe93c-2632-45e1-bceb-1fb4318d5d44 a43fa1a2797e4811a45fc102db90466d a78409b3f59149c6a628e4a3218cc1d0 - - default default] 199.204.45.177 "GET /v2.0/extensions/security-group HTTP/1.1" status: 200 len: 369 time: 0.0084150
2026-06-22 03:05:28.511 9 INFO neutron.wsgi [req-f292b032-f078-4c75-bce5-e49abfd55f8d req-27ca94d5-fd8c-416c-8d4a-2d71b8cceded 14ad515bb3e84e3f8d5835d7c3ff3f09 706810faf66d456282dcbd0494c25a6c - - c46d4649a6f346408113f68b45b21958 c46d4649a6f346408113f68b45b21958] 199.204.45.177 "GET /v2.0/floatingips?fixed_ip_address=10.2.2.64&port_id=6e950ba7-6db8-46fc-bc02-fb3583f63db1 HTTP/1.1" status: 200 len: 217 time: 0.0269492
2026-06-22 03:05:28.521 10 INFO neutron.wsgi [None req-7dfbf6c8-b240-43bd-ba8f-f7358d5940a1 a43fa1a2797e4811a45fc102db90466d a78409b3f59149c6a628e4a3218cc1d0 - - default default] 199.204.45.177 "GET /v2.0/extensions/dns-integration HTTP/1.1" status: 200 len: 371 time: 0.0052881
2026-06-22 03:05:28.529 10 INFO neutron.wsgi [None req-0384710d-41de-4bf3-b704-58ee00c1cd6b a43fa1a2797e4811a45fc102db90466d a78409b3f59149c6a628e4a3218cc1d0 - - default default] 199.204.45.177 "GET /v2.0/extensions/qos HTTP/1.1" status: 200 len: 365 time: 0.0049155
2026-06-22 03:05:28.540 10 INFO neutron.wsgi [None req-a9ade3db-e83b-4389-91aa-5813d09f154f a43fa1a2797e4811a45fc102db90466d a78409b3f59149c6a628e4a3218cc1d0 - - default default] 199.204.45.177 "GET /v2.0/extensions/allowed-address-pairs HTTP/1.1" status: 200 len: 383 time: 0.0069277
2026-06-22 03:05:28.552 9 INFO neutron.wsgi [req-f292b032-f078-4c75-bce5-e49abfd55f8d req-574ef31f-9a64-4f80-8afc-801c00c65cf6 14ad515bb3e84e3f8d5835d7c3ff3f09 706810faf66d456282dcbd0494c25a6c - - c46d4649a6f346408113f68b45b21958 c46d4649a6f346408113f68b45b21958] 199.204.45.177 "GET /v2.0/subnets?id=3d78a31a-8753-4785-9a1f-89f536eef10b HTTP/1.1" status: 200 len: 851 time: 0.0363123
2026-06-22 03:05:28.578 10 INFO neutron.wsgi [None req-d4cdac3a-bbe3-42fc-a4d8-a57de4a63230 a43fa1a2797e4811a45fc102db90466d a78409b3f59149c6a628e4a3218cc1d0 - - default default] 199.204.45.177 "GET /v2.0/subnets/ff49ff5d-ed19-48cb-9c08-9b3be2870702 HTTP/1.1" status: 200 len: 851 time: 0.0332670
2026-06-22 03:05:28.583 9 INFO neutron.wsgi [req-f292b032-f078-4c75-bce5-e49abfd55f8d req-0ded0014-a315-410e-8de6-313c1ac41b5c 14ad515bb3e84e3f8d5835d7c3ff3f09 706810faf66d456282dcbd0494c25a6c - - c46d4649a6f346408113f68b45b21958 c46d4649a6f346408113f68b45b21958] 199.204.45.177 "GET /v2.0/ports?network_id=b0aec050-2534-4633-9d59-ea16d1dab1b1&device_owner=network%3Adhcp HTTP/1.1" status: 200 len: 210 time: 0.0239224
2026-06-22 03:05:28.627 10 INFO neutron.wsgi [None req-3a19df4b-eb63-43ca-a4a0-9ac48a446ed6 a43fa1a2797e4811a45fc102db90466d a78409b3f59149c6a628e4a3218cc1d0 - - default default] 199.204.45.177 "GET /v2.0/ports/039e21cd-7dd2-48e6-89b9-4d337b1946f1 HTTP/1.1" status: 200 len: 1340 time: 0.0409420
2026-06-22 03:05:28.651 9 INFO neutron.wsgi [req-f292b032-f078-4c75-bce5-e49abfd55f8d req-8995c052-b757-49dc-b946-ff63cd7b1ced 14ad515bb3e84e3f8d5835d7c3ff3f09 706810faf66d456282dcbd0494c25a6c - - c46d4649a6f346408113f68b45b21958 c46d4649a6f346408113f68b45b21958] 199.204.45.177 "GET /v2.0/networks/b0aec050-2534-4633-9d59-ea16d1dab1b1?fields=segments HTTP/1.1" status: 200 len: 212 time: 0.0615177
2026-06-22 03:05:28.674 10 INFO neutron.wsgi [None req-ea04968d-a0f4-41d2-8866-f0e2f4a8ebea a43fa1a2797e4811a45fc102db90466d a78409b3f59149c6a628e4a3218cc1d0 - - default default] 199.204.45.177 "GET /v2.0/ports/8a10249f-e48c-4fba-9e44-5fcd76b17f9a HTTP/1.1" status: 200 len: 1519 time: 0.0364192
2026-06-22 03:05:28.713 10 INFO neutron.wsgi [None req-3b775741-c805-46e1-a70f-3ac2e7f4f6df a43fa1a2797e4811a45fc102db90466d a78409b3f59149c6a628e4a3218cc1d0 - - default default] 199.204.45.177 "GET /v2.0/subnets/ff49ff5d-ed19-48cb-9c08-9b3be2870702 HTTP/1.1" status: 200 len: 851 time: 0.0315702
2026-06-22 03:05:28.718 9 INFO neutron.wsgi [req-f292b032-f078-4c75-bce5-e49abfd55f8d req-f21a3dec-5334-4ce0-84b2-8c096e3146a5 14ad515bb3e84e3f8d5835d7c3ff3f09 706810faf66d456282dcbd0494c25a6c - - c46d4649a6f346408113f68b45b21958 c46d4649a6f346408113f68b45b21958] 199.204.45.177 "GET /v2.0/networks/b0aec050-2534-4633-9d59-ea16d1dab1b1?fields=provider%3Aphysical_network&fields=provider%3Anetwork_type HTTP/1.1" status: 200 len: 277 time: 0.0598853
2026-06-22 03:05:28.785 10 INFO neutron.wsgi [None req-8161adf7-32cd-4b10-8d8f-1bf172b1af00 a43fa1a2797e4811a45fc102db90466d a78409b3f59149c6a628e4a3218cc1d0 - - default default] 199.204.45.177 "GET /v2.0/networks/d14e13f9-499a-4bc8-aa66-b3fd242b4e95 HTTP/1.1" status: 200 len: 1001 time: 0.0651455
2026-06-22 03:05:28.825 10 INFO neutron.wsgi [None req-1a807018-97c5-4e61-9f22-13a8da0ddc81 a43fa1a2797e4811a45fc102db90466d a78409b3f59149c6a628e4a3218cc1d0 - - default default] 199.204.45.177 "GET /v2.0/ports/039e21cd-7dd2-48e6-89b9-4d337b1946f1 HTTP/1.1" status: 200 len: 1340 time: 0.0331249
2026-06-22 03:05:28.867 10 INFO neutron.wsgi [None req-dc3cfe5d-1e41-4fbb-ac51-df2b7ddab52f a43fa1a2797e4811a45fc102db90466d a78409b3f59149c6a628e4a3218cc1d0 - - default default] 199.204.45.177 "GET /v2.0/subnets/ff49ff5d-ed19-48cb-9c08-9b3be2870702 HTTP/1.1" status: 200 len: 851 time: 0.0344694
2026-06-22 03:05:36.042 9 INFO neutron.wsgi [-] 10.0.0.75 "GET / HTTP/1.1" status: 200 len: 247 time: 0.0024865
2026-06-22 03:05:36.042 10 INFO neutron.wsgi [-] 10.0.0.75 "GET / HTTP/1.1" status: 200 len: 247 time: 0.0030630
2026-06-22 03:05:41.415 10 INFO neutron.wsgi [None req-2646279c-2f52-4b43-b606-e1d18317f88b a43fa1a2797e4811a45fc102db90466d a78409b3f59149c6a628e4a3218cc1d0 - - default default] 199.204.45.177 "GET /v2.0/extensions/security-group HTTP/1.1" status: 200 len: 369 time: 0.0056922
2026-06-22 03:05:41.426 10 INFO neutron.wsgi [None req-2550278d-bc30-4646-966e-e959f0219572 a43fa1a2797e4811a45fc102db90466d a78409b3f59149c6a628e4a3218cc1d0 - - default default] 199.204.45.177 "GET /v2.0/extensions/dns-integration HTTP/1.1" status: 200 len: 371 time: 0.0068479
2026-06-22 03:05:41.436 10 INFO neutron.wsgi [None req-54bf1098-5be2-49ff-a6a6-92ea5fc4ff2b a43fa1a2797e4811a45fc102db90466d a78409b3f59149c6a628e4a3218cc1d0 - - default default] 199.204.45.177 "GET /v2.0/extensions/qos HTTP/1.1" status: 200 len: 365 time: 0.0059988
2026-06-22 03:05:41.446 10 INFO neutron.wsgi [None req-efa52b9a-c2e6-4cdb-aa3f-4b1859e8399e a43fa1a2797e4811a45fc102db90466d a78409b3f59149c6a628e4a3218cc1d0 - - default default] 199.204.45.177 "GET /v2.0/extensions/allowed-address-pairs HTTP/1.1" status: 200 len: 383 time: 0.0049267
2026-06-22 03:05:41.490 10 INFO neutron.wsgi [None req-e983bebf-52e9-4f8f-bd70-7032a8039c34 a43fa1a2797e4811a45fc102db90466d a78409b3f59149c6a628e4a3218cc1d0 - - default default] 199.204.45.177 "GET /v2.0/subnets/4f835703-03a3-4d69-9419-94bea3018583 HTTP/1.1" status: 200 len: 849 time: 0.0389519
2026-06-22 03:05:41.548 10 INFO neutron.wsgi [None req-5654f7d5-1d9f-4cde-b166-3dad286fe622 a43fa1a2797e4811a45fc102db90466d a78409b3f59149c6a628e4a3218cc1d0 - - default default] 199.204.45.177 "GET /v2.0/ports?device_id=ff15efe0-fdaf-4a9b-8edd-3588cd9ec61e HTTP/1.1" status: 200 len: 5116 time: 0.0540061
2026-06-22 03:05:41.695 10 INFO neutron.wsgi [None req-7138db59-b243-49c3-bb07-380063542bc1 a43fa1a2797e4811a45fc102db90466d a78409b3f59149c6a628e4a3218cc1d0 - - default default] 199.204.45.177 "GET /v2.0/extensions/security-group HTTP/1.1" status: 200 len: 369 time: 0.0079567
2026-06-22 03:05:41.705 10 INFO neutron.wsgi [None req-679de2c3-69f4-49b3-aaba-e569747bbb76 a43fa1a2797e4811a45fc102db90466d a78409b3f59149c6a628e4a3218cc1d0 - - default default] 199.204.45.177 "GET /v2.0/extensions/dns-integration HTTP/1.1" status: 200 len: 371 time: 0.0055139
2026-06-22 03:05:41.716 10 INFO neutron.wsgi [None req-32c6f702-6a90-4160-a044-740cee02ca83 a43fa1a2797e4811a45fc102db90466d a78409b3f59149c6a628e4a3218cc1d0 - - default default] 199.204.45.177 "GET /v2.0/extensions/qos HTTP/1.1" status: 200 len: 365 time: 0.0057268
2026-06-22 03:05:41.725 10 INFO neutron.wsgi [None req-1dea0012-01df-4c87-ade6-d10082a5dc9e a43fa1a2797e4811a45fc102db90466d a78409b3f59149c6a628e4a3218cc1d0 - - default default] 199.204.45.177 "GET /v2.0/extensions/allowed-address-pairs HTTP/1.1" status: 200 len: 383 time: 0.0056968
2026-06-22 03:05:41.765 10 INFO neutron.wsgi [None req-fc171cde-7460-4396-b6ec-d210631dff98 a43fa1a2797e4811a45fc102db90466d a78409b3f59149c6a628e4a3218cc1d0 - - default default] 199.204.45.177 "GET /v2.0/ports/6e950ba7-6db8-46fc-bc02-fb3583f63db1 HTTP/1.1" status: 200 len: 1402 time: 0.0349586
2026-06-22 03:05:42.199 10 INFO neutron.db.ovn_revision_numbers_db [None req-17e3a9b1-ca38-4eeb-b68c-33c95ddc6f16 a43fa1a2797e4811a45fc102db90466d a78409b3f59149c6a628e4a3218cc1d0 - - default default] Successfully bumped revision number for resource 6e950ba7-6db8-46fc-bc02-fb3583f63db1 (type: ports) to 6
2026-06-22 03:05:42.213 10 INFO neutron.wsgi [None req-17e3a9b1-ca38-4eeb-b68c-33c95ddc6f16 a43fa1a2797e4811a45fc102db90466d a78409b3f59149c6a628e4a3218cc1d0 - - default default] 199.204.45.177 "PUT /v2.0/ports/6e950ba7-6db8-46fc-bc02-fb3583f63db1 HTTP/1.1" status: 200 len: 1203 time: 0.4399238 /var/lib/openstack/lib/python3.10/site-packages/pycadf/identifier.py:71: UserWarning: Invalid uuid: neutron. To ensure interoperability, identifiers should be a valid uuid. warnings.warn(('Invalid uuid: %s. To ensure interoperability, '
2026-06-22 03:05:42.252 10 INFO neutron.notifiers.nova [-] Nova event matching ['req-84049094-fa26-456b-8e08-71ed7a79c67f'] response: {'name': 'network-changed', 'server_uuid': 'ff15efe0-fdaf-4a9b-8edd-3588cd9ec61e', 'tag': '6e950ba7-6db8-46fc-bc02-fb3583f63db1', 'status': 'completed', 'code': 200}
2026-06-22 03:05:42.300 10 INFO neutron.wsgi [None req-01e014b0-8842-454d-9af0-ed9478a5010c a43fa1a2797e4811a45fc102db90466d a78409b3f59149c6a628e4a3218cc1d0 - - default default] 199.204.45.177 "GET /v2.0/networks/b0aec050-2534-4633-9d59-ea16d1dab1b1 HTTP/1.1" status: 200 len: 1000 time: 0.0774825
2026-06-22 03:05:42.353 9 INFO neutron.wsgi [req-7fbf2de2-19b5-4e99-887b-f350f4f9ad71 req-fe153982-375f-467f-979f-ceb8e9de5d18 14ad515bb3e84e3f8d5835d7c3ff3f09 706810faf66d456282dcbd0494c25a6c - - c46d4649a6f346408113f68b45b21958 c46d4649a6f346408113f68b45b21958] 199.204.45.177 "GET /v2.0/ports?tenant_id=a78409b3f59149c6a628e4a3218cc1d0&device_id=ff15efe0-fdaf-4a9b-8edd-3588cd9ec61e HTTP/1.1" status: 200 len: 4945 time: 0.0738332
2026-06-22 03:05:42.379 10 INFO neutron.wsgi [None req-e0092bca-1b50-4617-a84b-4083d8443626 a43fa1a2797e4811a45fc102db90466d a78409b3f59149c6a628e4a3218cc1d0 - - default default] 199.204.45.177 "GET /v2.0/ports?device_id=ff15efe0-fdaf-4a9b-8edd-3588cd9ec61e HTTP/1.1" status: 200 len: 4945 time: 0.0695019
2026-06-22 03:05:42.444 9 INFO neutron.wsgi [req-7fbf2de2-19b5-4e99-887b-f350f4f9ad71 req-00b05100-8355-45b4-ada7-4d04cab33672 14ad515bb3e84e3f8d5835d7c3ff3f09 706810faf66d456282dcbd0494c25a6c - - c46d4649a6f346408113f68b45b21958 c46d4649a6f346408113f68b45b21958] 199.204.45.177 "GET /v2.0/networks?id=b0aec050-2534-4633-9d59-ea16d1dab1b1 HTTP/1.1" status: 200 len: 1003 time: 0.0838039
2026-06-22 03:05:42.515 9 INFO neutron.wsgi [req-7fbf2de2-19b5-4e99-887b-f350f4f9ad71 req-c81a75ce-6837-4fd9-ba5c-7727eda3365d 14ad515bb3e84e3f8d5835d7c3ff3f09 706810faf66d456282dcbd0494c25a6c - - c46d4649a6f346408113f68b45b21958 c46d4649a6f346408113f68b45b21958] 199.204.45.177 "GET /v2.0/networks/b0aec050-2534-4633-9d59-ea16d1dab1b1?fields=segments HTTP/1.1" status: 200 len: 212 time: 0.0648654
2026-06-22 03:05:42.524 10 INFO neutron.wsgi [None req-a2bc5090-ab7a-4c94-ac3e-6c614fbbad02 a43fa1a2797e4811a45fc102db90466d a78409b3f59149c6a628e4a3218cc1d0 - - default default] 199.204.45.177 "GET /v2.0/ports?device_id=ff15efe0-fdaf-4a9b-8edd-3588cd9ec61e HTTP/1.1" status: 200 len: 4945 time: 0.0598149
2026-06-22 03:05:42.601 9 INFO neutron.wsgi [req-7fbf2de2-19b5-4e99-887b-f350f4f9ad71 req-768610a7-4b7c-4ff5-b78b-2a5f22a718ab 14ad515bb3e84e3f8d5835d7c3ff3f09 706810faf66d456282dcbd0494c25a6c - - c46d4649a6f346408113f68b45b21958 c46d4649a6f346408113f68b45b21958] 199.204.45.177 "GET /v2.0/networks/b0aec050-2534-4633-9d59-ea16d1dab1b1?fields=provider%3Aphysical_network&fields=provider%3Anetwork_type HTTP/1.1" status: 200 len: 277 time: 0.0795281
2026-06-22 03:05:42.760 9 INFO neutron.plugins.ml2.drivers.ovn.mech_driver.mech_driver [None req-c0f4d9be-f188-4e01-bd69-e1ae438ec48e - - - - - -] OVN reports status down for port: 6e950ba7-6db8-46fc-bc02-fb3583f63db1
2026-06-22 03:05:42.856 9 INFO neutron.wsgi [req-ca462f63-9a74-41cd-9dfd-00c771249e3d req-d095e650-77d0-4c96-8bce-2ce48a9fa54e 14ad515bb3e84e3f8d5835d7c3ff3f09 706810faf66d456282dcbd0494c25a6c - - c46d4649a6f346408113f68b45b21958 c46d4649a6f346408113f68b45b21958] 199.204.45.177 "GET /v2.0/ports/6e950ba7-6db8-46fc-bc02-fb3583f63db1 HTTP/1.1" status: 200 len: 1231 time: 0.0619531
2026-06-22 03:05:42.966 9 INFO neutron.notifiers.nova [-] Nova event matching ['req-a926c211-a02c-495d-94ef-a32eab7d81f2'] response: {'server_uuid': 'ff15efe0-fdaf-4a9b-8edd-3588cd9ec61e', 'name': 'network-vif-unplugged', 'status': 'completed', 'tag': '6e950ba7-6db8-46fc-bc02-fb3583f63db1', 'code': 200}
2026-06-22 03:05:43.176 9 INFO neutron.db.ovn_revision_numbers_db [None req-c0f4d9be-f188-4e01-bd69-e1ae438ec48e - - - - - -] Successfully bumped revision number for resource 6e950ba7-6db8-46fc-bc02-fb3583f63db1 (type: ports) to 7
2026-06-22 03:05:43.215 9 INFO neutron.wsgi [req-ca462f63-9a74-41cd-9dfd-00c771249e3d req-b556205a-3062-4962-8658-07ff88de0d9c a43fa1a2797e4811a45fc102db90466d a78409b3f59149c6a628e4a3218cc1d0 - - default default] 199.204.45.177 "DELETE /v2.0/ports/6e950ba7-6db8-46fc-bc02-fb3583f63db1 HTTP/1.1" status: 204 len: 173 time: 0.3526423
2026-06-22 03:05:43.343 9 INFO neutron.wsgi [req-ca462f63-9a74-41cd-9dfd-00c771249e3d req-1cad5fec-68d2-4b8c-b54b-a3fccadb34fc 14ad515bb3e84e3f8d5835d7c3ff3f09 706810faf66d456282dcbd0494c25a6c - - c46d4649a6f346408113f68b45b21958 c46d4649a6f346408113f68b45b21958] 199.204.45.177 "GET /v2.0/ports?tenant_id=a78409b3f59149c6a628e4a3218cc1d0&device_id=ff15efe0-fdaf-4a9b-8edd-3588cd9ec61e HTTP/1.1" status: 200 len: 3922 time: 0.0650244
2026-06-22 03:05:43.428 9 INFO neutron.wsgi [req-ca462f63-9a74-41cd-9dfd-00c771249e3d req-706c0c00-b78a-40d9-9dcf-2ccc24b8d5ba 14ad515bb3e84e3f8d5835d7c3ff3f09 706810faf66d456282dcbd0494c25a6c - - c46d4649a6f346408113f68b45b21958 c46d4649a6f346408113f68b45b21958] 199.204.45.177 "GET /v2.0/networks?id=ba21548d-2e7f-4a16-84e1-58be6ef01629&id=d14e13f9-499a-4bc8-aa66-b3fd242b4e95&id=7c98ddbe-8ec9-4dc2-a079-8b0d69c89c3e&id=b0aec050-2534-4633-9d59-ea16d1dab1b1 HTTP/1.1" status: 200 len: 3308 time: 0.0781245
2026-06-22 03:05:43.465 9 INFO neutron.wsgi [req-ca462f63-9a74-41cd-9dfd-00c771249e3d req-758b2cb0-6192-4251-a83e-a911879d5e32 14ad515bb3e84e3f8d5835d7c3ff3f09 706810faf66d456282dcbd0494c25a6c - - c46d4649a6f346408113f68b45b21958 c46d4649a6f346408113f68b45b21958] 199.204.45.177 "GET /v2.0/floatingips?fixed_ip_address=172.24.1.28&port_id=c9770b67-a7bd-4d0d-99ae-1981db525580 HTTP/1.1" status: 200 len: 217 time: 0.0279942
2026-06-22 03:05:43.507 9 INFO neutron.wsgi [req-ca462f63-9a74-41cd-9dfd-00c771249e3d req-78bee490-e0ab-4390-a26a-02de347dcb9f 14ad515bb3e84e3f8d5835d7c3ff3f09 706810faf66d456282dcbd0494c25a6c - - c46d4649a6f346408113f68b45b21958 c46d4649a6f346408113f68b45b21958] 199.204.45.177 "GET /v2.0/subnets?id=96699d48-2e34-4de4-b9fe-3e0f5ce52803 HTTP/1.1" status: 200 len: 829 time: 0.0349064
2026-06-22 03:05:43.535 9 INFO neutron.wsgi [req-ca462f63-9a74-41cd-9dfd-00c771249e3d req-17aab948-ed9f-4492-acff-e2d9f5582824 14ad515bb3e84e3f8d5835d7c3ff3f09 706810faf66d456282dcbd0494c25a6c - - c46d4649a6f346408113f68b45b21958 c46d4649a6f346408113f68b45b21958] 199.204.45.177 "GET /v2.0/ports?network_id=ba21548d-2e7f-4a16-84e1-58be6ef01629&device_owner=network%3Adhcp HTTP/1.1" status: 200 len: 210 time: 0.0218046
2026-06-22 03:05:43.595 10 INFO neutron.wsgi [None req-b56920aa-1a63-4c4f-b690-a0225e672ebc a43fa1a2797e4811a45fc102db90466d a78409b3f59149c6a628e4a3218cc1d0 - - default default] 199.204.45.177 "GET /v2.0/ports?device_id=ff15efe0-fdaf-4a9b-8edd-3588cd9ec61e HTTP/1.1" status: 200 len: 3922 time: 0.0536082
2026-06-22 03:05:43.610 9 INFO neutron.wsgi [req-ca462f63-9a74-41cd-9dfd-00c771249e3d req-c386dcee-61b5-49e3-befa-3b950bfb037e 14ad515bb3e84e3f8d5835d7c3ff3f09 706810faf66d456282dcbd0494c25a6c - - c46d4649a6f346408113f68b45b21958 c46d4649a6f346408113f68b45b21958] 199.204.45.177 "GET /v2.0/networks/ba21548d-2e7f-4a16-84e1-58be6ef01629?fields=segments HTTP/1.1" status: 200 len: 212 time: 0.0641727
2026-06-22 03:05:43.628 10 INFO neutron.pecan_wsgi.hooks.translation [None req-fe0026d6-0cd7-4688-8554-32087602a6f9 a43fa1a2797e4811a45fc102db90466d a78409b3f59149c6a628e4a3218cc1d0 - - default default] DELETE failed (client error): The resource could not be found.
2026-06-22 03:05:43.631 10 INFO neutron.wsgi [None req-fe0026d6-0cd7-4688-8554-32087602a6f9 a43fa1a2797e4811a45fc102db90466d a78409b3f59149c6a628e4a3218cc1d0 - - default default] 199.204.45.177 "DELETE /v2.0/ports/6e950ba7-6db8-46fc-bc02-fb3583f63db1 HTTP/1.1" status: 404 len: 338 time: 0.0216682
2026-06-22 03:05:43.683 9 INFO neutron.wsgi [req-ca462f63-9a74-41cd-9dfd-00c771249e3d req-5ad86f0a-7632-4be3-9da4-db0e07b221e9 14ad515bb3e84e3f8d5835d7c3ff3f09 706810faf66d456282dcbd0494c25a6c - - c46d4649a6f346408113f68b45b21958 c46d4649a6f346408113f68b45b21958] 199.204.45.177 "GET /v2.0/networks/ba21548d-2e7f-4a16-84e1-58be6ef01629?fields=provider%3Aphysical_network&fields=provider%3Anetwork_type HTTP/1.1" status: 200 len: 277 time: 0.0667281
2026-06-22 03:05:43.715 9 INFO neutron.wsgi [req-ca462f63-9a74-41cd-9dfd-00c771249e3d req-4b8c1a22-c2da-473a-bf7f-385c2a139b74 14ad515bb3e84e3f8d5835d7c3ff3f09 706810faf66d456282dcbd0494c25a6c - - c46d4649a6f346408113f68b45b21958 c46d4649a6f346408113f68b45b21958] 199.204.45.177 "GET /v2.0/floatingips?fixed_ip_address=10.1.1.249&port_id=8a10249f-e48c-4fba-9e44-5fcd76b17f9a HTTP/1.1" status: 200 len: 217 time: 0.0253556
2026-06-22 03:05:43.734 10 INFO neutron.wsgi [None req-27c9d595-5651-4253-bd07-41b8caf7eb51 a43fa1a2797e4811a45fc102db90466d a78409b3f59149c6a628e4a3218cc1d0 - - default default] 199.204.45.177 "GET /v2.0/extensions/security-group HTTP/1.1" status: 200 len: 369 time: 0.0050709
2026-06-22 03:05:43.742 10 INFO neutron.wsgi [None req-1c1f9ddb-038e-4e32-bbae-c76e3a150e79 a43fa1a2797e4811a45fc102db90466d a78409b3f59149c6a628e4a3218cc1d0 - - default default] 199.204.45.177 "GET /v2.0/extensions/dns-integration HTTP/1.1" status: 200 len: 371 time: 0.0036211
2026-06-22 03:05:43.752 10 INFO neutron.wsgi [None req-b3597741-f7f4-4b5e-883d-3eb0b86595c7 a43fa1a2797e4811a45fc102db90466d a78409b3f59149c6a628e4a3218cc1d0 - - default default] 199.204.45.177 "GET /v2.0/extensions/qos HTTP/1.1" status: 200 len: 365 time: 0.0068834
2026-06-22 03:05:43.759 9 INFO neutron.wsgi [req-ca462f63-9a74-41cd-9dfd-00c771249e3d req-5e77ae5b-05db-42f8-a5bd-a21f06f831fa 14ad515bb3e84e3f8d5835d7c3ff3f09 706810faf66d456282dcbd0494c25a6c - - c46d4649a6f346408113f68b45b21958 c46d4649a6f346408113f68b45b21958] 199.204.45.177 "GET /v2.0/subnets?id=ff49ff5d-ed19-48cb-9c08-9b3be2870702 HTTP/1.1" status: 200 len: 854 time: 0.0387955
2026-06-22 03:05:43.762 10 INFO neutron.wsgi [None req-ffc7a9b0-5d3b-44b5-9018-4447a2b94622 a43fa1a2797e4811a45fc102db90466d a78409b3f59149c6a628e4a3218cc1d0 - - default default] 199.204.45.177 "GET /v2.0/extensions/allowed-address-pairs HTTP/1.1" status: 200 len: 383 time: 0.0057759
2026-06-22 03:05:43.794 9 INFO neutron.wsgi [req-ca462f63-9a74-41cd-9dfd-00c771249e3d req-089571e9-5736-4a5c-b6e0-e97f0c17b184 14ad515bb3e84e3f8d5835d7c3ff3f09 706810faf66d456282dcbd0494c25a6c - - c46d4649a6f346408113f68b45b21958 c46d4649a6f346408113f68b45b21958] 199.204.45.177 "GET /v2.0/ports?network_id=d14e13f9-499a-4bc8-aa66-b3fd242b4e95&device_owner=network%3Adhcp HTTP/1.1" status: 200 len: 210 time: 0.0278473
2026-06-22 03:05:43.809 10 INFO neutron.wsgi [None req-d0f46f52-7f99-487d-a9a6-fc47aee09828 a43fa1a2797e4811a45fc102db90466d a78409b3f59149c6a628e4a3218cc1d0 - - default default] 199.204.45.177 "GET /v2.0/subnets/ff49ff5d-ed19-48cb-9c08-9b3be2870702 HTTP/1.1" status: 200 len: 851 time: 0.0414886
2026-06-22 03:05:43.849 10 INFO neutron.wsgi [None req-c1ebeea8-92c5-402d-a3eb-41e3315610e1 a43fa1a2797e4811a45fc102db90466d a78409b3f59149c6a628e4a3218cc1d0 - - default default] 199.204.45.177 "GET /v2.0/ports/039e21cd-7dd2-48e6-89b9-4d337b1946f1 HTTP/1.1" status: 200 len: 1340 time: 0.0350714
2026-06-22 03:05:43.850 9 INFO neutron.wsgi [req-ca462f63-9a74-41cd-9dfd-00c771249e3d req-48e17604-45a5-4b89-8dad-6f9f28db22ca 14ad515bb3e84e3f8d5835d7c3ff3f09 706810faf66d456282dcbd0494c25a6c - - c46d4649a6f346408113f68b45b21958 c46d4649a6f346408113f68b45b21958] 199.204.45.177 "GET /v2.0/networks/d14e13f9-499a-4bc8-aa66-b3fd242b4e95?fields=segments HTTP/1.1" status: 200 len: 212 time: 0.0494514
2026-06-22 03:05:43.888 10 INFO neutron.wsgi [None req-f6f285e5-b6e6-4c3f-8070-e8c51f3b6b09 a43fa1a2797e4811a45fc102db90466d a78409b3f59149c6a628e4a3218cc1d0 - - default default] 199.204.45.177 "GET /v2.0/ports/8a10249f-e48c-4fba-9e44-5fcd76b17f9a HTTP/1.1" status: 200 len: 1519 time: 0.0338981
2026-06-22 03:05:43.923 9 INFO neutron.wsgi [req-ca462f63-9a74-41cd-9dfd-00c771249e3d req-9479dc83-850d-4c0d-be8d-9a0f98ac3ee1 14ad515bb3e84e3f8d5835d7c3ff3f09 706810faf66d456282dcbd0494c25a6c - - c46d4649a6f346408113f68b45b21958 c46d4649a6f346408113f68b45b21958] 199.204.45.177 "GET /v2.0/networks/d14e13f9-499a-4bc8-aa66-b3fd242b4e95?fields=provider%3Aphysical_network&fields=provider%3Anetwork_type HTTP/1.1" status: 200 len: 277 time: 0.0656402
2026-06-22 03:05:43.928 10 INFO neutron.wsgi [None req-6a57243c-15c9-483b-b748-b13c177bfc2b a43fa1a2797e4811a45fc102db90466d a78409b3f59149c6a628e4a3218cc1d0 - - default default] 199.204.45.177 "GET /v2.0/subnets/ff49ff5d-ed19-48cb-9c08-9b3be2870702 HTTP/1.1" status: 200 len: 851 time: 0.0319245
2026-06-22 03:05:43.954 9 INFO neutron.wsgi [req-ca462f63-9a74-41cd-9dfd-00c771249e3d req-c3824f77-d786-42b8-9264-ab14ce58919c 14ad515bb3e84e3f8d5835d7c3ff3f09 706810faf66d456282dcbd0494c25a6c - - c46d4649a6f346408113f68b45b21958 c46d4649a6f346408113f68b45b21958] 199.204.45.177 "GET /v2.0/floatingips?fixed_ip_address=10.2.1.218&port_id=c98b5809-68cc-448e-bb7c-1c8f44fc71dd HTTP/1.1" status: 200 len: 217 time: 0.0242226
2026-06-22 03:05:43.999 9 INFO neutron.wsgi [req-ca462f63-9a74-41cd-9dfd-00c771249e3d req-eaaadfbf-15e2-488e-86bc-02121549e2ce 14ad515bb3e84e3f8d5835d7c3ff3f09 706810faf66d456282dcbd0494c25a6c - - c46d4649a6f346408113f68b45b21958 c46d4649a6f346408113f68b45b21958] 199.204.45.177 "GET /v2.0/subnets?id=4f835703-03a3-4d69-9419-94bea3018583 HTTP/1.1" status: 200 len: 852 time: 0.0395482
2026-06-22 03:05:44.001 10 INFO neutron.wsgi [None req-2bbd0aa4-2576-415f-89f5-2e126b6a7cda a43fa1a2797e4811a45fc102db90466d a78409b3f59149c6a628e4a3218cc1d0 - - default default] 199.204.45.177 "GET /v2.0/networks/d14e13f9-499a-4bc8-aa66-b3fd242b4e95 HTTP/1.1" status: 200 len: 1001 time: 0.0661242
2026-06-22 03:05:44.021 9 INFO neutron.wsgi [req-ca462f63-9a74-41cd-9dfd-00c771249e3d req-65e8ce46-fbba-442b-b866-53f042e5bab7 14ad515bb3e84e3f8d5835d7c3ff3f09 706810faf66d456282dcbd0494c25a6c - - c46d4649a6f346408113f68b45b21958 c46d4649a6f346408113f68b45b21958] 199.204.45.177 "GET /v2.0/ports?network_id=7c98ddbe-8ec9-4dc2-a079-8b0d69c89c3e&device_owner=network%3Adhcp HTTP/1.1" status: 200 len: 210 time: 0.0173922
2026-06-22 03:05:44.038 10 INFO neutron.wsgi [None req-2e3d71df-cb74-4ec8-b92c-f6e53c840ec0 a43fa1a2797e4811a45fc102db90466d a78409b3f59149c6a628e4a3218cc1d0 - - default default] 199.204.45.177 "GET /v2.0/ports/039e21cd-7dd2-48e6-89b9-4d337b1946f1 HTTP/1.1" status: 200 len: 1340 time: 0.0326095
2026-06-22 03:05:44.081 10 INFO neutron.wsgi [None req-7bd734de-949e-4aa4-8165-3bf27431e303 a43fa1a2797e4811a45fc102db90466d a78409b3f59149c6a628e4a3218cc1d0 - - default default] 199.204.45.177 "GET /v2.0/subnets/ff49ff5d-ed19-48cb-9c08-9b3be2870702 HTTP/1.1" status: 200 len: 851 time: 0.0337138
2026-06-22 03:05:44.085 9 INFO neutron.wsgi [req-ca462f63-9a74-41cd-9dfd-00c771249e3d req-26cc595a-f7ab-4d0a-99b5-eab00c30c496 14ad515bb3e84e3f8d5835d7c3ff3f09 706810faf66d456282dcbd0494c25a6c - - c46d4649a6f346408113f68b45b21958 c46d4649a6f346408113f68b45b21958] 199.204.45.177 "GET /v2.0/networks/7c98ddbe-8ec9-4dc2-a079-8b0d69c89c3e?fields=segments HTTP/1.1" status: 200 len: 212 time: 0.0582168
2026-06-22 03:05:44.156 9 INFO neutron.wsgi [req-ca462f63-9a74-41cd-9dfd-00c771249e3d req-c2beb6cd-1792-427d-89c0-e13dcba85c08 14ad515bb3e84e3f8d5835d7c3ff3f09 706810faf66d456282dcbd0494c25a6c - - c46d4649a6f346408113f68b45b21958 c46d4649a6f346408113f68b45b21958] 199.204.45.177 "GET /v2.0/networks/7c98ddbe-8ec9-4dc2-a079-8b0d69c89c3e?fields=provider%3Aphysical_network&fields=provider%3Anetwork_type HTTP/1.1" status: 200 len: 277 time: 0.0651562
2026-06-22 03:05:45.026 9 INFO neutron.notifiers.nova [-] Nova event matching ['req-7eae60b1-a0b3-45c2-8f68-73bd9bd5beb9'] response: {'server_uuid': 'ff15efe0-fdaf-4a9b-8edd-3588cd9ec61e', 'name': 'network-vif-plugged', 'status': 'completed', 'tag': '6e950ba7-6db8-46fc-bc02-fb3583f63db1', 'code': 200}
2026-06-22 03:05:45.027 9 INFO neutron.notifiers.nova [-] Nova event matching ['req-7eae60b1-a0b3-45c2-8f68-73bd9bd5beb9'] response: {'server_uuid': 'ff15efe0-fdaf-4a9b-8edd-3588cd9ec61e', 'name': 'network-vif-deleted', 'tag': '6e950ba7-6db8-46fc-bc02-fb3583f63db1', 'status': 'completed', 'code': 200}
2026-06-22 03:05:46.979 10 INFO neutron.wsgi [None req-ecdda7c2-8058-497e-b01e-be59a23a7194 a43fa1a2797e4811a45fc102db90466d a78409b3f59149c6a628e4a3218cc1d0 - - default default] 199.204.45.177 "GET /v2.0/extensions/security-group HTTP/1.1" status: 200 len: 369 time: 0.0069530
2026-06-22 03:05:46.991 10 INFO neutron.wsgi [None req-78ffe710-4abd-4a28-a929-9b8d63905d6f a43fa1a2797e4811a45fc102db90466d a78409b3f59149c6a628e4a3218cc1d0 - - default default] 199.204.45.177 "GET /v2.0/extensions/dns-integration HTTP/1.1" status: 200 len: 371 time: 0.0061967
2026-06-22 03:05:46.999 10 INFO neutron.wsgi [None req-b3dc768a-c894-491d-ad25-4cbf271c255b a43fa1a2797e4811a45fc102db90466d a78409b3f59149c6a628e4a3218cc1d0 - - default default] 199.204.45.177 "GET /v2.0/extensions/qos HTTP/1.1" status: 200 len: 365 time: 0.0037327
2026-06-22 03:05:47.008 10 INFO neutron.wsgi [None req-2db95040-8847-4f74-a4ee-1138e294392f a43fa1a2797e4811a45fc102db90466d a78409b3f59149c6a628e4a3218cc1d0 - - default default] 199.204.45.177 "GET /v2.0/extensions/allowed-address-pairs HTTP/1.1" status: 200 len: 383 time: 0.0051868
2026-06-22 03:05:47.056 10 INFO neutron.wsgi [None req-a6c15a2f-08b7-46a7-9a26-eb28dbcb98eb a43fa1a2797e4811a45fc102db90466d a78409b3f59149c6a628e4a3218cc1d0 - - default default] 199.204.45.177 "GET /v2.0/ports?device_id=ff15efe0-fdaf-4a9b-8edd-3588cd9ec61e HTTP/1.1" status: 200 len: 3922 time: 0.0441132
2026-06-22 03:05:47.201 10 INFO neutron.wsgi [None req-c9bd7c01-781b-40af-9d2e-64df77f0c733 a43fa1a2797e4811a45fc102db90466d a78409b3f59149c6a628e4a3218cc1d0 - - default default] 199.204.45.177 "GET /v2.0/extensions/security-group HTTP/1.1" status: 200 len: 369 time: 0.0080898
2026-06-22 03:05:47.212 10 INFO neutron.wsgi [None req-d30882dc-b88e-4e0a-b351-4567085b1e1c a43fa1a2797e4811a45fc102db90466d a78409b3f59149c6a628e4a3218cc1d0 - - default default] 199.204.45.177 "GET /v2.0/extensions/dns-integration HTTP/1.1" status: 200 len: 371 time: 0.0056231
2026-06-22 03:05:47.221 10 INFO neutron.wsgi [None req-edeaaeeb-0302-46f8-affd-742ae322fcf5 a43fa1a2797e4811a45fc102db90466d a78409b3f59149c6a628e4a3218cc1d0 - - default default] 199.204.45.177 "GET /v2.0/extensions/qos HTTP/1.1" status: 200 len: 365 time: 0.0052159
2026-06-22 03:05:47.230 10 INFO neutron.wsgi [None req-10339379-3606-4543-a7e4-a8810dc456a8 a43fa1a2797e4811a45fc102db90466d a78409b3f59149c6a628e4a3218cc1d0 - - default default] 199.204.45.177 "GET /v2.0/extensions/allowed-address-pairs HTTP/1.1" status: 200 len: 383 time: 0.0050049
2026-06-22 03:05:47.291 10 INFO neutron.wsgi [None req-3f88943d-3f0e-4d8e-acd5-b2e42736e1cc a43fa1a2797e4811a45fc102db90466d a78409b3f59149c6a628e4a3218cc1d0 - - default default] 199.204.45.177 "GET /v2.0/ports/c98b5809-68cc-448e-bb7c-1c8f44fc71dd HTTP/1.1" status: 200 len: 1406 time: 0.0565038
2026-06-22 03:05:47.978 10 INFO neutron.db.ovn_revision_numbers_db [None req-caaab190-d27c-43b3-bf76-818eff71a563 a43fa1a2797e4811a45fc102db90466d a78409b3f59149c6a628e4a3218cc1d0 - - default default] Successfully bumped revision number for resource c98b5809-68cc-448e-bb7c-1c8f44fc71dd (type: ports) to 6
2026-06-22 03:05:47.991 10 INFO neutron.wsgi [None req-caaab190-d27c-43b3-bf76-818eff71a563 a43fa1a2797e4811a45fc102db90466d a78409b3f59149c6a628e4a3218cc1d0 - - default default] 199.204.45.177 "PUT /v2.0/ports/c98b5809-68cc-448e-bb7c-1c8f44fc71dd HTTP/1.1" status: 200 len: 1203 time: 0.6896391 /var/lib/openstack/lib/python3.10/site-packages/pycadf/identifier.py:71: UserWarning: Invalid uuid: neutron. To ensure interoperability, identifiers should be a valid uuid. warnings.warn(('Invalid uuid: %s. To ensure interoperability, '
2026-06-22 03:05:48.032 10 INFO neutron.notifiers.nova [-] Nova event matching ['req-67c2bfdd-918b-4580-ba99-dbe1c47c4d41'] response: {'name': 'network-changed', 'server_uuid': 'ff15efe0-fdaf-4a9b-8edd-3588cd9ec61e', 'tag': 'c98b5809-68cc-448e-bb7c-1c8f44fc71dd', 'status': 'completed', 'code': 200}
2026-06-22 03:05:48.068 10 INFO neutron.wsgi [None req-9d958283-e7f5-4012-b3e9-ba68f52f051a a43fa1a2797e4811a45fc102db90466d a78409b3f59149c6a628e4a3218cc1d0 - - default default] 199.204.45.177 "GET /v2.0/networks/7c98ddbe-8ec9-4dc2-a079-8b0d69c89c3e HTTP/1.1" status: 200 len: 999 time: 0.0700593
2026-06-22 03:05:48.097 9 INFO neutron.wsgi [req-541fbd53-2000-4ecc-a61d-314c6c27c2c4 req-b5e90cc8-676d-4f3f-b566-4390839bea96 14ad515bb3e84e3f8d5835d7c3ff3f09 706810faf66d456282dcbd0494c25a6c - - c46d4649a6f346408113f68b45b21958 c46d4649a6f346408113f68b45b21958] 199.204.45.177 "GET /v2.0/ports?tenant_id=a78409b3f59149c6a628e4a3218cc1d0&device_id=ff15efe0-fdaf-4a9b-8edd-3588cd9ec61e HTTP/1.1" status: 200 len: 3747 time: 0.0464292
2026-06-22 03:05:48.120 10 INFO neutron.wsgi [None req-8956b255-3653-4422-acba-561061ab1b42 a43fa1a2797e4811a45fc102db90466d a78409b3f59149c6a628e4a3218cc1d0 - - default default] 199.204.45.177 "GET /v2.0/ports?device_id=ff15efe0-fdaf-4a9b-8edd-3588cd9ec61e HTTP/1.1" status: 200 len: 3747 time: 0.0466835
2026-06-22 03:05:48.163 9 INFO neutron.wsgi [req-541fbd53-2000-4ecc-a61d-314c6c27c2c4 req-0d47f1d0-16cf-4430-addf-7ba2dbd6ed2b 14ad515bb3e84e3f8d5835d7c3ff3f09 706810faf66d456282dcbd0494c25a6c - - c46d4649a6f346408113f68b45b21958 c46d4649a6f346408113f68b45b21958] 199.204.45.177 "GET /v2.0/networks?id=7c98ddbe-8ec9-4dc2-a079-8b0d69c89c3e HTTP/1.1" status: 200 len: 1002 time: 0.0570648
2026-06-22 03:05:48.221 10 INFO neutron.wsgi [None req-d0a7ab4e-3348-4427-a0da-c5bbdddc3121 a43fa1a2797e4811a45fc102db90466d a78409b3f59149c6a628e4a3218cc1d0 - - default default] 199.204.45.177 "GET /v2.0/ports?device_id=ff15efe0-fdaf-4a9b-8edd-3588cd9ec61e HTTP/1.1" status: 200 len: 3747 time: 0.0424428
2026-06-22 03:05:48.241 9 INFO neutron.wsgi [req-541fbd53-2000-4ecc-a61d-314c6c27c2c4 req-a8686b92-a499-4762-9229-778f8961492b 14ad515bb3e84e3f8d5835d7c3ff3f09 706810faf66d456282dcbd0494c25a6c - - c46d4649a6f346408113f68b45b21958 c46d4649a6f346408113f68b45b21958] 199.204.45.177 "GET /v2.0/networks/7c98ddbe-8ec9-4dc2-a079-8b0d69c89c3e?fields=segments HTTP/1.1" status: 200 len: 212 time: 0.0643790
2026-06-22 03:05:48.325 9 INFO neutron.wsgi [req-541fbd53-2000-4ecc-a61d-314c6c27c2c4 req-49158119-9405-42ff-bd4e-4055ea3b9ab5 14ad515bb3e84e3f8d5835d7c3ff3f09 706810faf66d456282dcbd0494c25a6c - - c46d4649a6f346408113f68b45b21958 c46d4649a6f346408113f68b45b21958] 199.204.45.177 "GET /v2.0/networks/7c98ddbe-8ec9-4dc2-a079-8b0d69c89c3e?fields=provider%3Aphysical_network&fields=provider%3Anetwork_type HTTP/1.1" status: 200 len: 277 time: 0.0802050
2026-06-22 03:05:48.477 10 INFO neutron.plugins.ml2.drivers.ovn.mech_driver.mech_driver [None req-8c249fe5-823f-4449-a8b7-ebce9e168214 - - - - - -] OVN reports status down for port: c98b5809-68cc-448e-bb7c-1c8f44fc71dd
2026-06-22 03:05:48.538 9 INFO neutron.wsgi [req-26ad3367-8cfb-4a2e-91b6-1f2a5b98dc0f req-f3140dff-8e82-4c08-8468-1a14c7399642 14ad515bb3e84e3f8d5835d7c3ff3f09 706810faf66d456282dcbd0494c25a6c - - c46d4649a6f346408113f68b45b21958 c46d4649a6f346408113f68b45b21958] 199.204.45.177 "GET /v2.0/ports/c98b5809-68cc-448e-bb7c-1c8f44fc71dd HTTP/1.1" status: 200 len: 1231 time: 0.0310714
2026-06-22 03:05:48.744 10 INFO neutron.db.ovn_revision_numbers_db [None req-8c249fe5-823f-4449-a8b7-ebce9e168214 - - - - - -] Successfully bumped revision number for resource c98b5809-68cc-448e-bb7c-1c8f44fc71dd (type: ports) to 7
2026-06-22 03:05:48.794 9 INFO neutron.wsgi [req-26ad3367-8cfb-4a2e-91b6-1f2a5b98dc0f req-d79b8575-010e-4bef-a019-248f793da403 a43fa1a2797e4811a45fc102db90466d a78409b3f59149c6a628e4a3218cc1d0 - - default default] 199.204.45.177 "DELETE /v2.0/ports/c98b5809-68cc-448e-bb7c-1c8f44fc71dd HTTP/1.1" status: 204 len: 173 time: 0.2512858
2026-06-22 03:05:48.832 9 INFO neutron.notifiers.nova [-] Nova event matching ['req-048bedc4-4ec6-44cf-8777-a0355dd94620'] response: {'server_uuid': 'ff15efe0-fdaf-4a9b-8edd-3588cd9ec61e', 'name': 'network-vif-deleted', 'tag': 'c98b5809-68cc-448e-bb7c-1c8f44fc71dd', 'status': 'completed', 'code': 200}
2026-06-22 03:05:48.886 9 INFO neutron.wsgi [req-26ad3367-8cfb-4a2e-91b6-1f2a5b98dc0f req-cd30842f-e6a7-44b7-a0c5-75c132d3ba57 14ad515bb3e84e3f8d5835d7c3ff3f09 706810faf66d456282dcbd0494c25a6c - - c46d4649a6f346408113f68b45b21958 c46d4649a6f346408113f68b45b21958] 199.204.45.177 "GET /v2.0/ports?tenant_id=a78409b3f59149c6a628e4a3218cc1d0&device_id=ff15efe0-fdaf-4a9b-8edd-3588cd9ec61e HTTP/1.1" status: 200 len: 2724 time: 0.0434208
2026-06-22 03:05:48.967 9 INFO neutron.wsgi [req-26ad3367-8cfb-4a2e-91b6-1f2a5b98dc0f req-9a93a767-7fc9-4fda-8c55-f356add9a55b 14ad515bb3e84e3f8d5835d7c3ff3f09 706810faf66d456282dcbd0494c25a6c - - c46d4649a6f346408113f68b45b21958 c46d4649a6f346408113f68b45b21958] 199.204.45.177 "GET /v2.0/networks?id=ba21548d-2e7f-4a16-84e1-58be6ef01629&id=d14e13f9-499a-4bc8-aa66-b3fd242b4e95&id=7c98ddbe-8ec9-4dc2-a079-8b0d69c89c3e HTTP/1.1" status: 200 len: 2518 time: 0.0734828
2026-06-22 03:05:49.253 9 INFO neutron.wsgi [req-26ad3367-8cfb-4a2e-91b6-1f2a5b98dc0f req-81f3fdbc-e932-463e-aeab-bfb1bccb1278 14ad515bb3e84e3f8d5835d7c3ff3f09 706810faf66d456282dcbd0494c25a6c - - c46d4649a6f346408113f68b45b21958 c46d4649a6f346408113f68b45b21958] 199.204.45.177 "GET /v2.0/floatingips?fixed_ip_address=172.24.1.28&port_id=c9770b67-a7bd-4d0d-99ae-1981db525580 HTTP/1.1" status: 200 len: 217 time: 0.2782280
2026-06-22 03:05:49.288 10 INFO neutron.wsgi [None req-0018ffad-030e-421b-a416-3508aba95b3c a43fa1a2797e4811a45fc102db90466d a78409b3f59149c6a628e4a3218cc1d0 - - default default] 199.204.45.177 "GET /v2.0/ports?device_id=ff15efe0-fdaf-4a9b-8edd-3588cd9ec61e HTTP/1.1" status: 200 len: 2724 time: 0.0534987
2026-06-22 03:05:49.302 9 INFO neutron.wsgi [req-26ad3367-8cfb-4a2e-91b6-1f2a5b98dc0f req-cf320e94-4a82-43f2-b231-4334d6a72201 14ad515bb3e84e3f8d5835d7c3ff3f09 706810faf66d456282dcbd0494c25a6c - - c46d4649a6f346408113f68b45b21958 c46d4649a6f346408113f68b45b21958] 199.204.45.177 "GET /v2.0/subnets?id=96699d48-2e34-4de4-b9fe-3e0f5ce52803 HTTP/1.1" status: 200 len: 829 time: 0.0392895
2026-06-22 03:05:49.326 10 INFO neutron.pecan_wsgi.hooks.translation [None req-4ee62cd2-5b9a-42ad-8858-d60e20f4b32c a43fa1a2797e4811a45fc102db90466d a78409b3f59149c6a628e4a3218cc1d0 - - default default] DELETE failed (client error): The resource could not be found.
2026-06-22 03:05:49.330 9 INFO neutron.wsgi [req-26ad3367-8cfb-4a2e-91b6-1f2a5b98dc0f req-364cb07f-44b2-47aa-ba60-b4a274162609 14ad515bb3e84e3f8d5835d7c3ff3f09 706810faf66d456282dcbd0494c25a6c - - c46d4649a6f346408113f68b45b21958 c46d4649a6f346408113f68b45b21958] 199.204.45.177 "GET /v2.0/ports?network_id=ba21548d-2e7f-4a16-84e1-58be6ef01629&device_owner=network%3Adhcp HTTP/1.1" status: 200 len: 210 time: 0.0223167
2026-06-22 03:05:49.332 10 INFO neutron.wsgi [None req-4ee62cd2-5b9a-42ad-8858-d60e20f4b32c a43fa1a2797e4811a45fc102db90466d a78409b3f59149c6a628e4a3218cc1d0 - - default default] 199.204.45.177 "DELETE /v2.0/ports/c98b5809-68cc-448e-bb7c-1c8f44fc71dd HTTP/1.1" status: 404 len: 338 time: 0.0305803
2026-06-22 03:05:49.414 9 INFO neutron.wsgi [req-26ad3367-8cfb-4a2e-91b6-1f2a5b98dc0f req-a5ddba14-06a4-4afd-9581-5c2031a21016 14ad515bb3e84e3f8d5835d7c3ff3f09 706810faf66d456282dcbd0494c25a6c - - c46d4649a6f346408113f68b45b21958 c46d4649a6f346408113f68b45b21958] 199.204.45.177 "GET /v2.0/networks/ba21548d-2e7f-4a16-84e1-58be6ef01629?fields=segments HTTP/1.1" status: 200 len: 212 time: 0.0759799
2026-06-22 03:05:49.444 10 INFO neutron.wsgi [None req-5c304c4f-ef12-4ea4-b4ef-1f5a5f774fc0 a43fa1a2797e4811a45fc102db90466d a78409b3f59149c6a628e4a3218cc1d0 - - default default] 199.204.45.177 "GET /v2.0/extensions/security-group HTTP/1.1" status: 200 len: 369 time: 0.0081606
2026-06-22 03:05:49.462 10 INFO neutron.wsgi [None req-dfdc5054-c916-45cb-a567-cec46ef7f508 a43fa1a2797e4811a45fc102db90466d a78409b3f59149c6a628e4a3218cc1d0 - - default default] 199.204.45.177 "GET /v2.0/extensions/dns-integration HTTP/1.1" status: 200 len: 371 time: 0.0108454
2026-06-22 03:05:49.477 10 INFO neutron.wsgi [None req-bc04b57e-a442-4a36-b859-417e8d4099ee a43fa1a2797e4811a45fc102db90466d a78409b3f59149c6a628e4a3218cc1d0 - - default default] 199.204.45.177 "GET /v2.0/extensions/qos HTTP/1.1" status: 200 len: 365 time: 0.0049467
2026-06-22 03:05:49.485 10 INFO neutron.wsgi [None req-08c0f6b8-1cbb-4ef9-abe3-b80da955411d a43fa1a2797e4811a45fc102db90466d a78409b3f59149c6a628e4a3218cc1d0 - - default default] 199.204.45.177 "GET /v2.0/extensions/allowed-address-pairs HTTP/1.1" status: 200 len: 383 time: 0.0046463
2026-06-22 03:05:49.492 9 INFO neutron.wsgi [req-26ad3367-8cfb-4a2e-91b6-1f2a5b98dc0f req-1a579e35-bf7e-4845-a794-fef7954cce86 14ad515bb3e84e3f8d5835d7c3ff3f09 706810faf66d456282dcbd0494c25a6c - - c46d4649a6f346408113f68b45b21958 c46d4649a6f346408113f68b45b21958] 199.204.45.177 "GET /v2.0/networks/ba21548d-2e7f-4a16-84e1-58be6ef01629?fields=provider%3Aphysical_network&fields=provider%3Anetwork_type HTTP/1.1" status: 200 len: 277 time: 0.0704923
2026-06-22 03:05:49.521 10 INFO neutron.wsgi [None req-0f4e2a66-bc6d-4d3d-93d9-889b23a852fb a43fa1a2797e4811a45fc102db90466d a78409b3f59149c6a628e4a3218cc1d0 - - default default] 199.204.45.177 "GET /v2.0/subnets/ff49ff5d-ed19-48cb-9c08-9b3be2870702 HTTP/1.1" status: 200 len: 851 time: 0.0325329
2026-06-22 03:05:49.525 9 INFO neutron.wsgi [req-26ad3367-8cfb-4a2e-91b6-1f2a5b98dc0f req-93ffa7bd-b59e-4781-93fc-b9b1841f19aa 14ad515bb3e84e3f8d5835d7c3ff3f09 706810faf66d456282dcbd0494c25a6c - - c46d4649a6f346408113f68b45b21958 c46d4649a6f346408113f68b45b21958] 199.204.45.177 "GET /v2.0/floatingips?fixed_ip_address=10.1.1.249&port_id=8a10249f-e48c-4fba-9e44-5fcd76b17f9a HTTP/1.1" status: 200 len: 217 time: 0.0277717
2026-06-22 03:05:49.566 9 INFO neutron.wsgi [req-26ad3367-8cfb-4a2e-91b6-1f2a5b98dc0f req-20f57823-9cf6-4397-81c0-7c4a080707f0 14ad515bb3e84e3f8d5835d7c3ff3f09 706810faf66d456282dcbd0494c25a6c - - c46d4649a6f346408113f68b45b21958 c46d4649a6f346408113f68b45b21958] 199.204.45.177 "GET /v2.0/subnets?id=ff49ff5d-ed19-48cb-9c08-9b3be2870702 HTTP/1.1" status: 200 len: 854 time: 0.0342090
2026-06-22 03:05:49.567 10 INFO neutron.wsgi [None req-c03627fa-2696-4863-8553-47f60287328d a43fa1a2797e4811a45fc102db90466d a78409b3f59149c6a628e4a3218cc1d0 - - default default] 199.204.45.177 "GET /v2.0/ports/039e21cd-7dd2-48e6-89b9-4d337b1946f1 HTTP/1.1" status: 200 len: 1340 time: 0.0376601
2026-06-22 03:05:49.598 9 INFO neutron.wsgi [req-26ad3367-8cfb-4a2e-91b6-1f2a5b98dc0f req-59aae494-2a40-4ada-a4a0-b6839c1c292d 14ad515bb3e84e3f8d5835d7c3ff3f09 706810faf66d456282dcbd0494c25a6c - - c46d4649a6f346408113f68b45b21958 c46d4649a6f346408113f68b45b21958] 199.204.45.177 "GET /v2.0/ports?network_id=d14e13f9-499a-4bc8-aa66-b3fd242b4e95&device_owner=network%3Adhcp HTTP/1.1" status: 200 len: 210 time: 0.0236614
2026-06-22 03:05:49.617 10 INFO neutron.wsgi [None req-849e8b5c-3d71-4a14-be2a-c501a95fd631 a43fa1a2797e4811a45fc102db90466d a78409b3f59149c6a628e4a3218cc1d0 - - default default] 199.204.45.177 "GET /v2.0/ports/8a10249f-e48c-4fba-9e44-5fcd76b17f9a HTTP/1.1" status: 200 len: 1519 time: 0.0395579
2026-06-22 03:05:49.655 10 INFO neutron.wsgi [None req-73e90f36-ccbf-4b7a-9bbd-68df2042d5c7 a43fa1a2797e4811a45fc102db90466d a78409b3f59149c6a628e4a3218cc1d0 - - default default] 199.204.45.177 "GET /v2.0/subnets/ff49ff5d-ed19-48cb-9c08-9b3be2870702 HTTP/1.1" status: 200 len: 851 time: 0.0331886
2026-06-22 03:05:49.664 9 INFO neutron.wsgi [req-26ad3367-8cfb-4a2e-91b6-1f2a5b98dc0f req-01fe8c55-9ab2-4b6e-aefe-10279bd70813 14ad515bb3e84e3f8d5835d7c3ff3f09 706810faf66d456282dcbd0494c25a6c - - c46d4649a6f346408113f68b45b21958 c46d4649a6f346408113f68b45b21958] 199.204.45.177 "GET /v2.0/networks/d14e13f9-499a-4bc8-aa66-b3fd242b4e95?fields=segments HTTP/1.1" status: 200 len: 212 time: 0.0580814
