2026-06-22 03:02:23.790 9 INFO neutron.db.ovn_revision_numbers_db [None req-2880513c-711b-4166-98f9-9b8f88333033 a43fa1a2797e4811a45fc102db90466d a78409b3f59149c6a628e4a3218cc1d0 - - default default] Successfully bumped revision number for resource fe0e19e7-5fd6-448e-9b64-6c78c4cac311 (type: security_group_rules) to 0
2026-06-22 03:02:23.814 10 INFO neutron.wsgi [req-b2ac418c-43e0-4018-88ec-275603d56318 req-40459bd1-58bb-4016-9f49-c8031935db77 14ad515bb3e84e3f8d5835d7c3ff3f09 706810faf66d456282dcbd0494c25a6c - - c46d4649a6f346408113f68b45b21958 c46d4649a6f346408113f68b45b21958] 199.204.45.177 "GET /v2.0/networks/e34a7b67-e0f4-4332-9a1f-b10a079d2187?fields=segments HTTP/1.1" status: 200 len: 212 time: 0.0783374
2026-06-22 03:02:23.814 9 INFO neutron.wsgi [None req-2880513c-711b-4166-98f9-9b8f88333033 a43fa1a2797e4811a45fc102db90466d a78409b3f59149c6a628e4a3218cc1d0 - - default default] 10.0.0.55 "GET /v2.0/security-groups?tenant_id=9be59a1d88784efebf7da69d31a21e7c&name=default HTTP/1.1" status: 200 len: 2996 time: 0.2586801
2026-06-22 03:02:23.860 10 INFO neutron.wsgi [None req-908bef95-7e1d-4139-9e64-e7dbd894200b 0bca4bcccce94937b19e075ebb745fec 768d96cccafc4d639d154d4073294264 - - default default] 10.0.0.55 "DELETE /v2.0/trunks/a59cdeb3-10e3-4e10-96cb-315e7762ad1f/tags HTTP/1.1" status: 204 len: 168 time: 0.0651593
2026-06-22 03:02:23.894 10 INFO neutron.wsgi [None req-2f620558-2d91-4be7-955d-a5076b510cdc 0bca4bcccce94937b19e075ebb745fec 768d96cccafc4d639d154d4073294264 - - default default] 10.0.0.55 "GET /v2.0/trunks/a59cdeb3-10e3-4e10-96cb-315e7762ad1f/tags HTTP/1.1" status: 200 len: 205 time: 0.0304956
2026-06-22 03:02:23.898 10 INFO neutron.wsgi [req-b2ac418c-43e0-4018-88ec-275603d56318 req-6ab4fbad-c1e6-43d1-86c9-20a88503e68c 14ad515bb3e84e3f8d5835d7c3ff3f09 706810faf66d456282dcbd0494c25a6c - - c46d4649a6f346408113f68b45b21958 c46d4649a6f346408113f68b45b21958] 199.204.45.177 "GET /v2.0/networks/e34a7b67-e0f4-4332-9a1f-b10a079d2187?fields=provider%3Aphysical_network&fields=provider%3Anetwork_type HTTP/1.1" status: 200 len: 277 time: 0.0755098
2026-06-22 03:02:23.920 10 INFO neutron.wsgi [None req-178a97a1-b280-4b0d-8a3a-879015cf9f65 0bca4bcccce94937b19e075ebb745fec 768d96cccafc4d639d154d4073294264 - - default default] 10.0.0.55 "GET /v2.0/trunks/a59cdeb3-10e3-4e10-96cb-315e7762ad1f HTTP/1.1" status: 200 len: 603 time: 0.0151122
2026-06-22 03:02:24.042 10 INFO neutron.wsgi [None req-4be74b60-d2e4-49fb-a610-2b3e505c439d 0bca4bcccce94937b19e075ebb745fec 768d96cccafc4d639d154d4073294264 - - default default] 10.0.0.55 "GET /v2.0/ports/9c1ac3b2-615d-4867-b34d-2b2ce7ced90e HTTP/1.1" status: 200 len: 1020 time: 0.1172085
2026-06-22 03:02:24.051 9 INFO neutron.wsgi [None req-d830739a-e315-4eea-8614-c782368c497a a43fa1a2797e4811a45fc102db90466d a78409b3f59149c6a628e4a3218cc1d0 - - default default] 10.0.0.55 "DELETE /v2.0/security-groups/5fa0a615-a05c-45a6-8fd5-4e1e76fc2253 HTTP/1.1" status: 204 len: 168 time: 0.2295887
2026-06-22 03:02:24.126 10 INFO neutron.wsgi [None req-f81760a2-2c67-48f6-b54a-b32eafff1cec 0bca4bcccce94937b19e075ebb745fec 768d96cccafc4d639d154d4073294264 - - default default] 10.0.0.55 "DELETE /v2.0/trunks/a59cdeb3-10e3-4e10-96cb-315e7762ad1f HTTP/1.1" status: 204 len: 168 time: 0.0794110
2026-06-22 03:02:24.403 10 INFO neutron.wsgi [None req-ae638af7-45ab-475f-a5e7-5ea80b1bdc97 0bca4bcccce94937b19e075ebb745fec 768d96cccafc4d639d154d4073294264 - - default default] 10.0.0.55 "DELETE /v2.0/ports/9c1ac3b2-615d-4867-b34d-2b2ce7ced90e HTTP/1.1" status: 204 len: 168 time: 0.2720318
2026-06-22 03:02:24.760 10 INFO neutron.services.segments.plugin [-] Segment a74956e1-5a0e-469c-8f6b-5f57be5b5e35 resource provider aggregate not found
2026-06-22 03:02:24.767 10 INFO neutron.services.segments.plugin [-] Segment a74956e1-5a0e-469c-8f6b-5f57be5b5e35 resource provider aggregate not found
2026-06-22 03:02:24.786 10 INFO neutron.services.segments.plugin [-] Segment a74956e1-5a0e-469c-8f6b-5f57be5b5e35 resource provider not found; error: Placement Client Error (4xx): {"errors": [{"status": 404, "title": "Not Found", "detail": "The resource could not be found.\n\n No resource provider with uuid a74956e1-5a0e-469c-8f6b-5f57be5b5e35 found for delete ", "request_id": "req-a0751727-38cb-429c-938a-8ea567006df3"}]}
2026-06-22 03:02:24.789 10 INFO neutron.services.segments.plugin [-] Segment a74956e1-5a0e-469c-8f6b-5f57be5b5e35 resource provider not found; error: Placement Client Error (4xx): {"errors": [{"status": 404, "title": "Not Found", "detail": "The resource could not be found.\n\n No resource provider with uuid a74956e1-5a0e-469c-8f6b-5f57be5b5e35 found for delete ", "request_id": "req-eb7b3d7f-971d-43ef-a808-237297456992"}]}
2026-06-22 03:02:24.810 10 INFO neutron.wsgi [None req-0a5f34ec-75d3-4b0e-a6c4-10ec445f1d4d 0bca4bcccce94937b19e075ebb745fec 768d96cccafc4d639d154d4073294264 - - default default] 10.0.0.55 "DELETE /v2.0/networks/dbbb70d8-522b-4492-b080-dae85215fbbc HTTP/1.1" status: 204 len: 168 time: 0.4018073
2026-06-22 03:02:25.723 9 INFO neutron.db.ovn_revision_numbers_db [None req-a26cef4d-e7ea-49fe-8f1e-4a04803133c5 a43fa1a2797e4811a45fc102db90466d a78409b3f59149c6a628e4a3218cc1d0 - - default default] Successfully bumped revision number for resource c62af8b7-3dd8-44c6-ab26-12936599fe50 (type: security_groups) to 1
2026-06-22 03:02:25.739 9 INFO neutron.db.ovn_revision_numbers_db [None req-a26cef4d-e7ea-49fe-8f1e-4a04803133c5 a43fa1a2797e4811a45fc102db90466d a78409b3f59149c6a628e4a3218cc1d0 - - default default] Successfully bumped revision number for resource 223fd7fd-92da-4e5c-8191-f026c607b6d8 (type: security_group_rules) to 0
2026-06-22 03:02:25.752 9 INFO neutron.db.ovn_revision_numbers_db [None req-a26cef4d-e7ea-49fe-8f1e-4a04803133c5 a43fa1a2797e4811a45fc102db90466d a78409b3f59149c6a628e4a3218cc1d0 - - default default] Successfully bumped revision number for resource 5e66ce50-b657-4b07-b053-52e4646e0614 (type: security_group_rules) to 0
2026-06-22 03:02:25.767 9 INFO neutron.db.ovn_revision_numbers_db [None req-a26cef4d-e7ea-49fe-8f1e-4a04803133c5 a43fa1a2797e4811a45fc102db90466d a78409b3f59149c6a628e4a3218cc1d0 - - default default] Successfully bumped revision number for resource 8cdbeb90-5139-41db-b2be-5d734c92d1ff (type: security_group_rules) to 0
2026-06-22 03:02:25.780 9 INFO neutron.db.ovn_revision_numbers_db [None req-a26cef4d-e7ea-49fe-8f1e-4a04803133c5 a43fa1a2797e4811a45fc102db90466d a78409b3f59149c6a628e4a3218cc1d0 - - default default] Successfully bumped revision number for resource 98a06de6-7579-4171-877f-9a9d6ec91cf2 (type: security_group_rules) to 0
2026-06-22 03:02:25.808 9 INFO neutron.wsgi [None req-a26cef4d-e7ea-49fe-8f1e-4a04803133c5 a43fa1a2797e4811a45fc102db90466d a78409b3f59149c6a628e4a3218cc1d0 - - default default] 10.0.0.55 "GET /v2.0/security-groups?tenant_id=eea410eec7c14e7db08c5ccbea539ca6&name=default HTTP/1.1" status: 200 len: 2996 time: 0.4066262
2026-06-22 03:02:26.005 9 INFO neutron.wsgi [None req-2ce5a1ad-e2f8-4ffe-8cc9-fe06d2cfa4ab a43fa1a2797e4811a45fc102db90466d a78409b3f59149c6a628e4a3218cc1d0 - - default default] 10.0.0.55 "DELETE /v2.0/security-groups/c62af8b7-3dd8-44c6-ab26-12936599fe50 HTTP/1.1" status: 204 len: 168 time: 0.1916769
2026-06-22 03:02:26.242 10 INFO neutron.wsgi [None req-21382e90-7bfc-4b8b-81af-f30cf1b6085a a43fa1a2797e4811a45fc102db90466d a78409b3f59149c6a628e4a3218cc1d0 - - default default] 10.0.0.55 "GET /v2.0/security-groups?tenant_id=768d96cccafc4d639d154d4073294264&name=default HTTP/1.1" status: 200 len: 2996 time: 0.0529652
2026-06-22 03:02:26.520 10 INFO neutron.wsgi [None req-bedbaec5-8be9-48da-aba9-f9e5f04e6201 a43fa1a2797e4811a45fc102db90466d a78409b3f59149c6a628e4a3218cc1d0 - - default default] 10.0.0.55 "DELETE /v2.0/security-groups/4059cfd0-97ab-46b7-bb6f-0bfa85bd32c7 HTTP/1.1" status: 204 len: 168 time: 0.2698834
2026-06-22 03:02:27.739 9 INFO neutron.db.ovn_revision_numbers_db [None req-0183118b-e466-4696-872c-170a30e1f982 a43fa1a2797e4811a45fc102db90466d a78409b3f59149c6a628e4a3218cc1d0 - - default default] Successfully bumped revision number for resource 446eded2-df9b-4cfc-b562-d80a2e8835ef (type: security_groups) to 1
2026-06-22 03:02:27.755 9 INFO neutron.db.ovn_revision_numbers_db [None req-0183118b-e466-4696-872c-170a30e1f982 a43fa1a2797e4811a45fc102db90466d a78409b3f59149c6a628e4a3218cc1d0 - - default default] Successfully bumped revision number for resource 04c57579-3759-4c46-8be4-e9ed97b60531 (type: security_group_rules) to 0
2026-06-22 03:02:27.771 9 INFO neutron.db.ovn_revision_numbers_db [None req-0183118b-e466-4696-872c-170a30e1f982 a43fa1a2797e4811a45fc102db90466d a78409b3f59149c6a628e4a3218cc1d0 - - default default] Successfully bumped revision number for resource 09b35943-be1d-461b-b94f-112a3651f49d (type: security_group_rules) to 0
2026-06-22 03:02:27.788 9 INFO neutron.db.ovn_revision_numbers_db [None req-0183118b-e466-4696-872c-170a30e1f982 a43fa1a2797e4811a45fc102db90466d a78409b3f59149c6a628e4a3218cc1d0 - - default default] Successfully bumped revision number for resource 1709e848-f0b1-40b3-ac0d-3be928aeb7b1 (type: security_group_rules) to 0
2026-06-22 03:02:27.804 9 INFO neutron.db.ovn_revision_numbers_db [None req-0183118b-e466-4696-872c-170a30e1f982 a43fa1a2797e4811a45fc102db90466d a78409b3f59149c6a628e4a3218cc1d0 - - default default] Successfully bumped revision number for resource d9ec74d7-23d9-409e-a8d2-7986e5bfcc4b (type: security_group_rules) to 0
2026-06-22 03:02:27.829 9 INFO neutron.wsgi [None req-0183118b-e466-4696-872c-170a30e1f982 a43fa1a2797e4811a45fc102db90466d a78409b3f59149c6a628e4a3218cc1d0 - - default default] 10.0.0.55 "GET /v2.0/security-groups?tenant_id=ecd0c058ce584577ac6a141f07c87945&name=default HTTP/1.1" status: 200 len: 2996 time: 0.3901818
2026-06-22 03:02:28.060 10 INFO neutron.wsgi [None req-cb6e40bb-cc69-461e-914d-7e2ff90883c5 a43fa1a2797e4811a45fc102db90466d a78409b3f59149c6a628e4a3218cc1d0 - - default default] 10.0.0.55 "DELETE /v2.0/security-groups/446eded2-df9b-4cfc-b562-d80a2e8835ef HTTP/1.1" status: 204 len: 168 time: 0.2269986
2026-06-22 03:02:29.938 9 WARNING neutron_lib.context [None req-21238bcb-4160-4b79-8cd2-acf8f5659380 e28398d9d1c34d15bcc80c727f5c4356 3d4e91e86a754ff7a50acb8d3dba0429 - - default default] Method 'is_advsvc' is deprecated since 2023.2 release (neutron-lib 3.8.0) and will be removed once support for the old RBAC API policies will be removed from Neutron. Please use method 'is_service_role' instead.
2026-06-22 03:02:30.068 9 INFO neutron.db.ovn_revision_numbers_db [None req-21238bcb-4160-4b79-8cd2-acf8f5659380 e28398d9d1c34d15bcc80c727f5c4356 3d4e91e86a754ff7a50acb8d3dba0429 - - default default] Successfully bumped revision number for resource 82d98c5a-6c0b-4a11-ab27-34ee87bced27 (type: security_groups) to 1
2026-06-22 03:02:30.084 9 INFO neutron.db.ovn_revision_numbers_db [None req-21238bcb-4160-4b79-8cd2-acf8f5659380 e28398d9d1c34d15bcc80c727f5c4356 3d4e91e86a754ff7a50acb8d3dba0429 - - default default] Successfully bumped revision number for resource 130fb8a1-78b3-423e-950d-e4c12b01957c (type: security_group_rules) to 0
2026-06-22 03:02:30.100 9 INFO neutron.db.ovn_revision_numbers_db [None req-21238bcb-4160-4b79-8cd2-acf8f5659380 e28398d9d1c34d15bcc80c727f5c4356 3d4e91e86a754ff7a50acb8d3dba0429 - - default default] Successfully bumped revision number for resource 7b22fdb7-e04b-4d62-9138-b6102d9ced02 (type: security_group_rules) to 0
2026-06-22 03:02:30.116 9 INFO neutron.db.ovn_revision_numbers_db [None req-21238bcb-4160-4b79-8cd2-acf8f5659380 e28398d9d1c34d15bcc80c727f5c4356 3d4e91e86a754ff7a50acb8d3dba0429 - - default default] Successfully bumped revision number for resource d42f80e9-4e87-4b34-954b-b576ae499890 (type: security_group_rules) to 0
2026-06-22 03:02:30.131 9 INFO neutron.db.ovn_revision_numbers_db [None req-21238bcb-4160-4b79-8cd2-acf8f5659380 e28398d9d1c34d15bcc80c727f5c4356 3d4e91e86a754ff7a50acb8d3dba0429 - - default default] Successfully bumped revision number for resource d9742301-013e-4441-8b07-9bcb6e263a5e (type: security_group_rules) to 0
2026-06-22 03:02:30.182 9 INFO neutron.db.segments_db [None req-21238bcb-4160-4b79-8cd2-acf8f5659380 e28398d9d1c34d15bcc80c727f5c4356 3d4e91e86a754ff7a50acb8d3dba0429 - - default default] Added segment 7a5e3859-3d5d-4818-930d-a2887e23f954 of type geneve for network 944ccfc1-6590-4953-a7c1-e0aca911b97e
2026-06-22 03:02:30.360 9 INFO neutron.db.ovn_revision_numbers_db [None req-21238bcb-4160-4b79-8cd2-acf8f5659380 e28398d9d1c34d15bcc80c727f5c4356 3d4e91e86a754ff7a50acb8d3dba0429 - - default default] Successfully bumped revision number for resource 944ccfc1-6590-4953-a7c1-e0aca911b97e (type: networks) to 1
2026-06-22 03:02:30.564 9 WARNING neutron.scheduler.dhcp_agent_scheduler [None req-21238bcb-4160-4b79-8cd2-acf8f5659380 e28398d9d1c34d15bcc80c727f5c4356 3d4e91e86a754ff7a50acb8d3dba0429 - - default default] No more DHCP agents
2026-06-22 03:02:30.566 9 WARNING neutron.api.rpc.agentnotifiers.dhcp_rpc_agent_api [None req-21238bcb-4160-4b79-8cd2-acf8f5659380 e28398d9d1c34d15bcc80c727f5c4356 3d4e91e86a754ff7a50acb8d3dba0429 - - default default] Unable to schedule network 944ccfc1-6590-4953-a7c1-e0aca911b97e: no agents available; will retry on subsequent port and subnet creation events.
2026-06-22 03:02:30.669 10 INFO neutron.db.ovn_revision_numbers_db [None req-95c625ff-f871-4387-9d08-42115c1b5776 a43fa1a2797e4811a45fc102db90466d a78409b3f59149c6a628e4a3218cc1d0 - - default default] Successfully bumped revision number for resource bef116bb-d297-4808-bd49-aa0a6c4f7ea9 (type: security_groups) to 1
2026-06-22 03:02:30.676 9 INFO neutron.db.ovn_revision_numbers_db [None req-21238bcb-4160-4b79-8cd2-acf8f5659380 e28398d9d1c34d15bcc80c727f5c4356 3d4e91e86a754ff7a50acb8d3dba0429 - - default default] Successfully bumped revision number for resource 47ecd9e9-7dc1-4ebf-bf96-1a82f8affb6c (type: ports) to 1
2026-06-22 03:02:30.679 10 INFO neutron.db.ovn_revision_numbers_db [None req-76f3ef9d-e000-4148-b6dd-6e0127f38cef a43fa1a2797e4811a45fc102db90466d a78409b3f59149c6a628e4a3218cc1d0 - - default default] Successfully bumped revision number for resource dc7b4898-30ba-460a-8a62-aa95285e4820 (type: security_groups) to 1
2026-06-22 03:02:30.701 10 INFO neutron.db.ovn_revision_numbers_db [None req-95c625ff-f871-4387-9d08-42115c1b5776 a43fa1a2797e4811a45fc102db90466d a78409b3f59149c6a628e4a3218cc1d0 - - default default] Successfully bumped revision number for resource 1ad9e41c-4682-4e82-b696-466df470223a (type: security_group_rules) to 0
2026-06-22 03:02:30.709 10 INFO neutron.db.ovn_revision_numbers_db [None req-76f3ef9d-e000-4148-b6dd-6e0127f38cef a43fa1a2797e4811a45fc102db90466d a78409b3f59149c6a628e4a3218cc1d0 - - default default] Successfully bumped revision number for resource be472dd0-cc84-465e-8183-9691b1bd32e7 (type: security_group_rules) to 0
2026-06-22 03:02:30.720 9 INFO neutron.wsgi [None req-21238bcb-4160-4b79-8cd2-acf8f5659380 e28398d9d1c34d15bcc80c727f5c4356 3d4e91e86a754ff7a50acb8d3dba0429 - - default default] 10.0.0.55 "POST /v2.0/networks HTTP/1.1" status: 201 len: 830 time: 0.8802996
2026-06-22 03:02:30.723 10 INFO neutron.db.ovn_revision_numbers_db [None req-95c625ff-f871-4387-9d08-42115c1b5776 a43fa1a2797e4811a45fc102db90466d a78409b3f59149c6a628e4a3218cc1d0 - - default default] Successfully bumped revision number for resource 673272ef-86c3-48f2-9d19-1baee2d41f04 (type: security_group_rules) to 0
2026-06-22 03:02:30.735 10 INFO neutron.db.ovn_revision_numbers_db [None req-76f3ef9d-e000-4148-b6dd-6e0127f38cef a43fa1a2797e4811a45fc102db90466d a78409b3f59149c6a628e4a3218cc1d0 - - default default] Successfully bumped revision number for resource c9498581-0ee0-4951-bc16-70630fae2c04 (type: security_group_rules) to 0
2026-06-22 03:02:30.739 9 WARNING neutron_lib.context [None req-c5fa1264-c656-4dd5-9648-3359318864eb e28398d9d1c34d15bcc80c727f5c4356 3d4e91e86a754ff7a50acb8d3dba0429 - - default default] Method 'is_advsvc' is deprecated since 2023.2 release (neutron-lib 3.8.0) and will be removed once support for the old RBAC API policies will be removed from Neutron. Please use method 'is_service_role' instead.
2026-06-22 03:02:30.750 10 INFO neutron.db.ovn_revision_numbers_db [None req-95c625ff-f871-4387-9d08-42115c1b5776 a43fa1a2797e4811a45fc102db90466d a78409b3f59149c6a628e4a3218cc1d0 - - default default] Successfully bumped revision number for resource 9dc37cde-678c-4d23-b1fd-90ea56be02c6 (type: security_group_rules) to 0
2026-06-22 03:02:30.755 10 INFO neutron.db.ovn_revision_numbers_db [None req-76f3ef9d-e000-4148-b6dd-6e0127f38cef a43fa1a2797e4811a45fc102db90466d a78409b3f59149c6a628e4a3218cc1d0 - - default default] Successfully bumped revision number for resource dc786e80-fb13-4cb9-8d64-0d7aac7d656e (type: security_group_rules) to 0
2026-06-22 03:02:30.767 10 INFO neutron.db.ovn_revision_numbers_db [None req-95c625ff-f871-4387-9d08-42115c1b5776 a43fa1a2797e4811a45fc102db90466d a78409b3f59149c6a628e4a3218cc1d0 - - default default] Successfully bumped revision number for resource cdb1e3dc-37ff-4d4d-9364-95a2f6962435 (type: security_group_rules) to 0
2026-06-22 03:02:30.771 10 INFO neutron.db.ovn_revision_numbers_db [None req-76f3ef9d-e000-4148-b6dd-6e0127f38cef a43fa1a2797e4811a45fc102db90466d a78409b3f59149c6a628e4a3218cc1d0 - - default default] Successfully bumped revision number for resource fa672ca8-4fa3-4685-bec0-abc18c05fee9 (type: security_group_rules) to 0
2026-06-22 03:02:30.832 10 INFO neutron.wsgi [None req-95c625ff-f871-4387-9d08-42115c1b5776 a43fa1a2797e4811a45fc102db90466d a78409b3f59149c6a628e4a3218cc1d0 - - default default] 10.0.0.55 "GET /v2.0/security-groups?tenant_id=3968fc03b9084f2ca22409cd9ef8873c&name=default HTTP/1.1" status: 200 len: 2996 time: 0.4786923
2026-06-22 03:02:30.837 10 INFO neutron.wsgi [None req-76f3ef9d-e000-4148-b6dd-6e0127f38cef a43fa1a2797e4811a45fc102db90466d a78409b3f59149c6a628e4a3218cc1d0 - - default default] 10.0.0.55 "GET /v2.0/security-groups?tenant_id=fe7342fc44a54e66b1b98d218a3618b0&name=default HTTP/1.1" status: 200 len: 2996 time: 0.4213803
2026-06-22 03:02:30.867 9 INFO neutron.db.segments_db [None req-c5fa1264-c656-4dd5-9648-3359318864eb e28398d9d1c34d15bcc80c727f5c4356 3d4e91e86a754ff7a50acb8d3dba0429 - - default default] Added segment 37964bb9-c8f0-4ece-839f-621fc82a484c of type geneve for network 48c06479-1745-48f3-bb98-6fe597050a66
2026-06-22 03:02:31.018 9 INFO neutron.db.ovn_revision_numbers_db [None req-c5fa1264-c656-4dd5-9648-3359318864eb e28398d9d1c34d15bcc80c727f5c4356 3d4e91e86a754ff7a50acb8d3dba0429 - - default default] Successfully bumped revision number for resource 48c06479-1745-48f3-bb98-6fe597050a66 (type: networks) to 1
2026-06-22 03:02:31.063 10 INFO neutron.wsgi [None req-d62c6aea-53c1-432c-a459-53bf336428cb a43fa1a2797e4811a45fc102db90466d a78409b3f59149c6a628e4a3218cc1d0 - - default default] 10.0.0.55 "DELETE /v2.0/security-groups/dc7b4898-30ba-460a-8a62-aa95285e4820 HTTP/1.1" status: 204 len: 168 time: 0.2209854
2026-06-22 03:02:31.158 9 INFO neutron.wsgi [None req-b2cd65f5-b004-4835-95dd-eb92cb106875 a43fa1a2797e4811a45fc102db90466d a78409b3f59149c6a628e4a3218cc1d0 - - default default] 10.0.0.55 "DELETE /v2.0/security-groups/bef116bb-d297-4808-bd49-aa0a6c4f7ea9 HTTP/1.1" status: 204 len: 168 time: 0.3193719
2026-06-22 03:02:31.188 9 WARNING neutron.scheduler.dhcp_agent_scheduler [None req-c5fa1264-c656-4dd5-9648-3359318864eb e28398d9d1c34d15bcc80c727f5c4356 3d4e91e86a754ff7a50acb8d3dba0429 - - default default] No more DHCP agents
2026-06-22 03:02:31.190 9 WARNING neutron.api.rpc.agentnotifiers.dhcp_rpc_agent_api [None req-c5fa1264-c656-4dd5-9648-3359318864eb e28398d9d1c34d15bcc80c727f5c4356 3d4e91e86a754ff7a50acb8d3dba0429 - - default default] Unable to schedule network 48c06479-1745-48f3-bb98-6fe597050a66: no agents available; will retry on subsequent port and subnet creation events.
2026-06-22 03:02:31.269 9 INFO neutron.db.ovn_revision_numbers_db [None req-c5fa1264-c656-4dd5-9648-3359318864eb e28398d9d1c34d15bcc80c727f5c4356 3d4e91e86a754ff7a50acb8d3dba0429 - - default default] Successfully bumped revision number for resource 5dceac56-6d8a-4c79-be0f-f23a307d32d0 (type: ports) to 1
2026-06-22 03:02:31.294 9 INFO neutron.wsgi [None req-c5fa1264-c656-4dd5-9648-3359318864eb e28398d9d1c34d15bcc80c727f5c4356 3d4e91e86a754ff7a50acb8d3dba0429 - - default default] 10.0.0.55 "POST /v2.0/networks HTTP/1.1" status: 201 len: 831 time: 0.5652382
2026-06-22 03:02:31.394 9 INFO neutron.wsgi [None req-10eb92bd-25bc-4d5f-a72e-9dc5cbbf11ce e28398d9d1c34d15bcc80c727f5c4356 3d4e91e86a754ff7a50acb8d3dba0429 - - default default] 10.0.0.55 "PUT /v2.0/networks/944ccfc1-6590-4953-a7c1-e0aca911b97e/tags HTTP/1.1" status: 200 len: 218 time: 0.0921850
2026-06-22 03:02:31.439 9 INFO neutron.wsgi [None req-22b3a190-3537-4cb4-af1e-cde52c24d9bd e28398d9d1c34d15bcc80c727f5c4356 3d4e91e86a754ff7a50acb8d3dba0429 - - default default] 10.0.0.55 "GET /v2.0/networks/944ccfc1-6590-4953-a7c1-e0aca911b97e/tags HTTP/1.1" status: 200 len: 218 time: 0.0407412
2026-06-22 03:02:31.495 9 INFO neutron.wsgi [None req-dc0ac19d-4843-4be3-849a-62307fed96f8 e28398d9d1c34d15bcc80c727f5c4356 3d4e91e86a754ff7a50acb8d3dba0429 - - default default] 10.0.0.55 "PUT /v2.0/networks/48c06479-1745-48f3-bb98-6fe597050a66/tags HTTP/1.1" status: 200 len: 210 time: 0.0513299
2026-06-22 03:02:31.538 9 INFO neutron.wsgi [None req-4c1e47af-899a-408e-9e50-9e2d88fe7dab e28398d9d1c34d15bcc80c727f5c4356 3d4e91e86a754ff7a50acb8d3dba0429 - - default default] 10.0.0.55 "GET /v2.0/networks/48c06479-1745-48f3-bb98-6fe597050a66/tags HTTP/1.1" status: 200 len: 210 time: 0.0392869
2026-06-22 03:02:31.607 9 INFO neutron.wsgi [None req-cf94545e-6273-45bd-a08b-f1e711b7113c e28398d9d1c34d15bcc80c727f5c4356 3d4e91e86a754ff7a50acb8d3dba0429 - - default default] 10.0.0.55 "PUT /v2.0/networks/48c06479-1745-48f3-bb98-6fe597050a66/tags HTTP/1.1" status: 200 len: 205 time: 0.0611856
2026-06-22 03:02:31.652 9 INFO neutron.wsgi [None req-2d14280b-b3da-4e12-bb06-e4e97c611b9c e28398d9d1c34d15bcc80c727f5c4356 3d4e91e86a754ff7a50acb8d3dba0429 - - default default] 10.0.0.55 "GET /v2.0/networks/48c06479-1745-48f3-bb98-6fe597050a66/tags HTTP/1.1" status: 200 len: 205 time: 0.0400262
2026-06-22 03:02:31.698 9 INFO neutron.wsgi [None req-4137ac13-eac7-48b3-97ad-f566141acc1d e28398d9d1c34d15bcc80c727f5c4356 3d4e91e86a754ff7a50acb8d3dba0429 - - default default] 10.0.0.55 "GET /v2.0/networks/944ccfc1-6590-4953-a7c1-e0aca911b97e/tags HTTP/1.1" status: 200 len: 218 time: 0.0415244
2026-06-22 03:02:32.081 9 INFO neutron.services.segments.plugin [-] Segment 7a5e3859-3d5d-4818-930d-a2887e23f954 resource provider aggregate not found
2026-06-22 03:02:32.085 9 INFO neutron.services.segments.plugin [-] Segment 7a5e3859-3d5d-4818-930d-a2887e23f954 resource provider aggregate not found
2026-06-22 03:02:32.101 9 INFO neutron.services.segments.plugin [-] Segment 7a5e3859-3d5d-4818-930d-a2887e23f954 resource provider not found; error: Placement Client Error (4xx): {"errors": [{"status": 404, "title": "Not Found", "detail": "The resource could not be found.\n\n No resource provider with uuid 7a5e3859-3d5d-4818-930d-a2887e23f954 found for delete ", "request_id": "req-119155a2-ee46-4f86-ae3d-9ee2f5b97a6e"}]}
2026-06-22 03:02:32.102 9 INFO neutron.services.segments.plugin [-] Segment 7a5e3859-3d5d-4818-930d-a2887e23f954 resource provider not found; error: Placement Client Error (4xx): {"errors": [{"status": 404, "title": "Not Found", "detail": "The resource could not be found.\n\n No resource provider with uuid 7a5e3859-3d5d-4818-930d-a2887e23f954 found for delete ", "request_id": "req-e163cbc5-3e70-43a1-a71d-8557f28c8111"}]}
2026-06-22 03:02:32.124 9 INFO neutron.wsgi [None req-741f363c-1455-4c85-ad6e-115d3f59b1ee e28398d9d1c34d15bcc80c727f5c4356 3d4e91e86a754ff7a50acb8d3dba0429 - - default default] 10.0.0.55 "DELETE /v2.0/networks/944ccfc1-6590-4953-a7c1-e0aca911b97e HTTP/1.1" status: 204 len: 168 time: 0.4069726
2026-06-22 03:02:32.519 10 INFO neutron.services.segments.plugin [-] Segment 37964bb9-c8f0-4ece-839f-621fc82a484c resource provider aggregate not found
2026-06-22 03:02:32.524 10 INFO neutron.services.segments.plugin [-] Segment 37964bb9-c8f0-4ece-839f-621fc82a484c resource provider aggregate not found
2026-06-22 03:02:32.540 10 INFO neutron.services.segments.plugin [-] Segment 37964bb9-c8f0-4ece-839f-621fc82a484c resource provider not found; error: Placement Client Error (4xx): {"errors": [{"status": 404, "title": "Not Found", "detail": "The resource could not be found.\n\n No resource provider with uuid 37964bb9-c8f0-4ece-839f-621fc82a484c found for delete ", "request_id": "req-347563f3-f27b-4616-9a6e-1151bd6d9409"}]}
2026-06-22 03:02:32.541 10 INFO neutron.services.segments.plugin [-] Segment 37964bb9-c8f0-4ece-839f-621fc82a484c resource provider not found; error: Placement Client Error (4xx): {"errors": [{"status": 404, "title": "Not Found", "detail": "The resource could not be found.\n\n No resource provider with uuid 37964bb9-c8f0-4ece-839f-621fc82a484c found for delete ", "request_id": "req-e5906f07-f4aa-4421-9f19-b73a9423f23e"}]}
2026-06-22 03:02:32.568 10 INFO neutron.wsgi [None req-ad4e7d05-537d-4f7e-84db-0809f9f39912 e28398d9d1c34d15bcc80c727f5c4356 3d4e91e86a754ff7a50acb8d3dba0429 - - default default] 10.0.0.55 "DELETE /v2.0/networks/48c06479-1745-48f3-bb98-6fe597050a66 HTTP/1.1" status: 204 len: 168 time: 0.4384060
2026-06-22 03:02:33.029 9 INFO neutron.wsgi [req-00437081-49df-4958-9a24-1b80b4615f30 req-cfd6bb5d-b108-4151-b824-f936214837b4 14ad515bb3e84e3f8d5835d7c3ff3f09 706810faf66d456282dcbd0494c25a6c - - c46d4649a6f346408113f68b45b21958 c46d4649a6f346408113f68b45b21958] 10.0.0.26 "GET /v2.0/ports?device_id=ddcf2fa2-6daf-4725-9c25-1543996bad3d HTTP/1.1" status: 200 len: 1413 time: 0.0409651
2026-06-22 03:02:33.099 9 INFO neutron.wsgi [req-00437081-49df-4958-9a24-1b80b4615f30 req-3bcbed67-9717-4dac-b9be-30b21bccd981 14ad515bb3e84e3f8d5835d7c3ff3f09 706810faf66d456282dcbd0494c25a6c - - c46d4649a6f346408113f68b45b21958 c46d4649a6f346408113f68b45b21958] 10.0.0.26 "GET /v2.0/security-groups?id=87654c1c-8c8c-4501-8854-d945460655e8&fields=id&fields=name HTTP/1.1" status: 200 len: 313 time: 0.0616136
2026-06-22 03:02:33.457 9 INFO neutron.wsgi [None req-e9f986d0-17e4-4821-a384-f6776f4c7e8a a43fa1a2797e4811a45fc102db90466d a78409b3f59149c6a628e4a3218cc1d0 - - default default] 10.0.0.55 "GET /v2.0/security-groups?tenant_id=3d4e91e86a754ff7a50acb8d3dba0429&name=default HTTP/1.1" status: 200 len: 2996 time: 0.1684382
2026-06-22 03:02:33.657 9 INFO neutron.wsgi [None req-cb304758-a972-4dac-8ec5-7d6c3b1dcc75 a43fa1a2797e4811a45fc102db90466d a78409b3f59149c6a628e4a3218cc1d0 - - default default] 10.0.0.55 "DELETE /v2.0/security-groups/82d98c5a-6c0b-4a11-ab27-34ee87bced27 HTTP/1.1" status: 204 len: 168 time: 0.1958156
2026-06-22 03:02:33.973 9 INFO neutron.db.ovn_revision_numbers_db [None req-5bb44e6d-6fc2-4953-a445-d6d7b99327f8 a43fa1a2797e4811a45fc102db90466d a78409b3f59149c6a628e4a3218cc1d0 - - default default] Successfully bumped revision number for resource d8351eed-8906-4ac3-ab70-bbc6b7734ddb (type: security_groups) to 1
2026-06-22 03:02:33.994 9 INFO neutron.db.ovn_revision_numbers_db [None req-5bb44e6d-6fc2-4953-a445-d6d7b99327f8 a43fa1a2797e4811a45fc102db90466d a78409b3f59149c6a628e4a3218cc1d0 - - default default] Successfully bumped revision number for resource 3117f22f-ea5f-4690-87a1-067aca5dd9fb (type: security_group_rules) to 0
2026-06-22 03:02:34.013 9 INFO neutron.db.ovn_revision_numbers_db [None req-5bb44e6d-6fc2-4953-a445-d6d7b99327f8 a43fa1a2797e4811a45fc102db90466d a78409b3f59149c6a628e4a3218cc1d0 - - default default] Successfully bumped revision number for resource 5afa0d16-e40d-470a-b195-f82e22298242 (type: security_group_rules) to 0
2026-06-22 03:02:34.059 9 INFO neutron.db.ovn_revision_numbers_db [None req-5bb44e6d-6fc2-4953-a445-d6d7b99327f8 a43fa1a2797e4811a45fc102db90466d a78409b3f59149c6a628e4a3218cc1d0 - - default default] Successfully bumped revision number for resource 733d9f87-6dfe-4ff8-b5a0-60d081c4bcdf (type: security_group_rules) to 0
2026-06-22 03:02:34.100 9 INFO neutron.db.ovn_revision_numbers_db [None req-5bb44e6d-6fc2-4953-a445-d6d7b99327f8 a43fa1a2797e4811a45fc102db90466d a78409b3f59149c6a628e4a3218cc1d0 - - default default] Successfully bumped revision number for resource ccf6f592-bb89-4857-958e-9027ca92765f (type: security_group_rules) to 0
2026-06-22 03:02:34.127 9 INFO neutron.wsgi [None req-5bb44e6d-6fc2-4953-a445-d6d7b99327f8 a43fa1a2797e4811a45fc102db90466d a78409b3f59149c6a628e4a3218cc1d0 - - default default] 10.0.0.55 "GET /v2.0/security-groups?tenant_id=2b3709b814ed4f1bb58162d02fa91f50&name=default HTTP/1.1" status: 200 len: 2996 time: 0.2949643
2026-06-22 03:02:34.420 9 INFO neutron.wsgi [None req-df51e996-5069-41ae-b73f-cd3cf569c037 a43fa1a2797e4811a45fc102db90466d a78409b3f59149c6a628e4a3218cc1d0 - - default default] 10.0.0.55 "DELETE /v2.0/security-groups/d8351eed-8906-4ac3-ab70-bbc6b7734ddb HTTP/1.1" status: 204 len: 168 time: 0.2888412
2026-06-22 03:02:34.451 10 INFO neutron.plugins.ml2.drivers.ovn.mech_driver.mech_driver [None req-8c249fe5-823f-4449-a8b7-ebce9e168214 - - - - - -] OVN reports status down for port: d370e37f-d273-4272-ac19-a9646512d683
2026-06-22 03:02:34.548 10 INFO neutron.wsgi [req-ad8b0ce1-41b6-4c35-896e-5cb9085eb8c1 req-27049e1e-563b-4f39-b27c-c4ed3034fabd 0615b1924bb947de8d8c23c6e6f1335f f7da208762ab45f7be3d1cdbdf842b80 - - default default] 10.0.0.111 "GET /v2.0/ports?device_id=ddcf2fa2-6daf-4725-9c25-1543996bad3d HTTP/1.1" status: 200 len: 1174 time: 0.1615713
2026-06-22 03:02:34.656 10 INFO neutron.notifiers.nova [-] Nova event matching ['req-0c581c10-e296-4248-9730-09af19a1f19f'] response: {'server_uuid': 'ddcf2fa2-6daf-4725-9c25-1543996bad3d', 'name': 'network-vif-unplugged', 'status': 'completed', 'tag': 'd370e37f-d273-4272-ac19-a9646512d683', 'code': 200}
2026-06-22 03:02:34.670 10 INFO neutron.wsgi [req-ad8b0ce1-41b6-4c35-896e-5cb9085eb8c1 req-cd9ca917-1d8f-4c72-b4a5-e6a59c43af5b 0615b1924bb947de8d8c23c6e6f1335f f7da208762ab45f7be3d1cdbdf842b80 - - default default] 10.0.0.111 "GET /v2.0/security-groups?id=87654c1c-8c8c-4501-8854-d945460655e8&fields=id&fields=name HTTP/1.1" status: 200 len: 313 time: 0.0912793
2026-06-22 03:02:34.757 10 INFO neutron.wsgi [req-245a2b45-bb4c-4cb9-8649-582edb9ce69c req-81f1b42f-69d9-4a92-8113-a5c02166d53c 0615b1924bb947de8d8c23c6e6f1335f f7da208762ab45f7be3d1cdbdf842b80 - - default default] 199.204.45.177 "GET /v2.0/ports?device_id=ddcf2fa2-6daf-4725-9c25-1543996bad3d HTTP/1.1" status: 200 len: 1172 time: 0.0691884
2026-06-22 03:02:34.951 10 INFO neutron.db.ovn_revision_numbers_db [None req-8c249fe5-823f-4449-a8b7-ebce9e168214 - - - - - -] Successfully bumped revision number for resource d370e37f-d273-4272-ac19-a9646512d683 (type: ports) to 5
2026-06-22 03:02:35.669 10 INFO neutron.db.l3_db [req-245a2b45-bb4c-4cb9-8649-582edb9ce69c req-51221405-4657-4cdd-8700-000c10cad2e6 0615b1924bb947de8d8c23c6e6f1335f f7da208762ab45f7be3d1cdbdf842b80 - - default default] Floating IP 4b84e128-d3f2-4cc6-ba96-ec289e8c175c disassociated. External IP: 10.96.250.217, port: d370e37f-d273-4272-ac19-a9646512d683. /var/lib/openstack/lib/python3.10/site-packages/pycadf/identifier.py:71: UserWarning: Invalid uuid: neutron. To ensure interoperability, identifiers should be a valid uuid. warnings.warn(('Invalid uuid: %s. To ensure interoperability, '
2026-06-22 03:02:35.780 10 INFO neutron.wsgi [req-2e969b3e-e9a1-430b-9171-cbad053f10a5 req-fed021e7-fcfa-4224-bff2-a2e6d05b26c1 0615b1924bb947de8d8c23c6e6f1335f f7da208762ab45f7be3d1cdbdf842b80 - - default default] 10.0.0.111 "GET /v2.0/ports?device_id=ddcf2fa2-6daf-4725-9c25-1543996bad3d HTTP/1.1" status: 200 len: 1172 time: 0.0359180
2026-06-22 03:02:35.832 10 INFO neutron.wsgi [req-2e969b3e-e9a1-430b-9171-cbad053f10a5 req-8d926814-f87b-4c7e-9512-0030e66103f5 0615b1924bb947de8d8c23c6e6f1335f f7da208762ab45f7be3d1cdbdf842b80 - - default default] 10.0.0.111 "GET /v2.0/security-groups?id=87654c1c-8c8c-4501-8854-d945460655e8&fields=id&fields=name HTTP/1.1" status: 200 len: 313 time: 0.0440447
2026-06-22 03:02:35.856 10 WARNING neutron_lib.context [None req-93e219ff-2995-4a04-beb4-61b8741c9676 07b256aecfd744e7a2dc3d34799853bc e76728a5c8c14162a6d2f2cbd9f35ad9 - - default default] Method 'is_advsvc' is deprecated since 2023.2 release (neutron-lib 3.8.0) and will be removed once support for the old RBAC API policies will be removed from Neutron. Please use method 'is_service_role' instead.
2026-06-22 03:02:35.867 10 INFO neutron.wsgi [req-245a2b45-bb4c-4cb9-8649-582edb9ce69c req-51221405-4657-4cdd-8700-000c10cad2e6 0615b1924bb947de8d8c23c6e6f1335f f7da208762ab45f7be3d1cdbdf842b80 - - default default] 199.204.45.177 "DELETE /v2.0/ports/d370e37f-d273-4272-ac19-a9646512d683 HTTP/1.1" status: 204 len: 173 time: 1.1027048 /var/lib/openstack/lib/python3.10/site-packages/pycadf/identifier.py:71: UserWarning: Invalid uuid: neutron. To ensure interoperability, identifiers should be a valid uuid. warnings.warn(('Invalid uuid: %s. To ensure interoperability, '
2026-06-22 03:02:35.932 9 WARNING neutron_lib.context [None req-9466185e-0c0f-498e-a0c7-423c37bddc5c 065c8e2e099e466a9432f55cc85dcd3b 6d8c3af62cdb4763b90145592a1e0484 - - default default] Method 'is_advsvc' is deprecated since 2023.2 release (neutron-lib 3.8.0) and will be removed once support for the old RBAC API policies will be removed from Neutron. Please use method 'is_service_role' instead.
2026-06-22 03:02:35.989 10 INFO neutron.db.ovn_revision_numbers_db [None req-93e219ff-2995-4a04-beb4-61b8741c9676 07b256aecfd744e7a2dc3d34799853bc e76728a5c8c14162a6d2f2cbd9f35ad9 - - default default] Successfully bumped revision number for resource 4642f2db-0889-4eb7-bf92-9155944a3c9e (type: security_groups) to 1
2026-06-22 03:02:36.004 10 INFO neutron.db.ovn_revision_numbers_db [None req-93e219ff-2995-4a04-beb4-61b8741c9676 07b256aecfd744e7a2dc3d34799853bc e76728a5c8c14162a6d2f2cbd9f35ad9 - - default default] Successfully bumped revision number for resource 04d690e3-e728-4523-bab0-10baf65efcfa (type: security_group_rules) to 0
2026-06-22 03:02:36.025 10 INFO neutron.db.ovn_revision_numbers_db [None req-93e219ff-2995-4a04-beb4-61b8741c9676 07b256aecfd744e7a2dc3d34799853bc e76728a5c8c14162a6d2f2cbd9f35ad9 - - default default] Successfully bumped revision number for resource 05a8addd-9c81-42da-9847-f5130df57380 (type: security_group_rules) to 0
2026-06-22 03:02:36.041 9 INFO neutron.wsgi [-] 10.0.0.75 "GET / HTTP/1.1" status: 200 len: 247 time: 0.0014861
2026-06-22 03:02:36.043 9 INFO neutron.wsgi [-] 10.0.0.75 "GET / HTTP/1.1" status: 200 len: 247 time: 0.0014353
2026-06-22 03:02:36.045 10 INFO neutron.db.ovn_revision_numbers_db [None req-93e219ff-2995-4a04-beb4-61b8741c9676 07b256aecfd744e7a2dc3d34799853bc e76728a5c8c14162a6d2f2cbd9f35ad9 - - default default] Successfully bumped revision number for resource e20fbda5-5dbf-466d-898c-85dbc983b258 (type: security_group_rules) to 0
2026-06-22 03:02:36.061 9 INFO neutron.db.ovn_revision_numbers_db [None req-9466185e-0c0f-498e-a0c7-423c37bddc5c 065c8e2e099e466a9432f55cc85dcd3b 6d8c3af62cdb4763b90145592a1e0484 - - default default] Successfully bumped revision number for resource ac45e381-fc8d-4863-8e7c-8515718f6a75 (type: security_groups) to 1
2026-06-22 03:02:36.063 10 INFO neutron.db.ovn_revision_numbers_db [None req-93e219ff-2995-4a04-beb4-61b8741c9676 07b256aecfd744e7a2dc3d34799853bc e76728a5c8c14162a6d2f2cbd9f35ad9 - - default default] Successfully bumped revision number for resource e2497117-bf11-43fd-941f-db994c6542ce (type: security_group_rules) to 0
2026-06-22 03:02:36.080 9 INFO neutron.db.ovn_revision_numbers_db [None req-9466185e-0c0f-498e-a0c7-423c37bddc5c 065c8e2e099e466a9432f55cc85dcd3b 6d8c3af62cdb4763b90145592a1e0484 - - default default] Successfully bumped revision number for resource 38ef6290-fcb3-4e18-b396-c33e15dbc815 (type: security_group_rules) to 0
2026-06-22 03:02:36.091 9 INFO neutron.db.ovn_revision_numbers_db [None req-9466185e-0c0f-498e-a0c7-423c37bddc5c 065c8e2e099e466a9432f55cc85dcd3b 6d8c3af62cdb4763b90145592a1e0484 - - default default] Successfully bumped revision number for resource 4cfd98f4-250c-4b4e-98d8-c2c8d5e8b2ae (type: security_group_rules) to 0
2026-06-22 03:02:36.106 9 INFO neutron.db.ovn_revision_numbers_db [None req-9466185e-0c0f-498e-a0c7-423c37bddc5c 065c8e2e099e466a9432f55cc85dcd3b 6d8c3af62cdb4763b90145592a1e0484 - - default default] Successfully bumped revision number for resource 83710a59-e4a7-48e3-8413-fd76ee7d3c3f (type: security_group_rules) to 0
2026-06-22 03:02:36.120 9 INFO neutron.db.ovn_revision_numbers_db [None req-9466185e-0c0f-498e-a0c7-423c37bddc5c 065c8e2e099e466a9432f55cc85dcd3b 6d8c3af62cdb4763b90145592a1e0484 - - default default] Successfully bumped revision number for resource ce3de268-b813-4749-9583-ea00c9d6f506 (type: security_group_rules) to 0
2026-06-22 03:02:36.120 10 INFO neutron.db.segments_db [None req-93e219ff-2995-4a04-beb4-61b8741c9676 07b256aecfd744e7a2dc3d34799853bc e76728a5c8c14162a6d2f2cbd9f35ad9 - - default default] Added segment ed6f306c-5897-4498-97f9-de9445efdacd of type geneve for network 0f86db27-36e7-4745-8588-4d7c11cff0d6
2026-06-22 03:02:36.181 9 INFO neutron.db.segments_db [None req-9466185e-0c0f-498e-a0c7-423c37bddc5c 065c8e2e099e466a9432f55cc85dcd3b 6d8c3af62cdb4763b90145592a1e0484 - - default default] Added segment 2fc9bb04-b0f5-415e-b0a6-1bf9c6ab7d83 of type geneve for network 8060b08a-3070-42f7-812a-fe8c526dac55
2026-06-22 03:02:36.282 10 INFO neutron.db.ovn_revision_numbers_db [None req-93e219ff-2995-4a04-beb4-61b8741c9676 07b256aecfd744e7a2dc3d34799853bc e76728a5c8c14162a6d2f2cbd9f35ad9 - - default default] Successfully bumped revision number for resource 0f86db27-36e7-4745-8588-4d7c11cff0d6 (type: networks) to 1
2026-06-22 03:02:36.384 9 INFO neutron.db.ovn_revision_numbers_db [None req-9466185e-0c0f-498e-a0c7-423c37bddc5c 065c8e2e099e466a9432f55cc85dcd3b 6d8c3af62cdb4763b90145592a1e0484 - - default default] Successfully bumped revision number for resource 8060b08a-3070-42f7-812a-fe8c526dac55 (type: networks) to 1
2026-06-22 03:02:36.472 10 WARNING neutron.scheduler.dhcp_agent_scheduler [None req-93e219ff-2995-4a04-beb4-61b8741c9676 07b256aecfd744e7a2dc3d34799853bc e76728a5c8c14162a6d2f2cbd9f35ad9 - - default default] No more DHCP agents
2026-06-22 03:02:36.474 10 WARNING neutron.api.rpc.agentnotifiers.dhcp_rpc_agent_api [None req-93e219ff-2995-4a04-beb4-61b8741c9676 07b256aecfd744e7a2dc3d34799853bc e76728a5c8c14162a6d2f2cbd9f35ad9 - - default default] Unable to schedule network 0f86db27-36e7-4745-8588-4d7c11cff0d6: no agents available; will retry on subsequent port and subnet creation events.
2026-06-22 03:02:36.578 10 INFO neutron.db.ovn_revision_numbers_db [None req-93e219ff-2995-4a04-beb4-61b8741c9676 07b256aecfd744e7a2dc3d34799853bc e76728a5c8c14162a6d2f2cbd9f35ad9 - - default default] Successfully bumped revision number for resource d841c5ae-d9ab-4b1c-9f1a-e08ed8a3bb00 (type: ports) to 1
2026-06-22 03:02:36.593 9 WARNING neutron.scheduler.dhcp_agent_scheduler [None req-9466185e-0c0f-498e-a0c7-423c37bddc5c 065c8e2e099e466a9432f55cc85dcd3b 6d8c3af62cdb4763b90145592a1e0484 - - default default] No more DHCP agents
2026-06-22 03:02:36.595 9 WARNING neutron.api.rpc.agentnotifiers.dhcp_rpc_agent_api [None req-9466185e-0c0f-498e-a0c7-423c37bddc5c 065c8e2e099e466a9432f55cc85dcd3b 6d8c3af62cdb4763b90145592a1e0484 - - default default] Unable to schedule network 8060b08a-3070-42f7-812a-fe8c526dac55: no agents available; will retry on subsequent port and subnet creation events.
2026-06-22 03:02:36.602 10 INFO neutron.wsgi [None req-93e219ff-2995-4a04-beb4-61b8741c9676 07b256aecfd744e7a2dc3d34799853bc e76728a5c8c14162a6d2f2cbd9f35ad9 - - default default] 10.0.0.55 "POST /v2.0/networks HTTP/1.1" status: 201 len: 830 time: 0.8931530
2026-06-22 03:02:36.612 10 WARNING neutron_lib.context [None req-0ab9a71a-06a3-4e2b-85a1-2b4a67a7c128 07b256aecfd744e7a2dc3d34799853bc e76728a5c8c14162a6d2f2cbd9f35ad9 - - default default] Method 'is_advsvc' is deprecated since 2023.2 release (neutron-lib 3.8.0) and will be removed once support for the old RBAC API policies will be removed from Neutron. Please use method 'is_service_role' instead.
2026-06-22 03:02:36.691 10 INFO neutron.notifiers.nova [-] Nova event matching ['req-1c071d79-b9ec-4464-b80b-b709fae161eb'] response: {'server_uuid': 'ddcf2fa2-6daf-4725-9c25-1543996bad3d', 'name': 'network-vif-plugged', 'status': 'completed', 'tag': 'd370e37f-d273-4272-ac19-a9646512d683', 'code': 200}
2026-06-22 03:02:36.691 10 INFO neutron.notifiers.nova [-] Nova event matching ['req-1c071d79-b9ec-4464-b80b-b709fae161eb'] response: {'server_uuid': 'ddcf2fa2-6daf-4725-9c25-1543996bad3d', 'name': 'network-vif-deleted', 'tag': 'd370e37f-d273-4272-ac19-a9646512d683', 'status': 'completed', 'code': 200}
2026-06-22 03:02:36.696 10 INFO neutron.db.segments_db [None req-0ab9a71a-06a3-4e2b-85a1-2b4a67a7c128 07b256aecfd744e7a2dc3d34799853bc e76728a5c8c14162a6d2f2cbd9f35ad9 - - default default] Added segment 776bfd68-8d28-4334-bc2d-204d92d8d3cf of type geneve for network 6a0aa1db-0108-449a-b33c-34a797faeafe
2026-06-22 03:02:36.718 9 INFO neutron.db.ovn_revision_numbers_db [None req-9466185e-0c0f-498e-a0c7-423c37bddc5c 065c8e2e099e466a9432f55cc85dcd3b 6d8c3af62cdb4763b90145592a1e0484 - - default default] Successfully bumped revision number for resource db695f1c-c0ad-40d3-9262-546c64a7a22d (type: ports) to 1
2026-06-22 03:02:36.742 9 INFO neutron.wsgi [None req-9466185e-0c0f-498e-a0c7-423c37bddc5c 065c8e2e099e466a9432f55cc85dcd3b 6d8c3af62cdb4763b90145592a1e0484 - - default default] 10.0.0.55 "POST /v2.0/networks HTTP/1.1" status: 201 len: 830 time: 0.8717473
2026-06-22 03:02:36.753 10 WARNING neutron_lib.context [None req-a6ea951b-5f65-478d-bf1b-d04f1fe9021c 065c8e2e099e466a9432f55cc85dcd3b 6d8c3af62cdb4763b90145592a1e0484 - - default default] Method 'is_advsvc' is deprecated since 2023.2 release (neutron-lib 3.8.0) and will be removed once support for the old RBAC API policies will be removed from Neutron. Please use method 'is_service_role' instead.
2026-06-22 03:02:36.910 10 INFO neutron.db.ovn_revision_numbers_db [None req-0ab9a71a-06a3-4e2b-85a1-2b4a67a7c128 07b256aecfd744e7a2dc3d34799853bc e76728a5c8c14162a6d2f2cbd9f35ad9 - - default default] Successfully bumped revision number for resource 6a0aa1db-0108-449a-b33c-34a797faeafe (type: networks) to 1
2026-06-22 03:02:37.032 9 INFO neutron.wsgi [None req-eef2f342-efd3-42ee-b810-c4bb8e34aaa2 0615b1924bb947de8d8c23c6e6f1335f f7da208762ab45f7be3d1cdbdf842b80 - - default default] 10.0.0.55 "DELETE /v2.0/security-groups/87654c1c-8c8c-4501-8854-d945460655e8 HTTP/1.1" status: 204 len: 168 time: 0.1406410
2026-06-22 03:02:37.162 10 WARNING neutron.scheduler.dhcp_agent_scheduler [None req-a6ea951b-5f65-478d-bf1b-d04f1fe9021c 065c8e2e099e466a9432f55cc85dcd3b 6d8c3af62cdb4763b90145592a1e0484 - - default default] No more DHCP agents
2026-06-22 03:02:37.165 10 WARNING neutron.api.rpc.agentnotifiers.dhcp_rpc_agent_api [None req-a6ea951b-5f65-478d-bf1b-d04f1fe9021c 065c8e2e099e466a9432f55cc85dcd3b 6d8c3af62cdb4763b90145592a1e0484 - - default default] Unable to schedule network 8060b08a-3070-42f7-812a-fe8c526dac55: no agents available; will retry on subsequent port and subnet creation events.
2026-06-22 03:02:37.222 10 WARNING neutron.scheduler.dhcp_agent_scheduler [None req-0ab9a71a-06a3-4e2b-85a1-2b4a67a7c128 07b256aecfd744e7a2dc3d34799853bc e76728a5c8c14162a6d2f2cbd9f35ad9 - - default default] No more DHCP agents
2026-06-22 03:02:37.232 10 WARNING neutron.api.rpc.agentnotifiers.dhcp_rpc_agent_api [None req-0ab9a71a-06a3-4e2b-85a1-2b4a67a7c128 07b256aecfd744e7a2dc3d34799853bc e76728a5c8c14162a6d2f2cbd9f35ad9 - - default default] Unable to schedule network 6a0aa1db-0108-449a-b33c-34a797faeafe: no agents available; will retry on subsequent port and subnet creation events.
2026-06-22 03:02:37.475 10 INFO neutron.db.ovn_revision_numbers_db [None req-0ab9a71a-06a3-4e2b-85a1-2b4a67a7c128 07b256aecfd744e7a2dc3d34799853bc e76728a5c8c14162a6d2f2cbd9f35ad9 - - default default] Successfully bumped revision number for resource 629db2e8-9868-474e-a94f-99ca826a6b5e (type: ports) to 1
2026-06-22 03:02:37.514 10 INFO neutron.wsgi [None req-0ab9a71a-06a3-4e2b-85a1-2b4a67a7c128 07b256aecfd744e7a2dc3d34799853bc e76728a5c8c14162a6d2f2cbd9f35ad9 - - default default] 10.0.0.55 "POST /v2.0/networks HTTP/1.1" status: 201 len: 831 time: 0.9071610
2026-06-22 03:02:37.525 9 WARNING neutron_lib.context [None req-a6949fa8-ffd6-440c-b570-a151a41ffe39 07b256aecfd744e7a2dc3d34799853bc e76728a5c8c14162a6d2f2cbd9f35ad9 - - default default] Method 'is_advsvc' is deprecated since 2023.2 release (neutron-lib 3.8.0) and will be removed once support for the old RBAC API policies will be removed from Neutron. Please use method 'is_service_role' instead.
2026-06-22 03:02:37.695 9 INFO neutron.db.segments_db [None req-a6949fa8-ffd6-440c-b570-a151a41ffe39 07b256aecfd744e7a2dc3d34799853bc e76728a5c8c14162a6d2f2cbd9f35ad9 - - default default] Added segment da9bd57d-0d1b-4118-acd8-e718812ba40d of type geneve for network 930644f4-7161-4d40-9e56-5d20552c2946
2026-06-22 03:02:37.794 10 INFO neutron.wsgi [None req-bcbf35d8-8064-462e-accd-c3a4576cc62e 0615b1924bb947de8d8c23c6e6f1335f f7da208762ab45f7be3d1cdbdf842b80 - - default default] 10.0.0.55 "DELETE /v2.0/floatingips/4b84e128-d3f2-4cc6-ba96-ec289e8c175c HTTP/1.1" status: 204 len: 168 time: 0.7231076
2026-06-22 03:02:37.826 9 INFO neutron.db.ovn_revision_numbers_db [None req-a6949fa8-ffd6-440c-b570-a151a41ffe39 07b256aecfd744e7a2dc3d34799853bc e76728a5c8c14162a6d2f2cbd9f35ad9 - - default default] Successfully bumped revision number for resource 930644f4-7161-4d40-9e56-5d20552c2946 (type: networks) to 1
2026-06-22 03:02:37.990 10 INFO neutron.db.ovn_revision_numbers_db [None req-a6ea951b-5f65-478d-bf1b-d04f1fe9021c 065c8e2e099e466a9432f55cc85dcd3b 6d8c3af62cdb4763b90145592a1e0484 - - default default] Successfully bumped revision number for resource db695f1c-c0ad-40d3-9262-546c64a7a22d (type: ports) to 2
2026-06-22 03:02:37.997 10 INFO neutron.plugins.ml2.drivers.ovn.mech_driver.mech_driver [None req-8c249fe5-823f-4449-a8b7-ebce9e168214 - - - - - -] OVN reports status down for port: 666411e2-2c1f-4aae-b8b6-7c4838e090a8
2026-06-22 03:02:38.024 9 WARNING neutron.scheduler.dhcp_agent_scheduler [None req-a6949fa8-ffd6-440c-b570-a151a41ffe39 07b256aecfd744e7a2dc3d34799853bc e76728a5c8c14162a6d2f2cbd9f35ad9 - - default default] No more DHCP agents
2026-06-22 03:02:38.025 9 WARNING neutron.api.rpc.agentnotifiers.dhcp_rpc_agent_api [None req-a6949fa8-ffd6-440c-b570-a151a41ffe39 07b256aecfd744e7a2dc3d34799853bc e76728a5c8c14162a6d2f2cbd9f35ad9 - - default default] Unable to schedule network 930644f4-7161-4d40-9e56-5d20552c2946: no agents available; will retry on subsequent port and subnet creation events.
2026-06-22 03:02:38.043 10 INFO neutron.wsgi [req-78ef581d-7f4c-4fae-8390-ef9f4a846ff8 req-d7b4dd5b-b96d-4285-bbb0-ac9446dfa301 0615b1924bb947de8d8c23c6e6f1335f f7da208762ab45f7be3d1cdbdf842b80 - - default default] 10.0.0.111 "GET /v2.0/ports?device_id=e1b3d3c8-7bf7-4e78-97b0-25fd542a5bd7 HTTP/1.1" status: 200 len: 1170 time: 0.0939901
2026-06-22 03:02:38.054 10 INFO neutron.db.ovn_revision_numbers_db [None req-a6ea951b-5f65-478d-bf1b-d04f1fe9021c 065c8e2e099e466a9432f55cc85dcd3b 6d8c3af62cdb4763b90145592a1e0484 - - default default] Successfully bumped revision number for resource 9030604d-6027-4534-85ab-0e18a10e11d8 (type: subnets) to 0
2026-06-22 03:02:38.081 10 INFO neutron.wsgi [None req-a6ea951b-5f65-478d-bf1b-d04f1fe9021c 065c8e2e099e466a9432f55cc85dcd3b 6d8c3af62cdb4763b90145592a1e0484 - - default default] 10.0.0.55 "POST /v2.0/subnets HTTP/1.1" status: 201 len: 801 time: 1.3348730
2026-06-22 03:02:38.101 9 WARNING neutron_lib.context [None req-a2eab4d3-14a9-4eaa-86e4-5b46b5781dee 065c8e2e099e466a9432f55cc85dcd3b 6d8c3af62cdb4763b90145592a1e0484 - - default default] Method 'is_advsvc' is deprecated since 2023.2 release (neutron-lib 3.8.0) and will be removed once support for the old RBAC API policies will be removed from Neutron. Please use method 'is_service_role' instead.
2026-06-22 03:02:38.132 10 INFO neutron.wsgi [req-78ef581d-7f4c-4fae-8390-ef9f4a846ff8 req-8f8f1fd8-87e8-4cff-89f6-30513b81fa0e 0615b1924bb947de8d8c23c6e6f1335f f7da208762ab45f7be3d1cdbdf842b80 - - default default] 10.0.0.111 "GET /v2.0/security-groups?id=5138ba18-4d22-475f-8b20-5fba663b8566&fields=id&fields=name HTTP/1.1" status: 200 len: 310 time: 0.0824230
2026-06-22 03:02:38.158 9 INFO neutron.db.ovn_revision_numbers_db [None req-a6949fa8-ffd6-440c-b570-a151a41ffe39 07b256aecfd744e7a2dc3d34799853bc e76728a5c8c14162a6d2f2cbd9f35ad9 - - default default] Successfully bumped revision number for resource 5d33c09d-9f50-4742-8d9c-df8b3265a603 (type: ports) to 1
2026-06-22 03:02:38.202 9 INFO neutron.wsgi [None req-a6949fa8-ffd6-440c-b570-a151a41ffe39 07b256aecfd744e7a2dc3d34799853bc e76728a5c8c14162a6d2f2cbd9f35ad9 - - default default] 10.0.0.55 "POST /v2.0/networks HTTP/1.1" status: 201 len: 831 time: 0.6819410
2026-06-22 03:02:38.212 9 WARNING neutron_lib.context [None req-9075a309-e841-4bba-b8d2-683d9f932d0e 07b256aecfd744e7a2dc3d34799853bc e76728a5c8c14162a6d2f2cbd9f35ad9 - - default default] Method 'is_advsvc' is deprecated since 2023.2 release (neutron-lib 3.8.0) and will be removed once support for the old RBAC API policies will be removed from Neutron. Please use method 'is_service_role' instead.
2026-06-22 03:02:38.227 9 INFO neutron.db.segments_db [None req-a2eab4d3-14a9-4eaa-86e4-5b46b5781dee 065c8e2e099e466a9432f55cc85dcd3b 6d8c3af62cdb4763b90145592a1e0484 - - default default] Added segment ad3c640c-015a-457c-a8e3-a5d03079ebd5 of type geneve for network 6d9284b8-8e52-4a31-9e0e-510478adf9ce
