2026-06-22 03:02:55.065 10 INFO neutron.wsgi [None req-6c8cfe92-52f4-4157-8138-4afc855e7665 371b0692f51c4b88b0d68c8547fc2f2e e55f73d80f58493984636e07378efad5 - - default default] 10.0.0.55 "DELETE /v2.0/qos/policies/f6957aba-9848-4c2d-8356-db9b6c9fd944 HTTP/1.1" status: 204 len: 168 time: 0.0653439
2026-06-22 03:02:55.133 10 INFO neutron.wsgi [None req-98fa238c-5bdd-4cba-af21-38308cf41b25 371b0692f51c4b88b0d68c8547fc2f2e e55f73d80f58493984636e07378efad5 - - default default] 10.0.0.55 "DELETE /v2.0/qos/policies/a4492df8-16fc-40f7-bfaf-50b1999312a7 HTTP/1.1" status: 204 len: 168 time: 0.0607622
2026-06-22 03:02:55.637 9 INFO neutron.db.ovn_revision_numbers_db [None req-e032b890-2861-4a58-adbf-aeaf874412bd - - - - - -] Successfully bumped revision number for resource 309235cb-ee37-46cc-888d-2ff6d3db3432 (type: ports) to 1
2026-06-22 03:02:55.748 10 INFO neutron.db.ovn_revision_numbers_db [None req-09282907-d346-4881-b1fb-27d18f37b03c a43fa1a2797e4811a45fc102db90466d a78409b3f59149c6a628e4a3218cc1d0 - - default default] Successfully bumped revision number for resource fb26f410-df25-4d7f-ae50-42fca9b52b8e (type: security_groups) to 1
2026-06-22 03:02:55.763 10 INFO neutron.db.ovn_revision_numbers_db [None req-09282907-d346-4881-b1fb-27d18f37b03c a43fa1a2797e4811a45fc102db90466d a78409b3f59149c6a628e4a3218cc1d0 - - default default] Successfully bumped revision number for resource 75343289-7f11-40b8-a017-800b7a2c41e3 (type: security_group_rules) to 0
2026-06-22 03:02:55.777 10 INFO neutron.db.ovn_revision_numbers_db [None req-09282907-d346-4881-b1fb-27d18f37b03c a43fa1a2797e4811a45fc102db90466d a78409b3f59149c6a628e4a3218cc1d0 - - default default] Successfully bumped revision number for resource 76dc771f-affb-4dfc-8c1d-ebbbf33248f9 (type: security_group_rules) to 0
2026-06-22 03:02:55.794 10 INFO neutron.db.ovn_revision_numbers_db [None req-09282907-d346-4881-b1fb-27d18f37b03c a43fa1a2797e4811a45fc102db90466d a78409b3f59149c6a628e4a3218cc1d0 - - default default] Successfully bumped revision number for resource b85dfa6c-5e9d-4ca0-9a68-d140680e1c88 (type: security_group_rules) to 0
2026-06-22 03:02:55.808 10 INFO neutron.db.ovn_revision_numbers_db [None req-09282907-d346-4881-b1fb-27d18f37b03c a43fa1a2797e4811a45fc102db90466d a78409b3f59149c6a628e4a3218cc1d0 - - default default] Successfully bumped revision number for resource e97899c0-0d62-43bc-bb32-7da7b5173961 (type: security_group_rules) to 0
2026-06-22 03:02:55.868 10 INFO neutron.db.segments_db [None req-09282907-d346-4881-b1fb-27d18f37b03c a43fa1a2797e4811a45fc102db90466d a78409b3f59149c6a628e4a3218cc1d0 - - default default] Added segment 37362c76-67f1-40bb-8d45-c064e42dbdda of type geneve for network 857c9a7f-f9dd-4520-8f89-ad722ee151ff
2026-06-22 03:02:55.895 9 WARNING neutron.scheduler.dhcp_agent_scheduler [None req-09e1d27a-14b3-4173-bd25-dc8dd2d740c2 155d39ede9114d15b26b202c22c6d43d 8f18fb3917dc439f88d19841436ee7be - - default default] No more DHCP agents
2026-06-22 03:02:55.906 9 WARNING neutron.api.rpc.agentnotifiers.dhcp_rpc_agent_api [None req-09e1d27a-14b3-4173-bd25-dc8dd2d740c2 155d39ede9114d15b26b202c22c6d43d 8f18fb3917dc439f88d19841436ee7be - - default default] Unable to schedule network d14e13f9-499a-4bc8-aa66-b3fd242b4e95: no agents available; will retry on subsequent port and subnet creation events.
2026-06-22 03:02:55.938 9 INFO neutron.db.ovn_revision_numbers_db [None req-e032b890-2861-4a58-adbf-aeaf874412bd - - - - - -] Successfully bumped revision number for resource 309235cb-ee37-46cc-888d-2ff6d3db3432 (type: router_ports) to 3
2026-06-22 03:02:56.030 10 INFO neutron.db.ovn_revision_numbers_db [None req-09282907-d346-4881-b1fb-27d18f37b03c a43fa1a2797e4811a45fc102db90466d a78409b3f59149c6a628e4a3218cc1d0 - - default default] Successfully bumped revision number for resource 857c9a7f-f9dd-4520-8f89-ad722ee151ff (type: networks) to 1
2026-06-22 03:02:56.151 9 INFO neutron.db.ovn_revision_numbers_db [None req-09e1d27a-14b3-4173-bd25-dc8dd2d740c2 155d39ede9114d15b26b202c22c6d43d 8f18fb3917dc439f88d19841436ee7be - - default default] Successfully bumped revision number for resource dc405932-838a-49f8-8ab9-60a5e7884f58 (type: ports) to 1
2026-06-22 03:02:56.184 9 INFO neutron.db.ovn_revision_numbers_db [None req-e032b890-2861-4a58-adbf-aeaf874412bd - - - - - -] Successfully bumped revision number for resource 309235cb-ee37-46cc-888d-2ff6d3db3432 (type: ports) to 2
2026-06-22 03:02:56.207 10 WARNING neutron.scheduler.dhcp_agent_scheduler [None req-09282907-d346-4881-b1fb-27d18f37b03c a43fa1a2797e4811a45fc102db90466d a78409b3f59149c6a628e4a3218cc1d0 - - default default] No more DHCP agents
2026-06-22 03:02:56.209 10 WARNING neutron.api.rpc.agentnotifiers.dhcp_rpc_agent_api [None req-09282907-d346-4881-b1fb-27d18f37b03c a43fa1a2797e4811a45fc102db90466d a78409b3f59149c6a628e4a3218cc1d0 - - default default] Unable to schedule network 857c9a7f-f9dd-4520-8f89-ad722ee151ff: no agents available; will retry on subsequent port and subnet creation events.
2026-06-22 03:02:56.322 10 INFO neutron.db.ovn_revision_numbers_db [None req-09282907-d346-4881-b1fb-27d18f37b03c a43fa1a2797e4811a45fc102db90466d a78409b3f59149c6a628e4a3218cc1d0 - - default default] Successfully bumped revision number for resource d6a847c0-b0d6-45e6-a57f-2441db94aff1 (type: ports) to 1
2026-06-22 03:02:56.345 10 INFO neutron.wsgi [None req-09282907-d346-4881-b1fb-27d18f37b03c a43fa1a2797e4811a45fc102db90466d a78409b3f59149c6a628e4a3218cc1d0 - - default default] 10.0.0.55 "POST /v2.0/networks HTTP/1.1" status: 201 len: 943 time: 0.7454143
2026-06-22 03:02:56.556 10 WARNING neutron.scheduler.dhcp_agent_scheduler [None req-3aeeff57-ce31-46a7-b234-28ba7971b973 a43fa1a2797e4811a45fc102db90466d a78409b3f59149c6a628e4a3218cc1d0 - - default default] No more DHCP agents
2026-06-22 03:02:56.558 10 WARNING neutron.api.rpc.agentnotifiers.dhcp_rpc_agent_api [None req-3aeeff57-ce31-46a7-b234-28ba7971b973 a43fa1a2797e4811a45fc102db90466d a78409b3f59149c6a628e4a3218cc1d0 - - default default] Unable to schedule network 857c9a7f-f9dd-4520-8f89-ad722ee151ff: no agents available; will retry on subsequent port and subnet creation events.
2026-06-22 03:02:56.584 10 INFO neutron.db.ovn_revision_numbers_db [None req-cdbc8627-84af-422e-b7e8-2402a2f5d63d a43fa1a2797e4811a45fc102db90466d a78409b3f59149c6a628e4a3218cc1d0 - - default default] Successfully bumped revision number for resource fa3104e1-01fc-4f47-ab72-415a7c316733 (type: security_groups) to 1
2026-06-22 03:02:56.602 10 INFO neutron.db.ovn_revision_numbers_db [None req-cdbc8627-84af-422e-b7e8-2402a2f5d63d a43fa1a2797e4811a45fc102db90466d a78409b3f59149c6a628e4a3218cc1d0 - - default default] Successfully bumped revision number for resource 2d705956-0539-45dd-b3cf-91485c321956 (type: security_group_rules) to 0
2026-06-22 03:02:56.617 10 INFO neutron.db.ovn_revision_numbers_db [None req-cdbc8627-84af-422e-b7e8-2402a2f5d63d a43fa1a2797e4811a45fc102db90466d a78409b3f59149c6a628e4a3218cc1d0 - - default default] Successfully bumped revision number for resource 4789e6ec-1e98-410a-9a15-458a205653d5 (type: security_group_rules) to 0
2026-06-22 03:02:56.635 10 INFO neutron.db.ovn_revision_numbers_db [None req-cdbc8627-84af-422e-b7e8-2402a2f5d63d a43fa1a2797e4811a45fc102db90466d a78409b3f59149c6a628e4a3218cc1d0 - - default default] Successfully bumped revision number for resource 73f88846-4db9-4d5e-b117-f38c7d764f7c (type: security_group_rules) to 0
2026-06-22 03:02:56.657 10 INFO neutron.db.ovn_revision_numbers_db [None req-cdbc8627-84af-422e-b7e8-2402a2f5d63d a43fa1a2797e4811a45fc102db90466d a78409b3f59149c6a628e4a3218cc1d0 - - default default] Successfully bumped revision number for resource a8274b0d-88ea-4d0e-b424-4f2bc0dab1ca (type: security_group_rules) to 0
2026-06-22 03:02:56.689 10 INFO neutron.wsgi [None req-cdbc8627-84af-422e-b7e8-2402a2f5d63d a43fa1a2797e4811a45fc102db90466d a78409b3f59149c6a628e4a3218cc1d0 - - default default] 10.0.0.55 "GET /v2.0/security-groups?tenant_id=63febab94b3f42df84158a0d7f0cbdf0&name=default HTTP/1.1" status: 200 len: 2996 time: 0.5068114
2026-06-22 03:02:56.869 9 INFO neutron.db.ovn_revision_numbers_db [None req-e032b890-2861-4a58-adbf-aeaf874412bd - - - - - -] Successfully bumped revision number for resource 309235cb-ee37-46cc-888d-2ff6d3db3432 (type: ports) to 4
2026-06-22 03:02:56.961 10 INFO neutron.wsgi [None req-239931c8-37e5-46a9-8e2e-df46308eeaf4 a43fa1a2797e4811a45fc102db90466d a78409b3f59149c6a628e4a3218cc1d0 - - default default] 10.0.0.55 "DELETE /v2.0/security-groups/fa3104e1-01fc-4f47-ab72-415a7c316733 HTTP/1.1" status: 204 len: 168 time: 0.2659533
2026-06-22 03:02:57.082 9 INFO neutron.db.ovn_revision_numbers_db [None req-09e1d27a-14b3-4173-bd25-dc8dd2d740c2 155d39ede9114d15b26b202c22c6d43d 8f18fb3917dc439f88d19841436ee7be - - default default] Successfully bumped revision number for resource dc405932-838a-49f8-8ab9-60a5e7884f58 (type: router_ports) to 1
2026-06-22 03:02:57.129 10 INFO neutron.db.ovn_revision_numbers_db [None req-3aeeff57-ce31-46a7-b234-28ba7971b973 a43fa1a2797e4811a45fc102db90466d a78409b3f59149c6a628e4a3218cc1d0 - - default default] Successfully bumped revision number for resource d6a847c0-b0d6-45e6-a57f-2441db94aff1 (type: ports) to 2
2026-06-22 03:02:57.174 10 INFO neutron.db.ovn_revision_numbers_db [None req-3aeeff57-ce31-46a7-b234-28ba7971b973 a43fa1a2797e4811a45fc102db90466d a78409b3f59149c6a628e4a3218cc1d0 - - default default] Successfully bumped revision number for resource 70ba08b9-1634-4b72-aa57-f7ed4b6d09aa (type: subnets) to 0
2026-06-22 03:02:57.193 10 INFO neutron.wsgi [None req-3aeeff57-ce31-46a7-b234-28ba7971b973 a43fa1a2797e4811a45fc102db90466d a78409b3f59149c6a628e4a3218cc1d0 - - default default] 10.0.0.55 "POST /v2.0/subnets HTTP/1.1" status: 201 len: 863 time: 0.8417351
2026-06-22 03:02:57.214 9 INFO neutron.db.ovn_revision_numbers_db [None req-e032b890-2861-4a58-adbf-aeaf874412bd - - - - - -] Successfully bumped revision number for resource 309235cb-ee37-46cc-888d-2ff6d3db3432 (type: router_ports) to 4
2026-06-22 03:02:57.272 10 INFO neutron.db.ovn_revision_numbers_db [None req-2ccfe54f-2dc4-4dd5-8ba6-dddfbe55aa2a a43fa1a2797e4811a45fc102db90466d a78409b3f59149c6a628e4a3218cc1d0 - - default default] Successfully bumped revision number for resource 959260ca-5d13-4f63-aa9a-7a90de0fc247 (type: security_groups) to 1
2026-06-22 03:02:57.303 10 INFO neutron.db.ovn_revision_numbers_db [None req-2ccfe54f-2dc4-4dd5-8ba6-dddfbe55aa2a a43fa1a2797e4811a45fc102db90466d a78409b3f59149c6a628e4a3218cc1d0 - - default default] Successfully bumped revision number for resource 4d073a1e-50e4-4db9-b16a-8eb06696e939 (type: security_group_rules) to 0
2026-06-22 03:02:57.333 9 INFO neutron.db.ovn_revision_numbers_db [None req-09e1d27a-14b3-4173-bd25-dc8dd2d740c2 155d39ede9114d15b26b202c22c6d43d 8f18fb3917dc439f88d19841436ee7be - - default default] Successfully bumped revision number for resource dc405932-838a-49f8-8ab9-60a5e7884f58 (type: ports) to 1
2026-06-22 03:02:57.345 10 INFO neutron.db.ovn_revision_numbers_db [None req-2ccfe54f-2dc4-4dd5-8ba6-dddfbe55aa2a a43fa1a2797e4811a45fc102db90466d a78409b3f59149c6a628e4a3218cc1d0 - - default default] Successfully bumped revision number for resource 7a29008f-92da-407b-ab3b-0374cab6bcd5 (type: security_group_rules) to 0
2026-06-22 03:02:57.376 10 INFO neutron.db.ovn_revision_numbers_db [None req-2ccfe54f-2dc4-4dd5-8ba6-dddfbe55aa2a a43fa1a2797e4811a45fc102db90466d a78409b3f59149c6a628e4a3218cc1d0 - - default default] Successfully bumped revision number for resource b7c57ea8-83fa-432b-be2f-6a4f1f0ba8f6 (type: security_group_rules) to 0
2026-06-22 03:02:57.401 10 INFO neutron.db.ovn_revision_numbers_db [None req-2ccfe54f-2dc4-4dd5-8ba6-dddfbe55aa2a a43fa1a2797e4811a45fc102db90466d a78409b3f59149c6a628e4a3218cc1d0 - - default default] Successfully bumped revision number for resource f64f243d-63ca-451a-a987-9f3269a50568 (type: security_group_rules) to 0
2026-06-22 03:02:57.407 9 WARNING neutron.scheduler.dhcp_agent_scheduler [None req-09e1d27a-14b3-4173-bd25-dc8dd2d740c2 155d39ede9114d15b26b202c22c6d43d 8f18fb3917dc439f88d19841436ee7be - - default default] No more DHCP agents
2026-06-22 03:02:57.408 9 WARNING neutron.api.rpc.agentnotifiers.dhcp_rpc_agent_api [None req-09e1d27a-14b3-4173-bd25-dc8dd2d740c2 155d39ede9114d15b26b202c22c6d43d 8f18fb3917dc439f88d19841436ee7be - - default default] Unable to schedule network d14e13f9-499a-4bc8-aa66-b3fd242b4e95: no agents available; will retry on subsequent port and subnet creation events.
2026-06-22 03:02:57.442 10 INFO neutron.wsgi [None req-2ccfe54f-2dc4-4dd5-8ba6-dddfbe55aa2a a43fa1a2797e4811a45fc102db90466d a78409b3f59149c6a628e4a3218cc1d0 - - default default] 10.0.0.55 "GET /v2.0/security-groups?tenant_id=4575e79f178b44e497781a6956c9f1a4&name=default HTTP/1.1" status: 200 len: 2996 time: 0.3347471
2026-06-22 03:02:57.736 9 INFO neutron.db.ovn_revision_numbers_db [None req-09e1d27a-14b3-4173-bd25-dc8dd2d740c2 155d39ede9114d15b26b202c22c6d43d 8f18fb3917dc439f88d19841436ee7be - - default default] Successfully bumped revision number for resource dc405932-838a-49f8-8ab9-60a5e7884f58 (type: router_ports) to 1
2026-06-22 03:02:57.739 9 INFO neutron.wsgi [None req-09e1d27a-14b3-4173-bd25-dc8dd2d740c2 155d39ede9114d15b26b202c22c6d43d 8f18fb3917dc439f88d19841436ee7be - - default default] 10.0.0.55 "PUT /v2.0/routers/ed61f000-cc61-4e13-b016-5a3baed1c0e4/add_router_interface HTTP/1.1" status: 200 len: 503 time: 2.6865230
2026-06-22 03:02:57.774 10 INFO neutron.wsgi [None req-e52763d7-31d1-424a-ae61-5ef7ba1179be a43fa1a2797e4811a45fc102db90466d a78409b3f59149c6a628e4a3218cc1d0 - - default default] 10.0.0.55 "DELETE /v2.0/security-groups/959260ca-5d13-4f63-aa9a-7a90de0fc247 HTTP/1.1" status: 204 len: 168 time: 0.3172045
2026-06-22 03:02:57.782 10 WARNING neutron.scheduler.dhcp_agent_scheduler [None req-e77d91a7-5178-4ddb-be3a-9e353d3e4d44 a43fa1a2797e4811a45fc102db90466d a78409b3f59149c6a628e4a3218cc1d0 - - default default] No more DHCP agents
2026-06-22 03:02:57.784 10 WARNING neutron.api.rpc.agentnotifiers.dhcp_rpc_agent_api [None req-e77d91a7-5178-4ddb-be3a-9e353d3e4d44 a43fa1a2797e4811a45fc102db90466d a78409b3f59149c6a628e4a3218cc1d0 - - default default] Unable to schedule network e08fe9e8-1f4d-4016-921f-72f284680a60: no agents available; will retry on subsequent port and subnet creation events.
2026-06-22 03:02:57.987 10 INFO neutron.db.ovn_revision_numbers_db [None req-e77d91a7-5178-4ddb-be3a-9e353d3e4d44 a43fa1a2797e4811a45fc102db90466d a78409b3f59149c6a628e4a3218cc1d0 - - default default] Successfully bumped revision number for resource 4fc499f3-2637-4bf0-8d0a-b76a1e9e7916 (type: ports) to 1
2026-06-22 03:02:58.022 10 INFO neutron.db.ovn_revision_numbers_db [None req-001535f0-fb8e-426c-a3c5-d04d3cdb4896 a43fa1a2797e4811a45fc102db90466d a78409b3f59149c6a628e4a3218cc1d0 - - default default] Successfully bumped revision number for resource ce567f05-7c09-4d7c-8393-94623942bcd7 (type: security_groups) to 1
2026-06-22 03:02:58.053 10 INFO neutron.db.ovn_revision_numbers_db [None req-001535f0-fb8e-426c-a3c5-d04d3cdb4896 a43fa1a2797e4811a45fc102db90466d a78409b3f59149c6a628e4a3218cc1d0 - - default default] Successfully bumped revision number for resource 21dc4528-bc76-45cc-a78c-88fb0de9b3c7 (type: security_group_rules) to 0
2026-06-22 03:02:58.089 10 INFO neutron.db.ovn_revision_numbers_db [None req-001535f0-fb8e-426c-a3c5-d04d3cdb4896 a43fa1a2797e4811a45fc102db90466d a78409b3f59149c6a628e4a3218cc1d0 - - default default] Successfully bumped revision number for resource 64b4c398-916b-4bc0-a1a2-c7bff9fc85c7 (type: security_group_rules) to 0
2026-06-22 03:02:58.114 10 INFO neutron.db.ovn_revision_numbers_db [None req-001535f0-fb8e-426c-a3c5-d04d3cdb4896 a43fa1a2797e4811a45fc102db90466d a78409b3f59149c6a628e4a3218cc1d0 - - default default] Successfully bumped revision number for resource a6dd634c-eb97-4406-867a-2f889b554f2f (type: security_group_rules) to 0
2026-06-22 03:02:58.130 10 INFO neutron.db.ovn_revision_numbers_db [None req-001535f0-fb8e-426c-a3c5-d04d3cdb4896 a43fa1a2797e4811a45fc102db90466d a78409b3f59149c6a628e4a3218cc1d0 - - default default] Successfully bumped revision number for resource ac23a222-dc44-4997-a852-54bde7b1b13c (type: security_group_rules) to 0
2026-06-22 03:02:58.166 10 INFO neutron.wsgi [None req-001535f0-fb8e-426c-a3c5-d04d3cdb4896 a43fa1a2797e4811a45fc102db90466d a78409b3f59149c6a628e4a3218cc1d0 - - default default] 10.0.0.55 "GET /v2.0/security-groups?tenant_id=e55f73d80f58493984636e07378efad5&name=default HTTP/1.1" status: 200 len: 2996 time: 0.3019199
2026-06-22 03:02:58.406 9 WARNING neutron.scheduler.dhcp_agent_scheduler [None req-d725c31d-3a11-4e72-b30b-6f8952e1d772 155d39ede9114d15b26b202c22c6d43d 8f18fb3917dc439f88d19841436ee7be - - default default] No more DHCP agents
2026-06-22 03:02:58.409 9 WARNING neutron.api.rpc.agentnotifiers.dhcp_rpc_agent_api [None req-d725c31d-3a11-4e72-b30b-6f8952e1d772 155d39ede9114d15b26b202c22c6d43d 8f18fb3917dc439f88d19841436ee7be - - default default] Unable to schedule network 7c98ddbe-8ec9-4dc2-a079-8b0d69c89c3e: no agents available; will retry on subsequent port and subnet creation events.
2026-06-22 03:02:58.494 9 INFO neutron.wsgi [None req-c01de948-4135-4473-a11d-d424e9cf9011 a43fa1a2797e4811a45fc102db90466d a78409b3f59149c6a628e4a3218cc1d0 - - default default] 10.0.0.55 "DELETE /v2.0/security-groups/ce567f05-7c09-4d7c-8393-94623942bcd7 HTTP/1.1" status: 204 len: 168 time: 0.3205862
2026-06-22 03:02:58.608 9 INFO neutron.db.ovn_revision_numbers_db [None req-d725c31d-3a11-4e72-b30b-6f8952e1d772 155d39ede9114d15b26b202c22c6d43d 8f18fb3917dc439f88d19841436ee7be - - default default] Successfully bumped revision number for resource e29783d7-918b-48f3-99e6-636a47556ae1 (type: ports) to 1
2026-06-22 03:02:58.846 10 INFO neutron.plugins.ml2.drivers.ovn.mech_driver.ovsdb.ovsdb_monitor [None req-05670571-64e5-4917-8fd2-54417b226d1a - - - - - -] Router 70c7bf3e-6566-4848-9eb4-d8370abc3a8e is bound to host instance
2026-06-22 03:02:58.873 9 WARNING neutron_lib.context [None req-32aa2d2f-5a38-4321-b533-149439b2afed f0e6d4db7a3045058343e594306c4c04 878d9e786b724c0c8441987f8b12e241 - - default default] Method 'is_advsvc' is deprecated since 2023.2 release (neutron-lib 3.8.0) and will be removed once support for the old RBAC API policies will be removed from Neutron. Please use method 'is_service_role' instead.
2026-06-22 03:02:58.887 10 INFO neutron.db.ovn_revision_numbers_db [None req-e77d91a7-5178-4ddb-be3a-9e353d3e4d44 a43fa1a2797e4811a45fc102db90466d a78409b3f59149c6a628e4a3218cc1d0 - - default default] Successfully bumped revision number for resource 4fc499f3-2637-4bf0-8d0a-b76a1e9e7916 (type: router_ports) to 1
2026-06-22 03:02:59.018 10 INFO neutron.db.ovn_revision_numbers_db [None req-e77d91a7-5178-4ddb-be3a-9e353d3e4d44 a43fa1a2797e4811a45fc102db90466d a78409b3f59149c6a628e4a3218cc1d0 - - default default] Successfully bumped revision number for resource 70c7bf3e-6566-4848-9eb4-d8370abc3a8e (type: routers) to 2
2026-06-22 03:02:59.050 10 INFO neutron.wsgi [None req-e77d91a7-5178-4ddb-be3a-9e353d3e4d44 a43fa1a2797e4811a45fc102db90466d a78409b3f59149c6a628e4a3218cc1d0 - - default default] 10.0.0.55 "POST /v2.0/routers HTTP/1.1" status: 201 len: 874 time: 1.8472164
2026-06-22 03:02:59.504 9 INFO neutron.plugins.ml2.drivers.ovn.mech_driver.mech_driver [None req-c0f4d9be-f188-4e01-bd69-e1ae438ec48e - - - - - -] OVN reports status up for port: e29783d7-918b-48f3-99e6-636a47556ae1
2026-06-22 03:02:59.529 9 INFO neutron.plugins.ml2.plugin [None req-c0f4d9be-f188-4e01-bd69-e1ae438ec48e - - - - - -] Attempt 1 to provision port e29783d7-918b-48f3-99e6-636a47556ae1
2026-06-22 03:02:59.570 9 WARNING neutron.scheduler.dhcp_agent_scheduler [None req-32aa2d2f-5a38-4321-b533-149439b2afed f0e6d4db7a3045058343e594306c4c04 878d9e786b724c0c8441987f8b12e241 - - default default] No more DHCP agents
2026-06-22 03:02:59.573 9 INFO neutron.db.ovn_revision_numbers_db [None req-d725c31d-3a11-4e72-b30b-6f8952e1d772 155d39ede9114d15b26b202c22c6d43d 8f18fb3917dc439f88d19841436ee7be - - default default] Successfully bumped revision number for resource e29783d7-918b-48f3-99e6-636a47556ae1 (type: router_ports) to 1
2026-06-22 03:02:59.577 9 WARNING neutron.api.rpc.agentnotifiers.dhcp_rpc_agent_api [None req-32aa2d2f-5a38-4321-b533-149439b2afed f0e6d4db7a3045058343e594306c4c04 878d9e786b724c0c8441987f8b12e241 - - default default] Unable to schedule network e08fe9e8-1f4d-4016-921f-72f284680a60: no agents available; will retry on subsequent port and subnet creation events.
2026-06-22 03:02:59.581 10 INFO neutron.db.ovn_revision_numbers_db [None req-05670571-64e5-4917-8fd2-54417b226d1a - - - - - -] Successfully bumped revision number for resource 4fc499f3-2637-4bf0-8d0a-b76a1e9e7916 (type: ports) to 1
2026-06-22 03:02:59.742 10 WARNING neutron.scheduler.dhcp_agent_scheduler [None req-325a2fd7-0ed0-4a9a-8b61-2127a52ec7bd a43fa1a2797e4811a45fc102db90466d a78409b3f59149c6a628e4a3218cc1d0 - - default default] No more DHCP agents
2026-06-22 03:02:59.748 10 WARNING neutron.api.rpc.agentnotifiers.dhcp_rpc_agent_api [None req-325a2fd7-0ed0-4a9a-8b61-2127a52ec7bd a43fa1a2797e4811a45fc102db90466d a78409b3f59149c6a628e4a3218cc1d0 - - default default] Unable to schedule network 857c9a7f-f9dd-4520-8f89-ad722ee151ff: no agents available; will retry on subsequent port and subnet creation events.
2026-06-22 03:02:59.833 10 WARNING neutron.plugins.ml2.drivers.ovn.mech_driver.ovsdb.ovn_client [None req-8c249fe5-823f-4449-a8b7-ebce9e168214 - - - - - -] No hosting information found for port 480afc28-a753-4b9d-9494-390d6c40f672: RuntimeError: No hosting information found for port 480afc28-a753-4b9d-9494-390d6c40f672
2026-06-22 03:02:59.834 10 INFO neutron.plugins.ml2.drivers.ovn.mech_driver.mech_driver [None req-8c249fe5-823f-4449-a8b7-ebce9e168214 - - - - - -] OVN reports status up for port: dc405932-838a-49f8-8ab9-60a5e7884f58
2026-06-22 03:02:59.868 10 INFO neutron.plugins.ml2.plugin [None req-8c249fe5-823f-4449-a8b7-ebce9e168214 - - - - - -] Attempt 1 to provision port dc405932-838a-49f8-8ab9-60a5e7884f58
2026-06-22 03:02:59.919 9 INFO neutron.db.ovn_revision_numbers_db [None req-d725c31d-3a11-4e72-b30b-6f8952e1d772 155d39ede9114d15b26b202c22c6d43d 8f18fb3917dc439f88d19841436ee7be - - default default] Successfully bumped revision number for resource e29783d7-918b-48f3-99e6-636a47556ae1 (type: ports) to 1
2026-06-22 03:02:59.975 10 INFO neutron.db.ovn_revision_numbers_db [None req-05670571-64e5-4917-8fd2-54417b226d1a - - - - - -] Successfully bumped revision number for resource 4fc499f3-2637-4bf0-8d0a-b76a1e9e7916 (type: router_ports) to 3
2026-06-22 03:03:00.091 10 INFO neutron.db.ovn_revision_numbers_db [None req-325a2fd7-0ed0-4a9a-8b61-2127a52ec7bd a43fa1a2797e4811a45fc102db90466d a78409b3f59149c6a628e4a3218cc1d0 - - default default] Successfully bumped revision number for resource d5e7ff9f-221a-45dc-a2f6-3531c09c92a6 (type: ports) to 1
2026-06-22 03:03:00.108 9 WARNING neutron.scheduler.dhcp_agent_scheduler [None req-d725c31d-3a11-4e72-b30b-6f8952e1d772 155d39ede9114d15b26b202c22c6d43d 8f18fb3917dc439f88d19841436ee7be - - default default] No more DHCP agents
2026-06-22 03:03:00.117 9 WARNING neutron.api.rpc.agentnotifiers.dhcp_rpc_agent_api [None req-d725c31d-3a11-4e72-b30b-6f8952e1d772 155d39ede9114d15b26b202c22c6d43d 8f18fb3917dc439f88d19841436ee7be - - default default] Unable to schedule network 7c98ddbe-8ec9-4dc2-a079-8b0d69c89c3e: no agents available; will retry on subsequent port and subnet creation events.
2026-06-22 03:03:00.147 9 INFO neutron.db.ovn_revision_numbers_db [None req-c0f4d9be-f188-4e01-bd69-e1ae438ec48e - - - - - -] Successfully bumped revision number for resource e29783d7-918b-48f3-99e6-636a47556ae1 (type: ports) to 2
2026-06-22 03:03:00.299 9 INFO neutron.db.ovn_revision_numbers_db [None req-32aa2d2f-5a38-4321-b533-149439b2afed f0e6d4db7a3045058343e594306c4c04 878d9e786b724c0c8441987f8b12e241 - - default default] Successfully bumped revision number for resource b2e45617-43b6-4292-8cb1-c5ed952c78d6 (type: floatingips) to 0
2026-06-22 03:03:00.326 9 INFO neutron.wsgi [None req-32aa2d2f-5a38-4321-b533-149439b2afed f0e6d4db7a3045058343e594306c4c04 878d9e786b724c0c8441987f8b12e241 - - default default] 10.0.0.55 "POST /v2.0/floatingips HTTP/1.1" status: 201 len: 751 time: 1.7149935
2026-06-22 03:03:00.344 9 INFO neutron.db.ovn_revision_numbers_db [None req-c0f4d9be-f188-4e01-bd69-e1ae438ec48e - - - - - -] Successfully bumped revision number for resource e29783d7-918b-48f3-99e6-636a47556ae1 (type: router_ports) to 2
2026-06-22 03:03:00.413 9 INFO neutron.wsgi [None req-38dcfc7f-12c2-4915-a5ef-221766054478 f0e6d4db7a3045058343e594306c4c04 878d9e786b724c0c8441987f8b12e241 - - default default] 10.0.0.55 "PUT /v2.0/floatingips/b2e45617-43b6-4292-8cb1-c5ed952c78d6/tags HTTP/1.1" status: 200 len: 218 time: 0.0797009
2026-06-22 03:03:00.472 9 INFO neutron.wsgi [None req-63f30e16-41ce-4325-8c01-ac9ac6ffda56 f0e6d4db7a3045058343e594306c4c04 878d9e786b724c0c8441987f8b12e241 - - default default] 10.0.0.55 "GET /v2.0/floatingips/b2e45617-43b6-4292-8cb1-c5ed952c78d6/tags HTTP/1.1" status: 200 len: 218 time: 0.0513215
2026-06-22 03:03:00.523 10 INFO neutron.db.ovn_revision_numbers_db [None req-05670571-64e5-4917-8fd2-54417b226d1a - - - - - -] Successfully bumped revision number for resource 4fc499f3-2637-4bf0-8d0a-b76a1e9e7916 (type: ports) to 2
2026-06-22 03:03:00.534 9 INFO neutron.wsgi [None req-5888dd40-5abd-45e0-9ca7-6bab4ba63aba f0e6d4db7a3045058343e594306c4c04 878d9e786b724c0c8441987f8b12e241 - - default default] 10.0.0.55 "PUT /v2.0/floatingips/b2e45617-43b6-4292-8cb1-c5ed952c78d6/tags/green HTTP/1.1" status: 201 len: 201 time: 0.0566692
2026-06-22 03:03:00.572 9 INFO neutron.wsgi [None req-c681ed86-7bed-4bd5-8b82-a0ad10590b4c f0e6d4db7a3045058343e594306c4c04 878d9e786b724c0c8441987f8b12e241 - - default default] 10.0.0.55 "GET /v2.0/floatingips/b2e45617-43b6-4292-8cb1-c5ed952c78d6/tags HTTP/1.1" status: 200 len: 227 time: 0.0331490
2026-06-22 03:03:00.620 9 INFO neutron.wsgi [None req-981e636c-8a9a-4a2d-9dc2-efbe62e25b7f f0e6d4db7a3045058343e594306c4c04 878d9e786b724c0c8441987f8b12e241 - - default default] 10.0.0.55 "PUT /v2.0/floatingips/b2e45617-43b6-4292-8cb1-c5ed952c78d6/tags/red HTTP/1.1" status: 201 len: 201 time: 0.0362203
2026-06-22 03:03:00.620 9 INFO neutron.db.ovn_revision_numbers_db [None req-d725c31d-3a11-4e72-b30b-6f8952e1d772 155d39ede9114d15b26b202c22c6d43d 8f18fb3917dc439f88d19841436ee7be - - default default] Successfully bumped revision number for resource e29783d7-918b-48f3-99e6-636a47556ae1 (type: router_ports) to 2
2026-06-22 03:03:00.622 9 INFO neutron.wsgi [None req-d725c31d-3a11-4e72-b30b-6f8952e1d772 155d39ede9114d15b26b202c22c6d43d 8f18fb3917dc439f88d19841436ee7be - - default default] 10.0.0.55 "PUT /v2.0/routers/ed61f000-cc61-4e13-b016-5a3baed1c0e4/add_router_interface HTTP/1.1" status: 200 len: 503 time: 2.8766789
2026-06-22 03:03:00.668 9 INFO neutron.wsgi [None req-09cc8f88-d774-47fe-a45a-8cee2e811dc0 f0e6d4db7a3045058343e594306c4c04 878d9e786b724c0c8441987f8b12e241 - - default default] 10.0.0.55 "GET /v2.0/floatingips/b2e45617-43b6-4292-8cb1-c5ed952c78d6/tags HTTP/1.1" status: 200 len: 227 time: 0.0409412
2026-06-22 03:03:00.726 9 INFO neutron.wsgi [None req-90dbf4b3-70ee-4fe0-9e70-9a76f52e8650 f0e6d4db7a3045058343e594306c4c04 878d9e786b724c0c8441987f8b12e241 - - default default] 10.0.0.55 "PUT /v2.0/floatingips/b2e45617-43b6-4292-8cb1-c5ed952c78d6/tags/black.or.white HTTP/1.1" status: 201 len: 201 time: 0.0531349
2026-06-22 03:03:00.767 10 INFO neutron.db.ovn_revision_numbers_db [None req-8c249fe5-823f-4449-a8b7-ebce9e168214 - - - - - -] Successfully bumped revision number for resource dc405932-838a-49f8-8ab9-60a5e7884f58 (type: ports) to 2
2026-06-22 03:03:00.769 9 INFO neutron.wsgi [None req-30734c3e-c625-4d62-8a0b-59f6923d28ec f0e6d4db7a3045058343e594306c4c04 878d9e786b724c0c8441987f8b12e241 - - default default] 10.0.0.55 "GET /v2.0/floatingips/b2e45617-43b6-4292-8cb1-c5ed952c78d6/tags HTTP/1.1" status: 200 len: 245 time: 0.0361319
2026-06-22 03:03:00.837 9 INFO neutron.wsgi [None req-81bda289-2321-482c-bd4e-8e1c6d731c9a f0e6d4db7a3045058343e594306c4c04 878d9e786b724c0c8441987f8b12e241 - - default default] 10.0.0.55 "PUT /v2.0/floatingips/b2e45617-43b6-4292-8cb1-c5ed952c78d6/tags HTTP/1.1" status: 200 len: 230 time: 0.0630269
2026-06-22 03:03:00.877 9 INFO neutron.wsgi [None req-1ff99ca1-ff2f-4c1e-8615-f12af6bdbb50 f0e6d4db7a3045058343e594306c4c04 878d9e786b724c0c8441987f8b12e241 - - default default] 10.0.0.55 "GET /v2.0/floatingips/b2e45617-43b6-4292-8cb1-c5ed952c78d6/tags HTTP/1.1" status: 200 len: 230 time: 0.0359101
2026-06-22 03:03:00.928 9 INFO neutron.wsgi [None req-a56e15c8-bbb6-4001-aa4a-0f4f3af431ba f0e6d4db7a3045058343e594306c4c04 878d9e786b724c0c8441987f8b12e241 - - default default] 10.0.0.55 "GET /v2.0/floatingips/b2e45617-43b6-4292-8cb1-c5ed952c78d6/tags/red HTTP/1.1" status: 204 len: 168 time: 0.0453038
2026-06-22 03:03:00.959 9 INFO neutron.api.v2.resource [None req-114cc028-56ed-48db-874b-6b0624bccb4f f0e6d4db7a3045058343e594306c4c04 878d9e786b724c0c8441987f8b12e241 - - default default] show failed (client error): The resource could not be found.
2026-06-22 03:03:00.961 9 INFO neutron.wsgi [None req-114cc028-56ed-48db-874b-6b0624bccb4f f0e6d4db7a3045058343e594306c4c04 878d9e786b724c0c8441987f8b12e241 - - default default] 10.0.0.55 "GET /v2.0/floatingips/b2e45617-43b6-4292-8cb1-c5ed952c78d6/tags/green HTTP/1.1" status: 404 len: 299 time: 0.0297067
2026-06-22 03:03:00.996 10 INFO neutron.db.ovn_revision_numbers_db [None req-8c249fe5-823f-4449-a8b7-ebce9e168214 - - - - - -] Successfully bumped revision number for resource dc405932-838a-49f8-8ab9-60a5e7884f58 (type: router_ports) to 2
2026-06-22 03:03:01.013 9 INFO neutron.wsgi [None req-6d560d59-a263-4a34-8176-ce66e8af9769 f0e6d4db7a3045058343e594306c4c04 878d9e786b724c0c8441987f8b12e241 - - default default] 10.0.0.55 "DELETE /v2.0/floatingips/b2e45617-43b6-4292-8cb1-c5ed952c78d6/tags/red HTTP/1.1" status: 204 len: 168 time: 0.0458879
2026-06-22 03:03:01.045 9 INFO neutron.wsgi [None req-52427dd1-b92f-49ea-94ed-a81c4c842b35 f0e6d4db7a3045058343e594306c4c04 878d9e786b724c0c8441987f8b12e241 - - default default] 10.0.0.55 "GET /v2.0/floatingips/b2e45617-43b6-4292-8cb1-c5ed952c78d6/tags HTTP/1.1" status: 200 len: 223 time: 0.0261223
2026-06-22 03:03:01.080 9 INFO neutron.api.v2.resource [None req-ed0cd73f-1e7f-4883-84b1-cddb8cf31ef7 f0e6d4db7a3045058343e594306c4c04 878d9e786b724c0c8441987f8b12e241 - - default default] delete failed (client error): The resource could not be found.
2026-06-22 03:03:01.081 9 INFO neutron.wsgi [None req-ed0cd73f-1e7f-4883-84b1-cddb8cf31ef7 f0e6d4db7a3045058343e594306c4c04 878d9e786b724c0c8441987f8b12e241 - - default default] 10.0.0.55 "DELETE /v2.0/floatingips/b2e45617-43b6-4292-8cb1-c5ed952c78d6/tags/green HTTP/1.1" status: 404 len: 299 time: 0.0321705
2026-06-22 03:03:01.161 9 INFO neutron.wsgi [None req-e9e7bfc2-726d-4e7a-a8ca-fb5a433f4568 f0e6d4db7a3045058343e594306c4c04 878d9e786b724c0c8441987f8b12e241 - - default default] 10.0.0.55 "DELETE /v2.0/floatingips/b2e45617-43b6-4292-8cb1-c5ed952c78d6/tags HTTP/1.1" status: 204 len: 168 time: 0.0681076
2026-06-22 03:03:01.169 10 INFO neutron.db.ovn_revision_numbers_db [None req-05670571-64e5-4917-8fd2-54417b226d1a - - - - - -] Successfully bumped revision number for resource 4fc499f3-2637-4bf0-8d0a-b76a1e9e7916 (type: ports) to 4
2026-06-22 03:03:01.220 9 INFO neutron.wsgi [None req-6a1c5b89-bd20-48c0-a4dc-08f7329ed946 f0e6d4db7a3045058343e594306c4c04 878d9e786b724c0c8441987f8b12e241 - - default default] 10.0.0.55 "GET /v2.0/floatingips/b2e45617-43b6-4292-8cb1-c5ed952c78d6/tags HTTP/1.1" status: 200 len: 205 time: 0.0474076
2026-06-22 03:03:01.314 10 INFO neutron.db.ovn_revision_numbers_db [None req-325a2fd7-0ed0-4a9a-8b61-2127a52ec7bd a43fa1a2797e4811a45fc102db90466d a78409b3f59149c6a628e4a3218cc1d0 - - default default] Successfully bumped revision number for resource d5e7ff9f-221a-45dc-a2f6-3531c09c92a6 (type: router_ports) to 1
2026-06-22 03:03:01.613 9 INFO neutron.wsgi [None req-d02a8c48-0e6a-4f1b-b800-504b9eff0d2e f0e6d4db7a3045058343e594306c4c04 878d9e786b724c0c8441987f8b12e241 - - default default] 10.0.0.55 "DELETE /v2.0/floatingips/b2e45617-43b6-4292-8cb1-c5ed952c78d6 HTTP/1.1" status: 204 len: 168 time: 0.3873193
2026-06-22 03:03:01.675 10 INFO neutron.db.ovn_revision_numbers_db [None req-05670571-64e5-4917-8fd2-54417b226d1a - - - - - -] Successfully bumped revision number for resource 4fc499f3-2637-4bf0-8d0a-b76a1e9e7916 (type: router_ports) to 4
2026-06-22 03:03:01.712 10 INFO neutron.db.ovn_revision_numbers_db [None req-325a2fd7-0ed0-4a9a-8b61-2127a52ec7bd a43fa1a2797e4811a45fc102db90466d a78409b3f59149c6a628e4a3218cc1d0 - - default default] Successfully bumped revision number for resource d5e7ff9f-221a-45dc-a2f6-3531c09c92a6 (type: ports) to 1
2026-06-22 03:03:02.066 10 WARNING neutron.scheduler.dhcp_agent_scheduler [None req-1f95b4e7-25f9-4109-bb55-7ed6a5b305ad 155d39ede9114d15b26b202c22c6d43d 8f18fb3917dc439f88d19841436ee7be - - default default] No more DHCP agents
2026-06-22 03:03:02.072 10 WARNING neutron.api.rpc.agentnotifiers.dhcp_rpc_agent_api [None req-1f95b4e7-25f9-4109-bb55-7ed6a5b305ad 155d39ede9114d15b26b202c22c6d43d 8f18fb3917dc439f88d19841436ee7be - - default default] Unable to schedule network b0aec050-2534-4633-9d59-ea16d1dab1b1: no agents available; will retry on subsequent port and subnet creation events.
2026-06-22 03:03:02.095 10 WARNING neutron.scheduler.dhcp_agent_scheduler [None req-325a2fd7-0ed0-4a9a-8b61-2127a52ec7bd a43fa1a2797e4811a45fc102db90466d a78409b3f59149c6a628e4a3218cc1d0 - - default default] No more DHCP agents
2026-06-22 03:03:02.098 10 WARNING neutron.api.rpc.agentnotifiers.dhcp_rpc_agent_api [None req-325a2fd7-0ed0-4a9a-8b61-2127a52ec7bd a43fa1a2797e4811a45fc102db90466d a78409b3f59149c6a628e4a3218cc1d0 - - default default] Unable to schedule network 857c9a7f-f9dd-4520-8f89-ad722ee151ff: no agents available; will retry on subsequent port and subnet creation events.
2026-06-22 03:03:02.279 10 INFO neutron.db.ovn_revision_numbers_db [None req-1f95b4e7-25f9-4109-bb55-7ed6a5b305ad 155d39ede9114d15b26b202c22c6d43d 8f18fb3917dc439f88d19841436ee7be - - default default] Successfully bumped revision number for resource 16df4187-da08-4237-bd56-f7b7f628b694 (type: ports) to 1
2026-06-22 03:03:02.785 10 INFO neutron.db.ovn_revision_numbers_db [None req-45134456-11ff-4be0-9280-28169ee95c43 a43fa1a2797e4811a45fc102db90466d a78409b3f59149c6a628e4a3218cc1d0 - - default default] Successfully bumped revision number for resource 1959158d-2664-4638-8164-968c20d8fdb6 (type: security_groups) to 1
2026-06-22 03:03:02.825 10 INFO neutron.db.ovn_revision_numbers_db [None req-45134456-11ff-4be0-9280-28169ee95c43 a43fa1a2797e4811a45fc102db90466d a78409b3f59149c6a628e4a3218cc1d0 - - default default] Successfully bumped revision number for resource 005aad9c-e7fb-4cec-a5cd-db7dd6d0ab76 (type: security_group_rules) to 0
2026-06-22 03:03:02.851 10 INFO neutron.db.ovn_revision_numbers_db [None req-45134456-11ff-4be0-9280-28169ee95c43 a43fa1a2797e4811a45fc102db90466d a78409b3f59149c6a628e4a3218cc1d0 - - default default] Successfully bumped revision number for resource 0ae0d772-098d-4137-a007-0bd52c97c825 (type: security_group_rules) to 0
2026-06-22 03:03:02.883 10 INFO neutron.db.ovn_revision_numbers_db [None req-45134456-11ff-4be0-9280-28169ee95c43 a43fa1a2797e4811a45fc102db90466d a78409b3f59149c6a628e4a3218cc1d0 - - default default] Successfully bumped revision number for resource 3ad9836d-9377-4d5f-966d-3f793b4ca7d3 (type: security_group_rules) to 0
2026-06-22 03:03:02.930 10 INFO neutron.db.ovn_revision_numbers_db [None req-45134456-11ff-4be0-9280-28169ee95c43 a43fa1a2797e4811a45fc102db90466d a78409b3f59149c6a628e4a3218cc1d0 - - default default] Successfully bumped revision number for resource ff182f00-2b3b-472d-a96b-11599813839b (type: security_group_rules) to 0
2026-06-22 03:03:02.960 10 INFO neutron.wsgi [None req-45134456-11ff-4be0-9280-28169ee95c43 a43fa1a2797e4811a45fc102db90466d a78409b3f59149c6a628e4a3218cc1d0 - - default default] 10.0.0.55 "GET /v2.0/security-groups?tenant_id=878d9e786b724c0c8441987f8b12e241&name=default HTTP/1.1" status: 200 len: 2996 time: 0.6559424
2026-06-22 03:03:03.019 10 INFO neutron.db.ovn_revision_numbers_db [None req-325a2fd7-0ed0-4a9a-8b61-2127a52ec7bd a43fa1a2797e4811a45fc102db90466d a78409b3f59149c6a628e4a3218cc1d0 - - default default] Successfully bumped revision number for resource d5e7ff9f-221a-45dc-a2f6-3531c09c92a6 (type: router_ports) to 1
2026-06-22 03:03:03.021 10 INFO neutron.wsgi [None req-325a2fd7-0ed0-4a9a-8b61-2127a52ec7bd a43fa1a2797e4811a45fc102db90466d a78409b3f59149c6a628e4a3218cc1d0 - - default default] 10.0.0.55 "PUT /v2.0/routers/70c7bf3e-6566-4848-9eb4-d8370abc3a8e/add_router_interface HTTP/1.1" status: 200 len: 503 time: 3.9644215
2026-06-22 03:03:03.123 10 WARNING neutron_lib.context [None req-0d64597a-035d-4823-9ea7-19e8c330ccac 11525bfdf39447a6bcc014eac8d7da97 1d592bbea4e544ee9c657d37193da1e0 - - default default] Method 'is_advsvc' is deprecated since 2023.2 release (neutron-lib 3.8.0) and will be removed once support for the old RBAC API policies will be removed from Neutron. Please use method 'is_service_role' instead.
2026-06-22 03:03:03.138 10 INFO neutron.db.ovn_revision_numbers_db [None req-1f95b4e7-25f9-4109-bb55-7ed6a5b305ad 155d39ede9114d15b26b202c22c6d43d 8f18fb3917dc439f88d19841436ee7be - - default default] Successfully bumped revision number for resource 16df4187-da08-4237-bd56-f7b7f628b694 (type: router_ports) to 1
2026-06-22 03:03:03.337 10 INFO neutron.db.ovn_revision_numbers_db [None req-0d64597a-035d-4823-9ea7-19e8c330ccac 11525bfdf39447a6bcc014eac8d7da97 1d592bbea4e544ee9c657d37193da1e0 - - default default] Successfully bumped revision number for resource 79dc06e0-22c7-425d-96df-9aa7ad08a69c (type: routers) to 1
2026-06-22 03:03:03.361 10 INFO neutron.wsgi [None req-0d64597a-035d-4823-9ea7-19e8c330ccac 11525bfdf39447a6bcc014eac8d7da97 1d592bbea4e544ee9c657d37193da1e0 - - default default] 10.0.0.55 "POST /v2.0/routers HTTP/1.1" status: 201 len: 654 time: 0.2979677
2026-06-22 03:03:03.364 10 INFO neutron.wsgi [None req-b9c92000-b192-49d1-a55c-e4a0ec7451c2 a43fa1a2797e4811a45fc102db90466d a78409b3f59149c6a628e4a3218cc1d0 - - default default] 10.0.0.55 "DELETE /v2.0/security-groups/1959158d-2664-4638-8164-968c20d8fdb6 HTTP/1.1" status: 204 len: 168 time: 0.3969028
2026-06-22 03:03:03.373 9 WARNING neutron_lib.context [None req-e7fa3215-74bb-45d3-b176-ed48bb15073e 11525bfdf39447a6bcc014eac8d7da97 1d592bbea4e544ee9c657d37193da1e0 - - default default] Method 'is_advsvc' is deprecated since 2023.2 release (neutron-lib 3.8.0) and will be removed once support for the old RBAC API policies will be removed from Neutron. Please use method 'is_service_role' instead.
2026-06-22 03:03:03.403 10 INFO neutron.db.ovn_revision_numbers_db [None req-1f95b4e7-25f9-4109-bb55-7ed6a5b305ad 155d39ede9114d15b26b202c22c6d43d 8f18fb3917dc439f88d19841436ee7be - - default default] Successfully bumped revision number for resource 16df4187-da08-4237-bd56-f7b7f628b694 (type: ports) to 1
2026-06-22 03:03:03.492 10 WARNING neutron.scheduler.dhcp_agent_scheduler [None req-1f95b4e7-25f9-4109-bb55-7ed6a5b305ad 155d39ede9114d15b26b202c22c6d43d 8f18fb3917dc439f88d19841436ee7be - - default default] No more DHCP agents
2026-06-22 03:03:03.495 10 WARNING neutron.api.rpc.agentnotifiers.dhcp_rpc_agent_api [None req-1f95b4e7-25f9-4109-bb55-7ed6a5b305ad 155d39ede9114d15b26b202c22c6d43d 8f18fb3917dc439f88d19841436ee7be - - default default] Unable to schedule network b0aec050-2534-4633-9d59-ea16d1dab1b1: no agents available; will retry on subsequent port and subnet creation events.
2026-06-22 03:03:03.754 9 INFO neutron.db.ovn_revision_numbers_db [None req-e7fa3215-74bb-45d3-b176-ed48bb15073e 11525bfdf39447a6bcc014eac8d7da97 1d592bbea4e544ee9c657d37193da1e0 - - default default] Successfully bumped revision number for resource 1e48f377-fea0-4652-8965-f44759bf3c31 (type: routers) to 1
2026-06-22 03:03:03.766 9 INFO neutron.wsgi [None req-e7fa3215-74bb-45d3-b176-ed48bb15073e 11525bfdf39447a6bcc014eac8d7da97 1d592bbea4e544ee9c657d37193da1e0 - - default default] 10.0.0.55 "POST /v2.0/routers HTTP/1.1" status: 201 len: 654 time: 0.3982356
2026-06-22 03:03:03.776 9 WARNING neutron_lib.context [None req-368fda9b-d27b-4c4c-b0ec-646630832fdd 11525bfdf39447a6bcc014eac8d7da97 1d592bbea4e544ee9c657d37193da1e0 - - default default] Method 'is_advsvc' is deprecated since 2023.2 release (neutron-lib 3.8.0) and will be removed once support for the old RBAC API policies will be removed from Neutron. Please use method 'is_service_role' instead.
2026-06-22 03:03:03.985 9 INFO neutron.db.ovn_revision_numbers_db [None req-368fda9b-d27b-4c4c-b0ec-646630832fdd 11525bfdf39447a6bcc014eac8d7da97 1d592bbea4e544ee9c657d37193da1e0 - - default default] Successfully bumped revision number for resource 8f40ca0d-6c5d-49e6-af29-58d72c193a43 (type: routers) to 1
2026-06-22 03:03:04.007 9 WARNING neutron_lib.context [None req-a9f32cc0-dca0-4504-9fc1-cb383e3f7f4e c35aa5a8bc5446888af2d5e1b2dc1d8f c2c95a37156346ceb5bb1f325e9015c4 - - default default] Method 'is_advsvc' is deprecated since 2023.2 release (neutron-lib 3.8.0) and will be removed once support for the old RBAC API policies will be removed from Neutron. Please use method 'is_service_role' instead.
2026-06-22 03:03:04.014 9 INFO neutron.wsgi [None req-368fda9b-d27b-4c4c-b0ec-646630832fdd 11525bfdf39447a6bcc014eac8d7da97 1d592bbea4e544ee9c657d37193da1e0 - - default default] 10.0.0.55 "POST /v2.0/routers HTTP/1.1" status: 201 len: 654 time: 0.2423139
2026-06-22 03:03:04.023 10 INFO neutron.db.ovn_revision_numbers_db [None req-5d8160c2-3012-4bb8-8975-df5326de722d a43fa1a2797e4811a45fc102db90466d a78409b3f59149c6a628e4a3218cc1d0 - - default default] Successfully bumped revision number for resource 39650a2b-6a8d-4d9a-bae3-d7dfd5aa7dab (type: security_groups) to 1
2026-06-22 03:03:04.024 9 WARNING neutron_lib.context [None req-6e3e6f68-e758-4fa4-94b8-ee0ea9b94f81 11525bfdf39447a6bcc014eac8d7da97 1d592bbea4e544ee9c657d37193da1e0 - - default default] Method 'is_advsvc' is deprecated since 2023.2 release (neutron-lib 3.8.0) and will be removed once support for the old RBAC API policies will be removed from Neutron. Please use method 'is_service_role' instead.
2026-06-22 03:03:04.065 10 INFO neutron.db.ovn_revision_numbers_db [None req-5d8160c2-3012-4bb8-8975-df5326de722d a43fa1a2797e4811a45fc102db90466d a78409b3f59149c6a628e4a3218cc1d0 - - default default] Successfully bumped revision number for resource 04029eed-a94a-491d-8dc8-93d5015bb985 (type: security_group_rules) to 0
2026-06-22 03:03:04.086 10 INFO neutron.db.ovn_revision_numbers_db [None req-5d8160c2-3012-4bb8-8975-df5326de722d a43fa1a2797e4811a45fc102db90466d a78409b3f59149c6a628e4a3218cc1d0 - - default default] Successfully bumped revision number for resource 5c090bb7-5738-4bcc-9dce-4e1edc269719 (type: security_group_rules) to 0
2026-06-22 03:03:04.126 10 INFO neutron.db.ovn_revision_numbers_db [None req-5d8160c2-3012-4bb8-8975-df5326de722d a43fa1a2797e4811a45fc102db90466d a78409b3f59149c6a628e4a3218cc1d0 - - default default] Successfully bumped revision number for resource 67ef4a6f-c25a-478c-9d95-587ad73f92fa (type: security_group_rules) to 0
2026-06-22 03:03:04.146 10 INFO neutron.db.ovn_revision_numbers_db [None req-5d8160c2-3012-4bb8-8975-df5326de722d a43fa1a2797e4811a45fc102db90466d a78409b3f59149c6a628e4a3218cc1d0 - - default default] Successfully bumped revision number for resource d26f2f1e-44a6-4942-abac-386e06e4def4 (type: security_group_rules) to 0
2026-06-22 03:03:04.182 10 INFO neutron.wsgi [None req-5d8160c2-3012-4bb8-8975-df5326de722d a43fa1a2797e4811a45fc102db90466d a78409b3f59149c6a628e4a3218cc1d0 - - default default] 10.0.0.55 "GET /v2.0/security-groups?tenant_id=86dc26db53c1417d862724c4e99a3b20&name=default HTTP/1.1" status: 200 len: 2996 time: 0.7110009
2026-06-22 03:03:04.204 9 INFO neutron.db.ovn_revision_numbers_db [None req-6e3e6f68-e758-4fa4-94b8-ee0ea9b94f81 11525bfdf39447a6bcc014eac8d7da97 1d592bbea4e544ee9c657d37193da1e0 - - default default] Successfully bumped revision number for resource c4ccf7ab-5717-47c5-badb-b2b88db489e8 (type: routers) to 1
2026-06-22 03:03:04.207 10 INFO neutron.db.ovn_revision_numbers_db [None req-1f95b4e7-25f9-4109-bb55-7ed6a5b305ad 155d39ede9114d15b26b202c22c6d43d 8f18fb3917dc439f88d19841436ee7be - - default default] Successfully bumped revision number for resource 16df4187-da08-4237-bd56-f7b7f628b694 (type: router_ports) to 1
2026-06-22 03:03:04.209 10 INFO neutron.wsgi [None req-1f95b4e7-25f9-4109-bb55-7ed6a5b305ad 155d39ede9114d15b26b202c22c6d43d 8f18fb3917dc439f88d19841436ee7be - - default default] 10.0.0.55 "PUT /v2.0/routers/ed61f000-cc61-4e13-b016-5a3baed1c0e4/add_router_interface HTTP/1.1" status: 200 len: 503 time: 3.5803664
2026-06-22 03:03:04.212 9 INFO neutron.db.ovn_revision_numbers_db [None req-a9f32cc0-dca0-4504-9fc1-cb383e3f7f4e c35aa5a8bc5446888af2d5e1b2dc1d8f c2c95a37156346ceb5bb1f325e9015c4 - - default default] Successfully bumped revision number for resource 830b1eee-ae55-4b5f-8351-a67223b816e6 (type: security_groups) to 1
2026-06-22 03:03:04.220 9 INFO neutron.wsgi [None req-6e3e6f68-e758-4fa4-94b8-ee0ea9b94f81 11525bfdf39447a6bcc014eac8d7da97 1d592bbea4e544ee9c657d37193da1e0 - - default default] 10.0.0.55 "POST /v2.0/routers HTTP/1.1" status: 201 len: 654 time: 0.2004514
2026-06-22 03:03:04.237 9 WARNING neutron_lib.context [None req-fcc13806-9e22-42a5-957a-2c4ed747581e 11525bfdf39447a6bcc014eac8d7da97 1d592bbea4e544ee9c657d37193da1e0 - - default default] Method 'is_advsvc' is deprecated since 2023.2 release (neutron-lib 3.8.0) and will be removed once support for the old RBAC API policies will be removed from Neutron. Please use method 'is_service_role' instead.
2026-06-22 03:03:04.242 9 INFO neutron.db.ovn_revision_numbers_db [None req-a9f32cc0-dca0-4504-9fc1-cb383e3f7f4e c35aa5a8bc5446888af2d5e1b2dc1d8f c2c95a37156346ceb5bb1f325e9015c4 - - default default] Successfully bumped revision number for resource 070c8462-967e-4bfa-8c1d-65748a5276f5 (type: security_group_rules) to 0
2026-06-22 03:03:04.258 9 INFO neutron.db.ovn_revision_numbers_db [None req-a9f32cc0-dca0-4504-9fc1-cb383e3f7f4e c35aa5a8bc5446888af2d5e1b2dc1d8f c2c95a37156346ceb5bb1f325e9015c4 - - default default] Successfully bumped revision number for resource 9b1387e2-7329-40eb-aafa-0d8a3c9faac0 (type: security_group_rules) to 0
2026-06-22 03:03:04.290 9 INFO neutron.wsgi [None req-a9f32cc0-dca0-4504-9fc1-cb383e3f7f4e c35aa5a8bc5446888af2d5e1b2dc1d8f c2c95a37156346ceb5bb1f325e9015c4 - - default default] 10.0.0.55 "POST /v2.0/security-groups HTTP/1.1" status: 201 len: 1809 time: 0.2889802
2026-06-22 03:03:04.295 10 WARNING neutron_lib.context [None req-5cad129d-c07f-4720-a644-d35855a17f74 155d39ede9114d15b26b202c22c6d43d 8f18fb3917dc439f88d19841436ee7be - - default default] Method 'is_advsvc' is deprecated since 2023.2 release (neutron-lib 3.8.0) and will be removed once support for the old RBAC API policies will be removed from Neutron. Please use method 'is_service_role' instead.
2026-06-22 03:03:04.299 9 WARNING neutron_lib.context [None req-07e260ec-d4eb-45e3-b57b-5d803d10a063 c35aa5a8bc5446888af2d5e1b2dc1d8f c2c95a37156346ceb5bb1f325e9015c4 - - default default] Method 'is_advsvc' is deprecated since 2023.2 release (neutron-lib 3.8.0) and will be removed once support for the old RBAC API policies will be removed from Neutron. Please use method 'is_service_role' instead.
2026-06-22 03:03:04.412 9 INFO neutron.db.ovn_revision_numbers_db [None req-fcc13806-9e22-42a5-957a-2c4ed747581e 11525bfdf39447a6bcc014eac8d7da97 1d592bbea4e544ee9c657d37193da1e0 - - default default] Successfully bumped revision number for resource 4993bc53-5962-4317-8153-1eb93085e67d (type: routers) to 1
2026-06-22 03:03:04.419 10 INFO neutron.db.ovn_revision_numbers_db [None req-5cad129d-c07f-4720-a644-d35855a17f74 155d39ede9114d15b26b202c22c6d43d 8f18fb3917dc439f88d19841436ee7be - - default default] Successfully bumped revision number for resource f1ad453c-de27-43ee-9e5a-65ea08bbd6a4 (type: security_groups) to 1
2026-06-22 03:03:04.426 9 INFO neutron.wsgi [None req-fcc13806-9e22-42a5-957a-2c4ed747581e 11525bfdf39447a6bcc014eac8d7da97 1d592bbea4e544ee9c657d37193da1e0 - - default default] 10.0.0.55 "POST /v2.0/routers HTTP/1.1" status: 201 len: 654 time: 0.1945794
2026-06-22 03:03:04.437 10 INFO neutron.wsgi [None req-ff02ab10-30fe-473f-9af6-4417b59be90a a43fa1a2797e4811a45fc102db90466d a78409b3f59149c6a628e4a3218cc1d0 - - default default] 10.0.0.55 "DELETE /v2.0/security-groups/39650a2b-6a8d-4d9a-bae3-d7dfd5aa7dab HTTP/1.1" status: 204 len: 168 time: 0.2489922
2026-06-22 03:03:04.443 10 INFO neutron.db.ovn_revision_numbers_db [None req-5cad129d-c07f-4720-a644-d35855a17f74 155d39ede9114d15b26b202c22c6d43d 8f18fb3917dc439f88d19841436ee7be - - default default] Successfully bumped revision number for resource 9a895884-5e9b-4197-ab7a-07ba92080ca1 (type: security_group_rules) to 0
2026-06-22 03:03:04.479 9 INFO neutron.db.ovn_revision_numbers_db [None req-07e260ec-d4eb-45e3-b57b-5d803d10a063 c35aa5a8bc5446888af2d5e1b2dc1d8f c2c95a37156346ceb5bb1f325e9015c4 - - default default] Successfully bumped revision number for resource 912e054b-3af5-4a28-9dd8-9f3cd679c5d0 (type: security_group_rules) to 0
2026-06-22 03:03:04.488 10 INFO neutron.db.ovn_revision_numbers_db [None req-5cad129d-c07f-4720-a644-d35855a17f74 155d39ede9114d15b26b202c22c6d43d 8f18fb3917dc439f88d19841436ee7be - - default default] Successfully bumped revision number for resource f0154c30-1cc5-4997-821c-2b89c8717055 (type: security_group_rules) to 0
