2026-06-22 03:01:43.321 9 WARNING neutron.api.rpc.agentnotifiers.dhcp_rpc_agent_api [None req-14a0850c-7cb1-4641-8d70-b98eee5f720e 0615b1924bb947de8d8c23c6e6f1335f f7da208762ab45f7be3d1cdbdf842b80 - - default default] Unable to schedule network e34a7b67-e0f4-4332-9a1f-b10a079d2187: no agents available; will retry on subsequent port and subnet creation events.
2026-06-22 03:01:43.508 10 INFO neutron.services.segments.plugin [-] Segment a153da7b-20a9-4f49-91bf-257f2c29d2c3 resource provider aggregate not found
2026-06-22 03:01:43.513 9 INFO neutron.db.ovn_revision_numbers_db [None req-14a0850c-7cb1-4641-8d70-b98eee5f720e 0615b1924bb947de8d8c23c6e6f1335f f7da208762ab45f7be3d1cdbdf842b80 - - default default] Successfully bumped revision number for resource 234dab02-a611-4a68-927a-7cd1b2ad4578 (type: ports) to 1
2026-06-22 03:01:43.523 10 INFO neutron.services.segments.plugin [-] Segment a153da7b-20a9-4f49-91bf-257f2c29d2c3 resource provider aggregate not found
2026-06-22 03:01:43.537 10 INFO neutron.services.segments.plugin [-] Segment a153da7b-20a9-4f49-91bf-257f2c29d2c3 resource provider not found; error: Placement Client Error (4xx): {"errors": [{"status": 404, "title": "Not Found", "detail": "The resource could not be found.\n\n No resource provider with uuid a153da7b-20a9-4f49-91bf-257f2c29d2c3 found for delete ", "request_id": "req-04786559-d58b-49a2-a2d3-c7db2c2e7184"}]}
2026-06-22 03:01:43.552 10 INFO neutron.services.segments.plugin [-] Segment a153da7b-20a9-4f49-91bf-257f2c29d2c3 resource provider not found; error: Placement Client Error (4xx): {"errors": [{"status": 404, "title": "Not Found", "detail": "The resource could not be found.\n\n No resource provider with uuid a153da7b-20a9-4f49-91bf-257f2c29d2c3 found for delete ", "request_id": "req-f48ef9e8-276c-4182-baa8-e5acecf988b8"}]}
2026-06-22 03:01:43.575 10 INFO neutron.wsgi [None req-1cf7c139-d0f2-46cc-8e37-dffe71e0ba8a 8deec7bb20eb49d8aaf059ce2dfa9dd7 66b7d7fd9ba541e682d80d033540e685 - - default default] 10.0.0.55 "DELETE /v2.0/networks/e2538700-9c70-4f57-a65a-65a47eb728f1 HTTP/1.1" status: 204 len: 168 time: 0.5049181
2026-06-22 03:01:43.588 10 WARNING neutron_lib.context [None req-ad9cc168-938f-46cd-bae1-7481b4e851ad 8deec7bb20eb49d8aaf059ce2dfa9dd7 66b7d7fd9ba541e682d80d033540e685 - - default default] Method 'is_advsvc' is deprecated since 2023.2 release (neutron-lib 3.8.0) and will be removed once support for the old RBAC API policies will be removed from Neutron. Please use method 'is_service_role' instead.
2026-06-22 03:01:43.880 10 WARNING neutron.scheduler.dhcp_agent_scheduler [None req-ad9cc168-938f-46cd-bae1-7481b4e851ad 8deec7bb20eb49d8aaf059ce2dfa9dd7 66b7d7fd9ba541e682d80d033540e685 - - default default] No more DHCP agents
2026-06-22 03:01:43.882 10 WARNING neutron.api.rpc.agentnotifiers.dhcp_rpc_agent_api [None req-ad9cc168-938f-46cd-bae1-7481b4e851ad 8deec7bb20eb49d8aaf059ce2dfa9dd7 66b7d7fd9ba541e682d80d033540e685 - - default default] Unable to schedule network b473c8eb-4ec9-4601-9421-84bd8c67e240: no agents available; will retry on subsequent port and subnet creation events.
2026-06-22 03:01:43.980 10 INFO neutron.db.ovn_revision_numbers_db [None req-ad9cc168-938f-46cd-bae1-7481b4e851ad 8deec7bb20eb49d8aaf059ce2dfa9dd7 66b7d7fd9ba541e682d80d033540e685 - - default default] Successfully bumped revision number for resource 683ee57c-6e53-43ed-8cc4-5cc3eee52256 (type: ports) to 1
2026-06-22 03:01:44.004 10 INFO neutron.wsgi [None req-ad9cc168-938f-46cd-bae1-7481b4e851ad 8deec7bb20eb49d8aaf059ce2dfa9dd7 66b7d7fd9ba541e682d80d033540e685 - - default default] 10.0.0.55 "POST /v2.0/ports HTTP/1.1" status: 201 len: 977 time: 0.4219546
2026-06-22 03:01:44.094 9 INFO neutron.db.ovn_revision_numbers_db [None req-14a0850c-7cb1-4641-8d70-b98eee5f720e 0615b1924bb947de8d8c23c6e6f1335f f7da208762ab45f7be3d1cdbdf842b80 - - default default] Successfully bumped revision number for resource 234dab02-a611-4a68-927a-7cd1b2ad4578 (type: router_ports) to 1 /var/lib/openstack/lib/python3.10/site-packages/pycadf/identifier.py:71: UserWarning: Invalid uuid: neutron. To ensure interoperability, identifiers should be a valid uuid. warnings.warn(('Invalid uuid: %s. To ensure interoperability, '
2026-06-22 03:01:44.132 10 INFO neutron.wsgi [None req-fd9da97c-7236-42d7-9115-4fd80e07f092 5cc6b23a4b4f4168a9be5de4cafa5ffd 218fa25b054b461da8d2411b5b4242fe - - default default] 10.0.0.55 "GET /v2.0/ports/994b1ba3-af09-4cbf-b74e-020e564fc929 HTTP/1.1" status: 200 len: 1147 time: 0.0387895
2026-06-22 03:01:44.407 9 INFO neutron.db.ovn_revision_numbers_db [None req-14a0850c-7cb1-4641-8d70-b98eee5f720e 0615b1924bb947de8d8c23c6e6f1335f f7da208762ab45f7be3d1cdbdf842b80 - - default default] Successfully bumped revision number for resource 234dab02-a611-4a68-927a-7cd1b2ad4578 (type: ports) to 1
2026-06-22 03:01:44.440 9 INFO neutron.db.ovn_revision_numbers_db [None req-412b3b7e-7962-47a1-8af7-3ce1c0761780 8deec7bb20eb49d8aaf059ce2dfa9dd7 66b7d7fd9ba541e682d80d033540e685 - - default default] Successfully bumped revision number for resource 683ee57c-6e53-43ed-8cc4-5cc3eee52256 (type: ports) to 2
2026-06-22 03:01:44.467 9 INFO neutron.wsgi [None req-412b3b7e-7962-47a1-8af7-3ce1c0761780 8deec7bb20eb49d8aaf059ce2dfa9dd7 66b7d7fd9ba541e682d80d033540e685 - - default default] 10.0.0.55 "PUT /v2.0/ports/683ee57c-6e53-43ed-8cc4-5cc3eee52256 HTTP/1.1" status: 200 len: 946 time: 0.4580958 /var/lib/openstack/lib/python3.10/site-packages/pycadf/identifier.py:71: UserWarning: Invalid uuid: neutron. To ensure interoperability, identifiers should be a valid uuid. warnings.warn(('Invalid uuid: %s. To ensure interoperability, '
2026-06-22 03:01:44.528 9 WARNING neutron.scheduler.dhcp_agent_scheduler [None req-14a0850c-7cb1-4641-8d70-b98eee5f720e 0615b1924bb947de8d8c23c6e6f1335f f7da208762ab45f7be3d1cdbdf842b80 - - default default] No more DHCP agents
2026-06-22 03:01:44.539 9 WARNING neutron.api.rpc.agentnotifiers.dhcp_rpc_agent_api [None req-14a0850c-7cb1-4641-8d70-b98eee5f720e 0615b1924bb947de8d8c23c6e6f1335f f7da208762ab45f7be3d1cdbdf842b80 - - default default] Unable to schedule network e34a7b67-e0f4-4332-9a1f-b10a079d2187: no agents available; will retry on subsequent port and subnet creation events.
2026-06-22 03:01:44.797 9 INFO neutron.wsgi [None req-4b10d5e2-ae1a-4058-be7a-0096e7f7d032 8deec7bb20eb49d8aaf059ce2dfa9dd7 66b7d7fd9ba541e682d80d033540e685 - - default default] 10.0.0.55 "DELETE /v2.0/ports/683ee57c-6e53-43ed-8cc4-5cc3eee52256 HTTP/1.1" status: 204 len: 168 time: 0.3250892
2026-06-22 03:01:44.885 9 INFO neutron.db.ovn_revision_numbers_db [None req-14a0850c-7cb1-4641-8d70-b98eee5f720e 0615b1924bb947de8d8c23c6e6f1335f f7da208762ab45f7be3d1cdbdf842b80 - - default default] Successfully bumped revision number for resource 234dab02-a611-4a68-927a-7cd1b2ad4578 (type: router_ports) to 1
2026-06-22 03:01:44.888 9 INFO neutron.wsgi [None req-14a0850c-7cb1-4641-8d70-b98eee5f720e 0615b1924bb947de8d8c23c6e6f1335f f7da208762ab45f7be3d1cdbdf842b80 - - default default] 10.0.0.55 "PUT /v2.0/routers/2d2b7295-5088-48bf-bd92-15cd277b0baf/add_router_interface HTTP/1.1" status: 200 len: 503 time: 2.3227627
2026-06-22 03:01:44.899 10 INFO neutron.wsgi [None req-c436a00c-24f4-4324-b6e0-1e033f0796f0 8deec7bb20eb49d8aaf059ce2dfa9dd7 66b7d7fd9ba541e682d80d033540e685 - - default default] 10.0.0.55 "GET /v2.0/ports HTTP/1.1" status: 200 len: 1733 time: 0.0962110
2026-06-22 03:01:44.922 10 INFO neutron.pecan_wsgi.hooks.translation [None req-7c3ecefe-7f92-4623-abb5-93ca21bfbe75 8deec7bb20eb49d8aaf059ce2dfa9dd7 66b7d7fd9ba541e682d80d033540e685 - - default default] GET failed (client error): The resource could not be found.
2026-06-22 03:01:44.924 10 INFO neutron.wsgi [None req-7c3ecefe-7f92-4623-abb5-93ca21bfbe75 8deec7bb20eb49d8aaf059ce2dfa9dd7 66b7d7fd9ba541e682d80d033540e685 - - default default] 10.0.0.55 "GET /v2.0/ports/683ee57c-6e53-43ed-8cc4-5cc3eee52256 HTTP/1.1" status: 404 len: 333 time: 0.0191936
2026-06-22 03:01:44.977 10 INFO neutron.wsgi [None req-8d85bb84-52b5-4ca1-a4ad-be1306e3e663 8deec7bb20eb49d8aaf059ce2dfa9dd7 66b7d7fd9ba541e682d80d033540e685 - - default default] 10.0.0.55 "GET /v2.0/ports HTTP/1.1" status: 200 len: 1733 time: 0.0458593
2026-06-22 03:01:45.025 10 INFO neutron.wsgi [None req-36ccc48c-d2ac-4697-b2d7-a0bc6938fc87 8deec7bb20eb49d8aaf059ce2dfa9dd7 66b7d7fd9ba541e682d80d033540e685 - - default default] 10.0.0.55 "GET /v2.0/ports/4244afb9-c2d3-45e7-9b7e-8f546612b973 HTTP/1.1" status: 200 len: 973 time: 0.0395317
2026-06-22 03:01:45.049 10 INFO neutron.pecan_wsgi.hooks.translation [None req-345ec6f9-df8f-4954-9848-8d6299251cec 8deec7bb20eb49d8aaf059ce2dfa9dd7 66b7d7fd9ba541e682d80d033540e685 - - default default] DELETE failed (client error): The resource could not be found.
2026-06-22 03:01:45.052 10 INFO neutron.wsgi [None req-345ec6f9-df8f-4954-9848-8d6299251cec 8deec7bb20eb49d8aaf059ce2dfa9dd7 66b7d7fd9ba541e682d80d033540e685 - - default default] 10.0.0.55 "DELETE /v2.0/ports/315d8a99-08a7-4f47-9eeb-0772fb1ee4da HTTP/1.1" status: 404 len: 333 time: 0.0203779
2026-06-22 03:01:45.081 10 INFO neutron.pecan_wsgi.hooks.translation [None req-06a6118d-ed05-4eb8-93bc-0660e476c607 8deec7bb20eb49d8aaf059ce2dfa9dd7 66b7d7fd9ba541e682d80d033540e685 - - default default] DELETE failed (client error): The resource could not be found.
2026-06-22 03:01:45.086 10 INFO neutron.wsgi [None req-06a6118d-ed05-4eb8-93bc-0660e476c607 8deec7bb20eb49d8aaf059ce2dfa9dd7 66b7d7fd9ba541e682d80d033540e685 - - default default] 10.0.0.55 "DELETE /v2.0/subnets/23656b40-30ca-4f2d-a649-c7f941709f7a HTTP/1.1" status: 404 len: 337 time: 0.0299160
2026-06-22 03:01:45.115 10 INFO neutron.pecan_wsgi.hooks.translation [None req-5b2b61cf-8fb9-4fc5-b4b9-e04463c3f6e2 8deec7bb20eb49d8aaf059ce2dfa9dd7 66b7d7fd9ba541e682d80d033540e685 - - default default] DELETE failed (client error): The resource could not be found.
2026-06-22 03:01:45.118 10 INFO neutron.wsgi [None req-5b2b61cf-8fb9-4fc5-b4b9-e04463c3f6e2 8deec7bb20eb49d8aaf059ce2dfa9dd7 66b7d7fd9ba541e682d80d033540e685 - - default default] 10.0.0.55 "DELETE /v2.0/subnets/c27342ef-06f7-45f2-ac38-0952d9d79895 HTTP/1.1" status: 404 len: 337 time: 0.0245974
2026-06-22 03:01:45.182 9 INFO neutron.wsgi [None req-50df5049-24b5-49b1-b340-565de530ba0b fec0402601ed4c7da5d860ccbb4f80a8 3cc5fd37272d40fa86b1d2db6b4f8590 - - default default] 10.0.0.55 "GET /v2.0/networks HTTP/1.1" status: 200 len: 5331 time: 0.2901628
2026-06-22 03:01:45.193 10 INFO neutron.wsgi [None req-744cdef1-fe52-4863-9b3e-c5295f29ea23 5cc6b23a4b4f4168a9be5de4cafa5ffd 218fa25b054b461da8d2411b5b4242fe - - default default] 10.0.0.55 "GET /v2.0/ports/994b1ba3-af09-4cbf-b74e-020e564fc929 HTTP/1.1" status: 200 len: 1147 time: 0.0552163
2026-06-22 03:01:45.233 9 INFO neutron.wsgi [None req-a2214240-10a0-4fd9-9aca-ddfe3b1f2e0d fec0402601ed4c7da5d860ccbb4f80a8 3cc5fd37272d40fa86b1d2db6b4f8590 - - default default] 10.0.0.55 "GET /v2.0/subnets HTTP/1.1" status: 200 len: 3366 time: 0.0469041
2026-06-22 03:01:45.326 9 WARNING neutron.plugins.ml2.drivers.ovn.mech_driver.ovsdb.ovn_client [None req-c0f4d9be-f188-4e01-bd69-e1ae438ec48e - - - - - -] No hosting information found for port a3a74578-38a3-4f0d-9814-08de5432e929: RuntimeError: No hosting information found for port a3a74578-38a3-4f0d-9814-08de5432e929
2026-06-22 03:01:45.326 9 INFO neutron.plugins.ml2.drivers.ovn.mech_driver.mech_driver [None req-c0f4d9be-f188-4e01-bd69-e1ae438ec48e - - - - - -] OVN reports status up for port: 7f4a1f5d-cea1-42e2-b9b9-576e2aaa9aed
2026-06-22 03:01:45.349 9 INFO neutron.plugins.ml2.plugin [None req-c0f4d9be-f188-4e01-bd69-e1ae438ec48e - - - - - -] Attempt 1 to provision port 7f4a1f5d-cea1-42e2-b9b9-576e2aaa9aed
2026-06-22 03:01:45.386 9 INFO neutron.wsgi [None req-783d2e9e-59ad-4ae3-a13f-b9b60fa98a1d fec0402601ed4c7da5d860ccbb4f80a8 3cc5fd37272d40fa86b1d2db6b4f8590 - - default default] 10.0.0.55 "GET /v2.0/routers HTTP/1.1" status: 200 len: 1367 time: 0.1471002
2026-06-22 03:01:45.454 9 WARNING neutron_lib.context [None req-67220228-92e4-467c-928f-c68378225ecc 0615b1924bb947de8d8c23c6e6f1335f f7da208762ab45f7be3d1cdbdf842b80 - - default default] Method 'is_advsvc' is deprecated since 2023.2 release (neutron-lib 3.8.0) and will be removed once support for the old RBAC API policies will be removed from Neutron. Please use method 'is_service_role' instead.
2026-06-22 03:01:45.462 10 INFO neutron.wsgi [None req-f610dbed-efc8-4df2-8e08-6edf3d0a80de 8deec7bb20eb49d8aaf059ce2dfa9dd7 66b7d7fd9ba541e682d80d033540e685 - - default default] 10.0.0.55 "DELETE /v2.0/ports/4244afb9-c2d3-45e7-9b7e-8f546612b973 HTTP/1.1" status: 204 len: 168 time: 0.3398311
2026-06-22 03:01:45.472 9 INFO neutron.plugins.ml2.drivers.ovn.mech_driver.mech_driver [None req-c0f4d9be-f188-4e01-bd69-e1ae438ec48e - - - - - -] OVN reports status up for port: 994b1ba3-af09-4cbf-b74e-020e564fc929
2026-06-22 03:01:45.480 9 INFO neutron.plugins.ml2.plugin [None req-c0f4d9be-f188-4e01-bd69-e1ae438ec48e - - - - - -] Attempt 1 to provision port 994b1ba3-af09-4cbf-b74e-020e564fc929
2026-06-22 03:01:45.620 9 INFO neutron.db.ovn_revision_numbers_db [None req-67220228-92e4-467c-928f-c68378225ecc 0615b1924bb947de8d8c23c6e6f1335f f7da208762ab45f7be3d1cdbdf842b80 - - default default] Successfully bumped revision number for resource 5138ba18-4d22-475f-8b20-5fba663b8566 (type: security_groups) to 1
2026-06-22 03:01:45.647 9 INFO neutron.db.ovn_revision_numbers_db [None req-67220228-92e4-467c-928f-c68378225ecc 0615b1924bb947de8d8c23c6e6f1335f f7da208762ab45f7be3d1cdbdf842b80 - - default default] Successfully bumped revision number for resource 50b3b9b0-d17e-4014-996d-c397aba7a290 (type: security_group_rules) to 0
2026-06-22 03:01:45.669 9 INFO neutron.db.ovn_revision_numbers_db [None req-67220228-92e4-467c-928f-c68378225ecc 0615b1924bb947de8d8c23c6e6f1335f f7da208762ab45f7be3d1cdbdf842b80 - - default default] Successfully bumped revision number for resource a814aa54-187e-4efc-bd33-63977f769bac (type: security_group_rules) to 0
2026-06-22 03:01:45.691 9 INFO neutron.wsgi [None req-67220228-92e4-467c-928f-c68378225ecc 0615b1924bb947de8d8c23c6e6f1335f f7da208762ab45f7be3d1cdbdf842b80 - - default default] 10.0.0.55 "POST /v2.0/security-groups HTTP/1.1" status: 201 len: 1805 time: 0.2420061
2026-06-22 03:01:45.715 10 WARNING neutron_lib.context [None req-62f10e8c-51c6-4688-a964-0e1a68d77af2 0615b1924bb947de8d8c23c6e6f1335f f7da208762ab45f7be3d1cdbdf842b80 - - default default] Method 'is_advsvc' is deprecated since 2023.2 release (neutron-lib 3.8.0) and will be removed once support for the old RBAC API policies will be removed from Neutron. Please use method 'is_service_role' instead.
2026-06-22 03:01:45.811 9 INFO neutron.db.ovn_revision_numbers_db [None req-c0f4d9be-f188-4e01-bd69-e1ae438ec48e - - - - - -] Successfully bumped revision number for resource 994b1ba3-af09-4cbf-b74e-020e564fc929 (type: ports) to 2
2026-06-22 03:01:45.896 10 INFO neutron.services.segments.plugin [-] Segment da58d9d4-177d-4710-94b9-078a5758dbb5 resource provider aggregate not found
2026-06-22 03:01:45.897 9 INFO neutron.db.ovn_revision_numbers_db [None req-c0f4d9be-f188-4e01-bd69-e1ae438ec48e - - - - - -] Successfully bumped revision number for resource 994b1ba3-af09-4cbf-b74e-020e564fc929 (type: router_ports) to 2
2026-06-22 03:01:45.904 10 INFO neutron.services.segments.plugin [-] Segment da58d9d4-177d-4710-94b9-078a5758dbb5 resource provider aggregate not found
2026-06-22 03:01:45.922 10 INFO neutron.services.segments.plugin [-] Segment da58d9d4-177d-4710-94b9-078a5758dbb5 resource provider not found; error: Placement Client Error (4xx): {"errors": [{"status": 404, "title": "Not Found", "detail": "The resource could not be found.\n\n No resource provider with uuid da58d9d4-177d-4710-94b9-078a5758dbb5 found for delete ", "request_id": "req-59e3e823-b7f5-4eeb-8405-671c9df6ac95"}]}
2026-06-22 03:01:45.926 10 INFO neutron.services.segments.plugin [-] Segment da58d9d4-177d-4710-94b9-078a5758dbb5 resource provider not found; error: Placement Client Error (4xx): {"errors": [{"status": 404, "title": "Not Found", "detail": "The resource could not be found.\n\n No resource provider with uuid da58d9d4-177d-4710-94b9-078a5758dbb5 found for delete ", "request_id": "req-0a5aa80d-0bfc-4ba2-b0b5-727241b867a0"}]}
2026-06-22 03:01:45.940 10 INFO neutron.db.ovn_revision_numbers_db [None req-62f10e8c-51c6-4688-a964-0e1a68d77af2 0615b1924bb947de8d8c23c6e6f1335f f7da208762ab45f7be3d1cdbdf842b80 - - default default] Successfully bumped revision number for resource fd0e2b7f-6fa7-4ed4-b51f-a12a4730f0cc (type: security_group_rules) to 0
2026-06-22 03:01:45.966 10 INFO neutron.wsgi [None req-7e1c6da2-cf07-4415-aef4-0a5b83241142 8deec7bb20eb49d8aaf059ce2dfa9dd7 66b7d7fd9ba541e682d80d033540e685 - - default default] 10.0.0.55 "DELETE /v2.0/networks/b473c8eb-4ec9-4601-9421-84bd8c67e240 HTTP/1.1" status: 204 len: 168 time: 0.4987304
2026-06-22 03:01:45.970 10 INFO neutron.wsgi [None req-62f10e8c-51c6-4688-a964-0e1a68d77af2 0615b1924bb947de8d8c23c6e6f1335f f7da208762ab45f7be3d1cdbdf842b80 - - default default] 10.0.0.55 "POST /v2.0/security-group-rules HTTP/1.1" status: 201 len: 764 time: 0.2604401
2026-06-22 03:01:45.984 9 WARNING neutron_lib.context [None req-a8721c83-2abf-4e56-a64d-8c40d09bcf18 0615b1924bb947de8d8c23c6e6f1335f f7da208762ab45f7be3d1cdbdf842b80 - - default default] Method 'is_advsvc' is deprecated since 2023.2 release (neutron-lib 3.8.0) and will be removed once support for the old RBAC API policies will be removed from Neutron. Please use method 'is_service_role' instead.
2026-06-22 03:01:46.124 9 INFO neutron.db.ovn_revision_numbers_db [None req-a8721c83-2abf-4e56-a64d-8c40d09bcf18 0615b1924bb947de8d8c23c6e6f1335f f7da208762ab45f7be3d1cdbdf842b80 - - default default] Successfully bumped revision number for resource 0cc12708-9f02-49ba-a719-d9d43ce6812e (type: security_group_rules) to 0
2026-06-22 03:01:46.154 9 INFO neutron.wsgi [None req-a8721c83-2abf-4e56-a64d-8c40d09bcf18 0615b1924bb947de8d8c23c6e6f1335f f7da208762ab45f7be3d1cdbdf842b80 - - default default] 10.0.0.55 "POST /v2.0/security-group-rules HTTP/1.1" status: 201 len: 763 time: 0.1779687
2026-06-22 03:01:46.165 9 WARNING neutron_lib.context [None req-dfb35a8f-9f27-4062-8378-c1872e73e48e 0615b1924bb947de8d8c23c6e6f1335f f7da208762ab45f7be3d1cdbdf842b80 - - default default] Method 'is_advsvc' is deprecated since 2023.2 release (neutron-lib 3.8.0) and will be removed once support for the old RBAC API policies will be removed from Neutron. Please use method 'is_service_role' instead.
2026-06-22 03:01:46.244 10 INFO neutron.wsgi [None req-75fba724-a5b3-4c9d-8c1b-6811f4a70389 5cc6b23a4b4f4168a9be5de4cafa5ffd 218fa25b054b461da8d2411b5b4242fe - - default default] 10.0.0.55 "GET /v2.0/ports/994b1ba3-af09-4cbf-b74e-020e564fc929 HTTP/1.1" status: 200 len: 1149 time: 0.0434611
2026-06-22 03:01:46.331 9 INFO neutron.db.ovn_revision_numbers_db [None req-dfb35a8f-9f27-4062-8378-c1872e73e48e 0615b1924bb947de8d8c23c6e6f1335f f7da208762ab45f7be3d1cdbdf842b80 - - default default] Successfully bumped revision number for resource d200241d-194b-4e67-b0df-d8704ddc68c7 (type: security_group_rules) to 0
2026-06-22 03:01:46.392 9 INFO neutron.wsgi [None req-dfb35a8f-9f27-4062-8378-c1872e73e48e 0615b1924bb947de8d8c23c6e6f1335f f7da208762ab45f7be3d1cdbdf842b80 - - default default] 10.0.0.55 "POST /v2.0/security-group-rules HTTP/1.1" status: 201 len: 769 time: 0.2326889
2026-06-22 03:01:46.406 10 WARNING neutron_lib.context [None req-58fa1401-a52e-4749-a477-7bd53b2784d4 0615b1924bb947de8d8c23c6e6f1335f f7da208762ab45f7be3d1cdbdf842b80 - - default default] Method 'is_advsvc' is deprecated since 2023.2 release (neutron-lib 3.8.0) and will be removed once support for the old RBAC API policies will be removed from Neutron. Please use method 'is_service_role' instead.
2026-06-22 03:01:46.619 10 INFO neutron.db.ovn_revision_numbers_db [None req-58fa1401-a52e-4749-a477-7bd53b2784d4 0615b1924bb947de8d8c23c6e6f1335f f7da208762ab45f7be3d1cdbdf842b80 - - default default] Successfully bumped revision number for resource b1a0a77c-ebff-45c3-8fb6-0d6e54077ec1 (type: security_group_rules) to 0
2026-06-22 03:01:46.655 10 INFO neutron.wsgi [None req-58fa1401-a52e-4749-a477-7bd53b2784d4 0615b1924bb947de8d8c23c6e6f1335f f7da208762ab45f7be3d1cdbdf842b80 - - default default] 10.0.0.55 "POST /v2.0/security-group-rules HTTP/1.1" status: 201 len: 768 time: 0.2573962
2026-06-22 03:01:46.668 9 WARNING neutron_lib.context [None req-887959af-f480-4f5b-9ad8-6a92498b300c 0615b1924bb947de8d8c23c6e6f1335f f7da208762ab45f7be3d1cdbdf842b80 - - default default] Method 'is_advsvc' is deprecated since 2023.2 release (neutron-lib 3.8.0) and will be removed once support for the old RBAC API policies will be removed from Neutron. Please use method 'is_service_role' instead.
2026-06-22 03:01:46.696 9 INFO neutron.db.securitygroups_db [None req-887959af-f480-4f5b-9ad8-6a92498b300c 0615b1924bb947de8d8c23c6e6f1335f f7da208762ab45f7be3d1cdbdf842b80 - - default default] Project f7da208762ab45f7be3d1cdbdf842b80 added a security group rule with legacy IPv6 ICMP protocol name icmp, ipv6-icmp should be used instead. It was automatically converted.
2026-06-22 03:01:46.712 9 INFO neutron.wsgi [None req-23bcfa03-7979-4314-b737-87a5f6f1f0aa a43fa1a2797e4811a45fc102db90466d a78409b3f59149c6a628e4a3218cc1d0 - - default default] 10.0.0.55 "GET /v2.0/security-groups?tenant_id=66b7d7fd9ba541e682d80d033540e685&name=default HTTP/1.1" status: 200 len: 2996 time: 0.1559057
2026-06-22 03:01:46.839 9 INFO neutron.db.ovn_revision_numbers_db [None req-887959af-f480-4f5b-9ad8-6a92498b300c 0615b1924bb947de8d8c23c6e6f1335f f7da208762ab45f7be3d1cdbdf842b80 - - default default] Successfully bumped revision number for resource 843991e0-2bd2-4652-a05d-6d6f88f2d8a9 (type: security_group_rules) to 0
2026-06-22 03:01:46.864 9 INFO neutron.wsgi [None req-887959af-f480-4f5b-9ad8-6a92498b300c 0615b1924bb947de8d8c23c6e6f1335f f7da208762ab45f7be3d1cdbdf842b80 - - default default] 10.0.0.55 "POST /v2.0/security-group-rules HTTP/1.1" status: 201 len: 774 time: 0.2018814
2026-06-22 03:01:46.889 10 WARNING neutron_lib.context [None req-29012bf2-d148-4c3c-b3cf-48afb927021e 0615b1924bb947de8d8c23c6e6f1335f f7da208762ab45f7be3d1cdbdf842b80 - - default default] Method 'is_advsvc' is deprecated since 2023.2 release (neutron-lib 3.8.0) and will be removed once support for the old RBAC API policies will be removed from Neutron. Please use method 'is_service_role' instead.
2026-06-22 03:01:46.910 10 INFO neutron.db.securitygroups_db [None req-29012bf2-d148-4c3c-b3cf-48afb927021e 0615b1924bb947de8d8c23c6e6f1335f f7da208762ab45f7be3d1cdbdf842b80 - - default default] Project f7da208762ab45f7be3d1cdbdf842b80 added a security group rule with legacy IPv6 ICMP protocol name icmp, ipv6-icmp should be used instead. It was automatically converted.
2026-06-22 03:01:46.943 9 INFO neutron.wsgi [None req-f3dc32a6-76dc-4938-929d-261fa9a867b4 a43fa1a2797e4811a45fc102db90466d a78409b3f59149c6a628e4a3218cc1d0 - - default default] 10.0.0.55 "DELETE /v2.0/security-groups/b0fadc80-9a9e-4fe4-bbe8-e50b8b0be7c6 HTTP/1.1" status: 204 len: 168 time: 0.2267444
2026-06-22 03:01:47.074 10 INFO neutron.wsgi [None req-588df850-124a-426b-9894-dce6f4264a64 5cc6b23a4b4f4168a9be5de4cafa5ffd 218fa25b054b461da8d2411b5b4242fe - - default default] 10.0.0.55 "PUT /v2.0/routers/b500a9bc-cb09-476f-a518-7bd2f3d6b0d8/remove_router_interface HTTP/1.1" status: 200 len: 503 time: 0.8242610
2026-06-22 03:01:47.099 10 INFO neutron.db.ovn_revision_numbers_db [None req-29012bf2-d148-4c3c-b3cf-48afb927021e 0615b1924bb947de8d8c23c6e6f1335f f7da208762ab45f7be3d1cdbdf842b80 - - default default] Successfully bumped revision number for resource a1c3d19f-cf58-47c0-bc07-7113495d5983 (type: security_group_rules) to 0
2026-06-22 03:01:47.132 10 INFO neutron.wsgi [None req-29012bf2-d148-4c3c-b3cf-48afb927021e 0615b1924bb947de8d8c23c6e6f1335f f7da208762ab45f7be3d1cdbdf842b80 - - default default] 10.0.0.55 "POST /v2.0/security-group-rules HTTP/1.1" status: 201 len: 773 time: 0.2623315
2026-06-22 03:01:47.181 9 INFO neutron.wsgi [None req-b24be035-1e93-4540-ba85-02fd5fc3f9ea 5cc6b23a4b4f4168a9be5de4cafa5ffd 218fa25b054b461da8d2411b5b4242fe - - default default] 10.0.0.55 "GET /v2.0/ports/a3a74578-38a3-4f0d-9814-08de5432e929 HTTP/1.1" status: 200 len: 1141 time: 0.1018066
2026-06-22 03:01:47.777 9 INFO neutron.wsgi [None req-9a31e107-1f50-44f7-83b8-8dfcf7dd4f3c 0615b1924bb947de8d8c23c6e6f1335f f7da208762ab45f7be3d1cdbdf842b80 - - default default] 10.0.0.55 "GET /v2.0/networks HTTP/1.1" status: 200 len: 1493 time: 0.2618895 /var/lib/openstack/lib/python3.10/site-packages/pycadf/identifier.py:71: UserWarning: Invalid uuid: neutron. To ensure interoperability, identifiers should be a valid uuid. warnings.warn(('Invalid uuid: %s. To ensure interoperability, '
2026-06-22 03:01:47.910 10 INFO neutron.wsgi [req-ffe9d4d0-77dc-4935-be80-b1ff10e5db02 req-eb1dcfe5-9756-4ff4-a718-fd7fec82c636 0615b1924bb947de8d8c23c6e6f1335f f7da208762ab45f7be3d1cdbdf842b80 - - default default] 10.0.0.111 "GET /v2.0/security-groups?name=tempest-secgroup-smoke-5476259&fields=id&tenant_id=f7da208762ab45f7be3d1cdbdf842b80 HTTP/1.1" status: 200 len: 267 time: 0.0434911
2026-06-22 03:01:47.972 9 INFO neutron.wsgi [None req-94112231-a7a6-4196-b02d-e0ad78b82690 5cc6b23a4b4f4168a9be5de4cafa5ffd 218fa25b054b461da8d2411b5b4242fe - - default default] 10.0.0.55 "PUT /v2.0/routers/b500a9bc-cb09-476f-a518-7bd2f3d6b0d8/remove_router_interface HTTP/1.1" status: 200 len: 503 time: 0.7857323
2026-06-22 03:01:47.990 10 INFO neutron.wsgi [req-ffe9d4d0-77dc-4935-be80-b1ff10e5db02 req-e51f5a8e-eb26-4e14-bc11-e98c1558f77a 0615b1924bb947de8d8c23c6e6f1335f f7da208762ab45f7be3d1cdbdf842b80 - - default default] 10.0.0.111 "GET /v2.0/networks?id=e34a7b67-e0f4-4332-9a1f-b10a079d2187 HTTP/1.1" status: 200 len: 860 time: 0.0731630
2026-06-22 03:01:48.004 10 INFO neutron.wsgi [None req-399e8706-113b-48bb-8319-6365e24e9c1b 5cc6b23a4b4f4168a9be5de4cafa5ffd 218fa25b054b461da8d2411b5b4242fe - - default default] 10.0.0.55 "GET /v2.0/ports?device_id=b500a9bc-cb09-476f-a518-7bd2f3d6b0d8 HTTP/1.1" status: 200 len: 205 time: 0.0266733
2026-06-22 03:01:48.007 10 INFO neutron.wsgi [req-ffe9d4d0-77dc-4935-be80-b1ff10e5db02 req-ff9f5a6f-b2c6-4016-b6ef-0b25c46f7935 0615b1924bb947de8d8c23c6e6f1335f f7da208762ab45f7be3d1cdbdf842b80 - - default default] 10.0.0.111 "GET /v2.0/quotas/f7da208762ab45f7be3d1cdbdf842b80 HTTP/1.1" status: 200 len: 386 time: 0.0103333 /var/lib/openstack/lib/python3.10/site-packages/pycadf/identifier.py:71: UserWarning: Invalid uuid: neutron. To ensure interoperability, identifiers should be a valid uuid. warnings.warn(('Invalid uuid: %s. To ensure interoperability, '
2026-06-22 03:01:48.110 10 INFO neutron.wsgi [req-ffe9d4d0-77dc-4935-be80-b1ff10e5db02 req-c2d088a6-f4ae-4373-ac38-5693ea0750a0 0615b1924bb947de8d8c23c6e6f1335f f7da208762ab45f7be3d1cdbdf842b80 - - default default] 10.0.0.111 "GET /v2.0/ports?tenant_id=f7da208762ab45f7be3d1cdbdf842b80&fields=id HTTP/1.1" status: 200 len: 302 time: 0.0967717
2026-06-22 03:01:48.181 10 INFO neutron.wsgi [req-ffe9d4d0-77dc-4935-be80-b1ff10e5db02 req-62e156a3-cd7d-4472-8adf-c92234e8e738 14ad515bb3e84e3f8d5835d7c3ff3f09 706810faf66d456282dcbd0494c25a6c - - c46d4649a6f346408113f68b45b21958 c46d4649a6f346408113f68b45b21958] 10.0.0.111 "GET /v2.0/networks/e34a7b67-e0f4-4332-9a1f-b10a079d2187?fields=segments HTTP/1.1" status: 200 len: 212 time: 0.0593083
2026-06-22 03:01:48.263 10 INFO neutron.wsgi [req-ffe9d4d0-77dc-4935-be80-b1ff10e5db02 req-caeb4b55-c42f-4026-bb21-5c88f625f582 14ad515bb3e84e3f8d5835d7c3ff3f09 706810faf66d456282dcbd0494c25a6c - - c46d4649a6f346408113f68b45b21958 c46d4649a6f346408113f68b45b21958] 10.0.0.111 "GET /v2.0/networks/e34a7b67-e0f4-4332-9a1f-b10a079d2187?fields=provider%3Aphysical_network&fields=provider%3Anetwork_type HTTP/1.1" status: 200 len: 277 time: 0.0742002
2026-06-22 03:01:48.305 9 INFO neutron.wsgi [None req-a0616c71-5437-412d-a1be-08526687e29e 5cc6b23a4b4f4168a9be5de4cafa5ffd 218fa25b054b461da8d2411b5b4242fe - - default default] 10.0.0.55 "DELETE /v2.0/routers/b500a9bc-cb09-476f-a518-7bd2f3d6b0d8 HTTP/1.1" status: 204 len: 168 time: 0.2967324
2026-06-22 03:01:48.411 10 INFO neutron.wsgi [req-a75ea085-646e-4381-8ee9-97c08d92cedb req-56b159f8-d2e0-45d8-965f-3f8bf3ac9f70 0615b1924bb947de8d8c23c6e6f1335f f7da208762ab45f7be3d1cdbdf842b80 - - default default] 10.0.0.111 "GET /v2.0/ports?device_id=e1b3d3c8-7bf7-4e78-97b0-25fd542a5bd7 HTTP/1.1" status: 200 len: 210 time: 0.0227506
2026-06-22 03:01:48.509 9 INFO neutron.wsgi [None req-6a229dfb-3170-491c-b1e0-89ad25a1d34f 5cc6b23a4b4f4168a9be5de4cafa5ffd 218fa25b054b461da8d2411b5b4242fe - - default default] 10.0.0.55 "DELETE /v2.0/subnets/24ef8976-2d28-4056-a8c4-e4f190deb09a HTTP/1.1" status: 204 len: 168 time: 0.1982815
2026-06-22 03:01:48.706 10 INFO neutron.wsgi [None req-eab118bd-2ba5-4fe1-af65-cca8489c6a36 5cc6b23a4b4f4168a9be5de4cafa5ffd 218fa25b054b461da8d2411b5b4242fe - - default default] 10.0.0.55 "DELETE /v2.0/subnets/c8c62548-16b0-4074-a73a-5381780a0b95 HTTP/1.1" status: 204 len: 168 time: 0.1922026
2026-06-22 03:01:48.734 10 INFO neutron.wsgi [-] 10.0.0.55 "GET / HTTP/1.1" status: 200 len: 279 time: 0.0022357
2026-06-22 03:01:48.992 9 INFO neutron.wsgi [None req-fcbf0395-bc83-4ac2-b302-9025ba2825f4 74702563eb2e46228dae6779ab429814 add888dac7dd4caab9faeefd04b52a2b - - default default] 10.0.0.55 "GET /v2.0/ HTTP/1.1" status: 200 len: 826 time: 0.2512589
2026-06-22 03:01:49.211 10 INFO neutron.wsgi [req-ffe9d4d0-77dc-4935-be80-b1ff10e5db02 req-45a907ca-eba2-4cd8-9227-8300c0e0343a 0615b1924bb947de8d8c23c6e6f1335f f7da208762ab45f7be3d1cdbdf842b80 - - default default] 199.204.45.177 "GET /v2.0/networks?id=e34a7b67-e0f4-4332-9a1f-b10a079d2187 HTTP/1.1" status: 200 len: 860 time: 0.1201427
2026-06-22 03:01:49.270 10 INFO neutron.wsgi [req-ffe9d4d0-77dc-4935-be80-b1ff10e5db02 req-c2a3a8d6-08ed-4b91-97dc-de36440e0015 0615b1924bb947de8d8c23c6e6f1335f f7da208762ab45f7be3d1cdbdf842b80 - - default default] 199.204.45.177 "GET /v2.0/security-groups?fields=id&fields=name&tenant_id=f7da208762ab45f7be3d1cdbdf842b80 HTTP/1.1" status: 200 len: 377 time: 0.0547805
2026-06-22 03:01:49.283 10 WARNING neutron_lib.context [req-ffe9d4d0-77dc-4935-be80-b1ff10e5db02 req-51d1b7da-0384-48e9-bf5f-4f1409f6cf1a 0615b1924bb947de8d8c23c6e6f1335f f7da208762ab45f7be3d1cdbdf842b80 - - default default] Method 'is_advsvc' is deprecated since 2023.2 release (neutron-lib 3.8.0) and will be removed once support for the old RBAC API policies will be removed from Neutron. Please use method 'is_service_role' instead.
2026-06-22 03:01:49.461 10 INFO neutron.services.segments.plugin [-] Segment 224c7df3-c0ca-4010-a202-beb124a69fd0 resource provider aggregate not found
2026-06-22 03:01:49.465 10 INFO neutron.services.segments.plugin [-] Segment 224c7df3-c0ca-4010-a202-beb124a69fd0 resource provider aggregate not found
2026-06-22 03:01:49.493 10 INFO neutron.services.segments.plugin [-] Segment 224c7df3-c0ca-4010-a202-beb124a69fd0 resource provider not found; error: Placement Client Error (4xx): {"errors": [{"status": 404, "title": "Not Found", "detail": "The resource could not be found.\n\n No resource provider with uuid 224c7df3-c0ca-4010-a202-beb124a69fd0 found for delete ", "request_id": "req-bff4dd1c-8423-4b48-aebe-7b3b848f9b48"}]}
2026-06-22 03:01:49.507 10 INFO neutron.services.segments.plugin [-] Segment 224c7df3-c0ca-4010-a202-beb124a69fd0 resource provider not found; error: Placement Client Error (4xx): {"errors": [{"status": 404, "title": "Not Found", "detail": "The resource could not be found.\n\n No resource provider with uuid 224c7df3-c0ca-4010-a202-beb124a69fd0 found for delete ", "request_id": "req-cf6532b3-bd57-4d33-ac4f-6d7e51756f83"}]}
2026-06-22 03:01:49.532 10 INFO neutron.wsgi [req-00f4cd96-76d4-4416-a750-5512b72e6780 req-f7f91aae-1380-4288-92d9-95f9b5e91161 0615b1924bb947de8d8c23c6e6f1335f f7da208762ab45f7be3d1cdbdf842b80 - - default default] 10.0.0.111 "GET /v2.0/ports?device_id=e1b3d3c8-7bf7-4e78-97b0-25fd542a5bd7 HTTP/1.1" status: 200 len: 210 time: 0.0364296
2026-06-22 03:01:49.553 10 INFO neutron.wsgi [None req-4c651a03-c653-429b-a7b4-e6ae1d1a7b98 5cc6b23a4b4f4168a9be5de4cafa5ffd 218fa25b054b461da8d2411b5b4242fe - - default default] 10.0.0.55 "DELETE /v2.0/networks/e8dec085-a699-448a-a3f7-aaa948cf648b HTTP/1.1" status: 204 len: 168 time: 0.8398461
2026-06-22 03:01:49.645 9 INFO neutron.db.ovn_revision_numbers_db [None req-8fb085a1-bb60-4edb-a6f6-8296314fef4c a43fa1a2797e4811a45fc102db90466d a78409b3f59149c6a628e4a3218cc1d0 - - default default] Successfully bumped revision number for resource c490c393-a19d-452f-afe8-abf15cc41ef0 (type: security_groups) to 1
2026-06-22 03:01:49.673 9 INFO neutron.db.ovn_revision_numbers_db [None req-8fb085a1-bb60-4edb-a6f6-8296314fef4c a43fa1a2797e4811a45fc102db90466d a78409b3f59149c6a628e4a3218cc1d0 - - default default] Successfully bumped revision number for resource 33f25ca1-ccac-4130-91f6-183891c762bd (type: security_group_rules) to 0
2026-06-22 03:01:49.702 9 INFO neutron.db.ovn_revision_numbers_db [None req-8fb085a1-bb60-4edb-a6f6-8296314fef4c a43fa1a2797e4811a45fc102db90466d a78409b3f59149c6a628e4a3218cc1d0 - - default default] Successfully bumped revision number for resource 43de347e-f509-43e4-a560-40461e153767 (type: security_group_rules) to 0
2026-06-22 03:01:49.733 9 INFO neutron.db.ovn_revision_numbers_db [None req-8fb085a1-bb60-4edb-a6f6-8296314fef4c a43fa1a2797e4811a45fc102db90466d a78409b3f59149c6a628e4a3218cc1d0 - - default default] Successfully bumped revision number for resource 88d830e7-4248-455a-9f42-aefb1518e369 (type: security_group_rules) to 0
2026-06-22 03:01:49.738 10 WARNING neutron.scheduler.dhcp_agent_scheduler [req-ffe9d4d0-77dc-4935-be80-b1ff10e5db02 req-51d1b7da-0384-48e9-bf5f-4f1409f6cf1a 0615b1924bb947de8d8c23c6e6f1335f f7da208762ab45f7be3d1cdbdf842b80 - - default default] No more DHCP agents
2026-06-22 03:01:49.740 10 WARNING neutron.api.rpc.agentnotifiers.dhcp_rpc_agent_api [req-ffe9d4d0-77dc-4935-be80-b1ff10e5db02 req-51d1b7da-0384-48e9-bf5f-4f1409f6cf1a 0615b1924bb947de8d8c23c6e6f1335f f7da208762ab45f7be3d1cdbdf842b80 - - default default] Unable to schedule network e34a7b67-e0f4-4332-9a1f-b10a079d2187: no agents available; will retry on subsequent port and subnet creation events.
2026-06-22 03:01:49.760 9 INFO neutron.db.ovn_revision_numbers_db [None req-8fb085a1-bb60-4edb-a6f6-8296314fef4c a43fa1a2797e4811a45fc102db90466d a78409b3f59149c6a628e4a3218cc1d0 - - default default] Successfully bumped revision number for resource efa0dd80-da98-498c-b299-9045a499dcc4 (type: security_group_rules) to 0
2026-06-22 03:01:49.796 9 INFO neutron.db.ovn_revision_numbers_db [None req-022b41fb-822d-42c4-9d68-2f64fd71d16e a43fa1a2797e4811a45fc102db90466d a78409b3f59149c6a628e4a3218cc1d0 - - default default] Successfully bumped revision number for resource fe4ffd23-0e9b-4b49-9b1c-68eeb21e991a (type: security_groups) to 1
2026-06-22 03:01:49.803 9 INFO neutron.wsgi [None req-8fb085a1-bb60-4edb-a6f6-8296314fef4c a43fa1a2797e4811a45fc102db90466d a78409b3f59149c6a628e4a3218cc1d0 - - default default] 10.0.0.55 "GET /v2.0/security-groups?tenant_id=f153d85bda654b0296e0125421d40921&name=default HTTP/1.1" status: 200 len: 2996 time: 0.4744682 /var/lib/openstack/lib/python3.10/site-packages/pycadf/identifier.py:71: UserWarning: Invalid uuid: neutron. To ensure interoperability, identifiers should be a valid uuid. warnings.warn(('Invalid uuid: %s. To ensure interoperability, '
2026-06-22 03:01:49.827 9 INFO neutron.db.ovn_revision_numbers_db [None req-022b41fb-822d-42c4-9d68-2f64fd71d16e a43fa1a2797e4811a45fc102db90466d a78409b3f59149c6a628e4a3218cc1d0 - - default default] Successfully bumped revision number for resource 04487c80-870d-4b51-a4bf-10cb17b342ea (type: security_group_rules) to 0
2026-06-22 03:01:49.844 9 INFO neutron.db.ovn_revision_numbers_db [None req-022b41fb-822d-42c4-9d68-2f64fd71d16e a43fa1a2797e4811a45fc102db90466d a78409b3f59149c6a628e4a3218cc1d0 - - default default] Successfully bumped revision number for resource 208a3722-4560-482a-916f-d470eaa284d9 (type: security_group_rules) to 0
2026-06-22 03:01:49.865 9 INFO neutron.db.ovn_revision_numbers_db [None req-022b41fb-822d-42c4-9d68-2f64fd71d16e a43fa1a2797e4811a45fc102db90466d a78409b3f59149c6a628e4a3218cc1d0 - - default default] Successfully bumped revision number for resource c2a43a0a-47e7-4805-a2ef-6b02d18e7422 (type: security_group_rules) to 0
2026-06-22 03:01:49.888 9 INFO neutron.db.ovn_revision_numbers_db [None req-022b41fb-822d-42c4-9d68-2f64fd71d16e a43fa1a2797e4811a45fc102db90466d a78409b3f59149c6a628e4a3218cc1d0 - - default default] Successfully bumped revision number for resource dcacf378-4b7e-4be8-80a7-f710d83f2064 (type: security_group_rules) to 0
2026-06-22 03:01:49.921 9 INFO neutron.wsgi [None req-022b41fb-822d-42c4-9d68-2f64fd71d16e a43fa1a2797e4811a45fc102db90466d a78409b3f59149c6a628e4a3218cc1d0 - - default default] 10.0.0.55 "GET /v2.0/security-groups?tenant_id=add888dac7dd4caab9faeefd04b52a2b&name=default HTTP/1.1" status: 200 len: 2996 time: 0.4207013
2026-06-22 03:01:49.947 10 INFO neutron.db.ovn_revision_numbers_db [req-ffe9d4d0-77dc-4935-be80-b1ff10e5db02 req-51d1b7da-0384-48e9-bf5f-4f1409f6cf1a 0615b1924bb947de8d8c23c6e6f1335f f7da208762ab45f7be3d1cdbdf842b80 - - default default] Successfully bumped revision number for resource 666411e2-2c1f-4aae-b8b6-7c4838e090a8 (type: ports) to 1
2026-06-22 03:01:49.977 10 INFO neutron.wsgi [req-ffe9d4d0-77dc-4935-be80-b1ff10e5db02 req-51d1b7da-0384-48e9-bf5f-4f1409f6cf1a 0615b1924bb947de8d8c23c6e6f1335f f7da208762ab45f7be3d1cdbdf842b80 - - default default] 199.204.45.177 "POST /v2.0/ports HTTP/1.1" status: 201 len: 1158 time: 0.7018647
2026-06-22 03:01:50.062 9 INFO neutron.services.segments.plugin [-] Segment d8cf0df8-32ca-4e4e-8b25-1ed861f1cbcc resource provider aggregate not found
2026-06-22 03:01:50.070 9 INFO neutron.services.segments.plugin [-] Segment d8cf0df8-32ca-4e4e-8b25-1ed861f1cbcc resource provider aggregate not found
2026-06-22 03:01:50.090 9 INFO neutron.services.segments.plugin [-] Segment d8cf0df8-32ca-4e4e-8b25-1ed861f1cbcc resource provider not found; error: Placement Client Error (4xx): {"errors": [{"status": 404, "title": "Not Found", "detail": "The resource could not be found.\n\n No resource provider with uuid d8cf0df8-32ca-4e4e-8b25-1ed861f1cbcc found for delete ", "request_id": "req-1dc5988b-06fb-48ca-8382-562ad0258826"}]}
2026-06-22 03:01:50.093 9 INFO neutron.services.segments.plugin [-] Segment d8cf0df8-32ca-4e4e-8b25-1ed861f1cbcc resource provider not found; error: Placement Client Error (4xx): {"errors": [{"status": 404, "title": "Not Found", "detail": "The resource could not be found.\n\n No resource provider with uuid d8cf0df8-32ca-4e4e-8b25-1ed861f1cbcc found for delete ", "request_id": "req-a8b4a625-53b0-472a-b1d4-8f3f9ffd16be"}]}
2026-06-22 03:01:50.103 10 INFO neutron.wsgi [None req-5e7de7cc-ca9e-42dc-86e1-2fc899a77e36 a43fa1a2797e4811a45fc102db90466d a78409b3f59149c6a628e4a3218cc1d0 - - default default] 10.0.0.55 "DELETE /v2.0/security-groups/c490c393-a19d-452f-afe8-abf15cc41ef0 HTTP/1.1" status: 204 len: 168 time: 0.2945414
2026-06-22 03:01:50.136 9 INFO neutron.wsgi [None req-43896124-6c83-468a-ab99-fa22e5f56b17 5cc6b23a4b4f4168a9be5de4cafa5ffd 218fa25b054b461da8d2411b5b4242fe - - default default] 10.0.0.55 "DELETE /v2.0/networks/cd0168d0-ed04-43a0-b76d-60db95ecabe8 HTTP/1.1" status: 204 len: 168 time: 0.5750771
2026-06-22 03:01:50.148 10 WARNING neutron_lib.context [None req-32a40850-c6be-459e-a7a1-d561db2954d3 5cc6b23a4b4f4168a9be5de4cafa5ffd 218fa25b054b461da8d2411b5b4242fe - - default default] Method 'is_advsvc' is deprecated since 2023.2 release (neutron-lib 3.8.0) and will be removed once support for the old RBAC API policies will be removed from Neutron. Please use method 'is_service_role' instead.
2026-06-22 03:01:50.214 9 INFO neutron.wsgi [None req-a24c83d4-d269-4f6d-8428-41ac7565010a a43fa1a2797e4811a45fc102db90466d a78409b3f59149c6a628e4a3218cc1d0 - - default default] 10.0.0.55 "DELETE /v2.0/security-groups/fe4ffd23-0e9b-4b49-9b1c-68eeb21e991a HTTP/1.1" status: 204 len: 168 time: 0.2875686
2026-06-22 03:01:50.254 10 INFO neutron.db.segments_db [None req-32a40850-c6be-459e-a7a1-d561db2954d3 5cc6b23a4b4f4168a9be5de4cafa5ffd 218fa25b054b461da8d2411b5b4242fe - - default default] Added segment aa196641-4cfd-43f2-9967-77d7335154b7 of type geneve for network b98890ec-75e5-485e-8fde-d2634c300823
2026-06-22 03:01:50.506 10 INFO neutron.db.ovn_revision_numbers_db [None req-32a40850-c6be-459e-a7a1-d561db2954d3 5cc6b23a4b4f4168a9be5de4cafa5ffd 218fa25b054b461da8d2411b5b4242fe - - default default] Successfully bumped revision number for resource b98890ec-75e5-485e-8fde-d2634c300823 (type: networks) to 1
2026-06-22 03:01:50.550 9 WARNING neutron.plugins.ml2.drivers.ovn.mech_driver.ovsdb.ovn_client [None req-c0f4d9be-f188-4e01-bd69-e1ae438ec48e - - - - - -] No port found with ID 994b1ba3-af09-4cbf-b74e-020e564fc929: RuntimeError: No port found with ID 994b1ba3-af09-4cbf-b74e-020e564fc929
2026-06-22 03:01:50.551 9 INFO neutron.plugins.ml2.drivers.ovn.mech_driver.mech_driver [None req-c0f4d9be-f188-4e01-bd69-e1ae438ec48e - - - - - -] OVN reports status up for port: 234dab02-a611-4a68-927a-7cd1b2ad4578
2026-06-22 03:01:50.567 9 INFO neutron.plugins.ml2.plugin [None req-c0f4d9be-f188-4e01-bd69-e1ae438ec48e - - - - - -] Attempt 1 to provision port 234dab02-a611-4a68-927a-7cd1b2ad4578
2026-06-22 03:01:50.580 10 INFO neutron.db.ovn_revision_numbers_db [req-ffe9d4d0-77dc-4935-be80-b1ff10e5db02 req-9078eabb-09bd-4dd3-907c-7bfa7160ac6d 14ad515bb3e84e3f8d5835d7c3ff3f09 706810faf66d456282dcbd0494c25a6c - - c46d4649a6f346408113f68b45b21958 c46d4649a6f346408113f68b45b21958] Successfully bumped revision number for resource 666411e2-2c1f-4aae-b8b6-7c4838e090a8 (type: ports) to 2 /var/lib/openstack/lib/python3.10/site-packages/pycadf/identifier.py:71: UserWarning: Invalid uuid: neutron. To ensure interoperability, identifiers should be a valid uuid. warnings.warn(('Invalid uuid: %s. To ensure interoperability, '
2026-06-22 03:01:50.680 10 INFO neutron.wsgi [req-d71fb969-ea7a-450f-8317-a87dac161ba4 req-bfe14936-076d-4302-b796-38d7a0735ae5 0615b1924bb947de8d8c23c6e6f1335f f7da208762ab45f7be3d1cdbdf842b80 - - default default] 10.0.0.111 "GET /v2.0/ports?device_id=e1b3d3c8-7bf7-4e78-97b0-25fd542a5bd7 HTTP/1.1" status: 200 len: 1168 time: 0.0700672
2026-06-22 03:01:50.769 10 INFO neutron.wsgi [req-d71fb969-ea7a-450f-8317-a87dac161ba4 req-b10230d9-4f21-4429-b1cd-b4a8fae102b2 0615b1924bb947de8d8c23c6e6f1335f f7da208762ab45f7be3d1cdbdf842b80 - - default default] 10.0.0.111 "GET /v2.0/security-groups?id=5138ba18-4d22-475f-8b20-5fba663b8566&fields=id&fields=name HTTP/1.1" status: 200 len: 310 time: 0.0773737
2026-06-22 03:01:50.832 10 WARNING neutron.scheduler.dhcp_agent_scheduler [None req-32a40850-c6be-459e-a7a1-d561db2954d3 5cc6b23a4b4f4168a9be5de4cafa5ffd 218fa25b054b461da8d2411b5b4242fe - - default default] No more DHCP agents
2026-06-22 03:01:50.840 10 WARNING neutron.api.rpc.agentnotifiers.dhcp_rpc_agent_api [None req-32a40850-c6be-459e-a7a1-d561db2954d3 5cc6b23a4b4f4168a9be5de4cafa5ffd 218fa25b054b461da8d2411b5b4242fe - - default default] Unable to schedule network b98890ec-75e5-485e-8fde-d2634c300823: no agents available; will retry on subsequent port and subnet creation events.
2026-06-22 03:01:50.860 9 INFO neutron.db.ovn_revision_numbers_db [None req-c0f4d9be-f188-4e01-bd69-e1ae438ec48e - - - - - -] Successfully bumped revision number for resource 234dab02-a611-4a68-927a-7cd1b2ad4578 (type: ports) to 2
2026-06-22 03:01:50.936 9 INFO neutron.db.ovn_revision_numbers_db [None req-c0f4d9be-f188-4e01-bd69-e1ae438ec48e - - - - - -] Successfully bumped revision number for resource 234dab02-a611-4a68-927a-7cd1b2ad4578 (type: router_ports) to 2
2026-06-22 03:01:50.970 10 INFO neutron.db.ovn_revision_numbers_db [None req-32a40850-c6be-459e-a7a1-d561db2954d3 5cc6b23a4b4f4168a9be5de4cafa5ffd 218fa25b054b461da8d2411b5b4242fe - - default default] Successfully bumped revision number for resource 2dec1331-884f-4d8d-b27d-2f620c76360a (type: ports) to 1
2026-06-22 03:01:50.973 10 INFO neutron.db.ovn_revision_numbers_db [req-ffe9d4d0-77dc-4935-be80-b1ff10e5db02 req-9078eabb-09bd-4dd3-907c-7bfa7160ac6d 14ad515bb3e84e3f8d5835d7c3ff3f09 706810faf66d456282dcbd0494c25a6c - - c46d4649a6f346408113f68b45b21958 c46d4649a6f346408113f68b45b21958] Successfully bumped revision number for resource 666411e2-2c1f-4aae-b8b6-7c4838e090a8 (type: ports) to 2
2026-06-22 03:01:50.991 10 INFO neutron.wsgi [req-ffe9d4d0-77dc-4935-be80-b1ff10e5db02 req-9078eabb-09bd-4dd3-907c-7bfa7160ac6d 14ad515bb3e84e3f8d5835d7c3ff3f09 706810faf66d456282dcbd0494c25a6c - - c46d4649a6f346408113f68b45b21958 c46d4649a6f346408113f68b45b21958] 199.204.45.177 "PUT /v2.0/ports/666411e2-2c1f-4aae-b8b6-7c4838e090a8 HTTP/1.1" status: 200 len: 1376 time: 1.0027823
2026-06-22 03:01:50.998 10 INFO neutron.wsgi [None req-32a40850-c6be-459e-a7a1-d561db2954d3 5cc6b23a4b4f4168a9be5de4cafa5ffd 218fa25b054b461da8d2411b5b4242fe - - default default] 10.0.0.55 "POST /v2.0/networks HTTP/1.1" status: 201 len: 833 time: 0.8548079 /var/lib/openstack/lib/python3.10/site-packages/pycadf/identifier.py:71: UserWarning: Invalid uuid: neutron. To ensure interoperability, identifiers should be a valid uuid. warnings.warn(('Invalid uuid: %s. To ensure interoperability, '
2026-06-22 03:01:51.008 10 WARNING neutron_lib.context [None req-2576a8de-6ff2-4a18-bf5b-41e6750cd970 5cc6b23a4b4f4168a9be5de4cafa5ffd 218fa25b054b461da8d2411b5b4242fe - - default default] Method 'is_advsvc' is deprecated since 2023.2 release (neutron-lib 3.8.0) and will be removed once support for the old RBAC API policies will be removed from Neutron. Please use method 'is_service_role' instead.
2026-06-22 03:01:51.026 10 INFO neutron.notifiers.nova [-] Nova event matching ['req-d7fce28f-3471-4aa9-a38c-52dddc47de2e'] response: {'name': 'network-changed', 'server_uuid': 'e1b3d3c8-7bf7-4e78-97b0-25fd542a5bd7', 'tag': '666411e2-2c1f-4aae-b8b6-7c4838e090a8', 'status': 'completed', 'code': 200}
2026-06-22 03:01:51.042 9 INFO neutron.wsgi [-] 10.0.0.75 "GET / HTTP/1.1" status: 200 len: 247 time: 0.0028224
2026-06-22 03:01:51.046 9 INFO neutron.wsgi [-] 10.0.0.75 "GET / HTTP/1.1" status: 200 len: 247 time: 0.0026300
2026-06-22 03:01:51.107 10 INFO neutron.wsgi [req-ffe9d4d0-77dc-4935-be80-b1ff10e5db02 req-c9a31b9a-0713-4d42-9e18-2ec758bb4da4 14ad515bb3e84e3f8d5835d7c3ff3f09 706810faf66d456282dcbd0494c25a6c - - c46d4649a6f346408113f68b45b21958 c46d4649a6f346408113f68b45b21958] 199.204.45.177 "GET /v2.0/ports?tenant_id=f7da208762ab45f7be3d1cdbdf842b80&device_id=e1b3d3c8-7bf7-4e78-97b0-25fd542a5bd7 HTTP/1.1" status: 200 len: 1407 time: 0.0570629
2026-06-22 03:01:51.141 10 INFO neutron.wsgi [req-ffe9d4d0-77dc-4935-be80-b1ff10e5db02 req-de541063-f9b8-4362-a2fd-aa00163b76ba 14ad515bb3e84e3f8d5835d7c3ff3f09 706810faf66d456282dcbd0494c25a6c - - c46d4649a6f346408113f68b45b21958 c46d4649a6f346408113f68b45b21958] 199.204.45.177 "GET /v2.0/floatingips?fixed_ip_address=10.100.0.4&port_id=666411e2-2c1f-4aae-b8b6-7c4838e090a8 HTTP/1.1" status: 200 len: 217 time: 0.0268619
2026-06-22 03:01:51.200 10 INFO neutron.wsgi [req-ffe9d4d0-77dc-4935-be80-b1ff10e5db02 req-7a57e964-8ab8-43c3-b3bf-5a3e3343ad82 14ad515bb3e84e3f8d5835d7c3ff3f09 706810faf66d456282dcbd0494c25a6c - - c46d4649a6f346408113f68b45b21958 c46d4649a6f346408113f68b45b21958] 199.204.45.177 "GET /v2.0/subnets?id=fac18445-4e4e-4eb6-aea0-b87cd359854f HTTP/1.1" status: 200 len: 853 time: 0.0516863
2026-06-22 03:01:51.241 10 INFO neutron.wsgi [req-ffe9d4d0-77dc-4935-be80-b1ff10e5db02 req-0eecc91a-e1cd-4a29-a0cf-9dfeaca41fd5 14ad515bb3e84e3f8d5835d7c3ff3f09 706810faf66d456282dcbd0494c25a6c - - c46d4649a6f346408113f68b45b21958 c46d4649a6f346408113f68b45b21958] 199.204.45.177 "GET /v2.0/ports?network_id=e34a7b67-e0f4-4332-9a1f-b10a079d2187&device_owner=network%3Adhcp HTTP/1.1" status: 200 len: 210 time: 0.0329032
2026-06-22 03:01:51.340 10 INFO neutron.wsgi [req-ffe9d4d0-77dc-4935-be80-b1ff10e5db02 req-25f70064-c024-4ba0-8e24-08f124ad84c7 14ad515bb3e84e3f8d5835d7c3ff3f09 706810faf66d456282dcbd0494c25a6c - - c46d4649a6f346408113f68b45b21958 c46d4649a6f346408113f68b45b21958] 199.204.45.177 "GET /v2.0/networks/e34a7b67-e0f4-4332-9a1f-b10a079d2187?fields=segments HTTP/1.1" status: 200 len: 212 time: 0.0838370
2026-06-22 03:01:51.469 10 INFO neutron.wsgi [req-ffe9d4d0-77dc-4935-be80-b1ff10e5db02 req-93f5c9fe-eb69-4b4e-a2d0-b3fbb88eea9b 14ad515bb3e84e3f8d5835d7c3ff3f09 706810faf66d456282dcbd0494c25a6c - - c46d4649a6f346408113f68b45b21958 c46d4649a6f346408113f68b45b21958] 199.204.45.177 "GET /v2.0/networks/e34a7b67-e0f4-4332-9a1f-b10a079d2187?fields=provider%3Aphysical_network&fields=provider%3Anetwork_type HTTP/1.1" status: 200 len: 277 time: 0.1159348
2026-06-22 03:01:51.487 10 WARNING neutron.scheduler.dhcp_agent_scheduler [None req-2576a8de-6ff2-4a18-bf5b-41e6750cd970 5cc6b23a4b4f4168a9be5de4cafa5ffd 218fa25b054b461da8d2411b5b4242fe - - default default] No more DHCP agents
2026-06-22 03:01:51.490 10 WARNING neutron.api.rpc.agentnotifiers.dhcp_rpc_agent_api [None req-2576a8de-6ff2-4a18-bf5b-41e6750cd970 5cc6b23a4b4f4168a9be5de4cafa5ffd 218fa25b054b461da8d2411b5b4242fe - - default default] Unable to schedule network b98890ec-75e5-485e-8fde-d2634c300823: no agents available; will retry on subsequent port and subnet creation events.
2026-06-22 03:01:51.538 10 INFO neutron.db.ovn_revision_numbers_db [None req-2576a8de-6ff2-4a18-bf5b-41e6750cd970 5cc6b23a4b4f4168a9be5de4cafa5ffd 218fa25b054b461da8d2411b5b4242fe - - default default] Successfully bumped revision number for resource f70007be-d16e-491c-aa99-e11f8b04caf8 (type: subnets) to 0
