2026-06-22 03:01:24.996 10 INFO neutron.db.ovn_revision_numbers_db [None req-35a70038-efa0-4653-a797-919f6426ffdf a4322346bdc543caa4ae60f3ded9205d bcd76bb693a94a1384212056edb54b81 - - default default] Successfully bumped revision number for resource 2d553c76-6dd1-4910-80dc-ab1a12eeb05a (type: security_group_rules) to 0
2026-06-22 03:01:25.021 10 INFO neutron.wsgi [None req-35a70038-efa0-4653-a797-919f6426ffdf a4322346bdc543caa4ae60f3ded9205d bcd76bb693a94a1384212056edb54b81 - - default default] 10.0.0.55 "POST /v2.0/security-group-rules HTTP/1.1" status: 201 len: 768 time: 0.1848686
2026-06-22 03:01:25.044 10 INFO neutron.wsgi [None req-126fc857-a524-430f-ae5e-6ff819505173 a4322346bdc543caa4ae60f3ded9205d bcd76bb693a94a1384212056edb54b81 - - default default] 10.0.0.55 "GET /v2.0/security-group-rules/2d553c76-6dd1-4910-80dc-ab1a12eeb05a HTTP/1.1" status: 200 len: 763 time: 0.0183494
2026-06-22 03:01:25.116 10 INFO neutron.wsgi [None req-16316d31-7ef0-488b-bec5-0bda9497477b a4322346bdc543caa4ae60f3ded9205d bcd76bb693a94a1384212056edb54b81 - - default default] 10.0.0.55 "GET /v2.0/security-group-rules HTTP/1.1" status: 200 len: 4113 time: 0.0666420
2026-06-22 03:01:25.237 10 INFO neutron.wsgi [None req-c971064f-9f87-4eaa-9fe3-0c11eacfa11c a4322346bdc543caa4ae60f3ded9205d bcd76bb693a94a1384212056edb54b81 - - default default] 10.0.0.55 "DELETE /v2.0/security-group-rules/2d553c76-6dd1-4910-80dc-ab1a12eeb05a HTTP/1.1" status: 204 len: 168 time: 0.1158116
2026-06-22 03:01:25.296 10 INFO neutron.wsgi [None req-9252ec34-0915-4932-b3c1-b4ee2f2d3c3c a4322346bdc543caa4ae60f3ded9205d bcd76bb693a94a1384212056edb54b81 - - default default] 10.0.0.55 "GET /v2.0/security-group-rules HTTP/1.1" status: 200 len: 3567 time: 0.0547051
2026-06-22 03:01:25.305 10 WARNING neutron_lib.context [None req-bc12fbf2-b3fa-4c5f-afa1-953dac053996 a4322346bdc543caa4ae60f3ded9205d bcd76bb693a94a1384212056edb54b81 - - default default] Method 'is_advsvc' is deprecated since 2023.2 release (neutron-lib 3.8.0) and will be removed once support for the old RBAC API policies will be removed from Neutron. Please use method 'is_service_role' instead.
2026-06-22 03:01:25.330 9 INFO neutron.db.ovn_revision_numbers_db [None req-c0c8b2dc-018c-44d4-b23b-5d2d6f57168b 13626bd03ea54960bd772ddd9a670b78 9d57c5c0cda243b99ff658e8d194278e - - default default] Successfully bumped revision number for resource c4e52af2-bc99-4672-beb4-952e0becbfe5 (type: router_ports) to 1
2026-06-22 03:01:25.440 9 INFO neutron.db.ovn_revision_numbers_db [None req-c0c8b2dc-018c-44d4-b23b-5d2d6f57168b 13626bd03ea54960bd772ddd9a670b78 9d57c5c0cda243b99ff658e8d194278e - - default default] Successfully bumped revision number for resource 9ec769d9-25dc-4eab-a086-29e98752f080 (type: routers) to 2
2026-06-22 03:01:25.448 10 INFO neutron.db.ovn_revision_numbers_db [None req-bc12fbf2-b3fa-4c5f-afa1-953dac053996 a4322346bdc543caa4ae60f3ded9205d bcd76bb693a94a1384212056edb54b81 - - default default] Successfully bumped revision number for resource bf81582a-ab1e-44f4-8f97-9c0743626266 (type: security_group_rules) to 0
2026-06-22 03:01:25.459 9 INFO neutron.wsgi [None req-c0c8b2dc-018c-44d4-b23b-5d2d6f57168b 13626bd03ea54960bd772ddd9a670b78 9d57c5c0cda243b99ff658e8d194278e - - default default] 10.0.0.55 "POST /v2.0/routers HTTP/1.1" status: 201 len: 867 time: 1.7600646
2026-06-22 03:01:25.476 10 INFO neutron.wsgi [None req-bc12fbf2-b3fa-4c5f-afa1-953dac053996 a4322346bdc543caa4ae60f3ded9205d bcd76bb693a94a1384212056edb54b81 - - default default] 10.0.0.55 "POST /v2.0/security-group-rules HTTP/1.1" status: 201 len: 768 time: 0.1736321
2026-06-22 03:01:25.497 10 INFO neutron.wsgi [None req-216ba3f8-2e74-4a8d-a483-898aea14a6e9 a4322346bdc543caa4ae60f3ded9205d bcd76bb693a94a1384212056edb54b81 - - default default] 10.0.0.55 "GET /v2.0/security-group-rules/bf81582a-ab1e-44f4-8f97-9c0743626266 HTTP/1.1" status: 200 len: 763 time: 0.0161779
2026-06-22 03:01:25.547 10 INFO neutron.wsgi [None req-f20810e8-5a95-40f1-b4cd-bec8d1831bc3 a4322346bdc543caa4ae60f3ded9205d bcd76bb693a94a1384212056edb54b81 - - default default] 10.0.0.55 "GET /v2.0/security-group-rules HTTP/1.1" status: 200 len: 4113 time: 0.0458608
2026-06-22 03:01:25.571 9 INFO neutron.wsgi [None req-42e5bca0-692f-4983-b6f0-c06dbd4fa7b2 13626bd03ea54960bd772ddd9a670b78 9d57c5c0cda243b99ff658e8d194278e - - default default] 10.0.0.55 "GET /v2.0/routers/9ec769d9-25dc-4eab-a086-29e98752f080 HTTP/1.1" status: 200 len: 868 time: 0.1072073
2026-06-22 03:01:25.671 10 INFO neutron.wsgi [None req-f56d7d25-f438-4a15-8c0b-2516c039af7b a4322346bdc543caa4ae60f3ded9205d bcd76bb693a94a1384212056edb54b81 - - default default] 10.0.0.55 "DELETE /v2.0/security-group-rules/bf81582a-ab1e-44f4-8f97-9c0743626266 HTTP/1.1" status: 204 len: 168 time: 0.1161959
2026-06-22 03:01:25.703 9 INFO neutron.wsgi [None req-3cb90855-29ca-48a8-82e0-f89d0bccc92f 13626bd03ea54960bd772ddd9a670b78 9d57c5c0cda243b99ff658e8d194278e - - default default] 10.0.0.55 "GET /v2.0/routers HTTP/1.1" status: 200 len: 871 time: 0.1269386
2026-06-22 03:01:25.713 10 INFO neutron.wsgi [None req-aa60c5c2-9679-4022-bb97-b1a1178e886e a4322346bdc543caa4ae60f3ded9205d bcd76bb693a94a1384212056edb54b81 - - default default] 10.0.0.55 "GET /v2.0/security-group-rules HTTP/1.1" status: 200 len: 3567 time: 0.0383720
2026-06-22 03:01:25.739 9 WARNING neutron_lib.context [None req-0a2cffb7-e904-4f43-97f7-f005b2cf8c61 a4322346bdc543caa4ae60f3ded9205d bcd76bb693a94a1384212056edb54b81 - - default default] Method 'is_advsvc' is deprecated since 2023.2 release (neutron-lib 3.8.0) and will be removed once support for the old RBAC API policies will be removed from Neutron. Please use method 'is_service_role' instead.
2026-06-22 03:01:25.970 10 WARNING neutron_lib.context [None req-d349ce0c-0347-4353-b048-2b88e3ede158 8d3aaa1c4c2246e286f3594d761e0369 c2879caf394545eeb4790d8701c96258 - - default default] Method 'is_advsvc' is deprecated since 2023.2 release (neutron-lib 3.8.0) and will be removed once support for the old RBAC API policies will be removed from Neutron. Please use method 'is_service_role' instead.
2026-06-22 03:01:25.989 9 INFO neutron.db.ovn_revision_numbers_db [None req-0a2cffb7-e904-4f43-97f7-f005b2cf8c61 a4322346bdc543caa4ae60f3ded9205d bcd76bb693a94a1384212056edb54b81 - - default default] Successfully bumped revision number for resource 83482bde-4fd6-48d2-9739-c459936d9aad (type: security_group_rules) to 0
2026-06-22 03:01:26.047 9 INFO neutron.wsgi [None req-0a2cffb7-e904-4f43-97f7-f005b2cf8c61 a4322346bdc543caa4ae60f3ded9205d bcd76bb693a94a1384212056edb54b81 - - default default] 10.0.0.55 "POST /v2.0/security-group-rules HTTP/1.1" status: 201 len: 769 time: 0.3290703
2026-06-22 03:01:26.068 9 INFO neutron.wsgi [None req-1b56a7fd-d3de-4224-9012-114a192a3d37 a4322346bdc543caa4ae60f3ded9205d bcd76bb693a94a1384212056edb54b81 - - default default] 10.0.0.55 "GET /v2.0/security-group-rules/83482bde-4fd6-48d2-9739-c459936d9aad HTTP/1.1" status: 200 len: 764 time: 0.0165710
2026-06-22 03:01:26.216 10 INFO neutron.db.ovn_revision_numbers_db [None req-d349ce0c-0347-4353-b048-2b88e3ede158 8d3aaa1c4c2246e286f3594d761e0369 c2879caf394545eeb4790d8701c96258 - - default default] Successfully bumped revision number for resource f0d24edb-4f97-4ff4-9368-0f9ee169c569 (type: security_groups) to 1
2026-06-22 03:01:26.247 10 INFO neutron.db.ovn_revision_numbers_db [None req-d349ce0c-0347-4353-b048-2b88e3ede158 8d3aaa1c4c2246e286f3594d761e0369 c2879caf394545eeb4790d8701c96258 - - default default] Successfully bumped revision number for resource 8bce5375-fbd5-4b9c-b2d0-89b206fff06d (type: security_group_rules) to 0
2026-06-22 03:01:26.272 10 INFO neutron.db.ovn_revision_numbers_db [None req-d349ce0c-0347-4353-b048-2b88e3ede158 8d3aaa1c4c2246e286f3594d761e0369 c2879caf394545eeb4790d8701c96258 - - default default] Successfully bumped revision number for resource 94c67de4-2c03-4184-a6be-b9bf2477ad64 (type: security_group_rules) to 0
2026-06-22 03:01:26.296 10 INFO neutron.db.ovn_revision_numbers_db [None req-d349ce0c-0347-4353-b048-2b88e3ede158 8d3aaa1c4c2246e286f3594d761e0369 c2879caf394545eeb4790d8701c96258 - - default default] Successfully bumped revision number for resource e10a8faa-1c63-4a2d-9a73-0475d8ab5712 (type: security_group_rules) to 0
2026-06-22 03:01:26.320 10 INFO neutron.db.ovn_revision_numbers_db [None req-d349ce0c-0347-4353-b048-2b88e3ede158 8d3aaa1c4c2246e286f3594d761e0369 c2879caf394545eeb4790d8701c96258 - - default default] Successfully bumped revision number for resource e6aab18f-ad80-4311-b587-9868f8def99f (type: security_group_rules) to 0
2026-06-22 03:01:26.378 10 INFO neutron.db.segments_db [None req-d349ce0c-0347-4353-b048-2b88e3ede158 8d3aaa1c4c2246e286f3594d761e0369 c2879caf394545eeb4790d8701c96258 - - default default] Added segment c777e0bc-1ca5-4a27-9823-67d5a23362d9 of type geneve for network 8f73e1a7-8612-40db-9126-27c479c2da8e
2026-06-22 03:01:26.392 9 INFO neutron.wsgi [None req-1d1ecb2a-fc3f-4e89-9f56-13c32c8a4180 a4322346bdc543caa4ae60f3ded9205d bcd76bb693a94a1384212056edb54b81 - - default default] 10.0.0.55 "GET /v2.0/security-group-rules HTTP/1.1" status: 200 len: 4114 time: 0.3175786
2026-06-22 03:01:26.477 10 INFO neutron.db.ovn_revision_numbers_db [None req-d7e047da-cda1-4173-a8d7-f700c5e2495e a43fa1a2797e4811a45fc102db90466d a78409b3f59149c6a628e4a3218cc1d0 - - default default] Successfully bumped revision number for resource 06fabcbf-58a0-48ce-8664-2603468d74b1 (type: security_groups) to 1
2026-06-22 03:01:26.512 10 INFO neutron.db.ovn_revision_numbers_db [None req-d7e047da-cda1-4173-a8d7-f700c5e2495e a43fa1a2797e4811a45fc102db90466d a78409b3f59149c6a628e4a3218cc1d0 - - default default] Successfully bumped revision number for resource 1e2a9372-ad58-4eb4-9837-3df4922de087 (type: security_group_rules) to 0
2026-06-22 03:01:26.518 9 INFO neutron.db.ovn_revision_numbers_db [None req-3ab729c7-ce64-444d-a22d-8ac0121658eb 13626bd03ea54960bd772ddd9a670b78 9d57c5c0cda243b99ff658e8d194278e - - default default] Successfully bumped revision number for resource 9ec769d9-25dc-4eab-a086-29e98752f080 (type: routers) to 3
2026-06-22 03:01:26.521 9 INFO neutron.wsgi [None req-3ab729c7-ce64-444d-a22d-8ac0121658eb 13626bd03ea54960bd772ddd9a670b78 9d57c5c0cda243b99ff658e8d194278e - - default default] 10.0.0.55 "PUT /v2.0/routers/9ec769d9-25dc-4eab-a086-29e98752f080 HTTP/1.1" status: 200 len: 875 time: 0.8131294
2026-06-22 03:01:26.535 10 INFO neutron.db.ovn_revision_numbers_db [None req-d7e047da-cda1-4173-a8d7-f700c5e2495e a43fa1a2797e4811a45fc102db90466d a78409b3f59149c6a628e4a3218cc1d0 - - default default] Successfully bumped revision number for resource 5fe9c2ee-1b97-4af1-8911-3f99739bca42 (type: security_group_rules) to 0
2026-06-22 03:01:26.540 10 INFO neutron.db.ovn_revision_numbers_db [None req-d349ce0c-0347-4353-b048-2b88e3ede158 8d3aaa1c4c2246e286f3594d761e0369 c2879caf394545eeb4790d8701c96258 - - default default] Successfully bumped revision number for resource 8f73e1a7-8612-40db-9126-27c479c2da8e (type: networks) to 1
2026-06-22 03:01:26.541 9 WARNING neutron.plugins.ml2.drivers.ovn.mech_driver.ovsdb.ovn_client [None req-c0f4d9be-f188-4e01-bd69-e1ae438ec48e - - - - - -] No port found with ID 5054b3d1-2938-4cd0-9323-6b82f2b36ac3: RuntimeError: No port found with ID 5054b3d1-2938-4cd0-9323-6b82f2b36ac3
2026-06-22 03:01:26.541 9 INFO neutron.plugins.ml2.drivers.ovn.mech_driver.mech_driver [None req-c0f4d9be-f188-4e01-bd69-e1ae438ec48e - - - - - -] OVN reports status up for port: c4e52af2-bc99-4672-beb4-952e0becbfe5
2026-06-22 03:01:26.552 10 INFO neutron.db.ovn_revision_numbers_db [None req-d7e047da-cda1-4173-a8d7-f700c5e2495e a43fa1a2797e4811a45fc102db90466d a78409b3f59149c6a628e4a3218cc1d0 - - default default] Successfully bumped revision number for resource 8523a40f-47be-4ff6-ad7e-9490dcbdab9b (type: security_group_rules) to 0
2026-06-22 03:01:26.564 9 INFO neutron.plugins.ml2.plugin [None req-c0f4d9be-f188-4e01-bd69-e1ae438ec48e - - - - - -] Attempt 1 to provision port c4e52af2-bc99-4672-beb4-952e0becbfe5
2026-06-22 03:01:26.574 10 INFO neutron.db.ovn_revision_numbers_db [None req-d7e047da-cda1-4173-a8d7-f700c5e2495e a43fa1a2797e4811a45fc102db90466d a78409b3f59149c6a628e4a3218cc1d0 - - default default] Successfully bumped revision number for resource b73d7480-b217-42b4-a5a7-5a1b21b4c29d (type: security_group_rules) to 0
2026-06-22 03:01:26.600 9 INFO neutron.wsgi [None req-143aa018-313a-47d3-b8e7-197eb1b8c8c3 a4322346bdc543caa4ae60f3ded9205d bcd76bb693a94a1384212056edb54b81 - - default default] 10.0.0.55 "DELETE /v2.0/security-group-rules/83482bde-4fd6-48d2-9739-c459936d9aad HTTP/1.1" status: 204 len: 168 time: 0.2010868
2026-06-22 03:01:26.606 10 INFO neutron.wsgi [None req-d7e047da-cda1-4173-a8d7-f700c5e2495e a43fa1a2797e4811a45fc102db90466d a78409b3f59149c6a628e4a3218cc1d0 - - default default] 10.0.0.55 "GET /v2.0/security-groups?tenant_id=4a2bba06b87a4ac9b33f0cf11ec20bd1&name=default HTTP/1.1" status: 200 len: 2996 time: 0.4525089
2026-06-22 03:01:26.662 9 INFO neutron.wsgi [None req-d2e7dd73-5e27-4819-9fa3-1d2aef11ad29 13626bd03ea54960bd772ddd9a670b78 9d57c5c0cda243b99ff658e8d194278e - - default default] 10.0.0.55 "GET /v2.0/routers/9ec769d9-25dc-4eab-a086-29e98752f080 HTTP/1.1" status: 200 len: 875 time: 0.1275299
2026-06-22 03:01:26.687 9 INFO neutron.wsgi [None req-0861b2bb-758c-4fc2-9f92-320a09a45a93 a4322346bdc543caa4ae60f3ded9205d bcd76bb693a94a1384212056edb54b81 - - default default] 10.0.0.55 "GET /v2.0/security-group-rules HTTP/1.1" status: 200 len: 3567 time: 0.0798934
2026-06-22 03:01:26.697 10 INFO neutron.wsgi [None req-9cc3282a-5e7e-48e4-bf1b-09bd380e53aa 13626bd03ea54960bd772ddd9a670b78 9d57c5c0cda243b99ff658e8d194278e - - default default] 10.0.0.55 "GET /v2.0/ports?device_id=9ec769d9-25dc-4eab-a086-29e98752f080 HTTP/1.1" status: 200 len: 205 time: 0.0284677
2026-06-22 03:01:26.739 10 WARNING neutron.scheduler.dhcp_agent_scheduler [None req-d349ce0c-0347-4353-b048-2b88e3ede158 8d3aaa1c4c2246e286f3594d761e0369 c2879caf394545eeb4790d8701c96258 - - default default] No more DHCP agents
2026-06-22 03:01:26.742 10 WARNING neutron.api.rpc.agentnotifiers.dhcp_rpc_agent_api [None req-d349ce0c-0347-4353-b048-2b88e3ede158 8d3aaa1c4c2246e286f3594d761e0369 c2879caf394545eeb4790d8701c96258 - - default default] Unable to schedule network 8f73e1a7-8612-40db-9126-27c479c2da8e: no agents available; will retry on subsequent port and subnet creation events.
2026-06-22 03:01:26.829 10 INFO neutron.db.ovn_revision_numbers_db [None req-d349ce0c-0347-4353-b048-2b88e3ede158 8d3aaa1c4c2246e286f3594d761e0369 c2879caf394545eeb4790d8701c96258 - - default default] Successfully bumped revision number for resource 806c706e-62f5-48ec-8c7c-ef7cc142190c (type: ports) to 1
2026-06-22 03:01:26.859 10 INFO neutron.wsgi [None req-d349ce0c-0347-4353-b048-2b88e3ede158 8d3aaa1c4c2246e286f3594d761e0369 c2879caf394545eeb4790d8701c96258 - - default default] 10.0.0.55 "POST /v2.0/networks HTTP/1.1" status: 201 len: 847 time: 1.1279020
2026-06-22 03:01:26.906 9 INFO neutron.wsgi [None req-b7258c35-91d2-4fd7-8875-79f50c592548 a4322346bdc543caa4ae60f3ded9205d bcd76bb693a94a1384212056edb54b81 - - default default] 10.0.0.55 "DELETE /v2.0/security-groups/a2d86960-7977-4bac-bbb9-0a63278ec898 HTTP/1.1" status: 204 len: 168 time: 0.2134459
2026-06-22 03:01:26.971 10 INFO neutron.wsgi [None req-87c9dffc-8324-4af8-86e3-5451d73086fc a4322346bdc543caa4ae60f3ded9205d bcd76bb693a94a1384212056edb54b81 - - default default] 10.0.0.55 "GET /v2.0/security-groups HTTP/1.1" status: 200 len: 2996 time: 0.0530388
2026-06-22 03:01:27.019 10 INFO neutron.wsgi [None req-baab0cf4-2a59-4e21-a4ff-1e8b66475971 a4322346bdc543caa4ae60f3ded9205d bcd76bb693a94a1384212056edb54b81 - - default default] 10.0.0.55 "GET /v2.0/security-groups HTTP/1.1" status: 200 len: 2996 time: 0.0405629
2026-06-22 03:01:27.020 9 INFO neutron.wsgi [None req-7c473c45-490d-4b30-8d28-617dac3007ed a43fa1a2797e4811a45fc102db90466d a78409b3f59149c6a628e4a3218cc1d0 - - default default] 10.0.0.55 "DELETE /v2.0/security-groups/06fabcbf-58a0-48ce-8664-2603468d74b1 HTTP/1.1" status: 204 len: 168 time: 0.4068811
2026-06-22 03:01:27.301 9 INFO neutron.db.ovn_revision_numbers_db [None req-7f9af248-b312-498e-bb1c-9a1c9e71bf51 a43fa1a2797e4811a45fc102db90466d a78409b3f59149c6a628e4a3218cc1d0 - - default default] Successfully bumped revision number for resource 0126b75f-038a-496b-8b0c-3727d6448a0f (type: security_groups) to 1
2026-06-22 03:01:27.321 9 INFO neutron.db.ovn_revision_numbers_db [None req-7f9af248-b312-498e-bb1c-9a1c9e71bf51 a43fa1a2797e4811a45fc102db90466d a78409b3f59149c6a628e4a3218cc1d0 - - default default] Successfully bumped revision number for resource 224f7607-ca80-46e1-8e18-f75d50adbca7 (type: security_group_rules) to 0
2026-06-22 03:01:27.353 9 INFO neutron.db.ovn_revision_numbers_db [None req-7f9af248-b312-498e-bb1c-9a1c9e71bf51 a43fa1a2797e4811a45fc102db90466d a78409b3f59149c6a628e4a3218cc1d0 - - default default] Successfully bumped revision number for resource 5aca8ca4-abcb-492c-877b-6c1520cbf01c (type: security_group_rules) to 0
2026-06-22 03:01:27.362 9 WARNING neutron_lib.context [None req-48f93ad1-c54d-4de2-8b36-77c2daf13d8e 8d3aaa1c4c2246e286f3594d761e0369 c2879caf394545eeb4790d8701c96258 - - default default] Method 'is_advsvc' is deprecated since 2023.2 release (neutron-lib 3.8.0) and will be removed once support for the old RBAC API policies will be removed from Neutron. Please use method 'is_service_role' instead.
2026-06-22 03:01:27.402 9 INFO neutron.db.ovn_revision_numbers_db [None req-7f9af248-b312-498e-bb1c-9a1c9e71bf51 a43fa1a2797e4811a45fc102db90466d a78409b3f59149c6a628e4a3218cc1d0 - - default default] Successfully bumped revision number for resource 5b886765-29a7-48ed-aa89-ee7f501d8fbc (type: security_group_rules) to 0
2026-06-22 03:01:27.430 9 INFO neutron.db.ovn_revision_numbers_db [None req-7f9af248-b312-498e-bb1c-9a1c9e71bf51 a43fa1a2797e4811a45fc102db90466d a78409b3f59149c6a628e4a3218cc1d0 - - default default] Successfully bumped revision number for resource a8f59db4-1bb8-4c83-94ea-67d7ce26db83 (type: security_group_rules) to 0
2026-06-22 03:01:27.490 9 INFO neutron.wsgi [None req-7f9af248-b312-498e-bb1c-9a1c9e71bf51 a43fa1a2797e4811a45fc102db90466d a78409b3f59149c6a628e4a3218cc1d0 - - default default] 10.0.0.55 "GET /v2.0/security-groups?tenant_id=4f5dca4d988f43a8955f003d8902a108&name=default HTTP/1.1" status: 200 len: 2996 time: 0.3496523
2026-06-22 03:01:27.694 9 INFO neutron.wsgi [None req-94510b77-f450-4e90-b441-de1f0c5e8f4c 13626bd03ea54960bd772ddd9a670b78 9d57c5c0cda243b99ff658e8d194278e - - default default] 10.0.0.55 "DELETE /v2.0/routers/9ec769d9-25dc-4eab-a086-29e98752f080 HTTP/1.1" status: 204 len: 168 time: 0.9928248
2026-06-22 03:01:27.694 10 INFO neutron.wsgi [None req-389efc4c-ee19-4f84-9963-f8b921d40544 a43fa1a2797e4811a45fc102db90466d a78409b3f59149c6a628e4a3218cc1d0 - - default default] 10.0.0.55 "GET /v2.0/security-groups?tenant_id=bcd76bb693a94a1384212056edb54b81&name=default HTTP/1.1" status: 200 len: 2996 time: 0.1950450
2026-06-22 03:01:27.725 9 INFO neutron.wsgi [None req-786d7935-f8fc-442b-8448-44305dfc87bb 13626bd03ea54960bd772ddd9a670b78 9d57c5c0cda243b99ff658e8d194278e - - default default] 10.0.0.55 "GET /v2.0/ports?device_id=9ec769d9-25dc-4eab-a086-29e98752f080 HTTP/1.1" status: 200 len: 205 time: 0.0206184
2026-06-22 03:01:27.759 9 INFO neutron.api.v2.resource [None req-3b838a16-f576-4062-b88e-416492062359 13626bd03ea54960bd772ddd9a670b78 9d57c5c0cda243b99ff658e8d194278e - - default default] delete failed (client error): The resource could not be found.
2026-06-22 03:01:27.760 9 INFO neutron.wsgi [None req-3b838a16-f576-4062-b88e-416492062359 13626bd03ea54960bd772ddd9a670b78 9d57c5c0cda243b99ff658e8d194278e - - default default] 10.0.0.55 "DELETE /v2.0/routers/9ec769d9-25dc-4eab-a086-29e98752f080 HTTP/1.1" status: 404 len: 336 time: 0.0299461
2026-06-22 03:01:27.778 9 WARNING neutron.scheduler.dhcp_agent_scheduler [None req-48f93ad1-c54d-4de2-8b36-77c2daf13d8e 8d3aaa1c4c2246e286f3594d761e0369 c2879caf394545eeb4790d8701c96258 - - default default] No more DHCP agents
2026-06-22 03:01:27.785 9 WARNING neutron.api.rpc.agentnotifiers.dhcp_rpc_agent_api [None req-48f93ad1-c54d-4de2-8b36-77c2daf13d8e 8d3aaa1c4c2246e286f3594d761e0369 c2879caf394545eeb4790d8701c96258 - - default default] Unable to schedule network 8f73e1a7-8612-40db-9126-27c479c2da8e: no agents available; will retry on subsequent port and subnet creation events.
2026-06-22 03:01:27.789 9 INFO neutron.wsgi [None req-70403c43-d3aa-4f12-b545-72872985350b 13626bd03ea54960bd772ddd9a670b78 9d57c5c0cda243b99ff658e8d194278e - - default default] 10.0.0.55 "GET /v2.0/ports?device_id=f12a189d-e588-489d-81fd-07513dbf24c2 HTTP/1.1" status: 200 len: 205 time: 0.0220053
2026-06-22 03:01:27.823 9 INFO neutron.api.v2.resource [None req-1677645b-2596-401f-b0a2-b4077c36573d 13626bd03ea54960bd772ddd9a670b78 9d57c5c0cda243b99ff658e8d194278e - - default default] delete failed (client error): The resource could not be found.
2026-06-22 03:01:27.824 9 INFO neutron.wsgi [None req-1677645b-2596-401f-b0a2-b4077c36573d 13626bd03ea54960bd772ddd9a670b78 9d57c5c0cda243b99ff658e8d194278e - - default default] 10.0.0.55 "DELETE /v2.0/routers/f12a189d-e588-489d-81fd-07513dbf24c2 HTTP/1.1" status: 404 len: 336 time: 0.0296898
2026-06-22 03:01:27.844 10 INFO neutron.wsgi [None req-ddfb32d0-e231-4194-80ea-fd6614830917 a43fa1a2797e4811a45fc102db90466d a78409b3f59149c6a628e4a3218cc1d0 - - default default] 10.0.0.55 "DELETE /v2.0/security-groups/0126b75f-038a-496b-8b0c-3727d6448a0f HTTP/1.1" status: 204 len: 168 time: 0.3461497
2026-06-22 03:01:27.844 9 INFO neutron.db.ovn_revision_numbers_db [None req-48f93ad1-c54d-4de2-8b36-77c2daf13d8e 8d3aaa1c4c2246e286f3594d761e0369 c2879caf394545eeb4790d8701c96258 - - default default] Successfully bumped revision number for resource 9a44e36a-f0de-475a-a30e-a0c3e93c3cec (type: subnets) to 0
2026-06-22 03:01:27.847 9 INFO neutron.pecan_wsgi.hooks.translation [None req-ea613d49-33a8-4b76-8e10-7992c598a77f 13626bd03ea54960bd772ddd9a670b78 9d57c5c0cda243b99ff658e8d194278e - - default default] DELETE failed (client error): The resource could not be found.
2026-06-22 03:01:27.849 9 INFO neutron.wsgi [None req-ea613d49-33a8-4b76-8e10-7992c598a77f 13626bd03ea54960bd772ddd9a670b78 9d57c5c0cda243b99ff658e8d194278e - - default default] 10.0.0.55 "DELETE /v2.0/subnets/23ffa5b7-2a7c-47e0-82cc-da8d81077637 HTTP/1.1" status: 404 len: 337 time: 0.0183349
2026-06-22 03:01:27.875 9 INFO neutron.wsgi [None req-5596c42f-352a-4e39-adf6-372c47dee8f2 13626bd03ea54960bd772ddd9a670b78 9d57c5c0cda243b99ff658e8d194278e - - default default] 10.0.0.55 "GET /v2.0/ports?device_id=52615dca-def0-4d9c-a285-ff0976103805 HTTP/1.1" status: 200 len: 205 time: 0.0223994
2026-06-22 03:01:27.877 9 INFO neutron.wsgi [None req-48f93ad1-c54d-4de2-8b36-77c2daf13d8e 8d3aaa1c4c2246e286f3594d761e0369 c2879caf394545eeb4790d8701c96258 - - default default] 10.0.0.55 "POST /v2.0/subnets HTTP/1.1" status: 201 len: 848 time: 0.5218372
2026-06-22 03:01:27.889 10 WARNING neutron_lib.context [None req-dc24ee58-6ff1-403d-a361-449874072c5d 8d3aaa1c4c2246e286f3594d761e0369 c2879caf394545eeb4790d8701c96258 - - default default] Method 'is_advsvc' is deprecated since 2023.2 release (neutron-lib 3.8.0) and will be removed once support for the old RBAC API policies will be removed from Neutron. Please use method 'is_service_role' instead.
2026-06-22 03:01:27.900 9 INFO neutron.api.v2.resource [None req-4c48f52b-4a7c-4f00-b33c-7fa7bbb3090d 13626bd03ea54960bd772ddd9a670b78 9d57c5c0cda243b99ff658e8d194278e - - default default] delete failed (client error): The resource could not be found.
2026-06-22 03:01:27.901 9 INFO neutron.wsgi [None req-4c48f52b-4a7c-4f00-b33c-7fa7bbb3090d 13626bd03ea54960bd772ddd9a670b78 9d57c5c0cda243b99ff658e8d194278e - - default default] 10.0.0.55 "DELETE /v2.0/routers/52615dca-def0-4d9c-a285-ff0976103805 HTTP/1.1" status: 404 len: 336 time: 0.0210667
2026-06-22 03:01:27.922 9 INFO neutron.pecan_wsgi.hooks.translation [None req-e7f64ba4-6a3b-459d-aac4-c6a05f9f74b7 13626bd03ea54960bd772ddd9a670b78 9d57c5c0cda243b99ff658e8d194278e - - default default] DELETE failed (client error): The resource could not be found.
2026-06-22 03:01:27.924 9 INFO neutron.wsgi [None req-e7f64ba4-6a3b-459d-aac4-c6a05f9f74b7 13626bd03ea54960bd772ddd9a670b78 9d57c5c0cda243b99ff658e8d194278e - - default default] 10.0.0.55 "DELETE /v2.0/subnets/c79685b0-1b2a-4421-a6ec-47ec98691491 HTTP/1.1" status: 404 len: 337 time: 0.0179749
2026-06-22 03:01:27.957 10 INFO neutron.wsgi [None req-933b1a6b-c94b-4b49-b566-810675d60171 13626bd03ea54960bd772ddd9a670b78 9d57c5c0cda243b99ff658e8d194278e - - default default] 10.0.0.55 "GET /v2.0/ports?device_id=1bf01ef4-7f9b-4086-aa0b-1aa68a309b2e HTTP/1.1" status: 200 len: 205 time: 0.0292943
2026-06-22 03:01:27.969 10 INFO neutron.wsgi [None req-159d5b73-9ec3-428b-9f2b-2bc66863b075 a43fa1a2797e4811a45fc102db90466d a78409b3f59149c6a628e4a3218cc1d0 - - default default] 10.0.0.55 "DELETE /v2.0/security-groups/a985e843-fae2-48c2-b470-a40c19120550 HTTP/1.1" status: 204 len: 168 time: 0.2700846
2026-06-22 03:01:27.986 9 INFO neutron.api.v2.resource [None req-e44cfae7-30dc-4855-b494-88aee0962fb4 13626bd03ea54960bd772ddd9a670b78 9d57c5c0cda243b99ff658e8d194278e - - default default] delete failed (client error): The resource could not be found.
2026-06-22 03:01:27.988 9 INFO neutron.wsgi [None req-e44cfae7-30dc-4855-b494-88aee0962fb4 13626bd03ea54960bd772ddd9a670b78 9d57c5c0cda243b99ff658e8d194278e - - default default] 10.0.0.55 "DELETE /v2.0/routers/1bf01ef4-7f9b-4086-aa0b-1aa68a309b2e HTTP/1.1" status: 404 len: 336 time: 0.0251272
2026-06-22 03:01:28.005 10 INFO neutron.db.segments_db [None req-dc24ee58-6ff1-403d-a361-449874072c5d 8d3aaa1c4c2246e286f3594d761e0369 c2879caf394545eeb4790d8701c96258 - - default default] Added segment 979ca501-1663-4637-8cac-0ef12c92a6dd of type geneve for network 6fde3e90-26c2-4728-a35d-17a1f0d20228
2026-06-22 03:01:28.005 9 INFO neutron.pecan_wsgi.hooks.translation [None req-57cc458f-6ea0-404b-a56a-0d3d5fc7a625 13626bd03ea54960bd772ddd9a670b78 9d57c5c0cda243b99ff658e8d194278e - - default default] DELETE failed (client error): The resource could not be found.
2026-06-22 03:01:28.007 9 INFO neutron.wsgi [None req-57cc458f-6ea0-404b-a56a-0d3d5fc7a625 13626bd03ea54960bd772ddd9a670b78 9d57c5c0cda243b99ff658e8d194278e - - default default] 10.0.0.55 "DELETE /v2.0/subnets/b81b2253-68ce-45f1-aafe-aabf582d6a1e HTTP/1.1" status: 404 len: 337 time: 0.0160797
2026-06-22 03:01:28.039 10 INFO neutron.pecan_wsgi.hooks.translation [None req-093eb133-a433-4ea0-b734-9ca296ba5830 13626bd03ea54960bd772ddd9a670b78 9d57c5c0cda243b99ff658e8d194278e - - default default] DELETE failed (client error): The resource could not be found.
2026-06-22 03:01:28.041 10 INFO neutron.wsgi [None req-093eb133-a433-4ea0-b734-9ca296ba5830 13626bd03ea54960bd772ddd9a670b78 9d57c5c0cda243b99ff658e8d194278e - - default default] 10.0.0.55 "DELETE /v2.0/subnets/d49ef521-a7e0-4a19-a8ce-9a1583c1f9f7 HTTP/1.1" status: 404 len: 337 time: 0.0295775
2026-06-22 03:01:28.187 10 INFO neutron.db.ovn_revision_numbers_db [None req-dc24ee58-6ff1-403d-a361-449874072c5d 8d3aaa1c4c2246e286f3594d761e0369 c2879caf394545eeb4790d8701c96258 - - default default] Successfully bumped revision number for resource 6fde3e90-26c2-4728-a35d-17a1f0d20228 (type: networks) to 1
2026-06-22 03:01:28.407 10 WARNING neutron.scheduler.dhcp_agent_scheduler [None req-dc24ee58-6ff1-403d-a361-449874072c5d 8d3aaa1c4c2246e286f3594d761e0369 c2879caf394545eeb4790d8701c96258 - - default default] No more DHCP agents
2026-06-22 03:01:28.410 10 WARNING neutron.api.rpc.agentnotifiers.dhcp_rpc_agent_api [None req-dc24ee58-6ff1-403d-a361-449874072c5d 8d3aaa1c4c2246e286f3594d761e0369 c2879caf394545eeb4790d8701c96258 - - default default] Unable to schedule network 6fde3e90-26c2-4728-a35d-17a1f0d20228: no agents available; will retry on subsequent port and subnet creation events.
2026-06-22 03:01:28.504 10 INFO neutron.db.ovn_revision_numbers_db [None req-dc24ee58-6ff1-403d-a361-449874072c5d 8d3aaa1c4c2246e286f3594d761e0369 c2879caf394545eeb4790d8701c96258 - - default default] Successfully bumped revision number for resource 5d2f9702-5fb0-4ff2-a828-5c1c28ebdb8b (type: ports) to 1
2026-06-22 03:01:28.527 10 INFO neutron.wsgi [None req-dc24ee58-6ff1-403d-a361-449874072c5d 8d3aaa1c4c2246e286f3594d761e0369 c2879caf394545eeb4790d8701c96258 - - default default] 10.0.0.55 "POST /v2.0/networks HTTP/1.1" status: 201 len: 847 time: 0.6447556
2026-06-22 03:01:28.742 10 INFO neutron.db.ovn_revision_numbers_db [None req-7e4b0cb8-7fa7-4d6d-b8e9-33ab38f16046 8d3aaa1c4c2246e286f3594d761e0369 c2879caf394545eeb4790d8701c96258 - - default default] Successfully bumped revision number for resource 6fde3e90-26c2-4728-a35d-17a1f0d20228 (type: networks) to 2
2026-06-22 03:01:28.748 10 INFO neutron.wsgi [None req-7e4b0cb8-7fa7-4d6d-b8e9-33ab38f16046 8d3aaa1c4c2246e286f3594d761e0369 c2879caf394545eeb4790d8701c96258 - - default default] 10.0.0.55 "PUT /v2.0/networks/6fde3e90-26c2-4728-a35d-17a1f0d20228 HTTP/1.1" status: 200 len: 792 time: 0.2147567
2026-06-22 03:01:28.759 10 WARNING neutron_lib.context [None req-4f953f33-3208-4082-9dd2-2e1591d3f8d0 8d3aaa1c4c2246e286f3594d761e0369 c2879caf394545eeb4790d8701c96258 - - default default] Method 'is_advsvc' is deprecated since 2023.2 release (neutron-lib 3.8.0) and will be removed once support for the old RBAC API policies will be removed from Neutron. Please use method 'is_service_role' instead.
2026-06-22 03:01:29.025 10 WARNING neutron.scheduler.dhcp_agent_scheduler [None req-4f953f33-3208-4082-9dd2-2e1591d3f8d0 8d3aaa1c4c2246e286f3594d761e0369 c2879caf394545eeb4790d8701c96258 - - default default] No more DHCP agents
2026-06-22 03:01:29.028 9 INFO neutron.wsgi [None req-c8c0b1a6-8f42-4324-9943-3d6e5a4e1224 a43fa1a2797e4811a45fc102db90466d a78409b3f59149c6a628e4a3218cc1d0 - - default default] 10.0.0.55 "GET /v2.0/security-groups?tenant_id=9d57c5c0cda243b99ff658e8d194278e&name=default HTTP/1.1" status: 200 len: 2996 time: 0.3108919
2026-06-22 03:01:29.029 10 WARNING neutron.api.rpc.agentnotifiers.dhcp_rpc_agent_api [None req-4f953f33-3208-4082-9dd2-2e1591d3f8d0 8d3aaa1c4c2246e286f3594d761e0369 c2879caf394545eeb4790d8701c96258 - - default default] Unable to schedule network 6fde3e90-26c2-4728-a35d-17a1f0d20228: no agents available; will retry on subsequent port and subnet creation events.
2026-06-22 03:01:29.092 10 INFO neutron.db.ovn_revision_numbers_db [None req-4f953f33-3208-4082-9dd2-2e1591d3f8d0 8d3aaa1c4c2246e286f3594d761e0369 c2879caf394545eeb4790d8701c96258 - - default default] Successfully bumped revision number for resource 6cd32af2-b22d-4fe7-b650-a179dc47dbc8 (type: subnets) to 0
2026-06-22 03:01:29.127 10 INFO neutron.wsgi [None req-4f953f33-3208-4082-9dd2-2e1591d3f8d0 8d3aaa1c4c2246e286f3594d761e0369 c2879caf394545eeb4790d8701c96258 - - default default] 10.0.0.55 "POST /v2.0/subnets HTTP/1.1" status: 201 len: 821 time: 0.3732324
2026-06-22 03:01:29.340 10 INFO neutron.wsgi [None req-0c55ba13-9bba-45f2-8113-03039b4c6ae2 a43fa1a2797e4811a45fc102db90466d a78409b3f59149c6a628e4a3218cc1d0 - - default default] 10.0.0.55 "DELETE /v2.0/security-groups/8bdbfa7d-42a5-497e-920d-cd2cfd291a8b HTTP/1.1" status: 204 len: 168 time: 0.3064203
2026-06-22 03:01:29.977 9 INFO neutron.db.ovn_revision_numbers_db [None req-e07aa4d9-d22e-416c-a2fc-226bbde65b3d 8d3aaa1c4c2246e286f3594d761e0369 c2879caf394545eeb4790d8701c96258 - - default default] Successfully bumped revision number for resource 5d2f9702-5fb0-4ff2-a828-5c1c28ebdb8b (type: ports) to 2
2026-06-22 03:01:30.018 9 INFO neutron.db.ovn_revision_numbers_db [None req-e07aa4d9-d22e-416c-a2fc-226bbde65b3d 8d3aaa1c4c2246e286f3594d761e0369 c2879caf394545eeb4790d8701c96258 - - default default] Successfully bumped revision number for resource 6cd32af2-b22d-4fe7-b650-a179dc47dbc8 (type: subnets) to 1
2026-06-22 03:01:30.021 9 INFO neutron.wsgi [None req-e07aa4d9-d22e-416c-a2fc-226bbde65b3d 8d3aaa1c4c2246e286f3594d761e0369 c2879caf394545eeb4790d8701c96258 - - default default] 10.0.0.55 "PUT /v2.0/subnets/6cd32af2-b22d-4fe7-b650-a179dc47dbc8 HTTP/1.1" status: 200 len: 826 time: 0.8863001
2026-06-22 03:01:30.563 9 INFO neutron.services.segments.plugin [-] Segment 979ca501-1663-4637-8cac-0ef12c92a6dd resource provider aggregate not found
2026-06-22 03:01:30.571 9 INFO neutron.services.segments.plugin [-] Segment 979ca501-1663-4637-8cac-0ef12c92a6dd resource provider aggregate not found
2026-06-22 03:01:30.594 9 INFO neutron.services.segments.plugin [-] Segment 979ca501-1663-4637-8cac-0ef12c92a6dd resource provider not found; error: Placement Client Error (4xx): {"errors": [{"status": 404, "title": "Not Found", "detail": "The resource could not be found.\n\n No resource provider with uuid 979ca501-1663-4637-8cac-0ef12c92a6dd found for delete ", "request_id": "req-b590bb91-9956-431f-9377-1e9f561dbf2f"}]}
2026-06-22 03:01:30.595 9 INFO neutron.services.segments.plugin [-] Segment 979ca501-1663-4637-8cac-0ef12c92a6dd resource provider not found; error: Placement Client Error (4xx): {"errors": [{"status": 404, "title": "Not Found", "detail": "The resource could not be found.\n\n No resource provider with uuid 979ca501-1663-4637-8cac-0ef12c92a6dd found for delete ", "request_id": "req-df8143ec-42da-4b6e-afb4-9c14252ed0e9"}]}
2026-06-22 03:01:30.618 9 INFO neutron.wsgi [None req-700a8442-b078-443c-8491-52293e76e544 8d3aaa1c4c2246e286f3594d761e0369 c2879caf394545eeb4790d8701c96258 - - default default] 10.0.0.55 "DELETE /v2.0/networks/6fde3e90-26c2-4728-a35d-17a1f0d20228 HTTP/1.1" status: 204 len: 168 time: 0.5912364
2026-06-22 03:01:30.641 9 INFO neutron.pecan_wsgi.hooks.translation [None req-395edd33-b9cf-4540-8a04-8b24ac3b275e 8d3aaa1c4c2246e286f3594d761e0369 c2879caf394545eeb4790d8701c96258 - - default default] DELETE failed (client error): The resource could not be found.
2026-06-22 03:01:30.644 9 INFO neutron.wsgi [None req-395edd33-b9cf-4540-8a04-8b24ac3b275e 8d3aaa1c4c2246e286f3594d761e0369 c2879caf394545eeb4790d8701c96258 - - default default] 10.0.0.55 "DELETE /v2.0/networks/6fde3e90-26c2-4728-a35d-17a1f0d20228 HTTP/1.1" status: 404 len: 339 time: 0.0213757
2026-06-22 03:01:30.774 10 INFO neutron.wsgi [None req-7fe58cc8-b849-4fb1-a666-314ebf34b93d 8d3aaa1c4c2246e286f3594d761e0369 c2879caf394545eeb4790d8701c96258 - - default default] 10.0.0.55 "GET /v2.0/networks?router%3Aexternal=True HTTP/1.1" status: 200 len: 845 time: 0.1199136
2026-06-22 03:01:30.824 10 INFO neutron.wsgi [None req-4886dc27-6571-4d23-a56c-3d984b9deb6b 8d3aaa1c4c2246e286f3594d761e0369 c2879caf394545eeb4790d8701c96258 - - default default] 10.0.0.55 "GET /v2.0/subnets?network_id=e08fe9e8-1f4d-4016-921f-72f284680a60 HTTP/1.1" status: 200 len: 820 time: 0.0423484
2026-06-22 03:01:30.836 10 INFO neutron.wsgi [None req-950f5dd3-7898-43c2-b65f-d6dd7e777ad5 8d3aaa1c4c2246e286f3594d761e0369 c2879caf394545eeb4790d8701c96258 - - default default] 10.0.0.55 "GET /v2.0/extensions HTTP/1.1" status: 200 len: 16975 time: 0.0057473
2026-06-22 03:01:31.160 10 INFO neutron.wsgi [None req-456720c1-857a-40d0-b447-cb47e323490b 8d3aaa1c4c2246e286f3594d761e0369 c2879caf394545eeb4790d8701c96258 - - default default] 10.0.0.55 "GET /v2.0/networks HTTP/1.1" status: 200 len: 1508 time: 0.3177266
2026-06-22 03:01:31.205 9 INFO neutron.wsgi [None req-8938143d-b986-41bb-9747-602a6c4af576 8d3aaa1c4c2246e286f3594d761e0369 c2879caf394545eeb4790d8701c96258 - - default default] 10.0.0.55 "GET /v2.0/subnets HTTP/1.1" status: 200 len: 1460 time: 0.0389400
2026-06-22 03:01:31.312 10 INFO neutron.wsgi [None req-1df05c5e-136b-4094-a30d-1baf54f87953 8d3aaa1c4c2246e286f3594d761e0369 c2879caf394545eeb4790d8701c96258 - - default default] 10.0.0.55 "GET /v2.0/networks/8f73e1a7-8612-40db-9126-27c479c2da8e HTTP/1.1" status: 200 len: 867 time: 0.0983551
2026-06-22 03:01:31.356 10 INFO neutron.wsgi [None req-7352d168-7dc5-4235-b4ea-f376dcbba8b8 8d3aaa1c4c2246e286f3594d761e0369 c2879caf394545eeb4790d8701c96258 - - default default] 10.0.0.55 "GET /v2.0/subnets/9a44e36a-f0de-475a-a30e-a0c3e93c3cec HTTP/1.1" status: 200 len: 843 time: 0.0357141
2026-06-22 03:01:31.393 9 INFO neutron.pecan_wsgi.hooks.translation [None req-a5a28355-8bbe-4120-9906-e9fd1487244c 8d3aaa1c4c2246e286f3594d761e0369 c2879caf394545eeb4790d8701c96258 - - default default] DELETE failed (client error): The resource could not be found.
2026-06-22 03:01:31.396 9 INFO neutron.wsgi [None req-a5a28355-8bbe-4120-9906-e9fd1487244c 8d3aaa1c4c2246e286f3594d761e0369 c2879caf394545eeb4790d8701c96258 - - default default] 10.0.0.55 "DELETE /v2.0/subnets/6cd32af2-b22d-4fe7-b650-a179dc47dbc8 HTTP/1.1" status: 404 len: 337 time: 0.0215466
2026-06-22 03:01:31.420 10 INFO neutron.pecan_wsgi.hooks.translation [None req-0a5362d4-2951-4e1a-853d-2cee7d90f2f5 8d3aaa1c4c2246e286f3594d761e0369 c2879caf394545eeb4790d8701c96258 - - default default] DELETE failed (client error): The resource could not be found.
2026-06-22 03:01:31.422 10 INFO neutron.wsgi [None req-0a5362d4-2951-4e1a-853d-2cee7d90f2f5 8d3aaa1c4c2246e286f3594d761e0369 c2879caf394545eeb4790d8701c96258 - - default default] 10.0.0.55 "DELETE /v2.0/networks/6fde3e90-26c2-4728-a35d-17a1f0d20228 HTTP/1.1" status: 404 len: 339 time: 0.0194876
2026-06-22 03:01:31.613 10 INFO neutron.wsgi [None req-f3a14ab2-841c-4d77-98a2-9d501e22769b 8d3aaa1c4c2246e286f3594d761e0369 c2879caf394545eeb4790d8701c96258 - - default default] 10.0.0.55 "DELETE /v2.0/subnets/9a44e36a-f0de-475a-a30e-a0c3e93c3cec HTTP/1.1" status: 204 len: 168 time: 0.1822693
2026-06-22 03:01:32.067 9 WARNING neutron.plugins.ml2.drivers.ovn.mech_driver.ovsdb.ovn_client [None req-c0f4d9be-f188-4e01-bd69-e1ae438ec48e - - - - - -] No port found with ID c4e52af2-bc99-4672-beb4-952e0becbfe5: RuntimeError: No port found with ID c4e52af2-bc99-4672-beb4-952e0becbfe5
2026-06-22 03:01:32.126 9 INFO neutron.wsgi [None req-49d16191-2320-4922-8763-52d3b38c5fac 8d3aaa1c4c2246e286f3594d761e0369 c2879caf394545eeb4790d8701c96258 - - default default] 10.0.0.55 "DELETE /v2.0/networks/8f73e1a7-8612-40db-9126-27c479c2da8e HTTP/1.1" status: 204 len: 168 time: 0.5060439
2026-06-22 03:01:32.313 10 INFO neutron.db.ovn_revision_numbers_db [None req-12c60293-2b42-4cfd-b356-4b4f93710fa2 a43fa1a2797e4811a45fc102db90466d a78409b3f59149c6a628e4a3218cc1d0 - - default default] Successfully bumped revision number for resource ae3dad47-4fd6-4081-8ca3-643aadaf08c0 (type: security_groups) to 1
2026-06-22 03:01:32.340 10 INFO neutron.db.ovn_revision_numbers_db [None req-12c60293-2b42-4cfd-b356-4b4f93710fa2 a43fa1a2797e4811a45fc102db90466d a78409b3f59149c6a628e4a3218cc1d0 - - default default] Successfully bumped revision number for resource 00636c58-be32-43f9-b41e-f248c7563098 (type: security_group_rules) to 0
2026-06-22 03:01:32.360 10 INFO neutron.db.ovn_revision_numbers_db [None req-12c60293-2b42-4cfd-b356-4b4f93710fa2 a43fa1a2797e4811a45fc102db90466d a78409b3f59149c6a628e4a3218cc1d0 - - default default] Successfully bumped revision number for resource 41b69ee0-0c40-4909-9262-3a0c97a82aab (type: security_group_rules) to 0
2026-06-22 03:01:32.381 10 INFO neutron.db.ovn_revision_numbers_db [None req-12c60293-2b42-4cfd-b356-4b4f93710fa2 a43fa1a2797e4811a45fc102db90466d a78409b3f59149c6a628e4a3218cc1d0 - - default default] Successfully bumped revision number for resource 56fd1858-cfbf-46ff-923b-a52869c41fe9 (type: security_group_rules) to 0
2026-06-22 03:01:32.404 10 INFO neutron.db.ovn_revision_numbers_db [None req-12c60293-2b42-4cfd-b356-4b4f93710fa2 a43fa1a2797e4811a45fc102db90466d a78409b3f59149c6a628e4a3218cc1d0 - - default default] Successfully bumped revision number for resource 6ddd51a2-4602-4ba1-8dab-5cc16f168986 (type: security_group_rules) to 0
2026-06-22 03:01:32.435 10 INFO neutron.wsgi [None req-12c60293-2b42-4cfd-b356-4b4f93710fa2 a43fa1a2797e4811a45fc102db90466d a78409b3f59149c6a628e4a3218cc1d0 - - default default] 10.0.0.55 "GET /v2.0/security-groups?tenant_id=5a865b2d524d41d6bb40be2b47f77958&name=default HTTP/1.1" status: 200 len: 2996 time: 0.4221153
2026-06-22 03:01:32.621 9 INFO neutron.services.segments.plugin [-] Segment c777e0bc-1ca5-4a27-9823-67d5a23362d9 resource provider aggregate not found
2026-06-22 03:01:32.627 9 INFO neutron.services.segments.plugin [-] Segment c777e0bc-1ca5-4a27-9823-67d5a23362d9 resource provider aggregate not found
2026-06-22 03:01:32.651 9 INFO neutron.services.segments.plugin [-] Segment c777e0bc-1ca5-4a27-9823-67d5a23362d9 resource provider not found; error: Placement Client Error (4xx): {"errors": [{"status": 404, "title": "Not Found", "detail": "The resource could not be found.\n\n No resource provider with uuid c777e0bc-1ca5-4a27-9823-67d5a23362d9 found for delete ", "request_id": "req-16faceb4-cff9-4bb0-b4dc-f3bdfd9c54f2"}]}
2026-06-22 03:01:32.653 9 INFO neutron.services.segments.plugin [-] Segment c777e0bc-1ca5-4a27-9823-67d5a23362d9 resource provider not found; error: Placement Client Error (4xx): {"errors": [{"status": 404, "title": "Not Found", "detail": "The resource could not be found.\n\n No resource provider with uuid c777e0bc-1ca5-4a27-9823-67d5a23362d9 found for delete ", "request_id": "req-dd491788-3a07-455f-abce-b900a2a8ebf2"}]}
2026-06-22 03:01:32.706 10 INFO neutron.wsgi [None req-b92d9cf9-8c4b-4fb3-a000-5b43f12c0d75 a43fa1a2797e4811a45fc102db90466d a78409b3f59149c6a628e4a3218cc1d0 - - default default] 10.0.0.55 "DELETE /v2.0/security-groups/ae3dad47-4fd6-4081-8ca3-643aadaf08c0 HTTP/1.1" status: 204 len: 168 time: 0.2622433
2026-06-22 03:01:32.825 15 INFO neutron.plugins.ml2.drivers.ovn.mech_driver.ovsdb.maintenance [None req-adb87f4a-7989-4800-8eb0-dc77c8997fac - - - - - -] Maintenance task: Synchronization finished (took 1.23 seconds)
2026-06-22 03:01:32.901 9 INFO neutron.wsgi [None req-546b007b-6bde-4a93-a3ba-5ac12d964d0a a43fa1a2797e4811a45fc102db90466d a78409b3f59149c6a628e4a3218cc1d0 - - default default] 10.0.0.55 "GET /v2.0/security-groups?tenant_id=c2879caf394545eeb4790d8701c96258&name=default HTTP/1.1" status: 200 len: 2996 time: 0.2008207
2026-06-22 03:01:32.974 9 INFO neutron.db.ovn_revision_numbers_db [None req-1568680a-5bea-4995-88c0-55522010c4dc a43fa1a2797e4811a45fc102db90466d a78409b3f59149c6a628e4a3218cc1d0 - - default default] Successfully bumped revision number for resource 08a09c18-6f1a-447b-8657-f22123978b25 (type: security_groups) to 1
2026-06-22 03:01:32.992 9 INFO neutron.db.ovn_revision_numbers_db [None req-1568680a-5bea-4995-88c0-55522010c4dc a43fa1a2797e4811a45fc102db90466d a78409b3f59149c6a628e4a3218cc1d0 - - default default] Successfully bumped revision number for resource 519a8bdb-3625-4fd9-8068-af33af402fab (type: security_group_rules) to 0
2026-06-22 03:01:33.007 9 INFO neutron.db.ovn_revision_numbers_db [None req-1568680a-5bea-4995-88c0-55522010c4dc a43fa1a2797e4811a45fc102db90466d a78409b3f59149c6a628e4a3218cc1d0 - - default default] Successfully bumped revision number for resource a117785b-d2a5-4e41-b3b6-498022d5c8a5 (type: security_group_rules) to 0
2026-06-22 03:01:33.020 9 INFO neutron.db.ovn_revision_numbers_db [None req-1568680a-5bea-4995-88c0-55522010c4dc a43fa1a2797e4811a45fc102db90466d a78409b3f59149c6a628e4a3218cc1d0 - - default default] Successfully bumped revision number for resource ba7a37ce-566a-400e-b392-731a497e85bb (type: security_group_rules) to 0
2026-06-22 03:01:33.036 9 INFO neutron.db.ovn_revision_numbers_db [None req-1568680a-5bea-4995-88c0-55522010c4dc a43fa1a2797e4811a45fc102db90466d a78409b3f59149c6a628e4a3218cc1d0 - - default default] Successfully bumped revision number for resource e0d48c2d-92d0-4523-aa10-c3b3e03a23b8 (type: security_group_rules) to 0
2026-06-22 03:01:33.062 9 INFO neutron.wsgi [None req-1568680a-5bea-4995-88c0-55522010c4dc a43fa1a2797e4811a45fc102db90466d a78409b3f59149c6a628e4a3218cc1d0 - - default default] 10.0.0.55 "GET /v2.0/security-groups?tenant_id=6d5356fd948b49778fe4e94a99fae586&name=default HTTP/1.1" status: 200 len: 2996 time: 0.2133043
2026-06-22 03:01:33.141 10 INFO neutron.wsgi [None req-01576cd3-01bc-43f4-9d80-7e8365f59663 a43fa1a2797e4811a45fc102db90466d a78409b3f59149c6a628e4a3218cc1d0 - - default default] 10.0.0.55 "DELETE /v2.0/security-groups/f0d24edb-4f97-4ff4-9368-0f9ee169c569 HTTP/1.1" status: 204 len: 168 time: 0.2323287
2026-06-22 03:01:33.365 9 INFO neutron.wsgi [None req-c2e74186-f318-4590-ad79-3cd82377ca9f a43fa1a2797e4811a45fc102db90466d a78409b3f59149c6a628e4a3218cc1d0 - - default default] 10.0.0.55 "DELETE /v2.0/security-groups/08a09c18-6f1a-447b-8657-f22123978b25 HTTP/1.1" status: 204 len: 168 time: 0.2964106
2026-06-22 03:01:33.630 10 INFO neutron.db.ovn_revision_numbers_db [None req-b8a86834-9d2a-4ae4-94bb-a0e5deee975d a43fa1a2797e4811a45fc102db90466d a78409b3f59149c6a628e4a3218cc1d0 - - default default] Successfully bumped revision number for resource 91fdf11d-3606-46ee-807d-7003cb9aad01 (type: security_groups) to 1
2026-06-22 03:01:33.658 10 INFO neutron.db.ovn_revision_numbers_db [None req-b8a86834-9d2a-4ae4-94bb-a0e5deee975d a43fa1a2797e4811a45fc102db90466d a78409b3f59149c6a628e4a3218cc1d0 - - default default] Successfully bumped revision number for resource 10179ccc-fdb1-4950-91a2-107941f2542a (type: security_group_rules) to 0
2026-06-22 03:01:33.715 10 INFO neutron.db.ovn_revision_numbers_db [None req-b8a86834-9d2a-4ae4-94bb-a0e5deee975d a43fa1a2797e4811a45fc102db90466d a78409b3f59149c6a628e4a3218cc1d0 - - default default] Successfully bumped revision number for resource 231fdf5c-f6a1-45c8-b52d-e26ece442e5b (type: security_group_rules) to 0
2026-06-22 03:01:33.736 10 INFO neutron.db.ovn_revision_numbers_db [None req-b8a86834-9d2a-4ae4-94bb-a0e5deee975d a43fa1a2797e4811a45fc102db90466d a78409b3f59149c6a628e4a3218cc1d0 - - default default] Successfully bumped revision number for resource 55b91041-52ff-4ce8-8763-1377c84ae421 (type: security_group_rules) to 0
2026-06-22 03:01:33.774 10 INFO neutron.db.ovn_revision_numbers_db [None req-b8a86834-9d2a-4ae4-94bb-a0e5deee975d a43fa1a2797e4811a45fc102db90466d a78409b3f59149c6a628e4a3218cc1d0 - - default default] Successfully bumped revision number for resource 57aecc4a-f335-4d52-97ce-c8bec4b056b0 (type: security_group_rules) to 0
2026-06-22 03:01:33.814 10 INFO neutron.wsgi [None req-b8a86834-9d2a-4ae4-94bb-a0e5deee975d a43fa1a2797e4811a45fc102db90466d a78409b3f59149c6a628e4a3218cc1d0 - - default default] 10.0.0.55 "GET /v2.0/security-groups?tenant_id=bb1d55ae80bc474bbea329726a58c96b&name=default HTTP/1.1" status: 200 len: 2996 time: 0.5734367
2026-06-22 03:01:34.235 10 INFO neutron.db.ovn_revision_numbers_db [None req-1ab86d2e-f80b-4890-8a76-2ac40b6aa01e a43fa1a2797e4811a45fc102db90466d a78409b3f59149c6a628e4a3218cc1d0 - - default default] Successfully bumped revision number for resource da30abed-5722-408a-95b8-f1cb2841cd87 (type: security_groups) to 1
2026-06-22 03:01:34.265 10 INFO neutron.db.ovn_revision_numbers_db [None req-1ab86d2e-f80b-4890-8a76-2ac40b6aa01e a43fa1a2797e4811a45fc102db90466d a78409b3f59149c6a628e4a3218cc1d0 - - default default] Successfully bumped revision number for resource 57cf789f-1988-4bd8-a4e4-325336610bea (type: security_group_rules) to 0
2026-06-22 03:01:34.313 10 INFO neutron.db.ovn_revision_numbers_db [None req-1ab86d2e-f80b-4890-8a76-2ac40b6aa01e a43fa1a2797e4811a45fc102db90466d a78409b3f59149c6a628e4a3218cc1d0 - - default default] Successfully bumped revision number for resource ba97a168-f12c-4fbd-a6a2-ebdda15a1821 (type: security_group_rules) to 0
2026-06-22 03:01:34.339 10 INFO neutron.db.ovn_revision_numbers_db [None req-1ab86d2e-f80b-4890-8a76-2ac40b6aa01e a43fa1a2797e4811a45fc102db90466d a78409b3f59149c6a628e4a3218cc1d0 - - default default] Successfully bumped revision number for resource d61bc51c-034a-45d2-a06c-5357ec6dd3a3 (type: security_group_rules) to 0
2026-06-22 03:01:34.361 10 INFO neutron.db.ovn_revision_numbers_db [None req-1ab86d2e-f80b-4890-8a76-2ac40b6aa01e a43fa1a2797e4811a45fc102db90466d a78409b3f59149c6a628e4a3218cc1d0 - - default default] Successfully bumped revision number for resource f1dc59e4-cc3e-4b8f-8197-da43c1e9bb42 (type: security_group_rules) to 0
2026-06-22 03:01:34.371 9 INFO neutron.wsgi [None req-50e064b1-feaf-40a7-8690-5f372db873ec a43fa1a2797e4811a45fc102db90466d a78409b3f59149c6a628e4a3218cc1d0 - - default default] 10.0.0.55 "DELETE /v2.0/security-groups/91fdf11d-3606-46ee-807d-7003cb9aad01 HTTP/1.1" status: 204 len: 168 time: 0.5512717
2026-06-22 03:01:34.388 10 INFO neutron.wsgi [None req-1ab86d2e-f80b-4890-8a76-2ac40b6aa01e a43fa1a2797e4811a45fc102db90466d a78409b3f59149c6a628e4a3218cc1d0 - - default default] 10.0.0.55 "GET /v2.0/security-groups?tenant_id=e266ae305c8844e08d61d2bccb88c5d4&name=default HTTP/1.1" status: 200 len: 2996 time: 0.4110649
2026-06-22 03:01:34.633 9 INFO neutron.wsgi [None req-085c2034-8929-40eb-b4d4-8c360197c7ca a43fa1a2797e4811a45fc102db90466d a78409b3f59149c6a628e4a3218cc1d0 - - default default] 10.0.0.55 "DELETE /v2.0/security-groups/da30abed-5722-408a-95b8-f1cb2841cd87 HTTP/1.1" status: 204 len: 168 time: 0.2397628
2026-06-22 03:01:34.956 9 INFO neutron.db.ovn_revision_numbers_db [None req-0f945856-07cb-4ed3-af41-a97e59120540 a43fa1a2797e4811a45fc102db90466d a78409b3f59149c6a628e4a3218cc1d0 - - default default] Successfully bumped revision number for resource 3000a785-66ce-4a2f-821d-3a8287cccc1a (type: security_groups) to 1
2026-06-22 03:01:34.970 9 INFO neutron.db.ovn_revision_numbers_db [None req-0f945856-07cb-4ed3-af41-a97e59120540 a43fa1a2797e4811a45fc102db90466d a78409b3f59149c6a628e4a3218cc1d0 - - default default] Successfully bumped revision number for resource 3b687a5c-71b9-4afa-876c-8b096f169594 (type: security_group_rules) to 0
