2026-06-22 03:01:51.561 10 INFO neutron.wsgi [req-a4e21468-5021-4c39-9afe-3a3e4b34c996 req-d8e88b0a-24dc-4eb2-b345-874775b84118 14ad515bb3e84e3f8d5835d7c3ff3f09 706810faf66d456282dcbd0494c25a6c - - c46d4649a6f346408113f68b45b21958 c46d4649a6f346408113f68b45b21958] 199.204.45.177 "GET /v2.0/ports?tenant_id=f7da208762ab45f7be3d1cdbdf842b80&device_id=e1b3d3c8-7bf7-4e78-97b0-25fd542a5bd7 HTTP/1.1" status: 200 len: 1407 time: 0.0471697
2026-06-22 03:01:51.564 10 INFO neutron.wsgi [None req-2576a8de-6ff2-4a18-bf5b-41e6750cd970 5cc6b23a4b4f4168a9be5de4cafa5ffd 218fa25b054b461da8d2411b5b4242fe - - default default] 10.0.0.55 "POST /v2.0/subnets HTTP/1.1" status: 201 len: 821 time: 0.5606098
2026-06-22 03:01:51.577 9 WARNING neutron_lib.context [None req-2b491582-6dc9-44f2-9ab7-013e51c0b7ea 5cc6b23a4b4f4168a9be5de4cafa5ffd 218fa25b054b461da8d2411b5b4242fe - - default default] Method 'is_advsvc' is deprecated since 2023.2 release (neutron-lib 3.8.0) and will be removed once support for the old RBAC API policies will be removed from Neutron. Please use method 'is_service_role' instead.
2026-06-22 03:01:51.644 10 INFO neutron.wsgi [req-a4e21468-5021-4c39-9afe-3a3e4b34c996 req-4bb3e0ed-e41c-4479-bf3f-f4d076a5c701 14ad515bb3e84e3f8d5835d7c3ff3f09 706810faf66d456282dcbd0494c25a6c - - c46d4649a6f346408113f68b45b21958 c46d4649a6f346408113f68b45b21958] 199.204.45.177 "GET /v2.0/networks?id=e34a7b67-e0f4-4332-9a1f-b10a079d2187 HTTP/1.1" status: 200 len: 959 time: 0.0743377
2026-06-22 03:01:51.682 10 INFO neutron.plugins.ml2.drivers.ovn.mech_driver.mech_driver [None req-8c249fe5-823f-4449-a8b7-ebce9e168214 - - - - - -] OVN reports status up for port: 666411e2-2c1f-4aae-b8b6-7c4838e090a8
2026-06-22 03:01:51.687 10 INFO neutron.wsgi [req-a4e21468-5021-4c39-9afe-3a3e4b34c996 req-96488451-01b3-4d7c-b755-899dcad45e0a 14ad515bb3e84e3f8d5835d7c3ff3f09 706810faf66d456282dcbd0494c25a6c - - c46d4649a6f346408113f68b45b21958 c46d4649a6f346408113f68b45b21958] 199.204.45.177 "GET /v2.0/floatingips?fixed_ip_address=10.100.0.4&port_id=666411e2-2c1f-4aae-b8b6-7c4838e090a8 HTTP/1.1" status: 200 len: 217 time: 0.0361021
2026-06-22 03:01:51.703 10 INFO neutron.plugins.ml2.plugin [None req-8c249fe5-823f-4449-a8b7-ebce9e168214 - - - - - -] Attempt 1 to provision port 666411e2-2c1f-4aae-b8b6-7c4838e090a8
2026-06-22 03:01:51.747 9 INFO neutron.db.ovn_revision_numbers_db [None req-2b491582-6dc9-44f2-9ab7-013e51c0b7ea 5cc6b23a4b4f4168a9be5de4cafa5ffd 218fa25b054b461da8d2411b5b4242fe - - default default] Successfully bumped revision number for resource 33bd929a-3897-4c29-bfcb-194bb826364e (type: routers) to 1
2026-06-22 03:01:51.750 10 INFO neutron.wsgi [req-a4e21468-5021-4c39-9afe-3a3e4b34c996 req-7ed8f801-2b90-4efa-a383-d7b1945c49a3 14ad515bb3e84e3f8d5835d7c3ff3f09 706810faf66d456282dcbd0494c25a6c - - c46d4649a6f346408113f68b45b21958 c46d4649a6f346408113f68b45b21958] 199.204.45.177 "GET /v2.0/subnets?id=fac18445-4e4e-4eb6-aea0-b87cd359854f HTTP/1.1" status: 200 len: 853 time: 0.0561643
2026-06-22 03:01:51.771 9 INFO neutron.wsgi [None req-2b491582-6dc9-44f2-9ab7-013e51c0b7ea 5cc6b23a4b4f4168a9be5de4cafa5ffd 218fa25b054b461da8d2411b5b4242fe - - default default] 10.0.0.55 "POST /v2.0/routers HTTP/1.1" status: 201 len: 690 time: 0.2008398
2026-06-22 03:01:51.781 10 INFO neutron.wsgi [req-a4e21468-5021-4c39-9afe-3a3e4b34c996 req-ae190ec8-96d6-4a4d-ae25-1e7da85f08a1 14ad515bb3e84e3f8d5835d7c3ff3f09 706810faf66d456282dcbd0494c25a6c - - c46d4649a6f346408113f68b45b21958 c46d4649a6f346408113f68b45b21958] 199.204.45.177 "GET /v2.0/ports?network_id=e34a7b67-e0f4-4332-9a1f-b10a079d2187&device_owner=network%3Adhcp HTTP/1.1" status: 200 len: 210 time: 0.0243654
2026-06-22 03:01:51.783 9 WARNING neutron_lib.context [None req-3ad4ad73-2c76-4167-abc8-e159a45346c5 5cc6b23a4b4f4168a9be5de4cafa5ffd 218fa25b054b461da8d2411b5b4242fe - - default default] Method 'is_advsvc' is deprecated since 2023.2 release (neutron-lib 3.8.0) and will be removed once support for the old RBAC API policies will be removed from Neutron. Please use method 'is_service_role' instead.
2026-06-22 03:01:51.895 10 INFO neutron.wsgi [req-992d7ea1-4c93-44af-b6df-200edab1852d req-2f8f3600-0752-430a-b880-a12640101057 0615b1924bb947de8d8c23c6e6f1335f f7da208762ab45f7be3d1cdbdf842b80 - - default default] 10.0.0.111 "GET /v2.0/ports?device_id=e1b3d3c8-7bf7-4e78-97b0-25fd542a5bd7 HTTP/1.1" status: 200 len: 1168 time: 0.0633824
2026-06-22 03:01:51.908 10 INFO neutron.wsgi [req-a4e21468-5021-4c39-9afe-3a3e4b34c996 req-a9271e56-5263-43cb-bc80-c23cba79e768 14ad515bb3e84e3f8d5835d7c3ff3f09 706810faf66d456282dcbd0494c25a6c - - c46d4649a6f346408113f68b45b21958 c46d4649a6f346408113f68b45b21958] 199.204.45.177 "GET /v2.0/networks/e34a7b67-e0f4-4332-9a1f-b10a079d2187?fields=segments HTTP/1.1" status: 200 len: 212 time: 0.1112795
2026-06-22 03:01:51.982 10 INFO neutron.wsgi [req-992d7ea1-4c93-44af-b6df-200edab1852d req-7ae7f25c-0697-4883-a525-9e4687bf52cb 0615b1924bb947de8d8c23c6e6f1335f f7da208762ab45f7be3d1cdbdf842b80 - - default default] 10.0.0.111 "GET /v2.0/security-groups?id=5138ba18-4d22-475f-8b20-5fba663b8566&fields=id&fields=name HTTP/1.1" status: 200 len: 310 time: 0.0799029
2026-06-22 03:01:52.011 10 INFO neutron.wsgi [req-a4e21468-5021-4c39-9afe-3a3e4b34c996 req-97396720-ad9e-4535-a270-b4f0cc3c9eae 14ad515bb3e84e3f8d5835d7c3ff3f09 706810faf66d456282dcbd0494c25a6c - - c46d4649a6f346408113f68b45b21958 c46d4649a6f346408113f68b45b21958] 199.204.45.177 "GET /v2.0/networks/e34a7b67-e0f4-4332-9a1f-b10a079d2187?fields=provider%3Aphysical_network&fields=provider%3Anetwork_type HTTP/1.1" status: 200 len: 277 time: 0.0930834
2026-06-22 03:01:52.145 10 INFO neutron.db.ovn_revision_numbers_db [None req-8c249fe5-823f-4449-a8b7-ebce9e168214 - - - - - -] Successfully bumped revision number for resource 666411e2-2c1f-4aae-b8b6-7c4838e090a8 (type: ports) to 4
2026-06-22 03:01:52.185 9 WARNING neutron.scheduler.dhcp_agent_scheduler [None req-3ad4ad73-2c76-4167-abc8-e159a45346c5 5cc6b23a4b4f4168a9be5de4cafa5ffd 218fa25b054b461da8d2411b5b4242fe - - default default] No more DHCP agents
2026-06-22 03:01:52.190 9 WARNING neutron.api.rpc.agentnotifiers.dhcp_rpc_agent_api [None req-3ad4ad73-2c76-4167-abc8-e159a45346c5 5cc6b23a4b4f4168a9be5de4cafa5ffd 218fa25b054b461da8d2411b5b4242fe - - default default] Unable to schedule network b98890ec-75e5-485e-8fde-d2634c300823: no agents available; will retry on subsequent port and subnet creation events.
2026-06-22 03:01:52.362 9 INFO neutron.db.ovn_revision_numbers_db [None req-3ad4ad73-2c76-4167-abc8-e159a45346c5 5cc6b23a4b4f4168a9be5de4cafa5ffd 218fa25b054b461da8d2411b5b4242fe - - default default] Successfully bumped revision number for resource d5ffdbf4-308c-45fc-bf8f-69892a6cee9c (type: ports) to 1
2026-06-22 03:01:52.390 9 INFO neutron.wsgi [None req-3ad4ad73-2c76-4167-abc8-e159a45346c5 5cc6b23a4b4f4168a9be5de4cafa5ffd 218fa25b054b461da8d2411b5b4242fe - - default default] 10.0.0.55 "POST /v2.0/ports HTTP/1.1" status: 201 len: 1163 time: 0.6118376 /var/lib/openstack/lib/python3.10/site-packages/pycadf/identifier.py:71: UserWarning: Invalid uuid: neutron. To ensure interoperability, identifiers should be a valid uuid. warnings.warn(('Invalid uuid: %s. To ensure interoperability, ' /var/lib/openstack/lib/python3.10/site-packages/pycadf/identifier.py:71: UserWarning: Invalid uuid: neutron. To ensure interoperability, identifiers should be a valid uuid. warnings.warn(('Invalid uuid: %s. To ensure interoperability, '
2026-06-22 03:01:53.103 9 INFO neutron.db.ovn_revision_numbers_db [None req-c96f4864-e7e3-47a2-94e7-9b580be6e8b7 5cc6b23a4b4f4168a9be5de4cafa5ffd 218fa25b054b461da8d2411b5b4242fe - - default default] Successfully bumped revision number for resource d5ffdbf4-308c-45fc-bf8f-69892a6cee9c (type: router_ports) to 2
2026-06-22 03:01:53.106 10 INFO neutron.wsgi [req-5f1be9ba-c053-44b7-a830-59d8971b126d req-ed270b85-8c0d-4f78-94e9-33cc5a7b6ae3 0615b1924bb947de8d8c23c6e6f1335f f7da208762ab45f7be3d1cdbdf842b80 - - default default] 10.0.0.111 "GET /v2.0/ports?device_id=e1b3d3c8-7bf7-4e78-97b0-25fd542a5bd7 HTTP/1.1" status: 200 len: 1170 time: 0.0450203
2026-06-22 03:01:53.107 10 INFO neutron.notifiers.nova [-] Nova event matching ['req-914d861d-2a76-4435-ba06-140d4ba864e5'] response: {'server_uuid': 'e1b3d3c8-7bf7-4e78-97b0-25fd542a5bd7', 'name': 'network-vif-plugged', 'status': 'completed', 'tag': '666411e2-2c1f-4aae-b8b6-7c4838e090a8', 'code': 200}
2026-06-22 03:01:53.107 10 INFO neutron.notifiers.nova [-] Nova event matching ['req-914d861d-2a76-4435-ba06-140d4ba864e5'] response: {'server_uuid': 'e1b3d3c8-7bf7-4e78-97b0-25fd542a5bd7', 'name': 'network-vif-plugged', 'status': 'completed', 'tag': '666411e2-2c1f-4aae-b8b6-7c4838e090a8', 'code': 200}
2026-06-22 03:01:53.168 10 INFO neutron.wsgi [req-5f1be9ba-c053-44b7-a830-59d8971b126d req-2a5b36e4-a09a-4f0d-8e91-3733c8bad54f 0615b1924bb947de8d8c23c6e6f1335f f7da208762ab45f7be3d1cdbdf842b80 - - default default] 10.0.0.111 "GET /v2.0/security-groups?id=5138ba18-4d22-475f-8b20-5fba663b8566&fields=id&fields=name HTTP/1.1" status: 200 len: 310 time: 0.0563967
2026-06-22 03:01:53.336 9 INFO neutron.db.ovn_revision_numbers_db [None req-c96f4864-e7e3-47a2-94e7-9b580be6e8b7 5cc6b23a4b4f4168a9be5de4cafa5ffd 218fa25b054b461da8d2411b5b4242fe - - default default] Successfully bumped revision number for resource d5ffdbf4-308c-45fc-bf8f-69892a6cee9c (type: ports) to 2
2026-06-22 03:01:53.896 9 INFO neutron.db.ovn_revision_numbers_db [None req-c96f4864-e7e3-47a2-94e7-9b580be6e8b7 5cc6b23a4b4f4168a9be5de4cafa5ffd 218fa25b054b461da8d2411b5b4242fe - - default default] Successfully bumped revision number for resource d5ffdbf4-308c-45fc-bf8f-69892a6cee9c (type: router_ports) to 2 /var/lib/openstack/lib/python3.10/site-packages/pycadf/identifier.py:71: UserWarning: Invalid uuid: neutron. To ensure interoperability, identifiers should be a valid uuid. warnings.warn(('Invalid uuid: %s. To ensure interoperability, '
2026-06-22 03:01:53.930 9 INFO neutron.wsgi [None req-72128e77-0306-41af-9a23-3348698f028b 1b510609cb8a46deba0b67827bcbd5dd 8213713d4fe64fd88161367919739121 - - default default] 10.0.0.139 "GET /v2.0/extensions HTTP/1.1" status: 200 len: 16980 time: 0.2327008
2026-06-22 03:01:54.025 9 INFO neutron.db.ovn_revision_numbers_db [None req-c96f4864-e7e3-47a2-94e7-9b580be6e8b7 5cc6b23a4b4f4168a9be5de4cafa5ffd 218fa25b054b461da8d2411b5b4242fe - - default default] Successfully bumped revision number for resource d5ffdbf4-308c-45fc-bf8f-69892a6cee9c (type: ports) to 2
2026-06-22 03:01:54.054 10 INFO neutron.wsgi [None req-f44d4681-08d2-449c-9e04-328d2c0265cf 1b510609cb8a46deba0b67827bcbd5dd 8213713d4fe64fd88161367919739121 - - default default] 10.0.0.139 "GET /v2.0/quotas/8213713d4fe64fd88161367919739121/details HTTP/1.1" status: 200 len: 756 time: 0.1052160
2026-06-22 03:01:54.110 9 WARNING neutron.scheduler.dhcp_agent_scheduler [None req-c96f4864-e7e3-47a2-94e7-9b580be6e8b7 5cc6b23a4b4f4168a9be5de4cafa5ffd 218fa25b054b461da8d2411b5b4242fe - - default default] No more DHCP agents
2026-06-22 03:01:54.111 9 WARNING neutron.api.rpc.agentnotifiers.dhcp_rpc_agent_api [None req-c96f4864-e7e3-47a2-94e7-9b580be6e8b7 5cc6b23a4b4f4168a9be5de4cafa5ffd 218fa25b054b461da8d2411b5b4242fe - - default default] Unable to schedule network b98890ec-75e5-485e-8fde-d2634c300823: no agents available; will retry on subsequent port and subnet creation events.
2026-06-22 03:01:54.271 9 INFO neutron.db.ovn_revision_numbers_db [None req-c96f4864-e7e3-47a2-94e7-9b580be6e8b7 5cc6b23a4b4f4168a9be5de4cafa5ffd 218fa25b054b461da8d2411b5b4242fe - - default default] Successfully bumped revision number for resource d5ffdbf4-308c-45fc-bf8f-69892a6cee9c (type: router_ports) to 2
2026-06-22 03:01:54.273 9 INFO neutron.wsgi [None req-c96f4864-e7e3-47a2-94e7-9b580be6e8b7 5cc6b23a4b4f4168a9be5de4cafa5ffd 218fa25b054b461da8d2411b5b4242fe - - default default] 10.0.0.55 "PUT /v2.0/routers/33bd929a-3897-4c29-bfcb-194bb826364e/add_router_interface HTTP/1.1" status: 200 len: 503 time: 1.8780148
2026-06-22 03:01:54.373 10 INFO neutron.db.ovn_revision_numbers_db [None req-f4bac3d5-d398-49ec-a10c-ba942abae60f a43fa1a2797e4811a45fc102db90466d a78409b3f59149c6a628e4a3218cc1d0 - - default default] Successfully bumped revision number for resource ab02696c-bc18-4a84-ba5a-26d622fbc2a8 (type: security_groups) to 1
2026-06-22 03:01:54.384 10 INFO neutron.wsgi [req-c1c9ebc5-ec6c-4a27-a32f-05a2d1148650 req-28e876b0-1401-497d-a6b6-27a3a9b9a508 0615b1924bb947de8d8c23c6e6f1335f f7da208762ab45f7be3d1cdbdf842b80 - - default default] 10.0.0.111 "GET /v2.0/ports?device_id=e1b3d3c8-7bf7-4e78-97b0-25fd542a5bd7 HTTP/1.1" status: 200 len: 1170 time: 0.1328082
2026-06-22 03:01:54.396 10 INFO neutron.db.ovn_revision_numbers_db [None req-f4bac3d5-d398-49ec-a10c-ba942abae60f a43fa1a2797e4811a45fc102db90466d a78409b3f59149c6a628e4a3218cc1d0 - - default default] Successfully bumped revision number for resource 552161a5-6919-40dc-ad1c-f5c8e1811fd4 (type: security_group_rules) to 0
2026-06-22 03:01:54.428 9 INFO neutron.wsgi [None req-3c028862-7698-4324-9d5b-c6f1c87f38b2 5cc6b23a4b4f4168a9be5de4cafa5ffd 218fa25b054b461da8d2411b5b4242fe - - default default] 10.0.0.55 "GET /v2.0/ports/d5ffdbf4-308c-45fc-bf8f-69892a6cee9c HTTP/1.1" status: 200 len: 1219 time: 0.1476011
2026-06-22 03:01:54.471 10 INFO neutron.db.ovn_revision_numbers_db [None req-f4bac3d5-d398-49ec-a10c-ba942abae60f a43fa1a2797e4811a45fc102db90466d a78409b3f59149c6a628e4a3218cc1d0 - - default default] Successfully bumped revision number for resource 5f72a19c-7ed7-4ac1-92bc-774e236a8237 (type: security_group_rules) to 0
2026-06-22 03:01:54.503 10 INFO neutron.wsgi [req-c1c9ebc5-ec6c-4a27-a32f-05a2d1148650 req-0ccea107-def1-45f0-bd7e-98245b76e1ce 0615b1924bb947de8d8c23c6e6f1335f f7da208762ab45f7be3d1cdbdf842b80 - - default default] 10.0.0.111 "GET /v2.0/security-groups?id=5138ba18-4d22-475f-8b20-5fba663b8566&fields=id&fields=name HTTP/1.1" status: 200 len: 310 time: 0.1102941
2026-06-22 03:01:54.506 10 INFO neutron.db.ovn_revision_numbers_db [None req-f4bac3d5-d398-49ec-a10c-ba942abae60f a43fa1a2797e4811a45fc102db90466d a78409b3f59149c6a628e4a3218cc1d0 - - default default] Successfully bumped revision number for resource b4fdc50b-6676-4d70-b56e-efd60ffbd924 (type: security_group_rules) to 0
2026-06-22 03:01:54.533 10 INFO neutron.db.ovn_revision_numbers_db [None req-f4bac3d5-d398-49ec-a10c-ba942abae60f a43fa1a2797e4811a45fc102db90466d a78409b3f59149c6a628e4a3218cc1d0 - - default default] Successfully bumped revision number for resource dafa3b96-d1fa-4a76-bc5b-5e3b10047bf9 (type: security_group_rules) to 0
2026-06-22 03:01:54.557 10 INFO neutron.wsgi [None req-f4bac3d5-d398-49ec-a10c-ba942abae60f a43fa1a2797e4811a45fc102db90466d a78409b3f59149c6a628e4a3218cc1d0 - - default default] 10.0.0.55 "GET /v2.0/security-groups?tenant_id=9e95b374bd004fc298e13ce6eda0bcee&name=default HTTP/1.1" status: 200 len: 2996 time: 0.4072108 /var/lib/openstack/lib/python3.10/site-packages/pycadf/identifier.py:71: UserWarning: Invalid uuid: neutron. To ensure interoperability, identifiers should be a valid uuid. warnings.warn(('Invalid uuid: %s. To ensure interoperability, '
2026-06-22 03:01:54.619 10 INFO neutron.wsgi [req-4adaeeee-26e0-470c-88ea-747b1e2f3fb2 req-97056fd1-3788-4bdb-8507-d736b33e77bc 0615b1924bb947de8d8c23c6e6f1335f f7da208762ab45f7be3d1cdbdf842b80 - - default default] 10.0.0.111 "GET /v2.0/ports?device_id=e1b3d3c8-7bf7-4e78-97b0-25fd542a5bd7 HTTP/1.1" status: 200 len: 1170 time: 0.0551455 /var/lib/openstack/lib/python3.10/site-packages/pycadf/identifier.py:71: UserWarning: Invalid uuid: neutron. To ensure interoperability, identifiers should be a valid uuid. warnings.warn(('Invalid uuid: %s. To ensure interoperability, '
2026-06-22 03:01:54.813 9 INFO neutron.wsgi [None req-a332345b-18cb-41f9-9a6a-4dc81af98442 a43fa1a2797e4811a45fc102db90466d a78409b3f59149c6a628e4a3218cc1d0 - - default default] 10.0.0.55 "DELETE /v2.0/security-groups/ab02696c-bc18-4a84-ba5a-26d622fbc2a8 HTTP/1.1" status: 204 len: 168 time: 0.2516243
2026-06-22 03:01:54.932 10 INFO neutron.wsgi [req-4adaeeee-26e0-470c-88ea-747b1e2f3fb2 req-f11ece0b-49c9-4738-bb0b-1915dc533969 0615b1924bb947de8d8c23c6e6f1335f f7da208762ab45f7be3d1cdbdf842b80 - - default default] 10.0.0.111 "GET /v2.0/security-groups?id=5138ba18-4d22-475f-8b20-5fba663b8566&fields=id&fields=name HTTP/1.1" status: 200 len: 310 time: 0.3028703
2026-06-22 03:01:55.013 10 INFO neutron.wsgi [None req-0458bcf4-a189-4186-b9be-082b3ed2e600 fec0402601ed4c7da5d860ccbb4f80a8 3cc5fd37272d40fa86b1d2db6b4f8590 - - default default] 10.0.0.55 "GET /v2.0/ports?device_id=e1b3d3c8-7bf7-4e78-97b0-25fd542a5bd7 HTTP/1.1" status: 200 len: 1404 time: 0.0553772
2026-06-22 03:01:55.022 10 WARNING neutron_lib.context [None req-124380fb-2ba3-4a73-9d38-a11ad4f9d967 0615b1924bb947de8d8c23c6e6f1335f f7da208762ab45f7be3d1cdbdf842b80 - - default default] Method 'is_advsvc' is deprecated since 2023.2 release (neutron-lib 3.8.0) and will be removed once support for the old RBAC API policies will be removed from Neutron. Please use method 'is_service_role' instead.
2026-06-22 03:01:55.374 10 WARNING neutron.scheduler.dhcp_agent_scheduler [None req-124380fb-2ba3-4a73-9d38-a11ad4f9d967 0615b1924bb947de8d8c23c6e6f1335f f7da208762ab45f7be3d1cdbdf842b80 - - default default] No more DHCP agents
2026-06-22 03:01:55.379 10 WARNING neutron.api.rpc.agentnotifiers.dhcp_rpc_agent_api [None req-124380fb-2ba3-4a73-9d38-a11ad4f9d967 0615b1924bb947de8d8c23c6e6f1335f f7da208762ab45f7be3d1cdbdf842b80 - - default default] Unable to schedule network e08fe9e8-1f4d-4016-921f-72f284680a60: no agents available; will retry on subsequent port and subnet creation events.
2026-06-22 03:01:55.482 10 INFO neutron.wsgi [None req-6f641558-70e9-47a7-8eab-c1a7f5afca61 5cc6b23a4b4f4168a9be5de4cafa5ffd 218fa25b054b461da8d2411b5b4242fe - - default default] 10.0.0.55 "PUT /v2.0/routers/33bd929a-3897-4c29-bfcb-194bb826364e/remove_router_interface HTTP/1.1" status: 200 len: 503 time: 1.0397291
2026-06-22 03:01:55.564 9 INFO neutron.api.v2.resource [None req-b280b2dd-d09e-41fb-8690-8ee2008c4592 5cc6b23a4b4f4168a9be5de4cafa5ffd 218fa25b054b461da8d2411b5b4242fe - - default default] remove_router_interface failed (client error): The resource could not be found.
2026-06-22 03:01:55.565 9 INFO neutron.wsgi [None req-b280b2dd-d09e-41fb-8690-8ee2008c4592 5cc6b23a4b4f4168a9be5de4cafa5ffd 218fa25b054b461da8d2411b5b4242fe - - default default] 10.0.0.55 "PUT /v2.0/routers/33bd929a-3897-4c29-bfcb-194bb826364e/remove_router_interface HTTP/1.1" status: 404 len: 398 time: 0.0757685
2026-06-22 03:01:55.596 9 INFO neutron.wsgi [None req-f464bd12-56eb-4349-bf9f-7a7a69e03882 5cc6b23a4b4f4168a9be5de4cafa5ffd 218fa25b054b461da8d2411b5b4242fe - - default default] 10.0.0.55 "GET /v2.0/ports?device_id=33bd929a-3897-4c29-bfcb-194bb826364e HTTP/1.1" status: 200 len: 205 time: 0.0248487
2026-06-22 03:01:55.888 9 INFO neutron.wsgi [None req-4db53cf6-d001-4420-9275-f24cd7126154 5cc6b23a4b4f4168a9be5de4cafa5ffd 218fa25b054b461da8d2411b5b4242fe - - default default] 10.0.0.55 "DELETE /v2.0/routers/33bd929a-3897-4c29-bfcb-194bb826364e HTTP/1.1" status: 204 len: 168 time: 0.2852612
2026-06-22 03:01:55.902 10 INFO neutron.db.l3_db [None req-124380fb-2ba3-4a73-9d38-a11ad4f9d967 0615b1924bb947de8d8c23c6e6f1335f f7da208762ab45f7be3d1cdbdf842b80 - - default default] Floating IP 4b84e128-d3f2-4cc6-ba96-ec289e8c175c associated. External IP: 10.96.250.217, port: 666411e2-2c1f-4aae-b8b6-7c4838e090a8.
2026-06-22 03:01:55.991 9 WARNING neutron.plugins.ml2.drivers.ovn.mech_driver.ovsdb.ovn_client [None req-c0f4d9be-f188-4e01-bd69-e1ae438ec48e - - - - - -] No hosting information found for port 234dab02-a611-4a68-927a-7cd1b2ad4578: RuntimeError: No hosting information found for port 234dab02-a611-4a68-927a-7cd1b2ad4578
2026-06-22 03:01:55.991 9 INFO neutron.plugins.ml2.drivers.ovn.mech_driver.mech_driver [None req-c0f4d9be-f188-4e01-bd69-e1ae438ec48e - - - - - -] OVN reports status down for port: 683ee57c-6e53-43ed-8cc4-5cc3eee52256
2026-06-22 03:01:56.005 9 INFO neutron.plugins.ml2.drivers.ovn.mech_driver.mech_driver [None req-c0f4d9be-f188-4e01-bd69-e1ae438ec48e - - - - - -] OVN reports status up for port: d5ffdbf4-308c-45fc-bf8f-69892a6cee9c
2026-06-22 03:01:56.140 10 INFO neutron.db.ovn_revision_numbers_db [None req-124380fb-2ba3-4a73-9d38-a11ad4f9d967 0615b1924bb947de8d8c23c6e6f1335f f7da208762ab45f7be3d1cdbdf842b80 - - default default] Successfully bumped revision number for resource 4b84e128-d3f2-4cc6-ba96-ec289e8c175c (type: floatingips) to 0
2026-06-22 03:01:56.160 9 INFO neutron.wsgi [None req-098674af-0740-48da-abfd-e86b04051408 5cc6b23a4b4f4168a9be5de4cafa5ffd 218fa25b054b461da8d2411b5b4242fe - - default default] 10.0.0.55 "DELETE /v2.0/subnets/f70007be-d16e-491c-aa99-e11f8b04caf8 HTTP/1.1" status: 204 len: 168 time: 0.2670019 /var/lib/openstack/lib/python3.10/site-packages/pycadf/identifier.py:71: UserWarning: Invalid uuid: neutron. To ensure interoperability, identifiers should be a valid uuid. warnings.warn(('Invalid uuid: %s. To ensure interoperability, '
2026-06-22 03:01:56.334 10 INFO neutron.db.ovn_revision_numbers_db [None req-124380fb-2ba3-4a73-9d38-a11ad4f9d967 0615b1924bb947de8d8c23c6e6f1335f f7da208762ab45f7be3d1cdbdf842b80 - - default default] Successfully bumped revision number for resource 4b84e128-d3f2-4cc6-ba96-ec289e8c175c (type: floatingips) to 1
2026-06-22 03:01:56.379 10 INFO neutron.wsgi [None req-124380fb-2ba3-4a73-9d38-a11ad4f9d967 0615b1924bb947de8d8c23c6e6f1335f f7da208762ab45f7be3d1cdbdf842b80 - - default default] 10.0.0.55 "POST /v2.0/floatingips HTTP/1.1" status: 201 len: 1054 time: 1.3620749
2026-06-22 03:01:56.420 10 INFO neutron.notifiers.nova [-] Nova event matching ['req-2e222610-1ca2-4663-bc23-292003ae9c2f'] response: {'name': 'network-changed', 'server_uuid': 'e1b3d3c8-7bf7-4e78-97b0-25fd542a5bd7', 'tag': '666411e2-2c1f-4aae-b8b6-7c4838e090a8', 'status': 'completed', 'code': 200} /var/lib/openstack/lib/python3.10/site-packages/pycadf/identifier.py:71: UserWarning: Invalid uuid: neutron. To ensure interoperability, identifiers should be a valid uuid. warnings.warn(('Invalid uuid: %s. To ensure interoperability, '
2026-06-22 03:01:56.455 9 INFO neutron.wsgi [None req-0db0da39-032b-4511-94fd-10e1868ae033 0615b1924bb947de8d8c23c6e6f1335f f7da208762ab45f7be3d1cdbdf842b80 - - default default] 10.0.0.55 "GET /v2.0/floatingips/4b84e128-d3f2-4cc6-ba96-ec289e8c175c HTTP/1.1" status: 200 len: 1051 time: 0.0662358
2026-06-22 03:01:56.487 10 INFO neutron.wsgi [req-0608abee-a911-4a5e-93ee-178ac672e006 req-def85c61-bd4e-44ae-9703-7fad84ef3cde 14ad515bb3e84e3f8d5835d7c3ff3f09 706810faf66d456282dcbd0494c25a6c - - c46d4649a6f346408113f68b45b21958 c46d4649a6f346408113f68b45b21958] 199.204.45.177 "GET /v2.0/ports?tenant_id=f7da208762ab45f7be3d1cdbdf842b80&device_id=e1b3d3c8-7bf7-4e78-97b0-25fd542a5bd7 HTTP/1.1" status: 200 len: 1409 time: 0.0419941
2026-06-22 03:01:56.576 10 INFO neutron.wsgi [req-0608abee-a911-4a5e-93ee-178ac672e006 req-a4f103df-514c-48bc-a13a-651948269367 14ad515bb3e84e3f8d5835d7c3ff3f09 706810faf66d456282dcbd0494c25a6c - - c46d4649a6f346408113f68b45b21958 c46d4649a6f346408113f68b45b21958] 199.204.45.177 "GET /v2.0/networks?id=e34a7b67-e0f4-4332-9a1f-b10a079d2187 HTTP/1.1" status: 200 len: 959 time: 0.0804431
2026-06-22 03:01:56.635 9 INFO neutron.services.segments.plugin [-] Segment aa196641-4cfd-43f2-9967-77d7335154b7 resource provider aggregate not found
2026-06-22 03:01:56.639 9 INFO neutron.services.segments.plugin [-] Segment aa196641-4cfd-43f2-9967-77d7335154b7 resource provider aggregate not found
2026-06-22 03:01:56.642 10 INFO neutron.wsgi [req-0608abee-a911-4a5e-93ee-178ac672e006 req-6b7f758c-1806-424e-bc41-537283379778 14ad515bb3e84e3f8d5835d7c3ff3f09 706810faf66d456282dcbd0494c25a6c - - c46d4649a6f346408113f68b45b21958 c46d4649a6f346408113f68b45b21958] 199.204.45.177 "GET /v2.0/floatingips?fixed_ip_address=10.100.0.4&port_id=666411e2-2c1f-4aae-b8b6-7c4838e090a8 HTTP/1.1" status: 200 len: 1059 time: 0.0594952
2026-06-22 03:01:56.654 9 INFO neutron.services.segments.plugin [-] Segment aa196641-4cfd-43f2-9967-77d7335154b7 resource provider not found; error: Placement Client Error (4xx): {"errors": [{"status": 404, "title": "Not Found", "detail": "The resource could not be found.\n\n No resource provider with uuid aa196641-4cfd-43f2-9967-77d7335154b7 found for delete ", "request_id": "req-d21054cb-b95a-4bca-96e1-4f9bac280d08"}]}
2026-06-22 03:01:56.683 9 INFO neutron.services.segments.plugin [-] Segment aa196641-4cfd-43f2-9967-77d7335154b7 resource provider not found; error: Placement Client Error (4xx): {"errors": [{"status": 404, "title": "Not Found", "detail": "The resource could not be found.\n\n No resource provider with uuid aa196641-4cfd-43f2-9967-77d7335154b7 found for delete ", "request_id": "req-4ded76ba-ab02-4f83-95f4-de9fbd81820d"}]}
2026-06-22 03:01:56.697 10 INFO neutron.wsgi [req-0608abee-a911-4a5e-93ee-178ac672e006 req-0d4e997c-aad6-470d-8203-bea3c1c25570 14ad515bb3e84e3f8d5835d7c3ff3f09 706810faf66d456282dcbd0494c25a6c - - c46d4649a6f346408113f68b45b21958 c46d4649a6f346408113f68b45b21958] 199.204.45.177 "GET /v2.0/subnets?id=fac18445-4e4e-4eb6-aea0-b87cd359854f HTTP/1.1" status: 200 len: 853 time: 0.0445471
2026-06-22 03:01:56.699 9 INFO neutron.wsgi [None req-3b41d8ba-f374-4122-8dc8-11503b8f302c 5cc6b23a4b4f4168a9be5de4cafa5ffd 218fa25b054b461da8d2411b5b4242fe - - default default] 10.0.0.55 "DELETE /v2.0/networks/b98890ec-75e5-485e-8fde-d2634c300823 HTTP/1.1" status: 204 len: 168 time: 0.5347123
2026-06-22 03:01:56.705 10 INFO neutron.wsgi [None req-155df7e1-bb29-458f-9a7b-e1ec2d802341 1b510609cb8a46deba0b67827bcbd5dd 8213713d4fe64fd88161367919739121 - - default default] 10.0.0.139 "GET /v2.0/extensions HTTP/1.1" status: 200 len: 16980 time: 0.0059993
2026-06-22 03:01:56.716 9 WARNING neutron_lib.context [None req-878d8f96-83a5-4dbc-b017-7ae484508765 5cc6b23a4b4f4168a9be5de4cafa5ffd 218fa25b054b461da8d2411b5b4242fe - - default default] Method 'is_advsvc' is deprecated since 2023.2 release (neutron-lib 3.8.0) and will be removed once support for the old RBAC API policies will be removed from Neutron. Please use method 'is_service_role' instead.
2026-06-22 03:01:56.740 10 INFO neutron.wsgi [req-0608abee-a911-4a5e-93ee-178ac672e006 req-9c6acf0d-e069-4400-ab4f-2ef975e59f5a 14ad515bb3e84e3f8d5835d7c3ff3f09 706810faf66d456282dcbd0494c25a6c - - c46d4649a6f346408113f68b45b21958 c46d4649a6f346408113f68b45b21958] 199.204.45.177 "GET /v2.0/ports?network_id=e34a7b67-e0f4-4332-9a1f-b10a079d2187&device_owner=network%3Adhcp HTTP/1.1" status: 200 len: 210 time: 0.0342932
2026-06-22 03:01:56.812 10 INFO neutron.wsgi [req-0608abee-a911-4a5e-93ee-178ac672e006 req-62154294-667d-4a31-8d7a-eee2879e5f81 14ad515bb3e84e3f8d5835d7c3ff3f09 706810faf66d456282dcbd0494c25a6c - - c46d4649a6f346408113f68b45b21958 c46d4649a6f346408113f68b45b21958] 199.204.45.177 "GET /v2.0/networks/e34a7b67-e0f4-4332-9a1f-b10a079d2187?fields=segments HTTP/1.1" status: 200 len: 212 time: 0.0667405
2026-06-22 03:01:56.838 9 INFO neutron.db.segments_db [None req-878d8f96-83a5-4dbc-b017-7ae484508765 5cc6b23a4b4f4168a9be5de4cafa5ffd 218fa25b054b461da8d2411b5b4242fe - - default default] Added segment b8ab52f0-045a-464b-b7e9-489f59d77857 of type geneve for network b547ecbb-29f1-4b7f-a310-57df0e7de8da
2026-06-22 03:01:56.876 10 INFO neutron.wsgi [None req-d0354b54-d445-4658-b907-c25dd18120c1 1b510609cb8a46deba0b67827bcbd5dd 8213713d4fe64fd88161367919739121 - - default default] 10.0.0.139 "GET /v2.0/quotas/8213713d4fe64fd88161367919739121/details HTTP/1.1" status: 200 len: 756 time: 0.1595671
2026-06-22 03:01:56.889 9 INFO neutron.db.ovn_revision_numbers_db [None req-7c407624-03db-44e3-99c0-33fd523d999c a43fa1a2797e4811a45fc102db90466d a78409b3f59149c6a628e4a3218cc1d0 - - default default] Successfully bumped revision number for resource 5638c0e8-0944-43c0-9145-72b26fe6a1ff (type: security_groups) to 1
2026-06-22 03:01:56.901 10 INFO neutron.wsgi [req-0608abee-a911-4a5e-93ee-178ac672e006 req-928076c8-a6b7-4aaa-8d11-d3cd88d5c163 14ad515bb3e84e3f8d5835d7c3ff3f09 706810faf66d456282dcbd0494c25a6c - - c46d4649a6f346408113f68b45b21958 c46d4649a6f346408113f68b45b21958] 199.204.45.177 "GET /v2.0/networks/e34a7b67-e0f4-4332-9a1f-b10a079d2187?fields=provider%3Aphysical_network&fields=provider%3Anetwork_type HTTP/1.1" status: 200 len: 277 time: 0.0811942
2026-06-22 03:01:56.920 9 INFO neutron.db.ovn_revision_numbers_db [None req-7c407624-03db-44e3-99c0-33fd523d999c a43fa1a2797e4811a45fc102db90466d a78409b3f59149c6a628e4a3218cc1d0 - - default default] Successfully bumped revision number for resource 293292a6-dcfa-439a-8e79-743babf6b620 (type: security_group_rules) to 0
2026-06-22 03:01:56.945 9 INFO neutron.db.ovn_revision_numbers_db [None req-7c407624-03db-44e3-99c0-33fd523d999c a43fa1a2797e4811a45fc102db90466d a78409b3f59149c6a628e4a3218cc1d0 - - default default] Successfully bumped revision number for resource 2d20b9a8-e6b2-479a-8868-52184d25ab92 (type: security_group_rules) to 0
2026-06-22 03:01:56.987 9 INFO neutron.db.ovn_revision_numbers_db [None req-7c407624-03db-44e3-99c0-33fd523d999c a43fa1a2797e4811a45fc102db90466d a78409b3f59149c6a628e4a3218cc1d0 - - default default] Successfully bumped revision number for resource bf99b249-f6bc-42f3-85d3-72d2a9121909 (type: security_group_rules) to 0
2026-06-22 03:01:57.034 9 INFO neutron.db.ovn_revision_numbers_db [None req-7c407624-03db-44e3-99c0-33fd523d999c a43fa1a2797e4811a45fc102db90466d a78409b3f59149c6a628e4a3218cc1d0 - - default default] Successfully bumped revision number for resource deb2e8f6-ef25-4870-9d3a-410f1a61f5fd (type: security_group_rules) to 0
2026-06-22 03:01:57.063 9 INFO neutron.db.ovn_revision_numbers_db [None req-878d8f96-83a5-4dbc-b017-7ae484508765 5cc6b23a4b4f4168a9be5de4cafa5ffd 218fa25b054b461da8d2411b5b4242fe - - default default] Successfully bumped revision number for resource b547ecbb-29f1-4b7f-a310-57df0e7de8da (type: networks) to 1
2026-06-22 03:01:57.112 9 INFO neutron.db.segments_db [None req-7c407624-03db-44e3-99c0-33fd523d999c a43fa1a2797e4811a45fc102db90466d a78409b3f59149c6a628e4a3218cc1d0 - - default default] Added segment 2c9cc45d-3fa0-4f0f-9feb-40eb8006745b of type geneve for network b7d1d702-ab80-40af-9b36-6008ab29f177
2026-06-22 03:01:57.348 9 INFO neutron.db.ovn_revision_numbers_db [None req-7c407624-03db-44e3-99c0-33fd523d999c a43fa1a2797e4811a45fc102db90466d a78409b3f59149c6a628e4a3218cc1d0 - - default default] Successfully bumped revision number for resource b7d1d702-ab80-40af-9b36-6008ab29f177 (type: networks) to 1
2026-06-22 03:01:57.350 9 WARNING neutron.scheduler.dhcp_agent_scheduler [None req-878d8f96-83a5-4dbc-b017-7ae484508765 5cc6b23a4b4f4168a9be5de4cafa5ffd 218fa25b054b461da8d2411b5b4242fe - - default default] No more DHCP agents
2026-06-22 03:01:57.351 9 WARNING neutron.api.rpc.agentnotifiers.dhcp_rpc_agent_api [None req-878d8f96-83a5-4dbc-b017-7ae484508765 5cc6b23a4b4f4168a9be5de4cafa5ffd 218fa25b054b461da8d2411b5b4242fe - - default default] Unable to schedule network b547ecbb-29f1-4b7f-a310-57df0e7de8da: no agents available; will retry on subsequent port and subnet creation events.
2026-06-22 03:01:57.473 9 INFO neutron.db.ovn_revision_numbers_db [None req-878d8f96-83a5-4dbc-b017-7ae484508765 5cc6b23a4b4f4168a9be5de4cafa5ffd 218fa25b054b461da8d2411b5b4242fe - - default default] Successfully bumped revision number for resource 380ace23-78cc-4412-81e1-9a4df6b665e3 (type: ports) to 1
2026-06-22 03:01:57.503 9 INFO neutron.wsgi [None req-878d8f96-83a5-4dbc-b017-7ae484508765 5cc6b23a4b4f4168a9be5de4cafa5ffd 218fa25b054b461da8d2411b5b4242fe - - default default] 10.0.0.55 "POST /v2.0/networks HTTP/1.1" status: 201 len: 832 time: 0.7929244
2026-06-22 03:01:57.515 10 WARNING neutron_lib.context [None req-dc0e533c-a017-49b3-a4d1-9b1c7b88c1bd 5cc6b23a4b4f4168a9be5de4cafa5ffd 218fa25b054b461da8d2411b5b4242fe - - default default] Method 'is_advsvc' is deprecated since 2023.2 release (neutron-lib 3.8.0) and will be removed once support for the old RBAC API policies will be removed from Neutron. Please use method 'is_service_role' instead.
2026-06-22 03:01:57.653 9 WARNING neutron.scheduler.dhcp_agent_scheduler [None req-7c407624-03db-44e3-99c0-33fd523d999c a43fa1a2797e4811a45fc102db90466d a78409b3f59149c6a628e4a3218cc1d0 - - default default] No more DHCP agents
2026-06-22 03:01:57.659 9 WARNING neutron.api.rpc.agentnotifiers.dhcp_rpc_agent_api [None req-7c407624-03db-44e3-99c0-33fd523d999c a43fa1a2797e4811a45fc102db90466d a78409b3f59149c6a628e4a3218cc1d0 - - default default] Unable to schedule network b7d1d702-ab80-40af-9b36-6008ab29f177: no agents available; will retry on subsequent port and subnet creation events.
2026-06-22 03:01:57.764 9 INFO neutron.db.ovn_revision_numbers_db [None req-7c407624-03db-44e3-99c0-33fd523d999c a43fa1a2797e4811a45fc102db90466d a78409b3f59149c6a628e4a3218cc1d0 - - default default] Successfully bumped revision number for resource bbc0331d-4096-4352-8b6f-1a2eab3e78be (type: ports) to 1
2026-06-22 03:01:57.799 9 INFO neutron.wsgi [None req-7c407624-03db-44e3-99c0-33fd523d999c a43fa1a2797e4811a45fc102db90466d a78409b3f59149c6a628e4a3218cc1d0 - - default default] 10.0.0.55 "POST /v2.0/networks HTTP/1.1" status: 201 len: 943 time: 1.2328625
2026-06-22 03:01:57.876 10 WARNING neutron.scheduler.dhcp_agent_scheduler [None req-dc0e533c-a017-49b3-a4d1-9b1c7b88c1bd 5cc6b23a4b4f4168a9be5de4cafa5ffd 218fa25b054b461da8d2411b5b4242fe - - default default] No more DHCP agents
2026-06-22 03:01:57.879 10 WARNING neutron.api.rpc.agentnotifiers.dhcp_rpc_agent_api [None req-dc0e533c-a017-49b3-a4d1-9b1c7b88c1bd 5cc6b23a4b4f4168a9be5de4cafa5ffd 218fa25b054b461da8d2411b5b4242fe - - default default] Unable to schedule network b547ecbb-29f1-4b7f-a310-57df0e7de8da: no agents available; will retry on subsequent port and subnet creation events.
2026-06-22 03:01:57.918 10 INFO neutron.db.ovn_revision_numbers_db [None req-dc0e533c-a017-49b3-a4d1-9b1c7b88c1bd 5cc6b23a4b4f4168a9be5de4cafa5ffd 218fa25b054b461da8d2411b5b4242fe - - default default] Successfully bumped revision number for resource 84cbdd40-8306-4896-8b15-36ade6b1a253 (type: subnets) to 0
2026-06-22 03:01:57.943 10 INFO neutron.wsgi [None req-dc0e533c-a017-49b3-a4d1-9b1c7b88c1bd 5cc6b23a4b4f4168a9be5de4cafa5ffd 218fa25b054b461da8d2411b5b4242fe - - default default] 10.0.0.55 "POST /v2.0/subnets HTTP/1.1" status: 201 len: 821 time: 0.4348793
2026-06-22 03:01:57.954 9 WARNING neutron_lib.context [None req-7cdd1e51-c3d9-4b3c-b0d0-a23dfe047622 5cc6b23a4b4f4168a9be5de4cafa5ffd 218fa25b054b461da8d2411b5b4242fe - - default default] Method 'is_advsvc' is deprecated since 2023.2 release (neutron-lib 3.8.0) and will be removed once support for the old RBAC API policies will be removed from Neutron. Please use method 'is_service_role' instead.
2026-06-22 03:01:57.995 10 WARNING neutron.scheduler.dhcp_agent_scheduler [None req-dda5a58f-5890-4d3a-96aa-bff567df1ff6 a43fa1a2797e4811a45fc102db90466d a78409b3f59149c6a628e4a3218cc1d0 - - default default] No more DHCP agents
2026-06-22 03:01:57.997 10 WARNING neutron.api.rpc.agentnotifiers.dhcp_rpc_agent_api [None req-dda5a58f-5890-4d3a-96aa-bff567df1ff6 a43fa1a2797e4811a45fc102db90466d a78409b3f59149c6a628e4a3218cc1d0 - - default default] Unable to schedule network b7d1d702-ab80-40af-9b36-6008ab29f177: no agents available; will retry on subsequent port and subnet creation events.
2026-06-22 03:01:58.113 9 INFO neutron.db.ovn_revision_numbers_db [None req-7cdd1e51-c3d9-4b3c-b0d0-a23dfe047622 5cc6b23a4b4f4168a9be5de4cafa5ffd 218fa25b054b461da8d2411b5b4242fe - - default default] Successfully bumped revision number for resource 407436bb-d9c4-49ff-a1dc-d709915667e1 (type: routers) to 1
2026-06-22 03:01:58.131 9 INFO neutron.wsgi [None req-7cdd1e51-c3d9-4b3c-b0d0-a23dfe047622 5cc6b23a4b4f4168a9be5de4cafa5ffd 218fa25b054b461da8d2411b5b4242fe - - default default] 10.0.0.55 "POST /v2.0/routers HTTP/1.1" status: 201 len: 690 time: 0.1824932
2026-06-22 03:01:58.594 10 INFO neutron.db.ovn_revision_numbers_db [None req-dda5a58f-5890-4d3a-96aa-bff567df1ff6 a43fa1a2797e4811a45fc102db90466d a78409b3f59149c6a628e4a3218cc1d0 - - default default] Successfully bumped revision number for resource bbc0331d-4096-4352-8b6f-1a2eab3e78be (type: ports) to 2
2026-06-22 03:01:58.628 10 INFO neutron.db.ovn_revision_numbers_db [None req-dda5a58f-5890-4d3a-96aa-bff567df1ff6 a43fa1a2797e4811a45fc102db90466d a78409b3f59149c6a628e4a3218cc1d0 - - default default] Successfully bumped revision number for resource 0d81339a-2633-4fc9-9b31-7493bfd1b912 (type: subnets) to 0
2026-06-22 03:01:58.650 10 INFO neutron.wsgi [None req-dda5a58f-5890-4d3a-96aa-bff567df1ff6 a43fa1a2797e4811a45fc102db90466d a78409b3f59149c6a628e4a3218cc1d0 - - default default] 10.0.0.55 "POST /v2.0/subnets HTTP/1.1" status: 201 len: 863 time: 0.8461523
2026-06-22 03:01:58.748 9 WARNING neutron.scheduler.dhcp_agent_scheduler [None req-fc3819bc-33f3-475e-a1e6-d99849b6c09d 5cc6b23a4b4f4168a9be5de4cafa5ffd 218fa25b054b461da8d2411b5b4242fe - - default default] No more DHCP agents
2026-06-22 03:01:58.752 9 WARNING neutron.api.rpc.agentnotifiers.dhcp_rpc_agent_api [None req-fc3819bc-33f3-475e-a1e6-d99849b6c09d 5cc6b23a4b4f4168a9be5de4cafa5ffd 218fa25b054b461da8d2411b5b4242fe - - default default] Unable to schedule network b547ecbb-29f1-4b7f-a310-57df0e7de8da: no agents available; will retry on subsequent port and subnet creation events.
2026-06-22 03:01:58.857 9 INFO neutron.db.ovn_revision_numbers_db [None req-fc3819bc-33f3-475e-a1e6-d99849b6c09d 5cc6b23a4b4f4168a9be5de4cafa5ffd 218fa25b054b461da8d2411b5b4242fe - - default default] Successfully bumped revision number for resource 0ab2ba93-e4e5-4297-bb49-80d47fc436a2 (type: ports) to 1
2026-06-22 03:01:59.202 9 INFO neutron.plugins.ml2.drivers.ovn.mech_driver.mech_driver [None req-c0f4d9be-f188-4e01-bd69-e1ae438ec48e - - - - - -] OVN reports status up for port: 0ab2ba93-e4e5-4297-bb49-80d47fc436a2
2026-06-22 03:01:59.211 9 INFO neutron.plugins.ml2.plugin [None req-c0f4d9be-f188-4e01-bd69-e1ae438ec48e - - - - - -] Attempt 1 to provision port 0ab2ba93-e4e5-4297-bb49-80d47fc436a2
2026-06-22 03:01:59.218 10 WARNING neutron.scheduler.dhcp_agent_scheduler [None req-28b4990a-de40-463d-ae8b-bff11922c962 a43fa1a2797e4811a45fc102db90466d a78409b3f59149c6a628e4a3218cc1d0 - - default default] No more DHCP agents
2026-06-22 03:01:59.220 10 WARNING neutron.api.rpc.agentnotifiers.dhcp_rpc_agent_api [None req-28b4990a-de40-463d-ae8b-bff11922c962 a43fa1a2797e4811a45fc102db90466d a78409b3f59149c6a628e4a3218cc1d0 - - default default] Unable to schedule network e08fe9e8-1f4d-4016-921f-72f284680a60: no agents available; will retry on subsequent port and subnet creation events.
2026-06-22 03:01:59.229 9 INFO neutron.db.ovn_revision_numbers_db [None req-fc3819bc-33f3-475e-a1e6-d99849b6c09d 5cc6b23a4b4f4168a9be5de4cafa5ffd 218fa25b054b461da8d2411b5b4242fe - - default default] Successfully bumped revision number for resource 0ab2ba93-e4e5-4297-bb49-80d47fc436a2 (type: router_ports) to 1
2026-06-22 03:01:59.431 10 INFO neutron.db.ovn_revision_numbers_db [None req-28b4990a-de40-463d-ae8b-bff11922c962 a43fa1a2797e4811a45fc102db90466d a78409b3f59149c6a628e4a3218cc1d0 - - default default] Successfully bumped revision number for resource 2564d0e7-fbfe-4727-8d24-e23fb06dc939 (type: ports) to 1
2026-06-22 03:01:59.452 9 INFO neutron.db.ovn_revision_numbers_db [None req-fc3819bc-33f3-475e-a1e6-d99849b6c09d 5cc6b23a4b4f4168a9be5de4cafa5ffd 218fa25b054b461da8d2411b5b4242fe - - default default] Successfully bumped revision number for resource 0ab2ba93-e4e5-4297-bb49-80d47fc436a2 (type: ports) to 1
2026-06-22 03:01:59.576 9 WARNING neutron.scheduler.dhcp_agent_scheduler [None req-fc3819bc-33f3-475e-a1e6-d99849b6c09d 5cc6b23a4b4f4168a9be5de4cafa5ffd 218fa25b054b461da8d2411b5b4242fe - - default default] No more DHCP agents
2026-06-22 03:01:59.581 9 WARNING neutron.api.rpc.agentnotifiers.dhcp_rpc_agent_api [None req-fc3819bc-33f3-475e-a1e6-d99849b6c09d 5cc6b23a4b4f4168a9be5de4cafa5ffd 218fa25b054b461da8d2411b5b4242fe - - default default] Unable to schedule network b547ecbb-29f1-4b7f-a310-57df0e7de8da: no agents available; will retry on subsequent port and subnet creation events.
2026-06-22 03:01:59.724 9 INFO neutron.db.ovn_revision_numbers_db [None req-c0f4d9be-f188-4e01-bd69-e1ae438ec48e - - - - - -] Successfully bumped revision number for resource 0ab2ba93-e4e5-4297-bb49-80d47fc436a2 (type: ports) to 2
2026-06-22 03:01:59.789 9 INFO neutron.db.ovn_revision_numbers_db [None req-fc3819bc-33f3-475e-a1e6-d99849b6c09d 5cc6b23a4b4f4168a9be5de4cafa5ffd 218fa25b054b461da8d2411b5b4242fe - - default default] Successfully bumped revision number for resource 0ab2ba93-e4e5-4297-bb49-80d47fc436a2 (type: router_ports) to 2
2026-06-22 03:01:59.791 9 INFO neutron.wsgi [None req-fc3819bc-33f3-475e-a1e6-d99849b6c09d 5cc6b23a4b4f4168a9be5de4cafa5ffd 218fa25b054b461da8d2411b5b4242fe - - default default] 10.0.0.55 "PUT /v2.0/routers/407436bb-d9c4-49ff-a1dc-d709915667e1/add_router_interface HTTP/1.1" status: 200 len: 503 time: 1.6549268
2026-06-22 03:01:59.923 9 INFO neutron.wsgi [None req-6128fe46-755d-49da-9982-2975d0c3b185 5cc6b23a4b4f4168a9be5de4cafa5ffd 218fa25b054b461da8d2411b5b4242fe - - default default] 10.0.0.55 "GET /v2.0/ports/0ab2ba93-e4e5-4297-bb49-80d47fc436a2 HTTP/1.1" status: 200 len: 1141 time: 0.1272378
2026-06-22 03:01:59.966 9 INFO neutron.wsgi [None req-dd9239ce-d681-4904-8a2d-fed537154e21 5cc6b23a4b4f4168a9be5de4cafa5ffd 218fa25b054b461da8d2411b5b4242fe - - default default] 10.0.0.55 "GET /v2.0/ports/0ab2ba93-e4e5-4297-bb49-80d47fc436a2 HTTP/1.1" status: 200 len: 1141 time: 0.0366540
2026-06-22 03:02:00.146 9 INFO neutron.db.ovn_revision_numbers_db [None req-72487e90-708a-4739-a9dc-60c5198dd2d7 a43fa1a2797e4811a45fc102db90466d a78409b3f59149c6a628e4a3218cc1d0 - - default default] Successfully bumped revision number for resource 0212331d-26a6-40f6-a87d-6ac0c3ef523b (type: security_groups) to 1
2026-06-22 03:02:00.167 9 INFO neutron.db.ovn_revision_numbers_db [None req-72487e90-708a-4739-a9dc-60c5198dd2d7 a43fa1a2797e4811a45fc102db90466d a78409b3f59149c6a628e4a3218cc1d0 - - default default] Successfully bumped revision number for resource 2b256ef7-2fe0-42d4-a322-b14f070ae57a (type: security_group_rules) to 0
2026-06-22 03:02:00.204 9 INFO neutron.db.ovn_revision_numbers_db [None req-72487e90-708a-4739-a9dc-60c5198dd2d7 a43fa1a2797e4811a45fc102db90466d a78409b3f59149c6a628e4a3218cc1d0 - - default default] Successfully bumped revision number for resource 451b781e-2725-424a-999d-595e7974d013 (type: security_group_rules) to 0
2026-06-22 03:02:00.220 9 INFO neutron.db.ovn_revision_numbers_db [None req-72487e90-708a-4739-a9dc-60c5198dd2d7 a43fa1a2797e4811a45fc102db90466d a78409b3f59149c6a628e4a3218cc1d0 - - default default] Successfully bumped revision number for resource 576b4e0b-ca03-4ca7-931f-b44d80efad7f (type: security_group_rules) to 0
2026-06-22 03:02:00.250 10 INFO neutron.plugins.ml2.drivers.ovn.mech_driver.ovsdb.ovsdb_monitor [None req-05670571-64e5-4917-8fd2-54417b226d1a - - - - - -] Router 0b2f37ac-3180-4802-a628-9192b035e8ea is bound to host instance
2026-06-22 03:02:00.265 9 INFO neutron.db.ovn_revision_numbers_db [None req-72487e90-708a-4739-a9dc-60c5198dd2d7 a43fa1a2797e4811a45fc102db90466d a78409b3f59149c6a628e4a3218cc1d0 - - default default] Successfully bumped revision number for resource fb3ff906-5042-48f9-adea-80547bc14b6a (type: security_group_rules) to 0
2026-06-22 03:02:00.288 9 INFO neutron.wsgi [None req-72487e90-708a-4739-a9dc-60c5198dd2d7 a43fa1a2797e4811a45fc102db90466d a78409b3f59149c6a628e4a3218cc1d0 - - default default] 10.0.0.55 "GET /v2.0/security-groups?tenant_id=8213713d4fe64fd88161367919739121&name=default HTTP/1.1" status: 200 len: 2996 time: 0.4755788
2026-06-22 03:02:00.297 10 INFO neutron.db.ovn_revision_numbers_db [None req-28b4990a-de40-463d-ae8b-bff11922c962 a43fa1a2797e4811a45fc102db90466d a78409b3f59149c6a628e4a3218cc1d0 - - default default] Successfully bumped revision number for resource 2564d0e7-fbfe-4727-8d24-e23fb06dc939 (type: router_ports) to 1
2026-06-22 03:02:00.401 10 INFO neutron.db.ovn_revision_numbers_db [None req-28b4990a-de40-463d-ae8b-bff11922c962 a43fa1a2797e4811a45fc102db90466d a78409b3f59149c6a628e4a3218cc1d0 - - default default] Successfully bumped revision number for resource 0b2f37ac-3180-4802-a628-9192b035e8ea (type: routers) to 2
2026-06-22 03:02:00.424 10 INFO neutron.wsgi [None req-28b4990a-de40-463d-ae8b-bff11922c962 a43fa1a2797e4811a45fc102db90466d a78409b3f59149c6a628e4a3218cc1d0 - - default default] 10.0.0.55 "POST /v2.0/routers HTTP/1.1" status: 201 len: 874 time: 1.7688975
2026-06-22 03:02:00.673 9 INFO neutron.wsgi [None req-f3dd0ce3-e8fc-48f6-9441-c3bc3cf1216f a43fa1a2797e4811a45fc102db90466d a78409b3f59149c6a628e4a3218cc1d0 - - default default] 10.0.0.55 "DELETE /v2.0/security-groups/0212331d-26a6-40f6-a87d-6ac0c3ef523b HTTP/1.1" status: 204 len: 168 time: 0.3767869
2026-06-22 03:02:00.780 9 INFO neutron.wsgi [None req-43143090-c889-4e27-9eec-8ee20d27bb5f 5cc6b23a4b4f4168a9be5de4cafa5ffd 218fa25b054b461da8d2411b5b4242fe - - default default] 10.0.0.55 "PUT /v2.0/routers/407436bb-d9c4-49ff-a1dc-d709915667e1/remove_router_interface HTTP/1.1" status: 200 len: 503 time: 0.8079498 /var/lib/openstack/lib/python3.10/site-packages/pycadf/identifier.py:71: UserWarning: Invalid uuid: neutron. To ensure interoperability, identifiers should be a valid uuid. warnings.warn(('Invalid uuid: %s. To ensure interoperability, '
2026-06-22 03:02:00.811 9 INFO neutron.wsgi [None req-94eb051d-958b-4fb1-b400-2d222044dfee 5cc6b23a4b4f4168a9be5de4cafa5ffd 218fa25b054b461da8d2411b5b4242fe - - default default] 10.0.0.55 "GET /v2.0/ports?device_id=407436bb-d9c4-49ff-a1dc-d709915667e1 HTTP/1.1" status: 200 len: 205 time: 0.0267999
2026-06-22 03:02:00.949 10 INFO neutron.db.ovn_revision_numbers_db [None req-05670571-64e5-4917-8fd2-54417b226d1a - - - - - -] Successfully bumped revision number for resource 2564d0e7-fbfe-4727-8d24-e23fb06dc939 (type: ports) to 1
2026-06-22 03:02:01.051 10 WARNING neutron.scheduler.dhcp_agent_scheduler [None req-5152d1d1-c45d-4c47-8d5a-24311ede1fca a43fa1a2797e4811a45fc102db90466d a78409b3f59149c6a628e4a3218cc1d0 - - default default] No more DHCP agents
2026-06-22 03:02:01.053 10 WARNING neutron.api.rpc.agentnotifiers.dhcp_rpc_agent_api [None req-5152d1d1-c45d-4c47-8d5a-24311ede1fca a43fa1a2797e4811a45fc102db90466d a78409b3f59149c6a628e4a3218cc1d0 - - default default] Unable to schedule network b7d1d702-ab80-40af-9b36-6008ab29f177: no agents available; will retry on subsequent port and subnet creation events.
2026-06-22 03:02:01.115 9 INFO neutron.wsgi [None req-18596b4f-921b-4c46-a5e8-3d6c4709b551 5cc6b23a4b4f4168a9be5de4cafa5ffd 218fa25b054b461da8d2411b5b4242fe - - default default] 10.0.0.55 "DELETE /v2.0/routers/407436bb-d9c4-49ff-a1dc-d709915667e1 HTTP/1.1" status: 204 len: 168 time: 0.2989523
2026-06-22 03:02:01.294 10 INFO neutron.db.ovn_revision_numbers_db [None req-05670571-64e5-4917-8fd2-54417b226d1a - - - - - -] Successfully bumped revision number for resource 2564d0e7-fbfe-4727-8d24-e23fb06dc939 (type: router_ports) to 3
2026-06-22 03:02:01.327 10 INFO neutron.db.ovn_revision_numbers_db [None req-5152d1d1-c45d-4c47-8d5a-24311ede1fca a43fa1a2797e4811a45fc102db90466d a78409b3f59149c6a628e4a3218cc1d0 - - default default] Successfully bumped revision number for resource 77f6e4ea-dc74-42de-8531-3b3cab3d3907 (type: ports) to 1
2026-06-22 03:02:01.358 9 INFO neutron.wsgi [None req-e41dc897-c03f-4013-beb8-9cea4c22e6d7 5cc6b23a4b4f4168a9be5de4cafa5ffd 218fa25b054b461da8d2411b5b4242fe - - default default] 10.0.0.55 "DELETE /v2.0/subnets/84cbdd40-8306-4896-8b15-36ade6b1a253 HTTP/1.1" status: 204 len: 168 time: 0.2391558
2026-06-22 03:02:01.529 10 INFO neutron.db.ovn_revision_numbers_db [None req-05670571-64e5-4917-8fd2-54417b226d1a - - - - - -] Successfully bumped revision number for resource 2564d0e7-fbfe-4727-8d24-e23fb06dc939 (type: ports) to 2
2026-06-22 03:02:01.711 9 INFO neutron.services.segments.plugin [-] Segment b8ab52f0-045a-464b-b7e9-489f59d77857 resource provider aggregate not found
2026-06-22 03:02:01.717 9 INFO neutron.services.segments.plugin [-] Segment b8ab52f0-045a-464b-b7e9-489f59d77857 resource provider aggregate not found
2026-06-22 03:02:01.733 9 INFO neutron.services.segments.plugin [-] Segment b8ab52f0-045a-464b-b7e9-489f59d77857 resource provider not found; error: Placement Client Error (4xx): {"errors": [{"status": 404, "title": "Not Found", "detail": "The resource could not be found.\n\n No resource provider with uuid b8ab52f0-045a-464b-b7e9-489f59d77857 found for delete ", "request_id": "req-89ef8e74-645a-4de8-93fc-4a5ec9bf8ee5"}]}
2026-06-22 03:02:01.734 9 INFO neutron.services.segments.plugin [-] Segment b8ab52f0-045a-464b-b7e9-489f59d77857 resource provider not found; error: Placement Client Error (4xx): {"errors": [{"status": 404, "title": "Not Found", "detail": "The resource could not be found.\n\n No resource provider with uuid b8ab52f0-045a-464b-b7e9-489f59d77857 found for delete ", "request_id": "req-a310bd3a-fdca-4dec-b2e5-f26c55be7ad6"}]}
2026-06-22 03:02:01.752 9 INFO neutron.wsgi [None req-4783cb0f-bff9-4dd0-a857-481e96af74ce 5cc6b23a4b4f4168a9be5de4cafa5ffd 218fa25b054b461da8d2411b5b4242fe - - default default] 10.0.0.55 "DELETE /v2.0/networks/b547ecbb-29f1-4b7f-a310-57df0e7de8da HTTP/1.1" status: 204 len: 168 time: 0.3799360
2026-06-22 03:02:01.763 9 WARNING neutron_lib.context [None req-49c3418f-1203-4b18-b1ff-d4c375ecab24 5cc6b23a4b4f4168a9be5de4cafa5ffd 218fa25b054b461da8d2411b5b4242fe - - default default] Method 'is_advsvc' is deprecated since 2023.2 release (neutron-lib 3.8.0) and will be removed once support for the old RBAC API policies will be removed from Neutron. Please use method 'is_service_role' instead.
