Jun 17 20:23:00.652792 np0000181542 nova-conductor[114935]: DEBUG cotyledon.oslo_config_glue [-] vnc.vencrypt_ca_certs = None {{(pid=114935) log_opt_values /opt/stack/data/venv/lib/python3.12/site-packages/oslo_config/cfg.py:3253}}
Jun 17 20:23:00.652792 np0000181542 nova-conductor[114935]: DEBUG cotyledon.oslo_config_glue [-] vnc.vencrypt_client_cert = None {{(pid=114935) log_opt_values /opt/stack/data/venv/lib/python3.12/site-packages/oslo_config/cfg.py:3253}}
Jun 17 20:23:00.652792 np0000181542 nova-conductor[114935]: DEBUG cotyledon.oslo_config_glue [-] vnc.vencrypt_client_key = None {{(pid=114935) log_opt_values /opt/stack/data/venv/lib/python3.12/site-packages/oslo_config/cfg.py:3253}}
Jun 17 20:23:00.652792 np0000181542 nova-conductor[114935]: DEBUG cotyledon.oslo_config_glue [-] workarounds.disable_compute_service_check_for_ffu = False {{(pid=114935) log_opt_values /opt/stack/data/venv/lib/python3.12/site-packages/oslo_config/cfg.py:3253}}
Jun 17 20:23:00.652792 np0000181542 nova-conductor[114935]: DEBUG cotyledon.oslo_config_glue [-] workarounds.disable_deep_image_inspection = False {{(pid=114935) log_opt_values /opt/stack/data/venv/lib/python3.12/site-packages/oslo_config/cfg.py:3253}}
Jun 17 20:23:00.652792 np0000181542 nova-conductor[114935]: DEBUG cotyledon.oslo_config_glue [-] workarounds.disable_fallback_pcpu_query = False {{(pid=114935) log_opt_values /opt/stack/data/venv/lib/python3.12/site-packages/oslo_config/cfg.py:3253}}
Jun 17 20:23:00.652792 np0000181542 nova-conductor[114935]: DEBUG cotyledon.oslo_config_glue [-] workarounds.disable_group_policy_check_upcall = False {{(pid=114935) log_opt_values /opt/stack/data/venv/lib/python3.12/site-packages/oslo_config/cfg.py:3253}}
Jun 17 20:23:00.652792 np0000181542 nova-conductor[114935]: DEBUG cotyledon.oslo_config_glue [-] workarounds.disable_libvirt_livesnapshot = False {{(pid=114935) log_opt_values /opt/stack/data/venv/lib/python3.12/site-packages/oslo_config/cfg.py:3253}}
Jun 17 20:23:00.652792 np0000181542 nova-conductor[114935]: DEBUG cotyledon.oslo_config_glue [-] workarounds.disable_rootwrap = False {{(pid=114935) log_opt_values /opt/stack/data/venv/lib/python3.12/site-packages/oslo_config/cfg.py:3253}}
Jun 17 20:23:00.653026 np0000181542 nova-conductor[114935]: DEBUG cotyledon.oslo_config_glue [-] workarounds.enable_numa_live_migration = False {{(pid=114935) log_opt_values /opt/stack/data/venv/lib/python3.12/site-packages/oslo_config/cfg.py:3253}}
Jun 17 20:23:00.653026 np0000181542 nova-conductor[114935]: DEBUG cotyledon.oslo_config_glue [-] workarounds.enable_qemu_monitor_announce_self = False {{(pid=114935) log_opt_values /opt/stack/data/venv/lib/python3.12/site-packages/oslo_config/cfg.py:3253}}
Jun 17 20:23:00.653026 np0000181542 nova-conductor[114935]: DEBUG cotyledon.oslo_config_glue [-] workarounds.ensure_libvirt_rbd_instance_dir_cleanup = False {{(pid=114935) log_opt_values /opt/stack/data/venv/lib/python3.12/site-packages/oslo_config/cfg.py:3253}}
Jun 17 20:23:00.653026 np0000181542 nova-conductor[114935]: DEBUG cotyledon.oslo_config_glue [-] workarounds.handle_virt_lifecycle_events = True {{(pid=114935) log_opt_values /opt/stack/data/venv/lib/python3.12/site-packages/oslo_config/cfg.py:3253}}
Jun 17 20:23:00.653026 np0000181542 nova-conductor[114935]: DEBUG cotyledon.oslo_config_glue [-] workarounds.libvirt_disable_apic = False {{(pid=114935) log_opt_values /opt/stack/data/venv/lib/python3.12/site-packages/oslo_config/cfg.py:3253}}
Jun 17 20:23:00.653026 np0000181542 nova-conductor[114935]: DEBUG cotyledon.oslo_config_glue [-] workarounds.never_download_image_if_on_rbd = False {{(pid=114935) log_opt_values /opt/stack/data/venv/lib/python3.12/site-packages/oslo_config/cfg.py:3253}}
Jun 17 20:23:00.653026 np0000181542 nova-conductor[114935]: DEBUG cotyledon.oslo_config_glue [-] workarounds.qemu_monitor_announce_self_count = 3 {{(pid=114935) log_opt_values /opt/stack/data/venv/lib/python3.12/site-packages/oslo_config/cfg.py:3253}}
Jun 17 20:23:00.653026 np0000181542 nova-conductor[114935]: DEBUG cotyledon.oslo_config_glue [-] workarounds.qemu_monitor_announce_self_interval = 1 {{(pid=114935) log_opt_values /opt/stack/data/venv/lib/python3.12/site-packages/oslo_config/cfg.py:3253}}
Jun 17 20:23:00.653026 np0000181542 nova-conductor[114935]: DEBUG cotyledon.oslo_config_glue [-] workarounds.reserve_disk_resource_for_image_cache = False {{(pid=114935) log_opt_values /opt/stack/data/venv/lib/python3.12/site-packages/oslo_config/cfg.py:3253}}
Jun 17 20:23:00.653256 np0000181542 nova-conductor[114935]: DEBUG cotyledon.oslo_config_glue [-] workarounds.skip_cpu_compare_at_startup = False {{(pid=114935) log_opt_values /opt/stack/data/venv/lib/python3.12/site-packages/oslo_config/cfg.py:3253}}
Jun 17 20:23:00.653256 np0000181542 nova-conductor[114935]: DEBUG cotyledon.oslo_config_glue [-] workarounds.skip_cpu_compare_on_dest = False {{(pid=114935) log_opt_values /opt/stack/data/venv/lib/python3.12/site-packages/oslo_config/cfg.py:3253}}
Jun 17 20:23:00.653256 np0000181542 nova-conductor[114935]: DEBUG cotyledon.oslo_config_glue [-] workarounds.skip_hypervisor_version_check_on_lm = False {{(pid=114935) log_opt_values /opt/stack/data/venv/lib/python3.12/site-packages/oslo_config/cfg.py:3253}}
Jun 17 20:23:00.653256 np0000181542 nova-conductor[114935]: DEBUG cotyledon.oslo_config_glue [-] workarounds.skip_reserve_in_use_ironic_nodes = False {{(pid=114935) log_opt_values /opt/stack/data/venv/lib/python3.12/site-packages/oslo_config/cfg.py:3253}}
Jun 17 20:23:00.653256 np0000181542 nova-conductor[114935]: DEBUG cotyledon.oslo_config_glue [-] workarounds.unified_limits_count_pcpu_as_vcpu = False {{(pid=114935) log_opt_values /opt/stack/data/venv/lib/python3.12/site-packages/oslo_config/cfg.py:3253}}
Jun 17 20:23:00.653256 np0000181542 nova-conductor[114935]: DEBUG cotyledon.oslo_config_glue [-] workarounds.wait_for_vif_plugged_event_during_hard_reboot = [] {{(pid=114935) log_opt_values /opt/stack/data/venv/lib/python3.12/site-packages/oslo_config/cfg.py:3253}}
Jun 17 20:23:00.653256 np0000181542 nova-conductor[114935]: DEBUG cotyledon.oslo_config_glue [-] wsgi.api_paste_config = /etc/nova/api-paste.ini {{(pid=114935) log_opt_values /opt/stack/data/venv/lib/python3.12/site-packages/oslo_config/cfg.py:3253}}
Jun 17 20:23:00.653256 np0000181542 nova-conductor[114935]: DEBUG cotyledon.oslo_config_glue [-] wsgi.secure_proxy_ssl_header = None {{(pid=114935) log_opt_values /opt/stack/data/venv/lib/python3.12/site-packages/oslo_config/cfg.py:3253}}
Jun 17 20:23:00.653256 np0000181542 nova-conductor[114935]: DEBUG cotyledon.oslo_config_glue [-] zvm.ca_file = None {{(pid=114935) log_opt_values /opt/stack/data/venv/lib/python3.12/site-packages/oslo_config/cfg.py:3253}}
Jun 17 20:23:00.653483 np0000181542 nova-conductor[114935]: DEBUG cotyledon.oslo_config_glue [-] zvm.cloud_connector_url = None {{(pid=114935) log_opt_values /opt/stack/data/venv/lib/python3.12/site-packages/oslo_config/cfg.py:3253}}
Jun 17 20:23:00.653483 np0000181542 nova-conductor[114935]: DEBUG cotyledon.oslo_config_glue [-] zvm.image_tmp_path = /opt/stack/data/nova/images {{(pid=114935) log_opt_values /opt/stack/data/venv/lib/python3.12/site-packages/oslo_config/cfg.py:3253}}
Jun 17 20:23:00.653483 np0000181542 nova-conductor[114935]: DEBUG cotyledon.oslo_config_glue [-] zvm.reachable_timeout = 300 {{(pid=114935) log_opt_values /opt/stack/data/venv/lib/python3.12/site-packages/oslo_config/cfg.py:3253}}
Jun 17 20:23:00.653483 np0000181542 nova-conductor[114935]: DEBUG cotyledon.oslo_config_glue [-] oslo_versionedobjects.fatal_exception_format_errors = False {{(pid=114935) log_opt_values /opt/stack/data/venv/lib/python3.12/site-packages/oslo_config/cfg.py:3253}}
Jun 17 20:23:00.653483 np0000181542 nova-conductor[114935]: DEBUG cotyledon.oslo_config_glue [-] oslo_middleware.http_basic_auth_user_file = /etc/htpasswd {{(pid=114935) log_opt_values /opt/stack/data/venv/lib/python3.12/site-packages/oslo_config/cfg.py:3253}}
Jun 17 20:23:00.653483 np0000181542 nova-conductor[114935]: DEBUG cotyledon.oslo_config_glue [-] profiler.connection_string = messaging:// {{(pid=114935) log_opt_values /opt/stack/data/venv/lib/python3.12/site-packages/oslo_config/cfg.py:3253}}
Jun 17 20:23:00.653483 np0000181542 nova-conductor[114935]: DEBUG cotyledon.oslo_config_glue [-] profiler.enabled = False {{(pid=114935) log_opt_values /opt/stack/data/venv/lib/python3.12/site-packages/oslo_config/cfg.py:3253}}
Jun 17 20:23:00.653483 np0000181542 nova-conductor[114935]: DEBUG cotyledon.oslo_config_glue [-] profiler.es_doc_type = notification {{(pid=114935) log_opt_values /opt/stack/data/venv/lib/python3.12/site-packages/oslo_config/cfg.py:3253}}
Jun 17 20:23:00.653483 np0000181542 nova-conductor[114935]: DEBUG cotyledon.oslo_config_glue [-] profiler.es_scroll_size = 10000 {{(pid=114935) log_opt_values /opt/stack/data/venv/lib/python3.12/site-packages/oslo_config/cfg.py:3253}}
Jun 17 20:23:00.653706 np0000181542 nova-conductor[114935]: DEBUG cotyledon.oslo_config_glue [-] profiler.es_scroll_time = 2m {{(pid=114935) log_opt_values /opt/stack/data/venv/lib/python3.12/site-packages/oslo_config/cfg.py:3253}}
Jun 17 20:23:00.653706 np0000181542 nova-conductor[114935]: DEBUG cotyledon.oslo_config_glue [-] profiler.filter_error_trace = False {{(pid=114935) log_opt_values /opt/stack/data/venv/lib/python3.12/site-packages/oslo_config/cfg.py:3253}}
Jun 17 20:23:00.653706 np0000181542 nova-conductor[114935]: DEBUG cotyledon.oslo_config_glue [-] profiler.hmac_keys = **** {{(pid=114935) log_opt_values /opt/stack/data/venv/lib/python3.12/site-packages/oslo_config/cfg.py:3253}}
Jun 17 20:23:00.653706 np0000181542 nova-conductor[114935]: DEBUG cotyledon.oslo_config_glue [-] profiler.sentinel_service_name = mymaster {{(pid=114935) log_opt_values /opt/stack/data/venv/lib/python3.12/site-packages/oslo_config/cfg.py:3253}}
Jun 17 20:23:00.653706 np0000181542 nova-conductor[114935]: DEBUG cotyledon.oslo_config_glue [-] profiler.socket_timeout = 0.1 {{(pid=114935) log_opt_values /opt/stack/data/venv/lib/python3.12/site-packages/oslo_config/cfg.py:3253}}
Jun 17 20:23:00.653706 np0000181542 nova-conductor[114935]: DEBUG cotyledon.oslo_config_glue [-] profiler.trace_requests = False {{(pid=114935) log_opt_values /opt/stack/data/venv/lib/python3.12/site-packages/oslo_config/cfg.py:3253}}
Jun 17 20:23:00.653706 np0000181542 nova-conductor[114935]: DEBUG cotyledon.oslo_config_glue [-] profiler.trace_sqlalchemy = False {{(pid=114935) log_opt_values /opt/stack/data/venv/lib/python3.12/site-packages/oslo_config/cfg.py:3253}}
Jun 17 20:23:00.653706 np0000181542 nova-conductor[114935]: DEBUG cotyledon.oslo_config_glue [-] profiler_jaeger.process_tags = {} {{(pid=114935) log_opt_values /opt/stack/data/venv/lib/python3.12/site-packages/oslo_config/cfg.py:3253}}
Jun 17 20:23:00.653706 np0000181542 nova-conductor[114935]: DEBUG cotyledon.oslo_config_glue [-] profiler_jaeger.service_name_prefix = None {{(pid=114935) log_opt_values /opt/stack/data/venv/lib/python3.12/site-packages/oslo_config/cfg.py:3253}}
Jun 17 20:23:00.653933 np0000181542 nova-conductor[114935]: DEBUG cotyledon.oslo_config_glue [-] profiler_otlp.service_name_prefix = None {{(pid=114935) log_opt_values /opt/stack/data/venv/lib/python3.12/site-packages/oslo_config/cfg.py:3253}}
Jun 17 20:23:00.653933 np0000181542 nova-conductor[114935]: DEBUG cotyledon.oslo_config_glue [-] oslo_messaging_rabbit.amqp_auto_delete = False {{(pid=114935) log_opt_values /opt/stack/data/venv/lib/python3.12/site-packages/oslo_config/cfg.py:3253}}
Jun 17 20:23:00.653933 np0000181542 nova-conductor[114935]: DEBUG cotyledon.oslo_config_glue [-] oslo_messaging_rabbit.amqp_durable_queues = False {{(pid=114935) log_opt_values /opt/stack/data/venv/lib/python3.12/site-packages/oslo_config/cfg.py:3253}}
Jun 17 20:23:00.653933 np0000181542 nova-conductor[114935]: DEBUG cotyledon.oslo_config_glue [-] oslo_messaging_rabbit.conn_pool_min_size = 2 {{(pid=114935) log_opt_values /opt/stack/data/venv/lib/python3.12/site-packages/oslo_config/cfg.py:3253}}
Jun 17 20:23:00.653933 np0000181542 nova-conductor[114935]: DEBUG cotyledon.oslo_config_glue [-] oslo_messaging_rabbit.conn_pool_ttl = 1200 {{(pid=114935) log_opt_values /opt/stack/data/venv/lib/python3.12/site-packages/oslo_config/cfg.py:3253}}
Jun 17 20:23:00.653933 np0000181542 nova-conductor[114935]: DEBUG cotyledon.oslo_config_glue [-] oslo_messaging_rabbit.direct_mandatory_flag = True {{(pid=114935) log_opt_values /opt/stack/data/venv/lib/python3.12/site-packages/oslo_config/cfg.py:3253}}
Jun 17 20:23:00.653933 np0000181542 nova-conductor[114935]: DEBUG cotyledon.oslo_config_glue [-] oslo_messaging_rabbit.enable_cancel_on_failover = False {{(pid=114935) log_opt_values /opt/stack/data/venv/lib/python3.12/site-packages/oslo_config/cfg.py:3253}}
Jun 17 20:23:00.653933 np0000181542 nova-conductor[114935]: DEBUG cotyledon.oslo_config_glue [-] oslo_messaging_rabbit.heartbeat_rate = 3 {{(pid=114935) log_opt_values /opt/stack/data/venv/lib/python3.12/site-packages/oslo_config/cfg.py:3253}}
Jun 17 20:23:00.653933 np0000181542 nova-conductor[114935]: DEBUG cotyledon.oslo_config_glue [-] oslo_messaging_rabbit.heartbeat_timeout_threshold = 60 {{(pid=114935) log_opt_values /opt/stack/data/venv/lib/python3.12/site-packages/oslo_config/cfg.py:3253}}
Jun 17 20:23:00.654175 np0000181542 nova-conductor[114935]: DEBUG cotyledon.oslo_config_glue [-] oslo_messaging_rabbit.hostname = np0000181542 {{(pid=114935) log_opt_values /opt/stack/data/venv/lib/python3.12/site-packages/oslo_config/cfg.py:3253}}
Jun 17 20:23:00.654175 np0000181542 nova-conductor[114935]: DEBUG cotyledon.oslo_config_glue [-] oslo_messaging_rabbit.kombu_compression = None {{(pid=114935) log_opt_values /opt/stack/data/venv/lib/python3.12/site-packages/oslo_config/cfg.py:3253}}
Jun 17 20:23:00.654175 np0000181542 nova-conductor[114935]: DEBUG cotyledon.oslo_config_glue [-] oslo_messaging_rabbit.kombu_failover_strategy = round-robin {{(pid=114935) log_opt_values /opt/stack/data/venv/lib/python3.12/site-packages/oslo_config/cfg.py:3253}}
Jun 17 20:23:00.654175 np0000181542 nova-conductor[114935]: DEBUG cotyledon.oslo_config_glue [-] oslo_messaging_rabbit.kombu_missing_consumer_retry_timeout = 60 {{(pid=114935) log_opt_values /opt/stack/data/venv/lib/python3.12/site-packages/oslo_config/cfg.py:3253}}
Jun 17 20:23:00.654175 np0000181542 nova-conductor[114935]: DEBUG cotyledon.oslo_config_glue [-] oslo_messaging_rabbit.kombu_reconnect_delay = 1.0 {{(pid=114935) log_opt_values /opt/stack/data/venv/lib/python3.12/site-packages/oslo_config/cfg.py:3253}}
Jun 17 20:23:00.654175 np0000181542 nova-conductor[114935]: DEBUG cotyledon.oslo_config_glue [-] oslo_messaging_rabbit.kombu_reconnect_splay = 0.0 {{(pid=114935) log_opt_values /opt/stack/data/venv/lib/python3.12/site-packages/oslo_config/cfg.py:3253}}
Jun 17 20:23:00.654175 np0000181542 nova-conductor[114935]: DEBUG cotyledon.oslo_config_glue [-] oslo_messaging_rabbit.processname = nova-conductor {{(pid=114935) log_opt_values /opt/stack/data/venv/lib/python3.12/site-packages/oslo_config/cfg.py:3253}}
Jun 17 20:23:00.654175 np0000181542 nova-conductor[114935]: DEBUG cotyledon.oslo_config_glue [-] oslo_messaging_rabbit.rabbit_ha_queues = False {{(pid=114935) log_opt_values /opt/stack/data/venv/lib/python3.12/site-packages/oslo_config/cfg.py:3253}}
Jun 17 20:23:00.654175 np0000181542 nova-conductor[114935]: DEBUG cotyledon.oslo_config_glue [-] oslo_messaging_rabbit.rabbit_interval_max = 30 {{(pid=114935) log_opt_values /opt/stack/data/venv/lib/python3.12/site-packages/oslo_config/cfg.py:3253}}
Jun 17 20:23:00.654401 np0000181542 nova-conductor[114935]: DEBUG cotyledon.oslo_config_glue [-] oslo_messaging_rabbit.rabbit_login_method = AMQPLAIN {{(pid=114935) log_opt_values /opt/stack/data/venv/lib/python3.12/site-packages/oslo_config/cfg.py:3253}}
Jun 17 20:23:00.654401 np0000181542 nova-conductor[114935]: DEBUG cotyledon.oslo_config_glue [-] oslo_messaging_rabbit.rabbit_qos_prefetch_count = 0 {{(pid=114935) log_opt_values /opt/stack/data/venv/lib/python3.12/site-packages/oslo_config/cfg.py:3253}}
Jun 17 20:23:00.654401 np0000181542 nova-conductor[114935]: DEBUG cotyledon.oslo_config_glue [-] oslo_messaging_rabbit.rabbit_quorum_delivery_limit = 0 {{(pid=114935) log_opt_values /opt/stack/data/venv/lib/python3.12/site-packages/oslo_config/cfg.py:3253}}
Jun 17 20:23:00.654401 np0000181542 nova-conductor[114935]: DEBUG cotyledon.oslo_config_glue [-] oslo_messaging_rabbit.rabbit_quorum_max_memory_bytes = 0 {{(pid=114935) log_opt_values /opt/stack/data/venv/lib/python3.12/site-packages/oslo_config/cfg.py:3253}}
Jun 17 20:23:00.654401 np0000181542 nova-conductor[114935]: DEBUG cotyledon.oslo_config_glue [-] oslo_messaging_rabbit.rabbit_quorum_max_memory_length = 0 {{(pid=114935) log_opt_values /opt/stack/data/venv/lib/python3.12/site-packages/oslo_config/cfg.py:3253}}
Jun 17 20:23:00.654401 np0000181542 nova-conductor[114935]: DEBUG cotyledon.oslo_config_glue [-] oslo_messaging_rabbit.rabbit_quorum_queue = False {{(pid=114935) log_opt_values /opt/stack/data/venv/lib/python3.12/site-packages/oslo_config/cfg.py:3253}}
Jun 17 20:23:00.654401 np0000181542 nova-conductor[114935]: DEBUG cotyledon.oslo_config_glue [-] oslo_messaging_rabbit.rabbit_retry_backoff = 2 {{(pid=114935) log_opt_values /opt/stack/data/venv/lib/python3.12/site-packages/oslo_config/cfg.py:3253}}
Jun 17 20:23:00.654401 np0000181542 nova-conductor[114935]: DEBUG cotyledon.oslo_config_glue [-] oslo_messaging_rabbit.rabbit_retry_interval = 1 {{(pid=114935) log_opt_values /opt/stack/data/venv/lib/python3.12/site-packages/oslo_config/cfg.py:3253}}
Jun 17 20:23:00.654598 np0000181542 nova-conductor[114935]: DEBUG cotyledon.oslo_config_glue [-] oslo_messaging_rabbit.rabbit_stream_fanout = False {{(pid=114935) log_opt_values /opt/stack/data/venv/lib/python3.12/site-packages/oslo_config/cfg.py:3253}}
Jun 17 20:23:00.654598 np0000181542 nova-conductor[114935]: DEBUG cotyledon.oslo_config_glue [-] oslo_messaging_rabbit.rabbit_transient_queues_ttl = 1800 {{(pid=114935) log_opt_values /opt/stack/data/venv/lib/python3.12/site-packages/oslo_config/cfg.py:3253}}
Jun 17 20:23:00.654598 np0000181542 nova-conductor[114935]: DEBUG cotyledon.oslo_config_glue [-] oslo_messaging_rabbit.rabbit_transient_quorum_queue = False {{(pid=114935) log_opt_values /opt/stack/data/venv/lib/python3.12/site-packages/oslo_config/cfg.py:3253}}
Jun 17 20:23:00.654598 np0000181542 nova-conductor[114935]: DEBUG cotyledon.oslo_config_glue [-] oslo_messaging_rabbit.rpc_conn_pool_size = 30 {{(pid=114935) log_opt_values /opt/stack/data/venv/lib/python3.12/site-packages/oslo_config/cfg.py:3253}}
Jun 17 20:23:00.654598 np0000181542 nova-conductor[114935]: DEBUG cotyledon.oslo_config_glue [-] oslo_messaging_rabbit.ssl = False {{(pid=114935) log_opt_values /opt/stack/data/venv/lib/python3.12/site-packages/oslo_config/cfg.py:3253}}
Jun 17 20:23:00.654598 np0000181542 nova-conductor[114935]: DEBUG cotyledon.oslo_config_glue [-] oslo_messaging_rabbit.ssl_ca_file = {{(pid=114935) log_opt_values /opt/stack/data/venv/lib/python3.12/site-packages/oslo_config/cfg.py:3253}}
Jun 17 20:23:00.654598 np0000181542 nova-conductor[114935]: DEBUG cotyledon.oslo_config_glue [-] oslo_messaging_rabbit.ssl_cert_file = {{(pid=114935) log_opt_values /opt/stack/data/venv/lib/python3.12/site-packages/oslo_config/cfg.py:3253}}
Jun 17 20:23:00.654598 np0000181542 nova-conductor[114935]: DEBUG cotyledon.oslo_config_glue [-] oslo_messaging_rabbit.ssl_enforce_fips_mode = False {{(pid=114935) log_opt_values /opt/stack/data/venv/lib/python3.12/site-packages/oslo_config/cfg.py:3253}}
Jun 17 20:23:00.654598 np0000181542 nova-conductor[114935]: DEBUG cotyledon.oslo_config_glue [-] oslo_messaging_rabbit.ssl_enforce_hostname_verification = True {{(pid=114935) log_opt_values /opt/stack/data/venv/lib/python3.12/site-packages/oslo_config/cfg.py:3253}}
Jun 17 20:23:00.654832 np0000181542 nova-conductor[114935]: DEBUG cotyledon.oslo_config_glue [-] oslo_messaging_rabbit.ssl_key_file = {{(pid=114935) log_opt_values /opt/stack/data/venv/lib/python3.12/site-packages/oslo_config/cfg.py:3253}}
Jun 17 20:23:00.654832 np0000181542 nova-conductor[114935]: DEBUG cotyledon.oslo_config_glue [-] oslo_messaging_rabbit.ssl_version = {{(pid=114935) log_opt_values /opt/stack/data/venv/lib/python3.12/site-packages/oslo_config/cfg.py:3253}}
Jun 17 20:23:00.654832 np0000181542 nova-conductor[114935]: DEBUG cotyledon.oslo_config_glue [-] oslo_messaging_rabbit.use_queue_manager = False {{(pid=114935) log_opt_values /opt/stack/data/venv/lib/python3.12/site-packages/oslo_config/cfg.py:3253}}
Jun 17 20:23:00.654832 np0000181542 nova-conductor[114935]: DEBUG cotyledon.oslo_config_glue [-] oslo_messaging_notifications.driver = ['messagingv2'] {{(pid=114935) log_opt_values /opt/stack/data/venv/lib/python3.12/site-packages/oslo_config/cfg.py:3253}}
Jun 17 20:23:00.654832 np0000181542 nova-conductor[114935]: DEBUG cotyledon.oslo_config_glue [-] oslo_messaging_notifications.retry = -1 {{(pid=114935) log_opt_values /opt/stack/data/venv/lib/python3.12/site-packages/oslo_config/cfg.py:3253}}
Jun 17 20:23:00.654832 np0000181542 nova-conductor[114935]: DEBUG cotyledon.oslo_config_glue [-] oslo_messaging_notifications.topics = ['notifications'] {{(pid=114935) log_opt_values /opt/stack/data/venv/lib/python3.12/site-packages/oslo_config/cfg.py:3253}}
Jun 17 20:23:00.654832 np0000181542 nova-conductor[114935]: DEBUG cotyledon.oslo_config_glue [-] oslo_messaging_notifications.transport_url = **** {{(pid=114935) log_opt_values /opt/stack/data/venv/lib/python3.12/site-packages/oslo_config/cfg.py:3253}}
Jun 17 20:23:00.654832 np0000181542 nova-conductor[114935]: DEBUG cotyledon.oslo_config_glue [-] oslo_limit.auth_section = None {{(pid=114935) log_opt_values /opt/stack/data/venv/lib/python3.12/site-packages/oslo_config/cfg.py:3253}}
Jun 17 20:23:00.654832 np0000181542 nova-conductor[114935]: DEBUG cotyledon.oslo_config_glue [-] oslo_limit.auth_type = None {{(pid=114935) log_opt_values /opt/stack/data/venv/lib/python3.12/site-packages/oslo_config/cfg.py:3253}}
Jun 17 20:23:00.655069 np0000181542 nova-conductor[114935]: DEBUG cotyledon.oslo_config_glue [-] oslo_limit.cafile = None {{(pid=114935) log_opt_values /opt/stack/data/venv/lib/python3.12/site-packages/oslo_config/cfg.py:3253}}
Jun 17 20:23:00.655069 np0000181542 nova-conductor[114935]: DEBUG cotyledon.oslo_config_glue [-] oslo_limit.certfile = None {{(pid=114935) log_opt_values /opt/stack/data/venv/lib/python3.12/site-packages/oslo_config/cfg.py:3253}}
Jun 17 20:23:00.655069 np0000181542 nova-conductor[114935]: DEBUG cotyledon.oslo_config_glue [-] oslo_limit.collect_timing = False {{(pid=114935) log_opt_values /opt/stack/data/venv/lib/python3.12/site-packages/oslo_config/cfg.py:3253}}
Jun 17 20:23:00.655069 np0000181542 nova-conductor[114935]: DEBUG cotyledon.oslo_config_glue [-] oslo_limit.connect_retries = None {{(pid=114935) log_opt_values /opt/stack/data/venv/lib/python3.12/site-packages/oslo_config/cfg.py:3253}}
Jun 17 20:23:00.655069 np0000181542 nova-conductor[114935]: DEBUG cotyledon.oslo_config_glue [-] oslo_limit.connect_retry_delay = None {{(pid=114935) log_opt_values /opt/stack/data/venv/lib/python3.12/site-packages/oslo_config/cfg.py:3253}}
Jun 17 20:23:00.655069 np0000181542 nova-conductor[114935]: DEBUG cotyledon.oslo_config_glue [-] oslo_limit.endpoint_id = None {{(pid=114935) log_opt_values /opt/stack/data/venv/lib/python3.12/site-packages/oslo_config/cfg.py:3253}}
Jun 17 20:23:00.655069 np0000181542 nova-conductor[114935]: DEBUG cotyledon.oslo_config_glue [-] oslo_limit.endpoint_interface = public {{(pid=114935) log_opt_values /opt/stack/data/venv/lib/python3.12/site-packages/oslo_config/cfg.py:3253}}
Jun 17 20:23:00.655069 np0000181542 nova-conductor[114935]: DEBUG cotyledon.oslo_config_glue [-] oslo_limit.endpoint_override = None {{(pid=114935) log_opt_values /opt/stack/data/venv/lib/python3.12/site-packages/oslo_config/cfg.py:3253}}
Jun 17 20:23:00.655069 np0000181542 nova-conductor[114935]: DEBUG cotyledon.oslo_config_glue [-] oslo_limit.endpoint_region_name = None {{(pid=114935) log_opt_values /opt/stack/data/venv/lib/python3.12/site-packages/oslo_config/cfg.py:3253}}
Jun 17 20:23:00.655290 np0000181542 nova-conductor[114935]: DEBUG cotyledon.oslo_config_glue [-] oslo_limit.endpoint_service_name = None {{(pid=114935) log_opt_values /opt/stack/data/venv/lib/python3.12/site-packages/oslo_config/cfg.py:3253}}
Jun 17 20:23:00.655290 np0000181542 nova-conductor[114935]: DEBUG cotyledon.oslo_config_glue [-] oslo_limit.endpoint_service_type = None {{(pid=114935) log_opt_values /opt/stack/data/venv/lib/python3.12/site-packages/oslo_config/cfg.py:3253}}
Jun 17 20:23:00.655290 np0000181542 nova-conductor[114935]: DEBUG cotyledon.oslo_config_glue [-] oslo_limit.insecure = False {{(pid=114935) log_opt_values /opt/stack/data/venv/lib/python3.12/site-packages/oslo_config/cfg.py:3253}}
Jun 17 20:23:00.655290 np0000181542 nova-conductor[114935]: DEBUG cotyledon.oslo_config_glue [-] oslo_limit.keyfile = None {{(pid=114935) log_opt_values /opt/stack/data/venv/lib/python3.12/site-packages/oslo_config/cfg.py:3253}}
Jun 17 20:23:00.655290 np0000181542 nova-conductor[114935]: DEBUG cotyledon.oslo_config_glue [-] oslo_limit.max_version = None {{(pid=114935) log_opt_values /opt/stack/data/venv/lib/python3.12/site-packages/oslo_config/cfg.py:3253}}
Jun 17 20:23:00.655290 np0000181542 nova-conductor[114935]: DEBUG cotyledon.oslo_config_glue [-] oslo_limit.min_version = None {{(pid=114935) log_opt_values /opt/stack/data/venv/lib/python3.12/site-packages/oslo_config/cfg.py:3253}}
Jun 17 20:23:00.655290 np0000181542 nova-conductor[114935]: DEBUG cotyledon.oslo_config_glue [-] oslo_limit.region_name = None {{(pid=114935) log_opt_values /opt/stack/data/venv/lib/python3.12/site-packages/oslo_config/cfg.py:3253}}
Jun 17 20:23:00.655290 np0000181542 nova-conductor[114935]: DEBUG cotyledon.oslo_config_glue [-] oslo_limit.retriable_status_codes = None {{(pid=114935) log_opt_values /opt/stack/data/venv/lib/python3.12/site-packages/oslo_config/cfg.py:3253}}
Jun 17 20:23:00.655290 np0000181542 nova-conductor[114935]: DEBUG cotyledon.oslo_config_glue [-] oslo_limit.service_name = None {{(pid=114935) log_opt_values /opt/stack/data/venv/lib/python3.12/site-packages/oslo_config/cfg.py:3253}}
Jun 17 20:23:00.655581 np0000181542 nova-conductor[114935]: DEBUG cotyledon.oslo_config_glue [-] oslo_limit.service_type = None {{(pid=114935) log_opt_values /opt/stack/data/venv/lib/python3.12/site-packages/oslo_config/cfg.py:3253}}
Jun 17 20:23:00.655581 np0000181542 nova-conductor[114935]: DEBUG cotyledon.oslo_config_glue [-] oslo_limit.split_loggers = False {{(pid=114935) log_opt_values /opt/stack/data/venv/lib/python3.12/site-packages/oslo_config/cfg.py:3253}}
Jun 17 20:23:00.655581 np0000181542 nova-conductor[114935]: DEBUG cotyledon.oslo_config_glue [-] oslo_limit.status_code_retries = None {{(pid=114935) log_opt_values /opt/stack/data/venv/lib/python3.12/site-packages/oslo_config/cfg.py:3253}}
Jun 17 20:23:00.655581 np0000181542 nova-conductor[114935]: DEBUG cotyledon.oslo_config_glue [-] oslo_limit.status_code_retry_delay = None {{(pid=114935) log_opt_values /opt/stack/data/venv/lib/python3.12/site-packages/oslo_config/cfg.py:3253}}
Jun 17 20:23:00.655581 np0000181542 nova-conductor[114935]: DEBUG cotyledon.oslo_config_glue [-] oslo_limit.timeout = None {{(pid=114935) log_opt_values /opt/stack/data/venv/lib/python3.12/site-packages/oslo_config/cfg.py:3253}}
Jun 17 20:23:00.655581 np0000181542 nova-conductor[114935]: DEBUG cotyledon.oslo_config_glue [-] oslo_limit.valid_interfaces = None {{(pid=114935) log_opt_values /opt/stack/data/venv/lib/python3.12/site-packages/oslo_config/cfg.py:3253}}
Jun 17 20:23:00.655581 np0000181542 nova-conductor[114935]: DEBUG cotyledon.oslo_config_glue [-] oslo_limit.version = None {{(pid=114935) log_opt_values /opt/stack/data/venv/lib/python3.12/site-packages/oslo_config/cfg.py:3253}}
Jun 17 20:23:00.655581 np0000181542 nova-conductor[114935]: DEBUG cotyledon.oslo_config_glue [-] oslo_reports.file_event_handler = None {{(pid=114935) log_opt_values /opt/stack/data/venv/lib/python3.12/site-packages/oslo_config/cfg.py:3253}}
Jun 17 20:23:00.655581 np0000181542 nova-conductor[114935]: DEBUG cotyledon.oslo_config_glue [-] oslo_reports.file_event_handler_interval = 1 {{(pid=114935) log_opt_values /opt/stack/data/venv/lib/python3.12/site-packages/oslo_config/cfg.py:3253}}
Jun 17 20:23:00.655803 np0000181542 nova-conductor[114935]: DEBUG cotyledon.oslo_config_glue [-] oslo_reports.log_dir = None {{(pid=114935) log_opt_values /opt/stack/data/venv/lib/python3.12/site-packages/oslo_config/cfg.py:3253}}
Jun 17 20:23:00.655803 np0000181542 nova-conductor[114935]: DEBUG cotyledon.oslo_config_glue [-] ******************************************************************************** {{(pid=114935) log_opt_values /opt/stack/data/venv/lib/python3.12/site-packages/oslo_config/cfg.py:3260}}
Jun 17 20:23:00.655803 np0000181542 nova-conductor[114935]: DEBUG cotyledon._service_worker [-] Run service ServiceWrapper(3) [114935] {{(pid=114935) wait_forever /opt/stack/data/venv/lib/python3.12/site-packages/cotyledon/_service_worker.py:218}}
Jun 17 20:23:00.655803 np0000181542 nova-conductor[114935]: INFO nova.service [-] Starting conductor node (version 33.1.0)
Jun 17 20:23:00.655803 np0000181542 nova-conductor[114935]: INFO dbcounter [None req-6817e218-f688-447b-92fc-c87354b2d7cd None None] Registered counter for database nova_cell0
Jun 17 20:23:00.655929 np0000181542 nova-conductor[114918]: DEBUG oslo_db.sqlalchemy.engines [None req-9eef73f0-8ad5-47b0-9e2f-54bee66eeabd None None] MySQL server mode set to STRICT_TRANS_TABLES,STRICT_ALL_TABLES,NO_ZERO_IN_DATE,NO_ZERO_DATE,ERROR_FOR_DIVISION_BY_ZERO,TRADITIONAL,NO_ENGINE_SUBSTITUTION {{(pid=114918) _check_effective_sql_mode /opt/stack/data/venv/lib/python3.12/site-packages/oslo_db/sqlalchemy/engines.py:325}}
Jun 17 20:23:00.661778 np0000181542 nova-conductor[114918]: DEBUG dbcounter [-] [114918] Writer thread running {{(pid=114918) stat_writer /opt/stack/data/venv/lib/python3.12/site-packages/dbcounter.py:102}}
Jun 17 20:23:00.665401 np0000181542 nova-conductor[114924]: DEBUG oslo_db.sqlalchemy.engines [None req-5e7a4188-1491-4ea2-ab17-e879848c628e None None] MySQL server mode set to STRICT_TRANS_TABLES,STRICT_ALL_TABLES,NO_ZERO_IN_DATE,NO_ZERO_DATE,ERROR_FOR_DIVISION_BY_ZERO,TRADITIONAL,NO_ENGINE_SUBSTITUTION {{(pid=114924) _check_effective_sql_mode /opt/stack/data/venv/lib/python3.12/site-packages/oslo_db/sqlalchemy/engines.py:325}}
Jun 17 20:23:00.670335 np0000181542 nova-conductor[114912]: DEBUG oslo_db.sqlalchemy.engines [None req-628ae668-1f6f-4cfc-870c-143a4f08e034 None None] MySQL server mode set to STRICT_TRANS_TABLES,STRICT_ALL_TABLES,NO_ZERO_IN_DATE,NO_ZERO_DATE,ERROR_FOR_DIVISION_BY_ZERO,TRADITIONAL,NO_ENGINE_SUBSTITUTION {{(pid=114912) _check_effective_sql_mode /opt/stack/data/venv/lib/python3.12/site-packages/oslo_db/sqlalchemy/engines.py:325}}
Jun 17 20:23:00.679158 np0000181542 nova-conductor[114924]: DEBUG dbcounter [-] [114924] Writer thread running {{(pid=114924) stat_writer /opt/stack/data/venv/lib/python3.12/site-packages/dbcounter.py:102}}
Jun 17 20:23:00.682051 np0000181542 nova-conductor[114935]: DEBUG oslo_db.sqlalchemy.engines [None req-6817e218-f688-447b-92fc-c87354b2d7cd None None] MySQL server mode set to STRICT_TRANS_TABLES,STRICT_ALL_TABLES,NO_ZERO_IN_DATE,NO_ZERO_DATE,ERROR_FOR_DIVISION_BY_ZERO,TRADITIONAL,NO_ENGINE_SUBSTITUTION {{(pid=114935) _check_effective_sql_mode /opt/stack/data/venv/lib/python3.12/site-packages/oslo_db/sqlalchemy/engines.py:325}}
Jun 17 20:23:00.682428 np0000181542 nova-conductor[114912]: DEBUG dbcounter [-] [114912] Writer thread running {{(pid=114912) stat_writer /opt/stack/data/venv/lib/python3.12/site-packages/dbcounter.py:102}}
Jun 17 20:23:00.686148 np0000181542 nova-conductor[114918]: DEBUG nova.service [None req-9eef73f0-8ad5-47b0-9e2f-54bee66eeabd None None] Creating RPC server for service: nova-conductor on topic: conductor {{(pid=114918) start /opt/stack/nova/nova/service.py:196}}
Jun 17 20:23:00.686313 np0000181542 nova-conductor[114912]: DEBUG nova.service [None req-628ae668-1f6f-4cfc-870c-143a4f08e034 None None] Creating RPC server for service: nova-conductor on topic: conductor {{(pid=114912) start /opt/stack/nova/nova/service.py:196}}
Jun 17 20:23:00.693996 np0000181542 nova-conductor[114935]: DEBUG dbcounter [-] [114935] Writer thread running {{(pid=114935) stat_writer /opt/stack/data/venv/lib/python3.12/site-packages/dbcounter.py:102}}
Jun 17 20:23:00.698260 np0000181542 nova-conductor[114924]: DEBUG nova.service [None req-5e7a4188-1491-4ea2-ab17-e879848c628e None None] Creating RPC server for service: nova-conductor on topic: conductor {{(pid=114924) start /opt/stack/nova/nova/service.py:196}}
Jun 17 20:23:00.698428 np0000181542 nova-conductor[114935]: DEBUG nova.service [None req-6817e218-f688-447b-92fc-c87354b2d7cd None None] Creating RPC server for service: nova-conductor on topic: conductor {{(pid=114935) start /opt/stack/nova/nova/service.py:196}}
Jun 17 20:23:00.713535 np0000181542 nova-conductor[114918]: DEBUG nova.service [None req-9eef73f0-8ad5-47b0-9e2f-54bee66eeabd None None] Join ServiceGroup membership for this service conductor {{(pid=114918) start /opt/stack/nova/nova/service.py:222}}
Jun 17 20:23:00.713535 np0000181542 nova-conductor[114918]: DEBUG nova.servicegroup.drivers.db [None req-9eef73f0-8ad5-47b0-9e2f-54bee66eeabd None None] DB_Driver: join new ServiceGroup member np0000181542 to the conductor group, service = {{(pid=114918) join /opt/stack/nova/nova/servicegroup/drivers/db.py:44}}
Jun 17 20:23:00.720564 np0000181542 nova-conductor[114912]: DEBUG nova.service [None req-628ae668-1f6f-4cfc-870c-143a4f08e034 None None] Join ServiceGroup membership for this service conductor {{(pid=114912) start /opt/stack/nova/nova/service.py:222}}
Jun 17 20:23:00.720801 np0000181542 nova-conductor[114912]: DEBUG nova.servicegroup.drivers.db [None req-628ae668-1f6f-4cfc-870c-143a4f08e034 None None] DB_Driver: join new ServiceGroup member np0000181542 to the conductor group, service = {{(pid=114912) join /opt/stack/nova/nova/servicegroup/drivers/db.py:44}}
Jun 17 20:23:00.721011 np0000181542 nova-conductor[114935]: DEBUG nova.service [None req-6817e218-f688-447b-92fc-c87354b2d7cd None None] Join ServiceGroup membership for this service conductor {{(pid=114935) start /opt/stack/nova/nova/service.py:222}}
Jun 17 20:23:00.721313 np0000181542 nova-conductor[114935]: DEBUG nova.servicegroup.drivers.db [None req-6817e218-f688-447b-92fc-c87354b2d7cd None None] DB_Driver: join new ServiceGroup member np0000181542 to the conductor group, service = {{(pid=114935) join /opt/stack/nova/nova/servicegroup/drivers/db.py:44}}
Jun 17 20:23:00.721462 np0000181542 nova-conductor[114924]: DEBUG nova.service [None req-5e7a4188-1491-4ea2-ab17-e879848c628e None None] Join ServiceGroup membership for this service conductor {{(pid=114924) start /opt/stack/nova/nova/service.py:222}}
Jun 17 20:23:00.721708 np0000181542 nova-conductor[114924]: DEBUG nova.servicegroup.drivers.db [None req-5e7a4188-1491-4ea2-ab17-e879848c628e None None] DB_Driver: join new ServiceGroup member np0000181542 to the conductor group, service = {{(pid=114924) join /opt/stack/nova/nova/servicegroup/drivers/db.py:44}}
Jun 17 20:23:04.724615 np0000181542 nova-conductor[114924]: DEBUG oslo.service.backend._threading.loopingcall [None req-02213ea4-22c3-474f-aff8-179afb8768a5 None None] Dynamic interval looping call 'nova.service.Service.periodic_tasks' sleeping for 60.00 seconds {{(pid=114924) _run_loop /opt/stack/data/venv/lib/python3.12/site-packages/oslo_service/backend/_threading/loopingcall.py:125}}
Jun 17 20:23:05.737219 np0000181542 nova-conductor[114918]: DEBUG oslo.service.backend._threading.loopingcall [-] Fixed interval looping call 'nova.servicegroup.drivers.db.DbDriver._report_state' sleeping for 119.98 seconds {{(pid=114918) _run_loop /opt/stack/data/venv/lib/python3.12/site-packages/oslo_service/backend/_threading/loopingcall.py:125}}
Jun 17 20:23:05.737991 np0000181542 nova-conductor[114924]: DEBUG oslo.service.backend._threading.loopingcall [-] Fixed interval looping call 'nova.servicegroup.drivers.db.DbDriver._report_state' sleeping for 119.99 seconds {{(pid=114924) _run_loop /opt/stack/data/venv/lib/python3.12/site-packages/oslo_service/backend/_threading/loopingcall.py:125}}
Jun 17 20:23:05.739399 np0000181542 nova-conductor[114935]: DEBUG oslo.service.backend._threading.loopingcall [-] Fixed interval looping call 'nova.servicegroup.drivers.db.DbDriver._report_state' sleeping for 119.98 seconds {{(pid=114935) _run_loop /opt/stack/data/venv/lib/python3.12/site-packages/oslo_service/backend/_threading/loopingcall.py:125}}
Jun 17 20:23:05.740689 np0000181542 nova-conductor[114912]: DEBUG oslo.service.backend._threading.loopingcall [-] Fixed interval looping call 'nova.servicegroup.drivers.db.DbDriver._report_state' sleeping for 119.98 seconds {{(pid=114912) _run_loop /opt/stack/data/venv/lib/python3.12/site-packages/oslo_service/backend/_threading/loopingcall.py:125}}
Jun 17 20:23:09.241151 np0000181542 nova-conductor[114159]: DEBUG dbcounter [-] [114159] Writing DB stats nova_api:SELECT=1 {{(pid=114159) stat_writer /opt/stack/data/venv/lib/python3.12/site-packages/dbcounter.py:115}}
Jun 17 20:23:09.423160 np0000181542 nova-conductor[114159]: DEBUG dbcounter [-] [114159] Writing DB stats nova_cell0:SELECT=1 {{(pid=114159) stat_writer /opt/stack/data/venv/lib/python3.12/site-packages/dbcounter.py:115}}
Jun 17 20:23:09.423160 np0000181542 nova-conductor[114159]: DEBUG dbcounter [-] [114159] Writing DB stats nova_cell1:SELECT=1 {{(pid=114159) stat_writer /opt/stack/data/venv/lib/python3.12/site-packages/dbcounter.py:115}}
Jun 17 20:23:15.726780 np0000181542 nova-conductor[114918]: DEBUG dbcounter [-] [114918] Writing DB stats nova_cell0:SELECT=4,nova_cell0:INSERT=1,nova_cell0:UPDATE=1 {{(pid=114918) stat_writer /opt/stack/data/venv/lib/python3.12/site-packages/dbcounter.py:115}}
Jun 17 20:23:15.733161 np0000181542 nova-conductor[114924]: DEBUG dbcounter [-] [114924] Writing DB stats nova_cell0:SELECT=4,nova_cell0:INSERT=1,nova_cell0:UPDATE=1 {{(pid=114924) stat_writer /opt/stack/data/venv/lib/python3.12/site-packages/dbcounter.py:115}}
Jun 17 20:23:15.738387 np0000181542 nova-conductor[114935]: DEBUG dbcounter [-] [114935] Writing DB stats nova_cell0:SELECT=3,nova_cell0:UPDATE=1 {{(pid=114935) stat_writer /opt/stack/data/venv/lib/python3.12/site-packages/dbcounter.py:115}}
Jun 17 20:23:15.739152 np0000181542 nova-conductor[114912]: DEBUG dbcounter [-] [114912] Writing DB stats nova_cell0:SELECT=3,nova_cell0:UPDATE=1 {{(pid=114912) stat_writer /opt/stack/data/venv/lib/python3.12/site-packages/dbcounter.py:115}}
Jun 17 20:23:19.718073 np0000181542 nova-conductor[114918]: DEBUG oslo.service.backend._threading.loopingcall [None req-c5c21ffc-6dbe-4407-826e-6e225e758afe None None] Dynamic interval looping call 'nova.service.Service.periodic_tasks' sleeping for 60.00 seconds {{(pid=114918) _run_loop /opt/stack/data/venv/lib/python3.12/site-packages/oslo_service/backend/_threading/loopingcall.py:125}}
Jun 17 20:23:50.725213 np0000181542 nova-conductor[114935]: DEBUG oslo.service.backend._threading.loopingcall [None req-b836f50a-7dec-4d20-80c2-8e90dff81082 None None] Dynamic interval looping call 'nova.service.Service.periodic_tasks' sleeping for 60.00 seconds {{(pid=114935) _run_loop /opt/stack/data/venv/lib/python3.12/site-packages/oslo_service/backend/_threading/loopingcall.py:125}}
Jun 17 20:23:52.723574 np0000181542 nova-conductor[114912]: DEBUG oslo.service.backend._threading.loopingcall [None req-d02ae0e4-b778-4cbc-bb28-9f286831635e None None] Dynamic interval looping call 'nova.service.Service.periodic_tasks' sleeping for 60.00 seconds {{(pid=114912) _run_loop /opt/stack/data/venv/lib/python3.12/site-packages/oslo_service/backend/_threading/loopingcall.py:125}}
Jun 17 20:24:04.725533 np0000181542 nova-conductor[114924]: DEBUG oslo.service.backend._threading.loopingcall [None req-02213ea4-22c3-474f-aff8-179afb8768a5 None None] Dynamic interval looping call 'nova.service.Service.periodic_tasks' sleeping for 60.00 seconds {{(pid=114924) _run_loop /opt/stack/data/venv/lib/python3.12/site-packages/oslo_service/backend/_threading/loopingcall.py:125}}
Jun 17 20:24:19.719203 np0000181542 nova-conductor[114918]: DEBUG oslo.service.backend._threading.loopingcall [None req-c5c21ffc-6dbe-4407-826e-6e225e758afe None None] Dynamic interval looping call 'nova.service.Service.periodic_tasks' sleeping for 60.00 seconds {{(pid=114918) _run_loop /opt/stack/data/venv/lib/python3.12/site-packages/oslo_service/backend/_threading/loopingcall.py:125}}
Jun 17 20:24:50.725652 np0000181542 nova-conductor[114935]: DEBUG oslo.service.backend._threading.loopingcall [None req-b836f50a-7dec-4d20-80c2-8e90dff81082 None None] Dynamic interval looping call 'nova.service.Service.periodic_tasks' sleeping for 60.00 seconds {{(pid=114935) _run_loop /opt/stack/data/venv/lib/python3.12/site-packages/oslo_service/backend/_threading/loopingcall.py:125}}
Jun 17 20:24:52.724527 np0000181542 nova-conductor[114912]: DEBUG oslo.service.backend._threading.loopingcall [None req-d02ae0e4-b778-4cbc-bb28-9f286831635e None None] Dynamic interval looping call 'nova.service.Service.periodic_tasks' sleeping for 60.00 seconds {{(pid=114912) _run_loop /opt/stack/data/venv/lib/python3.12/site-packages/oslo_service/backend/_threading/loopingcall.py:125}}
Jun 17 20:25:04.726218 np0000181542 nova-conductor[114924]: DEBUG oslo.service.backend._threading.loopingcall [None req-02213ea4-22c3-474f-aff8-179afb8768a5 None None] Dynamic interval looping call 'nova.service.Service.periodic_tasks' sleeping for 60.00 seconds {{(pid=114924) _run_loop /opt/stack/data/venv/lib/python3.12/site-packages/oslo_service/backend/_threading/loopingcall.py:125}}
Jun 17 20:25:05.731455 np0000181542 nova-conductor[114918]: DEBUG oslo.service.backend._threading.loopingcall [-] Fixed interval looping call 'nova.servicegroup.drivers.db.DbDriver._report_state' sleeping for 119.99 seconds {{(pid=114918) _run_loop /opt/stack/data/venv/lib/python3.12/site-packages/oslo_service/backend/_threading/loopingcall.py:125}}
Jun 17 20:25:05.732365 np0000181542 nova-conductor[114935]: DEBUG oslo.service.backend._threading.loopingcall [-] Fixed interval looping call 'nova.servicegroup.drivers.db.DbDriver._report_state' sleeping for 119.99 seconds {{(pid=114935) _run_loop /opt/stack/data/venv/lib/python3.12/site-packages/oslo_service/backend/_threading/loopingcall.py:125}}
Jun 17 20:25:05.732798 np0000181542 nova-conductor[114912]: DEBUG oslo.service.backend._threading.loopingcall [-] Fixed interval looping call 'nova.servicegroup.drivers.db.DbDriver._report_state' sleeping for 119.99 seconds {{(pid=114912) _run_loop /opt/stack/data/venv/lib/python3.12/site-packages/oslo_service/backend/_threading/loopingcall.py:125}}
Jun 17 20:25:05.736267 np0000181542 nova-conductor[114924]: DEBUG oslo.service.backend._threading.loopingcall [-] Fixed interval looping call 'nova.servicegroup.drivers.db.DbDriver._report_state' sleeping for 119.99 seconds {{(pid=114924) _run_loop /opt/stack/data/venv/lib/python3.12/site-packages/oslo_service/backend/_threading/loopingcall.py:125}}
Jun 17 20:25:15.724755 np0000181542 nova-conductor[114935]: DEBUG dbcounter [-] [114935] Writing DB stats nova_cell0:SELECT=1,nova_cell0:UPDATE=1 {{(pid=114935) stat_writer /opt/stack/data/venv/lib/python3.12/site-packages/dbcounter.py:115}}
Jun 17 20:25:15.726428 np0000181542 nova-conductor[114918]: DEBUG dbcounter [-] [114918] Writing DB stats nova_cell0:SELECT=1,nova_cell0:UPDATE=1 {{(pid=114918) stat_writer /opt/stack/data/venv/lib/python3.12/site-packages/dbcounter.py:115}}
Jun 17 20:25:15.727242 np0000181542 nova-conductor[114912]: DEBUG dbcounter [-] [114912] Writing DB stats nova_cell0:SELECT=1,nova_cell0:UPDATE=1 {{(pid=114912) stat_writer /opt/stack/data/venv/lib/python3.12/site-packages/dbcounter.py:115}}
Jun 17 20:25:15.734027 np0000181542 nova-conductor[114924]: DEBUG dbcounter [-] [114924] Writing DB stats nova_cell0:SELECT=1 {{(pid=114924) stat_writer /opt/stack/data/venv/lib/python3.12/site-packages/dbcounter.py:115}}
Jun 17 20:25:19.719921 np0000181542 nova-conductor[114918]: DEBUG oslo.service.backend._threading.loopingcall [None req-c5c21ffc-6dbe-4407-826e-6e225e758afe None None] Dynamic interval looping call 'nova.service.Service.periodic_tasks' sleeping for 60.00 seconds {{(pid=114918) _run_loop /opt/stack/data/venv/lib/python3.12/site-packages/oslo_service/backend/_threading/loopingcall.py:125}}
Jun 17 20:25:50.726420 np0000181542 nova-conductor[114935]: DEBUG oslo.service.backend._threading.loopingcall [None req-b836f50a-7dec-4d20-80c2-8e90dff81082 None None] Dynamic interval looping call 'nova.service.Service.periodic_tasks' sleeping for 60.00 seconds {{(pid=114935) _run_loop /opt/stack/data/venv/lib/python3.12/site-packages/oslo_service/backend/_threading/loopingcall.py:125}}
Jun 17 20:25:52.725233 np0000181542 nova-conductor[114912]: DEBUG oslo.service.backend._threading.loopingcall [None req-d02ae0e4-b778-4cbc-bb28-9f286831635e None None] Dynamic interval looping call 'nova.service.Service.periodic_tasks' sleeping for 60.00 seconds {{(pid=114912) _run_loop /opt/stack/data/venv/lib/python3.12/site-packages/oslo_service/backend/_threading/loopingcall.py:125}}
Jun 17 20:26:04.726823 np0000181542 nova-conductor[114924]: DEBUG oslo.service.backend._threading.loopingcall [None req-02213ea4-22c3-474f-aff8-179afb8768a5 None None] Dynamic interval looping call 'nova.service.Service.periodic_tasks' sleeping for 60.00 seconds {{(pid=114924) _run_loop /opt/stack/data/venv/lib/python3.12/site-packages/oslo_service/backend/_threading/loopingcall.py:125}}
Jun 17 20:26:19.721178 np0000181542 nova-conductor[114918]: DEBUG oslo.service.backend._threading.loopingcall [None req-c5c21ffc-6dbe-4407-826e-6e225e758afe None None] Dynamic interval looping call 'nova.service.Service.periodic_tasks' sleeping for 60.00 seconds {{(pid=114918) _run_loop /opt/stack/data/venv/lib/python3.12/site-packages/oslo_service/backend/_threading/loopingcall.py:125}}
Jun 17 20:26:50.727757 np0000181542 nova-conductor[114935]: DEBUG oslo.service.backend._threading.loopingcall [None req-b836f50a-7dec-4d20-80c2-8e90dff81082 None None] Dynamic interval looping call 'nova.service.Service.periodic_tasks' sleeping for 60.00 seconds {{(pid=114935) _run_loop /opt/stack/data/venv/lib/python3.12/site-packages/oslo_service/backend/_threading/loopingcall.py:125}}
Jun 17 20:26:52.725750 np0000181542 nova-conductor[114912]: DEBUG oslo.service.backend._threading.loopingcall [None req-d02ae0e4-b778-4cbc-bb28-9f286831635e None None] Dynamic interval looping call 'nova.service.Service.periodic_tasks' sleeping for 60.00 seconds {{(pid=114912) _run_loop /opt/stack/data/venv/lib/python3.12/site-packages/oslo_service/backend/_threading/loopingcall.py:125}}
Jun 17 20:27:04.727617 np0000181542 nova-conductor[114924]: DEBUG oslo.service.backend._threading.loopingcall [None req-02213ea4-22c3-474f-aff8-179afb8768a5 None None] Dynamic interval looping call 'nova.service.Service.periodic_tasks' sleeping for 60.00 seconds {{(pid=114924) _run_loop /opt/stack/data/venv/lib/python3.12/site-packages/oslo_service/backend/_threading/loopingcall.py:125}}
Jun 17 20:27:05.733231 np0000181542 nova-conductor[114935]: DEBUG oslo.service.backend._threading.loopingcall [-] Fixed interval looping call 'nova.servicegroup.drivers.db.DbDriver._report_state' sleeping for 119.99 seconds {{(pid=114935) _run_loop /opt/stack/data/venv/lib/python3.12/site-packages/oslo_service/backend/_threading/loopingcall.py:125}}
Jun 17 20:27:05.734000 np0000181542 nova-conductor[114918]: DEBUG oslo.service.backend._threading.loopingcall [-] Fixed interval looping call 'nova.servicegroup.drivers.db.DbDriver._report_state' sleeping for 119.99 seconds {{(pid=114918) _run_loop /opt/stack/data/venv/lib/python3.12/site-packages/oslo_service/backend/_threading/loopingcall.py:125}}
Jun 17 20:27:05.734921 np0000181542 nova-conductor[114912]: DEBUG oslo.service.backend._threading.loopingcall [-] Fixed interval looping call 'nova.servicegroup.drivers.db.DbDriver._report_state' sleeping for 119.99 seconds {{(pid=114912) _run_loop /opt/stack/data/venv/lib/python3.12/site-packages/oslo_service/backend/_threading/loopingcall.py:125}}
Jun 17 20:27:05.736746 np0000181542 nova-conductor[114924]: DEBUG oslo.service.backend._threading.loopingcall [-] Fixed interval looping call 'nova.servicegroup.drivers.db.DbDriver._report_state' sleeping for 119.99 seconds {{(pid=114924) _run_loop /opt/stack/data/venv/lib/python3.12/site-packages/oslo_service/backend/_threading/loopingcall.py:125}}
Jun 17 20:27:15.726880 np0000181542 nova-conductor[114918]: DEBUG dbcounter [-] [114918] Writing DB stats nova_cell0:SELECT=1,nova_cell0:UPDATE=1 {{(pid=114918) stat_writer /opt/stack/data/venv/lib/python3.12/site-packages/dbcounter.py:115}}
Jun 17 20:27:15.727567 np0000181542 nova-conductor[114935]: DEBUG dbcounter [-] [114935] Writing DB stats nova_cell0:SELECT=1,nova_cell0:UPDATE=1 {{(pid=114935) stat_writer /opt/stack/data/venv/lib/python3.12/site-packages/dbcounter.py:115}}
Jun 17 20:27:15.728192 np0000181542 nova-conductor[114912]: DEBUG dbcounter [-] [114912] Writing DB stats nova_cell0:SELECT=1,nova_cell0:UPDATE=1 {{(pid=114912) stat_writer /opt/stack/data/venv/lib/python3.12/site-packages/dbcounter.py:115}}
Jun 17 20:27:15.732287 np0000181542 nova-conductor[114924]: DEBUG dbcounter [-] [114924] Writing DB stats nova_cell0:SELECT=1,nova_cell0:UPDATE=1 {{(pid=114924) stat_writer /opt/stack/data/venv/lib/python3.12/site-packages/dbcounter.py:115}}
