2026-06-14 00:07:11.566 7 INFO placement.requestlog [req-69d144d1-e64f-42f2-92ef-d430eea980c9 req-af897ce6-c118-41ea-b938-833dac641c41 3bf1b9c8db174c7d92958067eb43ff16 edcc23e1055842fb90ed6002336b7822 - - 4cef6ab3ba934616adaef9630e698264 4cef6ab3ba934616adaef9630e698264] 199.204.45.132 "GET /resource_providers/f86004c5-fbeb-4cbe-9bec-c9a16a2a836c/allocations" status: 200 len: 138 microversion: 1.0 [pid: 7|app: 0|req: 391/783] 199.204.45.132 () {32 vars in 857 bytes} [Sun Jun 14 00:07:11 2026] GET /resource_providers/f86004c5-fbeb-4cbe-9bec-c9a16a2a836c/allocations => generated 138 bytes in 39 msecs (HTTP/1.1 200) 6 headers in 224 bytes (1 switches on core 0)
2026-06-14 00:07:11.586 8 INFO placement.requestlog [req-69d144d1-e64f-42f2-92ef-d430eea980c9 req-90479581-2c92-424f-8c2e-297506aaa1ff 3bf1b9c8db174c7d92958067eb43ff16 edcc23e1055842fb90ed6002336b7822 - - 4cef6ab3ba934616adaef9630e698264 4cef6ab3ba934616adaef9630e698264] 199.204.45.132 "GET /allocations/26372846-ebcb-45fb-aaf4-74f366d17439" status: 200 len: 243 microversion: 1.28 [pid: 8|app: 0|req: 393/784] 199.204.45.132 () {34 vars in 863 bytes} [Sun Jun 14 00:07:11 2026] GET /allocations/26372846-ebcb-45fb-aaf4-74f366d17439 => generated 243 bytes in 13 msecs (HTTP/1.1 200) 8 headers in 296 bytes (1 switches on core 0)
2026-06-14 00:07:13.496 7 INFO placement.requestlog [None req-af4a9c66-74c4-492e-8dbd-150d9333fee0 eeaac6e8df77490a88856fe5ebcaf8ec edcc23e1055842fb90ed6002336b7822 - - 4cef6ab3ba934616adaef9630e698264 4cef6ab3ba934616adaef9630e698264] 10.0.0.31 "GET /resource_providers/e619bb38-5f6a-48ef-992e-a7080e65f5ee/aggregates" status: 404 len: 235 microversion: 1.1 [pid: 7|app: 0|req: 392/785] 10.0.0.31 () {32 vars in 815 bytes} [Sun Jun 14 00:07:13 2026] GET /resource_providers/e619bb38-5f6a-48ef-992e-a7080e65f5ee/aggregates => generated 235 bytes in 8 msecs (HTTP/1.1 404) 5 headers in 202 bytes (1 switches on core 0)
2026-06-14 00:07:13.501 8 INFO placement.requestlog [None req-04dde3a6-dc70-44e4-bccb-71dfb7b33584 eeaac6e8df77490a88856fe5ebcaf8ec edcc23e1055842fb90ed6002336b7822 - - 4cef6ab3ba934616adaef9630e698264 4cef6ab3ba934616adaef9630e698264] 10.0.0.31 "GET /resource_providers/e619bb38-5f6a-48ef-992e-a7080e65f5ee/aggregates" status: 404 len: 235 microversion: 1.1 [pid: 8|app: 0|req: 394/786] 10.0.0.31 () {32 vars in 815 bytes} [Sun Jun 14 00:07:13 2026] GET /resource_providers/e619bb38-5f6a-48ef-992e-a7080e65f5ee/aggregates => generated 235 bytes in 12 msecs (HTTP/1.1 404) 5 headers in 202 bytes (1 switches on core 0)
2026-06-14 00:07:13.524 8 INFO placement.requestlog [None req-88c05043-b490-4e57-b159-b0e4664e3272 eeaac6e8df77490a88856fe5ebcaf8ec edcc23e1055842fb90ed6002336b7822 - - 4cef6ab3ba934616adaef9630e698264 4cef6ab3ba934616adaef9630e698264] 10.0.0.31 "DELETE /resource_providers/e619bb38-5f6a-48ef-992e-a7080e65f5ee" status: 404 len: 246 microversion: 1.1 [pid: 8|app: 0|req: 395/787] 10.0.0.31 () {34 vars in 815 bytes} [Sun Jun 14 00:07:13 2026] DELETE /resource_providers/e619bb38-5f6a-48ef-992e-a7080e65f5ee => generated 246 bytes in 7 msecs (HTTP/1.1 404) 6 headers in 231 bytes (1 switches on core 0)
2026-06-14 00:07:13.526 7 INFO placement.requestlog [None req-14aa5ab8-b937-4fee-b5e2-39d70455ecdb eeaac6e8df77490a88856fe5ebcaf8ec edcc23e1055842fb90ed6002336b7822 - - 4cef6ab3ba934616adaef9630e698264 4cef6ab3ba934616adaef9630e698264] 10.0.0.31 "DELETE /resource_providers/e619bb38-5f6a-48ef-992e-a7080e65f5ee" status: 404 len: 246 microversion: 1.1 [pid: 7|app: 0|req: 393/788] 10.0.0.31 () {34 vars in 815 bytes} [Sun Jun 14 00:07:13 2026] DELETE /resource_providers/e619bb38-5f6a-48ef-992e-a7080e65f5ee => generated 246 bytes in 15 msecs (HTTP/1.1 404) 6 headers in 231 bytes (1 switches on core 0)
2026-06-14 00:07:15.536 7 INFO placement.requestlog [None req-4960dbc0-ed1a-4768-9cd7-d2636223c34b - - - - - -] 10.0.0.58 "GET /" status: 200 len: 136 microversion: 1.0
2026-06-14 00:07:15.536 8 INFO placement.requestlog [None req-115f693c-074e-4b3f-8db0-ba2d1c61242a - - - - - -] 10.0.0.58 "GET /" status: 200 len: 136 microversion: 1.0
2026-06-14 00:07:15.812 7 INFO placement.requestlog [None req-ae912e49-f02a-4fed-9336-03e770d84449 eeaac6e8df77490a88856fe5ebcaf8ec edcc23e1055842fb90ed6002336b7822 - - 4cef6ab3ba934616adaef9630e698264 4cef6ab3ba934616adaef9630e698264] 10.0.0.31 "GET /resource_providers/7285e298-62f2-4b5a-8615-0a0469aac035/aggregates" status: 404 len: 235 microversion: 1.1 [pid: 7|app: 0|req: 395/791] 10.0.0.31 () {32 vars in 815 bytes} [Sun Jun 14 00:07:15 2026] GET /resource_providers/7285e298-62f2-4b5a-8615-0a0469aac035/aggregates => generated 235 bytes in 11 msecs (HTTP/1.1 404) 5 headers in 202 bytes (1 switches on core 0)
2026-06-14 00:07:15.818 8 INFO placement.requestlog [None req-c6c51351-a9e8-4447-8603-4f04743c76b4 eeaac6e8df77490a88856fe5ebcaf8ec edcc23e1055842fb90ed6002336b7822 - - 4cef6ab3ba934616adaef9630e698264 4cef6ab3ba934616adaef9630e698264] 10.0.0.31 "GET /resource_providers/7285e298-62f2-4b5a-8615-0a0469aac035/aggregates" status: 404 len: 235 microversion: 1.1 [pid: 8|app: 0|req: 397/792] 10.0.0.31 () {32 vars in 815 bytes} [Sun Jun 14 00:07:15 2026] GET /resource_providers/7285e298-62f2-4b5a-8615-0a0469aac035/aggregates => generated 235 bytes in 10 msecs (HTTP/1.1 404) 5 headers in 202 bytes (1 switches on core 0)
2026-06-14 00:07:15.841 8 INFO placement.requestlog [None req-0d5c5cc3-9a74-4d30-b509-e5f6ad3c5bd7 eeaac6e8df77490a88856fe5ebcaf8ec edcc23e1055842fb90ed6002336b7822 - - 4cef6ab3ba934616adaef9630e698264 4cef6ab3ba934616adaef9630e698264] 10.0.0.31 "DELETE /resource_providers/7285e298-62f2-4b5a-8615-0a0469aac035" status: 404 len: 246 microversion: 1.1 [pid: 8|app: 0|req: 398/793] 10.0.0.31 () {34 vars in 815 bytes} [Sun Jun 14 00:07:15 2026] DELETE /resource_providers/7285e298-62f2-4b5a-8615-0a0469aac035 => generated 246 bytes in 10 msecs (HTTP/1.1 404) 6 headers in 231 bytes (1 switches on core 0)
2026-06-14 00:07:15.841 7 INFO placement.requestlog [None req-63e6b5ad-bd9b-41b3-abab-dae077723a0c eeaac6e8df77490a88856fe5ebcaf8ec edcc23e1055842fb90ed6002336b7822 - - 4cef6ab3ba934616adaef9630e698264 4cef6ab3ba934616adaef9630e698264] 10.0.0.31 "DELETE /resource_providers/7285e298-62f2-4b5a-8615-0a0469aac035" status: 404 len: 246 microversion: 1.1 [pid: 7|app: 0|req: 396/794] 10.0.0.31 () {34 vars in 815 bytes} [Sun Jun 14 00:07:15 2026] DELETE /resource_providers/7285e298-62f2-4b5a-8615-0a0469aac035 => generated 246 bytes in 13 msecs (HTTP/1.1 404) 6 headers in 231 bytes (1 switches on core 0)
2026-06-14 00:07:17.877 8 INFO placement.requestlog [None req-206fc392-2a0d-4504-ad25-3cc75911a897 eeaac6e8df77490a88856fe5ebcaf8ec edcc23e1055842fb90ed6002336b7822 - - 4cef6ab3ba934616adaef9630e698264 4cef6ab3ba934616adaef9630e698264] 10.0.0.31 "GET /resource_providers/8eda1909-1767-4eaa-abc0-4fbd43b8a093/aggregates" status: 404 len: 235 microversion: 1.1 [pid: 8|app: 0|req: 399/795] 10.0.0.31 () {32 vars in 815 bytes} [Sun Jun 14 00:07:17 2026] GET /resource_providers/8eda1909-1767-4eaa-abc0-4fbd43b8a093/aggregates => generated 235 bytes in 13 msecs (HTTP/1.1 404) 5 headers in 202 bytes (1 switches on core 0)
2026-06-14 00:07:17.883 7 INFO placement.requestlog [None req-7aeaa66f-6256-47fd-b5d8-4cd59dd3999f eeaac6e8df77490a88856fe5ebcaf8ec edcc23e1055842fb90ed6002336b7822 - - 4cef6ab3ba934616adaef9630e698264 4cef6ab3ba934616adaef9630e698264] 10.0.0.31 "GET /resource_providers/8eda1909-1767-4eaa-abc0-4fbd43b8a093/aggregates" status: 404 len: 235 microversion: 1.1 [pid: 7|app: 0|req: 397/796] 10.0.0.31 () {32 vars in 815 bytes} [Sun Jun 14 00:07:17 2026] GET /resource_providers/8eda1909-1767-4eaa-abc0-4fbd43b8a093/aggregates => generated 235 bytes in 9 msecs (HTTP/1.1 404) 5 headers in 202 bytes (1 switches on core 0)
2026-06-14 00:07:17.905 8 INFO placement.requestlog [None req-f00238b9-43b9-4823-9515-7f3903152572 eeaac6e8df77490a88856fe5ebcaf8ec edcc23e1055842fb90ed6002336b7822 - - 4cef6ab3ba934616adaef9630e698264 4cef6ab3ba934616adaef9630e698264] 10.0.0.31 "DELETE /resource_providers/8eda1909-1767-4eaa-abc0-4fbd43b8a093" status: 404 len: 246 microversion: 1.1 [pid: 8|app: 0|req: 400/797] 10.0.0.31 () {34 vars in 815 bytes} [Sun Jun 14 00:07:17 2026] DELETE /resource_providers/8eda1909-1767-4eaa-abc0-4fbd43b8a093 => generated 246 bytes in 11 msecs (HTTP/1.1 404) 6 headers in 231 bytes (1 switches on core 0)
2026-06-14 00:07:17.908 7 INFO placement.requestlog [None req-9dc730cf-919c-493a-bde2-9741d790d0a2 eeaac6e8df77490a88856fe5ebcaf8ec edcc23e1055842fb90ed6002336b7822 - - 4cef6ab3ba934616adaef9630e698264 4cef6ab3ba934616adaef9630e698264] 10.0.0.31 "DELETE /resource_providers/8eda1909-1767-4eaa-abc0-4fbd43b8a093" status: 404 len: 246 microversion: 1.1 [pid: 7|app: 0|req: 398/798] 10.0.0.31 () {34 vars in 815 bytes} [Sun Jun 14 00:07:17 2026] DELETE /resource_providers/8eda1909-1767-4eaa-abc0-4fbd43b8a093 => generated 246 bytes in 11 msecs (HTTP/1.1 404) 6 headers in 231 bytes (1 switches on core 0)
2026-06-14 00:07:19.931 7 INFO placement.requestlog [None req-bcbac2cb-6480-4932-bcfd-d8a3846c38a9 eeaac6e8df77490a88856fe5ebcaf8ec edcc23e1055842fb90ed6002336b7822 - - 4cef6ab3ba934616adaef9630e698264 4cef6ab3ba934616adaef9630e698264] 10.0.0.31 "GET /resource_providers/84013440-d144-465a-b3f1-0698be7223ce/aggregates" status: 404 len: 235 microversion: 1.1 [pid: 7|app: 0|req: 399/799] 10.0.0.31 () {32 vars in 815 bytes} [Sun Jun 14 00:07:19 2026] GET /resource_providers/84013440-d144-465a-b3f1-0698be7223ce/aggregates => generated 235 bytes in 9 msecs (HTTP/1.1 404) 5 headers in 202 bytes (1 switches on core 0)
2026-06-14 00:07:19.932 8 INFO placement.requestlog [None req-8ce8b33b-a9bd-4d49-a03d-fe2032586f2e eeaac6e8df77490a88856fe5ebcaf8ec edcc23e1055842fb90ed6002336b7822 - - 4cef6ab3ba934616adaef9630e698264 4cef6ab3ba934616adaef9630e698264] 10.0.0.31 "GET /resource_providers/84013440-d144-465a-b3f1-0698be7223ce/aggregates" status: 404 len: 235 microversion: 1.1 [pid: 8|app: 0|req: 401/800] 10.0.0.31 () {32 vars in 815 bytes} [Sun Jun 14 00:07:19 2026] GET /resource_providers/84013440-d144-465a-b3f1-0698be7223ce/aggregates => generated 235 bytes in 11 msecs (HTTP/1.1 404) 5 headers in 202 bytes (1 switches on core 0)
2026-06-14 00:07:19.956 8 INFO placement.requestlog [None req-ad3c6da6-b795-478a-b424-69323a3d6e77 eeaac6e8df77490a88856fe5ebcaf8ec edcc23e1055842fb90ed6002336b7822 - - 4cef6ab3ba934616adaef9630e698264 4cef6ab3ba934616adaef9630e698264] 10.0.0.31 "DELETE /resource_providers/84013440-d144-465a-b3f1-0698be7223ce" status: 404 len: 246 microversion: 1.1 [pid: 8|app: 0|req: 402/801] 10.0.0.31 () {34 vars in 815 bytes} [Sun Jun 14 00:07:19 2026] DELETE /resource_providers/84013440-d144-465a-b3f1-0698be7223ce => generated 246 bytes in 10 msecs (HTTP/1.1 404) 6 headers in 231 bytes (1 switches on core 0)
2026-06-14 00:07:19.958 7 INFO placement.requestlog [None req-668d598e-eb51-4ca2-bfe2-d9f8c7ada9f2 eeaac6e8df77490a88856fe5ebcaf8ec edcc23e1055842fb90ed6002336b7822 - - 4cef6ab3ba934616adaef9630e698264 4cef6ab3ba934616adaef9630e698264] 10.0.0.31 "DELETE /resource_providers/84013440-d144-465a-b3f1-0698be7223ce" status: 404 len: 246 microversion: 1.1 [pid: 7|app: 0|req: 400/802] 10.0.0.31 () {34 vars in 815 bytes} [Sun Jun 14 00:07:19 2026] DELETE /resource_providers/84013440-d144-465a-b3f1-0698be7223ce => generated 246 bytes in 13 msecs (HTTP/1.1 404) 6 headers in 231 bytes (1 switches on core 0)
2026-06-14 00:07:19.963 8 INFO placement.requestlog [None req-4a28578e-890c-465e-93e4-49abd5a76276 eeaac6e8df77490a88856fe5ebcaf8ec edcc23e1055842fb90ed6002336b7822 - - 4cef6ab3ba934616adaef9630e698264 4cef6ab3ba934616adaef9630e698264] 10.0.0.31 "GET /resource_providers/9aae77ea-efc8-4f54-91be-ee278aa8f5b0/aggregates" status: 404 len: 235 microversion: 1.1 [pid: 8|app: 0|req: 403/803] 10.0.0.31 () {32 vars in 815 bytes} [Sun Jun 14 00:07:19 2026] GET /resource_providers/9aae77ea-efc8-4f54-91be-ee278aa8f5b0/aggregates => generated 235 bytes in 5 msecs (HTTP/1.1 404) 5 headers in 202 bytes (1 switches on core 0)
2026-06-14 00:07:19.968 7 INFO placement.requestlog [None req-e90c2422-e9ff-4b68-ba29-f527feaa0f56 eeaac6e8df77490a88856fe5ebcaf8ec edcc23e1055842fb90ed6002336b7822 - - 4cef6ab3ba934616adaef9630e698264 4cef6ab3ba934616adaef9630e698264] 10.0.0.31 "GET /resource_providers/9aae77ea-efc8-4f54-91be-ee278aa8f5b0/aggregates" status: 404 len: 235 microversion: 1.1 [pid: 7|app: 0|req: 401/804] 10.0.0.31 () {32 vars in 815 bytes} [Sun Jun 14 00:07:19 2026] GET /resource_providers/9aae77ea-efc8-4f54-91be-ee278aa8f5b0/aggregates => generated 235 bytes in 9 msecs (HTTP/1.1 404) 5 headers in 202 bytes (1 switches on core 0)
2026-06-14 00:07:19.987 8 INFO placement.requestlog [None req-69cf9563-47fb-42fb-9545-6709a718adeb eeaac6e8df77490a88856fe5ebcaf8ec edcc23e1055842fb90ed6002336b7822 - - 4cef6ab3ba934616adaef9630e698264 4cef6ab3ba934616adaef9630e698264] 10.0.0.31 "DELETE /resource_providers/9aae77ea-efc8-4f54-91be-ee278aa8f5b0" status: 404 len: 246 microversion: 1.1 [pid: 8|app: 0|req: 404/805] 10.0.0.31 () {34 vars in 815 bytes} [Sun Jun 14 00:07:19 2026] DELETE /resource_providers/9aae77ea-efc8-4f54-91be-ee278aa8f5b0 => generated 246 bytes in 8 msecs (HTTP/1.1 404) 6 headers in 231 bytes (1 switches on core 0)
2026-06-14 00:07:19.989 7 INFO placement.requestlog [None req-9d4c7b7b-051a-4032-a561-5f332eb7f8dd eeaac6e8df77490a88856fe5ebcaf8ec edcc23e1055842fb90ed6002336b7822 - - 4cef6ab3ba934616adaef9630e698264 4cef6ab3ba934616adaef9630e698264] 10.0.0.31 "DELETE /resource_providers/9aae77ea-efc8-4f54-91be-ee278aa8f5b0" status: 404 len: 246 microversion: 1.1 [pid: 7|app: 0|req: 402/806] 10.0.0.31 () {34 vars in 815 bytes} [Sun Jun 14 00:07:19 2026] DELETE /resource_providers/9aae77ea-efc8-4f54-91be-ee278aa8f5b0 => generated 246 bytes in 6 msecs (HTTP/1.1 404) 6 headers in 231 bytes (1 switches on core 0)
2026-06-14 00:07:22.026 7 INFO placement.requestlog [None req-69045354-560e-4a84-824f-30ecdfacd469 eeaac6e8df77490a88856fe5ebcaf8ec edcc23e1055842fb90ed6002336b7822 - - 4cef6ab3ba934616adaef9630e698264 4cef6ab3ba934616adaef9630e698264] 10.0.0.31 "GET /resource_providers/1b9547ff-affd-4a58-86d3-d8496b6b9830/aggregates" status: 404 len: 235 microversion: 1.1 [pid: 7|app: 0|req: 403/807] 10.0.0.31 () {32 vars in 815 bytes} [Sun Jun 14 00:07:22 2026] GET /resource_providers/1b9547ff-affd-4a58-86d3-d8496b6b9830/aggregates => generated 235 bytes in 15 msecs (HTTP/1.1 404) 5 headers in 202 bytes (1 switches on core 0)
2026-06-14 00:07:22.030 8 INFO placement.requestlog [None req-4d916874-caf9-4904-b8d6-c378349f14a7 eeaac6e8df77490a88856fe5ebcaf8ec edcc23e1055842fb90ed6002336b7822 - - 4cef6ab3ba934616adaef9630e698264 4cef6ab3ba934616adaef9630e698264] 10.0.0.31 "GET /resource_providers/1b9547ff-affd-4a58-86d3-d8496b6b9830/aggregates" status: 404 len: 235 microversion: 1.1 [pid: 8|app: 0|req: 405/808] 10.0.0.31 () {32 vars in 815 bytes} [Sun Jun 14 00:07:22 2026] GET /resource_providers/1b9547ff-affd-4a58-86d3-d8496b6b9830/aggregates => generated 235 bytes in 20 msecs (HTTP/1.1 404) 5 headers in 202 bytes (1 switches on core 0)
2026-06-14 00:07:22.054 7 INFO placement.requestlog [None req-9aac5ca7-4d73-4c73-a88d-bc1f720ce110 eeaac6e8df77490a88856fe5ebcaf8ec edcc23e1055842fb90ed6002336b7822 - - 4cef6ab3ba934616adaef9630e698264 4cef6ab3ba934616adaef9630e698264] 10.0.0.31 "DELETE /resource_providers/1b9547ff-affd-4a58-86d3-d8496b6b9830" status: 404 len: 246 microversion: 1.1 [pid: 7|app: 0|req: 404/809] 10.0.0.31 () {34 vars in 815 bytes} [Sun Jun 14 00:07:22 2026] DELETE /resource_providers/1b9547ff-affd-4a58-86d3-d8496b6b9830 => generated 246 bytes in 9 msecs (HTTP/1.1 404) 6 headers in 231 bytes (1 switches on core 0)
2026-06-14 00:07:22.057 8 INFO placement.requestlog [None req-5e8fd587-c76b-4c5c-9392-c1e5a18f3586 eeaac6e8df77490a88856fe5ebcaf8ec edcc23e1055842fb90ed6002336b7822 - - 4cef6ab3ba934616adaef9630e698264 4cef6ab3ba934616adaef9630e698264] 10.0.0.31 "DELETE /resource_providers/1b9547ff-affd-4a58-86d3-d8496b6b9830" status: 404 len: 246 microversion: 1.1 [pid: 8|app: 0|req: 406/810] 10.0.0.31 () {34 vars in 815 bytes} [Sun Jun 14 00:07:22 2026] DELETE /resource_providers/1b9547ff-affd-4a58-86d3-d8496b6b9830 => generated 246 bytes in 9 msecs (HTTP/1.1 404) 6 headers in 231 bytes (1 switches on core 0)
2026-06-14 00:07:22.082 7 INFO placement.requestlog [None req-d5a7e6fa-7d8a-42cc-bf72-a9b0340dd10f eeaac6e8df77490a88856fe5ebcaf8ec edcc23e1055842fb90ed6002336b7822 - - 4cef6ab3ba934616adaef9630e698264 4cef6ab3ba934616adaef9630e698264] 10.0.0.31 "GET /resource_providers/cd14d5e0-c103-4718-9ad7-61fd14c14c86/aggregates" status: 404 len: 235 microversion: 1.1 [pid: 7|app: 0|req: 405/811] 10.0.0.31 () {32 vars in 815 bytes} [Sun Jun 14 00:07:22 2026] GET /resource_providers/cd14d5e0-c103-4718-9ad7-61fd14c14c86/aggregates => generated 235 bytes in 12 msecs (HTTP/1.1 404) 5 headers in 202 bytes (1 switches on core 0)
2026-06-14 00:07:22.084 8 INFO placement.requestlog [None req-e7e9d5d6-e9c5-48da-a47f-efb44e878a56 eeaac6e8df77490a88856fe5ebcaf8ec edcc23e1055842fb90ed6002336b7822 - - 4cef6ab3ba934616adaef9630e698264 4cef6ab3ba934616adaef9630e698264] 10.0.0.31 "GET /resource_providers/cd14d5e0-c103-4718-9ad7-61fd14c14c86/aggregates" status: 404 len: 235 microversion: 1.1 [pid: 8|app: 0|req: 407/812] 10.0.0.31 () {32 vars in 815 bytes} [Sun Jun 14 00:07:22 2026] GET /resource_providers/cd14d5e0-c103-4718-9ad7-61fd14c14c86/aggregates => generated 235 bytes in 9 msecs (HTTP/1.1 404) 5 headers in 202 bytes (1 switches on core 0)
2026-06-14 00:07:22.114 7 INFO placement.requestlog [None req-11d24a55-bdd1-4899-b8b5-f4b24f5f341b eeaac6e8df77490a88856fe5ebcaf8ec edcc23e1055842fb90ed6002336b7822 - - 4cef6ab3ba934616adaef9630e698264 4cef6ab3ba934616adaef9630e698264] 10.0.0.31 "DELETE /resource_providers/cd14d5e0-c103-4718-9ad7-61fd14c14c86" status: 404 len: 246 microversion: 1.1 [pid: 7|app: 0|req: 406/813] 10.0.0.31 () {34 vars in 815 bytes} [Sun Jun 14 00:07:22 2026] DELETE /resource_providers/cd14d5e0-c103-4718-9ad7-61fd14c14c86 => generated 246 bytes in 13 msecs (HTTP/1.1 404) 6 headers in 231 bytes (1 switches on core 0)
2026-06-14 00:07:22.115 8 INFO placement.requestlog [None req-0a879efc-92fb-49ab-8999-a6afd1b2c90c eeaac6e8df77490a88856fe5ebcaf8ec edcc23e1055842fb90ed6002336b7822 - - 4cef6ab3ba934616adaef9630e698264 4cef6ab3ba934616adaef9630e698264] 10.0.0.31 "DELETE /resource_providers/cd14d5e0-c103-4718-9ad7-61fd14c14c86" status: 404 len: 246 microversion: 1.1 [pid: 8|app: 0|req: 408/814] 10.0.0.31 () {34 vars in 815 bytes} [Sun Jun 14 00:07:22 2026] DELETE /resource_providers/cd14d5e0-c103-4718-9ad7-61fd14c14c86 => generated 246 bytes in 14 msecs (HTTP/1.1 404) 6 headers in 231 bytes (1 switches on core 0)
2026-06-14 00:07:25.538 7 INFO placement.requestlog [None req-3b856194-54be-47c9-8223-bde3506000fc - - - - - -] 10.0.0.58 "GET /" status: 200 len: 136 microversion: 1.0
2026-06-14 00:07:25.540 8 INFO placement.requestlog [None req-e0309643-7d27-421b-8bfd-881824e32274 - - - - - -] 10.0.0.58 "GET /" status: 200 len: 136 microversion: 1.0
2026-06-14 00:07:28.514 7 INFO placement.requestlog [None req-9edd8ed0-9f01-45d8-bdef-49531305435b eeaac6e8df77490a88856fe5ebcaf8ec edcc23e1055842fb90ed6002336b7822 - - 4cef6ab3ba934616adaef9630e698264 4cef6ab3ba934616adaef9630e698264] 10.0.0.31 "GET /resource_providers/9e403e4b-9b3d-41e8-8202-55c042bf7537/aggregates" status: 404 len: 235 microversion: 1.1
2026-06-14 00:07:28.514 8 INFO placement.requestlog [None req-61cca4eb-bc32-469e-bd2a-8cbc2c42f817 eeaac6e8df77490a88856fe5ebcaf8ec edcc23e1055842fb90ed6002336b7822 - - 4cef6ab3ba934616adaef9630e698264 4cef6ab3ba934616adaef9630e698264] 10.0.0.31 "GET /resource_providers/9e403e4b-9b3d-41e8-8202-55c042bf7537/aggregates" status: 404 len: 235 microversion: 1.1 [pid: 7|app: 0|req: 408/817] 10.0.0.31 () {32 vars in 815 bytes} [Sun Jun 14 00:07:28 2026] GET /resource_providers/9e403e4b-9b3d-41e8-8202-55c042bf7537/aggregates => generated 235 bytes in 14 msecs (HTTP/1.1 404) 5 headers in 202 bytes (1 switches on core 0) [pid: 8|app: 0|req: 410/818] 10.0.0.31 () {32 vars in 815 bytes} [Sun Jun 14 00:07:28 2026] GET /resource_providers/9e403e4b-9b3d-41e8-8202-55c042bf7537/aggregates => generated 235 bytes in 14 msecs (HTTP/1.1 404) 5 headers in 202 bytes (1 switches on core 0)
2026-06-14 00:07:28.543 7 INFO placement.requestlog [None req-b51117ab-5663-4ac6-b5c2-e25f150b8f95 eeaac6e8df77490a88856fe5ebcaf8ec edcc23e1055842fb90ed6002336b7822 - - 4cef6ab3ba934616adaef9630e698264 4cef6ab3ba934616adaef9630e698264] 10.0.0.31 "DELETE /resource_providers/9e403e4b-9b3d-41e8-8202-55c042bf7537" status: 404 len: 246 microversion: 1.1 [pid: 7|app: 0|req: 409/819] 10.0.0.31 () {34 vars in 815 bytes} [Sun Jun 14 00:07:28 2026] DELETE /resource_providers/9e403e4b-9b3d-41e8-8202-55c042bf7537 => generated 246 bytes in 12 msecs (HTTP/1.1 404) 6 headers in 231 bytes (1 switches on core 0)
2026-06-14 00:07:28.566 8 INFO placement.requestlog [None req-4b2f93b9-fd00-4a7e-9b8e-a896fd541588 eeaac6e8df77490a88856fe5ebcaf8ec edcc23e1055842fb90ed6002336b7822 - - 4cef6ab3ba934616adaef9630e698264 4cef6ab3ba934616adaef9630e698264] 10.0.0.31 "DELETE /resource_providers/9e403e4b-9b3d-41e8-8202-55c042bf7537" status: 404 len: 246 microversion: 1.1 [pid: 8|app: 0|req: 411/820] 10.0.0.31 () {34 vars in 815 bytes} [Sun Jun 14 00:07:28 2026] DELETE /resource_providers/9e403e4b-9b3d-41e8-8202-55c042bf7537 => generated 246 bytes in 31 msecs (HTTP/1.1 404) 6 headers in 231 bytes (1 switches on core 0)
2026-06-14 00:07:29.242 7 INFO placement.requestlog [req-1d477fd1-627f-4a8e-866b-68b21abb5c3f req-687cd9b6-255e-4f3a-9a56-69f68f2ecd99 3bf1b9c8db174c7d92958067eb43ff16 edcc23e1055842fb90ed6002336b7822 - - 4cef6ab3ba934616adaef9630e698264 4cef6ab3ba934616adaef9630e698264] 10.0.0.74 "GET /allocation_candidates?limit=1000&resources=DISK_GB%3A1%2CMEMORY_MB%3A512%2CVCPU%3A1&root_required=%21COMPUTE_STATUS_DISABLED" status: 200 len: 2642 microversion: 1.36 [pid: 7|app: 0|req: 410/821] 10.0.0.74 () {34 vars in 1011 bytes} [Sun Jun 14 00:07:29 2026] GET /allocation_candidates?limit=1000&resources=DISK_GB%3A1%2CMEMORY_MB%3A512%2CVCPU%3A1&root_required=%21COMPUTE_STATUS_DISABLED => generated 2642 bytes in 40 msecs (HTTP/1.1 200) 8 headers in 297 bytes (1 switches on core 0)
2026-06-14 00:07:29.280 8 INFO placement.requestlog [req-1d477fd1-627f-4a8e-866b-68b21abb5c3f req-5bbab7eb-b2ee-4eb2-8ec5-72fc0703eb5a 3bf1b9c8db174c7d92958067eb43ff16 edcc23e1055842fb90ed6002336b7822 - - 4cef6ab3ba934616adaef9630e698264 4cef6ab3ba934616adaef9630e698264] 10.0.0.74 "GET /allocations/c68db06d-c25c-4b6b-a895-6177da6dba6b" status: 200 len: 19 microversion: 1.28 [pid: 8|app: 0|req: 412/822] 10.0.0.74 () {34 vars in 860 bytes} [Sun Jun 14 00:07:29 2026] GET /allocations/c68db06d-c25c-4b6b-a895-6177da6dba6b => generated 19 bytes in 10 msecs (HTTP/1.1 200) 8 headers in 295 bytes (1 switches on core 0)
2026-06-14 00:07:29.349 7 INFO placement.requestlog [req-1d477fd1-627f-4a8e-866b-68b21abb5c3f req-826d0e2f-65c5-4ddd-b641-974952b49d48 3bf1b9c8db174c7d92958067eb43ff16 edcc23e1055842fb90ed6002336b7822 - - 4cef6ab3ba934616adaef9630e698264 4cef6ab3ba934616adaef9630e698264] 10.0.0.74 "PUT /allocations/c68db06d-c25c-4b6b-a895-6177da6dba6b" status: 204 len: 0 microversion: 1.36 [pid: 7|app: 0|req: 411/823] 10.0.0.74 () {38 vars in 913 bytes} [Sun Jun 14 00:07:29 2026] PUT /allocations/c68db06d-c25c-4b6b-a895-6177da6dba6b => generated 0 bytes in 61 msecs (HTTP/1.1 204) 5 headers in 199 bytes (1 switches on core 0)
2026-06-14 00:07:30.573 8 INFO placement.requestlog [None req-70dee3d6-f960-4cad-babd-9239dd7e3d18 eeaac6e8df77490a88856fe5ebcaf8ec edcc23e1055842fb90ed6002336b7822 - - 4cef6ab3ba934616adaef9630e698264 4cef6ab3ba934616adaef9630e698264] 10.0.0.31 "GET /resource_providers/8c5b6a11-49d2-4d83-ad07-27acff03a024/aggregates" status: 404 len: 235 microversion: 1.1 [pid: 8|app: 0|req: 413/824] 10.0.0.31 () {32 vars in 815 bytes} [Sun Jun 14 00:07:30 2026] GET /resource_providers/8c5b6a11-49d2-4d83-ad07-27acff03a024/aggregates => generated 235 bytes in 19 msecs (HTTP/1.1 404) 5 headers in 202 bytes (1 switches on core 0)
2026-06-14 00:07:30.601 7 INFO placement.requestlog [None req-5af9e041-bed1-416a-b23a-3a1cb9689d69 eeaac6e8df77490a88856fe5ebcaf8ec edcc23e1055842fb90ed6002336b7822 - - 4cef6ab3ba934616adaef9630e698264 4cef6ab3ba934616adaef9630e698264] 10.0.0.31 "GET /resource_providers/8c5b6a11-49d2-4d83-ad07-27acff03a024/aggregates" status: 404 len: 235 microversion: 1.1 [pid: 7|app: 0|req: 412/825] 10.0.0.31 () {32 vars in 815 bytes} [Sun Jun 14 00:07:30 2026] GET /resource_providers/8c5b6a11-49d2-4d83-ad07-27acff03a024/aggregates => generated 235 bytes in 13 msecs (HTTP/1.1 404) 5 headers in 202 bytes (1 switches on core 0)
2026-06-14 00:07:30.608 8 INFO placement.requestlog [None req-4bd795c2-2573-4dcb-8632-d6e179733861 eeaac6e8df77490a88856fe5ebcaf8ec edcc23e1055842fb90ed6002336b7822 - - 4cef6ab3ba934616adaef9630e698264 4cef6ab3ba934616adaef9630e698264] 10.0.0.31 "DELETE /resource_providers/8c5b6a11-49d2-4d83-ad07-27acff03a024" status: 404 len: 246 microversion: 1.1 [pid: 8|app: 0|req: 414/826] 10.0.0.31 () {34 vars in 815 bytes} [Sun Jun 14 00:07:30 2026] DELETE /resource_providers/8c5b6a11-49d2-4d83-ad07-27acff03a024 => generated 246 bytes in 15 msecs (HTTP/1.1 404) 6 headers in 231 bytes (1 switches on core 0)
2026-06-14 00:07:30.631 7 INFO placement.requestlog [None req-c0edd40b-7600-4c2e-93d2-2accd603d153 eeaac6e8df77490a88856fe5ebcaf8ec edcc23e1055842fb90ed6002336b7822 - - 4cef6ab3ba934616adaef9630e698264 4cef6ab3ba934616adaef9630e698264] 10.0.0.31 "DELETE /resource_providers/8c5b6a11-49d2-4d83-ad07-27acff03a024" status: 404 len: 246 microversion: 1.1 [pid: 7|app: 0|req: 413/827] 10.0.0.31 () {34 vars in 815 bytes} [Sun Jun 14 00:07:30 2026] DELETE /resource_providers/8c5b6a11-49d2-4d83-ad07-27acff03a024 => generated 246 bytes in 13 msecs (HTTP/1.1 404) 6 headers in 231 bytes (1 switches on core 0)
2026-06-14 00:07:30.854 8 INFO placement.requestlog [req-1d477fd1-627f-4a8e-866b-68b21abb5c3f req-4e14a084-4e75-4c48-bdaf-0dd5bc4986ac 3bf1b9c8db174c7d92958067eb43ff16 edcc23e1055842fb90ed6002336b7822 - - 4cef6ab3ba934616adaef9630e698264 4cef6ab3ba934616adaef9630e698264] 199.204.45.132 "GET /allocations/c68db06d-c25c-4b6b-a895-6177da6dba6b" status: 200 len: 257 microversion: 1.28 [pid: 8|app: 0|req: 415/828] 199.204.45.132 () {34 vars in 863 bytes} [Sun Jun 14 00:07:30 2026] GET /allocations/c68db06d-c25c-4b6b-a895-6177da6dba6b => generated 257 bytes in 14 msecs (HTTP/1.1 200) 8 headers in 296 bytes (1 switches on core 0)
2026-06-14 00:07:31.896 7 INFO placement.requestlog [req-1d477fd1-627f-4a8e-866b-68b21abb5c3f req-79414b49-17bd-496f-a1de-f2eb913691bc 3bf1b9c8db174c7d92958067eb43ff16 edcc23e1055842fb90ed6002336b7822 - - 4cef6ab3ba934616adaef9630e698264 4cef6ab3ba934616adaef9630e698264] 199.204.45.132 "GET /resource_providers/f86004c5-fbeb-4cbe-9bec-c9a16a2a836c/allocations" status: 200 len: 238 microversion: 1.0 [pid: 7|app: 0|req: 414/829] 199.204.45.132 () {32 vars in 857 bytes} [Sun Jun 14 00:07:31 2026] GET /resource_providers/f86004c5-fbeb-4cbe-9bec-c9a16a2a836c/allocations => generated 238 bytes in 19 msecs (HTTP/1.1 200) 6 headers in 224 bytes (1 switches on core 0)
2026-06-14 00:07:31.916 8 INFO placement.requestlog [req-1d477fd1-627f-4a8e-866b-68b21abb5c3f req-94303ad8-802c-4560-b503-3c3285f4789b 3bf1b9c8db174c7d92958067eb43ff16 edcc23e1055842fb90ed6002336b7822 - - 4cef6ab3ba934616adaef9630e698264 4cef6ab3ba934616adaef9630e698264] 199.204.45.132 "GET /allocations/26372846-ebcb-45fb-aaf4-74f366d17439" status: 200 len: 243 microversion: 1.28 [pid: 8|app: 0|req: 416/830] 199.204.45.132 () {34 vars in 863 bytes} [Sun Jun 14 00:07:31 2026] GET /allocations/26372846-ebcb-45fb-aaf4-74f366d17439 => generated 243 bytes in 12 msecs (HTTP/1.1 200) 8 headers in 296 bytes (1 switches on core 0)
2026-06-14 00:07:31.936 7 INFO placement.requestlog [req-1d477fd1-627f-4a8e-866b-68b21abb5c3f req-752847da-599a-451a-937d-bca4b3c34fc4 3bf1b9c8db174c7d92958067eb43ff16 edcc23e1055842fb90ed6002336b7822 - - 4cef6ab3ba934616adaef9630e698264 4cef6ab3ba934616adaef9630e698264] 199.204.45.132 "GET /allocations/c68db06d-c25c-4b6b-a895-6177da6dba6b" status: 200 len: 257 microversion: 1.28 [pid: 7|app: 0|req: 415/831] 199.204.45.132 () {34 vars in 863 bytes} [Sun Jun 14 00:07:31 2026] GET /allocations/c68db06d-c25c-4b6b-a895-6177da6dba6b => generated 257 bytes in 14 msecs (HTTP/1.1 200) 8 headers in 296 bytes (1 switches on core 0)
2026-06-14 00:07:34.412 8 INFO placement.requestlog [req-604ca865-5b5c-4176-8b70-3eb34c9d36c1 req-3942c9e8-6597-46f4-83f5-4e7638047457 3bf1b9c8db174c7d92958067eb43ff16 edcc23e1055842fb90ed6002336b7822 - - 4cef6ab3ba934616adaef9630e698264 4cef6ab3ba934616adaef9630e698264] 199.204.45.132 "GET /resource_providers/f86004c5-fbeb-4cbe-9bec-c9a16a2a836c/allocations" status: 200 len: 238 microversion: 1.0 [pid: 8|app: 0|req: 417/832] 199.204.45.132 () {32 vars in 857 bytes} [Sun Jun 14 00:07:34 2026] GET /resource_providers/f86004c5-fbeb-4cbe-9bec-c9a16a2a836c/allocations => generated 238 bytes in 18 msecs (HTTP/1.1 200) 6 headers in 224 bytes (1 switches on core 0)
2026-06-14 00:07:34.433 7 INFO placement.requestlog [req-604ca865-5b5c-4176-8b70-3eb34c9d36c1 req-e7691c7e-9cba-4ab0-9f55-70ccb6fae7cc 3bf1b9c8db174c7d92958067eb43ff16 edcc23e1055842fb90ed6002336b7822 - - 4cef6ab3ba934616adaef9630e698264 4cef6ab3ba934616adaef9630e698264] 199.204.45.132 "GET /allocations/26372846-ebcb-45fb-aaf4-74f366d17439" status: 200 len: 243 microversion: 1.28 [pid: 7|app: 0|req: 416/833] 199.204.45.132 () {34 vars in 863 bytes} [Sun Jun 14 00:07:34 2026] GET /allocations/26372846-ebcb-45fb-aaf4-74f366d17439 => generated 243 bytes in 12 msecs (HTTP/1.1 200) 8 headers in 296 bytes (1 switches on core 0)
2026-06-14 00:07:34.454 8 INFO placement.requestlog [req-604ca865-5b5c-4176-8b70-3eb34c9d36c1 req-7da77b44-2758-4f6f-933a-4269ef9c2ab2 3bf1b9c8db174c7d92958067eb43ff16 edcc23e1055842fb90ed6002336b7822 - - 4cef6ab3ba934616adaef9630e698264 4cef6ab3ba934616adaef9630e698264] 199.204.45.132 "GET /allocations/c68db06d-c25c-4b6b-a895-6177da6dba6b" status: 200 len: 257 microversion: 1.28 [pid: 8|app: 0|req: 418/834] 199.204.45.132 () {34 vars in 863 bytes} [Sun Jun 14 00:07:34 2026] GET /allocations/c68db06d-c25c-4b6b-a895-6177da6dba6b => generated 257 bytes in 15 msecs (HTTP/1.1 200) 8 headers in 296 bytes (1 switches on core 0)
2026-06-14 00:07:35.509 7 INFO placement.requestlog [req-604ca865-5b5c-4176-8b70-3eb34c9d36c1 req-dd407674-2ac3-484a-8ed6-804c3b17ccaf 3bf1b9c8db174c7d92958067eb43ff16 edcc23e1055842fb90ed6002336b7822 - - 4cef6ab3ba934616adaef9630e698264 4cef6ab3ba934616adaef9630e698264] 199.204.45.132 "DELETE /allocations/26372846-ebcb-45fb-aaf4-74f366d17439" status: 204 len: 0 microversion: 1.0 [pid: 7|app: 0|req: 417/835] 199.204.45.132 () {34 vars in 841 bytes} [Sun Jun 14 00:07:35 2026] DELETE /allocations/26372846-ebcb-45fb-aaf4-74f366d17439 => generated 0 bytes in 27 msecs (HTTP/1.1 204) 5 headers in 198 bytes (1 switches on core 0)
2026-06-14 00:07:35.536 8 INFO placement.requestlog [None req-4d0d5c4b-17f0-4910-a7e5-90c3981f2b50 - - - - - -] 10.0.0.58 "GET /" status: 200 len: 136 microversion: 1.0
2026-06-14 00:07:35.536 7 INFO placement.requestlog [None req-79be0875-e58e-4b88-a6c2-d8851f4b0b25 - - - - - -] 10.0.0.58 "GET /" status: 200 len: 136 microversion: 1.0
2026-06-14 00:07:36.768 8 INFO placement.requestlog [None req-d512da1d-1754-4acf-8366-71a9f0aee541 eeaac6e8df77490a88856fe5ebcaf8ec edcc23e1055842fb90ed6002336b7822 - - 4cef6ab3ba934616adaef9630e698264 4cef6ab3ba934616adaef9630e698264] 10.0.0.31 "GET /resource_providers/44972cd8-ded8-4642-a3aa-045d56613e68/aggregates" status: 404 len: 235 microversion: 1.1 [pid: 8|app: 0|req: 420/838] 10.0.0.31 () {32 vars in 815 bytes} [Sun Jun 14 00:07:36 2026] GET /resource_providers/44972cd8-ded8-4642-a3aa-045d56613e68/aggregates => generated 235 bytes in 11 msecs (HTTP/1.1 404) 5 headers in 202 bytes (1 switches on core 0)
2026-06-14 00:07:36.772 7 INFO placement.requestlog [None req-bd6305fd-19cb-473a-851c-7e32122107ac eeaac6e8df77490a88856fe5ebcaf8ec edcc23e1055842fb90ed6002336b7822 - - 4cef6ab3ba934616adaef9630e698264 4cef6ab3ba934616adaef9630e698264] 10.0.0.31 "GET /resource_providers/44972cd8-ded8-4642-a3aa-045d56613e68/aggregates" status: 404 len: 235 microversion: 1.1 [pid: 7|app: 0|req: 419/839] 10.0.0.31 () {32 vars in 815 bytes} [Sun Jun 14 00:07:36 2026] GET /resource_providers/44972cd8-ded8-4642-a3aa-045d56613e68/aggregates => generated 235 bytes in 9 msecs (HTTP/1.1 404) 5 headers in 202 bytes (1 switches on core 0)
2026-06-14 00:07:36.791 8 INFO placement.requestlog [None req-844c26d5-e4f6-46ee-9438-236985dc05ef eeaac6e8df77490a88856fe5ebcaf8ec edcc23e1055842fb90ed6002336b7822 - - 4cef6ab3ba934616adaef9630e698264 4cef6ab3ba934616adaef9630e698264] 10.0.0.31 "DELETE /resource_providers/44972cd8-ded8-4642-a3aa-045d56613e68" status: 404 len: 246 microversion: 1.1 [pid: 8|app: 0|req: 421/840] 10.0.0.31 () {34 vars in 815 bytes} [Sun Jun 14 00:07:36 2026] DELETE /resource_providers/44972cd8-ded8-4642-a3aa-045d56613e68 => generated 246 bytes in 8 msecs (HTTP/1.1 404) 6 headers in 231 bytes (1 switches on core 0)
2026-06-14 00:07:36.796 7 INFO placement.requestlog [None req-6d3e4f0b-4aee-4d5d-b037-cf122c7ecafb eeaac6e8df77490a88856fe5ebcaf8ec edcc23e1055842fb90ed6002336b7822 - - 4cef6ab3ba934616adaef9630e698264 4cef6ab3ba934616adaef9630e698264] 10.0.0.31 "DELETE /resource_providers/44972cd8-ded8-4642-a3aa-045d56613e68" status: 404 len: 246 microversion: 1.1 [pid: 7|app: 0|req: 420/841] 10.0.0.31 () {34 vars in 815 bytes} [Sun Jun 14 00:07:36 2026] DELETE /resource_providers/44972cd8-ded8-4642-a3aa-045d56613e68 => generated 246 bytes in 13 msecs (HTTP/1.1 404) 6 headers in 231 bytes (1 switches on core 0)
2026-06-14 00:07:39.709 7 INFO placement.requestlog [None req-fbf8352e-66fc-4cf3-b9e3-df0ca39c8b4f eeaac6e8df77490a88856fe5ebcaf8ec edcc23e1055842fb90ed6002336b7822 - - 4cef6ab3ba934616adaef9630e698264 4cef6ab3ba934616adaef9630e698264] 10.0.0.31 "GET /resource_providers/fef7b5bb-1f32-4bed-b81d-9b194940d297/aggregates" status: 404 len: 235 microversion: 1.1 [pid: 7|app: 0|req: 421/842] 10.0.0.31 () {32 vars in 815 bytes} [Sun Jun 14 00:07:39 2026] GET /resource_providers/fef7b5bb-1f32-4bed-b81d-9b194940d297/aggregates => generated 235 bytes in 9 msecs (HTTP/1.1 404) 5 headers in 202 bytes (1 switches on core 0)
2026-06-14 00:07:39.710 8 INFO placement.requestlog [None req-df68e043-1a2f-437a-bfec-c8b941a50024 eeaac6e8df77490a88856fe5ebcaf8ec edcc23e1055842fb90ed6002336b7822 - - 4cef6ab3ba934616adaef9630e698264 4cef6ab3ba934616adaef9630e698264] 10.0.0.31 "GET /resource_providers/fef7b5bb-1f32-4bed-b81d-9b194940d297/aggregates" status: 404 len: 235 microversion: 1.1 [pid: 8|app: 0|req: 422/843] 10.0.0.31 () {32 vars in 815 bytes} [Sun Jun 14 00:07:39 2026] GET /resource_providers/fef7b5bb-1f32-4bed-b81d-9b194940d297/aggregates => generated 235 bytes in 11 msecs (HTTP/1.1 404) 5 headers in 202 bytes (1 switches on core 0)
2026-06-14 00:07:39.733 7 INFO placement.requestlog [None req-f269c31d-e382-4b07-b150-14acc32f0211 eeaac6e8df77490a88856fe5ebcaf8ec edcc23e1055842fb90ed6002336b7822 - - 4cef6ab3ba934616adaef9630e698264 4cef6ab3ba934616adaef9630e698264] 10.0.0.31 "DELETE /resource_providers/fef7b5bb-1f32-4bed-b81d-9b194940d297" status: 404 len: 246 microversion: 1.1 [pid: 7|app: 0|req: 422/844] 10.0.0.31 () {34 vars in 815 bytes} [Sun Jun 14 00:07:39 2026] DELETE /resource_providers/fef7b5bb-1f32-4bed-b81d-9b194940d297 => generated 246 bytes in 7 msecs (HTTP/1.1 404) 6 headers in 231 bytes (1 switches on core 0)
2026-06-14 00:07:39.749 8 INFO placement.requestlog [None req-983d519d-1bfe-458d-882f-6f5ada42daba eeaac6e8df77490a88856fe5ebcaf8ec edcc23e1055842fb90ed6002336b7822 - - 4cef6ab3ba934616adaef9630e698264 4cef6ab3ba934616adaef9630e698264] 10.0.0.31 "DELETE /resource_providers/fef7b5bb-1f32-4bed-b81d-9b194940d297" status: 404 len: 246 microversion: 1.1 [pid: 8|app: 0|req: 423/845] 10.0.0.31 () {34 vars in 815 bytes} [Sun Jun 14 00:07:39 2026] DELETE /resource_providers/fef7b5bb-1f32-4bed-b81d-9b194940d297 => generated 246 bytes in 19 msecs (HTTP/1.1 404) 6 headers in 231 bytes (1 switches on core 0)
2026-06-14 00:07:40.565 8 INFO placement.requestlog [None req-8b39d110-f28e-4d38-9d3b-45bc82d15f70 eeaac6e8df77490a88856fe5ebcaf8ec edcc23e1055842fb90ed6002336b7822 - - 4cef6ab3ba934616adaef9630e698264 4cef6ab3ba934616adaef9630e698264] 10.0.0.31 "GET /resource_providers/8c264727-a125-4365-be48-3acadc81d557/aggregates" status: 404 len: 235 microversion: 1.1 [pid: 8|app: 0|req: 424/846] 10.0.0.31 () {32 vars in 815 bytes} [Sun Jun 14 00:07:40 2026] GET /resource_providers/8c264727-a125-4365-be48-3acadc81d557/aggregates => generated 235 bytes in 9 msecs (HTTP/1.1 404) 5 headers in 202 bytes (1 switches on core 0)
2026-06-14 00:07:40.567 7 INFO placement.requestlog [None req-16529c27-7a86-4d8d-a216-142a4c37a195 eeaac6e8df77490a88856fe5ebcaf8ec edcc23e1055842fb90ed6002336b7822 - - 4cef6ab3ba934616adaef9630e698264 4cef6ab3ba934616adaef9630e698264] 10.0.0.31 "GET /resource_providers/8c264727-a125-4365-be48-3acadc81d557/aggregates" status: 404 len: 235 microversion: 1.1 [pid: 7|app: 0|req: 423/847] 10.0.0.31 () {32 vars in 815 bytes} [Sun Jun 14 00:07:40 2026] GET /resource_providers/8c264727-a125-4365-be48-3acadc81d557/aggregates => generated 235 bytes in 12 msecs (HTTP/1.1 404) 5 headers in 202 bytes (1 switches on core 0)
2026-06-14 00:07:40.581 8 INFO placement.requestlog [None req-0209608e-8d8f-4cd4-a567-b8757fb8727b eeaac6e8df77490a88856fe5ebcaf8ec edcc23e1055842fb90ed6002336b7822 - - 4cef6ab3ba934616adaef9630e698264 4cef6ab3ba934616adaef9630e698264] 10.0.0.31 "DELETE /resource_providers/8c264727-a125-4365-be48-3acadc81d557" status: 404 len: 246 microversion: 1.1 [pid: 8|app: 0|req: 425/848] 10.0.0.31 () {34 vars in 815 bytes} [Sun Jun 14 00:07:40 2026] DELETE /resource_providers/8c264727-a125-4365-be48-3acadc81d557 => generated 246 bytes in 7 msecs (HTTP/1.1 404) 6 headers in 231 bytes (1 switches on core 0)
2026-06-14 00:07:40.593 7 INFO placement.requestlog [None req-45f75df5-d5e6-4835-b313-858c5cbab4bb eeaac6e8df77490a88856fe5ebcaf8ec edcc23e1055842fb90ed6002336b7822 - - 4cef6ab3ba934616adaef9630e698264 4cef6ab3ba934616adaef9630e698264] 10.0.0.31 "DELETE /resource_providers/8c264727-a125-4365-be48-3acadc81d557" status: 404 len: 246 microversion: 1.1 [pid: 7|app: 0|req: 424/849] 10.0.0.31 () {34 vars in 815 bytes} [Sun Jun 14 00:07:40 2026] DELETE /resource_providers/8c264727-a125-4365-be48-3acadc81d557 => generated 246 bytes in 12 msecs (HTTP/1.1 404) 6 headers in 231 bytes (1 switches on core 0)
2026-06-14 00:07:41.890 8 INFO placement.requestlog [None req-49b3b021-e7e9-4ba2-9db7-0e0e4ffe39b7 eeaac6e8df77490a88856fe5ebcaf8ec edcc23e1055842fb90ed6002336b7822 - - 4cef6ab3ba934616adaef9630e698264 4cef6ab3ba934616adaef9630e698264] 10.0.0.31 "GET /resource_providers/88e31b86-0963-44e3-8ddd-b6df852503c7/aggregates" status: 404 len: 235 microversion: 1.1 [pid: 8|app: 0|req: 426/850] 10.0.0.31 () {32 vars in 815 bytes} [Sun Jun 14 00:07:41 2026] GET /resource_providers/88e31b86-0963-44e3-8ddd-b6df852503c7/aggregates => generated 235 bytes in 12 msecs (HTTP/1.1 404) 5 headers in 202 bytes (1 switches on core 0)
2026-06-14 00:07:41.895 7 INFO placement.requestlog [None req-a41029ce-d237-43b0-ac4b-bcdb5e982a80 eeaac6e8df77490a88856fe5ebcaf8ec edcc23e1055842fb90ed6002336b7822 - - 4cef6ab3ba934616adaef9630e698264 4cef6ab3ba934616adaef9630e698264] 10.0.0.31 "GET /resource_providers/88e31b86-0963-44e3-8ddd-b6df852503c7/aggregates" status: 404 len: 235 microversion: 1.1 [pid: 7|app: 0|req: 425/851] 10.0.0.31 () {32 vars in 815 bytes} [Sun Jun 14 00:07:41 2026] GET /resource_providers/88e31b86-0963-44e3-8ddd-b6df852503c7/aggregates => generated 235 bytes in 17 msecs (HTTP/1.1 404) 5 headers in 202 bytes (1 switches on core 0)
2026-06-14 00:07:41.920 8 INFO placement.requestlog [None req-113f00d0-86d2-494b-a22b-e597525852d6 eeaac6e8df77490a88856fe5ebcaf8ec edcc23e1055842fb90ed6002336b7822 - - 4cef6ab3ba934616adaef9630e698264 4cef6ab3ba934616adaef9630e698264] 10.0.0.31 "DELETE /resource_providers/88e31b86-0963-44e3-8ddd-b6df852503c7" status: 404 len: 246 microversion: 1.1 [pid: 8|app: 0|req: 427/852] 10.0.0.31 () {34 vars in 815 bytes} [Sun Jun 14 00:07:41 2026] DELETE /resource_providers/88e31b86-0963-44e3-8ddd-b6df852503c7 => generated 246 bytes in 11 msecs (HTTP/1.1 404) 6 headers in 231 bytes (1 switches on core 0)
2026-06-14 00:07:41.925 7 INFO placement.requestlog [None req-14760f08-fc23-4b2a-9dce-20125af2d043 eeaac6e8df77490a88856fe5ebcaf8ec edcc23e1055842fb90ed6002336b7822 - - 4cef6ab3ba934616adaef9630e698264 4cef6ab3ba934616adaef9630e698264] 10.0.0.31 "DELETE /resource_providers/88e31b86-0963-44e3-8ddd-b6df852503c7" status: 404 len: 246 microversion: 1.1 [pid: 7|app: 0|req: 426/853] 10.0.0.31 () {34 vars in 815 bytes} [Sun Jun 14 00:07:41 2026] DELETE /resource_providers/88e31b86-0963-44e3-8ddd-b6df852503c7 => generated 246 bytes in 17 msecs (HTTP/1.1 404) 6 headers in 231 bytes (1 switches on core 0)
2026-06-14 00:07:45.536 8 INFO placement.requestlog [None req-ae0d7938-bd8b-4c71-b519-c3f1f5c74837 - - - - - -] 10.0.0.58 "GET /" status: 200 len: 136 microversion: 1.0
2026-06-14 00:07:45.537 7 INFO placement.requestlog [None req-21348bcd-c231-4a04-88aa-3b98d7f5200e - - - - - -] 10.0.0.58 "GET /" status: 200 len: 136 microversion: 1.0
2026-06-14 00:07:48.465 8 INFO placement.requestlog [req-9bb3bc11-7a7a-4fb4-af89-0a5c1c12d20c req-22d0b708-6cc3-4ad4-8ae7-723827803840 3bf1b9c8db174c7d92958067eb43ff16 edcc23e1055842fb90ed6002336b7822 - - 4cef6ab3ba934616adaef9630e698264 4cef6ab3ba934616adaef9630e698264] 199.204.45.132 "GET /resource_providers/f86004c5-fbeb-4cbe-9bec-c9a16a2a836c/allocations" status: 200 len: 152 microversion: 1.0 [pid: 8|app: 0|req: 429/856] 199.204.45.132 () {32 vars in 857 bytes} [Sun Jun 14 00:07:48 2026] GET /resource_providers/f86004c5-fbeb-4cbe-9bec-c9a16a2a836c/allocations => generated 152 bytes in 18 msecs (HTTP/1.1 200) 6 headers in 224 bytes (1 switches on core 0)
2026-06-14 00:07:48.480 7 INFO placement.requestlog [req-9bb3bc11-7a7a-4fb4-af89-0a5c1c12d20c req-7784a1b3-ff8f-45c2-998c-d2c57c862068 3bf1b9c8db174c7d92958067eb43ff16 edcc23e1055842fb90ed6002336b7822 - - 4cef6ab3ba934616adaef9630e698264 4cef6ab3ba934616adaef9630e698264] 199.204.45.132 "GET /allocations/c68db06d-c25c-4b6b-a895-6177da6dba6b" status: 200 len: 257 microversion: 1.28 [pid: 7|app: 0|req: 428/857] 199.204.45.132 () {34 vars in 863 bytes} [Sun Jun 14 00:07:48 2026] GET /allocations/c68db06d-c25c-4b6b-a895-6177da6dba6b => generated 257 bytes in 8 msecs (HTTP/1.1 200) 8 headers in 296 bytes (1 switches on core 0)
2026-06-14 00:07:49.528 8 INFO placement.requestlog [req-9bb3bc11-7a7a-4fb4-af89-0a5c1c12d20c req-64cd0f4b-c586-4bd5-9171-4d8505153222 3bf1b9c8db174c7d92958067eb43ff16 edcc23e1055842fb90ed6002336b7822 - - 4cef6ab3ba934616adaef9630e698264 4cef6ab3ba934616adaef9630e698264] 199.204.45.132 "DELETE /allocations/c68db06d-c25c-4b6b-a895-6177da6dba6b" status: 204 len: 0 microversion: 1.0 [pid: 8|app: 0|req: 430/858] 199.204.45.132 () {34 vars in 841 bytes} [Sun Jun 14 00:07:49 2026] DELETE /allocations/c68db06d-c25c-4b6b-a895-6177da6dba6b => generated 0 bytes in 18 msecs (HTTP/1.1 204) 5 headers in 198 bytes (1 switches on core 0)
2026-06-14 00:07:51.527 7 INFO placement.requestlog [req-53da394b-1272-443f-858b-c8856fe69feb req-89c128ac-1641-4f17-ba59-e2568fb8f64d 3bf1b9c8db174c7d92958067eb43ff16 edcc23e1055842fb90ed6002336b7822 - - 4cef6ab3ba934616adaef9630e698264 4cef6ab3ba934616adaef9630e698264] 10.0.0.74 "GET /allocation_candidates?limit=1000&resources=DISK_GB%3A1%2CMEMORY_MB%3A512%2CVCPU%3A1&root_required=%21COMPUTE_STATUS_DISABLED" status: 200 len: 2640 microversion: 1.36 [pid: 7|app: 0|req: 429/859] 10.0.0.74 () {34 vars in 1011 bytes} [Sun Jun 14 00:07:51 2026] GET /allocation_candidates?limit=1000&resources=DISK_GB%3A1%2CMEMORY_MB%3A512%2CVCPU%3A1&root_required=%21COMPUTE_STATUS_DISABLED => generated 2640 bytes in 44 msecs (HTTP/1.1 200) 8 headers in 297 bytes (1 switches on core 0)
2026-06-14 00:07:51.557 8 INFO placement.requestlog [req-53da394b-1272-443f-858b-c8856fe69feb req-d8ede592-d70f-41a2-a76b-0eba90878f27 3bf1b9c8db174c7d92958067eb43ff16 edcc23e1055842fb90ed6002336b7822 - - 4cef6ab3ba934616adaef9630e698264 4cef6ab3ba934616adaef9630e698264] 10.0.0.74 "GET /allocations/e1df0f1d-f2a7-4303-b776-35b65b9acac9" status: 200 len: 19 microversion: 1.28 [pid: 8|app: 0|req: 431/860] 10.0.0.74 () {34 vars in 860 bytes} [Sun Jun 14 00:07:51 2026] GET /allocations/e1df0f1d-f2a7-4303-b776-35b65b9acac9 => generated 19 bytes in 12 msecs (HTTP/1.1 200) 8 headers in 295 bytes (1 switches on core 0)
2026-06-14 00:07:51.632 7 INFO placement.requestlog [req-53da394b-1272-443f-858b-c8856fe69feb req-2e62fb2a-cb54-4b09-8b20-1cc6363f1fcc 3bf1b9c8db174c7d92958067eb43ff16 edcc23e1055842fb90ed6002336b7822 - - 4cef6ab3ba934616adaef9630e698264 4cef6ab3ba934616adaef9630e698264] 10.0.0.74 "PUT /allocations/e1df0f1d-f2a7-4303-b776-35b65b9acac9" status: 204 len: 0 microversion: 1.36 [pid: 7|app: 0|req: 430/861] 10.0.0.74 () {38 vars in 913 bytes} [Sun Jun 14 00:07:51 2026] PUT /allocations/e1df0f1d-f2a7-4303-b776-35b65b9acac9 => generated 0 bytes in 69 msecs (HTTP/1.1 204) 5 headers in 199 bytes (1 switches on core 0)
2026-06-14 00:07:53.066 7 INFO placement.requestlog [None req-57716014-ffa2-465d-a13d-a2176a76e64e eeaac6e8df77490a88856fe5ebcaf8ec edcc23e1055842fb90ed6002336b7822 - - 4cef6ab3ba934616adaef9630e698264 4cef6ab3ba934616adaef9630e698264] 10.0.0.31 "GET /resource_providers/d6e6bbf0-072d-49f7-bf1f-0886dc8462d9/aggregates" status: 404 len: 235 microversion: 1.1 [pid: 7|app: 0|req: 431/862] 10.0.0.31 () {32 vars in 815 bytes} [Sun Jun 14 00:07:53 2026] GET /resource_providers/d6e6bbf0-072d-49f7-bf1f-0886dc8462d9/aggregates => generated 235 bytes in 12 msecs (HTTP/1.1 404) 5 headers in 202 bytes (1 switches on core 0)
2026-06-14 00:07:53.081 7 INFO placement.requestlog [None req-6202c00a-e1a6-45d7-a9b9-8da2f8b3fbc9 eeaac6e8df77490a88856fe5ebcaf8ec edcc23e1055842fb90ed6002336b7822 - - 4cef6ab3ba934616adaef9630e698264 4cef6ab3ba934616adaef9630e698264] 10.0.0.31 "DELETE /resource_providers/d6e6bbf0-072d-49f7-bf1f-0886dc8462d9" status: 404 len: 246 microversion: 1.1 [pid: 7|app: 0|req: 432/863] 10.0.0.31 () {34 vars in 815 bytes} [Sun Jun 14 00:07:53 2026] DELETE /resource_providers/d6e6bbf0-072d-49f7-bf1f-0886dc8462d9 => generated 246 bytes in 5 msecs (HTTP/1.1 404) 6 headers in 231 bytes (1 switches on core 0)
2026-06-14 00:07:53.082 8 INFO placement.requestlog [None req-3eceecd2-07ea-4a74-a2e3-253024898e27 eeaac6e8df77490a88856fe5ebcaf8ec edcc23e1055842fb90ed6002336b7822 - - 4cef6ab3ba934616adaef9630e698264 4cef6ab3ba934616adaef9630e698264] 10.0.0.31 "GET /resource_providers/d6e6bbf0-072d-49f7-bf1f-0886dc8462d9/aggregates" status: 404 len: 235 microversion: 1.1 [pid: 8|app: 0|req: 432/864] 10.0.0.31 () {32 vars in 815 bytes} [Sun Jun 14 00:07:53 2026] GET /resource_providers/d6e6bbf0-072d-49f7-bf1f-0886dc8462d9/aggregates => generated 235 bytes in 28 msecs (HTTP/1.1 404) 5 headers in 202 bytes (1 switches on core 0)
2026-06-14 00:07:53.102 7 INFO placement.requestlog [None req-a9bb6d8f-2fcc-4001-90d6-8d3386276d4a eeaac6e8df77490a88856fe5ebcaf8ec edcc23e1055842fb90ed6002336b7822 - - 4cef6ab3ba934616adaef9630e698264 4cef6ab3ba934616adaef9630e698264] 10.0.0.31 "DELETE /resource_providers/d6e6bbf0-072d-49f7-bf1f-0886dc8462d9" status: 404 len: 246 microversion: 1.1 [pid: 7|app: 0|req: 433/865] 10.0.0.31 () {34 vars in 815 bytes} [Sun Jun 14 00:07:53 2026] DELETE /resource_providers/d6e6bbf0-072d-49f7-bf1f-0886dc8462d9 => generated 246 bytes in 11 msecs (HTTP/1.1 404) 6 headers in 231 bytes (1 switches on core 0)
2026-06-14 00:07:53.192 8 INFO placement.requestlog [req-53da394b-1272-443f-858b-c8856fe69feb req-cbc63fbe-39d3-4bf9-a919-5d1755f0bd7d 3bf1b9c8db174c7d92958067eb43ff16 edcc23e1055842fb90ed6002336b7822 - - 4cef6ab3ba934616adaef9630e698264 4cef6ab3ba934616adaef9630e698264] 199.204.45.132 "GET /allocations/e1df0f1d-f2a7-4303-b776-35b65b9acac9" status: 200 len: 257 microversion: 1.28 [pid: 8|app: 0|req: 433/866] 199.204.45.132 () {34 vars in 863 bytes} [Sun Jun 14 00:07:53 2026] GET /allocations/e1df0f1d-f2a7-4303-b776-35b65b9acac9 => generated 257 bytes in 30 msecs (HTTP/1.1 200) 8 headers in 296 bytes (1 switches on core 0)
2026-06-14 00:07:54.236 7 INFO placement.requestlog [req-53da394b-1272-443f-858b-c8856fe69feb req-31950cd1-0967-41e3-81d5-a3d3b919064a 3bf1b9c8db174c7d92958067eb43ff16 edcc23e1055842fb90ed6002336b7822 - - 4cef6ab3ba934616adaef9630e698264 4cef6ab3ba934616adaef9630e698264] 199.204.45.132 "GET /resource_providers/f86004c5-fbeb-4cbe-9bec-c9a16a2a836c/allocations" status: 200 len: 152 microversion: 1.0 [pid: 7|app: 0|req: 434/867] 199.204.45.132 () {32 vars in 857 bytes} [Sun Jun 14 00:07:54 2026] GET /resource_providers/f86004c5-fbeb-4cbe-9bec-c9a16a2a836c/allocations => generated 152 bytes in 17 msecs (HTTP/1.1 200) 6 headers in 224 bytes (1 switches on core 0)
2026-06-14 00:07:54.254 8 INFO placement.requestlog [req-53da394b-1272-443f-858b-c8856fe69feb req-8c9036fa-7da9-4760-a2c6-524d536dd7ab 3bf1b9c8db174c7d92958067eb43ff16 edcc23e1055842fb90ed6002336b7822 - - 4cef6ab3ba934616adaef9630e698264 4cef6ab3ba934616adaef9630e698264] 199.204.45.132 "GET /allocations/e1df0f1d-f2a7-4303-b776-35b65b9acac9" status: 200 len: 257 microversion: 1.28 [pid: 8|app: 0|req: 434/868] 199.204.45.132 () {34 vars in 863 bytes} [Sun Jun 14 00:07:54 2026] GET /allocations/e1df0f1d-f2a7-4303-b776-35b65b9acac9 => generated 257 bytes in 12 msecs (HTTP/1.1 200) 8 headers in 296 bytes (1 switches on core 0)
