2026-06-14 00:07:38.934 8 INFO neutron_taas.services.taas.tap_mirror_plugin [None req-7192be9a-b14d-4859-92ad-376b9d7349e5 d9e00129e644483ead1ea98ff5d432ae 0387668d529d4ac28acada73f18088f5 - - default default] Tap Mirror: Handle Delete Port: ac5aa9a6-0144-49ec-84b4-38b447274e5a
2026-06-14 00:07:39.013 7 INFO neutron_taas.services.taas.taas_plugin [None req-304b9ae7-67e8-4705-baa3-5f00d67d0016 d22ad37931c040009128ef83bb630945 d062fce849c1497689e158c6b6da4ca1 - - default default] TaaS: Handle Delete Port: 0a5a9c0a-4658-4d2d-87ab-0a1838a171d8
2026-06-14 00:07:39.033 7 INFO neutron_taas.services.taas.tap_mirror_plugin [None req-304b9ae7-67e8-4705-baa3-5f00d67d0016 d22ad37931c040009128ef83bb630945 d062fce849c1497689e158c6b6da4ca1 - - default default] Tap Mirror: Handle Delete Port: 0a5a9c0a-4658-4d2d-87ab-0a1838a171d8 [pid: 8|app: 0|req: 777/1549] 10.0.0.164 () {32 vars in 720 bytes} [Sun Jun 14 00:07:38 2026] DELETE /v2.0/ports/ac5aa9a6-0144-49ec-84b4-38b447274e5a => generated 0 bytes in 355 msecs (HTTP/1.1 204) 3 headers in 131 bytes (1 switches on core 0) [pid: 8|app: 0|req: 778/1550] 199.204.45.132 () {34 vars in 1112 bytes} [Sun Jun 14 00:07:39 2026] GET /v2.0/networks/a93d1b20-c742-4f5e-97f1-f6fae84d1f2f?fields=provider%3Aphysical_network&fields=provider%3Anetwork_type => generated 79 bytes in 48 msecs (HTTP/1.1 200) 4 headers in 156 bytes (1 switches on core 0)
2026-06-14 00:07:39.219 8 INFO neutron.pecan_wsgi.hooks.translation [None req-4fa4559f-486a-46be-b0f1-487c7f05735e d9e00129e644483ead1ea98ff5d432ae 0387668d529d4ac28acada73f18088f5 - - default default] GET failed (client error): The resource could not be found. [pid: 8|app: 0|req: 779/1551] 10.0.0.164 () {32 vars in 717 bytes} [Sun Jun 14 00:07:39 2026] GET /v2.0/ports/ac5aa9a6-0144-49ec-84b4-38b447274e5a => generated 132 bytes in 14 msecs (HTTP/1.1 404) 4 headers in 164 bytes (1 switches on core 0) [pid: 8|app: 0|req: 780/1552] 10.0.0.164 () {32 vars in 724 bytes} [Sun Jun 14 00:07:39 2026] DELETE /v2.0/subnets/708c51db-e5b9-485d-ba26-59fba59fbb9b => generated 0 bytes in 178 msecs (HTTP/1.1 204) 3 headers in 131 bytes (1 switches on core 0) [pid: 7|app: 0|req: 773/1553] 10.0.0.164 () {32 vars in 724 bytes} [Sun Jun 14 00:07:38 2026] DELETE /v2.0/routers/7f2dc980-0962-44c9-ab02-e86d29f14fb7 => generated 0 bytes in 779 msecs (HTTP/1.1 204) 2 headers in 112 bytes (1 switches on core 0)
2026-06-14 00:07:39.538 8 INFO neutron_taas.services.taas.taas_plugin [None req-71cc64b5-1296-4a6f-9ede-ec09d0abb279 d9e00129e644483ead1ea98ff5d432ae 0387668d529d4ac28acada73f18088f5 - - default default] TaaS: Handle Delete Port: 35292833-e39c-4c19-b9bc-1d58ae8edb28
2026-06-14 00:07:39.542 8 INFO neutron_taas.services.taas.tap_mirror_plugin [None req-71cc64b5-1296-4a6f-9ede-ec09d0abb279 d9e00129e644483ead1ea98ff5d432ae 0387668d529d4ac28acada73f18088f5 - - default default] Tap Mirror: Handle Delete Port: 35292833-e39c-4c19-b9bc-1d58ae8edb28
2026-06-14 00:07:39.714 8 INFO neutron.services.segments.plugin [-] Segment fef7b5bb-1f32-4bed-b81d-9b194940d297 resource provider aggregate not found
2026-06-14 00:07:39.721 8 INFO neutron.services.segments.plugin [-] Segment fef7b5bb-1f32-4bed-b81d-9b194940d297 resource provider aggregate not found
2026-06-14 00:07:39.734 8 INFO neutron.services.segments.plugin [-] Segment fef7b5bb-1f32-4bed-b81d-9b194940d297 resource provider not found; error: Placement Client Error (4xx): {"errors": [{"status": 404, "title": "Not Found", "detail": "The resource could not be found.\n\n No resource provider with uuid fef7b5bb-1f32-4bed-b81d-9b194940d297 found for delete ", "request_id": "req-f269c31d-e382-4b07-b150-14acc32f0211"}]}
2026-06-14 00:07:39.751 8 INFO neutron.services.segments.plugin [-] Segment fef7b5bb-1f32-4bed-b81d-9b194940d297 resource provider not found; error: Placement Client Error (4xx): {"errors": [{"status": 404, "title": "Not Found", "detail": "The resource could not be found.\n\n No resource provider with uuid fef7b5bb-1f32-4bed-b81d-9b194940d297 found for delete ", "request_id": "req-983d519d-1bfe-458d-882f-6f5ada42daba"}]} [pid: 8|app: 0|req: 781/1554] 10.0.0.164 () {32 vars in 726 bytes} [Sun Jun 14 00:07:39 2026] DELETE /v2.0/networks/8ea8a364-7791-4d47-a1ec-d35c9948a690 => generated 0 bytes in 372 msecs (HTTP/1.1 204) 3 headers in 131 bytes (1 switches on core 0) [pid: 8|app: 0|req: 782/1555] 10.0.0.35 () {34 vars in 989 bytes} [Sun Jun 14 00:07:39 2026] GET /v2.0/ports?device_id=c68db06d-c25c-4b6b-a895-6177da6dba6b => generated 973 bytes in 89 msecs (HTTP/1.1 200) 4 headers in 157 bytes (1 switches on core 0)
2026-06-14 00:07:40.159 8 WARNING neutron.scheduler.dhcp_agent_scheduler [None req-cabbaecc-d120-4f67-8bb8-5ea3dae661e2 d9e00129e644483ead1ea98ff5d432ae 0387668d529d4ac28acada73f18088f5 - - default default] No more DHCP agents
2026-06-14 00:07:40.162 8 WARNING neutron.api.rpc.agentnotifiers.dhcp_rpc_agent_api [None req-cabbaecc-d120-4f67-8bb8-5ea3dae661e2 d9e00129e644483ead1ea98ff5d432ae 0387668d529d4ac28acada73f18088f5 - - default default] Unable to schedule network ad554fca-47d9-4958-8fea-c406b0d6e7cd: no agents available; will retry on subsequent port and subnet creation events. [pid: 7|app: 0|req: 774/1556] 10.0.0.164 () {32 vars in 724 bytes} [Sun Jun 14 00:07:39 2026] DELETE /v2.0/subnets/b1389434-28b7-4d2b-a9ad-6fb609e715bc => generated 0 bytes in 752 msecs (HTTP/1.1 204) 3 headers in 131 bytes (1 switches on core 0)
2026-06-14 00:07:40.226 8 INFO neutron.plugins.ml2.drivers.ovn.mech_driver.mech_driver [None req-59511821-9f59-43c5-a09f-fd0327fdbfb9 - - - - - -] OVN reports status down for port: faf65375-bf9f-4c17-b2ce-112dbd1f8001 [pid: 7|app: 0|req: 775/1557] 10.0.0.35 () {34 vars in 1039 bytes} [Sun Jun 14 00:07:40 2026] GET /v2.0/security-groups?id=0d8fb4cd-8b5f-4866-944d-6e1422670769&fields=id&fields=name => generated 88 bytes in 71 msecs (HTTP/1.1 200) 4 headers in 156 bytes (1 switches on core 0)
2026-06-14 00:07:40.309 8 INFO neutron.db.ovn_revision_numbers_db [None req-cabbaecc-d120-4f67-8bb8-5ea3dae661e2 d9e00129e644483ead1ea98ff5d432ae 0387668d529d4ac28acada73f18088f5 - - default default] Successfully bumped revision number for resource faf65375-bf9f-4c17-b2ce-112dbd1f8001 (type: ports) to 1 [pid: 8|app: 0|req: 783/1558] 10.0.0.164 () {34 vars in 665 bytes} [Sun Jun 14 00:07:39 2026] POST /v2.0/ports => generated 774 bytes in 517 msecs (HTTP/1.1 201) 4 headers in 162 bytes (1 switches on core 0) /var/lib/openstack/lib/python3.12/site-packages/pycadf/identifier.py:70: UserWarning: Invalid uuid: neutron. To ensure interoperability, identifiers should be a valid uuid. warnings.warn(('Invalid uuid: %s. To ensure interoperability, '
2026-06-14 00:07:40.404 7 INFO neutron_taas.services.taas.taas_plugin [None req-d2451a16-05f5-4c74-9acf-cdfeab0f625f d22ad37931c040009128ef83bb630945 d062fce849c1497689e158c6b6da4ca1 - - default default] TaaS: Handle Delete Port: b80922fd-05de-4b4e-94d1-ecbab58e7ec8
2026-06-14 00:07:40.407 7 INFO neutron_taas.services.taas.tap_mirror_plugin [None req-d2451a16-05f5-4c74-9acf-cdfeab0f625f d22ad37931c040009128ef83bb630945 d062fce849c1497689e158c6b6da4ca1 - - default default] Tap Mirror: Handle Delete Port: b80922fd-05de-4b4e-94d1-ecbab58e7ec8
2026-06-14 00:07:40.567 7 INFO neutron.services.segments.plugin [-] Segment 8c264727-a125-4365-be48-3acadc81d557 resource provider aggregate not found
2026-06-14 00:07:40.570 7 INFO neutron.services.segments.plugin [-] Segment 8c264727-a125-4365-be48-3acadc81d557 resource provider aggregate not found
2026-06-14 00:07:40.582 7 INFO neutron.services.segments.plugin [-] Segment 8c264727-a125-4365-be48-3acadc81d557 resource provider not found; error: Placement Client Error (4xx): {"errors": [{"status": 404, "title": "Not Found", "detail": "The resource could not be found.\n\n No resource provider with uuid 8c264727-a125-4365-be48-3acadc81d557 found for delete ", "request_id": "req-0209608e-8d8f-4cd4-a567-b8757fb8727b"}]}
2026-06-14 00:07:40.597 7 INFO neutron.services.segments.plugin [-] Segment 8c264727-a125-4365-be48-3acadc81d557 resource provider not found; error: Placement Client Error (4xx): {"errors": [{"status": 404, "title": "Not Found", "detail": "The resource could not be found.\n\n No resource provider with uuid 8c264727-a125-4365-be48-3acadc81d557 found for delete ", "request_id": "req-45f75df5-d5e6-4835-b313-858c5cbab4bb"}]} [pid: 7|app: 0|req: 776/1559] 10.0.0.164 () {32 vars in 726 bytes} [Sun Jun 14 00:07:40 2026] DELETE /v2.0/networks/5d615be3-103c-4f79-9f3a-9d3a1ca00d83 => generated 0 bytes in 322 msecs (HTTP/1.1 204) 3 headers in 131 bytes (1 switches on core 0)
2026-06-14 00:07:40.647 8 INFO neutron.plugins.ml2.drivers.ovn.mech_driver.mech_driver [None req-59511821-9f59-43c5-a09f-fd0327fdbfb9 - - - - - -] OVN reports status down for port: faf65375-bf9f-4c17-b2ce-112dbd1f8001
2026-06-14 00:07:40.715 8 INFO neutron.db.ovn_revision_numbers_db [None req-4c68a13b-1a40-42ad-a755-a75029a1f779 d9e00129e644483ead1ea98ff5d432ae 0387668d529d4ac28acada73f18088f5 - - default default] Successfully bumped revision number for resource faf65375-bf9f-4c17-b2ce-112dbd1f8001 (type: ports) to 2 [pid: 8|app: 0|req: 784/1560] 10.0.0.164 () {34 vars in 737 bytes} [Sun Jun 14 00:07:40 2026] PUT /v2.0/ports/faf65375-bf9f-4c17-b2ce-112dbd1f8001 => generated 752 bytes in 366 msecs (HTTP/1.1 200) 4 headers in 157 bytes (1 switches on core 0) /var/lib/openstack/lib/python3.12/site-packages/pycadf/identifier.py:70: UserWarning: Invalid uuid: neutron. To ensure interoperability, identifiers should be a valid uuid. warnings.warn(('Invalid uuid: %s. To ensure interoperability, ' [pid: 8|app: 0|req: 785/1561] 10.0.0.164 () {32 vars in 774 bytes} [Sun Jun 14 00:07:40 2026] GET /v2.0/security-groups?tenant_id=522bd976301348a68aa7db011cc3187d&name=default => generated 2925 bytes in 34 msecs (HTTP/1.1 200) 4 headers in 158 bytes (1 switches on core 0)
2026-06-14 00:07:40.905 7 INFO neutron_taas.services.taas.taas_plugin [None req-3c1b405e-52a6-40d6-b5d3-62538c4169a2 d9e00129e644483ead1ea98ff5d432ae 0387668d529d4ac28acada73f18088f5 - - default default] TaaS: Handle Delete Port: faf65375-bf9f-4c17-b2ce-112dbd1f8001
2026-06-14 00:07:40.907 7 INFO neutron_taas.services.taas.tap_mirror_plugin [None req-3c1b405e-52a6-40d6-b5d3-62538c4169a2 d9e00129e644483ead1ea98ff5d432ae 0387668d529d4ac28acada73f18088f5 - - default default] Tap Mirror: Handle Delete Port: faf65375-bf9f-4c17-b2ce-112dbd1f8001 [pid: 7|app: 0|req: 777/1562] 10.0.0.164 () {32 vars in 720 bytes} [Sun Jun 14 00:07:40 2026] DELETE /v2.0/ports/faf65375-bf9f-4c17-b2ce-112dbd1f8001 => generated 0 bytes in 221 msecs (HTTP/1.1 204) 3 headers in 131 bytes (1 switches on core 0) [pid: 7|app: 0|req: 778/1563] 10.0.0.164 () {32 vars in 643 bytes} [Sun Jun 14 00:07:40 2026] GET /v2.0/ports => generated 1534 bytes in 38 msecs (HTTP/1.1 200) 4 headers in 158 bytes (1 switches on core 0) [pid: 8|app: 0|req: 786/1564] 10.0.0.164 () {32 vars in 740 bytes} [Sun Jun 14 00:07:40 2026] DELETE /v2.0/security-groups/b325a587-de56-47c4-8223-6c0c6b1a3558 => generated 0 bytes in 263 msecs (HTTP/1.1 204) 2 headers in 112 bytes (1 switches on core 0)
2026-06-14 00:07:41.123 8 INFO neutron.pecan_wsgi.hooks.translation [None req-55d3e615-14c8-444e-91c8-7ba1dc14ad1b d9e00129e644483ead1ea98ff5d432ae 0387668d529d4ac28acada73f18088f5 - - default default] GET failed (client error): The resource could not be found. [pid: 8|app: 0|req: 787/1565] 10.0.0.164 () {32 vars in 717 bytes} [Sun Jun 14 00:07:41 2026] GET /v2.0/ports/faf65375-bf9f-4c17-b2ce-112dbd1f8001 => generated 132 bytes in 22 msecs (HTTP/1.1 404) 4 headers in 164 bytes (1 switches on core 0) [pid: 8|app: 0|req: 788/1566] 10.0.0.164 () {32 vars in 643 bytes} [Sun Jun 14 00:07:41 2026] GET /v2.0/ports => generated 1534 bytes in 53 msecs (HTTP/1.1 200) 4 headers in 158 bytes (1 switches on core 0) [pid: 8|app: 0|req: 789/1567] 10.0.0.164 () {32 vars in 717 bytes} [Sun Jun 14 00:07:41 2026] GET /v2.0/ports/6b4ef07a-6949-4606-be61-3c2c719289c1 => generated 775 bytes in 46 msecs (HTTP/1.1 200) 4 headers in 157 bytes (1 switches on core 0)
2026-06-14 00:07:41.266 8 INFO neutron.pecan_wsgi.hooks.translation [None req-bf5e5ab4-13b1-4e59-a7a4-ec351d7106ed d9e00129e644483ead1ea98ff5d432ae 0387668d529d4ac28acada73f18088f5 - - default default] DELETE failed (client error): The resource could not be found. [pid: 8|app: 0|req: 790/1568] 10.0.0.164 () {32 vars in 720 bytes} [Sun Jun 14 00:07:41 2026] DELETE /v2.0/ports/ac5aa9a6-0144-49ec-84b4-38b447274e5a => generated 132 bytes in 17 msecs (HTTP/1.1 404) 4 headers in 164 bytes (1 switches on core 0)
2026-06-14 00:07:41.284 8 INFO neutron.pecan_wsgi.hooks.translation [None req-e55bfee2-3b92-45a7-8760-aa56304b59b9 d9e00129e644483ead1ea98ff5d432ae 0387668d529d4ac28acada73f18088f5 - - default default] DELETE failed (client error): The resource could not be found. [pid: 8|app: 0|req: 791/1569] 10.0.0.164 () {32 vars in 724 bytes} [Sun Jun 14 00:07:41 2026] DELETE /v2.0/subnets/708c51db-e5b9-485d-ba26-59fba59fbb9b => generated 136 bytes in 14 msecs (HTTP/1.1 404) 4 headers in 164 bytes (1 switches on core 0)
2026-06-14 00:07:41.303 8 INFO neutron.pecan_wsgi.hooks.translation [None req-3d49ab75-514b-4752-b9d2-3fa205cec5d3 d9e00129e644483ead1ea98ff5d432ae 0387668d529d4ac28acada73f18088f5 - - default default] DELETE failed (client error): The resource could not be found. [pid: 8|app: 0|req: 792/1570] 10.0.0.164 () {32 vars in 724 bytes} [Sun Jun 14 00:07:41 2026] DELETE /v2.0/subnets/afcceacf-5717-4869-9a22-2c7719c2549d => generated 136 bytes in 14 msecs (HTTP/1.1 404) 4 headers in 164 bytes (1 switches on core 0)
2026-06-14 00:07:41.308 7 INFO neutron.db.ovn_revision_numbers_db [None req-7ab8bcdc-bb9c-4d99-a991-593ec9d0093a d22ad37931c040009128ef83bb630945 d062fce849c1497689e158c6b6da4ca1 - - default default] Successfully bumped revision number for resource a83f4e82-882a-4785-bdd6-921c3d53c5e2 (type: security_groups) to 1
2026-06-14 00:07:41.320 7 INFO neutron.db.ovn_revision_numbers_db [None req-7ab8bcdc-bb9c-4d99-a991-593ec9d0093a d22ad37931c040009128ef83bb630945 d062fce849c1497689e158c6b6da4ca1 - - default default] Successfully bumped revision number for resource ab44eb3f-2d56-4201-a22b-f6c7b8badf00 (type: security_group_rules) to 0
2026-06-14 00:07:41.333 7 INFO neutron.db.ovn_revision_numbers_db [None req-7ab8bcdc-bb9c-4d99-a991-593ec9d0093a d22ad37931c040009128ef83bb630945 d062fce849c1497689e158c6b6da4ca1 - - default default] Successfully bumped revision number for resource d4043804-1ef5-4766-bc7a-b25bac23bf0a (type: security_group_rules) to 0
2026-06-14 00:07:41.349 7 INFO neutron.db.ovn_revision_numbers_db [None req-7ab8bcdc-bb9c-4d99-a991-593ec9d0093a d22ad37931c040009128ef83bb630945 d062fce849c1497689e158c6b6da4ca1 - - default default] Successfully bumped revision number for resource e89baad4-2798-4e49-adb8-39da3656ddb4 (type: security_group_rules) to 0
2026-06-14 00:07:41.363 7 INFO neutron.db.ovn_revision_numbers_db [None req-7ab8bcdc-bb9c-4d99-a991-593ec9d0093a d22ad37931c040009128ef83bb630945 d062fce849c1497689e158c6b6da4ca1 - - default default] Successfully bumped revision number for resource fe5499c9-3713-4d3a-89f8-ac203ec274ce (type: security_group_rules) to 0 [pid: 7|app: 0|req: 779/1571] 10.0.0.164 () {32 vars in 774 bytes} [Sun Jun 14 00:07:41 2026] GET /v2.0/security-groups?tenant_id=bad65f26523a459bb4f86180fef1f666&name=default => generated 2925 bytes in 382 msecs (HTTP/1.1 200) 4 headers in 158 bytes (1 switches on core 0)
2026-06-14 00:07:41.430 8 INFO neutron_taas.services.taas.taas_plugin [None req-4ec1a0f6-d3fb-44f5-be1a-ba6ab26d57be d9e00129e644483ead1ea98ff5d432ae 0387668d529d4ac28acada73f18088f5 - - default default] TaaS: Handle Delete Port: 6b4ef07a-6949-4606-be61-3c2c719289c1
2026-06-14 00:07:41.434 8 INFO neutron_taas.services.taas.tap_mirror_plugin [None req-4ec1a0f6-d3fb-44f5-be1a-ba6ab26d57be d9e00129e644483ead1ea98ff5d432ae 0387668d529d4ac28acada73f18088f5 - - default default] Tap Mirror: Handle Delete Port: 6b4ef07a-6949-4606-be61-3c2c719289c1 [pid: 7|app: 0|req: 780/1572] 10.0.0.35 () {34 vars in 989 bytes} [Sun Jun 14 00:07:41 2026] GET /v2.0/ports?device_id=c68db06d-c25c-4b6b-a895-6177da6dba6b => generated 973 bytes in 69 msecs (HTTP/1.1 200) 4 headers in 157 bytes (1 switches on core 0) [pid: 8|app: 0|req: 793/1573] 10.0.0.164 () {32 vars in 720 bytes} [Sun Jun 14 00:07:41 2026] DELETE /v2.0/ports/6b4ef07a-6949-4606-be61-3c2c719289c1 => generated 0 bytes in 225 msecs (HTTP/1.1 204) 3 headers in 131 bytes (1 switches on core 0) [pid: 8|app: 0|req: 794/1574] 10.0.0.35 () {34 vars in 1039 bytes} [Sun Jun 14 00:07:41 2026] GET /v2.0/security-groups?id=0d8fb4cd-8b5f-4866-944d-6e1422670769&fields=id&fields=name => generated 88 bytes in 45 msecs (HTTP/1.1 200) 4 headers in 156 bytes (1 switches on core 0) [pid: 7|app: 0|req: 781/1575] 10.0.0.164 () {32 vars in 740 bytes} [Sun Jun 14 00:07:41 2026] DELETE /v2.0/security-groups/a83f4e82-882a-4785-bdd6-921c3d53c5e2 => generated 0 bytes in 212 msecs (HTTP/1.1 204) 2 headers in 112 bytes (1 switches on core 0)
2026-06-14 00:07:41.705 8 INFO neutron_taas.services.taas.taas_plugin [None req-bda75162-53cf-4b24-a562-f981e59e2520 d9e00129e644483ead1ea98ff5d432ae 0387668d529d4ac28acada73f18088f5 - - default default] TaaS: Handle Delete Port: ea6e53ee-35b3-4a6b-989b-25b859604456
2026-06-14 00:07:41.707 8 INFO neutron_taas.services.taas.tap_mirror_plugin [None req-bda75162-53cf-4b24-a562-f981e59e2520 d9e00129e644483ead1ea98ff5d432ae 0387668d529d4ac28acada73f18088f5 - - default default] Tap Mirror: Handle Delete Port: ea6e53ee-35b3-4a6b-989b-25b859604456
2026-06-14 00:07:41.889 7 INFO neutron.plugins.ml2.drivers.ovn.mech_driver.mech_driver [None req-19a317b6-8649-44da-b32f-470e2f4590e7 - - - - - -] OVN reports status up for port: 224bc8ed-06f5-4b1b-af14-53e0ca6463f5
2026-06-14 00:07:41.894 8 INFO neutron.services.segments.plugin [-] Segment 88e31b86-0963-44e3-8ddd-b6df852503c7 resource provider aggregate not found
2026-06-14 00:07:41.900 8 INFO neutron.services.segments.plugin [-] Segment 88e31b86-0963-44e3-8ddd-b6df852503c7 resource provider aggregate not found
2026-06-14 00:07:41.922 8 INFO neutron.services.segments.plugin [-] Segment 88e31b86-0963-44e3-8ddd-b6df852503c7 resource provider not found; error: Placement Client Error (4xx): {"errors": [{"status": 404, "title": "Not Found", "detail": "The resource could not be found.\n\n No resource provider with uuid 88e31b86-0963-44e3-8ddd-b6df852503c7 found for delete ", "request_id": "req-113f00d0-86d2-494b-a22b-e597525852d6"}]}
2026-06-14 00:07:41.929 8 INFO neutron.services.segments.plugin [-] Segment 88e31b86-0963-44e3-8ddd-b6df852503c7 resource provider not found; error: Placement Client Error (4xx): {"errors": [{"status": 404, "title": "Not Found", "detail": "The resource could not be found.\n\n No resource provider with uuid 88e31b86-0963-44e3-8ddd-b6df852503c7 found for delete ", "request_id": "req-14760f08-fc23-4b2a-9dce-20125af2d043"}]}
2026-06-14 00:07:41.946 7 INFO neutron.plugins.ml2.plugin [None req-19a317b6-8649-44da-b32f-470e2f4590e7 - - - - - -] Attempt 1 to provision port 224bc8ed-06f5-4b1b-af14-53e0ca6463f5 [pid: 8|app: 0|req: 795/1576] 10.0.0.164 () {32 vars in 726 bytes} [Sun Jun 14 00:07:41 2026] DELETE /v2.0/networks/ad554fca-47d9-4958-8fea-c406b0d6e7cd => generated 0 bytes in 377 msecs (HTTP/1.1 204) 3 headers in 131 bytes (1 switches on core 0)
2026-06-14 00:07:42.057 7 INFO neutron.notifiers.nova [-] Nova event matching ['req-7b035ce0-be1d-4cb8-a087-bea93760266e'] response: {'server_uuid': 'c68db06d-c25c-4b6b-a895-6177da6dba6b', 'name': 'network-vif-plugged', 'status': 'completed', 'tag': '224bc8ed-06f5-4b1b-af14-53e0ca6463f5', 'code': 200}
2026-06-14 00:07:42.198 7 INFO neutron.db.ovn_revision_numbers_db [None req-19a317b6-8649-44da-b32f-470e2f4590e7 - - - - - -] Successfully bumped revision number for resource 224bc8ed-06f5-4b1b-af14-53e0ca6463f5 (type: ports) to 5 [pid: 8|app: 0|req: 796/1577] 10.0.0.35 () {34 vars in 989 bytes} [Sun Jun 14 00:07:42 2026] GET /v2.0/ports?device_id=c68db06d-c25c-4b6b-a895-6177da6dba6b => generated 975 bytes in 39 msecs (HTTP/1.1 200) 4 headers in 157 bytes (1 switches on core 0) /var/lib/openstack/lib/python3.12/site-packages/pycadf/identifier.py:70: UserWarning: Invalid uuid: neutron. To ensure interoperability, identifiers should be a valid uuid. warnings.warn(('Invalid uuid: %s. To ensure interoperability, ' [pid: 7|app: 0|req: 782/1578] 10.0.0.164 () {32 vars in 774 bytes} [Sun Jun 14 00:07:42 2026] GET /v2.0/security-groups?tenant_id=0387668d529d4ac28acada73f18088f5&name=default => generated 2925 bytes in 276 msecs (HTTP/1.1 200) 4 headers in 158 bytes (1 switches on core 0) [pid: 8|app: 0|req: 797/1579] 10.0.0.35 () {34 vars in 1039 bytes} [Sun Jun 14 00:07:42 2026] GET /v2.0/security-groups?id=0d8fb4cd-8b5f-4866-944d-6e1422670769&fields=id&fields=name => generated 88 bytes in 50 msecs (HTTP/1.1 200) 4 headers in 156 bytes (1 switches on core 0) [pid: 7|app: 0|req: 783/1580] 10.0.0.164 () {32 vars in 740 bytes} [Sun Jun 14 00:07:42 2026] DELETE /v2.0/security-groups/4d61ed19-3202-4c31-a7d3-68793404e8bd => generated 0 bytes in 212 msecs (HTTP/1.1 204) 2 headers in 112 bytes (1 switches on core 0)
2026-06-14 00:07:43.059 8 INFO neutron.db.ovn_revision_numbers_db [None req-ba17acbe-7aed-47c7-95f6-1f6764701102 d22ad37931c040009128ef83bb630945 d062fce849c1497689e158c6b6da4ca1 - - default default] Successfully bumped revision number for resource 21879df5-f79f-4d75-b52a-9d8240de2995 (type: security_groups) to 1
2026-06-14 00:07:43.075 8 INFO neutron.db.ovn_revision_numbers_db [None req-ba17acbe-7aed-47c7-95f6-1f6764701102 d22ad37931c040009128ef83bb630945 d062fce849c1497689e158c6b6da4ca1 - - default default] Successfully bumped revision number for resource 4c3c936b-5210-42b6-92fb-21218f6d9df5 (type: security_group_rules) to 0
2026-06-14 00:07:43.093 8 INFO neutron.db.ovn_revision_numbers_db [None req-ba17acbe-7aed-47c7-95f6-1f6764701102 d22ad37931c040009128ef83bb630945 d062fce849c1497689e158c6b6da4ca1 - - default default] Successfully bumped revision number for resource 674614c4-fee7-49c1-a355-bddd75965aea (type: security_group_rules) to 0
2026-06-14 00:07:43.106 8 INFO neutron.db.ovn_revision_numbers_db [None req-ba17acbe-7aed-47c7-95f6-1f6764701102 d22ad37931c040009128ef83bb630945 d062fce849c1497689e158c6b6da4ca1 - - default default] Successfully bumped revision number for resource a73d67e5-766f-417d-add1-2bf1f6faa3d7 (type: security_group_rules) to 0
2026-06-14 00:07:43.125 8 INFO neutron.db.ovn_revision_numbers_db [None req-ba17acbe-7aed-47c7-95f6-1f6764701102 d22ad37931c040009128ef83bb630945 d062fce849c1497689e158c6b6da4ca1 - - default default] Successfully bumped revision number for resource e967703d-b997-462a-9982-5d0515a7c1d8 (type: security_group_rules) to 0
2026-06-14 00:07:43.217 8 INFO neutron.db.segments_db [None req-ba17acbe-7aed-47c7-95f6-1f6764701102 d22ad37931c040009128ef83bb630945 d062fce849c1497689e158c6b6da4ca1 - - default default] Added segment f778eb91-4edb-4c17-86c4-3a86e63d25b9 of type geneve for network b385fc8e-d0d7-4918-a0a9-4c7fc027285a
2026-06-14 00:07:43.324 8 INFO neutron.db.ovn_revision_numbers_db [None req-ba17acbe-7aed-47c7-95f6-1f6764701102 d22ad37931c040009128ef83bb630945 d062fce849c1497689e158c6b6da4ca1 - - default default] Successfully bumped revision number for resource b385fc8e-d0d7-4918-a0a9-4c7fc027285a (type: networks) to 1
2026-06-14 00:07:43.483 8 WARNING neutron.scheduler.dhcp_agent_scheduler [None req-ba17acbe-7aed-47c7-95f6-1f6764701102 d22ad37931c040009128ef83bb630945 d062fce849c1497689e158c6b6da4ca1 - - default default] No more DHCP agents
2026-06-14 00:07:43.485 8 WARNING neutron.api.rpc.agentnotifiers.dhcp_rpc_agent_api [None req-ba17acbe-7aed-47c7-95f6-1f6764701102 d22ad37931c040009128ef83bb630945 d062fce849c1497689e158c6b6da4ca1 - - default default] Unable to schedule network b385fc8e-d0d7-4918-a0a9-4c7fc027285a: no agents available; will retry on subsequent port and subnet creation events.
2026-06-14 00:07:43.526 8 INFO neutron.plugins.ml2.drivers.ovn.mech_driver.mech_driver [None req-59511821-9f59-43c5-a09f-fd0327fdbfb9 - - - - - -] OVN reports status down for port: 834fceae-fa90-4ce3-9a73-06d12b5d272d
2026-06-14 00:07:43.609 8 INFO neutron.db.ovn_revision_numbers_db [None req-ba17acbe-7aed-47c7-95f6-1f6764701102 d22ad37931c040009128ef83bb630945 d062fce849c1497689e158c6b6da4ca1 - - default default] Successfully bumped revision number for resource 834fceae-fa90-4ce3-9a73-06d12b5d272d (type: ports) to 1 [pid: 8|app: 0|req: 798/1581] 10.0.0.164 () {34 vars in 671 bytes} [Sun Jun 14 00:07:42 2026] POST /v2.0/networks => generated 779 bytes in 831 msecs (HTTP/1.1 201) 4 headers in 162 bytes (1 switches on core 0)
2026-06-14 00:07:43.860 7 WARNING neutron.scheduler.dhcp_agent_scheduler [None req-272f0105-a3e4-42f5-aadc-3a4be0a61fd6 d22ad37931c040009128ef83bb630945 d062fce849c1497689e158c6b6da4ca1 - - default default] No more DHCP agents
2026-06-14 00:07:43.863 7 WARNING neutron.api.rpc.agentnotifiers.dhcp_rpc_agent_api [None req-272f0105-a3e4-42f5-aadc-3a4be0a61fd6 d22ad37931c040009128ef83bb630945 d062fce849c1497689e158c6b6da4ca1 - - default default] Unable to schedule network b385fc8e-d0d7-4918-a0a9-4c7fc027285a: no agents available; will retry on subsequent port and subnet creation events. [pid: 8|app: 0|req: 799/1582] 10.0.0.35 () {34 vars in 989 bytes} [Sun Jun 14 00:07:43 2026] GET /v2.0/ports?device_id=c68db06d-c25c-4b6b-a895-6177da6dba6b => generated 975 bytes in 44 msecs (HTTP/1.1 200) 4 headers in 157 bytes (1 switches on core 0) [pid: 8|app: 0|req: 800/1583] 10.0.0.35 () {34 vars in 1039 bytes} [Sun Jun 14 00:07:43 2026] GET /v2.0/security-groups?id=0d8fb4cd-8b5f-4866-944d-6e1422670769&fields=id&fields=name => generated 88 bytes in 48 msecs (HTTP/1.1 200) 4 headers in 156 bytes (1 switches on core 0)
2026-06-14 00:07:44.100 7 INFO neutron.notifiers.nova [-] Nova event matching ['req-39d02b89-e986-4352-830a-89f7b19fea40'] response: {'server_uuid': 'c68db06d-c25c-4b6b-a895-6177da6dba6b', 'name': 'network-vif-plugged', 'status': 'completed', 'tag': '224bc8ed-06f5-4b1b-af14-53e0ca6463f5', 'code': 200} [pid: 8|app: 0|req: 801/1584] 10.0.0.35 () {34 vars in 989 bytes} [Sun Jun 14 00:07:44 2026] GET /v2.0/ports?device_id=c68db06d-c25c-4b6b-a895-6177da6dba6b => generated 975 bytes in 55 msecs (HTTP/1.1 200) 4 headers in 157 bytes (1 switches on core 0)
2026-06-14 00:07:44.319 7 INFO neutron.db.ovn_revision_numbers_db [None req-445de90e-ac9f-4aa0-963a-ea89ea47561e - - - - - -] Successfully bumped revision number for resource 834fceae-fa90-4ce3-9a73-06d12b5d272d (type: ports) to 2 [pid: 8|app: 0|req: 802/1585] 10.0.0.35 () {34 vars in 1039 bytes} [Sun Jun 14 00:07:44 2026] GET /v2.0/security-groups?id=0d8fb4cd-8b5f-4866-944d-6e1422670769&fields=id&fields=name => generated 88 bytes in 29 msecs (HTTP/1.1 200) 4 headers in 156 bytes (1 switches on core 0)
2026-06-14 00:07:44.350 7 INFO neutron.db.ovn_revision_numbers_db [None req-445de90e-ac9f-4aa0-963a-ea89ea47561e - - - - - -] Successfully bumped revision number for resource 383606fa-94a7-49e4-9f9f-47d51220475e (type: subnets) to 0 [pid: 7|app: 0|req: 784/1586] 10.0.0.164 () {34 vars in 669 bytes} [Sun Jun 14 00:07:43 2026] POST /v2.0/subnets => generated 685 bytes in 659 msecs (HTTP/1.1 201) 4 headers in 162 bytes (1 switches on core 0)
2026-06-14 00:07:44.769 8 WARNING neutron.scheduler.dhcp_agent_scheduler [None req-83c91a6f-2d81-4a20-bfd1-fdc5e8fb4699 d22ad37931c040009128ef83bb630945 d062fce849c1497689e158c6b6da4ca1 - - default default] No more DHCP agents
2026-06-14 00:07:44.770 8 WARNING neutron.api.rpc.agentnotifiers.dhcp_rpc_agent_api [None req-83c91a6f-2d81-4a20-bfd1-fdc5e8fb4699 d22ad37931c040009128ef83bb630945 d062fce849c1497689e158c6b6da4ca1 - - default default] Unable to schedule network eec7a1e5-07fc-4dc9-b0e0-daf1f6386d27: no agents available; will retry on subsequent port and subnet creation events.
2026-06-14 00:07:44.862 7 INFO neutron.plugins.ml2.drivers.ovn.mech_driver.mech_driver [None req-70e95e23-dd42-426a-859a-40ac433ca12f - - - - - -] OVN reports status down for port: 293a56bf-ff20-4065-a628-27091afb140d
2026-06-14 00:07:44.907 8 INFO neutron.db.ovn_revision_numbers_db [None req-83c91a6f-2d81-4a20-bfd1-fdc5e8fb4699 d22ad37931c040009128ef83bb630945 d062fce849c1497689e158c6b6da4ca1 - - default default] Successfully bumped revision number for resource 293a56bf-ff20-4065-a628-27091afb140d (type: ports) to 1 [pid: 7|app: 0|req: 785/1587] 10.0.0.164 () {34 vars in 677 bytes} [Sun Jun 14 00:07:44 2026] POST /v2.0/subnetpools => generated 549 bytes in 262 msecs (HTTP/1.1 201) 4 headers in 162 bytes (1 switches on core 0) [pid: 7|app: 0|req: 786/1588] 10.0.0.164 () {32 vars in 729 bytes} [Sun Jun 14 00:07:45 2026] GET /v2.0/subnetpools/1a645f3d-8466-40bb-981d-92ccb98e6cf0 => generated 549 bytes in 29 msecs (HTTP/1.1 200) 4 headers in 157 bytes (1 switches on core 0) [pid: 7|app: 0|req: 787/1589] 10.0.0.164 () {34 vars in 749 bytes} [Sun Jun 14 00:07:45 2026] PUT /v2.0/subnetpools/1a645f3d-8466-40bb-981d-92ccb98e6cf0 => generated 501 bytes in 80 msecs (HTTP/1.1 200) 4 headers in 157 bytes (1 switches on core 0) [pid: 7|app: 0|req: 788/1590] 10.0.0.164 () {32 vars in 732 bytes} [Sun Jun 14 00:07:45 2026] DELETE /v2.0/subnetpools/1a645f3d-8466-40bb-981d-92ccb98e6cf0 => generated 0 bytes in 62 msecs (HTTP/1.1 204) 2 headers in 112 bytes (1 switches on core 0)
2026-06-14 00:07:45.264 7 INFO neutron.api.v2.resource [None req-b705e974-8a75-4e31-bec4-e954ce73594c 4bcdf190ec094668a7be37b71e2e9750 59f3ae0317864b818c65217d0a30c2b5 - - default default] show failed (client error): The resource could not be found. [pid: 7|app: 0|req: 789/1591] 10.0.0.164 () {32 vars in 729 bytes} [Sun Jun 14 00:07:45 2026] GET /v2.0/subnetpools/1a645f3d-8466-40bb-981d-92ccb98e6cf0 => generated 145 bytes in 17 msecs (HTTP/1.1 404) 4 headers in 164 bytes (1 switches on core 0)
2026-06-14 00:07:45.282 7 INFO neutron.api.v2.resource [None req-1c11c883-6ba8-482f-9ad7-938437580671 4bcdf190ec094668a7be37b71e2e9750 59f3ae0317864b818c65217d0a30c2b5 - - default default] delete failed (client error): The resource could not be found. [pid: 7|app: 0|req: 790/1592] 10.0.0.164 () {32 vars in 732 bytes} [Sun Jun 14 00:07:45 2026] DELETE /v2.0/subnetpools/1a645f3d-8466-40bb-981d-92ccb98e6cf0 => generated 145 bytes in 14 msecs (HTTP/1.1 404) 4 headers in 164 bytes (1 switches on core 0)
2026-06-14 00:07:45.294 7 INFO neutron.plugins.ml2.drivers.ovn.mech_driver.mech_driver [None req-70e95e23-dd42-426a-859a-40ac433ca12f - - - - - -] OVN reports status down for port: 224bc8ed-06f5-4b1b-af14-53e0ca6463f5 [pid: 7|app: 0|req: 791/1593] 10.0.0.35 () {34 vars in 989 bytes} [Sun Jun 14 00:07:45 2026] GET /v2.0/ports?device_id=c68db06d-c25c-4b6b-a895-6177da6dba6b => generated 975 bytes in 95 msecs (HTTP/1.1 200) 4 headers in 157 bytes (1 switches on core 0) [pid: 7|app: 0|req: 792/1594] 10.0.0.35 () {34 vars in 1039 bytes} [Sun Jun 14 00:07:45 2026] GET /v2.0/security-groups?id=0d8fb4cd-8b5f-4866-944d-6e1422670769&fields=id&fields=name => generated 88 bytes in 90 msecs (HTTP/1.1 200) 4 headers in 156 bytes (1 switches on core 0)
2026-06-14 00:07:45.646 8 INFO neutron.plugins.ml2.drivers.ovn.mech_driver.ovsdb.commands [None req-9b71b806-ff45-4607-a142-df92f8644a49 - - - - - -] Schedule LRP lrp-293a56bf-ff20-4065-a628-27091afb140d on gateway cea8550c-c849-433e-9de1-359605f1f82f with priority 1
2026-06-14 00:07:45.666 7 INFO neutron.db.ovn_revision_numbers_db [None req-70e95e23-dd42-426a-859a-40ac433ca12f - - - - - -] Successfully bumped revision number for resource 224bc8ed-06f5-4b1b-af14-53e0ca6463f5 (type: ports) to 6
2026-06-14 00:07:45.704 8 INFO neutron.db.ovn_revision_numbers_db [None req-83c91a6f-2d81-4a20-bfd1-fdc5e8fb4699 d22ad37931c040009128ef83bb630945 d062fce849c1497689e158c6b6da4ca1 - - default default] Successfully bumped revision number for resource 293a56bf-ff20-4065-a628-27091afb140d (type: router_ports) to 1
2026-06-14 00:07:45.718 7 INFO neutron.plugins.ml2.drivers.ovn.mech_driver.mech_driver [None req-575a6a43-dde8-4b70-af58-2c33a3c1c9d9 - - - - - -] OVN reports status up for port: 293a56bf-ff20-4065-a628-27091afb140d
2026-06-14 00:07:45.729 8 INFO neutron.plugins.ml2.drivers.ovn.mech_driver.ovsdb.ovsdb_monitor [None req-0057a56d-479a-473c-9cc1-ed91c75d55d5 - - - - - -] Router 0d122e94-f0f5-469d-aa3f-38698967dd2a is bound to host instance
2026-06-14 00:07:45.732 7 INFO neutron.plugins.ml2.plugin [None req-575a6a43-dde8-4b70-af58-2c33a3c1c9d9 - - - - - -] Attempt 1 to provision port 293a56bf-ff20-4065-a628-27091afb140d
2026-06-14 00:07:45.863 8 INFO neutron.db.ovn_revision_numbers_db [None req-83c91a6f-2d81-4a20-bfd1-fdc5e8fb4699 d22ad37931c040009128ef83bb630945 d062fce849c1497689e158c6b6da4ca1 - - default default] Successfully bumped revision number for resource 0d122e94-f0f5-469d-aa3f-38698967dd2a (type: routers) to 2 [pid: 8|app: 0|req: 803/1595] 10.0.0.164 () {34 vars in 669 bytes} [Sun Jun 14 00:07:44 2026] POST /v2.0/routers => generated 963 bytes in 1527 msecs (HTTP/1.1 201) 4 headers in 162 bytes (1 switches on core 0) /var/lib/openstack/lib/python3.12/site-packages/pycadf/identifier.py:70: UserWarning: Invalid uuid: neutron. To ensure interoperability, identifiers should be a valid uuid. warnings.warn(('Invalid uuid: %s. To ensure interoperability, '
2026-06-14 00:07:46.034 7 INFO neutron.db.ovn_revision_numbers_db [None req-ee8466e0-70a4-49e6-8a93-aa235e85f891 d22ad37931c040009128ef83bb630945 d062fce849c1497689e158c6b6da4ca1 - - default default] Successfully bumped revision number for resource 74c4f343-2cf3-4a32-966a-5a6af8aa49aa (type: security_groups) to 1
2026-06-14 00:07:46.047 7 INFO neutron.db.ovn_revision_numbers_db [None req-ee8466e0-70a4-49e6-8a93-aa235e85f891 d22ad37931c040009128ef83bb630945 d062fce849c1497689e158c6b6da4ca1 - - default default] Successfully bumped revision number for resource 29c8e8ce-8c11-49f4-9d75-5487e35568e1 (type: security_group_rules) to 0
2026-06-14 00:07:46.063 7 INFO neutron.db.ovn_revision_numbers_db [None req-ee8466e0-70a4-49e6-8a93-aa235e85f891 d22ad37931c040009128ef83bb630945 d062fce849c1497689e158c6b6da4ca1 - - default default] Successfully bumped revision number for resource 4068ad6c-35b5-429e-b963-43199aa5e506 (type: security_group_rules) to 0
2026-06-14 00:07:46.084 7 INFO neutron.db.ovn_revision_numbers_db [None req-ee8466e0-70a4-49e6-8a93-aa235e85f891 d22ad37931c040009128ef83bb630945 d062fce849c1497689e158c6b6da4ca1 - - default default] Successfully bumped revision number for resource 8dd20287-e2ae-47f2-b581-760f20290165 (type: security_group_rules) to 0
2026-06-14 00:07:46.100 7 INFO neutron.db.ovn_revision_numbers_db [None req-ee8466e0-70a4-49e6-8a93-aa235e85f891 d22ad37931c040009128ef83bb630945 d062fce849c1497689e158c6b6da4ca1 - - default default] Successfully bumped revision number for resource ab7cf2a7-8a0d-4335-9846-f1df5a8674be (type: security_group_rules) to 0
2026-06-14 00:07:46.151 7 INFO neutron.notifiers.nova [-] Nova event matching ['req-3cf92e5e-761f-431e-8b84-e979dc25e9b9'] response: {'server_uuid': 'c68db06d-c25c-4b6b-a895-6177da6dba6b', 'name': 'network-vif-unplugged', 'status': 'completed', 'tag': '224bc8ed-06f5-4b1b-af14-53e0ca6463f5', 'code': 200}
2026-06-14 00:07:46.152 7 INFO neutron.notifiers.nova [-] Nova event matching ['req-3cf92e5e-761f-431e-8b84-e979dc25e9b9'] response: {'server_uuid': 'c68db06d-c25c-4b6b-a895-6177da6dba6b', 'name': 'network-vif-unplugged', 'status': 'completed', 'tag': '224bc8ed-06f5-4b1b-af14-53e0ca6463f5', 'code': 200} [pid: 7|app: 0|req: 793/1596] 10.0.0.164 () {32 vars in 774 bytes} [Sun Jun 14 00:07:45 2026] GET /v2.0/security-groups?tenant_id=59f3ae0317864b818c65217d0a30c2b5&name=default => generated 2925 bytes in 339 msecs (HTTP/1.1 200) 4 headers in 158 bytes (1 switches on core 0) [pid: 7|app: 0|req: 794/1597] 10.0.0.235 () {28 vars in 583 bytes} [Sun Jun 14 00:07:46 2026] GET /v2.0/subnets => generated 2666 bytes in 60 msecs (HTTP/1.1 200) 4 headers in 158 bytes (1 switches on core 0) [pid: 7|app: 0|req: 795/1598] 10.0.0.164 () {32 vars in 740 bytes} [Sun Jun 14 00:07:46 2026] DELETE /v2.0/security-groups/74c4f343-2cf3-4a32-966a-5a6af8aa49aa => generated 0 bytes in 208 msecs (HTTP/1.1 204) 2 headers in 112 bytes (1 switches on core 0) [pid: 7|app: 0|req: 796/1599] 10.0.0.235 () {28 vars in 619 bytes} [Sun Jun 14 00:07:46 2026] GET /v2.0/network-ip-availabilities => generated 2052 bytes in 13 msecs (HTTP/1.1 200) 4 headers in 158 bytes (1 switches on core 0) [pid: 7|app: 0|req: 797/1600] 10.0.0.235 () {28 vars in 599 bytes} [Sun Jun 14 00:07:46 2026] GET /v2.0/security-groups => generated 23209 bytes in 35 msecs (HTTP/1.1 200) 4 headers in 159 bytes (1 switches on core 0) [pid: 7|app: 0|req: 798/1601] 10.0.0.235 () {28 vars in 583 bytes} [Sun Jun 14 00:07:46 2026] GET /v2.0/routers => generated 1939 bytes in 87 msecs (HTTP/1.1 200) 4 headers in 158 bytes (1 switches on core 0) [pid: 7|app: 0|req: 799/1602] 199.204.45.132 () {34 vars in 994 bytes} [Sun Jun 14 00:07:46 2026] GET /v2.0/ports?device_id=c68db06d-c25c-4b6b-a895-6177da6dba6b => generated 973 bytes in 78 msecs (HTTP/1.1 200) 4 headers in 157 bytes (1 switches on core 0) [pid: 7|app: 0|req: 800/1603] 10.0.0.235 () {28 vars in 624 bytes} [Sun Jun 14 00:07:46 2026] GET /v2.0/agents?binary=ovn-controller => generated 416 bytes in 13 msecs (HTTP/1.1 200) 4 headers in 157 bytes (1 switches on core 0)
2026-06-14 00:07:46.790 7 INFO neutron_taas.services.taas.taas_plugin [req-9bb3bc11-7a7a-4fb4-af89-0a5c1c12d20c req-e11cb330-7500-432b-ba7b-dd22f2000e57 4cea49eac7e643d6a59468f9de974a3d 44b18579b3144fc4b56ecfe40ef2e972 - - default default] TaaS: Handle Delete Port: 224bc8ed-06f5-4b1b-af14-53e0ca6463f5
2026-06-14 00:07:46.793 7 INFO neutron_taas.services.taas.tap_mirror_plugin [req-9bb3bc11-7a7a-4fb4-af89-0a5c1c12d20c req-e11cb330-7500-432b-ba7b-dd22f2000e57 4cea49eac7e643d6a59468f9de974a3d 44b18579b3144fc4b56ecfe40ef2e972 - - default default] Tap Mirror: Handle Delete Port: 224bc8ed-06f5-4b1b-af14-53e0ca6463f5
2026-06-14 00:07:46.810 8 WARNING neutron.scheduler.dhcp_agent_scheduler [None req-58cf4a47-bb8d-4d2c-9158-1df2b5b03547 d22ad37931c040009128ef83bb630945 d062fce849c1497689e158c6b6da4ca1 - - default default] No more DHCP agents
2026-06-14 00:07:46.814 8 WARNING neutron.api.rpc.agentnotifiers.dhcp_rpc_agent_api [None req-58cf4a47-bb8d-4d2c-9158-1df2b5b03547 d22ad37931c040009128ef83bb630945 d062fce849c1497689e158c6b6da4ca1 - - default default] Unable to schedule network b385fc8e-d0d7-4918-a0a9-4c7fc027285a: no agents available; will retry on subsequent port and subnet creation events. [pid: 7|app: 0|req: 801/1604] 199.204.45.132 () {36 vars in 997 bytes} [Sun Jun 14 00:07:46 2026] DELETE /v2.0/ports/224bc8ed-06f5-4b1b-af14-53e0ca6463f5 => generated 0 bytes in 259 msecs (HTTP/1.1 204) 3 headers in 131 bytes (1 switches on core 0) [pid: 7|app: 0|req: 802/1605] 10.0.0.235 () {28 vars in 583 bytes} [Sun Jun 14 00:07:46 2026] GET /v2.0/subnets => generated 2666 bytes in 30 msecs (HTTP/1.1 200) 4 headers in 158 bytes (1 switches on core 0) [pid: 7|app: 0|req: 803/1606] 10.0.0.35 () {34 vars in 989 bytes} [Sun Jun 14 00:07:46 2026] GET /v2.0/ports?device_id=c68db06d-c25c-4b6b-a895-6177da6dba6b => generated 12 bytes in 14 msecs (HTTP/1.1 200) 4 headers in 156 bytes (1 switches on core 0) [pid: 7|app: 0|req: 804/1607] 10.0.0.235 () {28 vars in 591 bytes} [Sun Jun 14 00:07:46 2026] GET /v2.0/subnetpools => generated 19 bytes in 7 msecs (HTTP/1.1 200) 4 headers in 156 bytes (1 switches on core 0) [pid: 7|app: 0|req: 805/1608] 10.0.0.235 () {28 vars in 585 bytes} [Sun Jun 14 00:07:46 2026] GET /v2.0/networks => generated 3881 bytes in 109 msecs (HTTP/1.1 200) 4 headers in 158 bytes (1 switches on core 0)
2026-06-14 00:07:47.106 8 INFO neutron.db.ovn_revision_numbers_db [None req-58cf4a47-bb8d-4d2c-9158-1df2b5b03547 d22ad37931c040009128ef83bb630945 d062fce849c1497689e158c6b6da4ca1 - - default default] Successfully bumped revision number for resource b805c1b1-cc7e-4874-80b5-be7e522b3bb2 (type: ports) to 1 [pid: 7|app: 0|req: 806/1609] 10.0.0.235 () {28 vars in 579 bytes} [Sun Jun 14 00:07:47 2026] GET /v2.0/ports => generated 11621 bytes in 99 msecs (HTTP/1.1 200) 4 headers in 159 bytes (1 switches on core 0) [pid: 7|app: 0|req: 807/1610] 10.0.0.235 () {28 vars in 581 bytes} [Sun Jun 14 00:07:47 2026] GET /v2.0/agents => generated 1214 bytes in 16 msecs (HTTP/1.1 200) 4 headers in 158 bytes (1 switches on core 0)
2026-06-14 00:07:47.233 8 INFO neutron.db.ovn_revision_numbers_db [None req-93daf95a-9759-4cb1-be9b-c44e820a7d0d - - - - - -] Successfully bumped revision number for resource 293a56bf-ff20-4065-a628-27091afb140d (type: ports) to 4 [pid: 7|app: 0|req: 808/1611] 10.0.0.235 () {28 vars in 591 bytes} [Sun Jun 14 00:07:47 2026] GET /v2.0/floatingips => generated 19 bytes in 27 msecs (HTTP/1.1 200) 4 headers in 156 bytes (1 switches on core 0)
2026-06-14 00:07:47.798 8 INFO neutron.db.ovn_revision_numbers_db [None req-93daf95a-9759-4cb1-be9b-c44e820a7d0d - - - - - -] Successfully bumped revision number for resource 293a56bf-ff20-4065-a628-27091afb140d (type: ports) to 5 [pid: 7|app: 0|req: 809/1612] 10.0.0.35 () {34 vars in 989 bytes} [Sun Jun 14 00:07:48 2026] GET /v2.0/ports?device_id=c68db06d-c25c-4b6b-a895-6177da6dba6b => generated 12 bytes in 22 msecs (HTTP/1.1 200) 4 headers in 156 bytes (1 switches on core 0) [pid: 7|app: 0|req: 810/1613] 10.0.0.164 () {32 vars in 623 bytes} [Sun Jun 14 00:07:48 2026] GET / => generated 151 bytes in 3 msecs (HTTP/1.1 200) 3 headers in 91 bytes (1 switches on core 0)
2026-06-14 00:07:48.189 7 INFO neutron.notifiers.nova [-] Nova event matching ['req-5807d4e2-a736-4cbf-80b6-acb46186eb43'] response: {'server_uuid': 'c68db06d-c25c-4b6b-a895-6177da6dba6b', 'name': 'network-vif-deleted', 'tag': '224bc8ed-06f5-4b1b-af14-53e0ca6463f5', 'status': 'completed', 'code': 200}
2026-06-14 00:07:48.204 8 WARNING neutron.scheduler.dhcp_agent_scheduler [None req-58cf4a47-bb8d-4d2c-9158-1df2b5b03547 d22ad37931c040009128ef83bb630945 d062fce849c1497689e158c6b6da4ca1 - - default default] No more DHCP agents
2026-06-14 00:07:48.206 8 WARNING neutron.api.rpc.agentnotifiers.dhcp_rpc_agent_api [None req-58cf4a47-bb8d-4d2c-9158-1df2b5b03547 d22ad37931c040009128ef83bb630945 d062fce849c1497689e158c6b6da4ca1 - - default default] Unable to schedule network b385fc8e-d0d7-4918-a0a9-4c7fc027285a: no agents available; will retry on subsequent port and subnet creation events.
2026-06-14 00:07:48.272 7 INFO neutron.plugins.ml2.drivers.ovn.mech_driver.mech_driver [None req-575a6a43-dde8-4b70-af58-2c33a3c1c9d9 - - - - - -] OVN reports status down for port: b805c1b1-cc7e-4874-80b5-be7e522b3bb2 [pid: 7|app: 0|req: 811/1614] 10.0.0.164 () {32 vars in 633 bytes} [Sun Jun 14 00:07:48 2026] GET /v2.0/ => generated 632 bytes in 173 msecs (HTTP/1.1 200) 4 headers in 157 bytes (1 switches on core 0)
2026-06-14 00:07:48.338 7 WARNING neutron.plugins.ml2.drivers.ovn.mech_driver.ovsdb.ovn_client [None req-575a6a43-dde8-4b70-af58-2c33a3c1c9d9 - - - - - -] Logical_Switch_Port b805c1b1-cc7e-4874-80b5-be7e522b3bb2 host information not removed, the port state is up
2026-06-14 00:07:48.338 7 INFO neutron.plugins.ml2.drivers.ovn.mech_driver.mech_driver [None req-575a6a43-dde8-4b70-af58-2c33a3c1c9d9 - - - - - -] OVN reports status up for port: b805c1b1-cc7e-4874-80b5-be7e522b3bb2
2026-06-14 00:07:48.351 7 INFO neutron.plugins.ml2.plugin [None req-575a6a43-dde8-4b70-af58-2c33a3c1c9d9 - - - - - -] Attempt 1 to provision port b805c1b1-cc7e-4874-80b5-be7e522b3bb2
2026-06-14 00:07:48.691 7 INFO neutron.db.ovn_revision_numbers_db [None req-575a6a43-dde8-4b70-af58-2c33a3c1c9d9 - - - - - -] Successfully bumped revision number for resource b805c1b1-cc7e-4874-80b5-be7e522b3bb2 (type: ports) to 2
2026-06-14 00:07:48.753 8 INFO neutron.db.ovn_revision_numbers_db [None req-58cf4a47-bb8d-4d2c-9158-1df2b5b03547 d22ad37931c040009128ef83bb630945 d062fce849c1497689e158c6b6da4ca1 - - default default] Successfully bumped revision number for resource b805c1b1-cc7e-4874-80b5-be7e522b3bb2 (type: router_ports) to 1 [pid: 8|app: 0|req: 804/1615] 10.0.0.164 () {34 vars in 783 bytes} [Sun Jun 14 00:07:45 2026] PUT /v2.0/routers/0d122e94-f0f5-469d-aa3f-38698967dd2a/add_router_interface => generated 309 bytes in 2860 msecs (HTTP/1.1 200) 4 headers in 157 bytes (1 switches on core 0)
2026-06-14 00:07:49.063 7 INFO neutron.db.ovn_revision_numbers_db [None req-88ec74fc-81ad-4742-a326-59700b185d3c d22ad37931c040009128ef83bb630945 d062fce849c1497689e158c6b6da4ca1 - - default default] Successfully bumped revision number for resource 3dc7941c-8dd6-4665-aae6-ea402d14f0a3 (type: security_groups) to 1
2026-06-14 00:07:49.079 7 INFO neutron.db.ovn_revision_numbers_db [None req-88ec74fc-81ad-4742-a326-59700b185d3c d22ad37931c040009128ef83bb630945 d062fce849c1497689e158c6b6da4ca1 - - default default] Successfully bumped revision number for resource 8e4fd4d4-9a62-4435-93bd-9e5b1f1a5a28 (type: security_group_rules) to 0
2026-06-14 00:07:49.093 7 INFO neutron.db.ovn_revision_numbers_db [None req-88ec74fc-81ad-4742-a326-59700b185d3c d22ad37931c040009128ef83bb630945 d062fce849c1497689e158c6b6da4ca1 - - default default] Successfully bumped revision number for resource 92af5dc1-22d1-4896-b902-402b78983814 (type: security_group_rules) to 0
2026-06-14 00:07:49.117 7 INFO neutron.db.ovn_revision_numbers_db [None req-88ec74fc-81ad-4742-a326-59700b185d3c d22ad37931c040009128ef83bb630945 d062fce849c1497689e158c6b6da4ca1 - - default default] Successfully bumped revision number for resource c296be39-3c00-45f1-9e6d-91e83593b364 (type: security_group_rules) to 0
2026-06-14 00:07:49.134 7 INFO neutron.db.ovn_revision_numbers_db [None req-88ec74fc-81ad-4742-a326-59700b185d3c d22ad37931c040009128ef83bb630945 d062fce849c1497689e158c6b6da4ca1 - - default default] Successfully bumped revision number for resource f74fd494-6040-429e-9c93-c2d99cd60f0b (type: security_group_rules) to 0 [pid: 8|app: 0|req: 805/1616] 10.0.0.35 () {34 vars in 989 bytes} [Sun Jun 14 00:07:49 2026] GET /v2.0/ports?device_id=c68db06d-c25c-4b6b-a895-6177da6dba6b => generated 12 bytes in 23 msecs (HTTP/1.1 200) 4 headers in 156 bytes (1 switches on core 0) [pid: 7|app: 0|req: 812/1617] 10.0.0.164 () {32 vars in 774 bytes} [Sun Jun 14 00:07:48 2026] GET /v2.0/security-groups?tenant_id=25f064673a4540baa67f4184d2387677&name=default => generated 2925 bytes in 337 msecs (HTTP/1.1 200) 4 headers in 158 bytes (1 switches on core 0) [pid: 8|app: 0|req: 806/1618] 10.0.0.164 () {32 vars in 740 bytes} [Sun Jun 14 00:07:49 2026] DELETE /v2.0/security-groups/3dc7941c-8dd6-4665-aae6-ea402d14f0a3 => generated 0 bytes in 252 msecs (HTTP/1.1 204) 2 headers in 112 bytes (1 switches on core 0)
2026-06-14 00:07:49.491 7 INFO neutron.db.ovn_revision_numbers_db [None req-30a5b9f2-cb4f-4c2d-ba72-edfb38b583bb 1978fda64564468f966e0b4c8adb1a8f 6baa5661e8b14816b51642353b774062 - - default default] Successfully bumped revision number for resource 3c6e5ee4-d6d0-4f5b-a896-125268d42e82 (type: security_groups) to 1
2026-06-14 00:07:49.502 7 INFO neutron.db.ovn_revision_numbers_db [None req-30a5b9f2-cb4f-4c2d-ba72-edfb38b583bb 1978fda64564468f966e0b4c8adb1a8f 6baa5661e8b14816b51642353b774062 - - default default] Successfully bumped revision number for resource 9d634407-ebf2-4b62-91f9-ac99b6ec27dd (type: security_group_rules) to 0
2026-06-14 00:07:49.513 7 INFO neutron.db.ovn_revision_numbers_db [None req-30a5b9f2-cb4f-4c2d-ba72-edfb38b583bb 1978fda64564468f966e0b4c8adb1a8f 6baa5661e8b14816b51642353b774062 - - default default] Successfully bumped revision number for resource d14c1b63-7c19-4aa7-88fb-82e2fe1d9a22 (type: security_group_rules) to 0 [pid: 7|app: 0|req: 813/1619] 10.0.0.164 () {34 vars in 685 bytes} [Sun Jun 14 00:07:49 2026] POST /v2.0/security-groups => generated 1661 bytes in 181 msecs (HTTP/1.1 201) 4 headers in 163 bytes (1 switches on core 0)
2026-06-14 00:07:49.680 8 INFO neutron.db.ovn_revision_numbers_db [None req-dd35997a-4374-4023-840a-661afa2a1588 1978fda64564468f966e0b4c8adb1a8f 6baa5661e8b14816b51642353b774062 - - default default] Successfully bumped revision number for resource 0479ff5c-f826-40fa-9c64-1d33686acf65 (type: security_group_rules) to 0 [pid: 8|app: 0|req: 807/1620] 10.0.0.164 () {34 vars in 695 bytes} [Sun Jun 14 00:07:49 2026] POST /v2.0/security-group-rules => generated 597 bytes in 156 msecs (HTTP/1.1 201) 4 headers in 162 bytes (1 switches on core 0)
2026-06-14 00:07:49.851 7 INFO neutron.db.ovn_revision_numbers_db [None req-03284c7d-993b-40f4-92ae-108e17bb454a 1978fda64564468f966e0b4c8adb1a8f 6baa5661e8b14816b51642353b774062 - - default default] Successfully bumped revision number for resource 250489e0-dc28-40ee-b6c6-34138be46c78 (type: security_group_rules) to 0 [pid: 7|app: 0|req: 814/1621] 10.0.0.164 () {34 vars in 695 bytes} [Sun Jun 14 00:07:49 2026] POST /v2.0/security-group-rules => generated 602 bytes in 164 msecs (HTTP/1.1 201) 4 headers in 162 bytes (1 switches on core 0)
2026-06-14 00:07:50.123 8 WARNING neutron.scheduler.dhcp_agent_scheduler [None req-d7ba6208-f66d-4a7e-97b5-519cada2ce83 1978fda64564468f966e0b4c8adb1a8f 6baa5661e8b14816b51642353b774062 - - default default] No more DHCP agents
2026-06-14 00:07:50.126 8 WARNING neutron.api.rpc.agentnotifiers.dhcp_rpc_agent_api [None req-d7ba6208-f66d-4a7e-97b5-519cada2ce83 1978fda64564468f966e0b4c8adb1a8f 6baa5661e8b14816b51642353b774062 - - default default] Unable to schedule network eec7a1e5-07fc-4dc9-b0e0-daf1f6386d27: no agents available; will retry on subsequent port and subnet creation events. [pid: 8|app: 0|req: 808/1624] 10.0.0.164 () {34 vars in 676 bytes} [Sun Jun 14 00:07:49 2026] POST /v2.0/floatingips => generated 552 bytes in 589 msecs (HTTP/1.1 201) 4 headers in 162 bytes (1 switches on core 0)
