2026-06-14 00:09:38.987 8 INFO neutron.db.ovn_revision_numbers_db [None req-231ebaaa-50df-4da7-8ae9-76cd0ca56da7 d22ad37931c040009128ef83bb630945 d062fce849c1497689e158c6b6da4ca1 - - default default] Successfully bumped revision number for resource 12083ca4-2ca4-480a-b220-a3961c40c3b2 (type: security_group_rules) to 0
2026-06-14 00:09:38.998 8 INFO neutron.db.ovn_revision_numbers_db [None req-231ebaaa-50df-4da7-8ae9-76cd0ca56da7 d22ad37931c040009128ef83bb630945 d062fce849c1497689e158c6b6da4ca1 - - default default] Successfully bumped revision number for resource 188ec073-74d3-442f-b703-5a8570c04104 (type: security_group_rules) to 0
2026-06-14 00:09:39.016 8 INFO neutron.db.ovn_revision_numbers_db [None req-231ebaaa-50df-4da7-8ae9-76cd0ca56da7 d22ad37931c040009128ef83bb630945 d062fce849c1497689e158c6b6da4ca1 - - default default] Successfully bumped revision number for resource 2dc627d6-3684-4d5a-81a3-54a3eeb42249 (type: security_group_rules) to 0
2026-06-14 00:09:39.032 8 INFO neutron.db.ovn_revision_numbers_db [None req-231ebaaa-50df-4da7-8ae9-76cd0ca56da7 d22ad37931c040009128ef83bb630945 d062fce849c1497689e158c6b6da4ca1 - - default default] Successfully bumped revision number for resource a99077ec-199d-437a-b631-ee37cc0ebef6 (type: security_group_rules) to 0
2026-06-14 00:09:39.054 7 INFO neutron.db.ovn_revision_numbers_db [None req-84683475-4d68-4c70-a30c-aab061980dcc aecf0030191840429ba51626aad12911 6b14042d243b4d7a8730c2810cd4ad39 - - default default] Successfully bumped revision number for resource be00ef57-58a1-41b1-bd9e-f5ec72dd659f (type: networks) to 1 [pid: 8|app: 0|req: 1181/2365] 10.0.0.164 () {32 vars in 774 bytes} [Sun Jun 14 00:09:38 2026] GET /v2.0/security-groups?tenant_id=ad1df8546cf2486599dcda69233884e4&name=default => generated 2925 bytes in 212 msecs (HTTP/1.1 200) 4 headers in 158 bytes (1 switches on core 0)
2026-06-14 00:09:39.271 7 WARNING neutron.scheduler.dhcp_agent_scheduler [None req-84683475-4d68-4c70-a30c-aab061980dcc aecf0030191840429ba51626aad12911 6b14042d243b4d7a8730c2810cd4ad39 - - default default] No more DHCP agents
2026-06-14 00:09:39.273 7 WARNING neutron.api.rpc.agentnotifiers.dhcp_rpc_agent_api [None req-84683475-4d68-4c70-a30c-aab061980dcc aecf0030191840429ba51626aad12911 6b14042d243b4d7a8730c2810cd4ad39 - - default default] Unable to schedule network be00ef57-58a1-41b1-bd9e-f5ec72dd659f: no agents available; will retry on subsequent port and subnet creation events.
2026-06-14 00:09:39.310 8 INFO neutron.plugins.ml2.drivers.ovn.mech_driver.mech_driver [None req-b853c280-4b24-4426-aeb8-0f6acfe3a68c - - - - - -] OVN reports status down for port: 83888479-c6bb-445f-b338-045b7968008e
2026-06-14 00:09:39.351 7 INFO neutron.db.ovn_revision_numbers_db [None req-84683475-4d68-4c70-a30c-aab061980dcc aecf0030191840429ba51626aad12911 6b14042d243b4d7a8730c2810cd4ad39 - - default default] Successfully bumped revision number for resource 83888479-c6bb-445f-b338-045b7968008e (type: ports) to 1 [pid: 8|app: 0|req: 1182/2366] 10.0.0.164 () {32 vars in 740 bytes} [Sun Jun 14 00:09:39 2026] DELETE /v2.0/security-groups/59fb9d42-58c4-4daa-a232-18689a1efd68 => generated 0 bytes in 270 msecs (HTTP/1.1 204) 2 headers in 112 bytes (1 switches on core 0) [pid: 7|app: 0|req: 1185/2367] 10.0.0.164 () {34 vars in 670 bytes} [Sun Jun 14 00:09:38 2026] POST /v2.0/networks => generated 670 bytes in 557 msecs (HTTP/1.1 201) 4 headers in 162 bytes (1 switches on core 0)
2026-06-14 00:09:39.603 8 WARNING neutron.scheduler.dhcp_agent_scheduler [None req-b973a021-95ce-4c83-b128-31d85ab4f04d aecf0030191840429ba51626aad12911 6b14042d243b4d7a8730c2810cd4ad39 - - default default] No more DHCP agents
2026-06-14 00:09:39.605 8 WARNING neutron.api.rpc.agentnotifiers.dhcp_rpc_agent_api [None req-b973a021-95ce-4c83-b128-31d85ab4f04d aecf0030191840429ba51626aad12911 6b14042d243b4d7a8730c2810cd4ad39 - - default default] Unable to schedule network be00ef57-58a1-41b1-bd9e-f5ec72dd659f: no agents available; will retry on subsequent port and subnet creation events.
2026-06-14 00:09:40.093 8 INFO neutron.db.ovn_revision_numbers_db [None req-d55a6179-d668-4a0b-b5e3-2a59a9b7d184 - - - - - -] Successfully bumped revision number for resource 83888479-c6bb-445f-b338-045b7968008e (type: ports) to 2
2026-06-14 00:09:40.130 8 INFO neutron.db.ovn_revision_numbers_db [None req-d55a6179-d668-4a0b-b5e3-2a59a9b7d184 - - - - - -] Successfully bumped revision number for resource 17b4d0d0-3b4e-40bf-b4c2-aa009436c744 (type: subnets) to 0 [pid: 8|app: 0|req: 1183/2368] 10.0.0.164 () {34 vars in 669 bytes} [Sun Jun 14 00:09:39 2026] POST /v2.0/subnets => generated 629 bytes in 770 msecs (HTTP/1.1 201) 4 headers in 162 bytes (1 switches on core 0)
2026-06-14 00:09:40.256 7 INFO neutron.db.segments_db [None req-073e6e7a-4963-4709-bb6d-993453c29d69 aecf0030191840429ba51626aad12911 6b14042d243b4d7a8730c2810cd4ad39 - - default default] Added segment bad1b086-21f0-4f76-b2fc-8516b070b0fb of type geneve for network 0d004a5b-12ac-40af-9802-35e3cdc70471
2026-06-14 00:09:40.361 7 INFO neutron.db.ovn_revision_numbers_db [None req-073e6e7a-4963-4709-bb6d-993453c29d69 aecf0030191840429ba51626aad12911 6b14042d243b4d7a8730c2810cd4ad39 - - default default] Successfully bumped revision number for resource 0d004a5b-12ac-40af-9802-35e3cdc70471 (type: networks) to 1
2026-06-14 00:09:40.520 7 WARNING neutron.scheduler.dhcp_agent_scheduler [None req-073e6e7a-4963-4709-bb6d-993453c29d69 aecf0030191840429ba51626aad12911 6b14042d243b4d7a8730c2810cd4ad39 - - default default] No more DHCP agents
2026-06-14 00:09:40.522 7 WARNING neutron.api.rpc.agentnotifiers.dhcp_rpc_agent_api [None req-073e6e7a-4963-4709-bb6d-993453c29d69 aecf0030191840429ba51626aad12911 6b14042d243b4d7a8730c2810cd4ad39 - - default default] Unable to schedule network 0d004a5b-12ac-40af-9802-35e3cdc70471: no agents available; will retry on subsequent port and subnet creation events.
2026-06-14 00:09:40.535 8 INFO neutron.db.ovn_revision_numbers_db [None req-ee6de090-c48a-4d4a-b7cb-8abe32f708ae 14236190d41a423884765f53703d2918 5f2ea4701e5d4cad91bc9e119ed0893c - - default default] Successfully bumped revision number for resource a97cd8af-09ea-4f2a-bb71-611e260f4023 (type: security_groups) to 1
2026-06-14 00:09:40.549 8 INFO neutron.db.ovn_revision_numbers_db [None req-ee6de090-c48a-4d4a-b7cb-8abe32f708ae 14236190d41a423884765f53703d2918 5f2ea4701e5d4cad91bc9e119ed0893c - - default default] Successfully bumped revision number for resource 05c973f8-eb08-4c3c-81e9-7de8511885be (type: security_group_rules) to 0
2026-06-14 00:09:40.584 8 INFO neutron.db.ovn_revision_numbers_db [None req-ee6de090-c48a-4d4a-b7cb-8abe32f708ae 14236190d41a423884765f53703d2918 5f2ea4701e5d4cad91bc9e119ed0893c - - default default] Successfully bumped revision number for resource aed6662f-2670-4b1a-8738-1858a25e2de0 (type: security_group_rules) to 0
2026-06-14 00:09:40.589 7 INFO neutron.plugins.ml2.drivers.ovn.mech_driver.mech_driver [None req-fbf0dac1-bf8c-445a-8c37-770ec956e1c5 - - - - - -] OVN reports status down for port: d9503651-27e6-4050-95a6-9fd48f4ec760
2026-06-14 00:09:40.599 8 INFO neutron.db.ovn_revision_numbers_db [None req-ee6de090-c48a-4d4a-b7cb-8abe32f708ae 14236190d41a423884765f53703d2918 5f2ea4701e5d4cad91bc9e119ed0893c - - default default] Successfully bumped revision number for resource af9033fe-efae-4016-94a8-22f72662f6fd (type: security_group_rules) to 0
2026-06-14 00:09:40.622 8 INFO neutron.db.ovn_revision_numbers_db [None req-ee6de090-c48a-4d4a-b7cb-8abe32f708ae 14236190d41a423884765f53703d2918 5f2ea4701e5d4cad91bc9e119ed0893c - - default default] Successfully bumped revision number for resource da6994fe-91d2-4590-bad1-c1b828514f3e (type: security_group_rules) to 0
2026-06-14 00:09:40.648 7 INFO neutron.db.ovn_revision_numbers_db [None req-073e6e7a-4963-4709-bb6d-993453c29d69 aecf0030191840429ba51626aad12911 6b14042d243b4d7a8730c2810cd4ad39 - - default default] Successfully bumped revision number for resource d9503651-27e6-4050-95a6-9fd48f4ec760 (type: ports) to 1
2026-06-14 00:09:40.697 8 INFO neutron.db.segments_db [None req-ee6de090-c48a-4d4a-b7cb-8abe32f708ae 14236190d41a423884765f53703d2918 5f2ea4701e5d4cad91bc9e119ed0893c - - default default] Added segment c5bd935f-6ed3-4a43-9b75-1350267caa0a of type geneve for network 03066867-f616-4d11-aa6b-4a1f7c65808f [pid: 7|app: 0|req: 1186/2369] 10.0.0.164 () {34 vars in 670 bytes} [Sun Jun 14 00:09:40 2026] POST /v2.0/networks => generated 670 bytes in 540 msecs (HTTP/1.1 201) 4 headers in 162 bytes (1 switches on core 0)
2026-06-14 00:09:40.810 8 INFO neutron.db.ovn_revision_numbers_db [None req-ee6de090-c48a-4d4a-b7cb-8abe32f708ae 14236190d41a423884765f53703d2918 5f2ea4701e5d4cad91bc9e119ed0893c - - default default] Successfully bumped revision number for resource 03066867-f616-4d11-aa6b-4a1f7c65808f (type: networks) to 1
2026-06-14 00:09:40.904 7 WARNING neutron.scheduler.dhcp_agent_scheduler [None req-0fc79122-6fe6-4a44-910d-f86aa8a53d46 aecf0030191840429ba51626aad12911 6b14042d243b4d7a8730c2810cd4ad39 - - default default] No more DHCP agents
2026-06-14 00:09:40.906 7 WARNING neutron.api.rpc.agentnotifiers.dhcp_rpc_agent_api [None req-0fc79122-6fe6-4a44-910d-f86aa8a53d46 aecf0030191840429ba51626aad12911 6b14042d243b4d7a8730c2810cd4ad39 - - default default] Unable to schedule network 0d004a5b-12ac-40af-9802-35e3cdc70471: no agents available; will retry on subsequent port and subnet creation events.
2026-06-14 00:09:40.971 8 WARNING neutron.scheduler.dhcp_agent_scheduler [None req-ee6de090-c48a-4d4a-b7cb-8abe32f708ae 14236190d41a423884765f53703d2918 5f2ea4701e5d4cad91bc9e119ed0893c - - default default] No more DHCP agents
2026-06-14 00:09:40.972 8 WARNING neutron.api.rpc.agentnotifiers.dhcp_rpc_agent_api [None req-ee6de090-c48a-4d4a-b7cb-8abe32f708ae 14236190d41a423884765f53703d2918 5f2ea4701e5d4cad91bc9e119ed0893c - - default default] Unable to schedule network 03066867-f616-4d11-aa6b-4a1f7c65808f: no agents available; will retry on subsequent port and subnet creation events.
2026-06-14 00:09:41.024 8 INFO neutron.plugins.ml2.drivers.ovn.mech_driver.mech_driver [None req-b853c280-4b24-4426-aeb8-0f6acfe3a68c - - - - - -] OVN reports status down for port: 97e53dfb-55db-4b1f-bed6-a896681d4378
2026-06-14 00:09:41.110 8 INFO neutron.db.ovn_revision_numbers_db [None req-ee6de090-c48a-4d4a-b7cb-8abe32f708ae 14236190d41a423884765f53703d2918 5f2ea4701e5d4cad91bc9e119ed0893c - - default default] Successfully bumped revision number for resource 97e53dfb-55db-4b1f-bed6-a896681d4378 (type: ports) to 1 [pid: 8|app: 0|req: 1184/2370] 10.0.0.164 () {34 vars in 670 bytes} [Sun Jun 14 00:09:40 2026] POST /v2.0/networks => generated 670 bytes in 931 msecs (HTTP/1.1 201) 4 headers in 162 bytes (1 switches on core 0) [pid: 8|app: 0|req: 1185/2371] 10.0.0.164 () {34 vars in 753 bytes} [Sun Jun 14 00:09:41 2026] PUT /v2.0/networks/03066867-f616-4d11-aa6b-4a1f7c65808f/tags => generated 25 bytes in 77 msecs (HTTP/1.1 200) 4 headers in 156 bytes (1 switches on core 0) [pid: 8|app: 0|req: 1186/2372] 10.0.0.164 () {32 vars in 733 bytes} [Sun Jun 14 00:09:41 2026] GET /v2.0/networks/03066867-f616-4d11-aa6b-4a1f7c65808f/tags => generated 25 bytes in 44 msecs (HTTP/1.1 200) 4 headers in 156 bytes (1 switches on core 0) [pid: 8|app: 0|req: 1187/2373] 10.0.0.164 () {34 vars in 764 bytes} [Sun Jun 14 00:09:41 2026] PUT /v2.0/networks/03066867-f616-4d11-aa6b-4a1f7c65808f/tags/green => generated 4 bytes in 71 msecs (HTTP/1.1 201) 4 headers in 160 bytes (1 switches on core 0)
2026-06-14 00:09:41.414 7 INFO neutron.db.ovn_revision_numbers_db [None req-c8cb2d7c-f493-484c-900e-3add85e665de - - - - - -] Successfully bumped revision number for resource d9503651-27e6-4050-95a6-9fd48f4ec760 (type: ports) to 2 [pid: 8|app: 0|req: 1188/2374] 10.0.0.164 () {32 vars in 733 bytes} [Sun Jun 14 00:09:41 2026] GET /v2.0/networks/03066867-f616-4d11-aa6b-4a1f7c65808f/tags => generated 34 bytes in 44 msecs (HTTP/1.1 200) 4 headers in 156 bytes (1 switches on core 0)
2026-06-14 00:09:41.446 7 INFO neutron.db.ovn_revision_numbers_db [None req-c8cb2d7c-f493-484c-900e-3add85e665de - - - - - -] Successfully bumped revision number for resource 4a25a207-523a-44cb-90f3-83b639d80a93 (type: subnets) to 0 [pid: 7|app: 0|req: 1187/2375] 10.0.0.164 () {34 vars in 669 bytes} [Sun Jun 14 00:09:40 2026] POST /v2.0/subnets => generated 629 bytes in 754 msecs (HTTP/1.1 201) 4 headers in 162 bytes (1 switches on core 0) [pid: 8|app: 0|req: 1189/2376] 10.0.0.164 () {34 vars in 760 bytes} [Sun Jun 14 00:09:41 2026] PUT /v2.0/networks/03066867-f616-4d11-aa6b-4a1f7c65808f/tags/red => generated 4 bytes in 65 msecs (HTTP/1.1 201) 4 headers in 160 bytes (1 switches on core 0) [pid: 8|app: 0|req: 1190/2377] 10.0.0.164 () {32 vars in 733 bytes} [Sun Jun 14 00:09:41 2026] GET /v2.0/networks/03066867-f616-4d11-aa6b-4a1f7c65808f/tags => generated 34 bytes in 36 msecs (HTTP/1.1 200) 4 headers in 156 bytes (1 switches on core 0)
2026-06-14 00:09:41.553 7 INFO neutron.db.segments_db [None req-e3e79a0d-2c69-46dc-938e-5acbb9ef6466 aecf0030191840429ba51626aad12911 6b14042d243b4d7a8730c2810cd4ad39 - - default default] Added segment d971dbeb-8921-490c-a11f-4f47a2f6b7f1 of type geneve for network e2733090-af36-47f5-b4dc-13c9f6f0188b [pid: 8|app: 0|req: 1191/2378] 10.0.0.164 () {34 vars in 782 bytes} [Sun Jun 14 00:09:41 2026] PUT /v2.0/networks/03066867-f616-4d11-aa6b-4a1f7c65808f/tags/black.or.white => generated 4 bytes in 83 msecs (HTTP/1.1 201) 4 headers in 160 bytes (1 switches on core 0) [pid: 8|app: 0|req: 1192/2379] 10.0.0.164 () {32 vars in 733 bytes} [Sun Jun 14 00:09:41 2026] GET /v2.0/networks/03066867-f616-4d11-aa6b-4a1f7c65808f/tags => generated 52 bytes in 68 msecs (HTTP/1.1 200) 4 headers in 156 bytes (1 switches on core 0)
2026-06-14 00:09:41.706 7 INFO neutron.db.ovn_revision_numbers_db [None req-e3e79a0d-2c69-46dc-938e-5acbb9ef6466 aecf0030191840429ba51626aad12911 6b14042d243b4d7a8730c2810cd4ad39 - - default default] Successfully bumped revision number for resource e2733090-af36-47f5-b4dc-13c9f6f0188b (type: networks) to 1 [pid: 8|app: 0|req: 1193/2380] 10.0.0.164 () {34 vars in 753 bytes} [Sun Jun 14 00:09:41 2026] PUT /v2.0/networks/03066867-f616-4d11-aa6b-4a1f7c65808f/tags => generated 37 bytes in 81 msecs (HTTP/1.1 200) 4 headers in 156 bytes (1 switches on core 0) [pid: 8|app: 0|req: 1194/2381] 10.0.0.164 () {32 vars in 733 bytes} [Sun Jun 14 00:09:41 2026] GET /v2.0/networks/03066867-f616-4d11-aa6b-4a1f7c65808f/tags => generated 37 bytes in 42 msecs (HTTP/1.1 200) 4 headers in 156 bytes (1 switches on core 0)
2026-06-14 00:09:41.870 7 WARNING neutron.scheduler.dhcp_agent_scheduler [None req-e3e79a0d-2c69-46dc-938e-5acbb9ef6466 aecf0030191840429ba51626aad12911 6b14042d243b4d7a8730c2810cd4ad39 - - default default] No more DHCP agents [pid: 8|app: 0|req: 1195/2382] 10.0.0.164 () {32 vars in 741 bytes} [Sun Jun 14 00:09:41 2026] GET /v2.0/networks/03066867-f616-4d11-aa6b-4a1f7c65808f/tags/red => generated 0 bytes in 32 msecs (HTTP/1.1 204) 2 headers in 112 bytes (1 switches on core 0)
2026-06-14 00:09:41.873 7 WARNING neutron.api.rpc.agentnotifiers.dhcp_rpc_agent_api [None req-e3e79a0d-2c69-46dc-938e-5acbb9ef6466 aecf0030191840429ba51626aad12911 6b14042d243b4d7a8730c2810cd4ad39 - - default default] Unable to schedule network e2733090-af36-47f5-b4dc-13c9f6f0188b: no agents available; will retry on subsequent port and subnet creation events.
2026-06-14 00:09:41.924 7 INFO neutron.plugins.ml2.drivers.ovn.mech_driver.mech_driver [None req-fbf0dac1-bf8c-445a-8c37-770ec956e1c5 - - - - - -] OVN reports status down for port: 764dce2c-462b-4caf-8ebe-69e2f61c43f1
2026-06-14 00:09:41.953 8 INFO neutron.api.v2.resource [None req-efe01759-f079-47c6-945f-9809c5cf6183 14236190d41a423884765f53703d2918 5f2ea4701e5d4cad91bc9e119ed0893c - - default default] show failed (client error): The resource could not be found. [pid: 8|app: 0|req: 1196/2383] 10.0.0.164 () {32 vars in 745 bytes} [Sun Jun 14 00:09:41 2026] GET /v2.0/networks/03066867-f616-4d11-aa6b-4a1f7c65808f/tags/green => generated 99 bytes in 77 msecs (HTTP/1.1 404) 4 headers in 163 bytes (1 switches on core 0)
2026-06-14 00:09:41.991 7 INFO neutron.db.ovn_revision_numbers_db [None req-e3e79a0d-2c69-46dc-938e-5acbb9ef6466 aecf0030191840429ba51626aad12911 6b14042d243b4d7a8730c2810cd4ad39 - - default default] Successfully bumped revision number for resource 764dce2c-462b-4caf-8ebe-69e2f61c43f1 (type: ports) to 1 [pid: 8|app: 0|req: 1197/2384] 10.0.0.164 () {32 vars in 744 bytes} [Sun Jun 14 00:09:41 2026] DELETE /v2.0/networks/03066867-f616-4d11-aa6b-4a1f7c65808f/tags/red => generated 0 bytes in 73 msecs (HTTP/1.1 204) 2 headers in 112 bytes (1 switches on core 0) [pid: 7|app: 0|req: 1188/2385] 10.0.0.164 () {34 vars in 670 bytes} [Sun Jun 14 00:09:41 2026] POST /v2.0/networks => generated 669 bytes in 583 msecs (HTTP/1.1 201) 4 headers in 162 bytes (1 switches on core 0) [pid: 8|app: 0|req: 1198/2386] 10.0.0.164 () {32 vars in 733 bytes} [Sun Jun 14 00:09:42 2026] GET /v2.0/networks/03066867-f616-4d11-aa6b-4a1f7c65808f/tags => generated 30 bytes in 44 msecs (HTTP/1.1 200) 4 headers in 156 bytes (1 switches on core 0)
2026-06-14 00:09:42.136 8 INFO neutron.api.v2.resource [None req-4de1f1d3-a838-44a9-a7b5-67b35ab9f6df 14236190d41a423884765f53703d2918 5f2ea4701e5d4cad91bc9e119ed0893c - - default default] delete failed (client error): The resource could not be found. [pid: 8|app: 0|req: 1199/2387] 10.0.0.164 () {32 vars in 748 bytes} [Sun Jun 14 00:09:42 2026] DELETE /v2.0/networks/03066867-f616-4d11-aa6b-4a1f7c65808f/tags/green => generated 99 bytes in 49 msecs (HTTP/1.1 404) 4 headers in 163 bytes (1 switches on core 0) [pid: 8|app: 0|req: 1200/2388] 10.0.0.164 () {32 vars in 736 bytes} [Sun Jun 14 00:09:42 2026] DELETE /v2.0/networks/03066867-f616-4d11-aa6b-4a1f7c65808f/tags => generated 0 bytes in 57 msecs (HTTP/1.1 204) 2 headers in 112 bytes (1 switches on core 0) [pid: 8|app: 0|req: 1201/2389] 10.0.0.164 () {32 vars in 733 bytes} [Sun Jun 14 00:09:42 2026] GET /v2.0/networks/03066867-f616-4d11-aa6b-4a1f7c65808f/tags => generated 12 bytes in 43 msecs (HTTP/1.1 200) 4 headers in 156 bytes (1 switches on core 0)
2026-06-14 00:09:42.319 7 WARNING neutron.scheduler.dhcp_agent_scheduler [None req-92b373c2-aa4d-4bdf-8d46-33a52d0b2c7a aecf0030191840429ba51626aad12911 6b14042d243b4d7a8730c2810cd4ad39 - - default default] No more DHCP agents
2026-06-14 00:09:42.321 7 WARNING neutron.api.rpc.agentnotifiers.dhcp_rpc_agent_api [None req-92b373c2-aa4d-4bdf-8d46-33a52d0b2c7a aecf0030191840429ba51626aad12911 6b14042d243b4d7a8730c2810cd4ad39 - - default default] Unable to schedule network e2733090-af36-47f5-b4dc-13c9f6f0188b: no agents available; will retry on subsequent port and subnet creation events.
2026-06-14 00:09:42.376 8 INFO neutron_taas.services.taas.taas_plugin [None req-4b7a8b0f-cc27-4cac-b94d-354d7dd90f31 14236190d41a423884765f53703d2918 5f2ea4701e5d4cad91bc9e119ed0893c - - default default] TaaS: Handle Delete Port: 97e53dfb-55db-4b1f-bed6-a896681d4378
2026-06-14 00:09:42.380 8 INFO neutron_taas.services.taas.tap_mirror_plugin [None req-4b7a8b0f-cc27-4cac-b94d-354d7dd90f31 14236190d41a423884765f53703d2918 5f2ea4701e5d4cad91bc9e119ed0893c - - default default] Tap Mirror: Handle Delete Port: 97e53dfb-55db-4b1f-bed6-a896681d4378
2026-06-14 00:09:42.575 8 INFO neutron.services.segments.plugin [-] Segment c5bd935f-6ed3-4a43-9b75-1350267caa0a resource provider aggregate not found
2026-06-14 00:09:42.584 8 INFO neutron.services.segments.plugin [-] Segment c5bd935f-6ed3-4a43-9b75-1350267caa0a resource provider aggregate not found
2026-06-14 00:09:42.606 8 INFO neutron.services.segments.plugin [-] Segment c5bd935f-6ed3-4a43-9b75-1350267caa0a resource provider not found; error: Placement Client Error (4xx): {"errors": [{"status": 404, "title": "Not Found", "detail": "The resource could not be found.\n\n No resource provider with uuid c5bd935f-6ed3-4a43-9b75-1350267caa0a found for delete ", "request_id": "req-117c1789-2d98-4f5b-9979-f156f46c8c1b"}]}
2026-06-14 00:09:42.614 8 INFO neutron.services.segments.plugin [-] Segment c5bd935f-6ed3-4a43-9b75-1350267caa0a resource provider not found; error: Placement Client Error (4xx): {"errors": [{"status": 404, "title": "Not Found", "detail": "The resource could not be found.\n\n No resource provider with uuid c5bd935f-6ed3-4a43-9b75-1350267caa0a found for delete ", "request_id": "req-9e9014f9-2831-4229-a066-60c5fa8eb727"}]} [pid: 8|app: 0|req: 1202/2390] 10.0.0.164 () {32 vars in 726 bytes} [Sun Jun 14 00:09:42 2026] DELETE /v2.0/networks/03066867-f616-4d11-aa6b-4a1f7c65808f => generated 0 bytes in 369 msecs (HTTP/1.1 204) 3 headers in 131 bytes (1 switches on core 0)
2026-06-14 00:09:42.817 7 INFO neutron.db.ovn_revision_numbers_db [None req-285303f5-ef41-4a03-bc26-d2da696a487c - - - - - -] Successfully bumped revision number for resource 764dce2c-462b-4caf-8ebe-69e2f61c43f1 (type: ports) to 2
2026-06-14 00:09:42.850 7 INFO neutron.db.ovn_revision_numbers_db [None req-285303f5-ef41-4a03-bc26-d2da696a487c - - - - - -] Successfully bumped revision number for resource a3e6733f-f4f3-45c0-8f7d-daf31bdc47f5 (type: subnets) to 0 [pid: 7|app: 0|req: 1189/2391] 10.0.0.164 () {34 vars in 669 bytes} [Sun Jun 14 00:09:42 2026] POST /v2.0/subnets => generated 629 bytes in 811 msecs (HTTP/1.1 201) 4 headers in 162 bytes (1 switches on core 0)
2026-06-14 00:09:42.974 8 INFO neutron.db.segments_db [None req-a4c016cc-f4b2-44b3-84e6-09dd96515e0e aecf0030191840429ba51626aad12911 6b14042d243b4d7a8730c2810cd4ad39 - - default default] Added segment 8e91c3d0-15f4-4da1-9545-53adcc1f85cf of type geneve for network ba68d42a-6da6-4fbc-913d-8b906ac90ca3
2026-06-14 00:09:43.104 8 INFO neutron.db.ovn_revision_numbers_db [None req-a4c016cc-f4b2-44b3-84e6-09dd96515e0e aecf0030191840429ba51626aad12911 6b14042d243b4d7a8730c2810cd4ad39 - - default default] Successfully bumped revision number for resource ba68d42a-6da6-4fbc-913d-8b906ac90ca3 (type: networks) to 1
2026-06-14 00:09:43.287 8 WARNING neutron.scheduler.dhcp_agent_scheduler [None req-a4c016cc-f4b2-44b3-84e6-09dd96515e0e aecf0030191840429ba51626aad12911 6b14042d243b4d7a8730c2810cd4ad39 - - default default] No more DHCP agents
2026-06-14 00:09:43.289 8 WARNING neutron.api.rpc.agentnotifiers.dhcp_rpc_agent_api [None req-a4c016cc-f4b2-44b3-84e6-09dd96515e0e aecf0030191840429ba51626aad12911 6b14042d243b4d7a8730c2810cd4ad39 - - default default] Unable to schedule network ba68d42a-6da6-4fbc-913d-8b906ac90ca3: no agents available; will retry on subsequent port and subnet creation events.
2026-06-14 00:09:43.331 8 INFO neutron.plugins.ml2.drivers.ovn.mech_driver.mech_driver [None req-b853c280-4b24-4426-aeb8-0f6acfe3a68c - - - - - -] OVN reports status down for port: 008dae11-58ed-4e1b-a10e-0002a7b87d72
2026-06-14 00:09:43.403 8 INFO neutron.db.ovn_revision_numbers_db [None req-a4c016cc-f4b2-44b3-84e6-09dd96515e0e aecf0030191840429ba51626aad12911 6b14042d243b4d7a8730c2810cd4ad39 - - default default] Successfully bumped revision number for resource 008dae11-58ed-4e1b-a10e-0002a7b87d72 (type: ports) to 1 [pid: 8|app: 0|req: 1203/2392] 10.0.0.164 () {34 vars in 670 bytes} [Sun Jun 14 00:09:42 2026] POST /v2.0/networks => generated 668 bytes in 572 msecs (HTTP/1.1 201) 4 headers in 162 bytes (1 switches on core 0)
2026-06-14 00:09:43.550 7 INFO neutron.db.ovn_revision_numbers_db [None req-bc925134-4aa4-4486-be62-07f28a8c5719 d22ad37931c040009128ef83bb630945 d062fce849c1497689e158c6b6da4ca1 - - default default] Successfully bumped revision number for resource 86c308dc-fc8f-4849-bd57-d715bac2f369 (type: security_groups) to 1
2026-06-14 00:09:43.562 7 INFO neutron.db.ovn_revision_numbers_db [None req-bc925134-4aa4-4486-be62-07f28a8c5719 d22ad37931c040009128ef83bb630945 d062fce849c1497689e158c6b6da4ca1 - - default default] Successfully bumped revision number for resource 52f31812-6a77-4be0-8b68-b2f7273507b0 (type: security_group_rules) to 0
2026-06-14 00:09:43.574 7 INFO neutron.db.ovn_revision_numbers_db [None req-bc925134-4aa4-4486-be62-07f28a8c5719 d22ad37931c040009128ef83bb630945 d062fce849c1497689e158c6b6da4ca1 - - default default] Successfully bumped revision number for resource ba4d11db-7ea3-47cb-9bf4-2ee9e8c97f29 (type: security_group_rules) to 0
2026-06-14 00:09:43.586 7 INFO neutron.db.ovn_revision_numbers_db [None req-bc925134-4aa4-4486-be62-07f28a8c5719 d22ad37931c040009128ef83bb630945 d062fce849c1497689e158c6b6da4ca1 - - default default] Successfully bumped revision number for resource eb917b4d-c448-47c7-9487-6a7f4402b9f7 (type: security_group_rules) to 0
2026-06-14 00:09:43.597 7 INFO neutron.db.ovn_revision_numbers_db [None req-bc925134-4aa4-4486-be62-07f28a8c5719 d22ad37931c040009128ef83bb630945 d062fce849c1497689e158c6b6da4ca1 - - default default] Successfully bumped revision number for resource fdbdb8f3-768a-47a2-b497-990aa1d7547e (type: security_group_rules) to 0 [pid: 7|app: 0|req: 1190/2393] 10.0.0.164 () {32 vars in 774 bytes} [Sun Jun 14 00:09:43 2026] GET /v2.0/security-groups?tenant_id=258d84bd0aea4711aa3a62c0844d17a8&name=default => generated 2925 bytes in 312 msecs (HTTP/1.1 200) 4 headers in 158 bytes (1 switches on core 0)
2026-06-14 00:09:43.639 8 WARNING neutron.scheduler.dhcp_agent_scheduler [None req-d6b15174-1e51-467e-923d-5ee5a2f2e430 aecf0030191840429ba51626aad12911 6b14042d243b4d7a8730c2810cd4ad39 - - default default] No more DHCP agents
2026-06-14 00:09:43.640 8 WARNING neutron.api.rpc.agentnotifiers.dhcp_rpc_agent_api [None req-d6b15174-1e51-467e-923d-5ee5a2f2e430 aecf0030191840429ba51626aad12911 6b14042d243b4d7a8730c2810cd4ad39 - - default default] Unable to schedule network ba68d42a-6da6-4fbc-913d-8b906ac90ca3: no agents available; will retry on subsequent port and subnet creation events.
2026-06-14 00:09:43.870 7 INFO neutron.db.ovn_revision_numbers_db [None req-0c281149-4c88-4fa6-8544-131c378e2bd5 57c530457f3449d782a081c56b9ebeec 3576df4d11284f7284ede0de81569401 - - default default] Successfully bumped revision number for resource 5a1efba4-6d9a-4f05-9862-feb2957918da (type: security_groups) to 1
2026-06-14 00:09:43.883 7 INFO neutron.db.ovn_revision_numbers_db [None req-0c281149-4c88-4fa6-8544-131c378e2bd5 57c530457f3449d782a081c56b9ebeec 3576df4d11284f7284ede0de81569401 - - default default] Successfully bumped revision number for resource 46d8a09d-ce73-4c2d-ab3b-fe6f50c4585d (type: security_group_rules) to 0
2026-06-14 00:09:43.894 7 INFO neutron.db.ovn_revision_numbers_db [None req-0c281149-4c88-4fa6-8544-131c378e2bd5 57c530457f3449d782a081c56b9ebeec 3576df4d11284f7284ede0de81569401 - - default default] Successfully bumped revision number for resource 7af43608-20cd-41a0-b4f3-ce8f8ff3500a (type: security_group_rules) to 0
2026-06-14 00:09:43.903 7 INFO neutron.db.ovn_revision_numbers_db [None req-0c281149-4c88-4fa6-8544-131c378e2bd5 57c530457f3449d782a081c56b9ebeec 3576df4d11284f7284ede0de81569401 - - default default] Successfully bumped revision number for resource ab3b1682-456e-41cb-a904-64d1a875ad6c (type: security_group_rules) to 0
2026-06-14 00:09:43.914 7 INFO neutron.db.ovn_revision_numbers_db [None req-0c281149-4c88-4fa6-8544-131c378e2bd5 57c530457f3449d782a081c56b9ebeec 3576df4d11284f7284ede0de81569401 - - default default] Successfully bumped revision number for resource e229b4c4-843b-4b62-ae4a-7049079d9036 (type: security_group_rules) to 0
2026-06-14 00:09:43.986 7 INFO neutron.db.segments_db [None req-0c281149-4c88-4fa6-8544-131c378e2bd5 57c530457f3449d782a081c56b9ebeec 3576df4d11284f7284ede0de81569401 - - default default] Added segment cd24d34d-8f54-4bcf-8459-2841bffb9521 of type geneve for network cf8752dd-bdcc-49ca-ae36-6f41734dbc85
2026-06-14 00:09:44.115 8 INFO neutron.db.ovn_revision_numbers_db [None req-5ed5d45e-d585-4b66-91a5-37a7516268e6 - - - - - -] Successfully bumped revision number for resource 008dae11-58ed-4e1b-a10e-0002a7b87d72 (type: ports) to 2
2026-06-14 00:09:44.119 7 INFO neutron.db.ovn_revision_numbers_db [None req-0c281149-4c88-4fa6-8544-131c378e2bd5 57c530457f3449d782a081c56b9ebeec 3576df4d11284f7284ede0de81569401 - - default default] Successfully bumped revision number for resource cf8752dd-bdcc-49ca-ae36-6f41734dbc85 (type: networks) to 1
2026-06-14 00:09:44.155 8 INFO neutron.db.ovn_revision_numbers_db [None req-5ed5d45e-d585-4b66-91a5-37a7516268e6 - - - - - -] Successfully bumped revision number for resource a1613981-57b1-4cb7-9d8b-61aca1a3ad09 (type: subnets) to 0 [pid: 8|app: 0|req: 1204/2394] 10.0.0.164 () {34 vars in 669 bytes} [Sun Jun 14 00:09:43 2026] POST /v2.0/subnets => generated 629 bytes in 716 msecs (HTTP/1.1 201) 4 headers in 162 bytes (1 switches on core 0)
2026-06-14 00:09:44.292 7 WARNING neutron.scheduler.dhcp_agent_scheduler [None req-0c281149-4c88-4fa6-8544-131c378e2bd5 57c530457f3449d782a081c56b9ebeec 3576df4d11284f7284ede0de81569401 - - default default] No more DHCP agents
2026-06-14 00:09:44.293 7 WARNING neutron.api.rpc.agentnotifiers.dhcp_rpc_agent_api [None req-0c281149-4c88-4fa6-8544-131c378e2bd5 57c530457f3449d782a081c56b9ebeec 3576df4d11284f7284ede0de81569401 - - default default] Unable to schedule network cf8752dd-bdcc-49ca-ae36-6f41734dbc85: no agents available; will retry on subsequent port and subnet creation events.
2026-06-14 00:09:44.334 7 INFO neutron.plugins.ml2.drivers.ovn.mech_driver.mech_driver [None req-fbf0dac1-bf8c-445a-8c37-770ec956e1c5 - - - - - -] OVN reports status down for port: 64a8b5bb-8ff2-4d43-ae54-2918c1fedd34 [pid: 8|app: 0|req: 1205/2395] 10.0.0.164 () {32 vars in 740 bytes} [Sun Jun 14 00:09:44 2026] DELETE /v2.0/security-groups/86c308dc-fc8f-4849-bd57-d715bac2f369 => generated 0 bytes in 209 msecs (HTTP/1.1 204) 2 headers in 112 bytes (1 switches on core 0)
2026-06-14 00:09:44.392 7 INFO neutron.db.ovn_revision_numbers_db [None req-0c281149-4c88-4fa6-8544-131c378e2bd5 57c530457f3449d782a081c56b9ebeec 3576df4d11284f7284ede0de81569401 - - default default] Successfully bumped revision number for resource 64a8b5bb-8ff2-4d43-ae54-2918c1fedd34 (type: ports) to 1 [pid: 7|app: 0|req: 1191/2396] 10.0.0.164 () {34 vars in 670 bytes} [Sun Jun 14 00:09:43 2026] POST /v2.0/networks => generated 674 bytes in 809 msecs (HTTP/1.1 201) 4 headers in 162 bytes (1 switches on core 0) [pid: 7|app: 0|req: 1192/2397] 10.0.0.164 () {34 vars in 751 bytes} [Sun Jun 14 00:09:44 2026] PUT /v2.0/subnets/b1cc58bd-8a6f-413a-9e5a-83bee01a3ab5/tags => generated 17 bytes in 59 msecs (HTTP/1.1 200) 4 headers in 156 bytes (1 switches on core 0)
2026-06-14 00:09:44.550 8 INFO neutron.db.ovn_revision_numbers_db [None req-5f9cde95-6abf-467b-ab1f-3de2e08bca3d 6f2f789987e54e13b6c8b56eddbf37e9 e5767fc73beb43b3a6ba7f5571862159 - - default default] Successfully bumped revision number for resource 9ddd3aae-938b-4ad1-8dee-5db822160197 (type: security_groups) to 1
2026-06-14 00:09:44.563 8 INFO neutron.db.ovn_revision_numbers_db [None req-5f9cde95-6abf-467b-ab1f-3de2e08bca3d 6f2f789987e54e13b6c8b56eddbf37e9 e5767fc73beb43b3a6ba7f5571862159 - - default default] Successfully bumped revision number for resource 0d0818d7-9f89-4046-b923-6405c57d85b5 (type: security_group_rules) to 0
2026-06-14 00:09:44.574 8 INFO neutron.db.ovn_revision_numbers_db [None req-5f9cde95-6abf-467b-ab1f-3de2e08bca3d 6f2f789987e54e13b6c8b56eddbf37e9 e5767fc73beb43b3a6ba7f5571862159 - - default default] Successfully bumped revision number for resource 94dfcd0b-6fd2-4b48-b9fb-9cdc3b7f3253 (type: security_group_rules) to 0
2026-06-14 00:09:44.583 8 INFO neutron.db.ovn_revision_numbers_db [None req-5f9cde95-6abf-467b-ab1f-3de2e08bca3d 6f2f789987e54e13b6c8b56eddbf37e9 e5767fc73beb43b3a6ba7f5571862159 - - default default] Successfully bumped revision number for resource b98badcd-6c3b-46c2-b23e-860dc2524425 (type: security_group_rules) to 0
2026-06-14 00:09:44.595 8 INFO neutron.db.ovn_revision_numbers_db [None req-5f9cde95-6abf-467b-ab1f-3de2e08bca3d 6f2f789987e54e13b6c8b56eddbf37e9 e5767fc73beb43b3a6ba7f5571862159 - - default default] Successfully bumped revision number for resource eab3a35a-7968-4ed9-b280-48da4546f9dd (type: security_group_rules) to 0
2026-06-14 00:09:44.665 8 INFO neutron.db.segments_db [None req-5f9cde95-6abf-467b-ab1f-3de2e08bca3d 6f2f789987e54e13b6c8b56eddbf37e9 e5767fc73beb43b3a6ba7f5571862159 - - default default] Added segment 59a2ea2b-a865-4bd0-b406-121798189512 of type geneve for network e78a26f5-170c-457f-9cab-0176192b898f
2026-06-14 00:09:44.697 7 WARNING neutron.scheduler.dhcp_agent_scheduler [None req-9bf11c4a-ef69-4181-931c-77fbcb4e4bcf 57c530457f3449d782a081c56b9ebeec 3576df4d11284f7284ede0de81569401 - - default default] No more DHCP agents
2026-06-14 00:09:44.699 7 WARNING neutron.api.rpc.agentnotifiers.dhcp_rpc_agent_api [None req-9bf11c4a-ef69-4181-931c-77fbcb4e4bcf 57c530457f3449d782a081c56b9ebeec 3576df4d11284f7284ede0de81569401 - - default default] Unable to schedule network cf8752dd-bdcc-49ca-ae36-6f41734dbc85: no agents available; will retry on subsequent port and subnet creation events.
2026-06-14 00:09:44.762 8 INFO neutron.db.ovn_revision_numbers_db [None req-5f9cde95-6abf-467b-ab1f-3de2e08bca3d 6f2f789987e54e13b6c8b56eddbf37e9 e5767fc73beb43b3a6ba7f5571862159 - - default default] Successfully bumped revision number for resource e78a26f5-170c-457f-9cab-0176192b898f (type: networks) to 1
2026-06-14 00:09:44.919 8 WARNING neutron.scheduler.dhcp_agent_scheduler [None req-5f9cde95-6abf-467b-ab1f-3de2e08bca3d 6f2f789987e54e13b6c8b56eddbf37e9 e5767fc73beb43b3a6ba7f5571862159 - - default default] No more DHCP agents
2026-06-14 00:09:44.920 8 WARNING neutron.api.rpc.agentnotifiers.dhcp_rpc_agent_api [None req-5f9cde95-6abf-467b-ab1f-3de2e08bca3d 6f2f789987e54e13b6c8b56eddbf37e9 e5767fc73beb43b3a6ba7f5571862159 - - default default] Unable to schedule network e78a26f5-170c-457f-9cab-0176192b898f: no agents available; will retry on subsequent port and subnet creation events.
2026-06-14 00:09:44.960 7 INFO neutron.plugins.ml2.drivers.ovn.mech_driver.mech_driver [None req-fbf0dac1-bf8c-445a-8c37-770ec956e1c5 - - - - - -] OVN reports status down for port: 9ac4a7de-d8fa-4905-9b44-58f341252833
2026-06-14 00:09:44.998 8 INFO neutron.db.ovn_revision_numbers_db [None req-5f9cde95-6abf-467b-ab1f-3de2e08bca3d 6f2f789987e54e13b6c8b56eddbf37e9 e5767fc73beb43b3a6ba7f5571862159 - - default default] Successfully bumped revision number for resource 9ac4a7de-d8fa-4905-9b44-58f341252833 (type: ports) to 1 [pid: 8|app: 0|req: 1206/2398] 10.0.0.164 () {34 vars in 670 bytes} [Sun Jun 14 00:09:44 2026] POST /v2.0/networks => generated 768 bytes in 652 msecs (HTTP/1.1 201) 4 headers in 162 bytes (1 switches on core 0) [pid: 8|app: 0|req: 1207/2399] 10.0.0.164 () {32 vars in 774 bytes} [Sun Jun 14 00:09:45 2026] GET /v2.0/security-groups?tenant_id=5f2ea4701e5d4cad91bc9e119ed0893c&name=default => generated 2925 bytes in 30 msecs (HTTP/1.1 200) 4 headers in 158 bytes (1 switches on core 0) [pid: 8|app: 0|req: 1208/2400] 10.0.0.164 () {34 vars in 751 bytes} [Sun Jun 14 00:09:45 2026] PUT /v2.0/subnets/17b4d0d0-3b4e-40bf-b4c2-aa009436c744/tags => generated 25 bytes in 63 msecs (HTTP/1.1 200) 4 headers in 156 bytes (1 switches on core 0)
2026-06-14 00:09:45.225 7 INFO neutron.db.ovn_revision_numbers_db [None req-4f9f92b5-be26-416a-b7b7-4353ac7d3a20 - - - - - -] Successfully bumped revision number for resource 64a8b5bb-8ff2-4d43-ae54-2918c1fedd34 (type: ports) to 2
2026-06-14 00:09:45.257 7 INFO neutron.db.ovn_revision_numbers_db [None req-4f9f92b5-be26-416a-b7b7-4353ac7d3a20 - - - - - -] Successfully bumped revision number for resource 5d576935-5503-45c6-baf4-51acb1dc6c09 (type: subnets) to 0
2026-06-14 00:09:45.268 8 WARNING neutron.scheduler.dhcp_agent_scheduler [None req-3592365c-203f-4bff-ad3b-0e0562f7db70 6f2f789987e54e13b6c8b56eddbf37e9 e5767fc73beb43b3a6ba7f5571862159 - - default default] No more DHCP agents
2026-06-14 00:09:45.269 8 WARNING neutron.api.rpc.agentnotifiers.dhcp_rpc_agent_api [None req-3592365c-203f-4bff-ad3b-0e0562f7db70 6f2f789987e54e13b6c8b56eddbf37e9 e5767fc73beb43b3a6ba7f5571862159 - - default default] Unable to schedule network e78a26f5-170c-457f-9cab-0176192b898f: no agents available; will retry on subsequent port and subnet creation events. [pid: 7|app: 0|req: 1193/2401] 10.0.0.164 () {34 vars in 669 bytes} [Sun Jun 14 00:09:44 2026] POST /v2.0/subnets => generated 657 bytes in 775 msecs (HTTP/1.1 201) 4 headers in 162 bytes (1 switches on core 0) [pid: 7|app: 0|req: 1194/2402] 10.0.0.164 () {32 vars in 740 bytes} [Sun Jun 14 00:09:45 2026] DELETE /v2.0/security-groups/a97cd8af-09ea-4f2a-bb71-611e260f4023 => generated 0 bytes in 214 msecs (HTTP/1.1 204) 2 headers in 112 bytes (1 switches on core 0) [pid: 7|app: 0|req: 1195/2403] 10.0.0.164 () {34 vars in 751 bytes} [Sun Jun 14 00:09:45 2026] PUT /v2.0/subnets/4a25a207-523a-44cb-90f3-83b639d80a93/tags => generated 34 bytes in 50 msecs (HTTP/1.1 200) 4 headers in 156 bytes (1 switches on core 0)
2026-06-14 00:09:45.684 8 INFO neutron.db.ovn_revision_numbers_db [None req-47aa2cf4-cee4-47a2-8c00-483661ace3f5 - - - - - -] Successfully bumped revision number for resource 9ac4a7de-d8fa-4905-9b44-58f341252833 (type: ports) to 2
2026-06-14 00:09:45.722 8 INFO neutron.db.ovn_revision_numbers_db [None req-47aa2cf4-cee4-47a2-8c00-483661ace3f5 - - - - - -] Successfully bumped revision number for resource c7dadb69-daec-4603-94a3-b14b954bf427 (type: subnets) to 0 [pid: 8|app: 0|req: 1209/2404] 10.0.0.164 () {34 vars in 669 bytes} [Sun Jun 14 00:09:45 2026] POST /v2.0/subnets => generated 644 bytes in 608 msecs (HTTP/1.1 201) 4 headers in 162 bytes (1 switches on core 0) [pid: 7|app: 0|req: 1196/2405] 10.0.0.164 () {32 vars in 722 bytes} [Sun Jun 14 00:09:45 2026] GET /v2.0/subnetpools?name=shared-default-subnetpool-v6 => generated 19 bytes in 246 msecs (HTTP/1.1 200) 4 headers in 156 bytes (1 switches on core 0) [pid: 8|app: 0|req: 1210/2406] 10.0.0.164 () {34 vars in 751 bytes} [Sun Jun 14 00:09:45 2026] PUT /v2.0/subnets/a3e6733f-f4f3-45c0-8f7d-daf31bdc47f5/tags => generated 19 bytes in 52 msecs (HTTP/1.1 200) 4 headers in 156 bytes (1 switches on core 0)
2026-06-14 00:09:45.791 7 WARNING neutron.api.v2.base [None req-39678f13-b175-421c-9a38-2932e517863f 6f2f789987e54e13b6c8b56eddbf37e9 e5767fc73beb43b3a6ba7f5571862159 - - default default] An exception happened while processing the request body. The exception message is [Invalid input for target_tenant. Reason: 'None' is not a valid string.].: webob.exc.HTTPBadRequest: Invalid input for target_tenant. Reason: 'None' is not a valid string.
2026-06-14 00:09:45.792 7 INFO neutron.api.v2.resource [None req-39678f13-b175-421c-9a38-2932e517863f 6f2f789987e54e13b6c8b56eddbf37e9 e5767fc73beb43b3a6ba7f5571862159 - - default default] create failed (client error): Invalid input for target_tenant. Reason: 'None' is not a valid string. [pid: 7|app: 0|req: 1197/2407] 10.0.0.164 () {34 vars in 681 bytes} [Sun Jun 14 00:09:45 2026] POST /v2.0/rbac-policies => generated 143 bytes in 5 msecs (HTTP/1.1 400) 4 headers in 166 bytes (1 switches on core 0) [pid: 7|app: 0|req: 1198/2408] 10.0.0.164 () {32 vars in 664 bytes} [Sun Jun 14 00:09:45 2026] GET /v2.0/subnets?tags=red => generated 1904 bytes in 41 msecs (HTTP/1.1 200) 4 headers in 158 bytes (1 switches on core 0)
2026-06-14 00:09:45.976 7 INFO neutron_taas.services.taas.taas_plugin [None req-619bd681-0dc8-4362-906b-2b132654c5a5 6f2f789987e54e13b6c8b56eddbf37e9 e5767fc73beb43b3a6ba7f5571862159 - - default default] TaaS: Handle Delete Port: 9ac4a7de-d8fa-4905-9b44-58f341252833
2026-06-14 00:09:45.980 7 INFO neutron_taas.services.taas.tap_mirror_plugin [None req-619bd681-0dc8-4362-906b-2b132654c5a5 6f2f789987e54e13b6c8b56eddbf37e9 e5767fc73beb43b3a6ba7f5571862159 - - default default] Tap Mirror: Handle Delete Port: 9ac4a7de-d8fa-4905-9b44-58f341252833
2026-06-14 00:09:46.033 8 WARNING neutron.scheduler.dhcp_agent_scheduler [None req-02984706-2b38-4f4c-b651-ce63888c9767 57c530457f3449d782a081c56b9ebeec 3576df4d11284f7284ede0de81569401 - - default default] No more DHCP agents
2026-06-14 00:09:46.035 8 WARNING neutron.api.rpc.agentnotifiers.dhcp_rpc_agent_api [None req-02984706-2b38-4f4c-b651-ce63888c9767 57c530457f3449d782a081c56b9ebeec 3576df4d11284f7284ede0de81569401 - - default default] Unable to schedule network cf8752dd-bdcc-49ca-ae36-6f41734dbc85: no agents available; will retry on subsequent port and subnet creation events.
2026-06-14 00:09:46.064 8 INFO neutron.db.ovn_revision_numbers_db [None req-02984706-2b38-4f4c-b651-ce63888c9767 57c530457f3449d782a081c56b9ebeec 3576df4d11284f7284ede0de81569401 - - default default] Successfully bumped revision number for resource ffaed7c0-0918-4c05-8ca3-3b63ebfb074c (type: subnets) to 0 [pid: 8|app: 0|req: 1211/2409] 10.0.0.164 () {34 vars in 669 bytes} [Sun Jun 14 00:09:45 2026] POST /v2.0/subnets => generated 732 bytes in 294 msecs (HTTP/1.1 201) 4 headers in 162 bytes (1 switches on core 0) [pid: 8|app: 0|req: 1212/2410] 10.0.0.164 () {32 vars in 678 bytes} [Sun Jun 14 00:09:46 2026] GET /v2.0/subnets?tags=red%2Cblue => generated 1283 bytes in 65 msecs (HTTP/1.1 200) 4 headers in 158 bytes (1 switches on core 0) [pid: 8|app: 0|req: 1213/2411] 10.0.0.235 () {28 vars in 583 bytes} [Sun Jun 14 00:09:46 2026] GET /v2.0/subnets => generated 6573 bytes in 93 msecs (HTTP/1.1 200) 4 headers in 158 bytes (1 switches on core 0)
2026-06-14 00:09:46.334 7 INFO neutron.services.segments.plugin [-] Segment 59a2ea2b-a865-4bd0-b406-121798189512 resource provider aggregate not found
2026-06-14 00:09:46.341 7 INFO neutron.services.segments.plugin [-] Segment 59a2ea2b-a865-4bd0-b406-121798189512 resource provider aggregate not found
2026-06-14 00:09:46.358 7 INFO neutron.services.segments.plugin [-] Segment 59a2ea2b-a865-4bd0-b406-121798189512 resource provider not found; error: Placement Client Error (4xx): {"errors": [{"status": 404, "title": "Not Found", "detail": "The resource could not be found.\n\n No resource provider with uuid 59a2ea2b-a865-4bd0-b406-121798189512 found for delete ", "request_id": "req-547c9df9-0ac0-4196-824d-aa5853766545"}]}
2026-06-14 00:09:46.359 8 INFO neutron.db.segments_db [None req-3c2626b2-4464-4510-97c8-5a811cb08a96 57c530457f3449d782a081c56b9ebeec 3576df4d11284f7284ede0de81569401 - - default default] Added segment b2a01a06-cce6-478b-93d2-943089b1b3f8 of type geneve for network 6a93a90f-205b-40b7-864e-a1fe09f1cd7b
2026-06-14 00:09:46.362 7 INFO neutron.services.segments.plugin [-] Segment 59a2ea2b-a865-4bd0-b406-121798189512 resource provider not found; error: Placement Client Error (4xx): {"errors": [{"status": 404, "title": "Not Found", "detail": "The resource could not be found.\n\n No resource provider with uuid 59a2ea2b-a865-4bd0-b406-121798189512 found for delete ", "request_id": "req-26e13ad2-0c81-4fef-8e95-26c0c6be8f49"}]} [pid: 7|app: 0|req: 1199/2412] 10.0.0.164 () {32 vars in 726 bytes} [Sun Jun 14 00:09:45 2026] DELETE /v2.0/networks/e78a26f5-170c-457f-9cab-0176192b898f => generated 0 bytes in 542 msecs (HTTP/1.1 204) 3 headers in 131 bytes (1 switches on core 0) [pid: 7|app: 0|req: 1200/2413] 10.0.0.164 () {32 vars in 674 bytes} [Sun Jun 14 00:09:46 2026] GET /v2.0/subnets?tags-any=blue => generated 1283 bytes in 38 msecs (HTTP/1.1 200) 4 headers in 158 bytes (1 switches on core 0) [pid: 7|app: 0|req: 1201/2414] 10.0.0.235 () {28 vars in 591 bytes} [Sun Jun 14 00:09:46 2026] GET /v2.0/subnetpools => generated 19 bytes in 7 msecs (HTTP/1.1 200) 4 headers in 156 bytes (1 switches on core 0)
2026-06-14 00:09:46.481 8 INFO neutron.db.ovn_revision_numbers_db [None req-3c2626b2-4464-4510-97c8-5a811cb08a96 57c530457f3449d782a081c56b9ebeec 3576df4d11284f7284ede0de81569401 - - default default] Successfully bumped revision number for resource 6a93a90f-205b-40b7-864e-a1fe09f1cd7b (type: networks) to 1
2026-06-14 00:09:46.508 7 INFO neutron.db.segments_db [None req-f9322636-157f-4b8e-adb9-6288dabf4f04 6f2f789987e54e13b6c8b56eddbf37e9 e5767fc73beb43b3a6ba7f5571862159 - - default default] Added segment 36cef9d7-9df3-4b10-9b9c-e5ebd3319c4b of type geneve for network 551877ac-0d7c-4d3e-8ec8-c4bce0bfdadc
2026-06-14 00:09:46.619 7 INFO neutron.db.ovn_revision_numbers_db [None req-f9322636-157f-4b8e-adb9-6288dabf4f04 6f2f789987e54e13b6c8b56eddbf37e9 e5767fc73beb43b3a6ba7f5571862159 - - default default] Successfully bumped revision number for resource 551877ac-0d7c-4d3e-8ec8-c4bce0bfdadc (type: networks) to 1
2026-06-14 00:09:46.685 8 WARNING neutron.scheduler.dhcp_agent_scheduler [None req-3c2626b2-4464-4510-97c8-5a811cb08a96 57c530457f3449d782a081c56b9ebeec 3576df4d11284f7284ede0de81569401 - - default default] No more DHCP agents
2026-06-14 00:09:46.686 8 WARNING neutron.api.rpc.agentnotifiers.dhcp_rpc_agent_api [None req-3c2626b2-4464-4510-97c8-5a811cb08a96 57c530457f3449d782a081c56b9ebeec 3576df4d11284f7284ede0de81569401 - - default default] Unable to schedule network 6a93a90f-205b-40b7-864e-a1fe09f1cd7b: no agents available; will retry on subsequent port and subnet creation events.
2026-06-14 00:09:46.735 7 INFO neutron.plugins.ml2.drivers.ovn.mech_driver.mech_driver [None req-fbf0dac1-bf8c-445a-8c37-770ec956e1c5 - - - - - -] OVN reports status down for port: 17e3a666-5744-4853-adfb-a96c01f806d5
2026-06-14 00:09:46.778 8 INFO neutron.db.ovn_revision_numbers_db [None req-3c2626b2-4464-4510-97c8-5a811cb08a96 57c530457f3449d782a081c56b9ebeec 3576df4d11284f7284ede0de81569401 - - default default] Successfully bumped revision number for resource 17e3a666-5744-4853-adfb-a96c01f806d5 (type: ports) to 1 [pid: 8|app: 0|req: 1214/2415] 10.0.0.164 () {34 vars in 670 bytes} [Sun Jun 14 00:09:46 2026] POST /v2.0/networks => generated 675 bytes in 564 msecs (HTTP/1.1 201) 4 headers in 162 bytes (1 switches on core 0)
2026-06-14 00:09:46.833 7 WARNING neutron.scheduler.dhcp_agent_scheduler [None req-f9322636-157f-4b8e-adb9-6288dabf4f04 6f2f789987e54e13b6c8b56eddbf37e9 e5767fc73beb43b3a6ba7f5571862159 - - default default] No more DHCP agents
2026-06-14 00:09:46.837 7 WARNING neutron.api.rpc.agentnotifiers.dhcp_rpc_agent_api [None req-f9322636-157f-4b8e-adb9-6288dabf4f04 6f2f789987e54e13b6c8b56eddbf37e9 e5767fc73beb43b3a6ba7f5571862159 - - default default] Unable to schedule network 551877ac-0d7c-4d3e-8ec8-c4bce0bfdadc: no agents available; will retry on subsequent port and subnet creation events. [pid: 8|app: 0|req: 1215/2416] 10.0.0.164 () {32 vars in 686 bytes} [Sun Jun 14 00:09:46 2026] GET /v2.0/subnets?tags-any=red%2Cblue => generated 1904 bytes in 58 msecs (HTTP/1.1 200) 4 headers in 158 bytes (1 switches on core 0)
2026-06-14 00:09:46.887 8 INFO neutron.plugins.ml2.drivers.ovn.mech_driver.mech_driver [None req-b853c280-4b24-4426-aeb8-0f6acfe3a68c - - - - - -] OVN reports status down for port: 325ca6b2-3960-4db8-85c2-45eec9c6c21d
2026-06-14 00:09:46.916 7 INFO neutron.db.ovn_revision_numbers_db [None req-f9322636-157f-4b8e-adb9-6288dabf4f04 6f2f789987e54e13b6c8b56eddbf37e9 e5767fc73beb43b3a6ba7f5571862159 - - default default] Successfully bumped revision number for resource 325ca6b2-3960-4db8-85c2-45eec9c6c21d (type: ports) to 1 [pid: 7|app: 0|req: 1202/2417] 10.0.0.164 () {34 vars in 670 bytes} [Sun Jun 14 00:09:46 2026] POST /v2.0/networks => generated 768 bytes in 514 msecs (HTTP/1.1 201) 4 headers in 162 bytes (1 switches on core 0) [pid: 8|app: 0|req: 1216/2418] 10.0.0.235 () {28 vars in 579 bytes} [Sun Jun 14 00:09:46 2026] GET /v2.0/ports => generated 13241 bytes in 184 msecs (HTTP/1.1 200) 4 headers in 159 bytes (1 switches on core 0) [pid: 8|app: 0|req: 1217/2419] 10.0.0.164 () {32 vars in 672 bytes} [Sun Jun 14 00:09:47 2026] GET /v2.0/subnets?not-tags=red => generated 1894 bytes in 57 msecs (HTTP/1.1 200) 4 headers in 158 bytes (1 switches on core 0)
2026-06-14 00:09:47.163 7 WARNING neutron.scheduler.dhcp_agent_scheduler [None req-dc96eede-4430-4765-a2e9-cf87979ee365 57c530457f3449d782a081c56b9ebeec 3576df4d11284f7284ede0de81569401 - - default default] No more DHCP agents
2026-06-14 00:09:47.165 7 WARNING neutron.api.rpc.agentnotifiers.dhcp_rpc_agent_api [None req-dc96eede-4430-4765-a2e9-cf87979ee365 57c530457f3449d782a081c56b9ebeec 3576df4d11284f7284ede0de81569401 - - default default] Unable to schedule network 6a93a90f-205b-40b7-864e-a1fe09f1cd7b: no agents available; will retry on subsequent port and subnet creation events.
2026-06-14 00:09:47.235 8 WARNING neutron.scheduler.dhcp_agent_scheduler [None req-88f75e8f-f7d0-4357-b477-46f865c9993e 6f2f789987e54e13b6c8b56eddbf37e9 e5767fc73beb43b3a6ba7f5571862159 - - default default] No more DHCP agents
2026-06-14 00:09:47.236 8 WARNING neutron.api.rpc.agentnotifiers.dhcp_rpc_agent_api [None req-88f75e8f-f7d0-4357-b477-46f865c9993e 6f2f789987e54e13b6c8b56eddbf37e9 e5767fc73beb43b3a6ba7f5571862159 - - default default] Unable to schedule network 551877ac-0d7c-4d3e-8ec8-c4bce0bfdadc: no agents available; will retry on subsequent port and subnet creation events.
2026-06-14 00:09:47.572 7 INFO neutron.db.ovn_revision_numbers_db [None req-042f4bc3-8d18-4378-98e5-6c567bce6427 - - - - - -] Successfully bumped revision number for resource 17e3a666-5744-4853-adfb-a96c01f806d5 (type: ports) to 2
2026-06-14 00:09:47.606 7 INFO neutron.db.ovn_revision_numbers_db [None req-042f4bc3-8d18-4378-98e5-6c567bce6427 - - - - - -] Successfully bumped revision number for resource 51b8c837-ef0d-4645-ba3e-89d1640633a8 (type: subnets) to 0 [pid: 7|app: 0|req: 1203/2420] 10.0.0.164 () {34 vars in 669 bytes} [Sun Jun 14 00:09:46 2026] POST /v2.0/subnets => generated 655 bytes in 687 msecs (HTTP/1.1 201) 4 headers in 162 bytes (1 switches on core 0)
