2026-06-14 00:08:04.531 7 INFO neutron.db.ovn_revision_numbers_db [None req-ce941d99-5463-44f6-8c52-2976e6593318 - - - - - -] Successfully bumped revision number for resource 57953521-a8fb-46c5-9a3e-401af355ab38 (type: ports) to 2 [pid: 8|app: 0|req: 841/1684] 10.0.0.164 () {32 vars in 740 bytes} [Sun Jun 14 00:08:04 2026] DELETE /v2.0/security-groups/4d3b73a7-85e6-41ca-922e-1d3733c9f2d8 => generated 0 bytes in 297 msecs (HTTP/1.1 204) 2 headers in 112 bytes (1 switches on core 0)
2026-06-14 00:08:04.728 7 INFO neutron.db.ovn_revision_numbers_db [None req-6dba6d86-9f02-4a85-a8f7-919d323aaab4 d22ad37931c040009128ef83bb630945 d062fce849c1497689e158c6b6da4ca1 - - default default] Successfully bumped revision number for resource 57953521-a8fb-46c5-9a3e-401af355ab38 (type: router_ports) to 1 [pid: 7|app: 0|req: 844/1685] 10.0.0.164 () {34 vars in 783 bytes} [Sun Jun 14 00:08:00 2026] PUT /v2.0/routers/507943e7-036a-424e-8bf5-8cb386f8b485/add_router_interface => generated 309 bytes in 3777 msecs (HTTP/1.1 200) 4 headers in 157 bytes (1 switches on core 0) [pid: 8|app: 0|req: 842/1686] 10.0.0.35 () {34 vars in 989 bytes} [Sun Jun 14 00:08:04 2026] GET /v2.0/ports?device_id=e1df0f1d-f2a7-4303-b776-35b65b9acac9 => generated 971 bytes in 48 msecs (HTTP/1.1 200) 4 headers in 157 bytes (1 switches on core 0) [pid: 7|app: 0|req: 845/1687] 10.0.0.35 () {34 vars in 1039 bytes} [Sun Jun 14 00:08:04 2026] GET /v2.0/security-groups?id=3c6e5ee4-d6d0-4f5b-a896-125268d42e82&fields=id&fields=name => generated 114 bytes in 31 msecs (HTTP/1.1 200) 4 headers in 157 bytes (1 switches on core 0) [pid: 8|app: 0|req: 843/1688] 10.0.0.35 () {34 vars in 989 bytes} [Sun Jun 14 00:08:04 2026] GET /v2.0/ports?device_id=e1df0f1d-f2a7-4303-b776-35b65b9acac9 => generated 971 bytes in 41 msecs (HTTP/1.1 200) 4 headers in 157 bytes (1 switches on core 0)
2026-06-14 00:08:05.416 8 INFO neutron.db.ovn_revision_numbers_db [None req-6d3cc41c-84b9-4e4f-b627-88e684434fca 1978fda64564468f966e0b4c8adb1a8f 6baa5661e8b14816b51642353b774062 - - default default] Successfully bumped revision number for resource caf117bd-4b6a-4ddf-acd1-fe8e5b33057c (type: floatingips) to 1
2026-06-14 00:08:05.475 7 INFO neutron.db.ovn_revision_numbers_db [None req-2aee285f-cc17-4e1f-99a8-774ede81d681 68dc97bdca0342b0a59d383f143113eb 4a6d309611b94ce6a32558cf9806832b - - default default] Successfully bumped revision number for resource 524e724b-7163-4358-9774-9422468e7023 (type: security_groups) to 1
2026-06-14 00:08:05.490 7 INFO neutron.db.ovn_revision_numbers_db [None req-2aee285f-cc17-4e1f-99a8-774ede81d681 68dc97bdca0342b0a59d383f143113eb 4a6d309611b94ce6a32558cf9806832b - - default default] Successfully bumped revision number for resource 042feb4b-35ea-4538-9650-28ee2481dc05 (type: security_group_rules) to 0
2026-06-14 00:08:05.502 7 INFO neutron.db.ovn_revision_numbers_db [None req-2aee285f-cc17-4e1f-99a8-774ede81d681 68dc97bdca0342b0a59d383f143113eb 4a6d309611b94ce6a32558cf9806832b - - default default] Successfully bumped revision number for resource 1934a59d-7df4-4557-a2d3-db78f465cb9b (type: security_group_rules) to 0
2026-06-14 00:08:05.545 8 INFO neutron.db.ovn_revision_numbers_db [None req-6d3cc41c-84b9-4e4f-b627-88e684434fca 1978fda64564468f966e0b4c8adb1a8f 6baa5661e8b14816b51642353b774062 - - default default] Successfully bumped revision number for resource caf117bd-4b6a-4ddf-acd1-fe8e5b33057c (type: floatingips) to 2
2026-06-14 00:08:05.546 8 INFO neutron.db.l3_db [None req-6d3cc41c-84b9-4e4f-b627-88e684434fca 1978fda64564468f966e0b4c8adb1a8f 6baa5661e8b14816b51642353b774062 - - default default] Floating IP caf117bd-4b6a-4ddf-acd1-fe8e5b33057c associated. External IP: 10.96.250.208, port: efa8791b-bf07-4982-a4bd-838461126999. [pid: 7|app: 0|req: 847/1691] 10.0.0.164 () {34 vars in 685 bytes} [Sun Jun 14 00:08:05 2026] POST /v2.0/security-groups => generated 1675 bytes in 209 msecs (HTTP/1.1 201) 4 headers in 163 bytes (1 switches on core 0) [pid: 8|app: 0|req: 845/1692] 10.0.0.164 () {34 vars in 749 bytes} [Sun Jun 14 00:08:04 2026] PUT /v2.0/floatingips/caf117bd-4b6a-4ddf-acd1-fe8e5b33057c => generated 855 bytes in 602 msecs (HTTP/1.1 200) 4 headers in 157 bytes (1 switches on core 0)
2026-06-14 00:08:05.673 8 INFO neutron.notifiers.nova [-] Nova event matching ['req-ebd79edb-0bbe-47ad-bea2-59a315ac12d9'] response: {'server_uuid': 'e1df0f1d-f2a7-4303-b776-35b65b9acac9', 'name': 'network-vif-plugged', 'status': 'completed', 'tag': 'efa8791b-bf07-4982-a4bd-838461126999', 'code': 200}
2026-06-14 00:08:05.673 8 INFO neutron.notifiers.nova [-] Nova event matching ['req-ebd79edb-0bbe-47ad-bea2-59a315ac12d9'] response: {'name': 'network-changed', 'server_uuid': 'e1df0f1d-f2a7-4303-b776-35b65b9acac9', 'tag': 'efa8791b-bf07-4982-a4bd-838461126999', 'status': 'completed', 'code': 200}
2026-06-14 00:08:05.731 8 INFO neutron.db.ovn_revision_numbers_db [None req-982d75ba-12e4-4d7e-93b3-b94651ec73d7 68dc97bdca0342b0a59d383f143113eb 4a6d309611b94ce6a32558cf9806832b - - default default] Successfully bumped revision number for resource abf45192-7692-4ab2-a535-b7ff8c679de7 (type: security_group_rules) to 0 [pid: 8|app: 0|req: 846/1693] 10.0.0.164 () {34 vars in 695 bytes} [Sun Jun 14 00:08:05 2026] POST /v2.0/security-group-rules => generated 597 bytes in 178 msecs (HTTP/1.1 201) 4 headers in 162 bytes (1 switches on core 0) [pid: 8|app: 0|req: 847/1694] 10.0.0.35 () {34 vars in 989 bytes} [Sun Jun 14 00:08:05 2026] GET /v2.0/ports?device_id=e1df0f1d-f2a7-4303-b776-35b65b9acac9 => generated 971 bytes in 40 msecs (HTTP/1.1 200) 4 headers in 157 bytes (1 switches on core 0)
2026-06-14 00:08:05.906 7 INFO neutron.db.ovn_revision_numbers_db [None req-c48cc5fc-12fe-4e8b-8376-f509f7641b4f d42c578cf8b2402a8752080ac0adb7fe 5803246e1bd84bb78de4dde3513f39d4 - - default default] Successfully bumped revision number for resource 28d03061-848f-4273-a437-940e3eef4ede (type: security_groups) to 1
2026-06-14 00:08:05.917 7 INFO neutron.db.ovn_revision_numbers_db [None req-c48cc5fc-12fe-4e8b-8376-f509f7641b4f d42c578cf8b2402a8752080ac0adb7fe 5803246e1bd84bb78de4dde3513f39d4 - - default default] Successfully bumped revision number for resource 33732a80-ba96-4ecf-8e65-f3b3dd91f109 (type: security_group_rules) to 0
2026-06-14 00:08:05.931 7 INFO neutron.db.ovn_revision_numbers_db [None req-c48cc5fc-12fe-4e8b-8376-f509f7641b4f d42c578cf8b2402a8752080ac0adb7fe 5803246e1bd84bb78de4dde3513f39d4 - - default default] Successfully bumped revision number for resource 8742d706-975e-4c3b-8635-145714deaa92 (type: security_group_rules) to 0
2026-06-14 00:08:05.945 7 INFO neutron.db.ovn_revision_numbers_db [None req-c48cc5fc-12fe-4e8b-8376-f509f7641b4f d42c578cf8b2402a8752080ac0adb7fe 5803246e1bd84bb78de4dde3513f39d4 - - default default] Successfully bumped revision number for resource ce2532db-2a37-49c6-807a-3f8381a85ce9 (type: security_group_rules) to 0
2026-06-14 00:08:05.947 8 INFO neutron.db.ovn_revision_numbers_db [None req-3be92e90-a336-4d10-a645-e8520f27ceae 68dc97bdca0342b0a59d383f143113eb 4a6d309611b94ce6a32558cf9806832b - - default default] Successfully bumped revision number for resource 43b1f8a8-3aa7-4164-97cb-9646470168fb (type: security_group_rules) to 0
2026-06-14 00:08:05.956 7 INFO neutron.db.ovn_revision_numbers_db [None req-c48cc5fc-12fe-4e8b-8376-f509f7641b4f d42c578cf8b2402a8752080ac0adb7fe 5803246e1bd84bb78de4dde3513f39d4 - - default default] Successfully bumped revision number for resource d3a51eb4-a1b8-4f6a-9adf-346361212e37 (type: security_group_rules) to 0 [pid: 8|app: 0|req: 848/1695] 10.0.0.164 () {34 vars in 695 bytes} [Sun Jun 14 00:08:05 2026] POST /v2.0/security-group-rules => generated 596 bytes in 171 msecs (HTTP/1.1 201) 4 headers in 162 bytes (1 switches on core 0) [pid: 8|app: 0|req: 849/1696] 10.0.0.35 () {34 vars in 1039 bytes} [Sun Jun 14 00:08:05 2026] GET /v2.0/security-groups?id=3c6e5ee4-d6d0-4f5b-a896-125268d42e82&fields=id&fields=name => generated 114 bytes in 26 msecs (HTTP/1.1 200) 4 headers in 157 bytes (1 switches on core 0)
2026-06-14 00:08:06.069 7 INFO neutron.db.segments_db [None req-c48cc5fc-12fe-4e8b-8376-f509f7641b4f d42c578cf8b2402a8752080ac0adb7fe 5803246e1bd84bb78de4dde3513f39d4 - - default default] Added segment 117b67ba-d20d-4c6a-a3a4-d9262f2a55b4 of type geneve for network a0177cf3-945a-4bf6-a328-511e0ada7db0
2026-06-14 00:08:06.215 8 INFO neutron.db.ovn_revision_numbers_db [None req-fdf93b86-2156-423b-ba7a-4bc2bb3813d8 68dc97bdca0342b0a59d383f143113eb 4a6d309611b94ce6a32558cf9806832b - - default default] Successfully bumped revision number for resource 1a30ea48-f884-4e48-a158-9319b85bc8f0 (type: security_group_rules) to 0
2026-06-14 00:08:06.228 7 INFO neutron.db.ovn_revision_numbers_db [None req-c48cc5fc-12fe-4e8b-8376-f509f7641b4f d42c578cf8b2402a8752080ac0adb7fe 5803246e1bd84bb78de4dde3513f39d4 - - default default] Successfully bumped revision number for resource a0177cf3-945a-4bf6-a328-511e0ada7db0 (type: networks) to 1 [pid: 8|app: 0|req: 850/1697] 10.0.0.164 () {34 vars in 695 bytes} [Sun Jun 14 00:08:06 2026] POST /v2.0/security-group-rules => generated 602 bytes in 242 msecs (HTTP/1.1 201) 4 headers in 162 bytes (1 switches on core 0) [pid: 8|app: 0|req: 851/1698] 199.204.45.132 () {34 vars in 1080 bytes} [Sun Jun 14 00:08:06 2026] GET /v2.0/ports?tenant_id=6baa5661e8b14816b51642353b774062&device_id=e1df0f1d-f2a7-4303-b776-35b65b9acac9 => generated 1209 bytes in 44 msecs (HTTP/1.1 200) 4 headers in 158 bytes (1 switches on core 0)
2026-06-14 00:08:06.380 7 WARNING neutron.scheduler.dhcp_agent_scheduler [None req-c48cc5fc-12fe-4e8b-8376-f509f7641b4f d42c578cf8b2402a8752080ac0adb7fe 5803246e1bd84bb78de4dde3513f39d4 - - default default] No more DHCP agents
2026-06-14 00:08:06.382 7 WARNING neutron.api.rpc.agentnotifiers.dhcp_rpc_agent_api [None req-c48cc5fc-12fe-4e8b-8376-f509f7641b4f d42c578cf8b2402a8752080ac0adb7fe 5803246e1bd84bb78de4dde3513f39d4 - - default default] Unable to schedule network a0177cf3-945a-4bf6-a328-511e0ada7db0: no agents available; will retry on subsequent port and subnet creation events.
2026-06-14 00:08:06.430 8 INFO neutron.db.ovn_revision_numbers_db [None req-d6730961-bc53-483a-a478-5419888b7c29 68dc97bdca0342b0a59d383f143113eb 4a6d309611b94ce6a32558cf9806832b - - default default] Successfully bumped revision number for resource 651e958b-0cdc-4cf2-8a39-7f24908e5d8a (type: security_group_rules) to 0
2026-06-14 00:08:06.449 8 INFO neutron.plugins.ml2.drivers.ovn.mech_driver.mech_driver [None req-20c25b76-1e50-442a-a681-d72212f031a7 - - - - - -] OVN reports status down for port: 666a9be1-bb66-4aa5-894c-1964ef799e5b
2026-06-14 00:08:06.460 7 INFO neutron.db.ovn_revision_numbers_db [None req-c48cc5fc-12fe-4e8b-8376-f509f7641b4f d42c578cf8b2402a8752080ac0adb7fe 5803246e1bd84bb78de4dde3513f39d4 - - default default] Successfully bumped revision number for resource 666a9be1-bb66-4aa5-894c-1964ef799e5b (type: ports) to 1 [pid: 7|app: 0|req: 848/1699] 10.0.0.164 () {34 vars in 670 bytes} [Sun Jun 14 00:08:05 2026] POST /v2.0/networks => generated 687 bytes in 933 msecs (HTTP/1.1 201) 4 headers in 162 bytes (1 switches on core 0) [pid: 8|app: 0|req: 852/1700] 10.0.0.164 () {34 vars in 695 bytes} [Sun Jun 14 00:08:06 2026] POST /v2.0/security-group-rules => generated 601 bytes in 192 msecs (HTTP/1.1 201) 4 headers in 162 bytes (1 switches on core 0) [pid: 8|app: 0|req: 853/1701] 199.204.45.132 () {34 vars in 986 bytes} [Sun Jun 14 00:08:06 2026] GET /v2.0/networks?id=b385fc8e-d0d7-4918-a0a9-4c7fc027285a => generated 807 bytes in 56 msecs (HTTP/1.1 200) 4 headers in 157 bytes (1 switches on core 0) [pid: 7|app: 0|req: 849/1702] 10.0.0.35 () {34 vars in 989 bytes} [Sun Jun 14 00:08:06 2026] GET /v2.0/ports?device_id=e1df0f1d-f2a7-4303-b776-35b65b9acac9 => generated 971 bytes in 90 msecs (HTTP/1.1 200) 4 headers in 157 bytes (1 switches on core 0)
2026-06-14 00:08:06.612 7 INFO neutron.db.securitygroups_db [None req-74259030-ae09-450e-936f-cbc0c994b0ad 68dc97bdca0342b0a59d383f143113eb 4a6d309611b94ce6a32558cf9806832b - - default default] Project 4a6d309611b94ce6a32558cf9806832b added a security group rule with legacy IPv6 ICMP protocol name icmp, ipv6-icmp should be used instead. It was automatically converted.
2026-06-14 00:08:06.716 7 INFO neutron.db.ovn_revision_numbers_db [None req-74259030-ae09-450e-936f-cbc0c994b0ad 68dc97bdca0342b0a59d383f143113eb 4a6d309611b94ce6a32558cf9806832b - - default default] Successfully bumped revision number for resource 6ad62d09-d880-48d4-a9aa-4bc91d5733b8 (type: security_group_rules) to 0 [pid: 7|app: 0|req: 850/1703] 10.0.0.164 () {34 vars in 695 bytes} [Sun Jun 14 00:08:06 2026] POST /v2.0/security-group-rules => generated 607 bytes in 179 msecs (HTTP/1.1 201) 4 headers in 162 bytes (1 switches on core 0)
2026-06-14 00:08:06.777 8 WARNING neutron.scheduler.dhcp_agent_scheduler [None req-7f16bc39-93f8-4716-9d0d-08160e210af2 d42c578cf8b2402a8752080ac0adb7fe 5803246e1bd84bb78de4dde3513f39d4 - - default default] No more DHCP agents
2026-06-14 00:08:06.779 8 WARNING neutron.api.rpc.agentnotifiers.dhcp_rpc_agent_api [None req-7f16bc39-93f8-4716-9d0d-08160e210af2 d42c578cf8b2402a8752080ac0adb7fe 5803246e1bd84bb78de4dde3513f39d4 - - default default] Unable to schedule network a0177cf3-945a-4bf6-a328-511e0ada7db0: no agents available; will retry on subsequent port and subnet creation events. [pid: 7|app: 0|req: 851/1704] 199.204.45.132 () {34 vars in 1058 bytes} [Sun Jun 14 00:08:06 2026] GET /v2.0/floatingips?fixed_ip_address=10.100.0.3&port_id=efa8791b-bf07-4982-a4bd-838461126999 => generated 860 bytes in 38 msecs (HTTP/1.1 200) 4 headers in 157 bytes (1 switches on core 0)
2026-06-14 00:08:06.869 8 INFO neutron.db.ovn_revision_numbers_db [None req-7f16bc39-93f8-4716-9d0d-08160e210af2 d42c578cf8b2402a8752080ac0adb7fe 5803246e1bd84bb78de4dde3513f39d4 - - default default] Successfully bumped revision number for resource 6c888198-ad6c-414e-a0dd-a2a0ad75dad9 (type: ports) to 1 [pid: 7|app: 0|req: 852/1705] 10.0.0.35 () {34 vars in 1039 bytes} [Sun Jun 14 00:08:06 2026] GET /v2.0/security-groups?id=3c6e5ee4-d6d0-4f5b-a896-125268d42e82&fields=id&fields=name => generated 114 bytes in 80 msecs (HTTP/1.1 200) 4 headers in 157 bytes (1 switches on core 0) [pid: 8|app: 0|req: 854/1706] 10.0.0.164 () {34 vars in 665 bytes} [Sun Jun 14 00:08:06 2026] POST /v2.0/ports => generated 778 bytes in 378 msecs (HTTP/1.1 201) 4 headers in 162 bytes (1 switches on core 0)
2026-06-14 00:08:06.925 7 INFO neutron.db.securitygroups_db [None req-cf0f408b-9aeb-4e1c-a72c-6c7b3b54457f 68dc97bdca0342b0a59d383f143113eb 4a6d309611b94ce6a32558cf9806832b - - default default] Project 4a6d309611b94ce6a32558cf9806832b added a security group rule with legacy IPv6 ICMP protocol name icmp, ipv6-icmp should be used instead. It was automatically converted. /var/lib/openstack/lib/python3.12/site-packages/pycadf/identifier.py:70: UserWarning: Invalid uuid: neutron. To ensure interoperability, identifiers should be a valid uuid. warnings.warn(('Invalid uuid: %s. To ensure interoperability, ' [pid: 8|app: 0|req: 855/1707] 199.204.45.132 () {34 vars in 984 bytes} [Sun Jun 14 00:08:06 2026] GET /v2.0/subnets?id=383606fa-94a7-49e4-9f9f-47d51220475e => generated 688 bytes in 31 msecs (HTTP/1.1 200) 4 headers in 157 bytes (1 switches on core 0)
2026-06-14 00:08:07.045 7 INFO neutron.db.ovn_revision_numbers_db [None req-cf0f408b-9aeb-4e1c-a72c-6c7b3b54457f 68dc97bdca0342b0a59d383f143113eb 4a6d309611b94ce6a32558cf9806832b - - default default] Successfully bumped revision number for resource 6037e1f8-d59e-40ee-9334-2d706565f68d (type: security_group_rules) to 0
2026-06-14 00:08:07.052 8 INFO neutron.db.segments_db [None req-fba6cd27-8815-4221-9bd2-f7768d53bd96 d42c578cf8b2402a8752080ac0adb7fe 5803246e1bd84bb78de4dde3513f39d4 - - default default] Added segment 53bc7470-4efc-403a-a595-f4b92e49459d of type geneve for network 3bb44d9d-7d6e-4c1d-b1b0-7677554a95ef [pid: 7|app: 0|req: 853/1708] 10.0.0.164 () {34 vars in 695 bytes} [Sun Jun 14 00:08:06 2026] POST /v2.0/security-group-rules => generated 606 bytes in 200 msecs (HTTP/1.1 201) 4 headers in 162 bytes (1 switches on core 0) [pid: 7|app: 0|req: 854/1709] 199.204.45.132 () {34 vars in 1052 bytes} [Sun Jun 14 00:08:07 2026] GET /v2.0/ports?network_id=b385fc8e-d0d7-4918-a0a9-4c7fc027285a&device_owner=network%3Adhcp => generated 12 bytes in 29 msecs (HTTP/1.1 200) 4 headers in 156 bytes (1 switches on core 0) [pid: 7|app: 0|req: 855/1710] 199.204.45.132 () {34 vars in 1012 bytes} [Sun Jun 14 00:08:07 2026] GET /v2.0/networks/b385fc8e-d0d7-4918-a0a9-4c7fc027285a?fields=segments => generated 14 bytes in 65 msecs (HTTP/1.1 200) 4 headers in 156 bytes (1 switches on core 0)
2026-06-14 00:08:07.208 8 INFO neutron.db.ovn_revision_numbers_db [None req-fba6cd27-8815-4221-9bd2-f7768d53bd96 d42c578cf8b2402a8752080ac0adb7fe 5803246e1bd84bb78de4dde3513f39d4 - - default default] Successfully bumped revision number for resource 3bb44d9d-7d6e-4c1d-b1b0-7677554a95ef (type: networks) to 1 [pid: 7|app: 0|req: 856/1711] 199.204.45.132 () {34 vars in 1112 bytes} [Sun Jun 14 00:08:07 2026] GET /v2.0/networks/b385fc8e-d0d7-4918-a0a9-4c7fc027285a?fields=provider%3Aphysical_network&fields=provider%3Anetwork_type => generated 79 bytes in 68 msecs (HTTP/1.1 200) 4 headers in 156 bytes (1 switches on core 0)
2026-06-14 00:08:07.375 8 INFO neutron.plugins.ml2.drivers.ovn.mech_driver.mech_driver [None req-20c25b76-1e50-442a-a681-d72212f031a7 - - - - - -] OVN reports status down for port: efa8791b-bf07-4982-a4bd-838461126999
2026-06-14 00:08:07.469 8 WARNING neutron.scheduler.dhcp_agent_scheduler [None req-fba6cd27-8815-4221-9bd2-f7768d53bd96 d42c578cf8b2402a8752080ac0adb7fe 5803246e1bd84bb78de4dde3513f39d4 - - default default] No more DHCP agents
2026-06-14 00:08:07.471 8 WARNING neutron.api.rpc.agentnotifiers.dhcp_rpc_agent_api [None req-fba6cd27-8815-4221-9bd2-f7768d53bd96 d42c578cf8b2402a8752080ac0adb7fe 5803246e1bd84bb78de4dde3513f39d4 - - default default] Unable to schedule network 3bb44d9d-7d6e-4c1d-b1b0-7677554a95ef: no agents available; will retry on subsequent port and subnet creation events.
2026-06-14 00:08:07.613 8 INFO neutron.db.ovn_revision_numbers_db [None req-fba6cd27-8815-4221-9bd2-f7768d53bd96 d42c578cf8b2402a8752080ac0adb7fe 5803246e1bd84bb78de4dde3513f39d4 - - default default] Successfully bumped revision number for resource 608d20ee-f50a-4248-9fa2-5ed0b7ffa7ea (type: ports) to 1 [pid: 8|app: 0|req: 856/1712] 10.0.0.164 () {34 vars in 670 bytes} [Sun Jun 14 00:08:06 2026] POST /v2.0/networks => generated 674 bytes in 708 msecs (HTTP/1.1 201) 4 headers in 162 bytes (1 switches on core 0)
2026-06-14 00:08:07.713 8 INFO neutron.notifiers.nova [-] Nova event matching ['req-607e6219-9891-49d2-b2e2-2106b3cfb319'] response: {'server_uuid': 'e1df0f1d-f2a7-4303-b776-35b65b9acac9', 'name': 'network-vif-unplugged', 'status': 'completed', 'tag': 'efa8791b-bf07-4982-a4bd-838461126999', 'code': 200}
2026-06-14 00:08:07.757 7 INFO neutron.db.ovn_revision_numbers_db [None req-586dc0fd-663f-4b4b-87d6-763bb67580aa d3fe4ae650574616adfd96ba66a4dbff b936b109550a4a439de25b4fe343b154 - - default default] Successfully bumped revision number for resource de8ce240-d825-415a-811c-327c816417bb (type: security_groups) to 1
2026-06-14 00:08:07.768 7 INFO neutron.db.ovn_revision_numbers_db [None req-586dc0fd-663f-4b4b-87d6-763bb67580aa d3fe4ae650574616adfd96ba66a4dbff b936b109550a4a439de25b4fe343b154 - - default default] Successfully bumped revision number for resource 22b9b660-ad17-416b-83d0-59ed716ff445 (type: security_group_rules) to 0
2026-06-14 00:08:07.790 7 INFO neutron.db.ovn_revision_numbers_db [None req-586dc0fd-663f-4b4b-87d6-763bb67580aa d3fe4ae650574616adfd96ba66a4dbff b936b109550a4a439de25b4fe343b154 - - default default] Successfully bumped revision number for resource 41c8bc63-e29f-4cbc-9437-31913c32fda0 (type: security_group_rules) to 0
2026-06-14 00:08:07.801 7 INFO neutron.db.ovn_revision_numbers_db [None req-586dc0fd-663f-4b4b-87d6-763bb67580aa d3fe4ae650574616adfd96ba66a4dbff b936b109550a4a439de25b4fe343b154 - - default default] Successfully bumped revision number for resource 619ad49b-fef3-4ea2-a100-2693c8ff17fa (type: security_group_rules) to 0
2026-06-14 00:08:07.811 7 INFO neutron.db.ovn_revision_numbers_db [None req-586dc0fd-663f-4b4b-87d6-763bb67580aa d3fe4ae650574616adfd96ba66a4dbff b936b109550a4a439de25b4fe343b154 - - default default] Successfully bumped revision number for resource 68059839-abb2-473a-9e70-189a5913d5f3 (type: security_group_rules) to 0
2026-06-14 00:08:07.846 8 INFO neutron.db.ovn_revision_numbers_db [None req-20c25b76-1e50-442a-a681-d72212f031a7 - - - - - -] Successfully bumped revision number for resource efa8791b-bf07-4982-a4bd-838461126999 (type: ports) to 6
2026-06-14 00:08:07.878 7 INFO neutron.db.segments_db [None req-586dc0fd-663f-4b4b-87d6-763bb67580aa d3fe4ae650574616adfd96ba66a4dbff b936b109550a4a439de25b4fe343b154 - - default default] Added segment 53665992-8d33-4567-93ca-5313f01b3bd2 of type geneve for network b352768f-6017-4664-8d32-f42e58fa0501
2026-06-14 00:08:07.898 8 INFO neutron.db.ovn_revision_numbers_db [None req-92a1f0ee-53d3-4453-9e74-7e314932c522 68dc97bdca0342b0a59d383f143113eb 4a6d309611b94ce6a32558cf9806832b - - default default] Successfully bumped revision number for resource 32fbca6c-d11b-4be3-9a8d-0d30f78c4b15 (type: security_groups) to 1
2026-06-14 00:08:07.926 8 INFO neutron.db.ovn_revision_numbers_db [None req-92a1f0ee-53d3-4453-9e74-7e314932c522 68dc97bdca0342b0a59d383f143113eb 4a6d309611b94ce6a32558cf9806832b - - default default] Successfully bumped revision number for resource 2c85c3ec-5208-49a5-a886-9f7f8fc54cde (type: security_group_rules) to 0
2026-06-14 00:08:07.944 8 INFO neutron.db.ovn_revision_numbers_db [None req-92a1f0ee-53d3-4453-9e74-7e314932c522 68dc97bdca0342b0a59d383f143113eb 4a6d309611b94ce6a32558cf9806832b - - default default] Successfully bumped revision number for resource 97613b04-2d18-4b0e-83de-eb89c64ad714 (type: security_group_rules) to 0 [pid: 8|app: 0|req: 857/1713] 10.0.0.164 () {34 vars in 685 bytes} [Sun Jun 14 00:08:07 2026] POST /v2.0/security-groups => generated 1659 bytes in 322 msecs (HTTP/1.1 201) 4 headers in 163 bytes (1 switches on core 0) /var/lib/openstack/lib/python3.12/site-packages/pycadf/identifier.py:70: UserWarning: Invalid uuid: neutron. To ensure interoperability, identifiers should be a valid uuid. warnings.warn(('Invalid uuid: %s. To ensure interoperability, '
2026-06-14 00:08:07.993 7 INFO neutron.db.ovn_revision_numbers_db [None req-586dc0fd-663f-4b4b-87d6-763bb67580aa d3fe4ae650574616adfd96ba66a4dbff b936b109550a4a439de25b4fe343b154 - - default default] Successfully bumped revision number for resource b352768f-6017-4664-8d32-f42e58fa0501 (type: networks) to 1
2026-06-14 00:08:08.171 8 WARNING neutron.scheduler.dhcp_agent_scheduler [None req-18b5d2be-90ed-4583-86cb-90b313124a31 d42c578cf8b2402a8752080ac0adb7fe 5803246e1bd84bb78de4dde3513f39d4 - - default default] No more DHCP agents
2026-06-14 00:08:08.172 8 WARNING neutron.api.rpc.agentnotifiers.dhcp_rpc_agent_api [None req-18b5d2be-90ed-4583-86cb-90b313124a31 d42c578cf8b2402a8752080ac0adb7fe 5803246e1bd84bb78de4dde3513f39d4 - - default default] Unable to schedule network 3bb44d9d-7d6e-4c1d-b1b0-7677554a95ef: no agents available; will retry on subsequent port and subnet creation events.
2026-06-14 00:08:08.196 7 WARNING neutron.scheduler.dhcp_agent_scheduler [None req-586dc0fd-663f-4b4b-87d6-763bb67580aa d3fe4ae650574616adfd96ba66a4dbff b936b109550a4a439de25b4fe343b154 - - default default] No more DHCP agents
2026-06-14 00:08:08.197 7 WARNING neutron.api.rpc.agentnotifiers.dhcp_rpc_agent_api [None req-586dc0fd-663f-4b4b-87d6-763bb67580aa d3fe4ae650574616adfd96ba66a4dbff b936b109550a4a439de25b4fe343b154 - - default default] Unable to schedule network b352768f-6017-4664-8d32-f42e58fa0501: no agents available; will retry on subsequent port and subnet creation events.
2026-06-14 00:08:08.201 8 INFO neutron.db.ovn_revision_numbers_db [None req-18b5d2be-90ed-4583-86cb-90b313124a31 d42c578cf8b2402a8752080ac0adb7fe 5803246e1bd84bb78de4dde3513f39d4 - - default default] Successfully bumped revision number for resource c85e7987-fec3-4237-a80e-6ba754b72d1b (type: subnets) to 0 [pid: 8|app: 0|req: 858/1714] 10.0.0.164 () {34 vars in 669 bytes} [Sun Jun 14 00:08:07 2026] POST /v2.0/subnets => generated 646 bytes in 231 msecs (HTTP/1.1 201) 4 headers in 162 bytes (1 switches on core 0)
2026-06-14 00:08:08.295 7 INFO neutron.db.ovn_revision_numbers_db [None req-586dc0fd-663f-4b4b-87d6-763bb67580aa d3fe4ae650574616adfd96ba66a4dbff b936b109550a4a439de25b4fe343b154 - - default default] Successfully bumped revision number for resource 1a81ddd2-d12d-4354-ba4b-2f9cf3b6ea96 (type: ports) to 1 [pid: 8|app: 0|req: 859/1715] 10.0.0.35 () {34 vars in 989 bytes} [Sun Jun 14 00:08:08 2026] GET /v2.0/ports?device_id=e1df0f1d-f2a7-4303-b776-35b65b9acac9 => generated 969 bytes in 89 msecs (HTTP/1.1 200) 4 headers in 157 bytes (1 switches on core 0) [pid: 7|app: 0|req: 857/1716] 10.0.0.164 () {34 vars in 671 bytes} [Sun Jun 14 00:08:07 2026] POST /v2.0/networks => generated 671 bytes in 958 msecs (HTTP/1.1 201) 4 headers in 162 bytes (1 switches on core 0)
2026-06-14 00:08:08.426 8 INFO neutron.db.ovn_revision_numbers_db [None req-4cef78b9-915a-4f41-a18a-094617326a99 68dc97bdca0342b0a59d383f143113eb 4a6d309611b94ce6a32558cf9806832b - - default default] Successfully bumped revision number for resource 1c336282-d2d8-46f4-93a4-224d73a18282 (type: security_group_rules) to 0 [pid: 8|app: 0|req: 860/1717] 10.0.0.164 () {34 vars in 695 bytes} [Sun Jun 14 00:08:08 2026] POST /v2.0/security-group-rules => generated 597 bytes in 150 msecs (HTTP/1.1 201) 4 headers in 162 bytes (1 switches on core 0) [pid: 8|app: 0|req: 861/1718] 10.0.0.35 () {34 vars in 1039 bytes} [Sun Jun 14 00:08:08 2026] GET /v2.0/security-groups?id=3c6e5ee4-d6d0-4f5b-a896-125268d42e82&fields=id&fields=name => generated 114 bytes in 26 msecs (HTTP/1.1 200) 4 headers in 157 bytes (1 switches on core 0)
2026-06-14 00:08:08.613 7 WARNING neutron.scheduler.dhcp_agent_scheduler [None req-34ec960e-3eb6-499a-af86-86fe774505ad d42c578cf8b2402a8752080ac0adb7fe 5803246e1bd84bb78de4dde3513f39d4 - - default default] No more DHCP agents
2026-06-14 00:08:08.615 7 WARNING neutron.api.rpc.agentnotifiers.dhcp_rpc_agent_api [None req-34ec960e-3eb6-499a-af86-86fe774505ad d42c578cf8b2402a8752080ac0adb7fe 5803246e1bd84bb78de4dde3513f39d4 - - default default] Unable to schedule network 3bb44d9d-7d6e-4c1d-b1b0-7677554a95ef: no agents available; will retry on subsequent port and subnet creation events.
2026-06-14 00:08:08.717 8 INFO neutron.plugins.ml2.drivers.ovn.mech_driver.mech_driver [None req-99ef2b16-4d37-4a70-b199-afafbd254e00 - - - - - -] OVN reports status down for port: bc4012f8-ea13-4368-b8bf-71a80bfa1003
2026-06-14 00:08:08.745 7 INFO neutron.db.ovn_revision_numbers_db [None req-34ec960e-3eb6-499a-af86-86fe774505ad d42c578cf8b2402a8752080ac0adb7fe 5803246e1bd84bb78de4dde3513f39d4 - - default default] Successfully bumped revision number for resource bc4012f8-ea13-4368-b8bf-71a80bfa1003 (type: ports) to 1 [pid: 7|app: 0|req: 858/1719] 10.0.0.164 () {34 vars in 665 bytes} [Sun Jun 14 00:08:08 2026] POST /v2.0/ports => generated 960 bytes in 487 msecs (HTTP/1.1 201) 4 headers in 162 bytes (1 switches on core 0) /var/lib/openstack/lib/python3.12/site-packages/pycadf/identifier.py:70: UserWarning: Invalid uuid: neutron. To ensure interoperability, identifiers should be a valid uuid. warnings.warn(('Invalid uuid: %s. To ensure interoperability, '
2026-06-14 00:08:08.941 7 INFO neutron.db.ovn_revision_numbers_db [None req-c29938ee-cc72-4f92-8a85-fb21b7fa7514 68dc97bdca0342b0a59d383f143113eb 4a6d309611b94ce6a32558cf9806832b - - default default] Successfully bumped revision number for resource ccc6bbf4-67e7-4cdb-941e-484ccb7e1f49 (type: security_group_rules) to 0
2026-06-14 00:08:08.962 8 WARNING neutron.scheduler.dhcp_agent_scheduler [None req-76e3bca3-a6a0-4aca-ab4c-16df3f2655f6 d3fe4ae650574616adfd96ba66a4dbff b936b109550a4a439de25b4fe343b154 - - default default] No more DHCP agents
2026-06-14 00:08:08.963 8 WARNING neutron.api.rpc.agentnotifiers.dhcp_rpc_agent_api [None req-76e3bca3-a6a0-4aca-ab4c-16df3f2655f6 d3fe4ae650574616adfd96ba66a4dbff b936b109550a4a439de25b4fe343b154 - - default default] Unable to schedule network eec7a1e5-07fc-4dc9-b0e0-daf1f6386d27: no agents available; will retry on subsequent port and subnet creation events. [pid: 7|app: 0|req: 859/1720] 10.0.0.164 () {34 vars in 695 bytes} [Sun Jun 14 00:08:08 2026] POST /v2.0/security-group-rules => generated 602 bytes in 165 msecs (HTTP/1.1 201) 4 headers in 162 bytes (1 switches on core 0) [pid: 7|app: 0|req: 860/1721] 199.204.45.132 () {34 vars in 994 bytes} [Sun Jun 14 00:08:08 2026] GET /v2.0/ports?device_id=e1df0f1d-f2a7-4303-b776-35b65b9acac9 => generated 969 bytes in 43 msecs (HTTP/1.1 200) 4 headers in 157 bytes (1 switches on core 0)
2026-06-14 00:08:09.126 8 INFO neutron.db.ovn_revision_numbers_db [None req-76e3bca3-a6a0-4aca-ab4c-16df3f2655f6 d3fe4ae650574616adfd96ba66a4dbff b936b109550a4a439de25b4fe343b154 - - default default] Successfully bumped revision number for resource d92e28da-d969-41a3-af89-43b5b9223724 (type: ports) to 1
2026-06-14 00:08:09.191 7 INFO neutron_taas.services.taas.taas_plugin [None req-247634bf-d3c9-48e0-a036-4664e790dac7 d42c578cf8b2402a8752080ac0adb7fe 5803246e1bd84bb78de4dde3513f39d4 - - default default] TaaS: Handle Delete Port: bc4012f8-ea13-4368-b8bf-71a80bfa1003
2026-06-14 00:08:09.196 7 INFO neutron_taas.services.taas.tap_mirror_plugin [None req-247634bf-d3c9-48e0-a036-4664e790dac7 d42c578cf8b2402a8752080ac0adb7fe 5803246e1bd84bb78de4dde3513f39d4 - - default default] Tap Mirror: Handle Delete Port: bc4012f8-ea13-4368-b8bf-71a80bfa1003 [pid: 7|app: 0|req: 861/1722] 10.0.0.164 () {32 vars in 720 bytes} [Sun Jun 14 00:08:09 2026] DELETE /v2.0/ports/bc4012f8-ea13-4368-b8bf-71a80bfa1003 => generated 0 bytes in 334 msecs (HTTP/1.1 204) 3 headers in 131 bytes (1 switches on core 0)
2026-06-14 00:08:09.597 7 WARNING neutron.scheduler.dhcp_agent_scheduler [None req-b0c2e68e-50d4-4e37-be12-07fe9f5b7e5c 68dc97bdca0342b0a59d383f143113eb 4a6d309611b94ce6a32558cf9806832b - - default default] No more DHCP agents
2026-06-14 00:08:09.599 7 WARNING neutron.api.rpc.agentnotifiers.dhcp_rpc_agent_api [None req-b0c2e68e-50d4-4e37-be12-07fe9f5b7e5c 68dc97bdca0342b0a59d383f143113eb 4a6d309611b94ce6a32558cf9806832b - - default default] Unable to schedule network eec7a1e5-07fc-4dc9-b0e0-daf1f6386d27: no agents available; will retry on subsequent port and subnet creation events.
2026-06-14 00:08:09.779 8 INFO neutron.notifiers.nova [-] Nova event matching ['req-adea1358-8df7-441f-946d-c2510f0dea63'] response: {'server_uuid': 'e1df0f1d-f2a7-4303-b776-35b65b9acac9', 'name': 'network-vif-unplugged', 'status': 'completed', 'tag': 'efa8791b-bf07-4982-a4bd-838461126999', 'code': 200}
2026-06-14 00:08:09.803 7 WARNING neutron.plugins.ml2.drivers.ovn.mech_driver.ovsdb.ovn_client [None req-6f6dc58e-2bf0-4b9f-a75d-bdde5fceeb4d - - - - - -] No hosting information found for port 57953521-a8fb-46c5-9a3e-401af355ab38: RuntimeError: No hosting information found for port 57953521-a8fb-46c5-9a3e-401af355ab38
2026-06-14 00:08:09.805 8 INFO neutron.plugins.ml2.drivers.ovn.mech_driver.ovsdb.commands [None req-9b71b806-ff45-4607-a142-df92f8644a49 - - - - - -] Schedule LRP lrp-d92e28da-d969-41a3-af89-43b5b9223724 on gateway cea8550c-c849-433e-9de1-359605f1f82f with priority 1
2026-06-14 00:08:09.901 8 INFO neutron.db.ovn_revision_numbers_db [None req-76e3bca3-a6a0-4aca-ab4c-16df3f2655f6 d3fe4ae650574616adfd96ba66a4dbff b936b109550a4a439de25b4fe343b154 - - default default] Successfully bumped revision number for resource d92e28da-d969-41a3-af89-43b5b9223724 (type: router_ports) to 1
2026-06-14 00:08:09.955 7 INFO neutron.plugins.ml2.drivers.ovn.mech_driver.ovsdb.ovsdb_monitor [None req-b93cc98b-a1a5-4177-9d9d-62e0d18f3ef3 - - - - - -] Router 7a10c8d1-2ea9-4d97-bdfc-100ce7a61b33 is bound to host instance
2026-06-14 00:08:09.969 8 INFO neutron.db.ovn_revision_numbers_db [None req-76e3bca3-a6a0-4aca-ab4c-16df3f2655f6 d3fe4ae650574616adfd96ba66a4dbff b936b109550a4a439de25b4fe343b154 - - default default] Successfully bumped revision number for resource 7a10c8d1-2ea9-4d97-bdfc-100ce7a61b33 (type: routers) to 2 [pid: 8|app: 0|req: 862/1723] 10.0.0.164 () {34 vars in 669 bytes} [Sun Jun 14 00:08:08 2026] POST /v2.0/routers => generated 955 bytes in 1517 msecs (HTTP/1.1 201) 4 headers in 162 bytes (1 switches on core 0)
2026-06-14 00:08:10.114 7 INFO neutron.db.ovn_revision_numbers_db [None req-6f6dc58e-2bf0-4b9f-a75d-bdde5fceeb4d - - - - - -] Successfully bumped revision number for resource 57953521-a8fb-46c5-9a3e-401af355ab38 (type: router_ports) to 2
2026-06-14 00:08:10.155 7 INFO neutron.plugins.ml2.drivers.ovn.mech_driver.mech_driver [None req-6f6dc58e-2bf0-4b9f-a75d-bdde5fceeb4d - - - - - -] OVN reports status down for port: 6c888198-ad6c-414e-a0dd-a2a0ad75dad9
2026-06-14 00:08:10.171 8 INFO neutron_taas.services.taas.taas_plugin [req-5d5b9173-bdc8-4913-a4c4-7ca5d32512f9 req-d3025120-3fb4-40f3-ba7d-7a85ab258be3 1978fda64564468f966e0b4c8adb1a8f 6baa5661e8b14816b51642353b774062 - - default default] TaaS: Handle Delete Port: efa8791b-bf07-4982-a4bd-838461126999
2026-06-14 00:08:10.176 8 INFO neutron_taas.services.taas.tap_mirror_plugin [req-5d5b9173-bdc8-4913-a4c4-7ca5d32512f9 req-d3025120-3fb4-40f3-ba7d-7a85ab258be3 1978fda64564468f966e0b4c8adb1a8f 6baa5661e8b14816b51642353b774062 - - default default] Tap Mirror: Handle Delete Port: efa8791b-bf07-4982-a4bd-838461126999 [pid: 7|app: 0|req: 862/1724] 10.0.0.164 () {34 vars in 676 bytes} [Sun Jun 14 00:08:09 2026] POST /v2.0/floatingips => generated 552 bytes in 905 msecs (HTTP/1.1 201) 4 headers in 162 bytes (1 switches on core 0) /var/lib/openstack/lib/python3.12/site-packages/pycadf/identifier.py:70: UserWarning: Invalid uuid: neutron. To ensure interoperability, identifiers should be a valid uuid. warnings.warn(('Invalid uuid: %s. To ensure interoperability, '
2026-06-14 00:08:10.350 7 INFO neutron.pecan_wsgi.hooks.translation [None req-4279c3fa-4825-41da-9d45-0e1b54a226fd d42c578cf8b2402a8752080ac0adb7fe 5803246e1bd84bb78de4dde3513f39d4 - - default default] DELETE failed (client error): The resource could not be found. [pid: 7|app: 0|req: 863/1725] 10.0.0.164 () {32 vars in 720 bytes} [Sun Jun 14 00:08:10 2026] DELETE /v2.0/ports/bc4012f8-ea13-4368-b8bf-71a80bfa1003 => generated 132 bytes in 102 msecs (HTTP/1.1 404) 4 headers in 164 bytes (1 switches on core 0)
2026-06-14 00:08:10.393 8 INFO neutron.db.l3_db [req-5d5b9173-bdc8-4913-a4c4-7ca5d32512f9 req-d3025120-3fb4-40f3-ba7d-7a85ab258be3 1978fda64564468f966e0b4c8adb1a8f 6baa5661e8b14816b51642353b774062 - - default default] Floating IP caf117bd-4b6a-4ddf-acd1-fe8e5b33057c disassociated. External IP: 10.96.250.208, port: efa8791b-bf07-4982-a4bd-838461126999.
2026-06-14 00:08:10.394 7 INFO neutron.plugins.ml2.drivers.ovn.mech_driver.mech_driver [None req-6f6dc58e-2bf0-4b9f-a75d-bdde5fceeb4d - - - - - -] OVN reports status down for port: 608d20ee-f50a-4248-9fa2-5ed0b7ffa7ea [pid: 7|app: 0|req: 864/1726] 10.0.0.35 () {34 vars in 989 bytes} [Sun Jun 14 00:08:10 2026] GET /v2.0/ports?device_id=e1df0f1d-f2a7-4303-b776-35b65b9acac9 => generated 969 bytes in 147 msecs (HTTP/1.1 200) 4 headers in 157 bytes (1 switches on core 0) [pid: 8|app: 0|req: 863/1727] 199.204.45.132 () {36 vars in 997 bytes} [Sun Jun 14 00:08:10 2026] DELETE /v2.0/ports/efa8791b-bf07-4982-a4bd-838461126999 => generated 0 bytes in 541 msecs (HTTP/1.1 204) 3 headers in 131 bytes (1 switches on core 0) [pid: 8|app: 0|req: 864/1728] 10.0.0.35 () {34 vars in 1099 bytes} [Sun Jun 14 00:08:10 2026] GET /v2.0/security-groups?name=tempest-secgroup-smoke-1142965815&fields=id&tenant_id=4a6d309611b94ce6a32558cf9806832b => generated 69 bytes in 30 msecs (HTTP/1.1 200) 4 headers in 156 bytes (1 switches on core 0)
2026-06-14 00:08:10.592 8 INFO neutron.pecan_wsgi.hooks.translation [None req-ad060b09-900f-4c70-b6ae-8d679ca25040 d42c578cf8b2402a8752080ac0adb7fe 5803246e1bd84bb78de4dde3513f39d4 - - default default] GET failed (client error): The resource could not be found. [pid: 8|app: 0|req: 865/1729] 10.0.0.164 () {32 vars in 717 bytes} [Sun Jun 14 00:08:10 2026] GET /v2.0/ports/bc4012f8-ea13-4368-b8bf-71a80bfa1003 => generated 132 bytes in 21 msecs (HTTP/1.1 404) 4 headers in 164 bytes (1 switches on core 0)
2026-06-14 00:08:10.609 7 INFO neutron.plugins.ml2.drivers.ovn.mech_driver.mech_driver [None req-6f6dc58e-2bf0-4b9f-a75d-bdde5fceeb4d - - - - - -] OVN reports status down for port: 1a81ddd2-d12d-4354-ba4b-2f9cf3b6ea96 [pid: 8|app: 0|req: 866/1730] 10.0.0.35 () {34 vars in 1039 bytes} [Sun Jun 14 00:08:10 2026] GET /v2.0/security-groups?id=3c6e5ee4-d6d0-4f5b-a896-125268d42e82&fields=id&fields=name => generated 114 bytes in 54 msecs (HTTP/1.1 200) 4 headers in 157 bytes (1 switches on core 0) [pid: 7|app: 0|req: 865/1731] 10.0.0.164 () {32 vars in 776 bytes} [Sun Jun 14 00:08:10 2026] GET /v2.0/subnets?project_id=b936b109550a4a439de25b4fe343b154&cidr=10.100.0.0%2F28 => generated 14 bytes in 165 msecs (HTTP/1.1 200) 4 headers in 156 bytes (1 switches on core 0) [pid: 8|app: 0|req: 867/1732] 10.0.0.35 () {34 vars in 1097 bytes} [Sun Jun 14 00:08:10 2026] GET /v2.0/security-groups?name=tempest-securitygroup--604097002&fields=id&tenant_id=4a6d309611b94ce6a32558cf9806832b => generated 69 bytes in 46 msecs (HTTP/1.1 200) 4 headers in 156 bytes (1 switches on core 0) [pid: 8|app: 0|req: 868/1733] 10.0.0.164 () {32 vars in 694 bytes} [Sun Jun 14 00:08:10 2026] GET /v2.0/networks?router%3Aexternal=True => generated 791 bytes in 56 msecs (HTTP/1.1 200) 4 headers in 157 bytes (1 switches on core 0) [pid: 8|app: 0|req: 869/1734] 10.0.0.35 () {34 vars in 981 bytes} [Sun Jun 14 00:08:10 2026] GET /v2.0/networks?id=ecede4ac-0825-4bf9-bf6a-bf56ffde8b58 => generated 711 bytes in 35 msecs (HTTP/1.1 200) 4 headers in 157 bytes (1 switches on core 0) [pid: 8|app: 0|req: 870/1735] 10.0.0.164 () {32 vars in 784 bytes} [Sun Jun 14 00:08:10 2026] GET /v2.0/subnets?network_id=eec7a1e5-07fc-4dc9-b0e0-daf1f6386d27&cidr=10.100.0.0%2F28 => generated 14 bytes in 20 msecs (HTTP/1.1 200) 4 headers in 156 bytes (1 switches on core 0) [pid: 8|app: 0|req: 871/1736] 10.0.0.35 () {34 vars in 964 bytes} [Sun Jun 14 00:08:10 2026] GET /v2.0/quotas/4a6d309611b94ce6a32558cf9806832b => generated 292 bytes in 8 msecs (HTTP/1.1 200) 4 headers in 157 bytes (1 switches on core 0)
2026-06-14 00:08:10.871 7 INFO neutron.plugins.ml2.drivers.ovn.mech_driver.mech_driver [None req-6f6dc58e-2bf0-4b9f-a75d-bdde5fceeb4d - - - - - -] OVN reports status down for port: d92e28da-d969-41a3-af89-43b5b9223724
2026-06-14 00:08:10.998 8 WARNING neutron.scheduler.dhcp_agent_scheduler [None req-bd4f7a33-ed20-4d32-b371-679cf6a4202c d3fe4ae650574616adfd96ba66a4dbff b936b109550a4a439de25b4fe343b154 - - default default] No more DHCP agents
2026-06-14 00:08:11.000 8 WARNING neutron.api.rpc.agentnotifiers.dhcp_rpc_agent_api [None req-bd4f7a33-ed20-4d32-b371-679cf6a4202c d3fe4ae650574616adfd96ba66a4dbff b936b109550a4a439de25b4fe343b154 - - default default] Unable to schedule network b352768f-6017-4664-8d32-f42e58fa0501: no agents available; will retry on subsequent port and subnet creation events.
2026-06-14 00:08:11.072 7 WARNING neutron.plugins.ml2.drivers.ovn.mech_driver.ovsdb.ovn_client [None req-6f6dc58e-2bf0-4b9f-a75d-bdde5fceeb4d - - - - - -] Logical_Switch_Port d92e28da-d969-41a3-af89-43b5b9223724 host information not removed, the port state is up
2026-06-14 00:08:11.074 7 INFO neutron.plugins.ml2.drivers.ovn.mech_driver.mech_driver [None req-6f6dc58e-2bf0-4b9f-a75d-bdde5fceeb4d - - - - - -] OVN reports status up for port: d92e28da-d969-41a3-af89-43b5b9223724
2026-06-14 00:08:11.108 7 INFO neutron.plugins.ml2.plugin [None req-6f6dc58e-2bf0-4b9f-a75d-bdde5fceeb4d - - - - - -] Attempt 1 to provision port d92e28da-d969-41a3-af89-43b5b9223724 [pid: 7|app: 0|req: 866/1737] 10.0.0.164 () {32 vars in 724 bytes} [Sun Jun 14 00:08:10 2026] DELETE /v2.0/subnets/c85e7987-fec3-4237-a80e-6ba754b72d1b => generated 0 bytes in 466 msecs (HTTP/1.1 204) 3 headers in 131 bytes (1 switches on core 0) [pid: 7|app: 0|req: 867/1738] 10.0.0.35 () {34 vars in 1001 bytes} [Sun Jun 14 00:08:11 2026] GET /v2.0/ports?tenant_id=4a6d309611b94ce6a32558cf9806832b&fields=id => generated 103 bytes in 227 msecs (HTTP/1.1 200) 4 headers in 157 bytes (1 switches on core 0) /var/lib/openstack/lib/python3.12/site-packages/pycadf/identifier.py:70: UserWarning: Invalid uuid: neutron. To ensure interoperability, identifiers should be a valid uuid. warnings.warn(('Invalid uuid: %s. To ensure interoperability, '
2026-06-14 00:08:11.485 8 INFO neutron.db.ovn_revision_numbers_db [None req-7d2e1620-dde9-485a-8221-2ab800581906 - - - - - -] Successfully bumped revision number for resource 1a81ddd2-d12d-4354-ba4b-2f9cf3b6ea96 (type: ports) to 2
2026-06-14 00:08:11.517 8 INFO neutron.db.ovn_revision_numbers_db [None req-7d2e1620-dde9-485a-8221-2ab800581906 - - - - - -] Successfully bumped revision number for resource d8b9c4ef-0ec5-4bcf-8107-11db28552d8d (type: subnets) to 0 [pid: 8|app: 0|req: 872/1739] 10.0.0.164 () {34 vars in 669 bytes} [Sun Jun 14 00:08:10 2026] POST /v2.0/subnets => generated 657 bytes in 715 msecs (HTTP/1.1 201) 4 headers in 162 bytes (1 switches on core 0) [pid: 8|app: 0|req: 873/1740] 10.0.0.35 () {34 vars in 1007 bytes} [Sun Jun 14 00:08:11 2026] GET /v2.0/networks/ecede4ac-0825-4bf9-bf6a-bf56ffde8b58?fields=segments => generated 14 bytes in 37 msecs (HTTP/1.1 200) 4 headers in 156 bytes (1 switches on core 0)
2026-06-14 00:08:11.637 7 INFO neutron_taas.services.taas.taas_plugin [None req-1d85913f-3a84-417e-b583-b922b4922ef0 d42c578cf8b2402a8752080ac0adb7fe 5803246e1bd84bb78de4dde3513f39d4 - - default default] TaaS: Handle Delete Port: 608d20ee-f50a-4248-9fa2-5ed0b7ffa7ea
2026-06-14 00:08:11.641 7 INFO neutron_taas.services.taas.tap_mirror_plugin [None req-1d85913f-3a84-417e-b583-b922b4922ef0 d42c578cf8b2402a8752080ac0adb7fe 5803246e1bd84bb78de4dde3513f39d4 - - default default] Tap Mirror: Handle Delete Port: 608d20ee-f50a-4248-9fa2-5ed0b7ffa7ea
2026-06-14 00:08:12.098 8 WARNING neutron.scheduler.dhcp_agent_scheduler [None req-928d9cba-6f40-4f06-9f68-a4a24824d3ec d3fe4ae650574616adfd96ba66a4dbff b936b109550a4a439de25b4fe343b154 - - default default] No more DHCP agents
2026-06-14 00:08:12.099 8 WARNING neutron.api.rpc.agentnotifiers.dhcp_rpc_agent_api [None req-928d9cba-6f40-4f06-9f68-a4a24824d3ec d3fe4ae650574616adfd96ba66a4dbff b936b109550a4a439de25b4fe343b154 - - default default] Unable to schedule network b352768f-6017-4664-8d32-f42e58fa0501: no agents available; will retry on subsequent port and subnet creation events.
2026-06-14 00:08:12.245 8 INFO neutron.db.ovn_revision_numbers_db [None req-928d9cba-6f40-4f06-9f68-a4a24824d3ec d3fe4ae650574616adfd96ba66a4dbff b936b109550a4a439de25b4fe343b154 - - default default] Successfully bumped revision number for resource 18f40887-fa06-44db-91b6-37047b9b3ccd (type: ports) to 1
2026-06-14 00:08:12.576 7 INFO neutron.plugins.ml2.drivers.ovn.mech_driver.mech_driver [None req-6f6dc58e-2bf0-4b9f-a75d-bdde5fceeb4d - - - - - -] OVN reports status down for port: 18f40887-fa06-44db-91b6-37047b9b3ccd
2026-06-14 00:08:12.853 7 INFO neutron.services.segments.plugin [-] Segment 53bc7470-4efc-403a-a595-f4b92e49459d resource provider aggregate not found
2026-06-14 00:08:12.860 7 INFO neutron.services.segments.plugin [-] Segment 53bc7470-4efc-403a-a595-f4b92e49459d resource provider aggregate not found
2026-06-14 00:08:12.877 7 INFO neutron.services.segments.plugin [-] Segment 53bc7470-4efc-403a-a595-f4b92e49459d resource provider not found; error: Placement Client Error (4xx): {"errors": [{"status": 404, "title": "Not Found", "detail": "The resource could not be found.\n\n No resource provider with uuid 53bc7470-4efc-403a-a595-f4b92e49459d found for delete ", "request_id": "req-21f729e2-175e-4194-bef4-023cb3a29d6e"}]}
2026-06-14 00:08:12.879 7 INFO neutron.services.segments.plugin [-] Segment 53bc7470-4efc-403a-a595-f4b92e49459d resource provider not found; error: Placement Client Error (4xx): {"errors": [{"status": 404, "title": "Not Found", "detail": "The resource could not be found.\n\n No resource provider with uuid 53bc7470-4efc-403a-a595-f4b92e49459d found for delete ", "request_id": "req-5cec9bbf-416c-4702-a621-6d17eb081378"}]}
2026-06-14 00:08:12.921 7 INFO neutron.plugins.ml2.drivers.ovn.mech_driver.mech_driver [None req-6f6dc58e-2bf0-4b9f-a75d-bdde5fceeb4d - - - - - -] OVN reports status up for port: 18f40887-fa06-44db-91b6-37047b9b3ccd
2026-06-14 00:08:12.950 7 INFO neutron.plugins.ml2.plugin [None req-6f6dc58e-2bf0-4b9f-a75d-bdde5fceeb4d - - - - - -] Attempt 1 to provision port 18f40887-fa06-44db-91b6-37047b9b3ccd
2026-06-14 00:08:12.979 8 WARNING neutron.scheduler.dhcp_agent_scheduler [None req-928d9cba-6f40-4f06-9f68-a4a24824d3ec d3fe4ae650574616adfd96ba66a4dbff b936b109550a4a439de25b4fe343b154 - - default default] No more DHCP agents
2026-06-14 00:08:12.980 8 WARNING neutron.api.rpc.agentnotifiers.dhcp_rpc_agent_api [None req-928d9cba-6f40-4f06-9f68-a4a24824d3ec d3fe4ae650574616adfd96ba66a4dbff b936b109550a4a439de25b4fe343b154 - - default default] Unable to schedule network b352768f-6017-4664-8d32-f42e58fa0501: no agents available; will retry on subsequent port and subnet creation events. [pid: 7|app: 0|req: 868/1741] 10.0.0.164 () {32 vars in 726 bytes} [Sun Jun 14 00:08:11 2026] DELETE /v2.0/networks/3bb44d9d-7d6e-4c1d-b1b0-7677554a95ef => generated 0 bytes in 1643 msecs (HTTP/1.1 204) 3 headers in 131 bytes (1 switches on core 0)
2026-06-14 00:08:13.074 7 INFO neutron.db.ovn_revision_numbers_db [None req-5396ff13-ee70-44e8-b7cd-6e679ed2c206 - - - - - -] Successfully bumped revision number for resource d92e28da-d969-41a3-af89-43b5b9223724 (type: ports) to 4 [pid: 7|app: 0|req: 869/1742] 10.0.0.35 () {34 vars in 1107 bytes} [Sun Jun 14 00:08:13 2026] GET /v2.0/networks/ecede4ac-0825-4bf9-bf6a-bf56ffde8b58?fields=provider%3Aphysical_network&fields=provider%3Anetwork_type => generated 79 bytes in 159 msecs (HTTP/1.1 200) 4 headers in 156 bytes (1 switches on core 0) [pid: 7|app: 0|req: 870/1743] 10.0.0.35 () {34 vars in 989 bytes} [Sun Jun 14 00:08:13 2026] GET /v2.0/ports?device_id=e1df0f1d-f2a7-4303-b776-35b65b9acac9 => generated 12 bytes in 63 msecs (HTTP/1.1 200) 4 headers in 156 bytes (1 switches on core 0)
2026-06-14 00:08:13.271 8 INFO neutron.notifiers.nova [-] Nova event matching ['req-0fb77a9f-e13a-48d6-8392-0677c54d46c1'] response: {'server_uuid': 'e1df0f1d-f2a7-4303-b776-35b65b9acac9', 'name': 'network-vif-deleted', 'tag': 'efa8791b-bf07-4982-a4bd-838461126999', 'status': 'completed', 'code': 200}
2026-06-14 00:08:13.419 8 INFO neutron.db.ovn_revision_numbers_db [None req-928d9cba-6f40-4f06-9f68-a4a24824d3ec d3fe4ae650574616adfd96ba66a4dbff b936b109550a4a439de25b4fe343b154 - - default default] Successfully bumped revision number for resource 18f40887-fa06-44db-91b6-37047b9b3ccd (type: router_ports) to 1 [pid: 8|app: 0|req: 874/1744] 10.0.0.164 () {34 vars in 783 bytes} [Sun Jun 14 00:08:11 2026] PUT /v2.0/routers/7a10c8d1-2ea9-4d97-bdfc-100ce7a61b33/add_router_interface => generated 309 bytes in 1856 msecs (HTTP/1.1 200) 4 headers in 157 bytes (1 switches on core 0) [pid: 8|app: 0|req: 875/1745] 10.0.0.35 () {34 vars in 989 bytes} [Sun Jun 14 00:08:13 2026] GET /v2.0/ports?device_id=37fd8c82-0c5e-4114-a0b5-92cdb8ce39bc => generated 12 bytes in 16 msecs (HTTP/1.1 200) 4 headers in 156 bytes (1 switches on core 0)
2026-06-14 00:08:13.477 7 INFO neutron.db.segments_db [None req-a118cc1d-e288-46a3-b440-f48672d0e84d d42c578cf8b2402a8752080ac0adb7fe 5803246e1bd84bb78de4dde3513f39d4 - - default default] Added segment e19e5622-56a2-40c5-8712-7b40a7b77807 of type geneve for network fc4e0b5c-8289-4347-8e5a-dc2d3c15478f [pid: 8|app: 0|req: 876/1746] 10.0.0.164 () {32 vars in 649 bytes} [Sun Jun 14 00:08:13 2026] GET /v2.0/networks => generated 6215 bytes in 63 msecs (HTTP/1.1 200) 4 headers in 158 bytes (1 switches on core 0) [pid: 8|app: 0|req: 877/1747] 10.0.0.164 () {32 vars in 647 bytes} [Sun Jun 14 00:08:13 2026] GET /v2.0/subnets => generated 4003 bytes in 37 msecs (HTTP/1.1 200) 4 headers in 158 bytes (1 switches on core 0) [pid: 8|app: 0|req: 878/1748] 10.0.0.164 () {32 vars in 647 bytes} [Sun Jun 14 00:08:13 2026] GET /v2.0/routers => generated 3858 bytes in 70 msecs (HTTP/1.1 200) 4 headers in 158 bytes (1 switches on core 0)
2026-06-14 00:08:13.822 8 INFO neutron.db.ovn_revision_numbers_db [None req-40f6c8d3-9919-4b56-b0ce-5322305b08b6 d3fe4ae650574616adfd96ba66a4dbff b936b109550a4a439de25b4fe343b154 - - default default] Successfully bumped revision number for resource 009e99e4-6653-493c-ac96-6f03c9f2714e (type: security_groups) to 1
2026-06-14 00:08:13.832 7 INFO neutron.db.ovn_revision_numbers_db [None req-a118cc1d-e288-46a3-b440-f48672d0e84d d42c578cf8b2402a8752080ac0adb7fe 5803246e1bd84bb78de4dde3513f39d4 - - default default] Successfully bumped revision number for resource fc4e0b5c-8289-4347-8e5a-dc2d3c15478f (type: networks) to 1
2026-06-14 00:08:13.834 8 INFO neutron.db.ovn_revision_numbers_db [None req-40f6c8d3-9919-4b56-b0ce-5322305b08b6 d3fe4ae650574616adfd96ba66a4dbff b936b109550a4a439de25b4fe343b154 - - default default] Successfully bumped revision number for resource 05cbd1fb-0253-44ce-ab30-4b7c8747ea89 (type: security_group_rules) to 0
