2026-06-14 00:05:52.360 8 INFO neutron.api.v2.resource [req-b0d92f09-6e35-4352-a598-7eb8d78c070a req-7d74bd6b-c025-4f45-b7ed-0bb46d39806d 442960cc52d14b2a80f1d4133323377d c6c01bfdbe024fa6b837a9691d77e048 - - default default] show failed (client error): The resource could not be found. [pid: 8|app: 0|req: 380/812] 10.0.0.35 () {34 vars in 990 bytes} [Sun Jun 14 00:05:52 2026] GET /v2.0/security-groups/e34c21fe-80e9-4123-b28b-e04801b9f1fe => generated 146 bytes in 20 msecs (HTTP/1.1 404) 4 headers in 164 bytes (1 switches on core 0)
2026-06-14 00:05:52.392 8 INFO neutron.api.v2.resource [req-389d3ede-4849-486f-b863-689fc6692900 req-3dc4d511-3156-4e42-9a90-2c069f485be7 442960cc52d14b2a80f1d4133323377d c6c01bfdbe024fa6b837a9691d77e048 - - default default] show failed (client error): The resource could not be found. [pid: 8|app: 0|req: 381/813] 10.0.0.35 () {34 vars in 990 bytes} [Sun Jun 14 00:05:52 2026] GET /v2.0/security-groups/645c3265-195d-48cc-94e9-877ec7a09a50 => generated 146 bytes in 14 msecs (HTTP/1.1 404) 4 headers in 164 bytes (1 switches on core 0)
2026-06-14 00:05:52.474 7 INFO neutron_taas.services.taas.taas_plugin [None req-1ec52c84-4b3a-41a8-ada8-ba394c75c0da d22ad37931c040009128ef83bb630945 d062fce849c1497689e158c6b6da4ca1 - - default default] TaaS: Handle Delete Port: 6be736be-a76a-4e4e-b5ea-a451e038034f
2026-06-14 00:05:52.479 7 INFO neutron_taas.services.taas.tap_mirror_plugin [None req-1ec52c84-4b3a-41a8-ada8-ba394c75c0da d22ad37931c040009128ef83bb630945 d062fce849c1497689e158c6b6da4ca1 - - default default] Tap Mirror: Handle Delete Port: 6be736be-a76a-4e4e-b5ea-a451e038034f
2026-06-14 00:05:52.819 8 INFO neutron_taas.services.taas.taas_plugin [None req-7b03dbd9-96ff-4128-90f1-4e64681a52ea d22ad37931c040009128ef83bb630945 d062fce849c1497689e158c6b6da4ca1 - - default default] TaaS: Handle Delete Port: e718b69d-4843-4537-a564-69dbdccda33d
2026-06-14 00:05:52.826 8 INFO neutron_taas.services.taas.tap_mirror_plugin [None req-7b03dbd9-96ff-4128-90f1-4e64681a52ea d22ad37931c040009128ef83bb630945 d062fce849c1497689e158c6b6da4ca1 - - default default] Tap Mirror: Handle Delete Port: e718b69d-4843-4537-a564-69dbdccda33d [pid: 7|app: 0|req: 433/814] 10.0.0.164 () {32 vars in 724 bytes} [Sun Jun 14 00:05:52 2026] DELETE /v2.0/routers/e193b714-a8d5-43ad-b30d-3c322f001a4c => generated 0 bytes in 772 msecs (HTTP/1.1 204) 2 headers in 112 bytes (1 switches on core 0)
2026-06-14 00:05:53.251 7 INFO neutron.db.ovn_revision_numbers_db [None req-7187ff2c-c429-4d01-b73b-a0de4db01c51 22e860580d7b4c1b8e051318b3ce4391 e385a760ee0a4597ac9e820c440011e0 - - default default] Successfully bumped revision number for resource 9c9ee9f4-1720-40a8-9a5c-c9b0b3e98f8c (type: security_groups) to 1
2026-06-14 00:05:53.263 7 INFO neutron.db.ovn_revision_numbers_db [None req-7187ff2c-c429-4d01-b73b-a0de4db01c51 22e860580d7b4c1b8e051318b3ce4391 e385a760ee0a4597ac9e820c440011e0 - - default default] Successfully bumped revision number for resource 53078f78-7c80-427e-826f-21c73ae44ade (type: security_group_rules) to 0
2026-06-14 00:05:53.276 7 INFO neutron.db.ovn_revision_numbers_db [None req-7187ff2c-c429-4d01-b73b-a0de4db01c51 22e860580d7b4c1b8e051318b3ce4391 e385a760ee0a4597ac9e820c440011e0 - - default default] Successfully bumped revision number for resource 6b83611b-b01c-4b15-aa8a-0b2a6835c12f (type: security_group_rules) to 0
2026-06-14 00:05:53.291 7 INFO neutron.db.ovn_revision_numbers_db [None req-7187ff2c-c429-4d01-b73b-a0de4db01c51 22e860580d7b4c1b8e051318b3ce4391 e385a760ee0a4597ac9e820c440011e0 - - default default] Successfully bumped revision number for resource cc2805eb-4338-4096-8729-cc89320d1b82 (type: security_group_rules) to 0
2026-06-14 00:05:53.302 7 INFO neutron.db.ovn_revision_numbers_db [None req-7187ff2c-c429-4d01-b73b-a0de4db01c51 22e860580d7b4c1b8e051318b3ce4391 e385a760ee0a4597ac9e820c440011e0 - - default default] Successfully bumped revision number for resource cd5e475b-acc6-4b65-89dc-32104facc673 (type: security_group_rules) to 0
2026-06-14 00:05:53.391 7 INFO neutron.db.segments_db [None req-7187ff2c-c429-4d01-b73b-a0de4db01c51 22e860580d7b4c1b8e051318b3ce4391 e385a760ee0a4597ac9e820c440011e0 - - default default] Added segment 7598f4e2-f8e8-4ed9-ad81-b1e911d7332e of type geneve for network 0d544a8f-ce60-47f7-9a32-751d32f195b9
2026-06-14 00:05:53.489 7 INFO neutron.db.segments_db [None req-7187ff2c-c429-4d01-b73b-a0de4db01c51 22e860580d7b4c1b8e051318b3ce4391 e385a760ee0a4597ac9e820c440011e0 - - default default] Added segment f26fa2fd-20d0-481b-bf3d-957633e2818f of type geneve for network 17c88564-b25b-4de9-a353-ca44ff316847
2026-06-14 00:05:53.619 7 INFO neutron.db.ovn_revision_numbers_db [None req-7187ff2c-c429-4d01-b73b-a0de4db01c51 22e860580d7b4c1b8e051318b3ce4391 e385a760ee0a4597ac9e820c440011e0 - - default default] Successfully bumped revision number for resource 0d544a8f-ce60-47f7-9a32-751d32f195b9 (type: networks) to 1
2026-06-14 00:05:53.857 7 WARNING neutron.scheduler.dhcp_agent_scheduler [None req-7187ff2c-c429-4d01-b73b-a0de4db01c51 22e860580d7b4c1b8e051318b3ce4391 e385a760ee0a4597ac9e820c440011e0 - - default default] No more DHCP agents
2026-06-14 00:05:53.859 7 WARNING neutron.api.rpc.agentnotifiers.dhcp_rpc_agent_api [None req-7187ff2c-c429-4d01-b73b-a0de4db01c51 22e860580d7b4c1b8e051318b3ce4391 e385a760ee0a4597ac9e820c440011e0 - - default default] Unable to schedule network 0d544a8f-ce60-47f7-9a32-751d32f195b9: no agents available; will retry on subsequent port and subnet creation events.
2026-06-14 00:05:53.947 7 INFO neutron.db.ovn_revision_numbers_db [None req-7187ff2c-c429-4d01-b73b-a0de4db01c51 22e860580d7b4c1b8e051318b3ce4391 e385a760ee0a4597ac9e820c440011e0 - - default default] Successfully bumped revision number for resource 1234f4a9-dfe5-497f-a6e5-f15035884625 (type: ports) to 1 [pid: 8|app: 0|req: 382/815] 10.0.0.164 () {34 vars in 789 bytes} [Sun Jun 14 00:05:52 2026] PUT /v2.0/routers/cd8b8831-cc8e-4447-919e-68c366f5c933/remove_router_interface => generated 309 bytes in 1606 msecs (HTTP/1.1 200) 4 headers in 157 bytes (1 switches on core 0) /var/lib/openstack/lib/python3.12/site-packages/pycadf/identifier.py:70: UserWarning: Invalid uuid: neutron. To ensure interoperability, identifiers should be a valid uuid. warnings.warn(('Invalid uuid: %s. To ensure interoperability, '
2026-06-14 00:05:54.037 7 INFO neutron.db.ovn_revision_numbers_db [None req-7187ff2c-c429-4d01-b73b-a0de4db01c51 22e860580d7b4c1b8e051318b3ce4391 e385a760ee0a4597ac9e820c440011e0 - - default default] Successfully bumped revision number for resource 17c88564-b25b-4de9-a353-ca44ff316847 (type: networks) to 1
2026-06-14 00:05:54.214 7 WARNING neutron.scheduler.dhcp_agent_scheduler [None req-7187ff2c-c429-4d01-b73b-a0de4db01c51 22e860580d7b4c1b8e051318b3ce4391 e385a760ee0a4597ac9e820c440011e0 - - default default] No more DHCP agents
2026-06-14 00:05:54.216 7 WARNING neutron.api.rpc.agentnotifiers.dhcp_rpc_agent_api [None req-7187ff2c-c429-4d01-b73b-a0de4db01c51 22e860580d7b4c1b8e051318b3ce4391 e385a760ee0a4597ac9e820c440011e0 - - default default] Unable to schedule network 17c88564-b25b-4de9-a353-ca44ff316847: no agents available; will retry on subsequent port and subnet creation events. [pid: 8|app: 0|req: 383/816] 10.0.0.164 () {32 vars in 724 bytes} [Sun Jun 14 00:05:54 2026] DELETE /v2.0/subnets/8a61eeb4-f448-41b3-92d4-9d09f4ca432d => generated 0 bytes in 261 msecs (HTTP/1.1 204) 3 headers in 131 bytes (1 switches on core 0) [pid: 8|app: 0|req: 384/817] 10.0.0.35 () {34 vars in 989 bytes} [Sun Jun 14 00:05:54 2026] GET /v2.0/ports?device_id=7a82be65-2a49-4263-8ca7-b292cec8bf8a => generated 12 bytes in 27 msecs (HTTP/1.1 200) 4 headers in 156 bytes (1 switches on core 0)
2026-06-14 00:05:54.307 7 INFO neutron.db.ovn_revision_numbers_db [None req-7187ff2c-c429-4d01-b73b-a0de4db01c51 22e860580d7b4c1b8e051318b3ce4391 e385a760ee0a4597ac9e820c440011e0 - - default default] Successfully bumped revision number for resource 8a61f3e9-0b8a-4895-9f57-f53ad54e5e3b (type: ports) to 1 [pid: 7|app: 0|req: 434/818] 10.0.0.164 () {34 vars in 670 bytes} [Sun Jun 14 00:05:52 2026] POST /v2.0/networks => generated 1321 bytes in 1412 msecs (HTTP/1.1 201) 4 headers in 163 bytes (1 switches on core 0)
2026-06-14 00:05:54.444 7 INFO neutron_taas.services.taas.taas_plugin [None req-1250ed4b-e6ab-4f5c-a799-bc5f0bfde1f2 d22ad37931c040009128ef83bb630945 d062fce849c1497689e158c6b6da4ca1 - - default default] TaaS: Handle Delete Port: 0eb02a0f-8a0c-4ce2-bd03-b5fa49b11d10
2026-06-14 00:05:54.446 7 INFO neutron_taas.services.taas.tap_mirror_plugin [None req-1250ed4b-e6ab-4f5c-a799-bc5f0bfde1f2 d22ad37931c040009128ef83bb630945 d062fce849c1497689e158c6b6da4ca1 - - default default] Tap Mirror: Handle Delete Port: 0eb02a0f-8a0c-4ce2-bd03-b5fa49b11d10
2026-06-14 00:05:54.665 8 INFO neutron_taas.services.taas.taas_plugin [None req-082cf316-a462-4c02-8ac8-919eaf88c6ff d22ad37931c040009128ef83bb630945 d062fce849c1497689e158c6b6da4ca1 - - default default] TaaS: Handle Delete Port: 348e9868-6b15-4250-9737-cdabae830fb5
2026-06-14 00:05:54.669 8 INFO neutron_taas.services.taas.tap_mirror_plugin [None req-082cf316-a462-4c02-8ac8-919eaf88c6ff d22ad37931c040009128ef83bb630945 d062fce849c1497689e158c6b6da4ca1 - - default default] Tap Mirror: Handle Delete Port: 348e9868-6b15-4250-9737-cdabae830fb5 [pid: 7|app: 0|req: 435/819] 10.0.0.164 () {32 vars in 726 bytes} [Sun Jun 14 00:05:54 2026] DELETE /v2.0/networks/97a45d00-249a-4f21-bfe0-0f35f5124da0 => generated 0 bytes in 373 msecs (HTTP/1.1 204) 3 headers in 131 bytes (1 switches on core 0) [pid: 7|app: 0|req: 436/820] 10.0.0.164 () {32 vars in 649 bytes} [Sun Jun 14 00:05:54 2026] GET /v2.0/networks => generated 1970 bytes in 64 msecs (HTTP/1.1 200) 4 headers in 158 bytes (1 switches on core 0) [pid: 7|app: 0|req: 437/821] 199.204.45.132 () {34 vars in 986 bytes} [Sun Jun 14 00:05:54 2026] GET /v2.0/networks?id=bc260153-b338-4356-be81-59f67db4ca15 => generated 721 bytes in 96 msecs (HTTP/1.1 200) 4 headers in 157 bytes (1 switches on core 0)
2026-06-14 00:05:54.970 7 INFO neutron_taas.services.taas.taas_plugin [None req-01561836-9b6b-44e8-ad94-dba61a9e1f6f 22e860580d7b4c1b8e051318b3ce4391 e385a760ee0a4597ac9e820c440011e0 - - default default] TaaS: Handle Delete Port: 1234f4a9-dfe5-497f-a6e5-f15035884625
2026-06-14 00:05:54.974 7 INFO neutron_taas.services.taas.tap_mirror_plugin [None req-01561836-9b6b-44e8-ad94-dba61a9e1f6f 22e860580d7b4c1b8e051318b3ce4391 e385a760ee0a4597ac9e820c440011e0 - - default default] Tap Mirror: Handle Delete Port: 1234f4a9-dfe5-497f-a6e5-f15035884625 [pid: 8|app: 0|req: 385/822] 10.0.0.164 () {32 vars in 724 bytes} [Sun Jun 14 00:05:54 2026] DELETE /v2.0/routers/cd8b8831-cc8e-4447-919e-68c366f5c933 => generated 0 bytes in 755 msecs (HTTP/1.1 204) 2 headers in 112 bytes (1 switches on core 0) [pid: 8|app: 0|req: 386/823] 199.204.45.132 () {34 vars in 911 bytes} [Sun Jun 14 00:05:55 2026] GET /v2.0/extensions => generated 20541 bytes in 6 msecs (HTTP/1.1 200) 4 headers in 159 bytes (1 switches on core 0) [pid: 8|app: 0|req: 387/824] 10.0.0.164 () {32 vars in 774 bytes} [Sun Jun 14 00:05:55 2026] GET /v2.0/security-groups?tenant_id=d735452c1cfa4e7d9343f48f3537e401&name=default => generated 2921 bytes in 33 msecs (HTTP/1.1 200) 4 headers in 158 bytes (1 switches on core 0)
2026-06-14 00:05:55.197 7 INFO neutron.services.segments.plugin [-] Segment 06622ea4-bd97-42da-ba10-b527223cc3b0 resource provider aggregate not found
2026-06-14 00:05:55.223 7 INFO neutron.services.segments.plugin [-] Segment 06622ea4-bd97-42da-ba10-b527223cc3b0 resource provider not found; error: Placement Client Error (4xx): {"errors": [{"status": 404, "title": "Not Found", "detail": "The resource could not be found.\n\n No resource provider with uuid 06622ea4-bd97-42da-ba10-b527223cc3b0 found for delete ", "request_id": "req-17593aa8-3551-44ce-8f0c-fca517585bca"}]}
2026-06-14 00:05:55.227 7 INFO neutron.services.segments.plugin [-] Segment 06622ea4-bd97-42da-ba10-b527223cc3b0 resource provider aggregate not found
2026-06-14 00:05:55.244 7 INFO neutron.services.segments.plugin [-] Segment 06622ea4-bd97-42da-ba10-b527223cc3b0 resource provider not found; error: Placement Client Error (4xx): {"errors": [{"status": 404, "title": "Not Found", "detail": "The resource could not be found.\n\n No resource provider with uuid 06622ea4-bd97-42da-ba10-b527223cc3b0 found for delete ", "request_id": "req-123570e6-15e4-45c4-aba2-9fdaaa27d9ab"}]} [pid: 7|app: 0|req: 438/825] 10.0.0.164 () {32 vars in 726 bytes} [Sun Jun 14 00:05:54 2026] DELETE /v2.0/networks/0d544a8f-ce60-47f7-9a32-751d32f195b9 => generated 0 bytes in 402 msecs (HTTP/1.1 204) 3 headers in 131 bytes (1 switches on core 0) [pid: 8|app: 0|req: 388/826] 10.0.0.164 () {32 vars in 724 bytes} [Sun Jun 14 00:05:55 2026] DELETE /v2.0/subnets/5706112e-4beb-4c59-9bc4-a59c54d86a6b => generated 0 bytes in 186 msecs (HTTP/1.1 204) 3 headers in 131 bytes (1 switches on core 0) [pid: 7|app: 0|req: 439/827] 199.204.45.132 () {34 vars in 1050 bytes} [Sun Jun 14 00:05:55 2026] GET /v2.0/security-groups?fields=id&fields=name&tenant_id=687425220ac144c7bcd058725be2b6e2 => generated 180 bytes in 44 msecs (HTTP/1.1 200) 4 headers in 157 bytes (1 switches on core 0)
2026-06-14 00:05:55.423 7 INFO neutron_taas.services.taas.taas_plugin [None req-fb165a7a-bb80-486a-88f8-df517a17aaa8 22e860580d7b4c1b8e051318b3ce4391 e385a760ee0a4597ac9e820c440011e0 - - default default] TaaS: Handle Delete Port: 8a61f3e9-0b8a-4895-9f57-f53ad54e5e3b
2026-06-14 00:05:55.426 7 INFO neutron_taas.services.taas.tap_mirror_plugin [None req-fb165a7a-bb80-486a-88f8-df517a17aaa8 22e860580d7b4c1b8e051318b3ce4391 e385a760ee0a4597ac9e820c440011e0 - - default default] Tap Mirror: Handle Delete Port: 8a61f3e9-0b8a-4895-9f57-f53ad54e5e3b [pid: 8|app: 0|req: 389/828] 10.0.0.164 () {32 vars in 740 bytes} [Sun Jun 14 00:05:55 2026] DELETE /v2.0/security-groups/55093f04-dcfa-4230-9748-cd4a64273ee3 => generated 0 bytes in 226 msecs (HTTP/1.1 204) 2 headers in 112 bytes (1 switches on core 0)
2026-06-14 00:05:55.636 8 INFO neutron_taas.services.taas.taas_plugin [None req-ed46f528-c9f8-4ed3-aa26-902b2daebd2b d22ad37931c040009128ef83bb630945 d062fce849c1497689e158c6b6da4ca1 - - default default] TaaS: Handle Delete Port: 59d53f24-be4a-45a7-b48e-c7ee2c4adbae
2026-06-14 00:05:55.639 8 INFO neutron_taas.services.taas.tap_mirror_plugin [None req-ed46f528-c9f8-4ed3-aa26-902b2daebd2b d22ad37931c040009128ef83bb630945 d062fce849c1497689e158c6b6da4ca1 - - default default] Tap Mirror: Handle Delete Port: 59d53f24-be4a-45a7-b48e-c7ee2c4adbae [pid: 7|app: 0|req: 440/829] 10.0.0.164 () {32 vars in 726 bytes} [Sun Jun 14 00:05:55 2026] DELETE /v2.0/networks/17c88564-b25b-4de9-a353-ca44ff316847 => generated 0 bytes in 333 msecs (HTTP/1.1 204) 3 headers in 131 bytes (1 switches on core 0)
2026-06-14 00:05:55.922 7 WARNING neutron.plugins.ml2.drivers.ovn.mech_driver.ovsdb.ovn_client [None req-5a208fe7-3e08-4a3c-a392-8377e34b0356 - - - - - -] No port found with ID e15a7845-67fd-4a62-8ff9-39aa26b0bb27: RuntimeError: No port found with ID e15a7845-67fd-4a62-8ff9-39aa26b0bb27 [pid: 8|app: 0|req: 390/830] 10.0.0.164 () {32 vars in 726 bytes} [Sun Jun 14 00:05:55 2026] DELETE /v2.0/networks/a0b0aada-eed3-4378-843d-1ce8e6d78d0b => generated 0 bytes in 445 msecs (HTTP/1.1 204) 3 headers in 131 bytes (1 switches on core 0)
2026-06-14 00:05:56.024 7 WARNING neutron.scheduler.dhcp_agent_scheduler [req-657a4767-a1a3-4de8-91d6-0eef04539830 req-a16309d8-3380-4fb7-9211-a1e0d02e4dc7 0229e14ed98a436d9b56e98880367d1b 687425220ac144c7bcd058725be2b6e2 - - default default] No more DHCP agents
2026-06-14 00:05:56.025 7 WARNING neutron.api.rpc.agentnotifiers.dhcp_rpc_agent_api [req-657a4767-a1a3-4de8-91d6-0eef04539830 req-a16309d8-3380-4fb7-9211-a1e0d02e4dc7 0229e14ed98a436d9b56e98880367d1b 687425220ac144c7bcd058725be2b6e2 - - default default] Unable to schedule network bc260153-b338-4356-be81-59f67db4ca15: no agents available; will retry on subsequent port and subnet creation events. [pid: 8|app: 0|req: 391/831] 10.0.0.35 () {34 vars in 989 bytes} [Sun Jun 14 00:05:55 2026] GET /v2.0/ports?device_id=7a82be65-2a49-4263-8ca7-b292cec8bf8a => generated 957 bytes in 97 msecs (HTTP/1.1 200) 4 headers in 157 bytes (1 switches on core 0) [pid: 8|app: 0|req: 392/832] 10.0.0.164 () {32 vars in 649 bytes} [Sun Jun 14 00:05:56 2026] GET /v2.0/networks => generated 689 bytes in 77 msecs (HTTP/1.1 200) 4 headers in 157 bytes (1 switches on core 0)
2026-06-14 00:05:56.171 7 INFO neutron.db.ovn_revision_numbers_db [None req-5a208fe7-3e08-4a3c-a392-8377e34b0356 - - - - - -] Successfully bumped revision number for resource a67dea03-6ddb-4640-8346-7151b546d76c (type: router_ports) to 2
2026-06-14 00:05:56.172 7 INFO neutron.plugins.ml2.drivers.ovn.mech_driver.mech_driver [None req-5a208fe7-3e08-4a3c-a392-8377e34b0356 - - - - - -] OVN reports status down for port: 348e9868-6b15-4250-9737-cdabae830fb5 [pid: 8|app: 0|req: 393/833] 10.0.0.35 () {34 vars in 1039 bytes} [Sun Jun 14 00:05:56 2026] GET /v2.0/security-groups?id=7f063470-f8af-48d0-b44a-b80ca19a6206&fields=id&fields=name => generated 113 bytes in 62 msecs (HTTP/1.1 200) 4 headers in 157 bytes (1 switches on core 0)
2026-06-14 00:05:56.193 7 INFO neutron.plugins.ml2.drivers.ovn.mech_driver.mech_driver [None req-5a208fe7-3e08-4a3c-a392-8377e34b0356 - - - - - -] OVN reports status up for port: 348e9868-6b15-4250-9737-cdabae830fb5 [pid: 8|app: 0|req: 394/834] 10.0.0.164 () {32 vars in 774 bytes} [Sun Jun 14 00:05:56 2026] GET /v2.0/security-groups?tenant_id=c6c01bfdbe024fa6b837a9691d77e048&name=default => generated 2921 bytes in 63 msecs (HTTP/1.1 200) 4 headers in 158 bytes (1 switches on core 0)
2026-06-14 00:05:56.262 7 INFO neutron.plugins.ml2.drivers.ovn.mech_driver.mech_driver [None req-5a208fe7-3e08-4a3c-a392-8377e34b0356 - - - - - -] OVN reports status down for port: e718b69d-4843-4537-a564-69dbdccda33d
2026-06-14 00:05:56.281 7 INFO neutron.db.ovn_revision_numbers_db [req-657a4767-a1a3-4de8-91d6-0eef04539830 req-a16309d8-3380-4fb7-9211-a1e0d02e4dc7 0229e14ed98a436d9b56e98880367d1b 687425220ac144c7bcd058725be2b6e2 - - default default] Successfully bumped revision number for resource 362d052c-f116-4200-b810-49202edfc425 (type: ports) to 1
2026-06-14 00:05:56.289 7 INFO neutron.plugins.ml2.drivers.ovn.mech_driver.mech_driver [None req-5a208fe7-3e08-4a3c-a392-8377e34b0356 - - - - - -] OVN reports status up for port: e718b69d-4843-4537-a564-69dbdccda33d
2026-06-14 00:05:56.353 7 INFO neutron.plugins.ml2.drivers.ovn.mech_driver.mech_driver [None req-5a208fe7-3e08-4a3c-a392-8377e34b0356 - - - - - -] OVN reports status down for port: 1234f4a9-dfe5-497f-a6e5-f15035884625
2026-06-14 00:05:56.374 8 INFO neutron.db.segments_db [None req-139ce632-a755-4eec-9b5a-98b14fd3f52c 22e860580d7b4c1b8e051318b3ce4391 e385a760ee0a4597ac9e820c440011e0 - - default default] Added segment 606094f3-5693-46f5-b0c7-769d708f035f of type geneve for network 8a5a37c1-ecb1-437f-a0f1-bdcc59e29df6
2026-06-14 00:05:56.384 7 INFO neutron.plugins.ml2.drivers.ovn.mech_driver.mech_driver [None req-5a208fe7-3e08-4a3c-a392-8377e34b0356 - - - - - -] OVN reports status down for port: 8a61f3e9-0b8a-4895-9f57-f53ad54e5e3b
2026-06-14 00:05:56.405 7 INFO neutron.plugins.ml2.drivers.ovn.mech_driver.mech_driver [None req-5a208fe7-3e08-4a3c-a392-8377e34b0356 - - - - - -] OVN reports status down for port: 362d052c-f116-4200-b810-49202edfc425
2026-06-14 00:05:56.413 8 INFO neutron.services.segments.plugin [-] Segment 46dab1f2-13dd-4d32-8bc0-36b3de25f191 resource provider aggregate not found
2026-06-14 00:05:56.421 8 INFO neutron.services.segments.plugin [-] Segment 46dab1f2-13dd-4d32-8bc0-36b3de25f191 resource provider aggregate not found [pid: 7|app: 0|req: 441/835] 199.204.45.132 () {38 vars in 955 bytes} [Sun Jun 14 00:05:55 2026] POST /v2.0/ports => generated 954 bytes in 776 msecs (HTTP/1.1 201) 4 headers in 162 bytes (1 switches on core 0) /var/lib/openstack/lib/python3.12/site-packages/pycadf/identifier.py:70: UserWarning: Invalid uuid: neutron. To ensure interoperability, identifiers should be a valid uuid. warnings.warn(('Invalid uuid: %s. To ensure interoperability, '
2026-06-14 00:05:56.443 8 INFO neutron.services.segments.plugin [-] Segment 46dab1f2-13dd-4d32-8bc0-36b3de25f191 resource provider not found; error: Placement Client Error (4xx): {"errors": [{"status": 404, "title": "Not Found", "detail": "The resource could not be found.\n\n No resource provider with uuid 46dab1f2-13dd-4d32-8bc0-36b3de25f191 found for delete ", "request_id": "req-eb76afaf-bcdc-4cfc-bf45-02a39e1f7566"}]}
2026-06-14 00:05:56.444 8 INFO neutron.services.segments.plugin [-] Segment 46dab1f2-13dd-4d32-8bc0-36b3de25f191 resource provider not found; error: Placement Client Error (4xx): {"errors": [{"status": 404, "title": "Not Found", "detail": "The resource could not be found.\n\n No resource provider with uuid 46dab1f2-13dd-4d32-8bc0-36b3de25f191 found for delete ", "request_id": "req-f843867f-5522-47c4-a15b-146c519cbcda"}]}
2026-06-14 00:05:56.508 8 INFO neutron.db.ovn_revision_numbers_db [None req-139ce632-a755-4eec-9b5a-98b14fd3f52c 22e860580d7b4c1b8e051318b3ce4391 e385a760ee0a4597ac9e820c440011e0 - - default default] Successfully bumped revision number for resource 8a5a37c1-ecb1-437f-a0f1-bdcc59e29df6 (type: networks) to 1 [pid: 7|app: 0|req: 442/836] 10.0.0.164 () {32 vars in 740 bytes} [Sun Jun 14 00:05:56 2026] DELETE /v2.0/security-groups/9d1d9102-b497-4dab-ade0-a7bafe130875 => generated 0 bytes in 305 msecs (HTTP/1.1 204) 2 headers in 112 bytes (1 switches on core 0)
2026-06-14 00:05:56.794 8 WARNING neutron.scheduler.dhcp_agent_scheduler [None req-139ce632-a755-4eec-9b5a-98b14fd3f52c 22e860580d7b4c1b8e051318b3ce4391 e385a760ee0a4597ac9e820c440011e0 - - default default] No more DHCP agents
2026-06-14 00:05:56.795 8 WARNING neutron.api.rpc.agentnotifiers.dhcp_rpc_agent_api [None req-139ce632-a755-4eec-9b5a-98b14fd3f52c 22e860580d7b4c1b8e051318b3ce4391 e385a760ee0a4597ac9e820c440011e0 - - default default] Unable to schedule network 8a5a37c1-ecb1-437f-a0f1-bdcc59e29df6: no agents available; will retry on subsequent port and subnet creation events.
2026-06-14 00:05:56.859 7 INFO neutron.plugins.ml2.drivers.ovn.mech_driver.mech_driver [None req-5a208fe7-3e08-4a3c-a392-8377e34b0356 - - - - - -] OVN reports status down for port: 0410e205-910c-4a71-a3fe-babe934ccb80
2026-06-14 00:05:56.882 8 INFO neutron.db.ovn_revision_numbers_db [None req-139ce632-a755-4eec-9b5a-98b14fd3f52c 22e860580d7b4c1b8e051318b3ce4391 e385a760ee0a4597ac9e820c440011e0 - - default default] Successfully bumped revision number for resource 0410e205-910c-4a71-a3fe-babe934ccb80 (type: ports) to 1 [pid: 8|app: 0|req: 395/837] 10.0.0.164 () {34 vars in 670 bytes} [Sun Jun 14 00:05:56 2026] POST /v2.0/networks => generated 685 bytes in 653 msecs (HTTP/1.1 201) 4 headers in 162 bytes (1 switches on core 0)
2026-06-14 00:05:57.014 8 INFO neutron.db.segments_db [None req-5c431b32-b504-4bbd-9925-4fe4564391cc 22e860580d7b4c1b8e051318b3ce4391 e385a760ee0a4597ac9e820c440011e0 - - default default] Added segment 9661a2a8-7323-426d-b180-2861e13b3a25 of type geneve for network a4e2055b-c600-421c-b94e-19794f5bfe13
2026-06-14 00:05:57.135 8 INFO neutron.db.ovn_revision_numbers_db [None req-5c431b32-b504-4bbd-9925-4fe4564391cc 22e860580d7b4c1b8e051318b3ce4391 e385a760ee0a4597ac9e820c440011e0 - - default default] Successfully bumped revision number for resource a4e2055b-c600-421c-b94e-19794f5bfe13 (type: networks) to 1
2026-06-14 00:05:57.251 7 INFO neutron.services.segments.plugin [-] Segment 7598f4e2-f8e8-4ed9-ad81-b1e911d7332e resource provider aggregate not found
2026-06-14 00:05:57.272 7 INFO neutron.services.segments.plugin [-] Segment 7598f4e2-f8e8-4ed9-ad81-b1e911d7332e resource provider not found; error: Placement Client Error (4xx): {"errors": [{"status": 404, "title": "Not Found", "detail": "The resource could not be found.\n\n No resource provider with uuid 7598f4e2-f8e8-4ed9-ad81-b1e911d7332e found for delete ", "request_id": "req-9597af30-2934-4d71-a1a2-363ca6127ee8"}]}
2026-06-14 00:05:57.277 7 INFO neutron.services.segments.plugin [-] Segment 7598f4e2-f8e8-4ed9-ad81-b1e911d7332e resource provider aggregate not found
2026-06-14 00:05:57.297 7 INFO neutron.services.segments.plugin [-] Segment f26fa2fd-20d0-481b-bf3d-957633e2818f resource provider aggregate not found
2026-06-14 00:05:57.297 7 INFO neutron.services.segments.plugin [-] Segment 7598f4e2-f8e8-4ed9-ad81-b1e911d7332e resource provider not found; error: Placement Client Error (4xx): {"errors": [{"status": 404, "title": "Not Found", "detail": "The resource could not be found.\n\n No resource provider with uuid 7598f4e2-f8e8-4ed9-ad81-b1e911d7332e found for delete ", "request_id": "req-75c8b3ad-624a-4d02-a888-0006fc57fbc4"}]}
2026-06-14 00:05:57.316 7 INFO neutron.services.segments.plugin [-] Segment f26fa2fd-20d0-481b-bf3d-957633e2818f resource provider aggregate not found
2026-06-14 00:05:57.321 7 INFO neutron.services.segments.plugin [-] Segment f26fa2fd-20d0-481b-bf3d-957633e2818f resource provider not found; error: Placement Client Error (4xx): {"errors": [{"status": 404, "title": "Not Found", "detail": "The resource could not be found.\n\n No resource provider with uuid f26fa2fd-20d0-481b-bf3d-957633e2818f found for delete ", "request_id": "req-94c891be-8406-4293-bab1-ddb0639b8181"}]}
2026-06-14 00:05:57.328 8 WARNING neutron.scheduler.dhcp_agent_scheduler [None req-5c431b32-b504-4bbd-9925-4fe4564391cc 22e860580d7b4c1b8e051318b3ce4391 e385a760ee0a4597ac9e820c440011e0 - - default default] No more DHCP agents
2026-06-14 00:05:57.330 8 WARNING neutron.api.rpc.agentnotifiers.dhcp_rpc_agent_api [None req-5c431b32-b504-4bbd-9925-4fe4564391cc 22e860580d7b4c1b8e051318b3ce4391 e385a760ee0a4597ac9e820c440011e0 - - default default] Unable to schedule network a4e2055b-c600-421c-b94e-19794f5bfe13: no agents available; will retry on subsequent port and subnet creation events.
2026-06-14 00:05:57.331 7 INFO neutron.services.segments.plugin [-] Segment f26fa2fd-20d0-481b-bf3d-957633e2818f resource provider not found; error: Placement Client Error (4xx): {"errors": [{"status": 404, "title": "Not Found", "detail": "The resource could not be found.\n\n No resource provider with uuid f26fa2fd-20d0-481b-bf3d-957633e2818f found for delete ", "request_id": "req-0b0d20be-b3a9-49e0-a076-c4816d5a16ba"}]}
2026-06-14 00:05:57.392 7 INFO neutron.plugins.ml2.drivers.ovn.mech_driver.mech_driver [None req-5a208fe7-3e08-4a3c-a392-8377e34b0356 - - - - - -] OVN reports status down for port: c25f6110-d7c6-41db-8239-2abd002d8018
2026-06-14 00:05:57.448 8 INFO neutron.db.ovn_revision_numbers_db [None req-5c431b32-b504-4bbd-9925-4fe4564391cc 22e860580d7b4c1b8e051318b3ce4391 e385a760ee0a4597ac9e820c440011e0 - - default default] Successfully bumped revision number for resource c25f6110-d7c6-41db-8239-2abd002d8018 (type: ports) to 1
2026-06-14 00:05:57.469 7 INFO neutron.db.ovn_revision_numbers_db [req-657a4767-a1a3-4de8-91d6-0eef04539830 req-cb9c3b74-a601-458c-ac1b-433b01fc03e0 eeaac6e8df77490a88856fe5ebcaf8ec edcc23e1055842fb90ed6002336b7822 - - 4cef6ab3ba934616adaef9630e698264 4cef6ab3ba934616adaef9630e698264] Successfully bumped revision number for resource 362d052c-f116-4200-b810-49202edfc425 (type: ports) to 2 [pid: 8|app: 0|req: 396/838] 10.0.0.164 () {34 vars in 670 bytes} [Sun Jun 14 00:05:56 2026] POST /v2.0/networks => generated 687 bytes in 564 msecs (HTTP/1.1 201) 4 headers in 162 bytes (1 switches on core 0) [pid: 8|app: 0|req: 397/839] 10.0.0.35 () {34 vars in 989 bytes} [Sun Jun 14 00:05:57 2026] GET /v2.0/ports?device_id=7a82be65-2a49-4263-8ca7-b292cec8bf8a => generated 969 bytes in 35 msecs (HTTP/1.1 200) 4 headers in 157 bytes (1 switches on core 0)
2026-06-14 00:05:57.757 7 INFO neutron.db.ovn_revision_numbers_db [req-657a4767-a1a3-4de8-91d6-0eef04539830 req-cb9c3b74-a601-458c-ac1b-433b01fc03e0 eeaac6e8df77490a88856fe5ebcaf8ec edcc23e1055842fb90ed6002336b7822 - - 4cef6ab3ba934616adaef9630e698264 4cef6ab3ba934616adaef9630e698264] Successfully bumped revision number for resource 362d052c-f116-4200-b810-49202edfc425 (type: ports) to 4 [pid: 7|app: 0|req: 443/840] 199.204.45.132 () {38 vars in 1028 bytes} [Sun Jun 14 00:05:56 2026] PUT /v2.0/ports/362d052c-f116-4200-b810-49202edfc425 => generated 1204 bytes in 954 msecs (HTTP/1.1 200) 4 headers in 158 bytes (1 switches on core 0) /var/lib/openstack/lib/python3.12/site-packages/pycadf/identifier.py:70: UserWarning: Invalid uuid: neutron. To ensure interoperability, identifiers should be a valid uuid. warnings.warn(('Invalid uuid: %s. To ensure interoperability, '
2026-06-14 00:05:57.807 8 INFO neutron.db.ovn_revision_numbers_db [None req-d0657e97-664e-424b-ae6e-10705b5bb4ea d22ad37931c040009128ef83bb630945 d062fce849c1497689e158c6b6da4ca1 - - default default] Successfully bumped revision number for resource fecb98c9-67c1-415a-85db-4cdbe91bfdfb (type: security_groups) to 1
2026-06-14 00:05:57.818 8 INFO neutron.db.ovn_revision_numbers_db [None req-d0657e97-664e-424b-ae6e-10705b5bb4ea d22ad37931c040009128ef83bb630945 d062fce849c1497689e158c6b6da4ca1 - - default default] Successfully bumped revision number for resource 9d119015-7f5e-4a96-8438-b01ea9efd525 (type: security_group_rules) to 0
2026-06-14 00:05:57.832 8 INFO neutron.db.ovn_revision_numbers_db [None req-d0657e97-664e-424b-ae6e-10705b5bb4ea d22ad37931c040009128ef83bb630945 d062fce849c1497689e158c6b6da4ca1 - - default default] Successfully bumped revision number for resource cf15698c-c432-4b22-ad07-8f4584d3004a (type: security_group_rules) to 0
2026-06-14 00:05:57.852 8 INFO neutron.db.ovn_revision_numbers_db [None req-d0657e97-664e-424b-ae6e-10705b5bb4ea d22ad37931c040009128ef83bb630945 d062fce849c1497689e158c6b6da4ca1 - - default default] Successfully bumped revision number for resource d582d104-8029-41b9-bd2f-029e5a050032 (type: security_group_rules) to 0
2026-06-14 00:05:57.866 8 INFO neutron.db.ovn_revision_numbers_db [None req-d0657e97-664e-424b-ae6e-10705b5bb4ea d22ad37931c040009128ef83bb630945 d062fce849c1497689e158c6b6da4ca1 - - default default] Successfully bumped revision number for resource ea31bc3a-a9e5-4b50-9a58-fee7281abd5d (type: security_group_rules) to 0
2026-06-14 00:05:57.953 8 INFO neutron.db.segments_db [None req-d0657e97-664e-424b-ae6e-10705b5bb4ea d22ad37931c040009128ef83bb630945 d062fce849c1497689e158c6b6da4ca1 - - default default] Added segment d1b5517b-672a-4045-ad56-5c4eab7450f1 of type geneve for network 72c66c8e-77c4-4233-8bd5-75879a75ed3b
2026-06-14 00:05:58.085 8 INFO neutron.db.ovn_revision_numbers_db [None req-d0657e97-664e-424b-ae6e-10705b5bb4ea d22ad37931c040009128ef83bb630945 d062fce849c1497689e158c6b6da4ca1 - - default default] Successfully bumped revision number for resource 72c66c8e-77c4-4233-8bd5-75879a75ed3b (type: networks) to 1
2026-06-14 00:05:58.220 7 WARNING neutron.scheduler.dhcp_agent_scheduler [None req-1c1a5d6d-fdbe-448e-a4c0-1e30ed7ad176 22e860580d7b4c1b8e051318b3ce4391 e385a760ee0a4597ac9e820c440011e0 - - default default] No more DHCP agents
2026-06-14 00:05:58.222 7 WARNING neutron.api.rpc.agentnotifiers.dhcp_rpc_agent_api [None req-1c1a5d6d-fdbe-448e-a4c0-1e30ed7ad176 22e860580d7b4c1b8e051318b3ce4391 e385a760ee0a4597ac9e820c440011e0 - - default default] Unable to schedule network 8a5a37c1-ecb1-437f-a0f1-bdcc59e29df6: no agents available; will retry on subsequent port and subnet creation events.
2026-06-14 00:05:58.240 8 WARNING neutron.scheduler.dhcp_agent_scheduler [None req-d0657e97-664e-424b-ae6e-10705b5bb4ea d22ad37931c040009128ef83bb630945 d062fce849c1497689e158c6b6da4ca1 - - default default] No more DHCP agents
2026-06-14 00:05:58.241 8 WARNING neutron.api.rpc.agentnotifiers.dhcp_rpc_agent_api [None req-d0657e97-664e-424b-ae6e-10705b5bb4ea d22ad37931c040009128ef83bb630945 d062fce849c1497689e158c6b6da4ca1 - - default default] Unable to schedule network 72c66c8e-77c4-4233-8bd5-75879a75ed3b: no agents available; will retry on subsequent port and subnet creation events.
2026-06-14 00:05:58.275 7 INFO neutron.plugins.ml2.drivers.ovn.mech_driver.mech_driver [None req-5a208fe7-3e08-4a3c-a392-8377e34b0356 - - - - - -] OVN reports status down for port: 1393da21-8894-426c-8d1e-a88d15bca279
2026-06-14 00:05:58.305 8 INFO neutron.plugins.ml2.drivers.ovn.mech_driver.mech_driver [None req-ad2656d3-e34a-4c32-9154-6ee74b4b6ad4 - - - - - -] OVN reports status down for port: 8661ac22-e6b5-4f6a-8c08-3fdbf20cc920
2026-06-14 00:05:58.360 8 INFO neutron.db.ovn_revision_numbers_db [None req-d0657e97-664e-424b-ae6e-10705b5bb4ea d22ad37931c040009128ef83bb630945 d062fce849c1497689e158c6b6da4ca1 - - default default] Successfully bumped revision number for resource 8661ac22-e6b5-4f6a-8c08-3fdbf20cc920 (type: ports) to 1
2026-06-14 00:05:58.363 7 INFO neutron.db.ovn_revision_numbers_db [None req-1c1a5d6d-fdbe-448e-a4c0-1e30ed7ad176 22e860580d7b4c1b8e051318b3ce4391 e385a760ee0a4597ac9e820c440011e0 - - default default] Successfully bumped revision number for resource 1393da21-8894-426c-8d1e-a88d15bca279 (type: ports) to 1 [pid: 8|app: 0|req: 398/841] 10.0.0.164 () {34 vars in 671 bytes} [Sun Jun 14 00:05:57 2026] POST /v2.0/networks => generated 785 bytes in 881 msecs (HTTP/1.1 201) 4 headers in 162 bytes (1 switches on core 0)
2026-06-14 00:05:58.430 7 WARNING neutron.scheduler.dhcp_agent_scheduler [None req-1c1a5d6d-fdbe-448e-a4c0-1e30ed7ad176 22e860580d7b4c1b8e051318b3ce4391 e385a760ee0a4597ac9e820c440011e0 - - default default] No more DHCP agents
2026-06-14 00:05:58.433 7 WARNING neutron.api.rpc.agentnotifiers.dhcp_rpc_agent_api [None req-1c1a5d6d-fdbe-448e-a4c0-1e30ed7ad176 22e860580d7b4c1b8e051318b3ce4391 e385a760ee0a4597ac9e820c440011e0 - - default default] Unable to schedule network a4e2055b-c600-421c-b94e-19794f5bfe13: no agents available; will retry on subsequent port and subnet creation events. [pid: 8|app: 0|req: 399/842] 10.0.0.35 () {34 vars in 1039 bytes} [Sun Jun 14 00:05:58 2026] GET /v2.0/security-groups?id=7f063470-f8af-48d0-b44a-b80ca19a6206&fields=id&fields=name => generated 113 bytes in 43 msecs (HTTP/1.1 200) 4 headers in 157 bytes (1 switches on core 0)
2026-06-14 00:05:58.452 7 INFO neutron.notifiers.nova [-] Nova event matching ['req-276679c4-87df-4c12-bf5d-8f35398eb8d9'] response: {'name': 'network-changed', 'server_uuid': '7a82be65-2a49-4263-8ca7-b292cec8bf8a', 'tag': '362d052c-f116-4200-b810-49202edfc425', 'status': 'completed', 'code': 200}
2026-06-14 00:05:58.497 7 INFO neutron.plugins.ml2.drivers.ovn.mech_driver.mech_driver [None req-5a208fe7-3e08-4a3c-a392-8377e34b0356 - - - - - -] OVN reports status down for port: c5978498-f4e7-487e-888f-af57fe4bba1a
2026-06-14 00:05:58.566 7 INFO neutron.db.ovn_revision_numbers_db [None req-1c1a5d6d-fdbe-448e-a4c0-1e30ed7ad176 22e860580d7b4c1b8e051318b3ce4391 e385a760ee0a4597ac9e820c440011e0 - - default default] Successfully bumped revision number for resource c5978498-f4e7-487e-888f-af57fe4bba1a (type: ports) to 1
2026-06-14 00:05:58.587 8 WARNING neutron.scheduler.dhcp_agent_scheduler [None req-15472395-dbbe-4cee-8247-65004913c88c d22ad37931c040009128ef83bb630945 d062fce849c1497689e158c6b6da4ca1 - - default default] No more DHCP agents
2026-06-14 00:05:58.589 8 WARNING neutron.api.rpc.agentnotifiers.dhcp_rpc_agent_api [None req-15472395-dbbe-4cee-8247-65004913c88c d22ad37931c040009128ef83bb630945 d062fce849c1497689e158c6b6da4ca1 - - default default] Unable to schedule network 72c66c8e-77c4-4233-8bd5-75879a75ed3b: no agents available; will retry on subsequent port and subnet creation events. [pid: 7|app: 0|req: 444/843] 10.0.0.164 () {34 vars in 665 bytes} [Sun Jun 14 00:05:57 2026] POST /v2.0/ports => generated 1505 bytes in 868 msecs (HTTP/1.1 201) 4 headers in 163 bytes (1 switches on core 0) /var/lib/openstack/lib/python3.12/site-packages/pycadf/identifier.py:70: UserWarning: Invalid uuid: neutron. To ensure interoperability, identifiers should be a valid uuid. warnings.warn(('Invalid uuid: %s. To ensure interoperability, '
2026-06-14 00:05:58.882 7 INFO neutron.db.ovn_revision_numbers_db [None req-38f1332f-33d9-4c2b-a5fd-01b787322049 d22ad37931c040009128ef83bb630945 d062fce849c1497689e158c6b6da4ca1 - - default default] Successfully bumped revision number for resource f1ce5ff8-df8f-46ca-ac53-87f91fe6a35d (type: security_groups) to 1
2026-06-14 00:05:58.894 7 INFO neutron.db.ovn_revision_numbers_db [None req-38f1332f-33d9-4c2b-a5fd-01b787322049 d22ad37931c040009128ef83bb630945 d062fce849c1497689e158c6b6da4ca1 - - default default] Successfully bumped revision number for resource 162a7da9-9e8d-4cfa-b9cb-c8982885fcb3 (type: security_group_rules) to 0
2026-06-14 00:05:58.905 7 INFO neutron.db.ovn_revision_numbers_db [None req-38f1332f-33d9-4c2b-a5fd-01b787322049 d22ad37931c040009128ef83bb630945 d062fce849c1497689e158c6b6da4ca1 - - default default] Successfully bumped revision number for resource 389f5b20-0b77-4f39-8824-7a8c0f282f37 (type: security_group_rules) to 0
2026-06-14 00:05:58.915 7 INFO neutron.db.ovn_revision_numbers_db [None req-38f1332f-33d9-4c2b-a5fd-01b787322049 d22ad37931c040009128ef83bb630945 d062fce849c1497689e158c6b6da4ca1 - - default default] Successfully bumped revision number for resource aa965c7d-c714-4b88-850b-eb5cc664d466 (type: security_group_rules) to 0
2026-06-14 00:05:58.926 7 INFO neutron.db.ovn_revision_numbers_db [None req-38f1332f-33d9-4c2b-a5fd-01b787322049 d22ad37931c040009128ef83bb630945 d062fce849c1497689e158c6b6da4ca1 - - default default] Successfully bumped revision number for resource fa435fb1-70bc-46c3-8c19-7ed7d6e077e0 (type: security_group_rules) to 0
2026-06-14 00:05:59.012 7 INFO neutron.db.segments_db [None req-38f1332f-33d9-4c2b-a5fd-01b787322049 d22ad37931c040009128ef83bb630945 d062fce849c1497689e158c6b6da4ca1 - - default default] Added segment 7285e298-62f2-4b5a-8615-0a0469aac035 of type geneve for network da0f4dbc-5e3c-44d7-a03b-8d3ce4cd9be5
2026-06-14 00:05:59.036 8 INFO neutron.db.ovn_revision_numbers_db [None req-87004f73-ed19-4130-8bcf-84fb30d88d53 - - - - - -] Successfully bumped revision number for resource 8661ac22-e6b5-4f6a-8c08-3fdbf20cc920 (type: ports) to 2
2026-06-14 00:05:59.085 8 INFO neutron.db.ovn_revision_numbers_db [None req-87004f73-ed19-4130-8bcf-84fb30d88d53 - - - - - -] Successfully bumped revision number for resource 28922f22-f4ef-436c-af49-7cfedf8bc2cc (type: subnets) to 0 [pid: 8|app: 0|req: 400/844] 10.0.0.164 () {34 vars in 669 bytes} [Sun Jun 14 00:05:58 2026] POST /v2.0/subnets => generated 691 bytes in 683 msecs (HTTP/1.1 201) 4 headers in 162 bytes (1 switches on core 0)
2026-06-14 00:05:59.141 7 INFO neutron.db.ovn_revision_numbers_db [None req-38f1332f-33d9-4c2b-a5fd-01b787322049 d22ad37931c040009128ef83bb630945 d062fce849c1497689e158c6b6da4ca1 - - default default] Successfully bumped revision number for resource da0f4dbc-5e3c-44d7-a03b-8d3ce4cd9be5 (type: networks) to 1
2026-06-14 00:05:59.267 7 WARNING neutron.scheduler.dhcp_agent_scheduler [None req-38f1332f-33d9-4c2b-a5fd-01b787322049 d22ad37931c040009128ef83bb630945 d062fce849c1497689e158c6b6da4ca1 - - default default] No more DHCP agents
2026-06-14 00:05:59.268 7 WARNING neutron.api.rpc.agentnotifiers.dhcp_rpc_agent_api [None req-38f1332f-33d9-4c2b-a5fd-01b787322049 d22ad37931c040009128ef83bb630945 d062fce849c1497689e158c6b6da4ca1 - - default default] Unable to schedule network da0f4dbc-5e3c-44d7-a03b-8d3ce4cd9be5: no agents available; will retry on subsequent port and subnet creation events. [pid: 8|app: 0|req: 401/845] 10.0.0.164 () {32 vars in 643 bytes} [Sun Jun 14 00:05:59 2026] GET /v2.0/ports => generated 3017 bytes in 152 msecs (HTTP/1.1 200) 4 headers in 158 bytes (1 switches on core 0)
2026-06-14 00:05:59.309 7 INFO neutron.plugins.ml2.drivers.ovn.mech_driver.mech_driver [None req-5a208fe7-3e08-4a3c-a392-8377e34b0356 - - - - - -] OVN reports status down for port: 288b545c-7245-4755-b0bd-fa07b74c18a8 [pid: 8|app: 0|req: 402/846] 199.204.45.132 () {34 vars in 1080 bytes} [Sun Jun 14 00:05:59 2026] GET /v2.0/ports?tenant_id=687425220ac144c7bcd058725be2b6e2&device_id=7a82be65-2a49-4263-8ca7-b292cec8bf8a => generated 1207 bytes in 86 msecs (HTTP/1.1 200) 4 headers in 158 bytes (1 switches on core 0)
2026-06-14 00:05:59.366 7 INFO neutron.db.ovn_revision_numbers_db [None req-38f1332f-33d9-4c2b-a5fd-01b787322049 d22ad37931c040009128ef83bb630945 d062fce849c1497689e158c6b6da4ca1 - - default default] Successfully bumped revision number for resource 288b545c-7245-4755-b0bd-fa07b74c18a8 (type: ports) to 1 [pid: 7|app: 0|req: 445/847] 10.0.0.164 () {34 vars in 671 bytes} [Sun Jun 14 00:05:58 2026] POST /v2.0/networks => generated 785 bytes in 750 msecs (HTTP/1.1 201) 4 headers in 162 bytes (1 switches on core 0)
2026-06-14 00:05:59.573 7 INFO neutron_taas.services.taas.taas_plugin [None req-16d53df8-4efc-4882-a0f5-eb02e22cfe56 22e860580d7b4c1b8e051318b3ce4391 e385a760ee0a4597ac9e820c440011e0 - - default default] TaaS: Handle Delete Port: 1393da21-8894-426c-8d1e-a88d15bca279
2026-06-14 00:05:59.580 7 INFO neutron_taas.services.taas.tap_mirror_plugin [None req-16d53df8-4efc-4882-a0f5-eb02e22cfe56 22e860580d7b4c1b8e051318b3ce4391 e385a760ee0a4597ac9e820c440011e0 - - default default] Tap Mirror: Handle Delete Port: 1393da21-8894-426c-8d1e-a88d15bca279 [pid: 7|app: 0|req: 446/848] 10.0.0.164 () {32 vars in 720 bytes} [Sun Jun 14 00:05:59 2026] DELETE /v2.0/ports/1393da21-8894-426c-8d1e-a88d15bca279 => generated 0 bytes in 293 msecs (HTTP/1.1 204) 3 headers in 131 bytes (1 switches on core 0)
2026-06-14 00:05:59.729 8 WARNING neutron.scheduler.dhcp_agent_scheduler [None req-389e0601-c3e9-4b5f-a254-a4e18c777bf6 d22ad37931c040009128ef83bb630945 d062fce849c1497689e158c6b6da4ca1 - - default default] No more DHCP agents
2026-06-14 00:05:59.730 8 WARNING neutron.api.rpc.agentnotifiers.dhcp_rpc_agent_api [None req-389e0601-c3e9-4b5f-a254-a4e18c777bf6 d22ad37931c040009128ef83bb630945 d062fce849c1497689e158c6b6da4ca1 - - default default] Unable to schedule network eec7a1e5-07fc-4dc9-b0e0-daf1f6386d27: no agents available; will retry on subsequent port and subnet creation events. [pid: 7|app: 0|req: 447/849] 199.204.45.132 () {34 vars in 1058 bytes} [Sun Jun 14 00:05:59 2026] GET /v2.0/floatingips?fixed_ip_address=10.100.0.4&port_id=362d052c-f116-4200-b810-49202edfc425 => generated 19 bytes in 39 msecs (HTTP/1.1 200) 4 headers in 156 bytes (1 switches on core 0)
2026-06-14 00:05:59.833 8 INFO neutron.plugins.ml2.drivers.ovn.mech_driver.mech_driver [None req-ad2656d3-e34a-4c32-9154-6ee74b4b6ad4 - - - - - -] OVN reports status down for port: 32d4e6b3-83a4-4d1b-b6df-cb677b9807f0
2026-06-14 00:05:59.891 8 INFO neutron.db.ovn_revision_numbers_db [None req-389e0601-c3e9-4b5f-a254-a4e18c777bf6 d22ad37931c040009128ef83bb630945 d062fce849c1497689e158c6b6da4ca1 - - default default] Successfully bumped revision number for resource 32d4e6b3-83a4-4d1b-b6df-cb677b9807f0 (type: ports) to 1
2026-06-14 00:05:59.896 7 WARNING neutron.scheduler.dhcp_agent_scheduler [None req-cdba7170-e1b8-433f-a2ed-7184aa024dcc d22ad37931c040009128ef83bb630945 d062fce849c1497689e158c6b6da4ca1 - - default default] No more DHCP agents
2026-06-14 00:05:59.897 7 WARNING neutron.api.rpc.agentnotifiers.dhcp_rpc_agent_api [None req-cdba7170-e1b8-433f-a2ed-7184aa024dcc d22ad37931c040009128ef83bb630945 d062fce849c1497689e158c6b6da4ca1 - - default default] Unable to schedule network da0f4dbc-5e3c-44d7-a03b-8d3ce4cd9be5: no agents available; will retry on subsequent port and subnet creation events.
2026-06-14 00:06:00.382 7 INFO neutron.db.ovn_revision_numbers_db [None req-95a3a2d1-4e7b-4fc0-9031-a02596fa64ba - - - - - -] Successfully bumped revision number for resource 288b545c-7245-4755-b0bd-fa07b74c18a8 (type: ports) to 2
2026-06-14 00:06:00.412 7 INFO neutron.db.ovn_revision_numbers_db [None req-95a3a2d1-4e7b-4fc0-9031-a02596fa64ba - - - - - -] Successfully bumped revision number for resource fbccf00d-d0be-4c5d-a9c5-03a58b49d6d0 (type: subnets) to 0 [pid: 7|app: 0|req: 448/850] 10.0.0.164 () {34 vars in 669 bytes} [Sun Jun 14 00:05:59 2026] POST /v2.0/subnets => generated 691 bytes in 686 msecs (HTTP/1.1 201) 4 headers in 162 bytes (1 switches on core 0) [pid: 7|app: 0|req: 449/851] 10.0.0.35 () {34 vars in 989 bytes} [Sun Jun 14 00:06:00 2026] GET /v2.0/ports?device_id=7a82be65-2a49-4263-8ca7-b292cec8bf8a => generated 969 bytes in 63 msecs (HTTP/1.1 200) 4 headers in 157 bytes (1 switches on core 0)
2026-06-14 00:06:00.587 8 INFO neutron.plugins.ml2.drivers.ovn.mech_driver.ovsdb.commands [None req-9b71b806-ff45-4607-a142-df92f8644a49 - - - - - -] Schedule LRP lrp-32d4e6b3-83a4-4d1b-b6df-cb677b9807f0 on gateway cea8550c-c849-433e-9de1-359605f1f82f with priority 1
2026-06-14 00:06:00.628 7 INFO neutron.plugins.ml2.drivers.ovn.mech_driver.ovsdb.ovsdb_monitor [None req-5bf4d982-77e8-4d02-adec-a2ce7a9160d2 - - - - - -] Router 40c2155e-e76f-4d56-91e4-934fcb133374 is bound to host instance
2026-06-14 00:06:00.640 8 INFO neutron.plugins.ml2.drivers.ovn.mech_driver.mech_driver [None req-ad2656d3-e34a-4c32-9154-6ee74b4b6ad4 - - - - - -] OVN reports status up for port: 32d4e6b3-83a4-4d1b-b6df-cb677b9807f0
2026-06-14 00:06:00.679 8 INFO neutron.plugins.ml2.plugin [None req-ad2656d3-e34a-4c32-9154-6ee74b4b6ad4 - - - - - -] Attempt 1 to provision port 32d4e6b3-83a4-4d1b-b6df-cb677b9807f0
2026-06-14 00:06:00.710 7 INFO neutron_taas.services.taas.taas_plugin [None req-8ca79235-f2ed-4e13-9b3f-5af0d45e3110 22e860580d7b4c1b8e051318b3ce4391 e385a760ee0a4597ac9e820c440011e0 - - default default] TaaS: Handle Delete Port: c5978498-f4e7-487e-888f-af57fe4bba1a
2026-06-14 00:06:00.710 8 INFO neutron.db.ovn_revision_numbers_db [None req-389e0601-c3e9-4b5f-a254-a4e18c777bf6 d22ad37931c040009128ef83bb630945 d062fce849c1497689e158c6b6da4ca1 - - default default] Successfully bumped revision number for resource 32d4e6b3-83a4-4d1b-b6df-cb677b9807f0 (type: router_ports) to 1
2026-06-14 00:06:00.718 7 INFO neutron_taas.services.taas.tap_mirror_plugin [None req-8ca79235-f2ed-4e13-9b3f-5af0d45e3110 22e860580d7b4c1b8e051318b3ce4391 e385a760ee0a4597ac9e820c440011e0 - - default default] Tap Mirror: Handle Delete Port: c5978498-f4e7-487e-888f-af57fe4bba1a
2026-06-14 00:06:00.820 8 INFO neutron.db.ovn_revision_numbers_db [None req-389e0601-c3e9-4b5f-a254-a4e18c777bf6 d22ad37931c040009128ef83bb630945 d062fce849c1497689e158c6b6da4ca1 - - default default] Successfully bumped revision number for resource 40c2155e-e76f-4d56-91e4-934fcb133374 (type: routers) to 2 [pid: 8|app: 0|req: 403/852] 10.0.0.164 () {34 vars in 669 bytes} [Sun Jun 14 00:05:59 2026] POST /v2.0/routers => generated 969 bytes in 1477 msecs (HTTP/1.1 201) 4 headers in 162 bytes (1 switches on core 0) [pid: 8|app: 0|req: 404/853] 199.204.45.132 () {34 vars in 984 bytes} [Sun Jun 14 00:06:00 2026] GET /v2.0/subnets?id=8bd5a7ff-57be-4647-a23d-641e6aa6d7c5 => generated 701 bytes in 47 msecs (HTTP/1.1 200) 4 headers in 157 bytes (1 switches on core 0) [pid: 7|app: 0|req: 450/854] 10.0.0.164 () {32 vars in 720 bytes} [Sun Jun 14 00:06:00 2026] DELETE /v2.0/ports/c5978498-f4e7-487e-888f-af57fe4bba1a => generated 0 bytes in 457 msecs (HTTP/1.1 204) 3 headers in 131 bytes (1 switches on core 0) [pid: 7|app: 0|req: 451/855] 10.0.0.35 () {34 vars in 1039 bytes} [Sun Jun 14 00:06:00 2026] GET /v2.0/security-groups?id=7f063470-f8af-48d0-b44a-b80ca19a6206&fields=id&fields=name => generated 113 bytes in 79 msecs (HTTP/1.1 200) 4 headers in 157 bytes (1 switches on core 0)
2026-06-14 00:06:01.348 8 WARNING neutron.scheduler.dhcp_agent_scheduler [None req-b0130633-50cd-42f0-a625-e84818544e32 d22ad37931c040009128ef83bb630945 d062fce849c1497689e158c6b6da4ca1 - - default default] No more DHCP agents
2026-06-14 00:06:01.350 8 WARNING neutron.api.rpc.agentnotifiers.dhcp_rpc_agent_api [None req-b0130633-50cd-42f0-a625-e84818544e32 d22ad37931c040009128ef83bb630945 d062fce849c1497689e158c6b6da4ca1 - - default default] Unable to schedule network eec7a1e5-07fc-4dc9-b0e0-daf1f6386d27: no agents available; will retry on subsequent port and subnet creation events.
2026-06-14 00:06:01.501 8 INFO neutron.db.ovn_revision_numbers_db [None req-b0130633-50cd-42f0-a625-e84818544e32 d22ad37931c040009128ef83bb630945 d062fce849c1497689e158c6b6da4ca1 - - default default] Successfully bumped revision number for resource f268b120-7f60-40e4-bff1-adeca2735a80 (type: ports) to 1
2026-06-14 00:06:01.521 7 INFO neutron.plugins.ml2.drivers.ovn.mech_driver.mech_driver [None req-5a208fe7-3e08-4a3c-a392-8377e34b0356 - - - - - -] OVN reports status down for port: f268b120-7f60-40e4-bff1-adeca2735a80
2026-06-14 00:06:02.085 8 INFO neutron.plugins.ml2.drivers.ovn.mech_driver.ovsdb.commands [None req-9b71b806-ff45-4607-a142-df92f8644a49 - - - - - -] Schedule LRP lrp-f268b120-7f60-40e4-bff1-adeca2735a80 on gateway cea8550c-c849-433e-9de1-359605f1f82f with priority 1
2026-06-14 00:06:02.138 8 INFO neutron.plugins.ml2.drivers.ovn.mech_driver.ovsdb.ovsdb_monitor [None req-35bd31c1-62c1-4e7c-9ed1-1f4ccd0504fa - - - - - -] Router 916d8721-2586-4c4d-9329-1e41c9db6204 is bound to host instance
2026-06-14 00:06:02.178 8 INFO neutron.db.ovn_revision_numbers_db [None req-b0130633-50cd-42f0-a625-e84818544e32 d22ad37931c040009128ef83bb630945 d062fce849c1497689e158c6b6da4ca1 - - default default] Successfully bumped revision number for resource f268b120-7f60-40e4-bff1-adeca2735a80 (type: router_ports) to 1
