2026-07-11 04:46:39.015 8 WARNING neutron.api.rpc.agentnotifiers.dhcp_rpc_agent_api [None req-08fce2bd-e90e-47a4-8ac6-9ebcc5083ee5 d66431d4e7194a70b6e8ff8c0ce5a26e e39e8756d22342e99ac92eb815920433 - - default default] Unable to schedule network 0de90c62-6901-4bb0-a61c-d1392a4740d2: no agents available; will retry on subsequent port and subnet creation events.
2026-07-11 04:46:39.020 7 INFO neutron_taas.services.taas.taas_plugin [None req-9e1d4eff-dd8c-4cad-9b01-52deac765675 - - - - - -] TaaS: Handle Delete Port: 61dbb833-5719-4872-b537-95a6a72b7878
2026-07-11 04:46:39.023 7 INFO neutron_taas.services.taas.tap_mirror_plugin [None req-9e1d4eff-dd8c-4cad-9b01-52deac765675 - - - - - -] Tap Mirror: Handle Delete Port: 61dbb833-5719-4872-b537-95a6a72b7878
2026-07-11 04:46:39.076 8 INFO neutron.plugins.ml2.drivers.ovn.mech_driver.mech_driver [None req-9a0df8de-f532-47cb-a185-8aed42a8cacb - - - - - -] OVN reports status down for port: 95bf084d-fb75-4149-8eba-00167bc1f00e
2026-07-11 04:46:39.134 8 INFO neutron.db.ovn_revision_numbers_db [None req-08fce2bd-e90e-47a4-8ac6-9ebcc5083ee5 d66431d4e7194a70b6e8ff8c0ce5a26e e39e8756d22342e99ac92eb815920433 - - default default] Successfully bumped revision number for resource 95bf084d-fb75-4149-8eba-00167bc1f00e (type: ports) to 1 [pid: 8|app: 0|req: 1075/2303] 10.0.0.68 () {34 vars in 669 bytes} [Sat Jul 11 04:46:38 2026] POST /v2.0/networks => generated 767 bytes in 545 msecs (HTTP/1.1 201) 4 headers in 162 bytes (1 switches on core 0)
2026-07-11 04:46:39.223 8 WARNING tagging [None req-7018af55-8f20-4479-b776-09ff630aef81 8e01d64a47ee4a58821099805c39a548 5926920806064a2ca3d65b0b891d9b11 - - default default] project_id key not found in request, using tenant_id instead. This support has been deprecated and will be removed in a future release. [pid: 8|app: 0|req: 1076/2304] 10.0.0.68 () {34 vars in 795 bytes} [Sat Jul 11 04:46:39 2026] PUT /v2.0/security-groups/18733586-4d14-4b5a-a944-ea34562d76bd/tags/black.or.white => generated 4 bytes in 100 msecs (HTTP/1.1 201) 4 headers in 160 bytes (1 switches on core 0)
2026-07-11 04:46:39.455 8 WARNING neutron.scheduler.dhcp_agent_scheduler [None req-868afdad-ad68-47d4-a4e8-ed2bd0c9130e d66431d4e7194a70b6e8ff8c0ce5a26e e39e8756d22342e99ac92eb815920433 - - default default] No more DHCP agents
2026-07-11 04:46:39.457 8 WARNING neutron.api.rpc.agentnotifiers.dhcp_rpc_agent_api [None req-868afdad-ad68-47d4-a4e8-ed2bd0c9130e d66431d4e7194a70b6e8ff8c0ce5a26e e39e8756d22342e99ac92eb815920433 - - default default] Unable to schedule network 0de90c62-6901-4bb0-a61c-d1392a4740d2: no agents available; will retry on subsequent port and subnet creation events.
2026-07-11 04:46:39.531 7 INFO neutron_taas.services.taas.taas_plugin [None req-5429f9a1-db48-40f7-9e85-de459083fad4 - - - - - -] TaaS: Handle Delete Port: 1366a25c-0c98-4404-8356-9f0bbb0c828e
2026-07-11 04:46:39.534 7 INFO neutron_taas.services.taas.tap_mirror_plugin [None req-5429f9a1-db48-40f7-9e85-de459083fad4 - - - - - -] Tap Mirror: Handle Delete Port: 1366a25c-0c98-4404-8356-9f0bbb0c828e
2026-07-11 04:46:40.012 8 INFO neutron.db.ovn_revision_numbers_db [None req-868afdad-ad68-47d4-a4e8-ed2bd0c9130e d66431d4e7194a70b6e8ff8c0ce5a26e e39e8756d22342e99ac92eb815920433 - - default default] Successfully bumped revision number for resource 95bf084d-fb75-4149-8eba-00167bc1f00e (type: ports) to 2
2026-07-11 04:46:40.045 8 INFO neutron.db.ovn_revision_numbers_db [None req-868afdad-ad68-47d4-a4e8-ed2bd0c9130e d66431d4e7194a70b6e8ff8c0ce5a26e e39e8756d22342e99ac92eb815920433 - - default default] Successfully bumped revision number for resource 862cde53-700b-4670-8a41-51e5a6093c4a (type: subnets) to 0 [pid: 8|app: 0|req: 1079/2307] 10.0.0.68 () {34 vars in 668 bytes} [Sat Jul 11 04:46:39 2026] POST /v2.0/subnets => generated 647 bytes in 792 msecs (HTTP/1.1 201) 4 headers in 162 bytes (1 switches on core 0)
2026-07-11 04:46:40.088 8 WARNING tagging [None req-f9d6f66e-fad4-4c63-a6b4-1dcc0833a64a 8e01d64a47ee4a58821099805c39a548 5926920806064a2ca3d65b0b891d9b11 - - default default] project_id key not found in request, using tenant_id instead. This support has been deprecated and will be removed in a future release. [pid: 8|app: 0|req: 1080/2308] 10.0.0.68 () {32 vars in 746 bytes} [Sat Jul 11 04:46:40 2026] GET /v2.0/security-groups/18733586-4d14-4b5a-a944-ea34562d76bd/tags => generated 52 bytes in 42 msecs (HTTP/1.1 200) 4 headers in 156 bytes (1 switches on core 0) [pid: 8|app: 0|req: 1081/2309] 10.0.0.68 () {34 vars in 680 bytes} [Sat Jul 11 04:46:40 2026] POST /v2.0/rbac-policies => generated 324 bytes in 180 msecs (HTTP/1.1 201) 4 headers in 162 bytes (1 switches on core 0)
2026-07-11 04:46:40.319 8 WARNING tagging [None req-daa4fe46-e005-41e0-83b7-6db456f95403 8e01d64a47ee4a58821099805c39a548 5926920806064a2ca3d65b0b891d9b11 - - default default] project_id key not found in request, using tenant_id instead. This support has been deprecated and will be removed in a future release. [pid: 8|app: 0|req: 1082/2310] 10.0.0.68 () {34 vars in 766 bytes} [Sat Jul 11 04:46:40 2026] PUT /v2.0/security-groups/18733586-4d14-4b5a-a944-ea34562d76bd/tags => generated 37 bytes in 60 msecs (HTTP/1.1 200) 4 headers in 156 bytes (1 switches on core 0)
2026-07-11 04:46:40.383 8 WARNING tagging [None req-d295f537-3609-4bc5-bc99-b7c3bbb56a27 8e01d64a47ee4a58821099805c39a548 5926920806064a2ca3d65b0b891d9b11 - - default default] project_id key not found in request, using tenant_id instead. This support has been deprecated and will be removed in a future release. [pid: 8|app: 0|req: 1083/2311] 10.0.0.68 () {32 vars in 746 bytes} [Sat Jul 11 04:46:40 2026] GET /v2.0/security-groups/18733586-4d14-4b5a-a944-ea34562d76bd/tags => generated 37 bytes in 44 msecs (HTTP/1.1 200) 4 headers in 156 bytes (1 switches on core 0)
2026-07-11 04:46:40.424 8 WARNING tagging [None req-e4481ca7-de8b-4938-8443-4d8c89e143df 8e01d64a47ee4a58821099805c39a548 5926920806064a2ca3d65b0b891d9b11 - - default default] project_id key not found in request, using tenant_id instead. This support has been deprecated and will be removed in a future release. [pid: 8|app: 0|req: 1084/2312] 10.0.0.68 () {32 vars in 754 bytes} [Sat Jul 11 04:46:40 2026] GET /v2.0/security-groups/18733586-4d14-4b5a-a944-ea34562d76bd/tags/red => generated 0 bytes in 35 msecs (HTTP/1.1 204) 2 headers in 112 bytes (1 switches on core 0)
2026-07-11 04:46:40.439 7 INFO neutron_taas.services.taas.taas_plugin [None req-5429f9a1-db48-40f7-9e85-de459083fad4 - - - - - -] TaaS: Handle Delete Port: b7bfb54d-a184-41d2-a256-aebc6a9087a6
2026-07-11 04:46:40.443 7 INFO neutron_taas.services.taas.tap_mirror_plugin [None req-5429f9a1-db48-40f7-9e85-de459083fad4 - - - - - -] Tap Mirror: Handle Delete Port: b7bfb54d-a184-41d2-a256-aebc6a9087a6
2026-07-11 04:46:40.464 8 WARNING tagging [None req-c7545e19-6bba-47c0-ac32-691f94a30628 8e01d64a47ee4a58821099805c39a548 5926920806064a2ca3d65b0b891d9b11 - - default default] project_id key not found in request, using tenant_id instead. This support has been deprecated and will be removed in a future release.
2026-07-11 04:46:40.474 8 INFO neutron.api.v2.resource [None req-c7545e19-6bba-47c0-ac32-691f94a30628 8e01d64a47ee4a58821099805c39a548 5926920806064a2ca3d65b0b891d9b11 - - default default] show failed (client error): The resource could not be found. [pid: 8|app: 0|req: 1085/2313] 10.0.0.68 () {32 vars in 758 bytes} [Sat Jul 11 04:46:40 2026] GET /v2.0/security-groups/18733586-4d14-4b5a-a944-ea34562d76bd/tags/green => generated 99 bytes in 34 msecs (HTTP/1.1 404) 4 headers in 163 bytes (1 switches on core 0)
2026-07-11 04:46:40.499 8 WARNING tagging [None req-c4301306-aae0-46e7-abf7-7fb245fcf2cd 8e01d64a47ee4a58821099805c39a548 5926920806064a2ca3d65b0b891d9b11 - - default default] project_id key not found in request, using tenant_id instead. This support has been deprecated and will be removed in a future release. [pid: 8|app: 0|req: 1086/2314] 10.0.0.68 () {32 vars in 757 bytes} [Sat Jul 11 04:46:40 2026] DELETE /v2.0/security-groups/18733586-4d14-4b5a-a944-ea34562d76bd/tags/red => generated 0 bytes in 41 msecs (HTTP/1.1 204) 2 headers in 112 bytes (1 switches on core 0)
2026-07-11 04:46:40.562 8 WARNING tagging [None req-02a35064-6527-4601-ae0c-1acb6136d53d 8e01d64a47ee4a58821099805c39a548 5926920806064a2ca3d65b0b891d9b11 - - default default] project_id key not found in request, using tenant_id instead. This support has been deprecated and will be removed in a future release. [pid: 8|app: 0|req: 1087/2315] 10.0.0.68 () {32 vars in 746 bytes} [Sat Jul 11 04:46:40 2026] GET /v2.0/security-groups/18733586-4d14-4b5a-a944-ea34562d76bd/tags => generated 30 bytes in 43 msecs (HTTP/1.1 200) 4 headers in 156 bytes (1 switches on core 0)
2026-07-11 04:46:40.601 8 WARNING tagging [None req-c029707a-9ad6-42fd-b2c5-c9fcf123bf7a 8e01d64a47ee4a58821099805c39a548 5926920806064a2ca3d65b0b891d9b11 - - default default] project_id key not found in request, using tenant_id instead. This support has been deprecated and will be removed in a future release.
2026-07-11 04:46:40.614 8 INFO neutron.api.v2.resource [None req-c029707a-9ad6-42fd-b2c5-c9fcf123bf7a 8e01d64a47ee4a58821099805c39a548 5926920806064a2ca3d65b0b891d9b11 - - default default] delete failed (client error): The resource could not be found. [pid: 8|app: 0|req: 1088/2316] 10.0.0.68 () {32 vars in 761 bytes} [Sat Jul 11 04:46:40 2026] DELETE /v2.0/security-groups/18733586-4d14-4b5a-a944-ea34562d76bd/tags/green => generated 99 bytes in 35 msecs (HTTP/1.1 404) 4 headers in 163 bytes (1 switches on core 0)
2026-07-11 04:46:40.646 8 WARNING tagging [None req-752b0867-84e9-44f2-b02c-035d0b750edc 8e01d64a47ee4a58821099805c39a548 5926920806064a2ca3d65b0b891d9b11 - - default default] project_id key not found in request, using tenant_id instead. This support has been deprecated and will be removed in a future release.
2026-07-11 04:46:40.647 7 INFO neutron.services.segments.plugin [-] Segment 2adf3a66-15cd-494e-a2f5-30d22fe53085 resource provider aggregate not found
2026-07-11 04:46:40.652 7 INFO neutron.services.segments.plugin [-] Segment 2adf3a66-15cd-494e-a2f5-30d22fe53085 resource provider aggregate not found
2026-07-11 04:46:40.672 7 INFO neutron.services.segments.plugin [-] Client error retrieving segment 2adf3a66-15cd-494e-a2f5-30d22fe53085 resource provider; error: Placement Client Error (4xx): {"errors": [{"status": 404, "title": "Not Found", "detail": "The resource could not be found.\n\n No resource provider with uuid 2adf3a66-15cd-494e-a2f5-30d22fe53085 found for delete ", "request_id": "req-05eb1f91-8f16-47f6-af1c-988940a45fcb"}]}
2026-07-11 04:46:40.677 7 INFO neutron.services.segments.plugin [-] Client error retrieving segment 2adf3a66-15cd-494e-a2f5-30d22fe53085 resource provider; error: Placement Client Error (4xx): {"errors": [{"status": 404, "title": "Not Found", "detail": "The resource could not be found.\n\n No resource provider with uuid 2adf3a66-15cd-494e-a2f5-30d22fe53085 found for delete ", "request_id": "req-b02106ed-ee29-461a-8f0e-005cd0112381"}]} [pid: 8|app: 0|req: 1089/2317] 10.0.0.68 () {32 vars in 749 bytes} [Sat Jul 11 04:46:40 2026] DELETE /v2.0/security-groups/18733586-4d14-4b5a-a944-ea34562d76bd/tags => generated 0 bytes in 64 msecs (HTTP/1.1 204) 2 headers in 112 bytes (1 switches on core 0)
2026-07-11 04:46:40.743 8 WARNING tagging [None req-e7ad5c9b-c902-4a37-8721-ef5468c7c51f 8e01d64a47ee4a58821099805c39a548 5926920806064a2ca3d65b0b891d9b11 - - default default] project_id key not found in request, using tenant_id instead. This support has been deprecated and will be removed in a future release. [pid: 7|app: 0|req: 1229/2318] 10.0.0.68 () {32 vars in 739 bytes} [Sat Jul 11 04:46:38 2026] DELETE /v2.0/vpn/vpnservices/662a28ee-cb14-426b-a3ed-593e752e4992 => generated 0 bytes in 2481 msecs (HTTP/1.1 204) 2 headers in 112 bytes (1 switches on core 0) [pid: 8|app: 0|req: 1090/2319] 10.0.0.68 () {32 vars in 746 bytes} [Sat Jul 11 04:46:40 2026] GET /v2.0/security-groups/18733586-4d14-4b5a-a944-ea34562d76bd/tags => generated 12 bytes in 63 msecs (HTTP/1.1 200) 4 headers in 156 bytes (1 switches on core 0) /var/lib/openstack/lib/python3.12/site-packages/pycadf/identifier.py:70: UserWarning: Invalid uuid: neutron. To ensure interoperability, identifiers should be a valid uuid. warnings.warn(('Invalid uuid: %s. To ensure interoperability, ' [pid: 8|app: 0|req: 1091/2320] 10.0.0.68 () {32 vars in 720 bytes} [Sat Jul 11 04:46:40 2026] GET /v2.0/routers/c83c166f-4ff3-4d66-ab08-9bf5eb7c3fc2 => generated 963 bytes in 63 msecs (HTTP/1.1 200) 4 headers in 157 bytes (1 switches on core 0) [pid: 7|app: 0|req: 1230/2321] 10.0.0.68 () {32 vars in 722 bytes} [Sat Jul 11 04:46:40 2026] GET /v2.0/networks/0de90c62-6901-4bb0-a61c-d1392a4740d2 => generated 692 bytes in 72 msecs (HTTP/1.1 200) 4 headers in 157 bytes (1 switches on core 0) [pid: 8|app: 0|req: 1092/2322] 10.0.0.68 () {32 vars in 739 bytes} [Sat Jul 11 04:46:40 2026] DELETE /v2.0/security-groups/18733586-4d14-4b5a-a944-ea34562d76bd => generated 0 bytes in 124 msecs (HTTP/1.1 204) 2 headers in 112 bytes (1 switches on core 0)
2026-07-11 04:46:41.388 8 INFO neutron.pecan_wsgi.hooks.translation [None req-bb485d2c-45a0-4a36-b32e-449414b0199b 0585eb4e38684160999ba1679c2db9d4 8ec49ef1d6af483fac44061e487eb0f7 - - default default] GET failed (client error): The resource could not be found. [pid: 8|app: 0|req: 1093/2323] 10.0.0.68 () {32 vars in 722 bytes} [Sat Jul 11 04:46:41 2026] GET /v2.0/networks/0de90c62-6901-4bb0-a61c-d1392a4740d2 => generated 138 bytes in 163 msecs (HTTP/1.1 404) 4 headers in 164 bytes (1 switches on core 0)
2026-07-11 04:46:41.552 8 INFO neutron_taas.services.taas.taas_plugin [None req-e11db77a-984c-498b-b09a-e4bdac1f04c2 d66431d4e7194a70b6e8ff8c0ce5a26e e39e8756d22342e99ac92eb815920433 - - default default] TaaS: Handle Delete Port: 95bf084d-fb75-4149-8eba-00167bc1f00e
2026-07-11 04:46:41.555 8 INFO neutron_taas.services.taas.tap_mirror_plugin [None req-e11db77a-984c-498b-b09a-e4bdac1f04c2 d66431d4e7194a70b6e8ff8c0ce5a26e e39e8756d22342e99ac92eb815920433 - - default default] Tap Mirror: Handle Delete Port: 95bf084d-fb75-4149-8eba-00167bc1f00e
2026-07-11 04:46:41.600 7 INFO neutron.db.ovn_revision_numbers_db [None req-f17615cb-297f-4ce7-8982-854e89cf56af b99f78ed450447889c13c30cbcb6d823 27c911b6aa834708bf4d6757d52071c0 - - default default] Successfully bumped revision number for resource c83c166f-4ff3-4d66-ab08-9bf5eb7c3fc2 (type: routers) to 5 [pid: 7|app: 0|req: 1231/2324] 10.0.0.68 () {34 vars in 741 bytes} [Sat Jul 11 04:46:40 2026] PUT /v2.0/routers/c83c166f-4ff3-4d66-ab08-9bf5eb7c3fc2 => generated 963 bytes in 784 msecs (HTTP/1.1 200) 4 headers in 157 bytes (1 switches on core 0) [pid: 7|app: 0|req: 1232/2325] 10.0.0.68 () {32 vars in 735 bytes} [Sat Jul 11 04:46:41 2026] GET /v2.0/ports?device_id=c83c166f-4ff3-4d66-ab08-9bf5eb7c3fc2 => generated 946 bytes in 78 msecs (HTTP/1.1 200) 4 headers in 157 bytes (1 switches on core 0)
2026-07-11 04:46:41.818 7 WARNING neutron.db.securitygroups_db [None req-cad33412-5dfc-4ee1-bdc9-03c6f67b7c2a b95e8647a63e473ab38d9b963dab4cdb ec6ddeba032448b9ba03723d44e78fa8 - - default default] project_id key not found in filters, using tenant_id instead. This support has been deprecated and will be removed in a future release.
2026-07-11 04:46:41.850 7 WARNING neutron.plugins.ml2.drivers.ovn.mech_driver.ovsdb.ovn_client [None req-88e59da9-548e-498b-80ae-438bdf3da77d - - - - - -] No hosting information found for port 0aba4296-2ea3-414d-ae7a-55137b78e459: RuntimeError: No hosting information found for port 0aba4296-2ea3-414d-ae7a-55137b78e459
2026-07-11 04:46:41.885 8 INFO neutron.services.segments.plugin [-] Segment a224c2e1-93cc-466a-8c65-1c9ee0907bf5 resource provider aggregate not found
2026-07-11 04:46:41.894 8 INFO neutron.services.segments.plugin [-] Segment a224c2e1-93cc-466a-8c65-1c9ee0907bf5 resource provider aggregate not found
2026-07-11 04:46:41.901 8 INFO neutron.services.segments.plugin [-] Client error retrieving segment a224c2e1-93cc-466a-8c65-1c9ee0907bf5 resource provider; error: Placement Client Error (4xx): {"errors": [{"status": 404, "title": "Not Found", "detail": "The resource could not be found.\n\n No resource provider with uuid a224c2e1-93cc-466a-8c65-1c9ee0907bf5 found for delete ", "request_id": "req-99d97292-8970-4b9d-8927-ded8971e8d0a"}]}
2026-07-11 04:46:41.916 8 INFO neutron.services.segments.plugin [-] Client error retrieving segment a224c2e1-93cc-466a-8c65-1c9ee0907bf5 resource provider; error: Placement Client Error (4xx): {"errors": [{"status": 404, "title": "Not Found", "detail": "The resource could not be found.\n\n No resource provider with uuid a224c2e1-93cc-466a-8c65-1c9ee0907bf5 found for delete ", "request_id": "req-0ed59d6b-abfe-4c21-b365-4f918fbfd9f8"}]} [pid: 8|app: 0|req: 1094/2326] 10.0.0.68 () {32 vars in 725 bytes} [Sat Jul 11 04:46:41 2026] DELETE /v2.0/networks/0de90c62-6901-4bb0-a61c-d1392a4740d2 => generated 0 bytes in 576 msecs (HTTP/1.1 204) 3 headers in 131 bytes (1 switches on core 0)
2026-07-11 04:46:41.983 7 INFO neutron.db.ovn_revision_numbers_db [None req-88e59da9-548e-498b-80ae-438bdf3da77d - - - - - -] Successfully bumped revision number for resource 0aba4296-2ea3-414d-ae7a-55137b78e459 (type: router_ports) to 2
2026-07-11 04:46:41.984 7 INFO neutron.plugins.ml2.drivers.ovn.mech_driver.mech_driver [None req-88e59da9-548e-498b-80ae-438bdf3da77d - - - - - -] OVN reports status down for port: b7bfb54d-a184-41d2-a256-aebc6a9087a6
2026-07-11 04:46:41.997 7 INFO neutron.plugins.ml2.drivers.ovn.mech_driver.mech_driver [None req-88e59da9-548e-498b-80ae-438bdf3da77d - - - - - -] OVN reports status down for port: 1366a25c-0c98-4404-8356-9f0bbb0c828e
2026-07-11 04:46:42.014 7 INFO neutron.plugins.ml2.drivers.ovn.mech_driver.mech_driver [None req-88e59da9-548e-498b-80ae-438bdf3da77d - - - - - -] OVN reports status up for port: 1366a25c-0c98-4404-8356-9f0bbb0c828e
2026-07-11 04:46:42.040 7 ERROR ovsdbapp.event [None req-88e59da9-548e-498b-80ae-438bdf3da77d - - - - - -] Unexpected exception in notify_loop: AttributeError: 'NoneType' object has no attribute 'external_ids'
2026-07-11 04:46:42.040 7 ERROR ovsdbapp.event
Traceback (most recent call last):
2026-07-11 04:46:42.040 7 ERROR ovsdbapp.event
File "/var/lib/openstack/lib/python3.12/site-packages/ovsdbapp/event.py", line 185, in notify_loop
2026-07-11 04:46:42.040 7 ERROR ovsdbapp.event match.run(event, row, updates)
2026-07-11 04:46:42.040 7 ERROR ovsdbapp.event
File "/var/lib/openstack/lib/python3.12/site-packages/neutron/services/ovn_l3/ovsdb_monitor.py", line 91, in run
2026-07-11 04:46:42.040 7 ERROR ovsdbapp.event self.l3_plugin._ovn_client.link_network_ha_chassis_group(
2026-07-11 04:46:42.040 7 ERROR ovsdbapp.event
File "/var/lib/openstack/lib/python3.12/site-packages/neutron/plugins/ml2/drivers/ovn/mech_driver/ovsdb/ovn_client.py", line 2487, in link_network_ha_chassis_group
2026-07-11 04:46:42.040 7 ERROR ovsdbapp.event hcg, _ = utils.sync_ha_chassis_group_network_unified(
2026-07-11 04:46:42.040 7 ERROR ovsdbapp.event ^^^^^^^^^^^^^^^^^^^^^^^^^^^^^^^^^^^^^^^^^^^^
2026-07-11 04:46:42.040 7 ERROR ovsdbapp.event
File "/var/lib/openstack/lib/python3.12/site-packages/neutron/common/ovn/utils.py", line 235, in wrapped
2026-07-11 04:46:42.040 7 ERROR ovsdbapp.event return f(*args, **kwargs)
2026-07-11 04:46:42.040 7 ERROR ovsdbapp.event ^^^^^^^^^^^^^^^^^^
2026-07-11 04:46:42.040 7 ERROR ovsdbapp.event
File "/var/lib/openstack/lib/python3.12/site-packages/neutron/common/ovn/utils.py", line 1366, in sync_ha_chassis_group_network_unified
2026-07-11 04:46:42.040 7 ERROR ovsdbapp.event physnet = ls.external_ids.get(constants.OVN_PHYSNET_EXT_ID_KEY)
2026-07-11 04:46:42.040 7 ERROR ovsdbapp.event ^^^^^^^^^^^^^^^
2026-07-11 04:46:42.040 7 ERROR ovsdbapp.event AttributeError: 'NoneType' object has no attribute 'external_ids'
2026-07-11 04:46:42.040 7 ERROR ovsdbapp.event
2026-07-11 04:46:42.137 7 INFO neutron.db.ovn_revision_numbers_db [None req-cad33412-5dfc-4ee1-bdc9-03c6f67b7c2a b95e8647a63e473ab38d9b963dab4cdb ec6ddeba032448b9ba03723d44e78fa8 - - default default] Successfully bumped revision number for resource f47d89e1-4297-458a-a79f-2121cd379e7a (type: security_groups) to 1
2026-07-11 04:46:42.150 7 INFO neutron.db.ovn_revision_numbers_db [None req-cad33412-5dfc-4ee1-bdc9-03c6f67b7c2a b95e8647a63e473ab38d9b963dab4cdb ec6ddeba032448b9ba03723d44e78fa8 - - default default] Successfully bumped revision number for resource 10c2263f-2292-4f78-9d4d-4a8d6e092c2b (type: security_group_rules) to 0
2026-07-11 04:46:42.162 7 INFO neutron.db.ovn_revision_numbers_db [None req-cad33412-5dfc-4ee1-bdc9-03c6f67b7c2a b95e8647a63e473ab38d9b963dab4cdb ec6ddeba032448b9ba03723d44e78fa8 - - default default] Successfully bumped revision number for resource 7cd7fdde-339e-4fdf-8963-16b5aed34e70 (type: security_group_rules) to 0
2026-07-11 04:46:42.173 7 INFO neutron.db.ovn_revision_numbers_db [None req-cad33412-5dfc-4ee1-bdc9-03c6f67b7c2a b95e8647a63e473ab38d9b963dab4cdb ec6ddeba032448b9ba03723d44e78fa8 - - default default] Successfully bumped revision number for resource f8391a07-9058-402d-bb8b-aa90af7d942d (type: security_group_rules) to 0
2026-07-11 04:46:42.187 7 INFO neutron.db.ovn_revision_numbers_db [None req-cad33412-5dfc-4ee1-bdc9-03c6f67b7c2a b95e8647a63e473ab38d9b963dab4cdb ec6ddeba032448b9ba03723d44e78fa8 - - default default] Successfully bumped revision number for resource ff139f80-d98d-47e7-b5a0-a4aa1a9c7873 (type: security_group_rules) to 0 [pid: 7|app: 0|req: 1233/2327] 10.0.0.68 () {32 vars in 773 bytes} [Sat Jul 11 04:46:41 2026] GET /v2.0/security-groups?tenant_id=72aef2deec294c21946a9b08c5e0d0b7&name=default => generated 2929 bytes in 544 msecs (HTTP/1.1 200) 4 headers in 158 bytes (1 switches on core 0)
2026-07-11 04:46:42.248 7 INFO neutron.pecan_wsgi.hooks.translation [None req-f1355a86-0772-48de-ba6d-cc074fdb0926 d66431d4e7194a70b6e8ff8c0ce5a26e e39e8756d22342e99ac92eb815920433 - - default default] DELETE failed (client error): The resource could not be found. [pid: 7|app: 0|req: 1234/2328] 10.0.0.68 () {32 vars in 723 bytes} [Sat Jul 11 04:46:42 2026] DELETE /v2.0/subnets/afdca974-ec53-40bf-b2c7-ffbc642dabea => generated 136 bytes in 17 msecs (HTTP/1.1 404) 4 headers in 164 bytes (1 switches on core 0)
2026-07-11 04:46:42.277 8 INFO neutron_taas.services.taas.taas_plugin [None req-975eb733-9ca6-474d-82bd-8007ef085a7f b99f78ed450447889c13c30cbcb6d823 27c911b6aa834708bf4d6757d52071c0 - - default default] TaaS: Handle Delete Port: 0aba4296-2ea3-414d-ae7a-55137b78e459
2026-07-11 04:46:42.281 8 INFO neutron_taas.services.taas.tap_mirror_plugin [None req-975eb733-9ca6-474d-82bd-8007ef085a7f b99f78ed450447889c13c30cbcb6d823 27c911b6aa834708bf4d6757d52071c0 - - default default] Tap Mirror: Handle Delete Port: 0aba4296-2ea3-414d-ae7a-55137b78e459 [pid: 7|app: 0|req: 1235/2329] 10.0.0.68 () {32 vars in 739 bytes} [Sat Jul 11 04:46:42 2026] DELETE /v2.0/security-groups/f47d89e1-4297-458a-a79f-2121cd379e7a => generated 0 bytes in 219 msecs (HTTP/1.1 204) 2 headers in 112 bytes (1 switches on core 0)
2026-07-11 04:46:42.484 7 INFO neutron.pecan_wsgi.hooks.translation [None req-ddc388cb-2c77-4cb9-a734-93a03ef2171f d66431d4e7194a70b6e8ff8c0ce5a26e e39e8756d22342e99ac92eb815920433 - - default default] DELETE failed (client error): The resource could not be found. [pid: 7|app: 0|req: 1236/2330] 10.0.0.68 () {32 vars in 723 bytes} [Sat Jul 11 04:46:42 2026] DELETE /v2.0/subnets/8619e280-3cec-4e0e-a25b-e59212cb6bda => generated 136 bytes in 13 msecs (HTTP/1.1 404) 4 headers in 164 bytes (1 switches on core 0)
2026-07-11 04:46:42.516 7 INFO neutron.pecan_wsgi.hooks.translation [None req-13ab2816-d6f4-4362-a828-1ba94245a38e d66431d4e7194a70b6e8ff8c0ce5a26e e39e8756d22342e99ac92eb815920433 - - default default] DELETE failed (client error): The resource could not be found. [pid: 7|app: 0|req: 1237/2331] 10.0.0.68 () {32 vars in 723 bytes} [Sat Jul 11 04:46:42 2026] DELETE /v2.0/subnets/862cde53-700b-4670-8a41-51e5a6093c4a => generated 136 bytes in 30 msecs (HTTP/1.1 404) 4 headers in 164 bytes (1 switches on core 0)
2026-07-11 04:46:42.575 7 WARNING neutron.db.securitygroups_db [None req-5f1b5552-519c-42c3-b09a-6b89d62376e3 b95e8647a63e473ab38d9b963dab4cdb ec6ddeba032448b9ba03723d44e78fa8 - - default default] project_id key not found in filters, using tenant_id instead. This support has been deprecated and will be removed in a future release. [pid: 7|app: 0|req: 1238/2332] 10.0.0.68 () {32 vars in 773 bytes} [Sat Jul 11 04:46:42 2026] GET /v2.0/security-groups?tenant_id=5926920806064a2ca3d65b0b891d9b11&name=default => generated 2929 bytes in 32 msecs (HTTP/1.1 200) 4 headers in 158 bytes (1 switches on core 0) [pid: 8|app: 0|req: 1095/2333] 10.0.0.68 () {34 vars in 788 bytes} [Sat Jul 11 04:46:41 2026] PUT /v2.0/routers/c83c166f-4ff3-4d66-ab08-9bf5eb7c3fc2/remove_router_interface => generated 310 bytes in 833 msecs (HTTP/1.1 200) 4 headers in 157 bytes (1 switches on core 0) /var/lib/openstack/lib/python3.12/site-packages/pycadf/identifier.py:70: UserWarning: Invalid uuid: neutron. To ensure interoperability, identifiers should be a valid uuid. warnings.warn(('Invalid uuid: %s. To ensure interoperability, ' [pid: 7|app: 0|req: 1239/2334] 10.0.0.68 () {32 vars in 739 bytes} [Sat Jul 11 04:46:42 2026] DELETE /v2.0/security-groups/540dd086-ca18-4e73-b049-153a320b9f0f => generated 0 bytes in 212 msecs (HTTP/1.1 204) 2 headers in 112 bytes (1 switches on core 0)
2026-07-11 04:46:43.177 8 INFO neutron_taas.services.taas.taas_plugin [None req-584bea08-9ad8-444d-b677-a0171657b20a b99f78ed450447889c13c30cbcb6d823 27c911b6aa834708bf4d6757d52071c0 - - default default] TaaS: Handle Delete Port: 4dc0c5d1-5c94-4110-9fc1-698f20f7bb28
2026-07-11 04:46:43.180 8 INFO neutron_taas.services.taas.tap_mirror_plugin [None req-584bea08-9ad8-444d-b677-a0171657b20a b99f78ed450447889c13c30cbcb6d823 27c911b6aa834708bf4d6757d52071c0 - - default default] Tap Mirror: Handle Delete Port: 4dc0c5d1-5c94-4110-9fc1-698f20f7bb28
2026-07-11 04:46:43.556 7 WARNING neutron.db.securitygroups_db [None req-1a7dcb22-aa93-47f5-9e76-cec71f1c0b40 b95e8647a63e473ab38d9b963dab4cdb ec6ddeba032448b9ba03723d44e78fa8 - - default default] project_id key not found in filters, using tenant_id instead. This support has been deprecated and will be removed in a future release. [pid: 8|app: 0|req: 1096/2335] 10.0.0.68 () {32 vars in 723 bytes} [Sat Jul 11 04:46:42 2026] DELETE /v2.0/routers/c83c166f-4ff3-4d66-ab08-9bf5eb7c3fc2 => generated 0 bytes in 825 msecs (HTTP/1.1 204) 2 headers in 112 bytes (1 switches on core 0)
2026-07-11 04:46:43.700 7 INFO neutron.db.ovn_revision_numbers_db [None req-1a7dcb22-aa93-47f5-9e76-cec71f1c0b40 b95e8647a63e473ab38d9b963dab4cdb ec6ddeba032448b9ba03723d44e78fa8 - - default default] Successfully bumped revision number for resource 641b2f48-135f-4335-9704-05f68f2d02b9 (type: security_groups) to 1
2026-07-11 04:46:43.715 7 INFO neutron.db.ovn_revision_numbers_db [None req-1a7dcb22-aa93-47f5-9e76-cec71f1c0b40 b95e8647a63e473ab38d9b963dab4cdb ec6ddeba032448b9ba03723d44e78fa8 - - default default] Successfully bumped revision number for resource 80b93ea3-ec93-4e90-97b8-e3226575bee3 (type: security_group_rules) to 0
2026-07-11 04:46:43.728 7 INFO neutron.db.ovn_revision_numbers_db [None req-1a7dcb22-aa93-47f5-9e76-cec71f1c0b40 b95e8647a63e473ab38d9b963dab4cdb ec6ddeba032448b9ba03723d44e78fa8 - - default default] Successfully bumped revision number for resource 8fabaf71-4f4f-4121-8fe2-6e02dd9ca343 (type: security_group_rules) to 0
2026-07-11 04:46:43.741 7 INFO neutron.db.ovn_revision_numbers_db [None req-1a7dcb22-aa93-47f5-9e76-cec71f1c0b40 b95e8647a63e473ab38d9b963dab4cdb ec6ddeba032448b9ba03723d44e78fa8 - - default default] Successfully bumped revision number for resource c7fb70d4-ceb7-4574-8eef-bd5d4e6c7030 (type: security_group_rules) to 0
2026-07-11 04:46:43.753 7 INFO neutron.db.ovn_revision_numbers_db [None req-1a7dcb22-aa93-47f5-9e76-cec71f1c0b40 b95e8647a63e473ab38d9b963dab4cdb ec6ddeba032448b9ba03723d44e78fa8 - - default default] Successfully bumped revision number for resource ffd7d697-5c10-4432-934a-c9ced859ce72 (type: security_group_rules) to 0 [pid: 7|app: 0|req: 1240/2336] 10.0.0.68 () {32 vars in 773 bytes} [Sat Jul 11 04:46:43 2026] GET /v2.0/security-groups?tenant_id=f012edf6d03742218302b6a9bf8e0297&name=default => generated 2929 bytes in 407 msecs (HTTP/1.1 200) 4 headers in 158 bytes (1 switches on core 0) [pid: 8|app: 0|req: 1097/2337] 10.0.0.68 () {32 vars in 723 bytes} [Sat Jul 11 04:46:43 2026] DELETE /v2.0/subnets/7565216c-2a32-4548-bc1c-a0efa1c7aa54 => generated 0 bytes in 181 msecs (HTTP/1.1 204) 3 headers in 131 bytes (1 switches on core 0)
2026-07-11 04:46:43.986 8 INFO neutron_taas.services.taas.taas_plugin [None req-c505d0ac-5c51-433b-9f91-0b6d5d9cbed4 b99f78ed450447889c13c30cbcb6d823 27c911b6aa834708bf4d6757d52071c0 - - default default] TaaS: Handle Delete Port: adced1fe-76db-4a89-947f-5fb0250a8ce2
2026-07-11 04:46:43.989 8 INFO neutron_taas.services.taas.tap_mirror_plugin [None req-c505d0ac-5c51-433b-9f91-0b6d5d9cbed4 b99f78ed450447889c13c30cbcb6d823 27c911b6aa834708bf4d6757d52071c0 - - default default] Tap Mirror: Handle Delete Port: adced1fe-76db-4a89-947f-5fb0250a8ce2 [pid: 7|app: 0|req: 1241/2338] 10.0.0.68 () {32 vars in 739 bytes} [Sat Jul 11 04:46:43 2026] DELETE /v2.0/security-groups/641b2f48-135f-4335-9704-05f68f2d02b9 => generated 0 bytes in 235 msecs (HTTP/1.1 204) 2 headers in 112 bytes (1 switches on core 0)
2026-07-11 04:46:44.146 7 WARNING neutron.db.securitygroups_db [None req-adcb913d-d4ee-434f-a7b6-4e45721391af b95e8647a63e473ab38d9b963dab4cdb ec6ddeba032448b9ba03723d44e78fa8 - - default default] project_id key not found in filters, using tenant_id instead. This support has been deprecated and will be removed in a future release. [pid: 7|app: 0|req: 1242/2339] 10.0.0.68 () {32 vars in 773 bytes} [Sat Jul 11 04:46:44 2026] GET /v2.0/security-groups?tenant_id=e39e8756d22342e99ac92eb815920433&name=default => generated 2925 bytes in 33 msecs (HTTP/1.1 200) 4 headers in 158 bytes (1 switches on core 0)
2026-07-11 04:46:44.189 8 INFO neutron.services.segments.plugin [-] Segment 8dfa93f2-2e76-43e3-a8b7-03273425f523 resource provider aggregate not found
2026-07-11 04:46:44.193 8 INFO neutron.services.segments.plugin [-] Segment 8dfa93f2-2e76-43e3-a8b7-03273425f523 resource provider aggregate not found
2026-07-11 04:46:44.219 8 INFO neutron.services.segments.plugin [-] Client error retrieving segment 8dfa93f2-2e76-43e3-a8b7-03273425f523 resource provider; error: Placement Client Error (4xx): {"errors": [{"status": 404, "title": "Not Found", "detail": "The resource could not be found.\n\n No resource provider with uuid 8dfa93f2-2e76-43e3-a8b7-03273425f523 found for delete ", "request_id": "req-6b1cd813-2444-49ec-95a5-9f4b62c1e813"}]}
2026-07-11 04:46:44.220 8 INFO neutron.services.segments.plugin [-] Client error retrieving segment 8dfa93f2-2e76-43e3-a8b7-03273425f523 resource provider; error: Placement Client Error (4xx): {"errors": [{"status": 404, "title": "Not Found", "detail": "The resource could not be found.\n\n No resource provider with uuid 8dfa93f2-2e76-43e3-a8b7-03273425f523 found for delete ", "request_id": "req-140adfae-8f24-4c1c-b469-31df3dbc8acf"}]} [pid: 8|app: 0|req: 1098/2340] 10.0.0.68 () {32 vars in 725 bytes} [Sat Jul 11 04:46:43 2026] DELETE /v2.0/networks/89b048d9-af71-40a7-a47e-82a92f806833 => generated 0 bytes in 417 msecs (HTTP/1.1 204) 3 headers in 131 bytes (1 switches on core 0) [pid: 7|app: 0|req: 1243/2341] 10.0.0.68 () {32 vars in 739 bytes} [Sat Jul 11 04:46:44 2026] DELETE /v2.0/security-groups/99355d3e-cb7c-4f41-b555-6315c4f1754c => generated 0 bytes in 226 msecs (HTTP/1.1 204) 2 headers in 112 bytes (1 switches on core 0)
2026-07-11 04:46:44.588 8 WARNING neutron.db.securitygroups_db [None req-1df2863c-9d5a-4314-9663-dd82fb75fb02 b95e8647a63e473ab38d9b963dab4cdb ec6ddeba032448b9ba03723d44e78fa8 - - default default] project_id key not found in filters, using tenant_id instead. This support has been deprecated and will be removed in a future release.
2026-07-11 04:46:44.721 8 INFO neutron.db.ovn_revision_numbers_db [None req-1df2863c-9d5a-4314-9663-dd82fb75fb02 b95e8647a63e473ab38d9b963dab4cdb ec6ddeba032448b9ba03723d44e78fa8 - - default default] Successfully bumped revision number for resource b7d5f305-9159-4e47-bf07-bc46e1a92d49 (type: security_groups) to 1
2026-07-11 04:46:44.738 8 INFO neutron.db.ovn_revision_numbers_db [None req-1df2863c-9d5a-4314-9663-dd82fb75fb02 b95e8647a63e473ab38d9b963dab4cdb ec6ddeba032448b9ba03723d44e78fa8 - - default default] Successfully bumped revision number for resource 0a8de991-ae47-4f96-b472-6323595ed6ea (type: security_group_rules) to 0
2026-07-11 04:46:44.750 8 INFO neutron.db.ovn_revision_numbers_db [None req-1df2863c-9d5a-4314-9663-dd82fb75fb02 b95e8647a63e473ab38d9b963dab4cdb ec6ddeba032448b9ba03723d44e78fa8 - - default default] Successfully bumped revision number for resource 904bc709-f512-4ff5-a02a-dfb064132cbd (type: security_group_rules) to 0
2026-07-11 04:46:44.766 8 INFO neutron.db.ovn_revision_numbers_db [None req-1df2863c-9d5a-4314-9663-dd82fb75fb02 b95e8647a63e473ab38d9b963dab4cdb ec6ddeba032448b9ba03723d44e78fa8 - - default default] Successfully bumped revision number for resource 95dac126-363a-49f6-a3ed-a0c41d88821e (type: security_group_rules) to 0
2026-07-11 04:46:44.780 8 INFO neutron.db.ovn_revision_numbers_db [None req-1df2863c-9d5a-4314-9663-dd82fb75fb02 b95e8647a63e473ab38d9b963dab4cdb ec6ddeba032448b9ba03723d44e78fa8 - - default default] Successfully bumped revision number for resource c45b68f3-015a-4538-9f00-20e2257ee931 (type: security_group_rules) to 0 [pid: 8|app: 0|req: 1099/2342] 10.0.0.68 () {32 vars in 773 bytes} [Sat Jul 11 04:46:44 2026] GET /v2.0/security-groups?tenant_id=8ec49ef1d6af483fac44061e487eb0f7&name=default => generated 2929 bytes in 237 msecs (HTTP/1.1 200) 4 headers in 158 bytes (1 switches on core 0) [pid: 7|app: 0|req: 1244/2343] 10.0.0.68 () {32 vars in 739 bytes} [Sat Jul 11 04:46:44 2026] DELETE /v2.0/security-groups/b7d5f305-9159-4e47-bf07-bc46e1a92d49 => generated 0 bytes in 178 msecs (HTTP/1.1 204) 2 headers in 112 bytes (1 switches on core 0)
2026-07-11 04:46:45.167 8 WARNING neutron.db.securitygroups_db [None req-8cdf389a-c535-4bb1-9309-328735e9d82f b95e8647a63e473ab38d9b963dab4cdb ec6ddeba032448b9ba03723d44e78fa8 - - default default] project_id key not found in filters, using tenant_id instead. This support has been deprecated and will be removed in a future release. [pid: 8|app: 0|req: 1100/2344] 10.0.0.68 () {32 vars in 773 bytes} [Sat Jul 11 04:46:44 2026] GET /v2.0/security-groups?tenant_id=27c911b6aa834708bf4d6757d52071c0&name=default => generated 2925 bytes in 239 msecs (HTTP/1.1 200) 4 headers in 158 bytes (1 switches on core 0) [pid: 7|app: 0|req: 1245/2345] 10.0.0.68 () {32 vars in 739 bytes} [Sat Jul 11 04:46:45 2026] DELETE /v2.0/security-groups/83933eee-44b4-4b3c-b3de-38245bd87cbd => generated 0 bytes in 226 msecs (HTTP/1.1 204) 2 headers in 112 bytes (1 switches on core 0)
2026-07-11 04:46:45.633 8 WARNING neutron.db.securitygroups_db [None req-ae34a202-e933-4538-8084-31ccfd2919c0 b95e8647a63e473ab38d9b963dab4cdb ec6ddeba032448b9ba03723d44e78fa8 - - default default] project_id key not found in filters, using tenant_id instead. This support has been deprecated and will be removed in a future release.
2026-07-11 04:46:45.835 8 INFO neutron.db.ovn_revision_numbers_db [None req-ae34a202-e933-4538-8084-31ccfd2919c0 b95e8647a63e473ab38d9b963dab4cdb ec6ddeba032448b9ba03723d44e78fa8 - - default default] Successfully bumped revision number for resource 2e461b56-cfb4-4acd-b617-c2cf1a63de4f (type: security_groups) to 1
2026-07-11 04:46:45.852 8 INFO neutron.db.ovn_revision_numbers_db [None req-ae34a202-e933-4538-8084-31ccfd2919c0 b95e8647a63e473ab38d9b963dab4cdb ec6ddeba032448b9ba03723d44e78fa8 - - default default] Successfully bumped revision number for resource 3119aefb-35d6-4119-b7d5-39ef5c65a2c9 (type: security_group_rules) to 0
2026-07-11 04:46:45.870 8 INFO neutron.db.ovn_revision_numbers_db [None req-ae34a202-e933-4538-8084-31ccfd2919c0 b95e8647a63e473ab38d9b963dab4cdb ec6ddeba032448b9ba03723d44e78fa8 - - default default] Successfully bumped revision number for resource b27fc95a-fd3f-44ea-8b87-f5a6009e7059 (type: security_group_rules) to 0
2026-07-11 04:46:45.888 8 INFO neutron.db.ovn_revision_numbers_db [None req-ae34a202-e933-4538-8084-31ccfd2919c0 b95e8647a63e473ab38d9b963dab4cdb ec6ddeba032448b9ba03723d44e78fa8 - - default default] Successfully bumped revision number for resource b5f2c69b-99a6-47a0-970f-0c0c1bde1d6e (type: security_group_rules) to 0
2026-07-11 04:46:45.901 8 INFO neutron.db.ovn_revision_numbers_db [None req-ae34a202-e933-4538-8084-31ccfd2919c0 b95e8647a63e473ab38d9b963dab4cdb ec6ddeba032448b9ba03723d44e78fa8 - - default default] Successfully bumped revision number for resource c6fa55e8-c6e7-4984-bbca-d8883dc0a1d4 (type: security_group_rules) to 0 [pid: 8|app: 0|req: 1101/2346] 10.0.0.68 () {32 vars in 773 bytes} [Sat Jul 11 04:46:45 2026] GET /v2.0/security-groups?tenant_id=c2637347798042eba566e4c3dacc4f39&name=default => generated 2929 bytes in 327 msecs (HTTP/1.1 200) 4 headers in 158 bytes (1 switches on core 0) [pid: 7|app: 0|req: 1246/2347] 10.0.0.68 () {32 vars in 739 bytes} [Sat Jul 11 04:46:45 2026] DELETE /v2.0/security-groups/2e461b56-cfb4-4acd-b617-c2cf1a63de4f => generated 0 bytes in 210 msecs (HTTP/1.1 204) 2 headers in 112 bytes (1 switches on core 0) [pid: 8|app: 0|req: 1102/2348] 10.0.0.68 () {34 vars in 675 bytes} [Sat Jul 11 04:46:49 2026] POST /v2.0/subnetpools => generated 516 bytes in 170 msecs (HTTP/1.1 201) 4 headers in 162 bytes (1 switches on core 0) [pid: 7|app: 0|req: 1247/2349] 10.0.0.68 () {34 vars in 675 bytes} [Sat Jul 11 04:46:49 2026] POST /v2.0/subnetpools => generated 516 bytes in 43 msecs (HTTP/1.1 201) 4 headers in 162 bytes (1 switches on core 0) [pid: 8|app: 0|req: 1103/2350] 10.0.0.68 () {34 vars in 675 bytes} [Sat Jul 11 04:46:49 2026] POST /v2.0/subnetpools => generated 516 bytes in 58 msecs (HTTP/1.1 201) 4 headers in 162 bytes (1 switches on core 0) [pid: 7|app: 0|req: 1248/2351] 10.0.0.68 () {34 vars in 675 bytes} [Sat Jul 11 04:46:49 2026] POST /v2.0/subnetpools => generated 516 bytes in 53 msecs (HTTP/1.1 201) 4 headers in 162 bytes (1 switches on core 0) [pid: 8|app: 0|req: 1104/2352] 10.0.0.68 () {34 vars in 675 bytes} [Sat Jul 11 04:46:49 2026] POST /v2.0/subnetpools => generated 516 bytes in 54 msecs (HTTP/1.1 201) 4 headers in 162 bytes (1 switches on core 0) [pid: 7|app: 0|req: 1249/2353] 10.0.0.68 () {34 vars in 758 bytes} [Sat Jul 11 04:46:49 2026] PUT /v2.0/subnetpools/a156334b-92a9-4197-8b8a-37221baae5ac/tags => generated 17 bytes in 36 msecs (HTTP/1.1 200) 4 headers in 156 bytes (1 switches on core 0) [pid: 8|app: 0|req: 1105/2354] 10.0.0.68 () {34 vars in 758 bytes} [Sat Jul 11 04:46:49 2026] PUT /v2.0/subnetpools/0d9a3b3b-0588-432c-9bab-867e5880057c/tags => generated 25 bytes in 46 msecs (HTTP/1.1 200) 4 headers in 156 bytes (1 switches on core 0) [pid: 7|app: 0|req: 1250/2355] 10.0.0.68 () {34 vars in 758 bytes} [Sat Jul 11 04:46:49 2026] PUT /v2.0/subnetpools/6440cf02-02f2-4233-bd1a-890f9def4b65/tags => generated 34 bytes in 44 msecs (HTTP/1.1 200) 4 headers in 156 bytes (1 switches on core 0) [pid: 8|app: 0|req: 1106/2356] 10.0.0.68 () {34 vars in 758 bytes} [Sat Jul 11 04:46:49 2026] PUT /v2.0/subnetpools/da07d97c-2881-4ad5-a24b-1f279b967358/tags => generated 19 bytes in 39 msecs (HTTP/1.1 200) 4 headers in 156 bytes (1 switches on core 0) [pid: 7|app: 0|req: 1251/2357] 10.0.0.68 () {32 vars in 671 bytes} [Sat Jul 11 04:46:49 2026] GET /v2.0/subnetpools?tags=red => generated 1563 bytes in 23 msecs (HTTP/1.1 200) 4 headers in 158 bytes (1 switches on core 0) [pid: 8|app: 0|req: 1107/2358] 10.0.0.68 () {32 vars in 685 bytes} [Sat Jul 11 04:46:50 2026] GET /v2.0/subnetpools?tags=red%2Cblue => generated 1056 bytes in 26 msecs (HTTP/1.1 200) 4 headers in 158 bytes (1 switches on core 0) [pid: 7|app: 0|req: 1252/2359] 10.0.0.68 () {32 vars in 681 bytes} [Sat Jul 11 04:46:50 2026] GET /v2.0/subnetpools?tags-any=blue => generated 1056 bytes in 31 msecs (HTTP/1.1 200) 4 headers in 158 bytes (1 switches on core 0) [pid: 8|app: 0|req: 1108/2360] 10.0.0.68 () {32 vars in 693 bytes} [Sat Jul 11 04:46:50 2026] GET /v2.0/subnetpools?tags-any=red%2Cblue => generated 1563 bytes in 30 msecs (HTTP/1.1 200) 4 headers in 158 bytes (1 switches on core 0) [pid: 7|app: 0|req: 1253/2361] 10.0.0.68 () {32 vars in 679 bytes} [Sat Jul 11 04:46:50 2026] GET /v2.0/subnetpools?not-tags=red => generated 1028 bytes in 26 msecs (HTTP/1.1 200) 4 headers in 158 bytes (1 switches on core 0) [pid: 8|app: 0|req: 1109/2362] 10.0.0.68 () {32 vars in 693 bytes} [Sat Jul 11 04:46:50 2026] GET /v2.0/subnetpools?not-tags=red%2Cblue => generated 1535 bytes in 31 msecs (HTTP/1.1 200) 4 headers in 158 bytes (1 switches on core 0) [pid: 7|app: 0|req: 1254/2363] 10.0.0.68 () {32 vars in 689 bytes} [Sat Jul 11 04:46:50 2026] GET /v2.0/subnetpools?not-tags-any=blue => generated 1535 bytes in 25 msecs (HTTP/1.1 200) 4 headers in 158 bytes (1 switches on core 0) [pid: 8|app: 0|req: 1110/2364] 10.0.0.68 () {32 vars in 701 bytes} [Sat Jul 11 04:46:50 2026] GET /v2.0/subnetpools?not-tags-any=red%2Cblue => generated 1028 bytes in 27 msecs (HTTP/1.1 200) 4 headers in 158 bytes (1 switches on core 0) [pid: 7|app: 0|req: 1255/2365] 10.0.0.68 () {32 vars in 731 bytes} [Sat Jul 11 04:46:50 2026] DELETE /v2.0/subnetpools/a156334b-92a9-4197-8b8a-37221baae5ac => generated 0 bytes in 59 msecs (HTTP/1.1 204) 2 headers in 112 bytes (1 switches on core 0) [pid: 8|app: 0|req: 1111/2366] 10.0.0.68 () {32 vars in 731 bytes} [Sat Jul 11 04:46:50 2026] DELETE /v2.0/subnetpools/0d9a3b3b-0588-432c-9bab-867e5880057c => generated 0 bytes in 76 msecs (HTTP/1.1 204) 2 headers in 112 bytes (1 switches on core 0) [pid: 7|app: 0|req: 1256/2367] 10.0.0.68 () {32 vars in 731 bytes} [Sat Jul 11 04:46:50 2026] DELETE /v2.0/subnetpools/6440cf02-02f2-4233-bd1a-890f9def4b65 => generated 0 bytes in 56 msecs (HTTP/1.1 204) 2 headers in 112 bytes (1 switches on core 0) [pid: 8|app: 0|req: 1112/2368] 10.0.0.68 () {32 vars in 731 bytes} [Sat Jul 11 04:46:50 2026] DELETE /v2.0/subnetpools/da07d97c-2881-4ad5-a24b-1f279b967358 => generated 0 bytes in 57 msecs (HTTP/1.1 204) 2 headers in 112 bytes (1 switches on core 0) [pid: 7|app: 0|req: 1257/2369] 10.0.0.68 () {32 vars in 731 bytes} [Sat Jul 11 04:46:50 2026] DELETE /v2.0/subnetpools/abb21965-caa2-40d7-842a-e464ae1747a2 => generated 0 bytes in 45 msecs (HTTP/1.1 204) 2 headers in 112 bytes (1 switches on core 0)
2026-07-11 04:46:51.566 8 WARNING neutron.db.securitygroups_db [None req-73df2022-7c98-4510-b343-c16c64aa671f b95e8647a63e473ab38d9b963dab4cdb ec6ddeba032448b9ba03723d44e78fa8 - - default default] project_id key not found in filters, using tenant_id instead. This support has been deprecated and will be removed in a future release.
2026-07-11 04:46:51.715 8 INFO neutron.db.ovn_revision_numbers_db [None req-73df2022-7c98-4510-b343-c16c64aa671f b95e8647a63e473ab38d9b963dab4cdb ec6ddeba032448b9ba03723d44e78fa8 - - default default] Successfully bumped revision number for resource 1f29540c-9f83-40be-a029-9bbd4264782d (type: security_groups) to 1
2026-07-11 04:46:51.727 8 INFO neutron.db.ovn_revision_numbers_db [None req-73df2022-7c98-4510-b343-c16c64aa671f b95e8647a63e473ab38d9b963dab4cdb ec6ddeba032448b9ba03723d44e78fa8 - - default default] Successfully bumped revision number for resource 2bd91daf-f577-465f-8899-6e3e9257134b (type: security_group_rules) to 0
2026-07-11 04:46:51.739 8 INFO neutron.db.ovn_revision_numbers_db [None req-73df2022-7c98-4510-b343-c16c64aa671f b95e8647a63e473ab38d9b963dab4cdb ec6ddeba032448b9ba03723d44e78fa8 - - default default] Successfully bumped revision number for resource 9251da20-8647-41ff-8e00-8dddd571f278 (type: security_group_rules) to 0
2026-07-11 04:46:51.752 8 INFO neutron.db.ovn_revision_numbers_db [None req-73df2022-7c98-4510-b343-c16c64aa671f b95e8647a63e473ab38d9b963dab4cdb ec6ddeba032448b9ba03723d44e78fa8 - - default default] Successfully bumped revision number for resource b6507f4b-c8f5-4276-b17f-7248bb9f03b2 (type: security_group_rules) to 0
2026-07-11 04:46:51.769 8 INFO neutron.db.ovn_revision_numbers_db [None req-73df2022-7c98-4510-b343-c16c64aa671f b95e8647a63e473ab38d9b963dab4cdb ec6ddeba032448b9ba03723d44e78fa8 - - default default] Successfully bumped revision number for resource ce690c11-f99e-4c98-a061-59fec41efd2e (type: security_group_rules) to 0 [pid: 8|app: 0|req: 1113/2370] 10.0.0.68 () {32 vars in 773 bytes} [Sat Jul 11 04:46:51 2026] GET /v2.0/security-groups?tenant_id=0d0c0718f2374bee81c9e30c725ba59d&name=default => generated 2929 bytes in 396 msecs (HTTP/1.1 200) 4 headers in 158 bytes (1 switches on core 0) [pid: 7|app: 0|req: 1258/2371] 10.0.0.68 () {32 vars in 739 bytes} [Sat Jul 11 04:46:51 2026] DELETE /v2.0/security-groups/1f29540c-9f83-40be-a029-9bbd4264782d => generated 0 bytes in 209 msecs (HTTP/1.1 204) 2 headers in 112 bytes (1 switches on core 0)
2026-07-11 04:46:52.192 8 WARNING neutron.db.securitygroups_db [None req-7fce22dc-d2a1-4c92-b14b-df32fa1b08bd b95e8647a63e473ab38d9b963dab4cdb ec6ddeba032448b9ba03723d44e78fa8 - - default default] project_id key not found in filters, using tenant_id instead. This support has been deprecated and will be removed in a future release.
2026-07-11 04:46:52.346 8 INFO neutron.db.ovn_revision_numbers_db [None req-7fce22dc-d2a1-4c92-b14b-df32fa1b08bd b95e8647a63e473ab38d9b963dab4cdb ec6ddeba032448b9ba03723d44e78fa8 - - default default] Successfully bumped revision number for resource ffb00cf7-9f3f-4106-8715-7ac807f05f51 (type: security_groups) to 1
2026-07-11 04:46:52.360 8 INFO neutron.db.ovn_revision_numbers_db [None req-7fce22dc-d2a1-4c92-b14b-df32fa1b08bd b95e8647a63e473ab38d9b963dab4cdb ec6ddeba032448b9ba03723d44e78fa8 - - default default] Successfully bumped revision number for resource 31574f20-6ab5-473f-86a0-bc959859379f (type: security_group_rules) to 0
2026-07-11 04:46:52.376 8 INFO neutron.db.ovn_revision_numbers_db [None req-7fce22dc-d2a1-4c92-b14b-df32fa1b08bd b95e8647a63e473ab38d9b963dab4cdb ec6ddeba032448b9ba03723d44e78fa8 - - default default] Successfully bumped revision number for resource 7a5abea8-dc6e-4e1c-8645-49be37756328 (type: security_group_rules) to 0
2026-07-11 04:46:52.394 8 INFO neutron.db.ovn_revision_numbers_db [None req-7fce22dc-d2a1-4c92-b14b-df32fa1b08bd b95e8647a63e473ab38d9b963dab4cdb ec6ddeba032448b9ba03723d44e78fa8 - - default default] Successfully bumped revision number for resource 86cbdb76-4e26-4969-802d-79465f171a22 (type: security_group_rules) to 0
2026-07-11 04:46:52.408 8 INFO neutron.db.ovn_revision_numbers_db [None req-7fce22dc-d2a1-4c92-b14b-df32fa1b08bd b95e8647a63e473ab38d9b963dab4cdb ec6ddeba032448b9ba03723d44e78fa8 - - default default] Successfully bumped revision number for resource e1a557ab-cf9d-4c30-8ff9-6626ef177001 (type: security_group_rules) to 0 [pid: 8|app: 0|req: 1114/2372] 10.0.0.68 () {32 vars in 773 bytes} [Sat Jul 11 04:46:52 2026] GET /v2.0/security-groups?tenant_id=1e3c9960315b4aad870c057c64772e42&name=default => generated 2929 bytes in 265 msecs (HTTP/1.1 200) 4 headers in 158 bytes (1 switches on core 0) [pid: 7|app: 0|req: 1259/2373] 10.0.0.68 () {32 vars in 739 bytes} [Sat Jul 11 04:46:52 2026] DELETE /v2.0/security-groups/ffb00cf7-9f3f-4106-8715-7ac807f05f51 => generated 0 bytes in 194 msecs (HTTP/1.1 204) 2 headers in 112 bytes (1 switches on core 0)
2026-07-11 04:46:52.785 7 WARNING neutron.db.securitygroups_db [None req-098f2e2d-ccd7-41cf-8e38-1b28c0febfbd b95e8647a63e473ab38d9b963dab4cdb ec6ddeba032448b9ba03723d44e78fa8 - - default default] project_id key not found in filters, using tenant_id instead. This support has been deprecated and will be removed in a future release.
2026-07-11 04:46:52.912 8 INFO neutron.db.ovn_revision_numbers_db [None req-6909fd1a-55af-4d3d-baf3-cc976112abc1 803f101a237945ce9508ffa504b7a35e 2e175e265cf0446a847b5e230166bcc1 - - default default] Successfully bumped revision number for resource 815ae5bb-d433-434f-a109-89db068590c4 (type: security_groups) to 1
2026-07-11 04:46:52.928 8 INFO neutron.db.ovn_revision_numbers_db [None req-6909fd1a-55af-4d3d-baf3-cc976112abc1 803f101a237945ce9508ffa504b7a35e 2e175e265cf0446a847b5e230166bcc1 - - default default] Successfully bumped revision number for resource 3bb571d3-aa8b-4784-b58c-379d3632dc81 (type: security_group_rules) to 0
2026-07-11 04:46:52.935 7 INFO neutron.db.ovn_revision_numbers_db [None req-098f2e2d-ccd7-41cf-8e38-1b28c0febfbd b95e8647a63e473ab38d9b963dab4cdb ec6ddeba032448b9ba03723d44e78fa8 - - default default] Successfully bumped revision number for resource 775fa112-1ff3-469b-b3dc-9d68da583ff9 (type: security_groups) to 1
2026-07-11 04:46:52.940 8 INFO neutron.db.ovn_revision_numbers_db [None req-6909fd1a-55af-4d3d-baf3-cc976112abc1 803f101a237945ce9508ffa504b7a35e 2e175e265cf0446a847b5e230166bcc1 - - default default] Successfully bumped revision number for resource 67796480-f427-4f96-b534-d90656740449 (type: security_group_rules) to 0
2026-07-11 04:46:52.945 7 INFO neutron.db.ovn_revision_numbers_db [None req-098f2e2d-ccd7-41cf-8e38-1b28c0febfbd b95e8647a63e473ab38d9b963dab4cdb ec6ddeba032448b9ba03723d44e78fa8 - - default default] Successfully bumped revision number for resource 68843dc7-5648-4103-9998-0c9bb3cfd23c (type: security_group_rules) to 0
2026-07-11 04:46:52.952 8 INFO neutron.db.ovn_revision_numbers_db [None req-6909fd1a-55af-4d3d-baf3-cc976112abc1 803f101a237945ce9508ffa504b7a35e 2e175e265cf0446a847b5e230166bcc1 - - default default] Successfully bumped revision number for resource 84f42dde-9e33-4a2a-9606-84f9eea07e4d (type: security_group_rules) to 0
