2026-07-11 04:46:22.357 8 INFO neutron_taas.services.taas.tap_mirror_plugin [None req-a68dd61a-801f-4ba7-836a-bfeea79cd78d 94feab53d28b44e395c92d9e7d6cadb4 89c931321c3e48718b65187fe6f85a98 - - default default] Tap Mirror: Handle Delete Port: d077197b-1aa9-4286-9e55-e6e583112b93 [pid: 8|app: 0|req: 1052/2226] 10.0.0.68 () {32 vars in 719 bytes} [Sat Jul 11 04:46:22 2026] DELETE /v2.0/ports/d077197b-1aa9-4286-9e55-e6e583112b93 => generated 0 bytes in 302 msecs (HTTP/1.1 204) 3 headers in 131 bytes (1 switches on core 0) [pid: 7|app: 0|req: 1175/2227] 10.0.0.68 () {32 vars in 739 bytes} [Sat Jul 11 04:46:22 2026] DELETE /v2.0/security-groups/1dd18c14-4228-4353-86aa-81536a86c607 => generated 0 bytes in 183 msecs (HTTP/1.1 204) 2 headers in 112 bytes (1 switches on core 0)
2026-07-11 04:46:22.535 7 INFO neutron.api.v2.resource [None req-597049d8-fab7-4b11-a51d-81d80b8d966c 912e5ffbf552473db54b203c83fb8a69 aa6ed06bbcb04d529db00a35dc867545 - - default default] show failed (client error): The resource could not be found. [pid: 7|app: 0|req: 1176/2228] 10.0.0.68 () {32 vars in 736 bytes} [Sat Jul 11 04:46:22 2026] GET /v2.0/security-groups/1dd18c14-4228-4353-86aa-81536a86c607 => generated 146 bytes in 11 msecs (HTTP/1.1 404) 4 headers in 164 bytes (1 switches on core 0)
2026-07-11 04:46:22.618 8 INFO neutron_taas.services.taas.taas_plugin [None req-5270244c-8e83-4535-8612-2992ace453c7 94feab53d28b44e395c92d9e7d6cadb4 89c931321c3e48718b65187fe6f85a98 - - default default] TaaS: Handle Delete Port: b70ac48d-1268-4d52-b735-d25c8805d062
2026-07-11 04:46:22.622 8 INFO neutron_taas.services.taas.tap_mirror_plugin [None req-5270244c-8e83-4535-8612-2992ace453c7 94feab53d28b44e395c92d9e7d6cadb4 89c931321c3e48718b65187fe6f85a98 - - default default] Tap Mirror: Handle Delete Port: b70ac48d-1268-4d52-b735-d25c8805d062
2026-07-11 04:46:22.679 7 INFO neutron_taas.services.taas.taas_plugin [None req-78d31e30-8da4-4253-bce8-c78c129173be 912e5ffbf552473db54b203c83fb8a69 aa6ed06bbcb04d529db00a35dc867545 - - default default] TaaS: Handle Delete Port: 771f3909-015f-4f82-8c48-2ac1feac70ae
2026-07-11 04:46:22.682 7 INFO neutron_taas.services.taas.tap_mirror_plugin [None req-78d31e30-8da4-4253-bce8-c78c129173be 912e5ffbf552473db54b203c83fb8a69 aa6ed06bbcb04d529db00a35dc867545 - - default default] Tap Mirror: Handle Delete Port: 771f3909-015f-4f82-8c48-2ac1feac70ae [pid: 8|app: 0|req: 1053/2229] 10.0.0.68 () {32 vars in 725 bytes} [Sat Jul 11 04:46:22 2026] DELETE /v2.0/networks/ca43978d-ea76-445d-b3e1-4d307add904c => generated 0 bytes in 330 msecs (HTTP/1.1 204) 3 headers in 131 bytes (1 switches on core 0) [pid: 7|app: 0|req: 1177/2230] 10.0.0.68 () {32 vars in 731 bytes} [Sat Jul 11 04:46:22 2026] DELETE /v2.0/floatingips/c169a278-805e-4f2f-9678-b66f87743c90 => generated 0 bytes in 324 msecs (HTTP/1.1 204) 2 headers in 112 bytes (1 switches on core 0)
2026-07-11 04:46:23.010 8 WARNING neutron.db.securitygroups_db [None req-0e394c53-07cf-418f-a65d-25927fd17b60 b95e8647a63e473ab38d9b963dab4cdb ec6ddeba032448b9ba03723d44e78fa8 - - default default] project_id key not found in filters, using tenant_id instead. This support has been deprecated and will be removed in a future release. [pid: 7|app: 0|req: 1178/2231] 10.0.0.68 () {32 vars in 739 bytes} [Sat Jul 11 04:46:22 2026] DELETE /v2.0/security-groups/3416b523-80f2-487e-b093-42168bd63a56 => generated 0 bytes in 160 msecs (HTTP/1.1 204) 2 headers in 112 bytes (1 switches on core 0)
2026-07-11 04:46:23.105 8 INFO neutron.db.ovn_revision_numbers_db [None req-0e394c53-07cf-418f-a65d-25927fd17b60 b95e8647a63e473ab38d9b963dab4cdb ec6ddeba032448b9ba03723d44e78fa8 - - default default] Successfully bumped revision number for resource e5c936c0-912e-4edd-8ef9-6625091a2286 (type: security_groups) to 1
2026-07-11 04:46:23.118 8 INFO neutron.db.ovn_revision_numbers_db [None req-0e394c53-07cf-418f-a65d-25927fd17b60 b95e8647a63e473ab38d9b963dab4cdb ec6ddeba032448b9ba03723d44e78fa8 - - default default] Successfully bumped revision number for resource 131211bf-73fa-486b-97da-24e8003b712a (type: security_group_rules) to 0
2026-07-11 04:46:23.130 8 INFO neutron.db.ovn_revision_numbers_db [None req-0e394c53-07cf-418f-a65d-25927fd17b60 b95e8647a63e473ab38d9b963dab4cdb ec6ddeba032448b9ba03723d44e78fa8 - - default default] Successfully bumped revision number for resource 3e3e97a8-fa10-4eb3-847a-7db4cf6fc5f0 (type: security_group_rules) to 0
2026-07-11 04:46:23.145 8 INFO neutron.db.ovn_revision_numbers_db [None req-0e394c53-07cf-418f-a65d-25927fd17b60 b95e8647a63e473ab38d9b963dab4cdb ec6ddeba032448b9ba03723d44e78fa8 - - default default] Successfully bumped revision number for resource 5aa39456-10a3-4cc3-a8d0-faa9e641cacd (type: security_group_rules) to 0
2026-07-11 04:46:23.158 8 INFO neutron.db.ovn_revision_numbers_db [None req-0e394c53-07cf-418f-a65d-25927fd17b60 b95e8647a63e473ab38d9b963dab4cdb ec6ddeba032448b9ba03723d44e78fa8 - - default default] Successfully bumped revision number for resource 5b0e2564-4494-402e-a792-ecce329f4026 (type: security_group_rules) to 0 [pid: 8|app: 0|req: 1054/2232] 10.0.0.68 () {32 vars in 773 bytes} [Sat Jul 11 04:46:22 2026] GET /v2.0/security-groups?tenant_id=a71bebbafb9f47c58444a0bbc305f3ab&name=default => generated 2925 bytes in 361 msecs (HTTP/1.1 200) 4 headers in 158 bytes (1 switches on core 0)
2026-07-11 04:46:23.300 7 INFO neutron_taas.services.taas.taas_plugin [None req-25ff6ceb-e65a-473d-b083-39452a06b360 b95e8647a63e473ab38d9b963dab4cdb ec6ddeba032448b9ba03723d44e78fa8 - - default default] TaaS: Handle Delete Port: 48ea698c-7c20-482f-9ab9-eb672dba7eee
2026-07-11 04:46:23.304 7 INFO neutron_taas.services.taas.tap_mirror_plugin [None req-25ff6ceb-e65a-473d-b083-39452a06b360 b95e8647a63e473ab38d9b963dab4cdb ec6ddeba032448b9ba03723d44e78fa8 - - default default] Tap Mirror: Handle Delete Port: 48ea698c-7c20-482f-9ab9-eb672dba7eee [pid: 8|app: 0|req: 1055/2233] 10.0.0.68 () {32 vars in 739 bytes} [Sat Jul 11 04:46:23 2026] DELETE /v2.0/security-groups/e5c936c0-912e-4edd-8ef9-6625091a2286 => generated 0 bytes in 230 msecs (HTTP/1.1 204) 2 headers in 112 bytes (1 switches on core 0)
2026-07-11 04:46:23.662 8 WARNING neutron.db.securitygroups_db [None req-599877e0-2e0d-4f70-a4df-040abeb83a1a b95e8647a63e473ab38d9b963dab4cdb ec6ddeba032448b9ba03723d44e78fa8 - - default default] project_id key not found in filters, using tenant_id instead. This support has been deprecated and will be removed in a future release. [pid: 8|app: 0|req: 1056/2234] 10.0.0.68 () {32 vars in 773 bytes} [Sat Jul 11 04:46:23 2026] GET /v2.0/security-groups?tenant_id=89c931321c3e48718b65187fe6f85a98&name=default => generated 2925 bytes in 138 msecs (HTTP/1.1 200) 4 headers in 158 bytes (1 switches on core 0)
2026-07-11 04:46:23.696 8 WARNING neutron.db.securitygroups_db [None req-6c6f8e12-b524-4493-a7b7-ab8f58292147 b95e8647a63e473ab38d9b963dab4cdb ec6ddeba032448b9ba03723d44e78fa8 - - default default] project_id key not found in filters, using tenant_id instead. This support has been deprecated and will be removed in a future release. [pid: 8|app: 0|req: 1057/2235] 10.0.0.68 () {32 vars in 773 bytes} [Sat Jul 11 04:46:23 2026] GET /v2.0/security-groups?tenant_id=c8ae894e3ab64326aa956af3f7d7ebf3&name=default => generated 2925 bytes in 25 msecs (HTTP/1.1 200) 4 headers in 158 bytes (1 switches on core 0) [pid: 8|app: 0|req: 1058/2236] 10.0.0.68 () {32 vars in 739 bytes} [Sat Jul 11 04:46:23 2026] DELETE /v2.0/security-groups/543a0962-9277-44f7-a9cf-d33633f923c4 => generated 0 bytes in 144 msecs (HTTP/1.1 204) 2 headers in 112 bytes (1 switches on core 0) [pid: 7|app: 0|req: 1179/2237] 10.0.0.68 () {34 vars in 788 bytes} [Sat Jul 11 04:46:23 2026] PUT /v2.0/routers/d5fd9c83-9ab8-4430-af80-572af63f2771/remove_router_interface => generated 310 bytes in 864 msecs (HTTP/1.1 200) 4 headers in 157 bytes (1 switches on core 0) /var/lib/openstack/lib/python3.12/site-packages/pycadf/identifier.py:70: UserWarning: Invalid uuid: neutron. To ensure interoperability, identifiers should be a valid uuid. warnings.warn(('Invalid uuid: %s. To ensure interoperability, ' [pid: 8|app: 0|req: 1059/2240] 10.0.0.68 () {32 vars in 739 bytes} [Sat Jul 11 04:46:23 2026] DELETE /v2.0/security-groups/d5241ded-1498-4426-9830-3caf034e7bf9 => generated 0 bytes in 154 msecs (HTTP/1.1 204) 2 headers in 112 bytes (1 switches on core 0)
2026-07-11 04:46:24.024 8 WARNING neutron.db.securitygroups_db [None req-2519887c-a7d1-492f-8172-ef703412d53d b95e8647a63e473ab38d9b963dab4cdb ec6ddeba032448b9ba03723d44e78fa8 - - default default] project_id key not found in filters, using tenant_id instead. This support has been deprecated and will be removed in a future release.
2026-07-11 04:46:24.133 8 INFO neutron.db.ovn_revision_numbers_db [None req-2519887c-a7d1-492f-8172-ef703412d53d b95e8647a63e473ab38d9b963dab4cdb ec6ddeba032448b9ba03723d44e78fa8 - - default default] Successfully bumped revision number for resource 2fb2150f-b98a-4347-b691-fd93320c63ec (type: security_groups) to 1
2026-07-11 04:46:24.156 8 INFO neutron.services.segments.plugin [-] Segment ef03f717-f02c-46d7-bc77-c9be7bfa3da4 resource provider aggregate not found
2026-07-11 04:46:24.161 8 INFO neutron.db.ovn_revision_numbers_db [None req-2519887c-a7d1-492f-8172-ef703412d53d b95e8647a63e473ab38d9b963dab4cdb ec6ddeba032448b9ba03723d44e78fa8 - - default default] Successfully bumped revision number for resource 2dababd2-43bb-4355-94ec-015fcecb4d37 (type: security_group_rules) to 0
2026-07-11 04:46:24.164 8 INFO neutron.services.segments.plugin [-] Segment ef03f717-f02c-46d7-bc77-c9be7bfa3da4 resource provider aggregate not found
2026-07-11 04:46:24.178 8 INFO neutron.services.segments.plugin [-] Client error retrieving segment ef03f717-f02c-46d7-bc77-c9be7bfa3da4 resource provider; error: Placement Client Error (4xx): {"errors": [{"status": 404, "title": "Not Found", "detail": "The resource could not be found.\n\n No resource provider with uuid ef03f717-f02c-46d7-bc77-c9be7bfa3da4 found for delete ", "request_id": "req-cbafa121-fd22-429d-a21d-087dcea4fd4d"}]}
2026-07-11 04:46:24.182 8 INFO neutron.services.segments.plugin [-] Client error retrieving segment ef03f717-f02c-46d7-bc77-c9be7bfa3da4 resource provider; error: Placement Client Error (4xx): {"errors": [{"status": 404, "title": "Not Found", "detail": "The resource could not be found.\n\n No resource provider with uuid ef03f717-f02c-46d7-bc77-c9be7bfa3da4 found for delete ", "request_id": "req-33a58f5e-a9ad-4ae1-a36c-00b287dafca2"}]}
2026-07-11 04:46:24.183 8 INFO neutron.db.ovn_revision_numbers_db [None req-2519887c-a7d1-492f-8172-ef703412d53d b95e8647a63e473ab38d9b963dab4cdb ec6ddeba032448b9ba03723d44e78fa8 - - default default] Successfully bumped revision number for resource 4d2f0e53-c09f-445e-a9ce-ba51f88fde80 (type: security_group_rules) to 0
2026-07-11 04:46:24.195 8 INFO neutron.db.ovn_revision_numbers_db [None req-2519887c-a7d1-492f-8172-ef703412d53d b95e8647a63e473ab38d9b963dab4cdb ec6ddeba032448b9ba03723d44e78fa8 - - default default] Successfully bumped revision number for resource 90554fbd-360f-4449-85e3-efc773ac0e0a (type: security_group_rules) to 0
2026-07-11 04:46:24.205 8 INFO neutron.db.ovn_revision_numbers_db [None req-2519887c-a7d1-492f-8172-ef703412d53d b95e8647a63e473ab38d9b963dab4cdb ec6ddeba032448b9ba03723d44e78fa8 - - default default] Successfully bumped revision number for resource afc17c86-f8ab-49d1-9709-3ddf446c69cd (type: security_group_rules) to 0 [pid: 8|app: 0|req: 1060/2241] 10.0.0.68 () {32 vars in 773 bytes} [Sat Jul 11 04:46:24 2026] GET /v2.0/security-groups?tenant_id=5b6f437c56bb4f4a9daa4f081f236b70&name=default => generated 2925 bytes in 224 msecs (HTTP/1.1 200) 4 headers in 158 bytes (1 switches on core 0)
2026-07-11 04:46:24.287 7 INFO neutron_taas.services.taas.taas_plugin [None req-25ac6dc6-a8cf-4c08-b8b2-200180dfa6aa b95e8647a63e473ab38d9b963dab4cdb ec6ddeba032448b9ba03723d44e78fa8 - - default default] TaaS: Handle Delete Port: 88e52eae-88f4-4594-bda4-b2f4b6eea73d
2026-07-11 04:46:24.293 7 INFO neutron_taas.services.taas.tap_mirror_plugin [None req-25ac6dc6-a8cf-4c08-b8b2-200180dfa6aa b95e8647a63e473ab38d9b963dab4cdb ec6ddeba032448b9ba03723d44e78fa8 - - default default] Tap Mirror: Handle Delete Port: 88e52eae-88f4-4594-bda4-b2f4b6eea73d [pid: 8|app: 0|req: 1061/2242] 10.0.0.68 () {32 vars in 739 bytes} [Sat Jul 11 04:46:24 2026] DELETE /v2.0/security-groups/2fb2150f-b98a-4347-b691-fd93320c63ec => generated 0 bytes in 196 msecs (HTTP/1.1 204) 2 headers in 112 bytes (1 switches on core 0) [pid: 7|app: 0|req: 1182/2243] 10.0.0.68 () {32 vars in 723 bytes} [Sat Jul 11 04:46:23 2026] DELETE /v2.0/routers/d5fd9c83-9ab8-4430-af80-572af63f2771 => generated 0 bytes in 854 msecs (HTTP/1.1 204) 2 headers in 112 bytes (1 switches on core 0) [pid: 8|app: 0|req: 1062/2244] 10.0.0.68 () {32 vars in 723 bytes} [Sat Jul 11 04:46:24 2026] DELETE /v2.0/subnets/75128c27-6f0f-4b54-8678-d374937bebb0 => generated 0 bytes in 139 msecs (HTTP/1.1 204) 3 headers in 131 bytes (1 switches on core 0)
2026-07-11 04:46:25.078 7 INFO neutron_taas.services.taas.taas_plugin [None req-2e1ee7e0-7034-4961-b1b5-03c424e4e386 b95e8647a63e473ab38d9b963dab4cdb ec6ddeba032448b9ba03723d44e78fa8 - - default default] TaaS: Handle Delete Port: da9350ad-7e29-45d2-a5d2-228da15c9305
2026-07-11 04:46:25.081 7 INFO neutron_taas.services.taas.tap_mirror_plugin [None req-2e1ee7e0-7034-4961-b1b5-03c424e4e386 b95e8647a63e473ab38d9b963dab4cdb ec6ddeba032448b9ba03723d44e78fa8 - - default default] Tap Mirror: Handle Delete Port: da9350ad-7e29-45d2-a5d2-228da15c9305
2026-07-11 04:46:25.266 7 INFO neutron.services.segments.plugin [-] Segment 2c67de6f-fafe-49a1-8062-00189802504a resource provider aggregate not found
2026-07-11 04:46:25.277 7 INFO neutron.services.segments.plugin [-] Segment 2c67de6f-fafe-49a1-8062-00189802504a resource provider aggregate not found
2026-07-11 04:46:25.282 7 INFO neutron.services.segments.plugin [-] Client error retrieving segment 2c67de6f-fafe-49a1-8062-00189802504a resource provider; error: Placement Client Error (4xx): {"errors": [{"status": 404, "title": "Not Found", "detail": "The resource could not be found.\n\n No resource provider with uuid 2c67de6f-fafe-49a1-8062-00189802504a found for delete ", "request_id": "req-859ae456-0eab-44cf-87d4-724a128eba9d"}]}
2026-07-11 04:46:25.300 7 INFO neutron.services.segments.plugin [-] Client error retrieving segment 2c67de6f-fafe-49a1-8062-00189802504a resource provider; error: Placement Client Error (4xx): {"errors": [{"status": 404, "title": "Not Found", "detail": "The resource could not be found.\n\n No resource provider with uuid 2c67de6f-fafe-49a1-8062-00189802504a found for delete ", "request_id": "req-243350ea-997c-46bd-880e-df04fc9c8626"}]} [pid: 7|app: 0|req: 1183/2245] 10.0.0.68 () {32 vars in 725 bytes} [Sat Jul 11 04:46:24 2026] DELETE /v2.0/networks/9381bdea-44fa-4d62-a2a2-4548273163a4 => generated 0 bytes in 406 msecs (HTTP/1.1 204) 3 headers in 131 bytes (1 switches on core 0)
2026-07-11 04:46:25.631 8 INFO neutron_taas.services.taas.taas_plugin [None req-e2f8f067-dd75-4b6f-b3a6-033b38a44a3e b95e8647a63e473ab38d9b963dab4cdb ec6ddeba032448b9ba03723d44e78fa8 - - default default] TaaS: Handle Delete Port: ab55e84b-851c-4134-884c-d90cad1f7637
2026-07-11 04:46:25.634 8 INFO neutron_taas.services.taas.tap_mirror_plugin [None req-e2f8f067-dd75-4b6f-b3a6-033b38a44a3e b95e8647a63e473ab38d9b963dab4cdb ec6ddeba032448b9ba03723d44e78fa8 - - default default] Tap Mirror: Handle Delete Port: ab55e84b-851c-4134-884c-d90cad1f7637 [pid: 8|app: 0|req: 1063/2246] 10.0.0.68 () {34 vars in 788 bytes} [Sat Jul 11 04:46:25 2026] PUT /v2.0/routers/bb86547c-6858-4442-a6d7-0527cfa105fb/remove_router_interface => generated 310 bytes in 881 msecs (HTTP/1.1 200) 4 headers in 157 bytes (1 switches on core 0)
2026-07-11 04:46:26.572 7 INFO neutron_taas.services.taas.taas_plugin [None req-a7e8fbba-894c-40c6-aada-ca64de36f4b5 b95e8647a63e473ab38d9b963dab4cdb ec6ddeba032448b9ba03723d44e78fa8 - - default default] TaaS: Handle Delete Port: 89645322-a4c4-48dd-962f-3bd17e88d4c3
2026-07-11 04:46:26.575 7 INFO neutron_taas.services.taas.tap_mirror_plugin [None req-a7e8fbba-894c-40c6-aada-ca64de36f4b5 b95e8647a63e473ab38d9b963dab4cdb ec6ddeba032448b9ba03723d44e78fa8 - - default default] Tap Mirror: Handle Delete Port: 89645322-a4c4-48dd-962f-3bd17e88d4c3 [pid: 7|app: 0|req: 1184/2247] 10.0.0.68 () {32 vars in 723 bytes} [Sat Jul 11 04:46:26 2026] DELETE /v2.0/routers/bb86547c-6858-4442-a6d7-0527cfa105fb => generated 0 bytes in 763 msecs (HTTP/1.1 204) 2 headers in 112 bytes (1 switches on core 0) /var/lib/openstack/lib/python3.12/site-packages/pycadf/identifier.py:70: UserWarning: Invalid uuid: neutron. To ensure interoperability, identifiers should be a valid uuid. warnings.warn(('Invalid uuid: %s. To ensure interoperability, ' [pid: 8|app: 0|req: 1064/2248] 10.0.0.68 () {32 vars in 723 bytes} [Sat Jul 11 04:46:27 2026] DELETE /v2.0/subnets/3cf1d805-f133-4d47-ba2b-a1f18deaa7fb => generated 0 bytes in 177 msecs (HTTP/1.1 204) 3 headers in 131 bytes (1 switches on core 0)
2026-07-11 04:46:27.318 7 INFO neutron_taas.services.taas.taas_plugin [None req-ecab1a88-1e2b-4803-869c-7219f4b64067 b95e8647a63e473ab38d9b963dab4cdb ec6ddeba032448b9ba03723d44e78fa8 - - default default] TaaS: Handle Delete Port: cc013485-7aa3-433b-9c9a-8d2fca195f71
2026-07-11 04:46:27.320 7 INFO neutron_taas.services.taas.tap_mirror_plugin [None req-ecab1a88-1e2b-4803-869c-7219f4b64067 b95e8647a63e473ab38d9b963dab4cdb ec6ddeba032448b9ba03723d44e78fa8 - - default default] Tap Mirror: Handle Delete Port: cc013485-7aa3-433b-9c9a-8d2fca195f71
2026-07-11 04:46:27.517 7 INFO neutron.services.segments.plugin [-] Segment bb1e5802-696f-426c-9492-db1c607ed705 resource provider aggregate not found
2026-07-11 04:46:27.524 7 INFO neutron.services.segments.plugin [-] Segment bb1e5802-696f-426c-9492-db1c607ed705 resource provider aggregate not found
2026-07-11 04:46:27.541 7 INFO neutron.services.segments.plugin [-] Client error retrieving segment bb1e5802-696f-426c-9492-db1c607ed705 resource provider; error: Placement Client Error (4xx): {"errors": [{"status": 404, "title": "Not Found", "detail": "The resource could not be found.\n\n No resource provider with uuid bb1e5802-696f-426c-9492-db1c607ed705 found for delete ", "request_id": "req-bc1e0df7-5bd7-4812-8cfb-aace48ba7e32"}]}
2026-07-11 04:46:27.543 7 INFO neutron.services.segments.plugin [-] Client error retrieving segment bb1e5802-696f-426c-9492-db1c607ed705 resource provider; error: Placement Client Error (4xx): {"errors": [{"status": 404, "title": "Not Found", "detail": "The resource could not be found.\n\n No resource provider with uuid bb1e5802-696f-426c-9492-db1c607ed705 found for delete ", "request_id": "req-95c45110-491a-4bfc-a401-a24de8db5f75"}]} [pid: 7|app: 0|req: 1185/2249] 10.0.0.68 () {32 vars in 725 bytes} [Sat Jul 11 04:46:27 2026] DELETE /v2.0/networks/44769cae-3c96-470d-80ad-70a37fd8df39 => generated 0 bytes in 388 msecs (HTTP/1.1 204) 3 headers in 131 bytes (1 switches on core 0)
2026-07-11 04:46:27.753 8 INFO neutron.db.ovn_revision_numbers_db [None req-e96991f1-a5f6-4c60-accc-443b9eac04ce b99f78ed450447889c13c30cbcb6d823 27c911b6aa834708bf4d6757d52071c0 - - default default] Successfully bumped revision number for resource 83933eee-44b4-4b3c-b3de-38245bd87cbd (type: security_groups) to 1
2026-07-11 04:46:27.775 8 INFO neutron.db.ovn_revision_numbers_db [None req-e96991f1-a5f6-4c60-accc-443b9eac04ce b99f78ed450447889c13c30cbcb6d823 27c911b6aa834708bf4d6757d52071c0 - - default default] Successfully bumped revision number for resource 2b1411e1-aba6-4f45-86a4-28c82f57e418 (type: security_group_rules) to 0
2026-07-11 04:46:27.794 8 INFO neutron.db.ovn_revision_numbers_db [None req-e96991f1-a5f6-4c60-accc-443b9eac04ce b99f78ed450447889c13c30cbcb6d823 27c911b6aa834708bf4d6757d52071c0 - - default default] Successfully bumped revision number for resource 613dc998-8208-4617-908d-9fee06efd498 (type: security_group_rules) to 0
2026-07-11 04:46:27.807 8 INFO neutron.db.ovn_revision_numbers_db [None req-e96991f1-a5f6-4c60-accc-443b9eac04ce b99f78ed450447889c13c30cbcb6d823 27c911b6aa834708bf4d6757d52071c0 - - default default] Successfully bumped revision number for resource 8d78f037-de2d-41d9-ad34-88b7fa4a72ba (type: security_group_rules) to 0
2026-07-11 04:46:27.819 8 INFO neutron.db.ovn_revision_numbers_db [None req-e96991f1-a5f6-4c60-accc-443b9eac04ce b99f78ed450447889c13c30cbcb6d823 27c911b6aa834708bf4d6757d52071c0 - - default default] Successfully bumped revision number for resource f44128df-7d2e-4341-9805-62fcdfc1a110 (type: security_group_rules) to 0
2026-07-11 04:46:27.904 8 INFO neutron.db.segments_db [None req-e96991f1-a5f6-4c60-accc-443b9eac04ce b99f78ed450447889c13c30cbcb6d823 27c911b6aa834708bf4d6757d52071c0 - - default default] Added segment 8dfa93f2-2e76-43e3-a8b7-03273425f523 of type geneve for network 89b048d9-af71-40a7-a47e-82a92f806833
2026-07-11 04:46:27.919 7 WARNING neutron.db.securitygroups_db [None req-8f9d5342-12e9-4eae-a514-8dfa75b21a30 b95e8647a63e473ab38d9b963dab4cdb ec6ddeba032448b9ba03723d44e78fa8 - - default default] project_id key not found in filters, using tenant_id instead. This support has been deprecated and will be removed in a future release. [pid: 7|app: 0|req: 1186/2250] 10.0.0.68 () {32 vars in 773 bytes} [Sat Jul 11 04:46:27 2026] GET /v2.0/security-groups?tenant_id=aa6ed06bbcb04d529db00a35dc867545&name=default => generated 2925 bytes in 32 msecs (HTTP/1.1 200) 4 headers in 158 bytes (1 switches on core 0)
2026-07-11 04:46:28.025 8 INFO neutron.db.ovn_revision_numbers_db [None req-e96991f1-a5f6-4c60-accc-443b9eac04ce b99f78ed450447889c13c30cbcb6d823 27c911b6aa834708bf4d6757d52071c0 - - default default] Successfully bumped revision number for resource 89b048d9-af71-40a7-a47e-82a92f806833 (type: networks) to 1
2026-07-11 04:46:28.200 8 WARNING neutron.scheduler.dhcp_agent_scheduler [None req-e96991f1-a5f6-4c60-accc-443b9eac04ce b99f78ed450447889c13c30cbcb6d823 27c911b6aa834708bf4d6757d52071c0 - - default default] No more DHCP agents
2026-07-11 04:46:28.202 8 WARNING neutron.api.rpc.agentnotifiers.dhcp_rpc_agent_api [None req-e96991f1-a5f6-4c60-accc-443b9eac04ce b99f78ed450447889c13c30cbcb6d823 27c911b6aa834708bf4d6757d52071c0 - - default default] Unable to schedule network 89b048d9-af71-40a7-a47e-82a92f806833: no agents available; will retry on subsequent port and subnet creation events.
2026-07-11 04:46:28.253 7 INFO neutron.plugins.ml2.drivers.ovn.mech_driver.mech_driver [None req-0698c48d-ffbd-4241-b9db-ff8f2e02e2b9 - - - - - -] OVN reports status down for port: adced1fe-76db-4a89-947f-5fb0250a8ce2
2026-07-11 04:46:28.262 7 INFO neutron.db.ovn_revision_numbers_db [None req-ed3ed9e6-e4fa-4c17-a141-731ab4ec5ec2 431260b7213f469eaa6e3234359f3353 8286eb54f02142a1b422eab8ae67aca3 - - default default] Successfully bumped revision number for resource 3d0b787d-5626-4d81-aedb-aa929f8a360c (type: routers) to 1
2026-07-11 04:46:28.288 8 INFO neutron.db.ovn_revision_numbers_db [None req-e96991f1-a5f6-4c60-accc-443b9eac04ce b99f78ed450447889c13c30cbcb6d823 27c911b6aa834708bf4d6757d52071c0 - - default default] Successfully bumped revision number for resource adced1fe-76db-4a89-947f-5fb0250a8ce2 (type: ports) to 1 [pid: 7|app: 0|req: 1187/2251] 10.0.0.68 () {34 vars in 667 bytes} [Sat Jul 11 04:46:27 2026] POST /v2.0/routers => generated 591 bytes in 347 msecs (HTTP/1.1 201) 4 headers in 162 bytes (1 switches on core 0) [pid: 8|app: 0|req: 1065/2252] 10.0.0.68 () {34 vars in 669 bytes} [Sat Jul 11 04:46:27 2026] POST /v2.0/networks => generated 663 bytes in 949 msecs (HTTP/1.1 201) 4 headers in 162 bytes (1 switches on core 0)
2026-07-11 04:46:28.364 8 WARNING tagging [None req-a58d8240-e1cf-4226-b330-f2921b09d49b 431260b7213f469eaa6e3234359f3353 8286eb54f02142a1b422eab8ae67aca3 - - default default] project_id key not found in request, using tenant_id instead. This support has been deprecated and will be removed in a future release. [pid: 8|app: 0|req: 1066/2253] 10.0.0.68 () {34 vars in 750 bytes} [Sat Jul 11 04:46:28 2026] PUT /v2.0/routers/3d0b787d-5626-4d81-aedb-aa929f8a360c/tags => generated 25 bytes in 81 msecs (HTTP/1.1 200) 4 headers in 156 bytes (1 switches on core 0) [pid: 7|app: 0|req: 1188/2254] 10.0.0.68 () {32 vars in 739 bytes} [Sat Jul 11 04:46:28 2026] DELETE /v2.0/security-groups/956cbae9-ee7c-48cc-94b9-08106bc4fcd8 => generated 0 bytes in 230 msecs (HTTP/1.1 204) 2 headers in 112 bytes (1 switches on core 0)
2026-07-11 04:46:28.564 7 WARNING tagging [None req-09f6199f-e774-46dc-bbc3-ab3dcaf15858 431260b7213f469eaa6e3234359f3353 8286eb54f02142a1b422eab8ae67aca3 - - default default] project_id key not found in request, using tenant_id instead. This support has been deprecated and will be removed in a future release. [pid: 7|app: 0|req: 1189/2255] 10.0.0.68 () {32 vars in 730 bytes} [Sat Jul 11 04:46:28 2026] GET /v2.0/routers/3d0b787d-5626-4d81-aedb-aa929f8a360c/tags => generated 25 bytes in 79 msecs (HTTP/1.1 200) 4 headers in 156 bytes (1 switches on core 0)
2026-07-11 04:46:28.612 8 WARNING neutron.scheduler.dhcp_agent_scheduler [None req-8331b3f4-c441-40f9-abcb-99711b37a68c b99f78ed450447889c13c30cbcb6d823 27c911b6aa834708bf4d6757d52071c0 - - default default] No more DHCP agents
2026-07-11 04:46:28.613 8 WARNING neutron.api.rpc.agentnotifiers.dhcp_rpc_agent_api [None req-8331b3f4-c441-40f9-abcb-99711b37a68c b99f78ed450447889c13c30cbcb6d823 27c911b6aa834708bf4d6757d52071c0 - - default default] Unable to schedule network 89b048d9-af71-40a7-a47e-82a92f806833: no agents available; will retry on subsequent port and subnet creation events.
2026-07-11 04:46:28.641 7 WARNING tagging [None req-cc1eadb1-f494-4701-9968-9486aafcd54c 431260b7213f469eaa6e3234359f3353 8286eb54f02142a1b422eab8ae67aca3 - - default default] project_id key not found in request, using tenant_id instead. This support has been deprecated and will be removed in a future release. [pid: 7|app: 0|req: 1190/2256] 10.0.0.68 () {34 vars in 761 bytes} [Sat Jul 11 04:46:28 2026] PUT /v2.0/routers/3d0b787d-5626-4d81-aedb-aa929f8a360c/tags/green => generated 4 bytes in 120 msecs (HTTP/1.1 201) 4 headers in 160 bytes (1 switches on core 0)
2026-07-11 04:46:28.733 7 WARNING neutron.db.securitygroups_db [None req-6c3e36dd-5910-4eae-9890-a563738ae48d b95e8647a63e473ab38d9b963dab4cdb ec6ddeba032448b9ba03723d44e78fa8 - - default default] project_id key not found in filters, using tenant_id instead. This support has been deprecated and will be removed in a future release. [pid: 7|app: 0|req: 1191/2257] 10.0.0.68 () {32 vars in 773 bytes} [Sat Jul 11 04:46:28 2026] GET /v2.0/security-groups?tenant_id=25823ea7c149481fa71808b642a2c1b3&name=default => generated 2925 bytes in 26 msecs (HTTP/1.1 200) 4 headers in 158 bytes (1 switches on core 0)
2026-07-11 04:46:28.791 7 WARNING tagging [None req-281acb3d-8141-4e18-ae12-1b272488fb90 431260b7213f469eaa6e3234359f3353 8286eb54f02142a1b422eab8ae67aca3 - - default default] project_id key not found in request, using tenant_id instead. This support has been deprecated and will be removed in a future release. [pid: 7|app: 0|req: 1192/2258] 10.0.0.68 () {32 vars in 730 bytes} [Sat Jul 11 04:46:28 2026] GET /v2.0/routers/3d0b787d-5626-4d81-aedb-aa929f8a360c/tags => generated 34 bytes in 72 msecs (HTTP/1.1 200) 4 headers in 156 bytes (1 switches on core 0) [pid: 7|app: 0|req: 1193/2259] 10.0.0.68 () {32 vars in 739 bytes} [Sat Jul 11 04:46:28 2026] DELETE /v2.0/security-groups/bc6c13e1-8747-4514-8abc-6984d502d6a7 => generated 0 bytes in 194 msecs (HTTP/1.1 204) 2 headers in 112 bytes (1 switches on core 0)
2026-07-11 04:46:29.076 7 WARNING tagging [None req-2bfddb02-d719-4a7f-b3c6-24070fea2b55 431260b7213f469eaa6e3234359f3353 8286eb54f02142a1b422eab8ae67aca3 - - default default] project_id key not found in request, using tenant_id instead. This support has been deprecated and will be removed in a future release.
2026-07-11 04:46:29.084 8 INFO neutron.db.ovn_revision_numbers_db [None req-8331b3f4-c441-40f9-abcb-99711b37a68c b99f78ed450447889c13c30cbcb6d823 27c911b6aa834708bf4d6757d52071c0 - - default default] Successfully bumped revision number for resource adced1fe-76db-4a89-947f-5fb0250a8ce2 (type: ports) to 2
2026-07-11 04:46:29.116 8 INFO neutron.db.ovn_revision_numbers_db [None req-8331b3f4-c441-40f9-abcb-99711b37a68c b99f78ed450447889c13c30cbcb6d823 27c911b6aa834708bf4d6757d52071c0 - - default default] Successfully bumped revision number for resource 7565216c-2a32-4548-bc1c-a0efa1c7aa54 (type: subnets) to 0 [pid: 8|app: 0|req: 1067/2260] 10.0.0.68 () {34 vars in 668 bytes} [Sat Jul 11 04:46:28 2026] POST /v2.0/subnets => generated 626 bytes in 721 msecs (HTTP/1.1 201) 4 headers in 162 bytes (1 switches on core 0) [pid: 7|app: 0|req: 1194/2261] 10.0.0.68 () {34 vars in 757 bytes} [Sat Jul 11 04:46:29 2026] PUT /v2.0/routers/3d0b787d-5626-4d81-aedb-aa929f8a360c/tags/red => generated 4 bytes in 110 msecs (HTTP/1.1 201) 4 headers in 160 bytes (1 switches on core 0)
2026-07-11 04:46:29.173 7 WARNING tagging [None req-59d26217-7740-4627-bdc6-a235271a9246 431260b7213f469eaa6e3234359f3353 8286eb54f02142a1b422eab8ae67aca3 - - default default] project_id key not found in request, using tenant_id instead. This support has been deprecated and will be removed in a future release. [pid: 7|app: 0|req: 1195/2262] 10.0.0.68 () {32 vars in 730 bytes} [Sat Jul 11 04:46:29 2026] GET /v2.0/routers/3d0b787d-5626-4d81-aedb-aa929f8a360c/tags => generated 34 bytes in 66 msecs (HTTP/1.1 200) 4 headers in 156 bytes (1 switches on core 0)
2026-07-11 04:46:29.238 7 WARNING tagging [None req-0cda207c-949b-4976-a969-a34d920a37e7 431260b7213f469eaa6e3234359f3353 8286eb54f02142a1b422eab8ae67aca3 - - default default] project_id key not found in request, using tenant_id instead. This support has been deprecated and will be removed in a future release. [pid: 7|app: 0|req: 1196/2263] 10.0.0.68 () {34 vars in 779 bytes} [Sat Jul 11 04:46:29 2026] PUT /v2.0/routers/3d0b787d-5626-4d81-aedb-aa929f8a360c/tags/black.or.white => generated 4 bytes in 105 msecs (HTTP/1.1 201) 4 headers in 160 bytes (1 switches on core 0)
2026-07-11 04:46:29.361 7 WARNING tagging [None req-37a0a6b0-9ad8-4bd4-8a5d-e6911fe2ee68 431260b7213f469eaa6e3234359f3353 8286eb54f02142a1b422eab8ae67aca3 - - default default] project_id key not found in request, using tenant_id instead. This support has been deprecated and will be removed in a future release. [pid: 7|app: 0|req: 1197/2264] 10.0.0.68 () {32 vars in 730 bytes} [Sat Jul 11 04:46:29 2026] GET /v2.0/routers/3d0b787d-5626-4d81-aedb-aa929f8a360c/tags => generated 52 bytes in 83 msecs (HTTP/1.1 200) 4 headers in 156 bytes (1 switches on core 0)
2026-07-11 04:46:29.449 7 WARNING tagging [None req-b5f0e063-a70d-49eb-be2c-ade89cef9100 431260b7213f469eaa6e3234359f3353 8286eb54f02142a1b422eab8ae67aca3 - - default default] project_id key not found in request, using tenant_id instead. This support has been deprecated and will be removed in a future release. [pid: 7|app: 0|req: 1198/2265] 10.0.0.68 () {34 vars in 750 bytes} [Sat Jul 11 04:46:29 2026] PUT /v2.0/routers/3d0b787d-5626-4d81-aedb-aa929f8a360c/tags => generated 37 bytes in 102 msecs (HTTP/1.1 200) 4 headers in 156 bytes (1 switches on core 0)
2026-07-11 04:46:29.547 7 WARNING tagging [None req-24143038-129b-4a37-8ec9-85b6274e2e52 431260b7213f469eaa6e3234359f3353 8286eb54f02142a1b422eab8ae67aca3 - - default default] project_id key not found in request, using tenant_id instead. This support has been deprecated and will be removed in a future release. [pid: 7|app: 0|req: 1199/2266] 10.0.0.68 () {32 vars in 730 bytes} [Sat Jul 11 04:46:29 2026] GET /v2.0/routers/3d0b787d-5626-4d81-aedb-aa929f8a360c/tags => generated 37 bytes in 61 msecs (HTTP/1.1 200) 4 headers in 156 bytes (1 switches on core 0)
2026-07-11 04:46:29.611 7 WARNING tagging [None req-5bf5b73f-d502-4ce4-9014-a0269c8960be 431260b7213f469eaa6e3234359f3353 8286eb54f02142a1b422eab8ae67aca3 - - default default] project_id key not found in request, using tenant_id instead. This support has been deprecated and will be removed in a future release.
2026-07-11 04:46:29.618 8 WARNING neutron.scheduler.dhcp_agent_scheduler [None req-6b6aa66e-e2e4-4738-ad64-0d86fffb94d3 b99f78ed450447889c13c30cbcb6d823 27c911b6aa834708bf4d6757d52071c0 - - default default] No more DHCP agents
2026-07-11 04:46:29.619 8 WARNING neutron.api.rpc.agentnotifiers.dhcp_rpc_agent_api [None req-6b6aa66e-e2e4-4738-ad64-0d86fffb94d3 b99f78ed450447889c13c30cbcb6d823 27c911b6aa834708bf4d6757d52071c0 - - default default] Unable to schedule network f8b4eb29-466b-42be-9a2f-6751bb66c25a: no agents available; will retry on subsequent port and subnet creation events. [pid: 7|app: 0|req: 1200/2267] 10.0.0.68 () {32 vars in 738 bytes} [Sat Jul 11 04:46:29 2026] GET /v2.0/routers/3d0b787d-5626-4d81-aedb-aa929f8a360c/tags/red => generated 0 bytes in 59 msecs (HTTP/1.1 204) 2 headers in 112 bytes (1 switches on core 0)
2026-07-11 04:46:29.675 7 WARNING tagging [None req-59f38268-75a4-46f8-94fa-a9f7414a7be1 431260b7213f469eaa6e3234359f3353 8286eb54f02142a1b422eab8ae67aca3 - - default default] project_id key not found in request, using tenant_id instead. This support has been deprecated and will be removed in a future release.
2026-07-11 04:46:29.706 7 INFO neutron.api.v2.resource [None req-59f38268-75a4-46f8-94fa-a9f7414a7be1 431260b7213f469eaa6e3234359f3353 8286eb54f02142a1b422eab8ae67aca3 - - default default] show failed (client error): The resource could not be found. [pid: 7|app: 0|req: 1201/2268] 10.0.0.68 () {32 vars in 742 bytes} [Sat Jul 11 04:46:29 2026] GET /v2.0/routers/3d0b787d-5626-4d81-aedb-aa929f8a360c/tags/green => generated 99 bytes in 66 msecs (HTTP/1.1 404) 4 headers in 163 bytes (1 switches on core 0)
2026-07-11 04:46:29.758 8 INFO neutron.db.ovn_revision_numbers_db [None req-6b6aa66e-e2e4-4738-ad64-0d86fffb94d3 b99f78ed450447889c13c30cbcb6d823 27c911b6aa834708bf4d6757d52071c0 - - default default] Successfully bumped revision number for resource 4dc0c5d1-5c94-4110-9fc1-698f20f7bb28 (type: ports) to 1
2026-07-11 04:46:29.759 7 INFO neutron.plugins.ml2.drivers.ovn.mech_driver.mech_driver [None req-0698c48d-ffbd-4241-b9db-ff8f2e02e2b9 - - - - - -] OVN reports status down for port: 4dc0c5d1-5c94-4110-9fc1-698f20f7bb28
2026-07-11 04:46:29.791 7 WARNING tagging [None req-028c8416-db0b-4adf-a841-2c5202658f30 431260b7213f469eaa6e3234359f3353 8286eb54f02142a1b422eab8ae67aca3 - - default default] project_id key not found in request, using tenant_id instead. This support has been deprecated and will be removed in a future release. [pid: 7|app: 0|req: 1202/2269] 10.0.0.68 () {32 vars in 741 bytes} [Sat Jul 11 04:46:29 2026] DELETE /v2.0/routers/3d0b787d-5626-4d81-aedb-aa929f8a360c/tags/red => generated 0 bytes in 155 msecs (HTTP/1.1 204) 2 headers in 112 bytes (1 switches on core 0)
2026-07-11 04:46:29.929 7 WARNING tagging [None req-f1e510ef-b135-4647-9a42-47870072a2e8 431260b7213f469eaa6e3234359f3353 8286eb54f02142a1b422eab8ae67aca3 - - default default] project_id key not found in request, using tenant_id instead. This support has been deprecated and will be removed in a future release. [pid: 7|app: 0|req: 1203/2270] 10.0.0.68 () {32 vars in 730 bytes} [Sat Jul 11 04:46:29 2026] GET /v2.0/routers/3d0b787d-5626-4d81-aedb-aa929f8a360c/tags => generated 30 bytes in 98 msecs (HTTP/1.1 200) 4 headers in 156 bytes (1 switches on core 0)
2026-07-11 04:46:30.010 7 WARNING tagging [None req-4b3adf66-110a-4ae2-8182-d5cea805fdef 431260b7213f469eaa6e3234359f3353 8286eb54f02142a1b422eab8ae67aca3 - - default default] project_id key not found in request, using tenant_id instead. This support has been deprecated and will be removed in a future release.
2026-07-11 04:46:30.042 7 INFO neutron.api.v2.resource [None req-4b3adf66-110a-4ae2-8182-d5cea805fdef 431260b7213f469eaa6e3234359f3353 8286eb54f02142a1b422eab8ae67aca3 - - default default] delete failed (client error): The resource could not be found. [pid: 7|app: 0|req: 1204/2271] 10.0.0.68 () {32 vars in 745 bytes} [Sat Jul 11 04:46:29 2026] DELETE /v2.0/routers/3d0b787d-5626-4d81-aedb-aa929f8a360c/tags/green => generated 99 bytes in 70 msecs (HTTP/1.1 404) 4 headers in 163 bytes (1 switches on core 0)
2026-07-11 04:46:30.077 7 WARNING tagging [None req-26d929dd-83a3-4c57-ad95-af2bef9e089d 431260b7213f469eaa6e3234359f3353 8286eb54f02142a1b422eab8ae67aca3 - - default default] project_id key not found in request, using tenant_id instead. This support has been deprecated and will be removed in a future release. [pid: 7|app: 0|req: 1205/2272] 10.0.0.68 () {32 vars in 733 bytes} [Sat Jul 11 04:46:30 2026] DELETE /v2.0/routers/3d0b787d-5626-4d81-aedb-aa929f8a360c/tags => generated 0 bytes in 72 msecs (HTTP/1.1 204) 2 headers in 112 bytes (1 switches on core 0)
2026-07-11 04:46:30.164 7 WARNING tagging [None req-325be980-0a52-4e3a-8e05-6dfdf4ace944 431260b7213f469eaa6e3234359f3353 8286eb54f02142a1b422eab8ae67aca3 - - default default] project_id key not found in request, using tenant_id instead. This support has been deprecated and will be removed in a future release. [pid: 7|app: 0|req: 1206/2273] 10.0.0.68 () {32 vars in 730 bytes} [Sat Jul 11 04:46:30 2026] GET /v2.0/routers/3d0b787d-5626-4d81-aedb-aa929f8a360c/tags => generated 12 bytes in 62 msecs (HTTP/1.1 200) 4 headers in 156 bytes (1 switches on core 0) [pid: 7|app: 0|req: 1207/2274] 10.0.0.68 () {32 vars in 720 bytes} [Sat Jul 11 04:46:30 2026] GET /v2.0/routers/3d0b787d-5626-4d81-aedb-aa929f8a360c => generated 597 bytes in 35 msecs (HTTP/1.1 200) 4 headers in 157 bytes (1 switches on core 0)
2026-07-11 04:46:30.375 7 INFO neutron.plugins.ml2.drivers.ovn.mech_driver.mech_driver [None req-0698c48d-ffbd-4241-b9db-ff8f2e02e2b9 - - - - - -] OVN reports status up for port: 4dc0c5d1-5c94-4110-9fc1-698f20f7bb28
2026-07-11 04:46:30.392 8 INFO neutron.db.ovn_revision_numbers_db [None req-6b6aa66e-e2e4-4738-ad64-0d86fffb94d3 b99f78ed450447889c13c30cbcb6d823 27c911b6aa834708bf4d6757d52071c0 - - default default] Successfully bumped revision number for resource 4dc0c5d1-5c94-4110-9fc1-698f20f7bb28 (type: router_ports) to 1
2026-07-11 04:46:30.437 7 INFO neutron.plugins.ml2.plugin [None req-0698c48d-ffbd-4241-b9db-ff8f2e02e2b9 - - - - - -] Attempt 1 to provision port 4dc0c5d1-5c94-4110-9fc1-698f20f7bb28
2026-07-11 04:46:30.483 8 INFO neutron.db.ovn_revision_numbers_db [None req-6b6aa66e-e2e4-4738-ad64-0d86fffb94d3 b99f78ed450447889c13c30cbcb6d823 27c911b6aa834708bf4d6757d52071c0 - - default default] Successfully bumped revision number for resource c83c166f-4ff3-4d66-ab08-9bf5eb7c3fc2 (type: routers) to 2 [pid: 8|app: 0|req: 1068/2275] 10.0.0.68 () {34 vars in 668 bytes} [Sat Jul 11 04:46:29 2026] POST /v2.0/routers => generated 957 bytes in 1363 msecs (HTTP/1.1 201) 4 headers in 162 bytes (1 switches on core 0)
2026-07-11 04:46:30.737 7 INFO neutron.db.ovn_revision_numbers_db [None req-a9467924-9a3c-426e-b035-2bfd853ce25b 431260b7213f469eaa6e3234359f3353 8286eb54f02142a1b422eab8ae67aca3 - - default default] Successfully bumped revision number for resource 3d0b787d-5626-4d81-aedb-aa929f8a360c (type: routers) to 7 [pid: 7|app: 0|req: 1208/2276] 10.0.0.68 () {34 vars in 741 bytes} [Sat Jul 11 04:46:30 2026] PUT /v2.0/routers/3d0b787d-5626-4d81-aedb-aa929f8a360c => generated 597 bytes in 504 msecs (HTTP/1.1 200) 4 headers in 157 bytes (1 switches on core 0) [pid: 7|app: 0|req: 1209/2277] 10.0.0.68 () {32 vars in 735 bytes} [Sat Jul 11 04:46:30 2026] GET /v2.0/ports?device_id=3d0b787d-5626-4d81-aedb-aa929f8a360c => generated 12 bytes in 17 msecs (HTTP/1.1 200) 4 headers in 156 bytes (1 switches on core 0) [pid: 7|app: 0|req: 1210/2278] 10.0.0.68 () {32 vars in 723 bytes} [Sat Jul 11 04:46:30 2026] DELETE /v2.0/routers/3d0b787d-5626-4d81-aedb-aa929f8a360c => generated 0 bytes in 170 msecs (HTTP/1.1 204) 2 headers in 112 bytes (1 switches on core 0)
2026-07-11 04:46:31.096 8 WARNING neutron.scheduler.dhcp_agent_scheduler [None req-1a34903f-eca8-4bfb-a0f5-9e43539e21f6 b99f78ed450447889c13c30cbcb6d823 27c911b6aa834708bf4d6757d52071c0 - - default default] No more DHCP agents
2026-07-11 04:46:31.098 8 WARNING neutron.api.rpc.agentnotifiers.dhcp_rpc_agent_api [None req-1a34903f-eca8-4bfb-a0f5-9e43539e21f6 b99f78ed450447889c13c30cbcb6d823 27c911b6aa834708bf4d6757d52071c0 - - default default] Unable to schedule network 89b048d9-af71-40a7-a47e-82a92f806833: no agents available; will retry on subsequent port and subnet creation events.
2026-07-11 04:46:31.281 8 INFO neutron.db.ovn_revision_numbers_db [None req-1a34903f-eca8-4bfb-a0f5-9e43539e21f6 b99f78ed450447889c13c30cbcb6d823 27c911b6aa834708bf4d6757d52071c0 - - default default] Successfully bumped revision number for resource 0aba4296-2ea3-414d-ae7a-55137b78e459 (type: ports) to 1
2026-07-11 04:46:31.794 7 WARNING neutron.db.securitygroups_db [None req-273b0f5b-a1fa-4753-874f-a88eeb6e9c13 b95e8647a63e473ab38d9b963dab4cdb ec6ddeba032448b9ba03723d44e78fa8 - - default default] project_id key not found in filters, using tenant_id instead. This support has been deprecated and will be removed in a future release.
2026-07-11 04:46:31.932 7 INFO neutron.db.ovn_revision_numbers_db [None req-273b0f5b-a1fa-4753-874f-a88eeb6e9c13 b95e8647a63e473ab38d9b963dab4cdb ec6ddeba032448b9ba03723d44e78fa8 - - default default] Successfully bumped revision number for resource 99d1d75f-2c89-4086-96d1-fca6375b86cf (type: security_groups) to 1
2026-07-11 04:46:31.944 7 INFO neutron.db.ovn_revision_numbers_db [None req-273b0f5b-a1fa-4753-874f-a88eeb6e9c13 b95e8647a63e473ab38d9b963dab4cdb ec6ddeba032448b9ba03723d44e78fa8 - - default default] Successfully bumped revision number for resource 5bf1a227-ed6f-4df1-a2b9-2ed84b705f5c (type: security_group_rules) to 0
2026-07-11 04:46:31.958 7 INFO neutron.db.ovn_revision_numbers_db [None req-273b0f5b-a1fa-4753-874f-a88eeb6e9c13 b95e8647a63e473ab38d9b963dab4cdb ec6ddeba032448b9ba03723d44e78fa8 - - default default] Successfully bumped revision number for resource 5f576f2e-e02c-4586-ad60-f116072bd77d (type: security_group_rules) to 0
2026-07-11 04:46:31.971 7 INFO neutron.db.ovn_revision_numbers_db [None req-273b0f5b-a1fa-4753-874f-a88eeb6e9c13 b95e8647a63e473ab38d9b963dab4cdb ec6ddeba032448b9ba03723d44e78fa8 - - default default] Successfully bumped revision number for resource 61d6eea2-7af2-4315-9865-abb0bed7926b (type: security_group_rules) to 0
2026-07-11 04:46:31.983 7 INFO neutron.db.ovn_revision_numbers_db [None req-273b0f5b-a1fa-4753-874f-a88eeb6e9c13 b95e8647a63e473ab38d9b963dab4cdb ec6ddeba032448b9ba03723d44e78fa8 - - default default] Successfully bumped revision number for resource f5db3797-a3f6-4683-a7cc-7594bef31c34 (type: security_group_rules) to 0 [pid: 7|app: 0|req: 1211/2279] 10.0.0.68 () {32 vars in 773 bytes} [Sat Jul 11 04:46:31 2026] GET /v2.0/security-groups?tenant_id=c4b4c3e040004b248461b0c7d6e70ec4&name=default => generated 2925 bytes in 389 msecs (HTTP/1.1 200) 4 headers in 158 bytes (1 switches on core 0)
2026-07-11 04:46:32.190 8 WARNING neutron.scheduler.dhcp_agent_scheduler [None req-1a34903f-eca8-4bfb-a0f5-9e43539e21f6 b99f78ed450447889c13c30cbcb6d823 27c911b6aa834708bf4d6757d52071c0 - - default default] No more DHCP agents
2026-07-11 04:46:32.191 8 WARNING neutron.api.rpc.agentnotifiers.dhcp_rpc_agent_api [None req-1a34903f-eca8-4bfb-a0f5-9e43539e21f6 b99f78ed450447889c13c30cbcb6d823 27c911b6aa834708bf4d6757d52071c0 - - default default] Unable to schedule network 89b048d9-af71-40a7-a47e-82a92f806833: no agents available; will retry on subsequent port and subnet creation events. [pid: 7|app: 0|req: 1212/2280] 10.0.0.68 () {32 vars in 739 bytes} [Sat Jul 11 04:46:32 2026] DELETE /v2.0/security-groups/99d1d75f-2c89-4086-96d1-fca6375b86cf => generated 0 bytes in 198 msecs (HTTP/1.1 204) 2 headers in 112 bytes (1 switches on core 0)
2026-07-11 04:46:32.353 7 WARNING neutron.db.securitygroups_db [None req-c52c5b21-65f0-4407-8231-9607e9e7e89c b95e8647a63e473ab38d9b963dab4cdb ec6ddeba032448b9ba03723d44e78fa8 - - default default] project_id key not found in filters, using tenant_id instead. This support has been deprecated and will be removed in a future release.
2026-07-11 04:46:32.552 8 INFO neutron.db.ovn_revision_numbers_db [None req-1a34903f-eca8-4bfb-a0f5-9e43539e21f6 b99f78ed450447889c13c30cbcb6d823 27c911b6aa834708bf4d6757d52071c0 - - default default] Successfully bumped revision number for resource 0aba4296-2ea3-414d-ae7a-55137b78e459 (type: router_ports) to 1 [pid: 8|app: 0|req: 1069/2281] 10.0.0.68 () {34 vars in 782 bytes} [Sat Jul 11 04:46:30 2026] PUT /v2.0/routers/c83c166f-4ff3-4d66-ab08-9bf5eb7c3fc2/add_router_interface => generated 310 bytes in 2054 msecs (HTTP/1.1 200) 4 headers in 157 bytes (1 switches on core 0)
2026-07-11 04:46:32.561 7 INFO neutron.db.ovn_revision_numbers_db [None req-c52c5b21-65f0-4407-8231-9607e9e7e89c b95e8647a63e473ab38d9b963dab4cdb ec6ddeba032448b9ba03723d44e78fa8 - - default default] Successfully bumped revision number for resource 61a6fb03-d063-451b-afde-7af066810519 (type: security_groups) to 1
2026-07-11 04:46:32.576 7 INFO neutron.db.ovn_revision_numbers_db [None req-c52c5b21-65f0-4407-8231-9607e9e7e89c b95e8647a63e473ab38d9b963dab4cdb ec6ddeba032448b9ba03723d44e78fa8 - - default default] Successfully bumped revision number for resource 4036a0ef-fb17-48c3-865b-755751cdda78 (type: security_group_rules) to 0
2026-07-11 04:46:32.589 7 INFO neutron.db.ovn_revision_numbers_db [None req-c52c5b21-65f0-4407-8231-9607e9e7e89c b95e8647a63e473ab38d9b963dab4cdb ec6ddeba032448b9ba03723d44e78fa8 - - default default] Successfully bumped revision number for resource 6804cd68-29ae-46b6-bd2d-0e5a108689c5 (type: security_group_rules) to 0
2026-07-11 04:46:32.601 7 INFO neutron.db.ovn_revision_numbers_db [None req-c52c5b21-65f0-4407-8231-9607e9e7e89c b95e8647a63e473ab38d9b963dab4cdb ec6ddeba032448b9ba03723d44e78fa8 - - default default] Successfully bumped revision number for resource c3e631bc-766f-41e2-8201-49a4fee7228c (type: security_group_rules) to 0
2026-07-11 04:46:32.614 7 INFO neutron.db.ovn_revision_numbers_db [None req-c52c5b21-65f0-4407-8231-9607e9e7e89c b95e8647a63e473ab38d9b963dab4cdb ec6ddeba032448b9ba03723d44e78fa8 - - default default] Successfully bumped revision number for resource eb6e73bc-3bee-4864-aa00-1d990b5cf549 (type: security_group_rules) to 0
2026-07-11 04:46:32.617 8 INFO neutron.common.ovn.utils [None req-9a0df8de-f532-47cb-a185-8aed42a8cacb - - - - - -] HA Chassis Group neutron-89b048d9-af71-40a7-a47e-82a92f806833 synchronized; highest priority chassis 85c044dc-a28e-4afe-8604-20c6dcdfe7c4 [pid: 7|app: 0|req: 1213/2282] 10.0.0.68 () {32 vars in 773 bytes} [Sat Jul 11 04:46:32 2026] GET /v2.0/security-groups?tenant_id=8286eb54f02142a1b422eab8ae67aca3&name=default => generated 2925 bytes in 321 msecs (HTTP/1.1 200) 4 headers in 158 bytes (1 switches on core 0) [pid: 7|app: 0|req: 1214/2283] 10.0.0.68 () {32 vars in 739 bytes} [Sat Jul 11 04:46:32 2026] DELETE /v2.0/security-groups/61a6fb03-d063-451b-afde-7af066810519 => generated 0 bytes in 191 msecs (HTTP/1.1 204) 2 headers in 112 bytes (1 switches on core 0)
2026-07-11 04:46:33.268 8 WARNING neutron.scheduler.dhcp_agent_scheduler [None req-7c56f3df-123d-4903-866f-38b01dc1416a - - - - - -] No more DHCP agents
2026-07-11 04:46:33.269 8 WARNING neutron.api.rpc.agentnotifiers.dhcp_rpc_agent_api [None req-7c56f3df-123d-4903-866f-38b01dc1416a - - - - - -] Unable to schedule network f8b4eb29-466b-42be-9a2f-6751bb66c25a: no agents available; will retry on subsequent port and subnet creation events.
2026-07-11 04:46:33.416 8 INFO neutron.plugins.ml2.drivers.ovn.mech_driver.mech_driver [None req-9a0df8de-f532-47cb-a185-8aed42a8cacb - - - - - -] OVN reports status down for port: d0fdce53-e17f-4152-8f8e-9bdadaa3035c
2026-07-11 04:46:33.493 8 INFO neutron.db.ovn_revision_numbers_db [None req-7c56f3df-123d-4903-866f-38b01dc1416a - - - - - -] Successfully bumped revision number for resource d0fdce53-e17f-4152-8f8e-9bdadaa3035c (type: ports) to 1
2026-07-11 04:46:33.849 7 INFO neutron.db.ovn_revision_numbers_db [None req-bf827181-0a0d-46d7-9b3a-dfb36d195c45 d66431d4e7194a70b6e8ff8c0ce5a26e e39e8756d22342e99ac92eb815920433 - - default default] Successfully bumped revision number for resource 99355d3e-cb7c-4f41-b555-6315c4f1754c (type: security_groups) to 1
2026-07-11 04:46:33.860 8 INFO neutron.db.ovn_revision_numbers_db [None req-7c56f3df-123d-4903-866f-38b01dc1416a - - - - - -] Successfully bumped revision number for resource d0fdce53-e17f-4152-8f8e-9bdadaa3035c (type: ports) to 3
2026-07-11 04:46:33.863 7 INFO neutron.db.ovn_revision_numbers_db [None req-bf827181-0a0d-46d7-9b3a-dfb36d195c45 d66431d4e7194a70b6e8ff8c0ce5a26e e39e8756d22342e99ac92eb815920433 - - default default] Successfully bumped revision number for resource 3bd8aa2f-bfab-412e-b29a-5ae4c4c0e0d3 (type: security_group_rules) to 0
2026-07-11 04:46:33.878 7 INFO neutron.db.ovn_revision_numbers_db [None req-bf827181-0a0d-46d7-9b3a-dfb36d195c45 d66431d4e7194a70b6e8ff8c0ce5a26e e39e8756d22342e99ac92eb815920433 - - default default] Successfully bumped revision number for resource 4d4094f0-8924-4e61-89ba-ae76a6ab3996 (type: security_group_rules) to 0
2026-07-11 04:46:33.889 7 INFO neutron.db.ovn_revision_numbers_db [None req-bf827181-0a0d-46d7-9b3a-dfb36d195c45 d66431d4e7194a70b6e8ff8c0ce5a26e e39e8756d22342e99ac92eb815920433 - - default default] Successfully bumped revision number for resource cba05517-3edb-4074-ad6a-3ce0e98d9fda (type: security_group_rules) to 0
2026-07-11 04:46:33.901 7 INFO neutron.db.ovn_revision_numbers_db [None req-bf827181-0a0d-46d7-9b3a-dfb36d195c45 d66431d4e7194a70b6e8ff8c0ce5a26e e39e8756d22342e99ac92eb815920433 - - default default] Successfully bumped revision number for resource de656609-9969-4b0a-b5f4-d3ea23d42e20 (type: security_group_rules) to 0
