2026-07-10 01:08:14.494 8 INFO placement.requestlog [None req-1bd39122-e51d-4db3-a40a-79feac05c158 eb79f73c0f5749aab82ee27bf96dbe94 3b569ebf686d4c2893016419eb686d2c - - a51fbe806b724e22ac39c240f7703ce0 a51fbe806b724e22ac39c240f7703ce0] 10.0.0.244 "GET /resource_providers/e790283e-69c8-4a15-bcf3-c526c163209e/aggregates" status: 404 len: 235 microversion: 1.1 [pid: 7|app: 0|req: 526/1054] 10.0.0.244 () {32 vars in 825 bytes} [Fri Jul 10 01:08:14 2026] GET /resource_providers/e790283e-69c8-4a15-bcf3-c526c163209e/aggregates => generated 235 bytes in 15 msecs (HTTP/1.1 404) 5 headers in 202 bytes (1 switches on core 0) [pid: 8|app: 0|req: 529/1055] 10.0.0.244 () {32 vars in 825 bytes} [Fri Jul 10 01:08:14 2026] GET /resource_providers/e790283e-69c8-4a15-bcf3-c526c163209e/aggregates => generated 235 bytes in 16 msecs (HTTP/1.1 404) 5 headers in 202 bytes (1 switches on core 0)
2026-07-10 01:08:14.531 7 INFO placement.requestlog [None req-f604fbeb-8012-4756-8e5a-08b97b6e07f2 eb79f73c0f5749aab82ee27bf96dbe94 3b569ebf686d4c2893016419eb686d2c - - a51fbe806b724e22ac39c240f7703ce0 a51fbe806b724e22ac39c240f7703ce0] 10.0.0.244 "DELETE /resource_providers/e790283e-69c8-4a15-bcf3-c526c163209e" status: 404 len: 246 microversion: 1.1 [pid: 7|app: 0|req: 527/1056] 10.0.0.244 () {34 vars in 825 bytes} [Fri Jul 10 01:08:14 2026] DELETE /resource_providers/e790283e-69c8-4a15-bcf3-c526c163209e => generated 246 bytes in 11 msecs (HTTP/1.1 404) 6 headers in 231 bytes (1 switches on core 0)
2026-07-10 01:08:14.532 8 INFO placement.requestlog [None req-bf71db43-7ad3-4502-b610-3d3dd1ee52bf eb79f73c0f5749aab82ee27bf96dbe94 3b569ebf686d4c2893016419eb686d2c - - a51fbe806b724e22ac39c240f7703ce0 a51fbe806b724e22ac39c240f7703ce0] 10.0.0.244 "DELETE /resource_providers/e790283e-69c8-4a15-bcf3-c526c163209e" status: 404 len: 246 microversion: 1.1 [pid: 8|app: 0|req: 530/1057] 10.0.0.244 () {34 vars in 825 bytes} [Fri Jul 10 01:08:14 2026] DELETE /resource_providers/e790283e-69c8-4a15-bcf3-c526c163209e => generated 246 bytes in 12 msecs (HTTP/1.1 404) 6 headers in 231 bytes (1 switches on core 0)
2026-07-10 01:08:16.104 8 INFO placement.requestlog [None req-a7e7398d-5461-4246-ab73-ae28179c3b8f - - - - - -] 10.0.0.27 "GET /" status: 200 len: 136 microversion: 1.0
2026-07-10 01:08:16.105 7 INFO placement.requestlog [None req-74c82733-d3b6-400d-bbba-169c530caf7b - - - - - -] 10.0.0.27 "GET /" status: 200 len: 136 microversion: 1.0
2026-07-10 01:08:23.610 7 INFO placement.requestlog [None req-e499dac7-e6f5-49ce-921c-7c29342aa3ac eb79f73c0f5749aab82ee27bf96dbe94 3b569ebf686d4c2893016419eb686d2c - - a51fbe806b724e22ac39c240f7703ce0 a51fbe806b724e22ac39c240f7703ce0] 10.0.0.244 "GET /resource_providers/30258ae3-e4d4-45c0-be0c-587a2291f10e/aggregates" status: 404 len: 235 microversion: 1.1 [pid: 7|app: 0|req: 529/1060] 10.0.0.244 () {32 vars in 825 bytes} [Fri Jul 10 01:08:23 2026] GET /resource_providers/30258ae3-e4d4-45c0-be0c-587a2291f10e/aggregates => generated 235 bytes in 12 msecs (HTTP/1.1 404) 5 headers in 202 bytes (1 switches on core 0)
2026-07-10 01:08:23.611 8 INFO placement.requestlog [None req-c0f972a7-507f-4efa-b4d4-28743dfdddee eb79f73c0f5749aab82ee27bf96dbe94 3b569ebf686d4c2893016419eb686d2c - - a51fbe806b724e22ac39c240f7703ce0 a51fbe806b724e22ac39c240f7703ce0] 10.0.0.244 "GET /resource_providers/30258ae3-e4d4-45c0-be0c-587a2291f10e/aggregates" status: 404 len: 235 microversion: 1.1 [pid: 8|app: 0|req: 532/1061] 10.0.0.244 () {32 vars in 825 bytes} [Fri Jul 10 01:08:23 2026] GET /resource_providers/30258ae3-e4d4-45c0-be0c-587a2291f10e/aggregates => generated 235 bytes in 13 msecs (HTTP/1.1 404) 5 headers in 202 bytes (1 switches on core 0)
2026-07-10 01:08:23.645 7 INFO placement.requestlog [None req-4ad1bd20-3ecd-4f4b-8cce-e3e01ba19893 eb79f73c0f5749aab82ee27bf96dbe94 3b569ebf686d4c2893016419eb686d2c - - a51fbe806b724e22ac39c240f7703ce0 a51fbe806b724e22ac39c240f7703ce0] 10.0.0.244 "DELETE /resource_providers/30258ae3-e4d4-45c0-be0c-587a2291f10e" status: 404 len: 246 microversion: 1.1
2026-07-10 01:08:23.645 8 INFO placement.requestlog [None req-66539188-f181-4f86-beaf-fe55d6020ea6 eb79f73c0f5749aab82ee27bf96dbe94 3b569ebf686d4c2893016419eb686d2c - - a51fbe806b724e22ac39c240f7703ce0 a51fbe806b724e22ac39c240f7703ce0] 10.0.0.244 "DELETE /resource_providers/30258ae3-e4d4-45c0-be0c-587a2291f10e" status: 404 len: 246 microversion: 1.1 [pid: 7|app: 0|req: 530/1062] 10.0.0.244 () {34 vars in 825 bytes} [Fri Jul 10 01:08:23 2026] DELETE /resource_providers/30258ae3-e4d4-45c0-be0c-587a2291f10e => generated 246 bytes in 14 msecs (HTTP/1.1 404) 6 headers in 231 bytes (1 switches on core 0) [pid: 8|app: 0|req: 533/1063] 10.0.0.244 () {34 vars in 825 bytes} [Fri Jul 10 01:08:23 2026] DELETE /resource_providers/30258ae3-e4d4-45c0-be0c-587a2291f10e => generated 246 bytes in 13 msecs (HTTP/1.1 404) 6 headers in 231 bytes (1 switches on core 0)
2026-07-10 01:08:24.107 7 INFO placement.requestlog [None req-cacf8250-bfdf-4c51-91bd-8d5ca649bef0 eb79f73c0f5749aab82ee27bf96dbe94 3b569ebf686d4c2893016419eb686d2c - - a51fbe806b724e22ac39c240f7703ce0 a51fbe806b724e22ac39c240f7703ce0] 10.0.0.244 "GET /resource_providers/a0f9bb5f-9acc-4662-8729-2da7de6e9029/aggregates" status: 404 len: 235 microversion: 1.1 [pid: 7|app: 0|req: 531/1064] 10.0.0.244 () {32 vars in 825 bytes} [Fri Jul 10 01:08:24 2026] GET /resource_providers/a0f9bb5f-9acc-4662-8729-2da7de6e9029/aggregates => generated 235 bytes in 17 msecs (HTTP/1.1 404) 5 headers in 202 bytes (1 switches on core 0)
2026-07-10 01:08:24.118 8 INFO placement.requestlog [None req-23df9313-b269-4353-b60f-9e6456d46976 eb79f73c0f5749aab82ee27bf96dbe94 3b569ebf686d4c2893016419eb686d2c - - a51fbe806b724e22ac39c240f7703ce0 a51fbe806b724e22ac39c240f7703ce0] 10.0.0.244 "GET /resource_providers/a0f9bb5f-9acc-4662-8729-2da7de6e9029/aggregates" status: 404 len: 235 microversion: 1.1 [pid: 8|app: 0|req: 534/1065] 10.0.0.244 () {32 vars in 825 bytes} [Fri Jul 10 01:08:24 2026] GET /resource_providers/a0f9bb5f-9acc-4662-8729-2da7de6e9029/aggregates => generated 235 bytes in 27 msecs (HTTP/1.1 404) 5 headers in 202 bytes (1 switches on core 0)
2026-07-10 01:08:24.137 8 INFO placement.requestlog [None req-ac7cd40a-8b8a-4e59-bbad-e69cb29e2175 eb79f73c0f5749aab82ee27bf96dbe94 3b569ebf686d4c2893016419eb686d2c - - a51fbe806b724e22ac39c240f7703ce0 a51fbe806b724e22ac39c240f7703ce0] 10.0.0.244 "DELETE /resource_providers/a0f9bb5f-9acc-4662-8729-2da7de6e9029" status: 404 len: 246 microversion: 1.1 [pid: 8|app: 0|req: 535/1066] 10.0.0.244 () {34 vars in 825 bytes} [Fri Jul 10 01:08:24 2026] DELETE /resource_providers/a0f9bb5f-9acc-4662-8729-2da7de6e9029 => generated 246 bytes in 12 msecs (HTTP/1.1 404) 6 headers in 231 bytes (1 switches on core 0)
2026-07-10 01:08:24.139 7 INFO placement.requestlog [None req-48431a39-9b22-4d2e-9418-034aab614f67 eb79f73c0f5749aab82ee27bf96dbe94 3b569ebf686d4c2893016419eb686d2c - - a51fbe806b724e22ac39c240f7703ce0 a51fbe806b724e22ac39c240f7703ce0] 10.0.0.244 "DELETE /resource_providers/a0f9bb5f-9acc-4662-8729-2da7de6e9029" status: 404 len: 246 microversion: 1.1 [pid: 7|app: 0|req: 532/1067] 10.0.0.244 () {34 vars in 825 bytes} [Fri Jul 10 01:08:24 2026] DELETE /resource_providers/a0f9bb5f-9acc-4662-8729-2da7de6e9029 => generated 246 bytes in 22 msecs (HTTP/1.1 404) 6 headers in 231 bytes (1 switches on core 0)
2026-07-10 01:08:25.666 8 INFO placement.requestlog [None req-7961cec8-dee2-40ca-ae63-d78800b769c9 eb79f73c0f5749aab82ee27bf96dbe94 3b569ebf686d4c2893016419eb686d2c - - a51fbe806b724e22ac39c240f7703ce0 a51fbe806b724e22ac39c240f7703ce0] 10.0.0.244 "GET /resource_providers/f4875f10-1ada-4658-87a8-03b1af38d800/aggregates" status: 404 len: 235 microversion: 1.1 [pid: 8|app: 0|req: 536/1068] 10.0.0.244 () {32 vars in 825 bytes} [Fri Jul 10 01:08:25 2026] GET /resource_providers/f4875f10-1ada-4658-87a8-03b1af38d800/aggregates => generated 235 bytes in 12 msecs (HTTP/1.1 404) 5 headers in 202 bytes (1 switches on core 0)
2026-07-10 01:08:25.677 7 INFO placement.requestlog [None req-ebd9dacd-f5ac-43f1-b05e-36aa50dd6c33 eb79f73c0f5749aab82ee27bf96dbe94 3b569ebf686d4c2893016419eb686d2c - - a51fbe806b724e22ac39c240f7703ce0 a51fbe806b724e22ac39c240f7703ce0] 10.0.0.244 "GET /resource_providers/f4875f10-1ada-4658-87a8-03b1af38d800/aggregates" status: 404 len: 235 microversion: 1.1 [pid: 7|app: 0|req: 533/1069] 10.0.0.244 () {32 vars in 825 bytes} [Fri Jul 10 01:08:25 2026] GET /resource_providers/f4875f10-1ada-4658-87a8-03b1af38d800/aggregates => generated 235 bytes in 16 msecs (HTTP/1.1 404) 5 headers in 202 bytes (1 switches on core 0)
2026-07-10 01:08:25.688 8 INFO placement.requestlog [None req-95317fce-8921-42b6-8aff-425926837cdf eb79f73c0f5749aab82ee27bf96dbe94 3b569ebf686d4c2893016419eb686d2c - - a51fbe806b724e22ac39c240f7703ce0 a51fbe806b724e22ac39c240f7703ce0] 10.0.0.244 "DELETE /resource_providers/f4875f10-1ada-4658-87a8-03b1af38d800" status: 404 len: 246 microversion: 1.1 [pid: 8|app: 0|req: 537/1070] 10.0.0.244 () {34 vars in 825 bytes} [Fri Jul 10 01:08:25 2026] DELETE /resource_providers/f4875f10-1ada-4658-87a8-03b1af38d800 => generated 246 bytes in 14 msecs (HTTP/1.1 404) 6 headers in 231 bytes (1 switches on core 0)
2026-07-10 01:08:25.699 7 INFO placement.requestlog [None req-261a700d-0f41-41dc-8183-b8652b8d2912 eb79f73c0f5749aab82ee27bf96dbe94 3b569ebf686d4c2893016419eb686d2c - - a51fbe806b724e22ac39c240f7703ce0 a51fbe806b724e22ac39c240f7703ce0] 10.0.0.244 "DELETE /resource_providers/f4875f10-1ada-4658-87a8-03b1af38d800" status: 404 len: 246 microversion: 1.1 [pid: 7|app: 0|req: 534/1071] 10.0.0.244 () {34 vars in 825 bytes} [Fri Jul 10 01:08:25 2026] DELETE /resource_providers/f4875f10-1ada-4658-87a8-03b1af38d800 => generated 246 bytes in 13 msecs (HTTP/1.1 404) 6 headers in 231 bytes (1 switches on core 0)
2026-07-10 01:08:26.104 8 INFO placement.requestlog [None req-9cc77213-badb-4993-97a4-d431f8f00653 - - - - - -] 10.0.0.27 "GET /" status: 200 len: 136 microversion: 1.0
2026-07-10 01:08:26.104 7 INFO placement.requestlog [None req-07613f1e-38f1-404f-bc88-62b9267d950c - - - - - -] 10.0.0.27 "GET /" status: 200 len: 136 microversion: 1.0
2026-07-10 01:08:26.169 8 INFO placement.requestlog [None req-1fee7163-4b18-4364-888b-7bea98477d27 eb79f73c0f5749aab82ee27bf96dbe94 3b569ebf686d4c2893016419eb686d2c - - a51fbe806b724e22ac39c240f7703ce0 a51fbe806b724e22ac39c240f7703ce0] 10.0.0.244 "GET /resource_providers/7e0d6c77-c33e-45da-a0d5-fc6a9ba90137/aggregates" status: 404 len: 235 microversion: 1.1 [pid: 8|app: 0|req: 539/1074] 10.0.0.244 () {32 vars in 825 bytes} [Fri Jul 10 01:08:26 2026] GET /resource_providers/7e0d6c77-c33e-45da-a0d5-fc6a9ba90137/aggregates => generated 235 bytes in 15 msecs (HTTP/1.1 404) 5 headers in 202 bytes (1 switches on core 0)
2026-07-10 01:08:26.187 8 INFO placement.requestlog [None req-46717cf7-bacc-46e0-ac66-845b25477bd9 eb79f73c0f5749aab82ee27bf96dbe94 3b569ebf686d4c2893016419eb686d2c - - a51fbe806b724e22ac39c240f7703ce0 a51fbe806b724e22ac39c240f7703ce0] 10.0.0.244 "DELETE /resource_providers/7e0d6c77-c33e-45da-a0d5-fc6a9ba90137" status: 404 len: 246 microversion: 1.1 [pid: 8|app: 0|req: 540/1075] 10.0.0.244 () {34 vars in 825 bytes} [Fri Jul 10 01:08:26 2026] DELETE /resource_providers/7e0d6c77-c33e-45da-a0d5-fc6a9ba90137 => generated 246 bytes in 10 msecs (HTTP/1.1 404) 6 headers in 231 bytes (1 switches on core 0)
2026-07-10 01:08:26.189 7 INFO placement.requestlog [None req-3ddb8975-e8c5-4e8f-bd4a-945f89994a2e eb79f73c0f5749aab82ee27bf96dbe94 3b569ebf686d4c2893016419eb686d2c - - a51fbe806b724e22ac39c240f7703ce0 a51fbe806b724e22ac39c240f7703ce0] 10.0.0.244 "GET /resource_providers/7e0d6c77-c33e-45da-a0d5-fc6a9ba90137/aggregates" status: 404 len: 235 microversion: 1.1 [pid: 7|app: 0|req: 536/1076] 10.0.0.244 () {32 vars in 825 bytes} [Fri Jul 10 01:08:26 2026] GET /resource_providers/7e0d6c77-c33e-45da-a0d5-fc6a9ba90137/aggregates => generated 235 bytes in 22 msecs (HTTP/1.1 404) 5 headers in 202 bytes (1 switches on core 0)
2026-07-10 01:08:26.207 8 INFO placement.requestlog [None req-a156aad3-6f7b-41b9-982b-f457968e5647 eb79f73c0f5749aab82ee27bf96dbe94 3b569ebf686d4c2893016419eb686d2c - - a51fbe806b724e22ac39c240f7703ce0 a51fbe806b724e22ac39c240f7703ce0] 10.0.0.244 "GET /resource_providers/ba33013b-fb47-4ced-8295-253dafaa3a3e/aggregates" status: 404 len: 235 microversion: 1.1 [pid: 8|app: 0|req: 541/1077] 10.0.0.244 () {32 vars in 825 bytes} [Fri Jul 10 01:08:26 2026] GET /resource_providers/ba33013b-fb47-4ced-8295-253dafaa3a3e/aggregates => generated 235 bytes in 10 msecs (HTTP/1.1 404) 5 headers in 202 bytes (1 switches on core 0)
2026-07-10 01:08:26.215 7 INFO placement.requestlog [None req-7f8c9bf5-4eb0-445c-b4db-a6b8a142d639 eb79f73c0f5749aab82ee27bf96dbe94 3b569ebf686d4c2893016419eb686d2c - - a51fbe806b724e22ac39c240f7703ce0 a51fbe806b724e22ac39c240f7703ce0] 10.0.0.244 "DELETE /resource_providers/7e0d6c77-c33e-45da-a0d5-fc6a9ba90137" status: 404 len: 246 microversion: 1.1 [pid: 7|app: 0|req: 537/1078] 10.0.0.244 () {34 vars in 825 bytes} [Fri Jul 10 01:08:26 2026] DELETE /resource_providers/7e0d6c77-c33e-45da-a0d5-fc6a9ba90137 => generated 246 bytes in 9 msecs (HTTP/1.1 404) 6 headers in 231 bytes (1 switches on core 0)
2026-07-10 01:08:26.228 8 INFO placement.requestlog [None req-906ee54e-5193-4a45-9109-28077013995e eb79f73c0f5749aab82ee27bf96dbe94 3b569ebf686d4c2893016419eb686d2c - - a51fbe806b724e22ac39c240f7703ce0 a51fbe806b724e22ac39c240f7703ce0] 10.0.0.244 "DELETE /resource_providers/ba33013b-fb47-4ced-8295-253dafaa3a3e" status: 404 len: 246 microversion: 1.1 [pid: 8|app: 0|req: 542/1079] 10.0.0.244 () {34 vars in 825 bytes} [Fri Jul 10 01:08:26 2026] DELETE /resource_providers/ba33013b-fb47-4ced-8295-253dafaa3a3e => generated 246 bytes in 14 msecs (HTTP/1.1 404) 6 headers in 231 bytes (1 switches on core 0)
2026-07-10 01:08:26.237 7 INFO placement.requestlog [None req-7332514e-3174-4d05-aeaf-a6d8728bce7b eb79f73c0f5749aab82ee27bf96dbe94 3b569ebf686d4c2893016419eb686d2c - - a51fbe806b724e22ac39c240f7703ce0 a51fbe806b724e22ac39c240f7703ce0] 10.0.0.244 "GET /resource_providers/ba33013b-fb47-4ced-8295-253dafaa3a3e/aggregates" status: 404 len: 235 microversion: 1.1 [pid: 7|app: 0|req: 538/1080] 10.0.0.244 () {32 vars in 825 bytes} [Fri Jul 10 01:08:26 2026] GET /resource_providers/ba33013b-fb47-4ced-8295-253dafaa3a3e/aggregates => generated 235 bytes in 10 msecs (HTTP/1.1 404) 5 headers in 202 bytes (1 switches on core 0)
2026-07-10 01:08:26.253 8 INFO placement.requestlog [None req-df090a10-ef9b-4b6f-807d-b5d76cf4b1da eb79f73c0f5749aab82ee27bf96dbe94 3b569ebf686d4c2893016419eb686d2c - - a51fbe806b724e22ac39c240f7703ce0 a51fbe806b724e22ac39c240f7703ce0] 10.0.0.244 "DELETE /resource_providers/ba33013b-fb47-4ced-8295-253dafaa3a3e" status: 404 len: 246 microversion: 1.1 [pid: 8|app: 0|req: 543/1081] 10.0.0.244 () {34 vars in 825 bytes} [Fri Jul 10 01:08:26 2026] DELETE /resource_providers/ba33013b-fb47-4ced-8295-253dafaa3a3e => generated 246 bytes in 10 msecs (HTTP/1.1 404) 6 headers in 231 bytes (1 switches on core 0)
2026-07-10 01:08:36.104 8 INFO placement.requestlog [None req-099e9830-f948-420f-a1f0-962ca1859445 - - - - - -] 10.0.0.27 "GET /" status: 200 len: 136 microversion: 1.0
2026-07-10 01:08:36.104 7 INFO placement.requestlog [None req-af826e92-7cd3-493e-8411-d8eec07a3bf4 - - - - - -] 10.0.0.27 "GET /" status: 200 len: 136 microversion: 1.0
2026-07-10 01:08:44.514 8 INFO placement.requestlog [req-a09f2cf6-e5c7-42f5-8cb0-81e21ee04809 req-02a0139f-0d14-4f5e-8bfe-951809c7c951 dcd3485e0bf8404b96c8ab266f70a149 3b569ebf686d4c2893016419eb686d2c - - a51fbe806b724e22ac39c240f7703ce0 a51fbe806b724e22ac39c240f7703ce0] 199.204.45.216 "GET /resource_providers/44e7656c-7747-41d1-8cdd-673a73362f1b/allocations" status: 200 len: 55 microversion: 1.0 [pid: 8|app: 0|req: 545/1084] 199.204.45.216 () {32 vars in 857 bytes} [Fri Jul 10 01:08:44 2026] GET /resource_providers/44e7656c-7747-41d1-8cdd-673a73362f1b/allocations => generated 55 bytes in 217 msecs (HTTP/1.1 200) 6 headers in 223 bytes (1 switches on core 0)
2026-07-10 01:08:44.547 7 INFO placement.requestlog [req-a09f2cf6-e5c7-42f5-8cb0-81e21ee04809 req-4a74871d-5e6a-4bcf-aa87-358d317189de dcd3485e0bf8404b96c8ab266f70a149 3b569ebf686d4c2893016419eb686d2c - - a51fbe806b724e22ac39c240f7703ce0 a51fbe806b724e22ac39c240f7703ce0] 199.204.45.216 "GET /resource_providers?in_tree=44e7656c-7747-41d1-8cdd-673a73362f1b" status: 200 len: 798 microversion: 1.14 [pid: 7|app: 0|req: 540/1085] 199.204.45.216 () {34 vars in 892 bytes} [Fri Jul 10 01:08:44 2026] GET /resource_providers?in_tree=44e7656c-7747-41d1-8cdd-673a73362f1b => generated 798 bytes in 22 msecs (HTTP/1.1 200) 6 headers in 225 bytes (1 switches on core 0)
2026-07-10 01:08:44.573 8 INFO placement.requestlog [req-a09f2cf6-e5c7-42f5-8cb0-81e21ee04809 req-559fac78-d03b-4e7e-8411-9a420c30ca11 dcd3485e0bf8404b96c8ab266f70a149 3b569ebf686d4c2893016419eb686d2c - - a51fbe806b724e22ac39c240f7703ce0 a51fbe806b724e22ac39c240f7703ce0] 199.204.45.216 "GET /resource_providers/44e7656c-7747-41d1-8cdd-673a73362f1b/inventories" status: 200 len: 401 microversion: 1.0 [pid: 8|app: 0|req: 546/1086] 199.204.45.216 () {32 vars in 857 bytes} [Fri Jul 10 01:08:44 2026] GET /resource_providers/44e7656c-7747-41d1-8cdd-673a73362f1b/inventories => generated 401 bytes in 17 msecs (HTTP/1.1 200) 6 headers in 224 bytes (1 switches on core 0)
2026-07-10 01:08:44.605 7 INFO placement.requestlog [req-a09f2cf6-e5c7-42f5-8cb0-81e21ee04809 req-25e1ff6d-1901-42a8-a73d-4880029d9f1d dcd3485e0bf8404b96c8ab266f70a149 3b569ebf686d4c2893016419eb686d2c - - a51fbe806b724e22ac39c240f7703ce0 a51fbe806b724e22ac39c240f7703ce0] 199.204.45.216 "GET /resource_providers/44e7656c-7747-41d1-8cdd-673a73362f1b/aggregates" status: 200 len: 54 microversion: 1.19 [pid: 7|app: 0|req: 541/1087] 199.204.45.216 () {34 vars in 899 bytes} [Fri Jul 10 01:08:44 2026] GET /resource_providers/44e7656c-7747-41d1-8cdd-673a73362f1b/aggregates => generated 54 bytes in 23 msecs (HTTP/1.1 200) 8 headers in 295 bytes (1 switches on core 0)
2026-07-10 01:08:44.642 8 INFO placement.requestlog [req-a09f2cf6-e5c7-42f5-8cb0-81e21ee04809 req-1e714fdb-e13c-4218-8b43-f54abfcd5e12 dcd3485e0bf8404b96c8ab266f70a149 3b569ebf686d4c2893016419eb686d2c - - a51fbe806b724e22ac39c240f7703ce0 a51fbe806b724e22ac39c240f7703ce0] 199.204.45.216 "GET /resource_providers/44e7656c-7747-41d1-8cdd-673a73362f1b/traits" status: 200 len: 1724 microversion: 1.6 [pid: 8|app: 0|req: 547/1088] 199.204.45.216 () {34 vars in 890 bytes} [Fri Jul 10 01:08:44 2026] GET /resource_providers/44e7656c-7747-41d1-8cdd-673a73362f1b/traits => generated 1724 bytes in 31 msecs (HTTP/1.1 200) 6 headers in 225 bytes (1 switches on core 0)
2026-07-10 01:08:44.671 7 INFO placement.requestlog [req-a09f2cf6-e5c7-42f5-8cb0-81e21ee04809 req-5d062c4e-9da3-411e-80e6-44efbf36ad53 dcd3485e0bf8404b96c8ab266f70a149 3b569ebf686d4c2893016419eb686d2c - - a51fbe806b724e22ac39c240f7703ce0 a51fbe806b724e22ac39c240f7703ce0] 199.204.45.216 "GET /resource_providers/44e7656c-7747-41d1-8cdd-673a73362f1b/allocations" status: 200 len: 55 microversion: 1.0 [pid: 7|app: 0|req: 542/1089] 199.204.45.216 () {32 vars in 857 bytes} [Fri Jul 10 01:08:44 2026] GET /resource_providers/44e7656c-7747-41d1-8cdd-673a73362f1b/allocations => generated 55 bytes in 18 msecs (HTTP/1.1 200) 6 headers in 223 bytes (1 switches on core 0)
2026-07-10 01:08:46.104 7 INFO placement.requestlog [None req-8a3bd2f3-d6a6-48f9-9d6f-fe91feb6eae2 - - - - - -] 10.0.0.27 "GET /" status: 200 len: 136 microversion: 1.0
2026-07-10 01:08:46.104 8 INFO placement.requestlog [None req-2518ce4f-6b96-485f-a3bb-05845c948bcf - - - - - -] 10.0.0.27 "GET /" status: 200 len: 136 microversion: 1.0
2026-07-10 01:08:55.865 7 INFO placement.requestlog [req-95936a40-cf96-4de3-b0ee-21a43221932c req-0d51eca5-7a6f-4949-9ce2-770b800cb7f5 dcd3485e0bf8404b96c8ab266f70a149 3b569ebf686d4c2893016419eb686d2c - - a51fbe806b724e22ac39c240f7703ce0 a51fbe806b724e22ac39c240f7703ce0] 10.0.0.80 "GET /allocation_candidates?limit=1000&resources=DISK_GB%3A1%2CMEMORY_MB%3A512%2CVCPU%3A1&root_required=%21COMPUTE_STATUS_DISABLED" status: 200 len: 2188 microversion: 1.36 [pid: 7|app: 0|req: 544/1092] 10.0.0.80 () {34 vars in 1011 bytes} [Fri Jul 10 01:08:55 2026] GET /allocation_candidates?limit=1000&resources=DISK_GB%3A1%2CMEMORY_MB%3A512%2CVCPU%3A1&root_required=%21COMPUTE_STATUS_DISABLED => generated 2188 bytes in 226 msecs (HTTP/1.1 200) 8 headers in 297 bytes (1 switches on core 0)
2026-07-10 01:08:55.903 8 INFO placement.requestlog [req-95936a40-cf96-4de3-b0ee-21a43221932c req-0a604b83-cb93-4645-87c5-53ae00577a8c dcd3485e0bf8404b96c8ab266f70a149 3b569ebf686d4c2893016419eb686d2c - - a51fbe806b724e22ac39c240f7703ce0 a51fbe806b724e22ac39c240f7703ce0] 10.0.0.80 "GET /allocations/1760a77a-20dc-4eb3-a538-8f383e276020" status: 200 len: 19 microversion: 1.28 [pid: 8|app: 0|req: 549/1093] 10.0.0.80 () {34 vars in 860 bytes} [Fri Jul 10 01:08:55 2026] GET /allocations/1760a77a-20dc-4eb3-a538-8f383e276020 => generated 19 bytes in 13 msecs (HTTP/1.1 200) 8 headers in 295 bytes (1 switches on core 0)
2026-07-10 01:08:55.997 7 INFO placement.requestlog [req-95936a40-cf96-4de3-b0ee-21a43221932c req-186d2d30-a0a8-4980-8d60-f197e1840de5 dcd3485e0bf8404b96c8ab266f70a149 3b569ebf686d4c2893016419eb686d2c - - a51fbe806b724e22ac39c240f7703ce0 a51fbe806b724e22ac39c240f7703ce0] 10.0.0.80 "PUT /allocations/1760a77a-20dc-4eb3-a538-8f383e276020" status: 204 len: 0 microversion: 1.36 [pid: 7|app: 0|req: 545/1094] 10.0.0.80 () {38 vars in 913 bytes} [Fri Jul 10 01:08:55 2026] PUT /allocations/1760a77a-20dc-4eb3-a538-8f383e276020 => generated 0 bytes in 86 msecs (HTTP/1.1 204) 5 headers in 199 bytes (1 switches on core 0)
2026-07-10 01:08:56.104 7 INFO placement.requestlog [None req-303e55d4-2232-4a99-82b3-f30d10900de9 - - - - - -] 10.0.0.27 "GET /" status: 200 len: 136 microversion: 1.0
2026-07-10 01:08:56.104 8 INFO placement.requestlog [None req-8e2257fb-9e45-429f-b916-e50a51458ac1 - - - - - -] 10.0.0.27 "GET /" status: 200 len: 136 microversion: 1.0
2026-07-10 01:08:56.351 7 INFO placement.requestlog [req-95936a40-cf96-4de3-b0ee-21a43221932c req-63a6cae2-19e4-4bac-be44-d8776030a4b7 dcd3485e0bf8404b96c8ab266f70a149 3b569ebf686d4c2893016419eb686d2c - - a51fbe806b724e22ac39c240f7703ce0 a51fbe806b724e22ac39c240f7703ce0] 199.204.45.216 "GET /allocations/1760a77a-20dc-4eb3-a538-8f383e276020" status: 200 len: 258 microversion: 1.28 [pid: 7|app: 0|req: 547/1097] 199.204.45.216 () {34 vars in 863 bytes} [Fri Jul 10 01:08:56 2026] GET /allocations/1760a77a-20dc-4eb3-a538-8f383e276020 => generated 258 bytes in 18 msecs (HTTP/1.1 200) 8 headers in 296 bytes (1 switches on core 0)
2026-07-10 01:08:56.498 8 INFO placement.requestlog [req-95936a40-cf96-4de3-b0ee-21a43221932c req-8a33f52e-fa16-4d1d-986e-af14f991a6f0 dcd3485e0bf8404b96c8ab266f70a149 3b569ebf686d4c2893016419eb686d2c - - a51fbe806b724e22ac39c240f7703ce0 a51fbe806b724e22ac39c240f7703ce0] 199.204.45.216 "GET /resource_providers/44e7656c-7747-41d1-8cdd-673a73362f1b/allocations" status: 200 len: 153 microversion: 1.0 [pid: 8|app: 0|req: 551/1098] 199.204.45.216 () {32 vars in 857 bytes} [Fri Jul 10 01:08:56 2026] GET /resource_providers/44e7656c-7747-41d1-8cdd-673a73362f1b/allocations => generated 153 bytes in 23 msecs (HTTP/1.1 200) 6 headers in 224 bytes (1 switches on core 0)
2026-07-10 01:08:56.524 7 INFO placement.requestlog [req-95936a40-cf96-4de3-b0ee-21a43221932c req-541e586c-257e-43ad-b46e-d6d865a290c4 dcd3485e0bf8404b96c8ab266f70a149 3b569ebf686d4c2893016419eb686d2c - - a51fbe806b724e22ac39c240f7703ce0 a51fbe806b724e22ac39c240f7703ce0] 199.204.45.216 "GET /allocations/1760a77a-20dc-4eb3-a538-8f383e276020" status: 200 len: 258 microversion: 1.28 [pid: 7|app: 0|req: 548/1099] 199.204.45.216 () {34 vars in 863 bytes} [Fri Jul 10 01:08:56 2026] GET /allocations/1760a77a-20dc-4eb3-a538-8f383e276020 => generated 258 bytes in 17 msecs (HTTP/1.1 200) 8 headers in 296 bytes (1 switches on core 0)
2026-07-10 01:09:03.491 7 INFO placement.requestlog [None req-db1679d4-d2d3-40ee-a297-de88ee1fb3e7 eb79f73c0f5749aab82ee27bf96dbe94 3b569ebf686d4c2893016419eb686d2c - - a51fbe806b724e22ac39c240f7703ce0 a51fbe806b724e22ac39c240f7703ce0] 10.0.0.244 "GET /resource_providers/0e96e73e-928e-47f4-a9ca-409203223d20/aggregates" status: 404 len: 235 microversion: 1.1 [pid: 7|app: 0|req: 549/1100] 10.0.0.244 () {32 vars in 825 bytes} [Fri Jul 10 01:09:03 2026] GET /resource_providers/0e96e73e-928e-47f4-a9ca-409203223d20/aggregates => generated 235 bytes in 69 msecs (HTTP/1.1 404) 5 headers in 202 bytes (1 switches on core 0)
2026-07-10 01:09:03.515 8 INFO placement.requestlog [None req-b6aa270c-cddd-4e3e-9631-920c9d381601 eb79f73c0f5749aab82ee27bf96dbe94 3b569ebf686d4c2893016419eb686d2c - - a51fbe806b724e22ac39c240f7703ce0 a51fbe806b724e22ac39c240f7703ce0] 10.0.0.244 "GET /resource_providers/0e96e73e-928e-47f4-a9ca-409203223d20/aggregates" status: 404 len: 235 microversion: 1.1 [pid: 8|app: 0|req: 552/1101] 10.0.0.244 () {32 vars in 825 bytes} [Fri Jul 10 01:09:03 2026] GET /resource_providers/0e96e73e-928e-47f4-a9ca-409203223d20/aggregates => generated 235 bytes in 93 msecs (HTTP/1.1 404) 5 headers in 202 bytes (1 switches on core 0)
2026-07-10 01:09:03.516 7 INFO placement.requestlog [None req-c8a451d8-16f5-4cb5-9aff-d77283896580 eb79f73c0f5749aab82ee27bf96dbe94 3b569ebf686d4c2893016419eb686d2c - - a51fbe806b724e22ac39c240f7703ce0 a51fbe806b724e22ac39c240f7703ce0] 10.0.0.244 "DELETE /resource_providers/0e96e73e-928e-47f4-a9ca-409203223d20" status: 404 len: 246 microversion: 1.1 [pid: 7|app: 0|req: 550/1102] 10.0.0.244 () {34 vars in 825 bytes} [Fri Jul 10 01:09:03 2026] DELETE /resource_providers/0e96e73e-928e-47f4-a9ca-409203223d20 => generated 246 bytes in 11 msecs (HTTP/1.1 404) 6 headers in 231 bytes (1 switches on core 0)
2026-07-10 01:09:03.540 8 INFO placement.requestlog [None req-d0d8e744-aeb1-4a90-ac48-f861338cfe93 eb79f73c0f5749aab82ee27bf96dbe94 3b569ebf686d4c2893016419eb686d2c - - a51fbe806b724e22ac39c240f7703ce0 a51fbe806b724e22ac39c240f7703ce0] 10.0.0.244 "DELETE /resource_providers/0e96e73e-928e-47f4-a9ca-409203223d20" status: 404 len: 246 microversion: 1.1 [pid: 8|app: 0|req: 553/1103] 10.0.0.244 () {34 vars in 825 bytes} [Fri Jul 10 01:09:03 2026] DELETE /resource_providers/0e96e73e-928e-47f4-a9ca-409203223d20 => generated 246 bytes in 13 msecs (HTTP/1.1 404) 6 headers in 231 bytes (1 switches on core 0)
2026-07-10 01:09:03.876 7 INFO placement.requestlog [req-125da76a-b39a-441a-a21f-674ea6434c97 req-19c8b59d-9ce8-4a08-972e-3f2b59662bec dcd3485e0bf8404b96c8ab266f70a149 3b569ebf686d4c2893016419eb686d2c - - a51fbe806b724e22ac39c240f7703ce0 a51fbe806b724e22ac39c240f7703ce0] 10.0.0.80 "GET /allocation_candidates?limit=1000&resources=DISK_GB%3A1%2CMEMORY_MB%3A512%2CVCPU%3A1&root_required=%21COMPUTE_STATUS_DISABLED" status: 200 len: 2190 microversion: 1.36 [pid: 7|app: 0|req: 551/1104] 10.0.0.80 () {34 vars in 1011 bytes} [Fri Jul 10 01:09:03 2026] GET /allocation_candidates?limit=1000&resources=DISK_GB%3A1%2CMEMORY_MB%3A512%2CVCPU%3A1&root_required=%21COMPUTE_STATUS_DISABLED => generated 2190 bytes in 57 msecs (HTTP/1.1 200) 8 headers in 297 bytes (1 switches on core 0)
2026-07-10 01:09:03.918 8 INFO placement.requestlog [req-125da76a-b39a-441a-a21f-674ea6434c97 req-fa5aaf72-3b0e-4bc0-b003-133e6ba73a58 dcd3485e0bf8404b96c8ab266f70a149 3b569ebf686d4c2893016419eb686d2c - - a51fbe806b724e22ac39c240f7703ce0 a51fbe806b724e22ac39c240f7703ce0] 10.0.0.80 "GET /allocations/975c2e96-7514-400c-b45b-cda50028bf01" status: 200 len: 19 microversion: 1.28 [pid: 8|app: 0|req: 554/1105] 10.0.0.80 () {34 vars in 860 bytes} [Fri Jul 10 01:09:03 2026] GET /allocations/975c2e96-7514-400c-b45b-cda50028bf01 => generated 19 bytes in 15 msecs (HTTP/1.1 200) 8 headers in 295 bytes (1 switches on core 0)
2026-07-10 01:09:03.999 7 INFO placement.requestlog [req-125da76a-b39a-441a-a21f-674ea6434c97 req-0bdfeaa6-56a6-4b66-80d7-20f020aa906d dcd3485e0bf8404b96c8ab266f70a149 3b569ebf686d4c2893016419eb686d2c - - a51fbe806b724e22ac39c240f7703ce0 a51fbe806b724e22ac39c240f7703ce0] 10.0.0.80 "PUT /allocations/975c2e96-7514-400c-b45b-cda50028bf01" status: 204 len: 0 microversion: 1.36 [pid: 7|app: 0|req: 552/1106] 10.0.0.80 () {38 vars in 913 bytes} [Fri Jul 10 01:09:03 2026] PUT /allocations/975c2e96-7514-400c-b45b-cda50028bf01 => generated 0 bytes in 73 msecs (HTTP/1.1 204) 5 headers in 199 bytes (1 switches on core 0)
2026-07-10 01:09:04.330 8 INFO placement.requestlog [req-125da76a-b39a-441a-a21f-674ea6434c97 req-3d3779bf-a424-4556-93fc-ee3c60f89780 dcd3485e0bf8404b96c8ab266f70a149 3b569ebf686d4c2893016419eb686d2c - - a51fbe806b724e22ac39c240f7703ce0 a51fbe806b724e22ac39c240f7703ce0] 199.204.45.216 "GET /allocations/975c2e96-7514-400c-b45b-cda50028bf01" status: 200 len: 258 microversion: 1.28 [pid: 8|app: 0|req: 555/1107] 199.204.45.216 () {34 vars in 863 bytes} [Fri Jul 10 01:09:04 2026] GET /allocations/975c2e96-7514-400c-b45b-cda50028bf01 => generated 258 bytes in 15 msecs (HTTP/1.1 200) 8 headers in 296 bytes (1 switches on core 0)
2026-07-10 01:09:04.441 7 INFO placement.requestlog [req-125da76a-b39a-441a-a21f-674ea6434c97 req-4ca7e5e3-9cfe-4ae1-9b01-6431075d000f dcd3485e0bf8404b96c8ab266f70a149 3b569ebf686d4c2893016419eb686d2c - - a51fbe806b724e22ac39c240f7703ce0 a51fbe806b724e22ac39c240f7703ce0] 199.204.45.216 "GET /resource_providers/44e7656c-7747-41d1-8cdd-673a73362f1b/allocations" status: 200 len: 253 microversion: 1.0 [pid: 7|app: 0|req: 553/1108] 199.204.45.216 () {32 vars in 857 bytes} [Fri Jul 10 01:09:04 2026] GET /resource_providers/44e7656c-7747-41d1-8cdd-673a73362f1b/allocations => generated 253 bytes in 18 msecs (HTTP/1.1 200) 6 headers in 224 bytes (1 switches on core 0)
2026-07-10 01:09:04.466 8 INFO placement.requestlog [req-125da76a-b39a-441a-a21f-674ea6434c97 req-0ccd6278-1197-49b4-b045-a19f79af917a dcd3485e0bf8404b96c8ab266f70a149 3b569ebf686d4c2893016419eb686d2c - - a51fbe806b724e22ac39c240f7703ce0 a51fbe806b724e22ac39c240f7703ce0] 199.204.45.216 "GET /allocations/975c2e96-7514-400c-b45b-cda50028bf01" status: 200 len: 258 microversion: 1.28 [pid: 8|app: 0|req: 556/1109] 199.204.45.216 () {34 vars in 863 bytes} [Fri Jul 10 01:09:04 2026] GET /allocations/975c2e96-7514-400c-b45b-cda50028bf01 => generated 258 bytes in 15 msecs (HTTP/1.1 200) 8 headers in 296 bytes (1 switches on core 0)
2026-07-10 01:09:04.490 7 INFO placement.requestlog [req-125da76a-b39a-441a-a21f-674ea6434c97 req-89c2e331-3375-4b8a-94ad-b6e0691ab3a8 dcd3485e0bf8404b96c8ab266f70a149 3b569ebf686d4c2893016419eb686d2c - - a51fbe806b724e22ac39c240f7703ce0 a51fbe806b724e22ac39c240f7703ce0] 199.204.45.216 "GET /allocations/1760a77a-20dc-4eb3-a538-8f383e276020" status: 200 len: 258 microversion: 1.28 [pid: 7|app: 0|req: 554/1110] 199.204.45.216 () {34 vars in 863 bytes} [Fri Jul 10 01:09:04 2026] GET /allocations/1760a77a-20dc-4eb3-a538-8f383e276020 => generated 258 bytes in 15 msecs (HTTP/1.1 200) 8 headers in 296 bytes (1 switches on core 0)
2026-07-10 01:09:04.635 7 INFO placement.requestlog [None req-28c6f65b-26ee-4511-92ac-138047fd96d1 eb79f73c0f5749aab82ee27bf96dbe94 3b569ebf686d4c2893016419eb686d2c - - a51fbe806b724e22ac39c240f7703ce0 a51fbe806b724e22ac39c240f7703ce0] 10.0.0.244 "GET /resource_providers/1e5652c6-94e2-4891-9a06-932f9b58baf0/aggregates" status: 404 len: 235 microversion: 1.1 [pid: 7|app: 0|req: 555/1111] 10.0.0.244 () {32 vars in 825 bytes} [Fri Jul 10 01:09:04 2026] GET /resource_providers/1e5652c6-94e2-4891-9a06-932f9b58baf0/aggregates => generated 235 bytes in 74 msecs (HTTP/1.1 404) 5 headers in 202 bytes (1 switches on core 0)
2026-07-10 01:09:04.645 8 INFO placement.requestlog [None req-df9d58e4-c86d-4b4a-ab21-d11799d1e2ad eb79f73c0f5749aab82ee27bf96dbe94 3b569ebf686d4c2893016419eb686d2c - - a51fbe806b724e22ac39c240f7703ce0 a51fbe806b724e22ac39c240f7703ce0] 10.0.0.244 "GET /resource_providers/1e5652c6-94e2-4891-9a06-932f9b58baf0/aggregates" status: 404 len: 235 microversion: 1.1 [pid: 8|app: 0|req: 557/1112] 10.0.0.244 () {32 vars in 825 bytes} [Fri Jul 10 01:09:04 2026] GET /resource_providers/1e5652c6-94e2-4891-9a06-932f9b58baf0/aggregates => generated 235 bytes in 84 msecs (HTTP/1.1 404) 5 headers in 202 bytes (1 switches on core 0)
2026-07-10 01:09:04.663 7 INFO placement.requestlog [None req-6138b7e4-e01d-4b1a-b64d-fac6346c0a6d eb79f73c0f5749aab82ee27bf96dbe94 3b569ebf686d4c2893016419eb686d2c - - a51fbe806b724e22ac39c240f7703ce0 a51fbe806b724e22ac39c240f7703ce0] 10.0.0.244 "DELETE /resource_providers/1e5652c6-94e2-4891-9a06-932f9b58baf0" status: 404 len: 246 microversion: 1.1 [pid: 7|app: 0|req: 556/1113] 10.0.0.244 () {34 vars in 825 bytes} [Fri Jul 10 01:09:04 2026] DELETE /resource_providers/1e5652c6-94e2-4891-9a06-932f9b58baf0 => generated 246 bytes in 13 msecs (HTTP/1.1 404) 6 headers in 231 bytes (1 switches on core 0)
2026-07-10 01:09:04.671 8 INFO placement.requestlog [None req-978058a5-ae8a-48ee-8f2e-4f2f74b9296f eb79f73c0f5749aab82ee27bf96dbe94 3b569ebf686d4c2893016419eb686d2c - - a51fbe806b724e22ac39c240f7703ce0 a51fbe806b724e22ac39c240f7703ce0] 10.0.0.244 "DELETE /resource_providers/1e5652c6-94e2-4891-9a06-932f9b58baf0" status: 404 len: 246 microversion: 1.1 [pid: 8|app: 0|req: 558/1114] 10.0.0.244 () {34 vars in 825 bytes} [Fri Jul 10 01:09:04 2026] DELETE /resource_providers/1e5652c6-94e2-4891-9a06-932f9b58baf0 => generated 246 bytes in 13 msecs (HTTP/1.1 404) 6 headers in 231 bytes (1 switches on core 0)
2026-07-10 01:09:05.547 7 INFO placement.requestlog [None req-5728279c-a8ce-4381-b173-17f9fcdb20d1 eb79f73c0f5749aab82ee27bf96dbe94 3b569ebf686d4c2893016419eb686d2c - - a51fbe806b724e22ac39c240f7703ce0 a51fbe806b724e22ac39c240f7703ce0] 10.0.0.244 "GET /resource_providers/7e8ddace-744a-496d-aacb-f89c1b37df08/aggregates" status: 404 len: 235 microversion: 1.1 [pid: 7|app: 0|req: 557/1115] 10.0.0.244 () {32 vars in 825 bytes} [Fri Jul 10 01:09:05 2026] GET /resource_providers/7e8ddace-744a-496d-aacb-f89c1b37df08/aggregates => generated 235 bytes in 13 msecs (HTTP/1.1 404) 5 headers in 202 bytes (1 switches on core 0)
2026-07-10 01:09:05.569 8 INFO placement.requestlog [None req-2f664d9e-08c2-4667-8f3d-e6c923c5904c eb79f73c0f5749aab82ee27bf96dbe94 3b569ebf686d4c2893016419eb686d2c - - a51fbe806b724e22ac39c240f7703ce0 a51fbe806b724e22ac39c240f7703ce0] 10.0.0.244 "GET /resource_providers/7e8ddace-744a-496d-aacb-f89c1b37df08/aggregates" status: 404 len: 235 microversion: 1.1 [pid: 8|app: 0|req: 559/1116] 10.0.0.244 () {32 vars in 825 bytes} [Fri Jul 10 01:09:05 2026] GET /resource_providers/7e8ddace-744a-496d-aacb-f89c1b37df08/aggregates => generated 235 bytes in 14 msecs (HTTP/1.1 404) 5 headers in 202 bytes (1 switches on core 0)
2026-07-10 01:09:05.575 7 INFO placement.requestlog [None req-60684b22-0d15-40e2-9e07-060073dbb2f8 eb79f73c0f5749aab82ee27bf96dbe94 3b569ebf686d4c2893016419eb686d2c - - a51fbe806b724e22ac39c240f7703ce0 a51fbe806b724e22ac39c240f7703ce0] 10.0.0.244 "DELETE /resource_providers/7e8ddace-744a-496d-aacb-f89c1b37df08" status: 404 len: 246 microversion: 1.1 [pid: 7|app: 0|req: 558/1117] 10.0.0.244 () {34 vars in 825 bytes} [Fri Jul 10 01:09:05 2026] DELETE /resource_providers/7e8ddace-744a-496d-aacb-f89c1b37df08 => generated 246 bytes in 11 msecs (HTTP/1.1 404) 6 headers in 231 bytes (1 switches on core 0)
2026-07-10 01:09:05.591 8 INFO placement.requestlog [None req-d812a48e-3d21-4e83-a86e-8423a74a3a31 eb79f73c0f5749aab82ee27bf96dbe94 3b569ebf686d4c2893016419eb686d2c - - a51fbe806b724e22ac39c240f7703ce0 a51fbe806b724e22ac39c240f7703ce0] 10.0.0.244 "DELETE /resource_providers/7e8ddace-744a-496d-aacb-f89c1b37df08" status: 404 len: 246 microversion: 1.1 [pid: 8|app: 0|req: 560/1118] 10.0.0.244 () {34 vars in 825 bytes} [Fri Jul 10 01:09:05 2026] DELETE /resource_providers/7e8ddace-744a-496d-aacb-f89c1b37df08 => generated 246 bytes in 17 msecs (HTTP/1.1 404) 6 headers in 231 bytes (1 switches on core 0)
2026-07-10 01:09:06.296 7 INFO placement.requestlog [None req-3fa591b3-5bc8-41a5-83be-13f6736492f2 - - - - - -] 10.0.0.27 "GET /" status: 200 len: 136 microversion: 1.0
2026-07-10 01:09:06.297 8 INFO placement.requestlog [None req-b8c60622-4b98-45f2-b7fc-0cef7d01f371 - - - - - -] 10.0.0.27 "GET /" status: 200 len: 136 microversion: 1.0
2026-07-10 01:09:06.685 7 INFO placement.requestlog [None req-7df64f5f-18c5-4337-bb1e-fb43db1142d2 eb79f73c0f5749aab82ee27bf96dbe94 3b569ebf686d4c2893016419eb686d2c - - a51fbe806b724e22ac39c240f7703ce0 a51fbe806b724e22ac39c240f7703ce0] 10.0.0.244 "GET /resource_providers/a6b62127-0223-4d04-8b82-0fe28c79faf2/aggregates" status: 404 len: 235 microversion: 1.1 [pid: 7|app: 0|req: 560/1121] 10.0.0.244 () {32 vars in 825 bytes} [Fri Jul 10 01:09:06 2026] GET /resource_providers/a6b62127-0223-4d04-8b82-0fe28c79faf2/aggregates => generated 235 bytes in 13 msecs (HTTP/1.1 404) 5 headers in 202 bytes (1 switches on core 0)
2026-07-10 01:09:06.690 8 INFO placement.requestlog [None req-572c0a60-4252-4c68-b8e3-f64aa3c98d12 eb79f73c0f5749aab82ee27bf96dbe94 3b569ebf686d4c2893016419eb686d2c - - a51fbe806b724e22ac39c240f7703ce0 a51fbe806b724e22ac39c240f7703ce0] 10.0.0.244 "GET /resource_providers/a6b62127-0223-4d04-8b82-0fe28c79faf2/aggregates" status: 404 len: 235 microversion: 1.1 [pid: 8|app: 0|req: 562/1122] 10.0.0.244 () {32 vars in 825 bytes} [Fri Jul 10 01:09:06 2026] GET /resource_providers/a6b62127-0223-4d04-8b82-0fe28c79faf2/aggregates => generated 235 bytes in 13 msecs (HTTP/1.1 404) 5 headers in 202 bytes (1 switches on core 0)
2026-07-10 01:09:06.708 7 INFO placement.requestlog [None req-0872bb5c-6beb-452c-8721-60ce16fd1758 eb79f73c0f5749aab82ee27bf96dbe94 3b569ebf686d4c2893016419eb686d2c - - a51fbe806b724e22ac39c240f7703ce0 a51fbe806b724e22ac39c240f7703ce0] 10.0.0.244 "DELETE /resource_providers/a6b62127-0223-4d04-8b82-0fe28c79faf2" status: 404 len: 246 microversion: 1.1 [pid: 7|app: 0|req: 561/1123] 10.0.0.244 () {34 vars in 825 bytes} [Fri Jul 10 01:09:06 2026] DELETE /resource_providers/a6b62127-0223-4d04-8b82-0fe28c79faf2 => generated 246 bytes in 10 msecs (HTTP/1.1 404) 6 headers in 231 bytes (1 switches on core 0)
2026-07-10 01:09:06.709 8 INFO placement.requestlog [None req-9899f37f-5fde-4aa7-a72e-75e730122e5f eb79f73c0f5749aab82ee27bf96dbe94 3b569ebf686d4c2893016419eb686d2c - - a51fbe806b724e22ac39c240f7703ce0 a51fbe806b724e22ac39c240f7703ce0] 10.0.0.244 "DELETE /resource_providers/a6b62127-0223-4d04-8b82-0fe28c79faf2" status: 404 len: 246 microversion: 1.1 [pid: 8|app: 0|req: 563/1124] 10.0.0.244 () {34 vars in 825 bytes} [Fri Jul 10 01:09:06 2026] DELETE /resource_providers/a6b62127-0223-4d04-8b82-0fe28c79faf2 => generated 246 bytes in 12 msecs (HTTP/1.1 404) 6 headers in 231 bytes (1 switches on core 0)
2026-07-10 01:09:06.730 8 INFO placement.requestlog [None req-75ea510a-648d-4078-9643-798afd10a242 eb79f73c0f5749aab82ee27bf96dbe94 3b569ebf686d4c2893016419eb686d2c - - a51fbe806b724e22ac39c240f7703ce0 a51fbe806b724e22ac39c240f7703ce0] 10.0.0.244 "GET /resource_providers/c4526eef-b58c-4258-8b31-1414bc156cad/aggregates" status: 404 len: 235 microversion: 1.1 [pid: 8|app: 0|req: 564/1125] 10.0.0.244 () {32 vars in 825 bytes} [Fri Jul 10 01:09:06 2026] GET /resource_providers/c4526eef-b58c-4258-8b31-1414bc156cad/aggregates => generated 235 bytes in 12 msecs (HTTP/1.1 404) 5 headers in 202 bytes (1 switches on core 0)
2026-07-10 01:09:06.732 7 INFO placement.requestlog [None req-aeed7bf7-043d-4e86-b0b4-5b6a27cd46b4 eb79f73c0f5749aab82ee27bf96dbe94 3b569ebf686d4c2893016419eb686d2c - - a51fbe806b724e22ac39c240f7703ce0 a51fbe806b724e22ac39c240f7703ce0] 10.0.0.244 "GET /resource_providers/c4526eef-b58c-4258-8b31-1414bc156cad/aggregates" status: 404 len: 235 microversion: 1.1 [pid: 7|app: 0|req: 562/1126] 10.0.0.244 () {32 vars in 825 bytes} [Fri Jul 10 01:09:06 2026] GET /resource_providers/c4526eef-b58c-4258-8b31-1414bc156cad/aggregates => generated 235 bytes in 13 msecs (HTTP/1.1 404) 5 headers in 202 bytes (1 switches on core 0)
2026-07-10 01:09:06.753 7 INFO placement.requestlog [None req-993b967d-c090-4caa-82c3-063f2ce8d921 eb79f73c0f5749aab82ee27bf96dbe94 3b569ebf686d4c2893016419eb686d2c - - a51fbe806b724e22ac39c240f7703ce0 a51fbe806b724e22ac39c240f7703ce0] 10.0.0.244 "DELETE /resource_providers/c4526eef-b58c-4258-8b31-1414bc156cad" status: 404 len: 246 microversion: 1.1
2026-07-10 01:09:06.754 8 INFO placement.requestlog [None req-11c59350-d26a-4687-8631-019630880f40 eb79f73c0f5749aab82ee27bf96dbe94 3b569ebf686d4c2893016419eb686d2c - - a51fbe806b724e22ac39c240f7703ce0 a51fbe806b724e22ac39c240f7703ce0] 10.0.0.244 "DELETE /resource_providers/c4526eef-b58c-4258-8b31-1414bc156cad" status: 404 len: 246 microversion: 1.1 [pid: 7|app: 0|req: 563/1127] 10.0.0.244 () {34 vars in 825 bytes} [Fri Jul 10 01:09:06 2026] DELETE /resource_providers/c4526eef-b58c-4258-8b31-1414bc156cad => generated 246 bytes in 9 msecs (HTTP/1.1 404) 6 headers in 231 bytes (1 switches on core 0) [pid: 8|app: 0|req: 565/1128] 10.0.0.244 () {34 vars in 825 bytes} [Fri Jul 10 01:09:06 2026] DELETE /resource_providers/c4526eef-b58c-4258-8b31-1414bc156cad => generated 246 bytes in 10 msecs (HTTP/1.1 404) 6 headers in 231 bytes (1 switches on core 0)
2026-07-10 01:09:16.104 7 INFO placement.requestlog [None req-67a63547-72cd-4abc-b140-dff3923e0d22 - - - - - -] 10.0.0.27 "GET /" status: 200 len: 136 microversion: 1.0
2026-07-10 01:09:16.106 8 INFO placement.requestlog [None req-e260b8c7-d60b-4c51-aca5-79ac043a7af4 - - - - - -] 10.0.0.27 "GET /" status: 200 len: 136 microversion: 1.0
2026-07-10 01:09:23.812 8 INFO placement.requestlog [None req-1d372ee1-a9ef-49e4-82cf-faccb8a22ae6 eb79f73c0f5749aab82ee27bf96dbe94 3b569ebf686d4c2893016419eb686d2c - - a51fbe806b724e22ac39c240f7703ce0 a51fbe806b724e22ac39c240f7703ce0] 10.0.0.244 "GET /resource_providers/8723eb7b-a06e-441a-8955-ee2da9f61437/aggregates" status: 404 len: 235 microversion: 1.1 [pid: 8|app: 0|req: 567/1131] 10.0.0.244 () {32 vars in 825 bytes} [Fri Jul 10 01:09:23 2026] GET /resource_providers/8723eb7b-a06e-441a-8955-ee2da9f61437/aggregates => generated 235 bytes in 13 msecs (HTTP/1.1 404) 5 headers in 202 bytes (1 switches on core 0)
2026-07-10 01:09:23.813 7 INFO placement.requestlog [None req-42e8a282-c684-4506-b5ea-f48b950f41a3 eb79f73c0f5749aab82ee27bf96dbe94 3b569ebf686d4c2893016419eb686d2c - - a51fbe806b724e22ac39c240f7703ce0 a51fbe806b724e22ac39c240f7703ce0] 10.0.0.244 "GET /resource_providers/8723eb7b-a06e-441a-8955-ee2da9f61437/aggregates" status: 404 len: 235 microversion: 1.1 [pid: 7|app: 0|req: 565/1132] 10.0.0.244 () {32 vars in 825 bytes} [Fri Jul 10 01:09:23 2026] GET /resource_providers/8723eb7b-a06e-441a-8955-ee2da9f61437/aggregates => generated 235 bytes in 14 msecs (HTTP/1.1 404) 5 headers in 202 bytes (1 switches on core 0)
2026-07-10 01:09:23.849 8 INFO placement.requestlog [None req-ad41b296-3e53-4f3c-9d0e-7bf011f6f8df eb79f73c0f5749aab82ee27bf96dbe94 3b569ebf686d4c2893016419eb686d2c - - a51fbe806b724e22ac39c240f7703ce0 a51fbe806b724e22ac39c240f7703ce0] 10.0.0.244 "DELETE /resource_providers/8723eb7b-a06e-441a-8955-ee2da9f61437" status: 404 len: 246 microversion: 1.1 [pid: 8|app: 0|req: 568/1133] 10.0.0.244 () {34 vars in 825 bytes} [Fri Jul 10 01:09:23 2026] DELETE /resource_providers/8723eb7b-a06e-441a-8955-ee2da9f61437 => generated 246 bytes in 13 msecs (HTTP/1.1 404) 6 headers in 231 bytes (1 switches on core 0)
2026-07-10 01:09:23.855 7 INFO placement.requestlog [None req-954c4a66-c422-4573-af14-b02723a8ff20 eb79f73c0f5749aab82ee27bf96dbe94 3b569ebf686d4c2893016419eb686d2c - - a51fbe806b724e22ac39c240f7703ce0 a51fbe806b724e22ac39c240f7703ce0] 10.0.0.244 "DELETE /resource_providers/8723eb7b-a06e-441a-8955-ee2da9f61437" status: 404 len: 246 microversion: 1.1 [pid: 7|app: 0|req: 566/1134] 10.0.0.244 () {34 vars in 825 bytes} [Fri Jul 10 01:09:23 2026] DELETE /resource_providers/8723eb7b-a06e-441a-8955-ee2da9f61437 => generated 246 bytes in 18 msecs (HTTP/1.1 404) 6 headers in 231 bytes (1 switches on core 0)
2026-07-10 01:09:26.105 8 INFO placement.requestlog [None req-718989fe-fd4f-4b15-8c3b-e05c7231a970 - - - - - -] 10.0.0.27 "GET /" status: 200 len: 136 microversion: 1.0
2026-07-10 01:09:26.106 7 INFO placement.requestlog [None req-d4af2836-916b-45e4-b57e-e38aeaabedbf - - - - - -] 10.0.0.27 "GET /" status: 200 len: 136 microversion: 1.0
2026-07-10 01:09:36.103 8 INFO placement.requestlog [None req-6fd8cd43-5818-43a0-b103-cd559abdbf50 - - - - - -] 10.0.0.27 "GET /" status: 200 len: 136 microversion: 1.0
2026-07-10 01:09:36.104 7 INFO placement.requestlog [None req-9a64b6e2-65d4-4702-9573-a7c0930e9afd - - - - - -] 10.0.0.27 "GET /" status: 200 len: 136 microversion: 1.0
2026-07-10 01:09:40.910 8 INFO placement.requestlog [req-106a539b-57c3-41a3-a5dc-2772b62c6bc1 req-7eb4e22b-bc95-470f-98ef-2da6ad80684a dcd3485e0bf8404b96c8ab266f70a149 3b569ebf686d4c2893016419eb686d2c - - a51fbe806b724e22ac39c240f7703ce0 a51fbe806b724e22ac39c240f7703ce0] 10.0.0.80 "GET /allocation_candidates?limit=1000&resources=MEMORY_MB%3A2048%2CVCPU%3A2&root_required=%21COMPUTE_STATUS_DISABLED" status: 200 len: 2178 microversion: 1.36 [pid: 8|app: 0|req: 571/1139] 10.0.0.80 () {34 vars in 985 bytes} [Fri Jul 10 01:09:40 2026] GET /allocation_candidates?limit=1000&resources=MEMORY_MB%3A2048%2CVCPU%3A2&root_required=%21COMPUTE_STATUS_DISABLED => generated 2178 bytes in 48 msecs (HTTP/1.1 200) 8 headers in 297 bytes (1 switches on core 0)
2026-07-10 01:09:40.953 7 INFO placement.requestlog [req-106a539b-57c3-41a3-a5dc-2772b62c6bc1 req-df7d63ac-5f03-4dd4-86cb-8c12f551f203 dcd3485e0bf8404b96c8ab266f70a149 3b569ebf686d4c2893016419eb686d2c - - a51fbe806b724e22ac39c240f7703ce0 a51fbe806b724e22ac39c240f7703ce0] 10.0.0.80 "GET /allocations/379fd9b7-0f7d-4ebe-b269-f72f4aac9e8a" status: 200 len: 19 microversion: 1.28 [pid: 7|app: 0|req: 569/1140] 10.0.0.80 () {34 vars in 860 bytes} [Fri Jul 10 01:09:40 2026] GET /allocations/379fd9b7-0f7d-4ebe-b269-f72f4aac9e8a => generated 19 bytes in 14 msecs (HTTP/1.1 200) 8 headers in 295 bytes (1 switches on core 0)
2026-07-10 01:09:41.033 8 INFO placement.requestlog [req-106a539b-57c3-41a3-a5dc-2772b62c6bc1 req-461d3397-08d0-4de9-bc5c-3e6d45a5f859 dcd3485e0bf8404b96c8ab266f70a149 3b569ebf686d4c2893016419eb686d2c - - a51fbe806b724e22ac39c240f7703ce0 a51fbe806b724e22ac39c240f7703ce0] 10.0.0.80 "PUT /allocations/379fd9b7-0f7d-4ebe-b269-f72f4aac9e8a" status: 204 len: 0 microversion: 1.36 [pid: 8|app: 0|req: 572/1141] 10.0.0.80 () {38 vars in 913 bytes} [Fri Jul 10 01:09:40 2026] PUT /allocations/379fd9b7-0f7d-4ebe-b269-f72f4aac9e8a => generated 0 bytes in 71 msecs (HTTP/1.1 204) 5 headers in 199 bytes (1 switches on core 0)
2026-07-10 01:09:41.392 7 INFO placement.requestlog [req-106a539b-57c3-41a3-a5dc-2772b62c6bc1 req-50657361-0eeb-4f46-916a-98f8480115ea dcd3485e0bf8404b96c8ab266f70a149 3b569ebf686d4c2893016419eb686d2c - - a51fbe806b724e22ac39c240f7703ce0 a51fbe806b724e22ac39c240f7703ce0] 199.204.45.216 "GET /allocations/379fd9b7-0f7d-4ebe-b269-f72f4aac9e8a" status: 200 len: 245 microversion: 1.28 [pid: 7|app: 0|req: 570/1142] 199.204.45.216 () {34 vars in 863 bytes} [Fri Jul 10 01:09:41 2026] GET /allocations/379fd9b7-0f7d-4ebe-b269-f72f4aac9e8a => generated 245 bytes in 17 msecs (HTTP/1.1 200) 8 headers in 296 bytes (1 switches on core 0)
2026-07-10 01:09:41.540 8 INFO placement.requestlog [req-106a539b-57c3-41a3-a5dc-2772b62c6bc1 req-102321b1-fa32-4549-aa96-64e856e7d25b dcd3485e0bf8404b96c8ab266f70a149 3b569ebf686d4c2893016419eb686d2c - - a51fbe806b724e22ac39c240f7703ce0 a51fbe806b724e22ac39c240f7703ce0] 199.204.45.216 "GET /resource_providers/44e7656c-7747-41d1-8cdd-673a73362f1b/allocations" status: 200 len: 340 microversion: 1.0 [pid: 8|app: 0|req: 573/1143] 199.204.45.216 () {32 vars in 857 bytes} [Fri Jul 10 01:09:41 2026] GET /resource_providers/44e7656c-7747-41d1-8cdd-673a73362f1b/allocations => generated 340 bytes in 24 msecs (HTTP/1.1 200) 6 headers in 224 bytes (1 switches on core 0)
2026-07-10 01:09:41.566 7 INFO placement.requestlog [req-106a539b-57c3-41a3-a5dc-2772b62c6bc1 req-db4832dd-8110-4e16-a958-a6f2693429ee dcd3485e0bf8404b96c8ab266f70a149 3b569ebf686d4c2893016419eb686d2c - - a51fbe806b724e22ac39c240f7703ce0 a51fbe806b724e22ac39c240f7703ce0] 199.204.45.216 "GET /allocations/975c2e96-7514-400c-b45b-cda50028bf01" status: 200 len: 258 microversion: 1.28 [pid: 7|app: 0|req: 571/1144] 199.204.45.216 () {34 vars in 863 bytes} [Fri Jul 10 01:09:41 2026] GET /allocations/975c2e96-7514-400c-b45b-cda50028bf01 => generated 258 bytes in 18 msecs (HTTP/1.1 200) 8 headers in 296 bytes (1 switches on core 0)
2026-07-10 01:09:41.590 8 INFO placement.requestlog [req-106a539b-57c3-41a3-a5dc-2772b62c6bc1 req-7c23a3cb-dab6-4f11-9715-ee51138c04bc dcd3485e0bf8404b96c8ab266f70a149 3b569ebf686d4c2893016419eb686d2c - - a51fbe806b724e22ac39c240f7703ce0 a51fbe806b724e22ac39c240f7703ce0] 199.204.45.216 "GET /allocations/1760a77a-20dc-4eb3-a538-8f383e276020" status: 200 len: 258 microversion: 1.28 [pid: 8|app: 0|req: 574/1145] 199.204.45.216 () {34 vars in 863 bytes} [Fri Jul 10 01:09:41 2026] GET /allocations/1760a77a-20dc-4eb3-a538-8f383e276020 => generated 258 bytes in 18 msecs (HTTP/1.1 200) 8 headers in 296 bytes (1 switches on core 0)
2026-07-10 01:09:41.618 7 INFO placement.requestlog [req-106a539b-57c3-41a3-a5dc-2772b62c6bc1 req-c8d2303d-4003-4111-ae52-7ec23c1f5bab dcd3485e0bf8404b96c8ab266f70a149 3b569ebf686d4c2893016419eb686d2c - - a51fbe806b724e22ac39c240f7703ce0 a51fbe806b724e22ac39c240f7703ce0] 199.204.45.216 "GET /allocations/379fd9b7-0f7d-4ebe-b269-f72f4aac9e8a" status: 200 len: 245 microversion: 1.28 [pid: 7|app: 0|req: 572/1146] 199.204.45.216 () {34 vars in 863 bytes} [Fri Jul 10 01:09:41 2026] GET /allocations/379fd9b7-0f7d-4ebe-b269-f72f4aac9e8a => generated 245 bytes in 18 msecs (HTTP/1.1 200) 8 headers in 296 bytes (1 switches on core 0)
